2026-08-12 01:25:45.636 7 INFO placement.requestlog [req-3ce054e0-df77-4225-8945-5544b97969e9 req-8b40515e-e059-4b0e-93fb-8bfb49b34726 452834adcaeb4bd8bcb7ce3ca042987d 9c83d8ec7f9249409d51b8268c6e3854 - - e933428f787642f9b6bf0a204119c741 e933428f787642f9b6bf0a204119c741] 199.204.45.169 "GET /resource_providers/ff87aaf6-295c-43a0-bd77-38b278bddf4e/allocations" status: 200 len: 54 microversion: 1.0 [pid: 7|app: 0|req: 292/582] 199.204.45.169 () {32 vars in 857 bytes} [Wed Aug 12 01:25:45 2026] GET /resource_providers/ff87aaf6-295c-43a0-bd77-38b278bddf4e/allocations => generated 54 bytes in 137 msecs (HTTP/1.1 200) 6 headers in 223 bytes (1 switches on core 0)
2026-08-12 01:25:45.666 8 INFO placement.requestlog [req-3ce054e0-df77-4225-8945-5544b97969e9 req-0bacdebc-9efb-446a-82d3-8f7788a1be74 452834adcaeb4bd8bcb7ce3ca042987d 9c83d8ec7f9249409d51b8268c6e3854 - - e933428f787642f9b6bf0a204119c741 e933428f787642f9b6bf0a204119c741] 199.204.45.169 "GET /resource_providers?in_tree=ff87aaf6-295c-43a0-bd77-38b278bddf4e" status: 200 len: 797 microversion: 1.14 [pid: 8|app: 0|req: 291/583] 199.204.45.169 () {34 vars in 892 bytes} [Wed Aug 12 01:25:45 2026] GET /resource_providers?in_tree=ff87aaf6-295c-43a0-bd77-38b278bddf4e => generated 797 bytes in 20 msecs (HTTP/1.1 200) 6 headers in 225 bytes (1 switches on core 0)
2026-08-12 01:25:45.694 7 INFO placement.requestlog [req-3ce054e0-df77-4225-8945-5544b97969e9 req-393993b1-c1a1-45b1-83dd-79098c2c217e 452834adcaeb4bd8bcb7ce3ca042987d 9c83d8ec7f9249409d51b8268c6e3854 - - e933428f787642f9b6bf0a204119c741 e933428f787642f9b6bf0a204119c741] 199.204.45.169 "GET /resource_providers/ff87aaf6-295c-43a0-bd77-38b278bddf4e/inventories" status: 200 len: 400 microversion: 1.0 [pid: 7|app: 0|req: 293/584] 199.204.45.169 () {32 vars in 857 bytes} [Wed Aug 12 01:25:45 2026] GET /resource_providers/ff87aaf6-295c-43a0-bd77-38b278bddf4e/inventories => generated 400 bytes in 22 msecs (HTTP/1.1 200) 6 headers in 224 bytes (1 switches on core 0)
2026-08-12 01:25:45.713 8 INFO placement.requestlog [req-3ce054e0-df77-4225-8945-5544b97969e9 req-534ee6c9-1e02-47bb-b3e4-2ac1589d9b54 452834adcaeb4bd8bcb7ce3ca042987d 9c83d8ec7f9249409d51b8268c6e3854 - - e933428f787642f9b6bf0a204119c741 e933428f787642f9b6bf0a204119c741] 199.204.45.169 "GET /resource_providers/ff87aaf6-295c-43a0-bd77-38b278bddf4e/aggregates" status: 200 len: 53 microversion: 1.19 [pid: 8|app: 0|req: 292/585] 199.204.45.169 () {34 vars in 899 bytes} [Wed Aug 12 01:25:45 2026] GET /resource_providers/ff87aaf6-295c-43a0-bd77-38b278bddf4e/aggregates => generated 53 bytes in 13 msecs (HTTP/1.1 200) 8 headers in 295 bytes (1 switches on core 0)
2026-08-12 01:25:45.742 7 INFO placement.requestlog [req-3ce054e0-df77-4225-8945-5544b97969e9 req-c033fe50-e9b3-4bd7-ab64-99b08a778f8b 452834adcaeb4bd8bcb7ce3ca042987d 9c83d8ec7f9249409d51b8268c6e3854 - - e933428f787642f9b6bf0a204119c741 e933428f787642f9b6bf0a204119c741] 199.204.45.169 "GET /resource_providers/ff87aaf6-295c-43a0-bd77-38b278bddf4e/traits" status: 200 len: 1977 microversion: 1.6 [pid: 7|app: 0|req: 294/586] 199.204.45.169 () {34 vars in 890 bytes} [Wed Aug 12 01:25:45 2026] GET /resource_providers/ff87aaf6-295c-43a0-bd77-38b278bddf4e/traits => generated 1977 bytes in 20 msecs (HTTP/1.1 200) 6 headers in 225 bytes (1 switches on core 0)
2026-08-12 01:25:45.766 8 INFO placement.requestlog [req-3ce054e0-df77-4225-8945-5544b97969e9 req-7c4ae812-1852-4a93-87f8-6cb908e51365 452834adcaeb4bd8bcb7ce3ca042987d 9c83d8ec7f9249409d51b8268c6e3854 - - e933428f787642f9b6bf0a204119c741 e933428f787642f9b6bf0a204119c741] 199.204.45.169 "GET /resource_providers/ff87aaf6-295c-43a0-bd77-38b278bddf4e/allocations" status: 200 len: 54 microversion: 1.0 [pid: 8|app: 0|req: 293/587] 199.204.45.169 () {32 vars in 857 bytes} [Wed Aug 12 01:25:45 2026] GET /resource_providers/ff87aaf6-295c-43a0-bd77-38b278bddf4e/allocations => generated 54 bytes in 17 msecs (HTTP/1.1 200) 6 headers in 223 bytes (1 switches on core 0)
2026-08-12 01:25:55.461 7 INFO placement.requestlog [None req-896da901-83fd-479b-bee2-f095b4354f09 - - - - - -] 10.0.0.233 "GET /" status: 200 len: 136 microversion: 1.0
2026-08-12 01:25:55.462 8 INFO placement.requestlog [None req-d7cd17eb-9b76-444c-83c0-7138bcb92719 - - - - - -] 10.0.0.233 "GET /" status: 200 len: 136 microversion: 1.0
2026-08-12 01:26:05.461 8 INFO placement.requestlog [None req-39a8c84d-6559-4292-8465-ad22be2762a6 - - - - - -] 10.0.0.233 "GET /" status: 200 len: 136 microversion: 1.0
2026-08-12 01:26:05.461 7 INFO placement.requestlog [None req-e8735a20-9cd8-448f-b9af-079e19e31aa1 - - - - - -] 10.0.0.233 "GET /" status: 200 len: 136 microversion: 1.0
2026-08-12 01:26:15.461 7 INFO placement.requestlog [None req-4ac0b623-6b8c-4d38-9e26-9c72de4ac75b - - - - - -] 10.0.0.233 "GET /" status: 200 len: 136 microversion: 1.0
2026-08-12 01:26:15.461 8 INFO placement.requestlog [None req-c92a7bc1-a3d1-4ca7-96ed-cc54f3f76558 - - - - - -] 10.0.0.233 "GET /" status: 200 len: 136 microversion: 1.0
2026-08-12 01:26:25.461 8 INFO placement.requestlog [None req-5711b12e-360c-423d-8248-9dc66e0d52fe - - - - - -] 10.0.0.233 "GET /" status: 200 len: 136 microversion: 1.0
2026-08-12 01:26:25.462 7 INFO placement.requestlog [None req-84a00756-11ae-4543-aff2-d217d78c2ae2 - - - - - -] 10.0.0.233 "GET /" status: 200 len: 136 microversion: 1.0
2026-08-12 01:26:35.461 8 INFO placement.requestlog [None req-50c7fb60-e9c7-4168-831a-eb8ed215ef33 - - - - - -] 10.0.0.233 "GET /" status: 200 len: 136 microversion: 1.0
2026-08-12 01:26:35.462 7 INFO placement.requestlog [None req-91f156b2-aa9a-4858-92ca-a99edd507f3c - - - - - -] 10.0.0.233 "GET /" status: 200 len: 136 microversion: 1.0
2026-08-12 01:26:45.461 8 INFO placement.requestlog [None req-01335fc9-6123-476f-b8d4-40145fc558d1 - - - - - -] 10.0.0.233 "GET /" status: 200 len: 136 microversion: 1.0
2026-08-12 01:26:45.461 7 INFO placement.requestlog [None req-f199eb79-2e25-4715-9e0a-e4174ae056e4 - - - - - -] 10.0.0.233 "GET /" status: 200 len: 136 microversion: 1.0
2026-08-12 01:26:47.571 8 INFO placement.requestlog [req-c3afbc59-02a2-4d85-9a69-4ffeef31098d req-bcaad0fa-e49e-454e-a400-8c61a26f5c96 452834adcaeb4bd8bcb7ce3ca042987d 9c83d8ec7f9249409d51b8268c6e3854 - - e933428f787642f9b6bf0a204119c741 e933428f787642f9b6bf0a204119c741] 199.204.45.169 "GET /resource_providers/ff87aaf6-295c-43a0-bd77-38b278bddf4e/allocations" status: 200 len: 54 microversion: 1.0 [pid: 8|app: 0|req: 300/600] 199.204.45.169 () {32 vars in 857 bytes} [Wed Aug 12 01:26:47 2026] GET /resource_providers/ff87aaf6-295c-43a0-bd77-38b278bddf4e/allocations => generated 54 bytes in 24 msecs (HTTP/1.1 200) 6 headers in 223 bytes (1 switches on core 0)
2026-08-12 01:26:47.595 7 INFO placement.requestlog [req-c3afbc59-02a2-4d85-9a69-4ffeef31098d req-7927e59d-3648-43f0-a1ef-37f01eff6ce3 452834adcaeb4bd8bcb7ce3ca042987d 9c83d8ec7f9249409d51b8268c6e3854 - - e933428f787642f9b6bf0a204119c741 e933428f787642f9b6bf0a204119c741] 199.204.45.169 "GET /resource_providers/ff87aaf6-295c-43a0-bd77-38b278bddf4e/allocations" status: 200 len: 54 microversion: 1.0 [pid: 7|app: 0|req: 301/601] 199.204.45.169 () {32 vars in 857 bytes} [Wed Aug 12 01:26:47 2026] GET /resource_providers/ff87aaf6-295c-43a0-bd77-38b278bddf4e/allocations => generated 54 bytes in 17 msecs (HTTP/1.1 200) 6 headers in 223 bytes (1 switches on core 0)
2026-08-12 01:26:55.462 8 INFO placement.requestlog [None req-5cece6f6-8621-4b31-9b80-1a3c5a5672d7 - - - - - -] 10.0.0.233 "GET /" status: 200 len: 136 microversion: 1.0
2026-08-12 01:26:55.462 7 INFO placement.requestlog [None req-84c6903c-42ce-451e-88de-603082b01f3b - - - - - -] 10.0.0.233 "GET /" status: 200 len: 136 microversion: 1.0
2026-08-12 01:27:05.461 7 INFO placement.requestlog [None req-99811c78-999e-481a-83c2-0081f328184c - - - - - -] 10.0.0.233 "GET /" status: 200 len: 136 microversion: 1.0
2026-08-12 01:27:05.461 8 INFO placement.requestlog [None req-ddf8846c-1c35-43d1-a84c-b9f4f21ba222 - - - - - -] 10.0.0.233 "GET /" status: 200 len: 136 microversion: 1.0
2026-08-12 01:27:15.462 8 INFO placement.requestlog [None req-a8cdc97c-06bc-420c-af0c-fe4c932f1f20 - - - - - -] 10.0.0.233 "GET /" status: 200 len: 136 microversion: 1.0
2026-08-12 01:27:15.462 7 INFO placement.requestlog [None req-ab94643e-8bad-4d2e-859c-ab0ba0619379 - - - - - -] 10.0.0.233 "GET /" status: 200 len: 136 microversion: 1.0
2026-08-12 01:27:25.461 8 INFO placement.requestlog [None req-07f628e1-df34-455c-b673-ad5755ca45ed - - - - - -] 10.0.0.233 "GET /" status: 200 len: 136 microversion: 1.0
2026-08-12 01:27:25.461 7 INFO placement.requestlog [None req-c9485a17-8749-4327-a99e-c8d07e678be0 - - - - - -] 10.0.0.233 "GET /" status: 200 len: 136 microversion: 1.0
2026-08-12 01:27:35.461 8 INFO placement.requestlog [None req-9221481c-cf0a-4271-be80-525a30c50e3f - - - - - -] 10.0.0.233 "GET /" status: 200 len: 136 microversion: 1.0
2026-08-12 01:27:35.463 7 INFO placement.requestlog [None req-a3662bdb-10df-4644-ad2c-5cd660eb0066 - - - - - -] 10.0.0.233 "GET /" status: 200 len: 136 microversion: 1.0
2026-08-12 01:27:45.461 8 INFO placement.requestlog [None req-ac808698-5a20-4896-af58-bb5225647578 - - - - - -] 10.0.0.233 "GET /" status: 200 len: 136 microversion: 1.0
2026-08-12 01:27:45.462 7 INFO placement.requestlog [None req-31eda77c-d6c0-4605-b965-dc79a26e63d4 - - - - - -] 10.0.0.233 "GET /" status: 200 len: 136 microversion: 1.0
2026-08-12 01:27:49.678 8 INFO placement.requestlog [req-4fad4405-5b01-46e0-b0d7-598a603f08f7 req-980c33bf-4ced-4a6a-8b78-7a52493dba03 452834adcaeb4bd8bcb7ce3ca042987d 9c83d8ec7f9249409d51b8268c6e3854 - - e933428f787642f9b6bf0a204119c741 e933428f787642f9b6bf0a204119c741] 199.204.45.169 "GET /resource_providers/ff87aaf6-295c-43a0-bd77-38b278bddf4e/allocations" status: 200 len: 54 microversion: 1.0 [pid: 8|app: 0|req: 307/614] 199.204.45.169 () {32 vars in 857 bytes} [Wed Aug 12 01:27:49 2026] GET /resource_providers/ff87aaf6-295c-43a0-bd77-38b278bddf4e/allocations => generated 54 bytes in 16 msecs (HTTP/1.1 200) 6 headers in 223 bytes (1 switches on core 0)
2026-08-12 01:27:49.699 7 INFO placement.requestlog [req-4fad4405-5b01-46e0-b0d7-598a603f08f7 req-60e97066-2453-4d05-aefc-3d3cb9eed676 452834adcaeb4bd8bcb7ce3ca042987d 9c83d8ec7f9249409d51b8268c6e3854 - - e933428f787642f9b6bf0a204119c741 e933428f787642f9b6bf0a204119c741] 199.204.45.169 "GET /resource_providers/ff87aaf6-295c-43a0-bd77-38b278bddf4e/allocations" status: 200 len: 54 microversion: 1.0 [pid: 7|app: 0|req: 308/615] 199.204.45.169 () {32 vars in 857 bytes} [Wed Aug 12 01:27:49 2026] GET /resource_providers/ff87aaf6-295c-43a0-bd77-38b278bddf4e/allocations => generated 54 bytes in 15 msecs (HTTP/1.1 200) 6 headers in 223 bytes (1 switches on core 0)
2026-08-12 01:27:55.461 7 INFO placement.requestlog [None req-40d9ad58-5807-40ce-9004-795ba5cecc80 - - - - - -] 10.0.0.233 "GET /" status: 200 len: 136 microversion: 1.0
2026-08-12 01:27:55.461 8 INFO placement.requestlog [None req-6b5fcb89-07c2-4e03-88ad-695be68d0122 - - - - - -] 10.0.0.233 "GET /" status: 200 len: 136 microversion: 1.0
2026-08-12 01:28:05.461 7 INFO placement.requestlog [None req-39d5389a-dcf5-4e20-9e0f-c77b7733a77b - - - - - -] 10.0.0.233 "GET /" status: 200 len: 136 microversion: 1.0
2026-08-12 01:28:05.461 8 INFO placement.requestlog [None req-dfc71551-073b-470d-af20-93fb9f162e38 - - - - - -] 10.0.0.233 "GET /" status: 200 len: 136 microversion: 1.0
2026-08-12 01:28:06.957 7 INFO placement.requestlog [req-08a9ea38-644d-4548-be57-6669ec0cb382 req-5a31f3b7-423f-4593-b9eb-55f7154e8705 452834adcaeb4bd8bcb7ce3ca042987d 9c83d8ec7f9249409d51b8268c6e3854 - - e933428f787642f9b6bf0a204119c741 e933428f787642f9b6bf0a204119c741] 10.0.0.225 "GET /allocation_candidates?limit=1000&resources=DISK_GB%3A1%2CMEMORY_MB%3A512%2CVCPU%3A1&root_required=%21COMPUTE_STATUS_DISABLED" status: 200 len: 2442 microversion: 1.36 [pid: 7|app: 0|req: 311/620] 10.0.0.225 () {34 vars in 1012 bytes} [Wed Aug 12 01:28:06 2026] GET /allocation_candidates?limit=1000&resources=DISK_GB%3A1%2CMEMORY_MB%3A512%2CVCPU%3A1&root_required=%21COMPUTE_STATUS_DISABLED => generated 2442 bytes in 162 msecs (HTTP/1.1 200) 8 headers in 297 bytes (1 switches on core 0)
2026-08-12 01:28:07.013 7 INFO placement.requestlog [req-08a9ea38-644d-4548-be57-6669ec0cb382 req-ca3aeef0-91c4-4956-b8a2-3e5cdb9ec096 452834adcaeb4bd8bcb7ce3ca042987d 9c83d8ec7f9249409d51b8268c6e3854 - - e933428f787642f9b6bf0a204119c741 e933428f787642f9b6bf0a204119c741] 10.0.0.225 "GET /allocations/fe9f4ec6-2fe1-43e1-838e-168fa28348d2" status: 200 len: 19 microversion: 1.28 [pid: 7|app: 0|req: 312/621] 10.0.0.225 () {34 vars in 861 bytes} [Wed Aug 12 01:28:06 2026] GET /allocations/fe9f4ec6-2fe1-43e1-838e-168fa28348d2 => generated 19 bytes in 18 msecs (HTTP/1.1 200) 8 headers in 295 bytes (1 switches on core 0)
2026-08-12 01:28:07.046 8 INFO placement.requestlog [req-42434af2-681f-4ee3-91bf-02dd07683bc4 req-dc951956-d3ab-4327-8728-7af3231e01f0 452834adcaeb4bd8bcb7ce3ca042987d 9c83d8ec7f9249409d51b8268c6e3854 - - e933428f787642f9b6bf0a204119c741 e933428f787642f9b6bf0a204119c741] 10.0.0.225 "GET /allocation_candidates?limit=1000&resources=DISK_GB%3A1%2CMEMORY_MB%3A512%2CVCPU%3A1&root_required=%21COMPUTE_STATUS_DISABLED" status: 200 len: 2442 microversion: 1.36 [pid: 8|app: 0|req: 310/622] 10.0.0.225 () {34 vars in 1012 bytes} [Wed Aug 12 01:28:06 2026] GET /allocation_candidates?limit=1000&resources=DISK_GB%3A1%2CMEMORY_MB%3A512%2CVCPU%3A1&root_required=%21COMPUTE_STATUS_DISABLED => generated 2442 bytes in 63 msecs (HTTP/1.1 200) 8 headers in 297 bytes (1 switches on core 0)
2026-08-12 01:28:07.085 8 INFO placement.requestlog [req-42434af2-681f-4ee3-91bf-02dd07683bc4 req-c67c8881-0c32-43fa-a5e4-2d9903e75a38 452834adcaeb4bd8bcb7ce3ca042987d 9c83d8ec7f9249409d51b8268c6e3854 - - e933428f787642f9b6bf0a204119c741 e933428f787642f9b6bf0a204119c741] 10.0.0.225 "GET /allocations/fa39c608-c842-44c2-93ab-163526ef9cc9" status: 200 len: 19 microversion: 1.28 [pid: 8|app: 0|req: 311/623] 10.0.0.225 () {34 vars in 861 bytes} [Wed Aug 12 01:28:07 2026] GET /allocations/fa39c608-c842-44c2-93ab-163526ef9cc9 => generated 19 bytes in 9 msecs (HTTP/1.1 200) 8 headers in 295 bytes (1 switches on core 0)
2026-08-12 01:28:07.118 7 INFO placement.requestlog [req-08a9ea38-644d-4548-be57-6669ec0cb382 req-fb690909-68eb-4ec4-9027-a765713761c6 452834adcaeb4bd8bcb7ce3ca042987d 9c83d8ec7f9249409d51b8268c6e3854 - - e933428f787642f9b6bf0a204119c741 e933428f787642f9b6bf0a204119c741] 10.0.0.225 "PUT /allocations/fe9f4ec6-2fe1-43e1-838e-168fa28348d2" status: 204 len: 0 microversion: 1.36 [pid: 7|app: 0|req: 313/624] 10.0.0.225 () {38 vars in 914 bytes} [Wed Aug 12 01:28:07 2026] PUT /allocations/fe9f4ec6-2fe1-43e1-838e-168fa28348d2 => generated 0 bytes in 98 msecs (HTTP/1.1 204) 5 headers in 199 bytes (1 switches on core 0)
2026-08-12 01:28:07.182 8 INFO placement.requestlog [req-42434af2-681f-4ee3-91bf-02dd07683bc4 req-216a90fe-3af0-418e-85b8-cf6e152d8d22 452834adcaeb4bd8bcb7ce3ca042987d 9c83d8ec7f9249409d51b8268c6e3854 - - e933428f787642f9b6bf0a204119c741 e933428f787642f9b6bf0a204119c741] 10.0.0.225 "PUT /allocations/fa39c608-c842-44c2-93ab-163526ef9cc9" status: 204 len: 0 microversion: 1.36 [pid: 8|app: 0|req: 312/625] 10.0.0.225 () {38 vars in 914 bytes} [Wed Aug 12 01:28:07 2026] PUT /allocations/fa39c608-c842-44c2-93ab-163526ef9cc9 => generated 0 bytes in 91 msecs (HTTP/1.1 204) 5 headers in 199 bytes (1 switches on core 0)
2026-08-12 01:28:08.579 7 INFO placement.requestlog [req-08a9ea38-644d-4548-be57-6669ec0cb382 req-31ae7e78-0eba-4d3c-a4bf-644b7ab78aac 452834adcaeb4bd8bcb7ce3ca042987d 9c83d8ec7f9249409d51b8268c6e3854 - - e933428f787642f9b6bf0a204119c741 e933428f787642f9b6bf0a204119c741] 199.204.45.169 "GET /allocations/fe9f4ec6-2fe1-43e1-838e-168fa28348d2" status: 200 len: 257 microversion: 1.28 [pid: 7|app: 0|req: 314/626] 199.204.45.169 () {34 vars in 863 bytes} [Wed Aug 12 01:28:08 2026] GET /allocations/fe9f4ec6-2fe1-43e1-838e-168fa28348d2 => generated 257 bytes in 11 msecs (HTTP/1.1 200) 8 headers in 296 bytes (1 switches on core 0)
2026-08-12 01:28:08.809 8 INFO placement.requestlog [req-42434af2-681f-4ee3-91bf-02dd07683bc4 req-b80f0838-ed89-4f16-a7fe-54dacdbded88 452834adcaeb4bd8bcb7ce3ca042987d 9c83d8ec7f9249409d51b8268c6e3854 - - e933428f787642f9b6bf0a204119c741 e933428f787642f9b6bf0a204119c741] 199.204.45.169 "GET /allocations/fa39c608-c842-44c2-93ab-163526ef9cc9" status: 200 len: 257 microversion: 1.28 [pid: 8|app: 0|req: 313/627] 199.204.45.169 () {34 vars in 863 bytes} [Wed Aug 12 01:28:08 2026] GET /allocations/fa39c608-c842-44c2-93ab-163526ef9cc9 => generated 257 bytes in 13 msecs (HTTP/1.1 200) 8 headers in 296 bytes (1 switches on core 0)
2026-08-12 01:28:09.623 7 INFO placement.requestlog [req-08a9ea38-644d-4548-be57-6669ec0cb382 req-5914e1c6-0873-40f4-87e2-115be735e7b9 452834adcaeb4bd8bcb7ce3ca042987d 9c83d8ec7f9249409d51b8268c6e3854 - - e933428f787642f9b6bf0a204119c741 e933428f787642f9b6bf0a204119c741] 199.204.45.169 "GET /resource_providers/ff87aaf6-295c-43a0-bd77-38b278bddf4e/allocations" status: 200 len: 252 microversion: 1.0 [pid: 7|app: 0|req: 315/628] 199.204.45.169 () {32 vars in 857 bytes} [Wed Aug 12 01:28:09 2026] GET /resource_providers/ff87aaf6-295c-43a0-bd77-38b278bddf4e/allocations => generated 252 bytes in 19 msecs (HTTP/1.1 200) 6 headers in 224 bytes (1 switches on core 0)
2026-08-12 01:28:09.644 8 INFO placement.requestlog [req-08a9ea38-644d-4548-be57-6669ec0cb382 req-6e681df3-1a98-413b-a752-da561a7e5394 452834adcaeb4bd8bcb7ce3ca042987d 9c83d8ec7f9249409d51b8268c6e3854 - - e933428f787642f9b6bf0a204119c741 e933428f787642f9b6bf0a204119c741] 199.204.45.169 "GET /allocations/fe9f4ec6-2fe1-43e1-838e-168fa28348d2" status: 200 len: 257 microversion: 1.28 [pid: 8|app: 0|req: 314/629] 199.204.45.169 () {34 vars in 863 bytes} [Wed Aug 12 01:28:09 2026] GET /allocations/fe9f4ec6-2fe1-43e1-838e-168fa28348d2 => generated 257 bytes in 17 msecs (HTTP/1.1 200) 8 headers in 296 bytes (1 switches on core 0)
2026-08-12 01:28:09.662 7 INFO placement.requestlog [req-08a9ea38-644d-4548-be57-6669ec0cb382 req-b82094f4-8399-47f1-8c55-b304555f9fe8 452834adcaeb4bd8bcb7ce3ca042987d 9c83d8ec7f9249409d51b8268c6e3854 - - e933428f787642f9b6bf0a204119c741 e933428f787642f9b6bf0a204119c741] 199.204.45.169 "GET /allocations/fa39c608-c842-44c2-93ab-163526ef9cc9" status: 200 len: 257 microversion: 1.28 [pid: 7|app: 0|req: 316/630] 199.204.45.169 () {34 vars in 863 bytes} [Wed Aug 12 01:28:09 2026] GET /allocations/fa39c608-c842-44c2-93ab-163526ef9cc9 => generated 257 bytes in 11 msecs (HTTP/1.1 200) 8 headers in 296 bytes (1 switches on core 0)
2026-08-12 01:28:11.727 8 INFO placement.requestlog [req-42434af2-681f-4ee3-91bf-02dd07683bc4 req-f7b6281e-8b1d-443d-8460-2ae3fe3aec6d 452834adcaeb4bd8bcb7ce3ca042987d 9c83d8ec7f9249409d51b8268c6e3854 - - e933428f787642f9b6bf0a204119c741 e933428f787642f9b6bf0a204119c741] 199.204.45.169 "GET /resource_providers/ff87aaf6-295c-43a0-bd77-38b278bddf4e/allocations" status: 200 len: 252 microversion: 1.0 [pid: 8|app: 0|req: 315/631] 199.204.45.169 () {32 vars in 857 bytes} [Wed Aug 12 01:28:11 2026] GET /resource_providers/ff87aaf6-295c-43a0-bd77-38b278bddf4e/allocations => generated 252 bytes in 19 msecs (HTTP/1.1 200) 6 headers in 224 bytes (1 switches on core 0)
2026-08-12 01:28:11.895 7 INFO placement.requestlog [req-42434af2-681f-4ee3-91bf-02dd07683bc4 req-78982c0c-b564-4e3a-9df0-6b135604ef34 452834adcaeb4bd8bcb7ce3ca042987d 9c83d8ec7f9249409d51b8268c6e3854 - - e933428f787642f9b6bf0a204119c741 e933428f787642f9b6bf0a204119c741] 199.204.45.169 "GET /allocations/fe9f4ec6-2fe1-43e1-838e-168fa28348d2" status: 200 len: 257 microversion: 1.28 [pid: 7|app: 0|req: 317/632] 199.204.45.169 () {34 vars in 863 bytes} [Wed Aug 12 01:28:11 2026] GET /allocations/fe9f4ec6-2fe1-43e1-838e-168fa28348d2 => generated 257 bytes in 13 msecs (HTTP/1.1 200) 8 headers in 296 bytes (1 switches on core 0)
2026-08-12 01:28:11.915 8 INFO placement.requestlog [req-42434af2-681f-4ee3-91bf-02dd07683bc4 req-75f04d1d-44e9-497d-8841-b952ca03ad88 452834adcaeb4bd8bcb7ce3ca042987d 9c83d8ec7f9249409d51b8268c6e3854 - - e933428f787642f9b6bf0a204119c741 e933428f787642f9b6bf0a204119c741] 199.204.45.169 "GET /allocations/fa39c608-c842-44c2-93ab-163526ef9cc9" status: 200 len: 257 microversion: 1.28 [pid: 8|app: 0|req: 316/633] 199.204.45.169 () {34 vars in 863 bytes} [Wed Aug 12 01:28:11 2026] GET /allocations/fa39c608-c842-44c2-93ab-163526ef9cc9 => generated 257 bytes in 14 msecs (HTTP/1.1 200) 8 headers in 296 bytes (1 switches on core 0)
2026-08-12 01:28:12.092 7 INFO placement.requestlog [None req-3bc7eef6-1246-4b06-8da1-573dcf03cce6 be105a84720c46a992ae4d21f8107e57 9c83d8ec7f9249409d51b8268c6e3854 - - e933428f787642f9b6bf0a204119c741 e933428f787642f9b6bf0a204119c741] 10.0.0.237 "GET /resource_providers/d25f7f3c-1045-4525-9ded-bf478e977157/aggregates" status: 404 len: 235 microversion: 1.1 [pid: 7|app: 0|req: 318/634] 10.0.0.237 () {32 vars in 816 bytes} [Wed Aug 12 01:28:11 2026] GET /resource_providers/d25f7f3c-1045-4525-9ded-bf478e977157/aggregates => generated 235 bytes in 103 msecs (HTTP/1.1 404) 5 headers in 202 bytes (1 switches on core 0)
2026-08-12 01:28:12.097 8 INFO placement.requestlog [None req-3b605ffd-c995-464f-85cc-30839d634d79 be105a84720c46a992ae4d21f8107e57 9c83d8ec7f9249409d51b8268c6e3854 - - e933428f787642f9b6bf0a204119c741 e933428f787642f9b6bf0a204119c741] 10.0.0.237 "GET /resource_providers/d25f7f3c-1045-4525-9ded-bf478e977157/aggregates" status: 404 len: 235 microversion: 1.1 [pid: 8|app: 0|req: 317/635] 10.0.0.237 () {32 vars in 816 bytes} [Wed Aug 12 01:28:11 2026] GET /resource_providers/d25f7f3c-1045-4525-9ded-bf478e977157/aggregates => generated 235 bytes in 105 msecs (HTTP/1.1 404) 5 headers in 202 bytes (1 switches on core 0)
2026-08-12 01:28:12.116 7 INFO placement.requestlog [None req-49afb4fa-43c4-4b3a-8fe7-ba88ffe93a2f be105a84720c46a992ae4d21f8107e57 9c83d8ec7f9249409d51b8268c6e3854 - - e933428f787642f9b6bf0a204119c741 e933428f787642f9b6bf0a204119c741] 10.0.0.237 "DELETE /resource_providers/d25f7f3c-1045-4525-9ded-bf478e977157" status: 404 len: 246 microversion: 1.1 [pid: 7|app: 0|req: 319/636] 10.0.0.237 () {34 vars in 816 bytes} [Wed Aug 12 01:28:12 2026] DELETE /resource_providers/d25f7f3c-1045-4525-9ded-bf478e977157 => generated 246 bytes in 9 msecs (HTTP/1.1 404) 6 headers in 231 bytes (1 switches on core 0)
2026-08-12 01:28:12.119 8 INFO placement.requestlog [None req-b8a38585-6a8d-40f2-9f87-d6526c25f1a8 be105a84720c46a992ae4d21f8107e57 9c83d8ec7f9249409d51b8268c6e3854 - - e933428f787642f9b6bf0a204119c741 e933428f787642f9b6bf0a204119c741] 10.0.0.237 "DELETE /resource_providers/d25f7f3c-1045-4525-9ded-bf478e977157" status: 404 len: 246 microversion: 1.1 [pid: 8|app: 0|req: 318/637] 10.0.0.237 () {34 vars in 816 bytes} [Wed Aug 12 01:28:12 2026] DELETE /resource_providers/d25f7f3c-1045-4525-9ded-bf478e977157 => generated 246 bytes in 8 msecs (HTTP/1.1 404) 6 headers in 231 bytes (1 switches on core 0)
2026-08-12 01:28:15.461 7 INFO placement.requestlog [None req-9238f9be-6bb9-49bb-b02a-1ecd83a8a2eb - - - - - -] 10.0.0.233 "GET /" status: 200 len: 136 microversion: 1.0
2026-08-12 01:28:15.462 8 INFO placement.requestlog [None req-12086719-a1eb-42f6-ae61-f07057ab7684 - - - - - -] 10.0.0.233 "GET /" status: 200 len: 136 microversion: 1.0
2026-08-12 01:28:15.736 7 INFO placement.requestlog [req-8cfebe23-bccc-4ef6-84d8-40e8945bbe03 req-8d46649b-8250-4e21-8d98-b1b90ee70c18 452834adcaeb4bd8bcb7ce3ca042987d 9c83d8ec7f9249409d51b8268c6e3854 - - e933428f787642f9b6bf0a204119c741 e933428f787642f9b6bf0a204119c741] 10.0.0.225 "GET /allocation_candidates?limit=1000&resources=MEMORY_MB%3A512%2CVCPU%3A1&root_required=%21COMPUTE_STATUS_DISABLED" status: 200 len: 2431 microversion: 1.36 [pid: 7|app: 0|req: 321/640] 10.0.0.225 () {34 vars in 984 bytes} [Wed Aug 12 01:28:15 2026] GET /allocation_candidates?limit=1000&resources=MEMORY_MB%3A512%2CVCPU%3A1&root_required=%21COMPUTE_STATUS_DISABLED => generated 2431 bytes in 51 msecs (HTTP/1.1 200) 8 headers in 297 bytes (1 switches on core 0)
2026-08-12 01:28:15.773 8 INFO placement.requestlog [req-8cfebe23-bccc-4ef6-84d8-40e8945bbe03 req-37f35c64-7019-4e3a-b492-31626cf8e332 452834adcaeb4bd8bcb7ce3ca042987d 9c83d8ec7f9249409d51b8268c6e3854 - - e933428f787642f9b6bf0a204119c741 e933428f787642f9b6bf0a204119c741] 10.0.0.225 "GET /allocations/bcbc6dfb-695c-40b6-ba93-0e6b134a23ae" status: 200 len: 19 microversion: 1.28 [pid: 8|app: 0|req: 320/641] 10.0.0.225 () {34 vars in 861 bytes} [Wed Aug 12 01:28:15 2026] GET /allocations/bcbc6dfb-695c-40b6-ba93-0e6b134a23ae => generated 19 bytes in 9 msecs (HTTP/1.1 200) 8 headers in 295 bytes (1 switches on core 0)
2026-08-12 01:28:15.835 7 INFO placement.requestlog [req-8cfebe23-bccc-4ef6-84d8-40e8945bbe03 req-381759df-f3bb-4844-9b0f-7cff9950d659 452834adcaeb4bd8bcb7ce3ca042987d 9c83d8ec7f9249409d51b8268c6e3854 - - e933428f787642f9b6bf0a204119c741 e933428f787642f9b6bf0a204119c741] 10.0.0.225 "PUT /allocations/bcbc6dfb-695c-40b6-ba93-0e6b134a23ae" status: 204 len: 0 microversion: 1.36 [pid: 7|app: 0|req: 322/642] 10.0.0.225 () {38 vars in 914 bytes} [Wed Aug 12 01:28:15 2026] PUT /allocations/bcbc6dfb-695c-40b6-ba93-0e6b134a23ae => generated 0 bytes in 55 msecs (HTTP/1.1 204) 5 headers in 199 bytes (1 switches on core 0)
2026-08-12 01:28:17.456 8 INFO placement.requestlog [req-8cfebe23-bccc-4ef6-84d8-40e8945bbe03 req-3c4485cd-a538-4755-86c9-29fd6b117ae0 452834adcaeb4bd8bcb7ce3ca042987d 9c83d8ec7f9249409d51b8268c6e3854 - - e933428f787642f9b6bf0a204119c741 e933428f787642f9b6bf0a204119c741] 199.204.45.169 "GET /allocations/bcbc6dfb-695c-40b6-ba93-0e6b134a23ae" status: 200 len: 243 microversion: 1.28 [pid: 8|app: 0|req: 321/643] 199.204.45.169 () {34 vars in 863 bytes} [Wed Aug 12 01:28:17 2026] GET /allocations/bcbc6dfb-695c-40b6-ba93-0e6b134a23ae => generated 243 bytes in 52 msecs (HTTP/1.1 200) 8 headers in 296 bytes (1 switches on core 0)
2026-08-12 01:28:18.498 7 INFO placement.requestlog [req-8cfebe23-bccc-4ef6-84d8-40e8945bbe03 req-8b588756-0228-4a4c-8212-bbb902c45501 452834adcaeb4bd8bcb7ce3ca042987d 9c83d8ec7f9249409d51b8268c6e3854 - - e933428f787642f9b6bf0a204119c741 e933428f787642f9b6bf0a204119c741] 199.204.45.169 "GET /resource_providers/ff87aaf6-295c-43a0-bd77-38b278bddf4e/allocations" status: 200 len: 338 microversion: 1.0 [pid: 7|app: 0|req: 323/644] 199.204.45.169 () {32 vars in 857 bytes} [Wed Aug 12 01:28:18 2026] GET /resource_providers/ff87aaf6-295c-43a0-bd77-38b278bddf4e/allocations => generated 338 bytes in 18 msecs (HTTP/1.1 200) 6 headers in 224 bytes (1 switches on core 0)
2026-08-12 01:28:18.516 8 INFO placement.requestlog [req-8cfebe23-bccc-4ef6-84d8-40e8945bbe03 req-ce71403b-3daa-4fdd-a593-fd1b76acc15f 452834adcaeb4bd8bcb7ce3ca042987d 9c83d8ec7f9249409d51b8268c6e3854 - - e933428f787642f9b6bf0a204119c741 e933428f787642f9b6bf0a204119c741] 199.204.45.169 "GET /allocations/bcbc6dfb-695c-40b6-ba93-0e6b134a23ae" status: 200 len: 243 microversion: 1.28 [pid: 8|app: 0|req: 322/645] 199.204.45.169 () {34 vars in 863 bytes} [Wed Aug 12 01:28:18 2026] GET /allocations/bcbc6dfb-695c-40b6-ba93-0e6b134a23ae => generated 243 bytes in 13 msecs (HTTP/1.1 200) 8 headers in 296 bytes (1 switches on core 0)
2026-08-12 01:28:18.531 7 INFO placement.requestlog [req-8cfebe23-bccc-4ef6-84d8-40e8945bbe03 req-c8261b1c-2a35-4262-84b5-c165a3626fe2 452834adcaeb4bd8bcb7ce3ca042987d 9c83d8ec7f9249409d51b8268c6e3854 - - e933428f787642f9b6bf0a204119c741 e933428f787642f9b6bf0a204119c741] 199.204.45.169 "GET /allocations/fe9f4ec6-2fe1-43e1-838e-168fa28348d2" status: 200 len: 257 microversion: 1.28 [pid: 7|app: 0|req: 324/646] 199.204.45.169 () {34 vars in 863 bytes} [Wed Aug 12 01:28:18 2026] GET /allocations/fe9f4ec6-2fe1-43e1-838e-168fa28348d2 => generated 257 bytes in 10 msecs (HTTP/1.1 200) 8 headers in 296 bytes (1 switches on core 0)
2026-08-12 01:28:18.549 8 INFO placement.requestlog [req-8cfebe23-bccc-4ef6-84d8-40e8945bbe03 req-b4d02c4c-e0d6-418e-bde5-17a326d7ea6d 452834adcaeb4bd8bcb7ce3ca042987d 9c83d8ec7f9249409d51b8268c6e3854 - - e933428f787642f9b6bf0a204119c741 e933428f787642f9b6bf0a204119c741] 199.204.45.169 "GET /allocations/fa39c608-c842-44c2-93ab-163526ef9cc9" status: 200 len: 257 microversion: 1.28 [pid: 8|app: 0|req: 323/647] 199.204.45.169 () {34 vars in 863 bytes} [Wed Aug 12 01:28:18 2026] GET /allocations/fa39c608-c842-44c2-93ab-163526ef9cc9 => generated 257 bytes in 14 msecs (HTTP/1.1 200) 8 headers in 296 bytes (1 switches on core 0)
2026-08-12 01:28:25.461 7 INFO placement.requestlog [None req-77c79a08-d0f7-4659-9679-d99ce2b7afc0 - - - - - -] 10.0.0.233 "GET /" status: 200 len: 136 microversion: 1.0
2026-08-12 01:28:25.461 8 INFO placement.requestlog [None req-aa1f0a51-1647-43f7-95c7-ac09c9df5abc - - - - - -] 10.0.0.233 "GET /" status: 200 len: 136 microversion: 1.0
2026-08-12 01:28:26.218 8 INFO placement.requestlog [None req-9093cc7e-8789-4615-bafe-1b1c16d3ef1a be105a84720c46a992ae4d21f8107e57 9c83d8ec7f9249409d51b8268c6e3854 - - e933428f787642f9b6bf0a204119c741 e933428f787642f9b6bf0a204119c741] 10.0.0.237 "GET /resource_providers/de431738-3e6f-4155-a979-f12b5832bd3b/aggregates" status: 404 len: 235 microversion: 1.1 [pid: 8|app: 0|req: 325/650] 10.0.0.237 () {32 vars in 816 bytes} [Wed Aug 12 01:28:26 2026] GET /resource_providers/de431738-3e6f-4155-a979-f12b5832bd3b/aggregates => generated 235 bytes in 140 msecs (HTTP/1.1 404) 5 headers in 202 bytes (1 switches on core 0)
2026-08-12 01:28:26.235 8 INFO placement.requestlog [None req-a595f6d3-b8b8-4d3c-b1d5-ea8094b08dbb be105a84720c46a992ae4d21f8107e57 9c83d8ec7f9249409d51b8268c6e3854 - - e933428f787642f9b6bf0a204119c741 e933428f787642f9b6bf0a204119c741] 10.0.0.237 "DELETE /resource_providers/de431738-3e6f-4155-a979-f12b5832bd3b" status: 404 len: 246 microversion: 1.1 [pid: 8|app: 0|req: 326/651] 10.0.0.237 () {34 vars in 816 bytes} [Wed Aug 12 01:28:26 2026] DELETE /resource_providers/de431738-3e6f-4155-a979-f12b5832bd3b => generated 246 bytes in 10 msecs (HTTP/1.1 404) 6 headers in 231 bytes (1 switches on core 0)
2026-08-12 01:28:26.236 7 INFO placement.requestlog [None req-2305fc64-22c8-425d-999d-37fa79c2e765 be105a84720c46a992ae4d21f8107e57 9c83d8ec7f9249409d51b8268c6e3854 - - e933428f787642f9b6bf0a204119c741 e933428f787642f9b6bf0a204119c741] 10.0.0.237 "GET /resource_providers/de431738-3e6f-4155-a979-f12b5832bd3b/aggregates" status: 404 len: 235 microversion: 1.1 [pid: 7|app: 0|req: 326/652] 10.0.0.237 () {32 vars in 816 bytes} [Wed Aug 12 01:28:26 2026] GET /resource_providers/de431738-3e6f-4155-a979-f12b5832bd3b/aggregates => generated 235 bytes in 165 msecs (HTTP/1.1 404) 5 headers in 202 bytes (1 switches on core 0)
2026-08-12 01:28:26.256 8 INFO placement.requestlog [None req-d9cf6f6e-6630-4e8b-b30c-28370f881abd be105a84720c46a992ae4d21f8107e57 9c83d8ec7f9249409d51b8268c6e3854 - - e933428f787642f9b6bf0a204119c741 e933428f787642f9b6bf0a204119c741] 10.0.0.237 "DELETE /resource_providers/de431738-3e6f-4155-a979-f12b5832bd3b" status: 404 len: 246 microversion: 1.1 [pid: 8|app: 0|req: 327/653] 10.0.0.237 () {34 vars in 816 bytes} [Wed Aug 12 01:28:26 2026] DELETE /resource_providers/de431738-3e6f-4155-a979-f12b5832bd3b => generated 246 bytes in 11 msecs (HTTP/1.1 404) 6 headers in 231 bytes (1 switches on core 0)
2026-08-12 01:28:31.268 7 INFO placement.requestlog [req-09687433-8ad5-4be6-84b1-7a5d1a9dca05 req-3b722b65-049c-4e46-87e1-21b02de50fce 452834adcaeb4bd8bcb7ce3ca042987d 9c83d8ec7f9249409d51b8268c6e3854 - - e933428f787642f9b6bf0a204119c741 e933428f787642f9b6bf0a204119c741] 199.204.45.169 "GET /resource_providers/ff87aaf6-295c-43a0-bd77-38b278bddf4e/allocations" status: 200 len: 338 microversion: 1.0 [pid: 7|app: 0|req: 327/654] 199.204.45.169 () {32 vars in 857 bytes} [Wed Aug 12 01:28:31 2026] GET /resource_providers/ff87aaf6-295c-43a0-bd77-38b278bddf4e/allocations => generated 338 bytes in 23 msecs (HTTP/1.1 200) 6 headers in 224 bytes (1 switches on core 0)
2026-08-12 01:28:31.285 8 INFO placement.requestlog [req-09687433-8ad5-4be6-84b1-7a5d1a9dca05 req-92ff2095-054b-4b81-9f92-c80ca0ad52ac 452834adcaeb4bd8bcb7ce3ca042987d 9c83d8ec7f9249409d51b8268c6e3854 - - e933428f787642f9b6bf0a204119c741 e933428f787642f9b6bf0a204119c741] 199.204.45.169 "GET /allocations/bcbc6dfb-695c-40b6-ba93-0e6b134a23ae" status: 200 len: 243 microversion: 1.28 [pid: 8|app: 0|req: 328/655] 199.204.45.169 () {34 vars in 863 bytes} [Wed Aug 12 01:28:31 2026] GET /allocations/bcbc6dfb-695c-40b6-ba93-0e6b134a23ae => generated 243 bytes in 11 msecs (HTTP/1.1 200) 8 headers in 296 bytes (1 switches on core 0)
2026-08-12 01:28:31.305 7 INFO placement.requestlog [req-09687433-8ad5-4be6-84b1-7a5d1a9dca05 req-ee1167bb-4a4c-436c-abcc-33c4046d8ef7 452834adcaeb4bd8bcb7ce3ca042987d 9c83d8ec7f9249409d51b8268c6e3854 - - e933428f787642f9b6bf0a204119c741 e933428f787642f9b6bf0a204119c741] 199.204.45.169 "GET /allocations/fe9f4ec6-2fe1-43e1-838e-168fa28348d2" status: 200 len: 257 microversion: 1.28 [pid: 7|app: 0|req: 328/656] 199.204.45.169 () {34 vars in 863 bytes} [Wed Aug 12 01:28:31 2026] GET /allocations/fe9f4ec6-2fe1-43e1-838e-168fa28348d2 => generated 257 bytes in 13 msecs (HTTP/1.1 200) 8 headers in 296 bytes (1 switches on core 0)
2026-08-12 01:28:31.324 8 INFO placement.requestlog [req-09687433-8ad5-4be6-84b1-7a5d1a9dca05 req-4380e1e0-b614-42cd-b179-ddf209c74714 452834adcaeb4bd8bcb7ce3ca042987d 9c83d8ec7f9249409d51b8268c6e3854 - - e933428f787642f9b6bf0a204119c741 e933428f787642f9b6bf0a204119c741] 199.204.45.169 "GET /allocations/fa39c608-c842-44c2-93ab-163526ef9cc9" status: 200 len: 257 microversion: 1.28 [pid: 8|app: 0|req: 329/657] 199.204.45.169 () {34 vars in 863 bytes} [Wed Aug 12 01:28:31 2026] GET /allocations/fa39c608-c842-44c2-93ab-163526ef9cc9 => generated 257 bytes in 13 msecs (HTTP/1.1 200) 8 headers in 296 bytes (1 switches on core 0)
2026-08-12 01:28:32.383 7 INFO placement.requestlog [req-09687433-8ad5-4be6-84b1-7a5d1a9dca05 req-088874c8-f19c-4f04-b94c-7e267ab47697 452834adcaeb4bd8bcb7ce3ca042987d 9c83d8ec7f9249409d51b8268c6e3854 - - e933428f787642f9b6bf0a204119c741 e933428f787642f9b6bf0a204119c741] 199.204.45.169 "DELETE /allocations/fa39c608-c842-44c2-93ab-163526ef9cc9" status: 204 len: 0 microversion: 1.0 [pid: 7|app: 0|req: 329/658] 199.204.45.169 () {34 vars in 841 bytes} [Wed Aug 12 01:28:32 2026] DELETE /allocations/fa39c608-c842-44c2-93ab-163526ef9cc9 => generated 0 bytes in 25 msecs (HTTP/1.1 204) 5 headers in 198 bytes (1 switches on core 0)
2026-08-12 01:28:35.461 8 INFO placement.requestlog [None req-4d3011cd-cb90-4544-aa62-384b81001295 - - - - - -] 10.0.0.233 "GET /" status: 200 len: 136 microversion: 1.0
2026-08-12 01:28:35.461 7 INFO placement.requestlog [None req-2f37364e-9075-466c-bcaa-c63577c6042c - - - - - -] 10.0.0.233 "GET /" status: 200 len: 136 microversion: 1.0
2026-08-12 01:28:36.333 8 INFO placement.requestlog [req-d1380944-64aa-428c-8a4a-3a412ca20d2e req-dea36d42-1564-414f-864d-1588b6e8f157 452834adcaeb4bd8bcb7ce3ca042987d 9c83d8ec7f9249409d51b8268c6e3854 - - e933428f787642f9b6bf0a204119c741 e933428f787642f9b6bf0a204119c741] 10.0.0.225 "GET /allocation_candidates?limit=1000&resources=DISK_GB%3A1%2CMEMORY_MB%3A512%2CVCPU%3A1&root_required=%21COMPUTE_STATUS_DISABLED" status: 200 len: 2445 microversion: 1.36 [pid: 8|app: 0|req: 331/661] 10.0.0.225 () {34 vars in 1012 bytes} [Wed Aug 12 01:28:36 2026] GET /allocation_candidates?limit=1000&resources=DISK_GB%3A1%2CMEMORY_MB%3A512%2CVCPU%3A1&root_required=%21COMPUTE_STATUS_DISABLED => generated 2445 bytes in 53 msecs (HTTP/1.1 200) 8 headers in 297 bytes (1 switches on core 0)
2026-08-12 01:28:36.368 7 INFO placement.requestlog [req-d1380944-64aa-428c-8a4a-3a412ca20d2e req-b68a4a7b-1fb8-4f4e-86c5-bbeac1fb7bfb 452834adcaeb4bd8bcb7ce3ca042987d 9c83d8ec7f9249409d51b8268c6e3854 - - e933428f787642f9b6bf0a204119c741 e933428f787642f9b6bf0a204119c741] 10.0.0.225 "GET /allocations/13f0ab6f-461b-43fb-aa37-1c613a3462b4" status: 200 len: 19 microversion: 1.28 [pid: 7|app: 0|req: 331/662] 10.0.0.225 () {34 vars in 861 bytes} [Wed Aug 12 01:28:36 2026] GET /allocations/13f0ab6f-461b-43fb-aa37-1c613a3462b4 => generated 19 bytes in 12 msecs (HTTP/1.1 200) 8 headers in 295 bytes (1 switches on core 0)
2026-08-12 01:28:36.438 8 INFO placement.requestlog [req-d1380944-64aa-428c-8a4a-3a412ca20d2e req-481d67b3-f68c-46b0-87a5-7cee2bbbc7f2 452834adcaeb4bd8bcb7ce3ca042987d 9c83d8ec7f9249409d51b8268c6e3854 - - e933428f787642f9b6bf0a204119c741 e933428f787642f9b6bf0a204119c741] 10.0.0.225 "PUT /allocations/13f0ab6f-461b-43fb-aa37-1c613a3462b4" status: 204 len: 0 microversion: 1.36 [pid: 8|app: 0|req: 332/663] 10.0.0.225 () {38 vars in 914 bytes} [Wed Aug 12 01:28:36 2026] PUT /allocations/13f0ab6f-461b-43fb-aa37-1c613a3462b4 => generated 0 bytes in 64 msecs (HTTP/1.1 204) 5 headers in 199 bytes (1 switches on core 0)
2026-08-12 01:28:37.770 8 INFO placement.requestlog [None req-fc9fe4f1-658f-4840-9730-b0e35554628b be105a84720c46a992ae4d21f8107e57 9c83d8ec7f9249409d51b8268c6e3854 - - e933428f787642f9b6bf0a204119c741 e933428f787642f9b6bf0a204119c741] 10.0.0.237 "GET /resource_providers/4fda69e0-2489-4243-9f44-d52a112d7887/aggregates" status: 404 len: 235 microversion: 1.1 [pid: 8|app: 0|req: 333/664] 10.0.0.237 () {32 vars in 816 bytes} [Wed Aug 12 01:28:37 2026] GET /resource_providers/4fda69e0-2489-4243-9f44-d52a112d7887/aggregates => generated 235 bytes in 10 msecs (HTTP/1.1 404) 5 headers in 202 bytes (1 switches on core 0)
2026-08-12 01:28:37.774 7 INFO placement.requestlog [None req-6afcc61c-ec84-4f17-b561-f306baf475cf be105a84720c46a992ae4d21f8107e57 9c83d8ec7f9249409d51b8268c6e3854 - - e933428f787642f9b6bf0a204119c741 e933428f787642f9b6bf0a204119c741] 10.0.0.237 "GET /resource_providers/4fda69e0-2489-4243-9f44-d52a112d7887/aggregates" status: 404 len: 235 microversion: 1.1 [pid: 7|app: 0|req: 332/665] 10.0.0.237 () {32 vars in 816 bytes} [Wed Aug 12 01:28:37 2026] GET /resource_providers/4fda69e0-2489-4243-9f44-d52a112d7887/aggregates => generated 235 bytes in 14 msecs (HTTP/1.1 404) 5 headers in 202 bytes (1 switches on core 0)
2026-08-12 01:28:37.801 7 INFO placement.requestlog [None req-50ef110e-b6b8-466d-93ff-059fec98860d be105a84720c46a992ae4d21f8107e57 9c83d8ec7f9249409d51b8268c6e3854 - - e933428f787642f9b6bf0a204119c741 e933428f787642f9b6bf0a204119c741] 10.0.0.237 "DELETE /resource_providers/4fda69e0-2489-4243-9f44-d52a112d7887" status: 404 len: 246 microversion: 1.1 [pid: 7|app: 0|req: 333/666] 10.0.0.237 () {34 vars in 816 bytes} [Wed Aug 12 01:28:37 2026] DELETE /resource_providers/4fda69e0-2489-4243-9f44-d52a112d7887 => generated 246 bytes in 9 msecs (HTTP/1.1 404) 6 headers in 231 bytes (1 switches on core 0)
2026-08-12 01:28:37.803 8 INFO placement.requestlog [None req-df9cca74-bade-4262-a9d0-1e033ca78ede be105a84720c46a992ae4d21f8107e57 9c83d8ec7f9249409d51b8268c6e3854 - - e933428f787642f9b6bf0a204119c741 e933428f787642f9b6bf0a204119c741] 10.0.0.237 "DELETE /resource_providers/4fda69e0-2489-4243-9f44-d52a112d7887" status: 404 len: 246 microversion: 1.1 [pid: 8|app: 0|req: 334/667] 10.0.0.237 () {34 vars in 816 bytes} [Wed Aug 12 01:28:37 2026] DELETE /resource_providers/4fda69e0-2489-4243-9f44-d52a112d7887 => generated 246 bytes in 12 msecs (HTTP/1.1 404) 6 headers in 231 bytes (1 switches on core 0)
2026-08-12 01:28:37.919 7 INFO placement.requestlog [req-d1380944-64aa-428c-8a4a-3a412ca20d2e req-dd31e240-ab37-4b51-85b3-99d87583ce9d 452834adcaeb4bd8bcb7ce3ca042987d 9c83d8ec7f9249409d51b8268c6e3854 - - e933428f787642f9b6bf0a204119c741 e933428f787642f9b6bf0a204119c741] 199.204.45.169 "GET /allocations/13f0ab6f-461b-43fb-aa37-1c613a3462b4" status: 200 len: 257 microversion: 1.28 [pid: 7|app: 0|req: 334/668] 199.204.45.169 () {34 vars in 863 bytes} [Wed Aug 12 01:28:37 2026] GET /allocations/13f0ab6f-461b-43fb-aa37-1c613a3462b4 => generated 257 bytes in 11 msecs (HTTP/1.1 200) 8 headers in 296 bytes (1 switches on core 0)
2026-08-12 01:28:38.958 8 INFO placement.requestlog [req-d1380944-64aa-428c-8a4a-3a412ca20d2e req-3f5c0860-5c2a-445f-87ea-8fd3f138bd09 452834adcaeb4bd8bcb7ce3ca042987d 9c83d8ec7f9249409d51b8268c6e3854 - - e933428f787642f9b6bf0a204119c741 e933428f787642f9b6bf0a204119c741] 199.204.45.169 "GET /resource_providers/ff87aaf6-295c-43a0-bd77-38b278bddf4e/allocations" status: 200 len: 338 microversion: 1.0 [pid: 8|app: 0|req: 335/669] 199.204.45.169 () {32 vars in 857 bytes} [Wed Aug 12 01:28:38 2026] GET /resource_providers/ff87aaf6-295c-43a0-bd77-38b278bddf4e/allocations => generated 338 bytes in 18 msecs (HTTP/1.1 200) 6 headers in 224 bytes (1 switches on core 0)
2026-08-12 01:28:38.976 7 INFO placement.requestlog [req-d1380944-64aa-428c-8a4a-3a412ca20d2e req-23c0fe8e-b372-4f26-bd6e-eda26548fcde 452834adcaeb4bd8bcb7ce3ca042987d 9c83d8ec7f9249409d51b8268c6e3854 - - e933428f787642f9b6bf0a204119c741 e933428f787642f9b6bf0a204119c741] 199.204.45.169 "GET /allocations/bcbc6dfb-695c-40b6-ba93-0e6b134a23ae" status: 200 len: 243 microversion: 1.28 [pid: 7|app: 0|req: 335/670] 199.204.45.169 () {34 vars in 863 bytes} [Wed Aug 12 01:28:38 2026] GET /allocations/bcbc6dfb-695c-40b6-ba93-0e6b134a23ae => generated 243 bytes in 12 msecs (HTTP/1.1 200) 8 headers in 296 bytes (1 switches on core 0)
2026-08-12 01:28:39.000 8 INFO placement.requestlog [req-d1380944-64aa-428c-8a4a-3a412ca20d2e req-7f0006d0-66a9-42c8-b2e6-bb2c2b1bbeae 452834adcaeb4bd8bcb7ce3ca042987d 9c83d8ec7f9249409d51b8268c6e3854 - - e933428f787642f9b6bf0a204119c741 e933428f787642f9b6bf0a204119c741] 199.204.45.169 "GET /allocations/fe9f4ec6-2fe1-43e1-838e-168fa28348d2" status: 200 len: 257 microversion: 1.28 [pid: 8|app: 0|req: 336/671] 199.204.45.169 () {34 vars in 863 bytes} [Wed Aug 12 01:28:38 2026] GET /allocations/fe9f4ec6-2fe1-43e1-838e-168fa28348d2 => generated 257 bytes in 18 msecs (HTTP/1.1 200) 8 headers in 296 bytes (1 switches on core 0)
2026-08-12 01:28:39.021 7 INFO placement.requestlog [req-d1380944-64aa-428c-8a4a-3a412ca20d2e req-f379e51f-c1fd-4503-a4cf-d4ab4ae2ae87 452834adcaeb4bd8bcb7ce3ca042987d 9c83d8ec7f9249409d51b8268c6e3854 - - e933428f787642f9b6bf0a204119c741 e933428f787642f9b6bf0a204119c741] 199.204.45.169 "GET /allocations/13f0ab6f-461b-43fb-aa37-1c613a3462b4" status: 200 len: 257 microversion: 1.28 [pid: 7|app: 0|req: 336/672] 199.204.45.169 () {34 vars in 863 bytes} [Wed Aug 12 01:28:39 2026] GET /allocations/13f0ab6f-461b-43fb-aa37-1c613a3462b4 => generated 257 bytes in 15 msecs (HTTP/1.1 200) 8 headers in 296 bytes (1 switches on core 0)
2026-08-12 01:28:40.068 8 INFO placement.requestlog [req-f86a9959-1c7d-497b-82ef-138178ddad47 req-3b157af5-79b3-4d72-bdff-4b289db3eb88 452834adcaeb4bd8bcb7ce3ca042987d 9c83d8ec7f9249409d51b8268c6e3854 - - e933428f787642f9b6bf0a204119c741 e933428f787642f9b6bf0a204119c741] 199.204.45.169 "GET /resource_providers/ff87aaf6-295c-43a0-bd77-38b278bddf4e/allocations" status: 200 len: 338 microversion: 1.0 [pid: 8|app: 0|req: 337/673] 199.204.45.169 () {32 vars in 857 bytes} [Wed Aug 12 01:28:40 2026] GET /resource_providers/ff87aaf6-295c-43a0-bd77-38b278bddf4e/allocations => generated 338 bytes in 15 msecs (HTTP/1.1 200) 6 headers in 224 bytes (1 switches on core 0)
2026-08-12 01:28:40.088 7 INFO placement.requestlog [req-f86a9959-1c7d-497b-82ef-138178ddad47 req-3b3c433a-b9ea-445c-be62-a42e81a7228c 452834adcaeb4bd8bcb7ce3ca042987d 9c83d8ec7f9249409d51b8268c6e3854 - - e933428f787642f9b6bf0a204119c741 e933428f787642f9b6bf0a204119c741] 199.204.45.169 "GET /allocations/bcbc6dfb-695c-40b6-ba93-0e6b134a23ae" status: 200 len: 243 microversion: 1.28 [pid: 7|app: 0|req: 337/674] 199.204.45.169 () {34 vars in 863 bytes} [Wed Aug 12 01:28:40 2026] GET /allocations/bcbc6dfb-695c-40b6-ba93-0e6b134a23ae => generated 243 bytes in 16 msecs (HTTP/1.1 200) 8 headers in 296 bytes (1 switches on core 0)
2026-08-12 01:28:40.110 8 INFO placement.requestlog [req-f86a9959-1c7d-497b-82ef-138178ddad47 req-bbf9f5a2-db53-4955-805c-c4a2c51aacb1 452834adcaeb4bd8bcb7ce3ca042987d 9c83d8ec7f9249409d51b8268c6e3854 - - e933428f787642f9b6bf0a204119c741 e933428f787642f9b6bf0a204119c741] 199.204.45.169 "GET /allocations/fe9f4ec6-2fe1-43e1-838e-168fa28348d2" status: 200 len: 257 microversion: 1.28 [pid: 8|app: 0|req: 338/675] 199.204.45.169 () {34 vars in 863 bytes} [Wed Aug 12 01:28:40 2026] GET /allocations/fe9f4ec6-2fe1-43e1-838e-168fa28348d2 => generated 257 bytes in 12 msecs (HTTP/1.1 200) 8 headers in 296 bytes (1 switches on core 0)
2026-08-12 01:28:40.130 7 INFO placement.requestlog [req-f86a9959-1c7d-497b-82ef-138178ddad47 req-b524557a-c07e-44d8-8218-2921dea1e72c 452834adcaeb4bd8bcb7ce3ca042987d 9c83d8ec7f9249409d51b8268c6e3854 - - e933428f787642f9b6bf0a204119c741 e933428f787642f9b6bf0a204119c741] 199.204.45.169 "GET /allocations/13f0ab6f-461b-43fb-aa37-1c613a3462b4" status: 200 len: 257 microversion: 1.28 [pid: 7|app: 0|req: 338/676] 199.204.45.169 () {34 vars in 863 bytes} [Wed Aug 12 01:28:40 2026] GET /allocations/13f0ab6f-461b-43fb-aa37-1c613a3462b4 => generated 257 bytes in 12 msecs (HTTP/1.1 200) 8 headers in 296 bytes (1 switches on core 0)
2026-08-12 01:28:41.185 8 INFO placement.requestlog [req-f86a9959-1c7d-497b-82ef-138178ddad47 req-aa6ecd22-b260-470d-a1bb-9f25752106e5 452834adcaeb4bd8bcb7ce3ca042987d 9c83d8ec7f9249409d51b8268c6e3854 - - e933428f787642f9b6bf0a204119c741 e933428f787642f9b6bf0a204119c741] 199.204.45.169 "DELETE /allocations/bcbc6dfb-695c-40b6-ba93-0e6b134a23ae" status: 204 len: 0 microversion: 1.0 [pid: 8|app: 0|req: 339/677] 199.204.45.169 () {34 vars in 841 bytes} [Wed Aug 12 01:28:41 2026] DELETE /allocations/bcbc6dfb-695c-40b6-ba93-0e6b134a23ae => generated 0 bytes in 28 msecs (HTTP/1.1 204) 5 headers in 198 bytes (1 switches on core 0)
2026-08-12 01:28:45.461 7 INFO placement.requestlog [None req-958fef7a-451d-4424-9a07-8a087df3d7e7 - - - - - -] 10.0.0.233 "GET /" status: 200 len: 136 microversion: 1.0
2026-08-12 01:28:45.462 8 INFO placement.requestlog [None req-c6c0e108-9afc-40d4-9a13-b86396751972 - - - - - -] 10.0.0.233 "GET /" status: 200 len: 136 microversion: 1.0
2026-08-12 01:28:46.260 7 INFO placement.requestlog [None req-8763fc2a-3610-4933-ac92-dfbb8e148fa9 be105a84720c46a992ae4d21f8107e57 9c83d8ec7f9249409d51b8268c6e3854 - - e933428f787642f9b6bf0a204119c741 e933428f787642f9b6bf0a204119c741] 10.0.0.237 "GET /resource_providers/027c3f6a-7606-478d-9a43-34724db81cf6/aggregates" status: 404 len: 235 microversion: 1.1 [pid: 7|app: 0|req: 340/680] 10.0.0.237 () {32 vars in 816 bytes} [Wed Aug 12 01:28:46 2026] GET /resource_providers/027c3f6a-7606-478d-9a43-34724db81cf6/aggregates => generated 235 bytes in 10 msecs (HTTP/1.1 404) 5 headers in 202 bytes (1 switches on core 0)
2026-08-12 01:28:46.264 8 INFO placement.requestlog [None req-d6c4541a-39ec-4415-adad-cba87a7114a0 be105a84720c46a992ae4d21f8107e57 9c83d8ec7f9249409d51b8268c6e3854 - - e933428f787642f9b6bf0a204119c741 e933428f787642f9b6bf0a204119c741] 10.0.0.237 "GET /resource_providers/027c3f6a-7606-478d-9a43-34724db81cf6/aggregates" status: 404 len: 235 microversion: 1.1 [pid: 8|app: 0|req: 341/681] 10.0.0.237 () {32 vars in 816 bytes} [Wed Aug 12 01:28:46 2026] GET /resource_providers/027c3f6a-7606-478d-9a43-34724db81cf6/aggregates => generated 235 bytes in 10 msecs (HTTP/1.1 404) 5 headers in 202 bytes (1 switches on core 0)
2026-08-12 01:28:46.285 8 INFO placement.requestlog [None req-ce8510d1-f94c-45ae-a6f3-c0f194212cc9 be105a84720c46a992ae4d21f8107e57 9c83d8ec7f9249409d51b8268c6e3854 - - e933428f787642f9b6bf0a204119c741 e933428f787642f9b6bf0a204119c741] 10.0.0.237 "DELETE /resource_providers/027c3f6a-7606-478d-9a43-34724db81cf6" status: 404 len: 246 microversion: 1.1 [pid: 8|app: 0|req: 342/682] 10.0.0.237 () {34 vars in 816 bytes} [Wed Aug 12 01:28:46 2026] DELETE /resource_providers/027c3f6a-7606-478d-9a43-34724db81cf6 => generated 246 bytes in 8 msecs (HTTP/1.1 404) 6 headers in 231 bytes (1 switches on core 0)
2026-08-12 01:28:46.285 7 INFO placement.requestlog [None req-890b0030-a3bf-4f49-a5ed-1203337fd95a be105a84720c46a992ae4d21f8107e57 9c83d8ec7f9249409d51b8268c6e3854 - - e933428f787642f9b6bf0a204119c741 e933428f787642f9b6bf0a204119c741] 10.0.0.237 "DELETE /resource_providers/027c3f6a-7606-478d-9a43-34724db81cf6" status: 404 len: 246 microversion: 1.1 [pid: 7|app: 0|req: 341/683] 10.0.0.237 () {34 vars in 816 bytes} [Wed Aug 12 01:28:46 2026] DELETE /resource_providers/027c3f6a-7606-478d-9a43-34724db81cf6 => generated 246 bytes in 12 msecs (HTTP/1.1 404) 6 headers in 231 bytes (1 switches on core 0)
2026-08-12 01:28:51.039 8 INFO placement.requestlog [req-1e035272-4ac7-4d0c-b49c-643ae70470b5 req-12ae9ee0-0f1a-42d8-8c32-f7bb81ce3ea6 452834adcaeb4bd8bcb7ce3ca042987d 9c83d8ec7f9249409d51b8268c6e3854 - - e933428f787642f9b6bf0a204119c741 e933428f787642f9b6bf0a204119c741] 199.204.45.169 "GET /resource_providers/ff87aaf6-295c-43a0-bd77-38b278bddf4e/allocations" status: 200 len: 252 microversion: 1.0 [pid: 8|app: 0|req: 343/684] 199.204.45.169 () {32 vars in 857 bytes} [Wed Aug 12 01:28:51 2026] GET /resource_providers/ff87aaf6-295c-43a0-bd77-38b278bddf4e/allocations => generated 252 bytes in 17 msecs (HTTP/1.1 200) 6 headers in 224 bytes (1 switches on core 0)
2026-08-12 01:28:51.058 7 INFO placement.requestlog [req-1e035272-4ac7-4d0c-b49c-643ae70470b5 req-03edfbb2-df51-4e8d-9327-c492492c04b6 452834adcaeb4bd8bcb7ce3ca042987d 9c83d8ec7f9249409d51b8268c6e3854 - - e933428f787642f9b6bf0a204119c741 e933428f787642f9b6bf0a204119c741] 199.204.45.169 "GET /allocations/13f0ab6f-461b-43fb-aa37-1c613a3462b4" status: 200 len: 257 microversion: 1.28 [pid: 7|app: 0|req: 342/685] 199.204.45.169 () {34 vars in 863 bytes} [Wed Aug 12 01:28:51 2026] GET /allocations/13f0ab6f-461b-43fb-aa37-1c613a3462b4 => generated 257 bytes in 13 msecs (HTTP/1.1 200) 8 headers in 296 bytes (1 switches on core 0)
