May 05 11:18:37.268333 np0000171771 devstack@neutron-api.service[103475]: DEBUG neutron.plugins.ml2.drivers.ovn.mech_driver.ovsdb.ovsdb_monitor [None req-ad0008d4-5666-4458-8d9b-252596a8e205 None None] Hash Ring: Node 641623a375f1505abece2021d1f1909a (host: np0000171771) handling event "create" for row 7ece4b4c-6f9c-426c-96a6-310c3be8cfa0 (table: ACL) {{(pid=103475) notify /opt/stack/neutron/neutron/plugins/ml2/drivers/ovn/mech_driver/ovsdb/ovsdb_monitor.py:942}}
May 05 11:18:37.269830 np0000171771 devstack@neutron-api.service[103475]: INFO neutron.plugins.ml2.drivers.ovn.mech_driver.ovsdb.impl_idl_ovn [None req-ad0008d4-5666-4458-8d9b-252596a8e205 None None] Getting OvsdbSbOvnIdl for WorkerService with retry
May 05 11:18:37.300684 np0000171771 devstack@neutron-api.service[103475]: DEBUG ovsdbapp.backend.ovs_idl [None req-ad0008d4-5666-4458-8d9b-252596a8e205 None None] Created lookup_table index Chassis.name {{(pid=103475) autocreate_indices /opt/stack/data/venv/lib/python3.12/site-packages/ovsdbapp/backend/ovs_idl/__init__.py:87}}
May 05 11:18:37.300800 np0000171771 devstack@neutron-api.service[103475]: DEBUG ovsdbapp.backend.ovs_idl [None req-ad0008d4-5666-4458-8d9b-252596a8e205 None None] Created lookup_table index Port_Binding.logical_port {{(pid=103475) autocreate_indices /opt/stack/data/venv/lib/python3.12/site-packages/ovsdbapp/backend/ovs_idl/__init__.py:87}}
May 05 11:18:37.300901 np0000171771 devstack@neutron-api.service[103475]: DEBUG ovsdbapp.backend.ovs_idl [None req-ad0008d4-5666-4458-8d9b-252596a8e205 None None] Created schema index Chassis_Private.name {{(pid=103475) autocreate_indices /opt/stack/data/venv/lib/python3.12/site-packages/ovsdbapp/backend/ovs_idl/__init__.py:106}}
May 05 11:18:37.300995 np0000171771 devstack@neutron-api.service[103475]: DEBUG ovsdbapp.backend.ovs_idl [None req-ad0008d4-5666-4458-8d9b-252596a8e205 None None] Created schema index Datapath_Binding.tunnel_key {{(pid=103475) autocreate_indices /opt/stack/data/venv/lib/python3.12/site-packages/ovsdbapp/backend/ovs_idl/__init__.py:106}}
May 05 11:18:37.303057 np0000171771 devstack@neutron-api.service[103475]: INFO ovsdbapp.backend.ovs_idl.vlog [None req-ad0008d4-5666-4458-8d9b-252596a8e205 None None] ssl:199.204.45.53:6642: connecting...
May 05 11:18:37.307606 np0000171771 devstack@neutron-api.service[103475]: INFO ovsdbapp.backend.ovs_idl.vlog [None req-ad0008d4-5666-4458-8d9b-252596a8e205 None None] ssl:199.204.45.53:6642: connected
May 05 11:18:37.340429 np0000171771 devstack@neutron-api.service[103475]: DEBUG neutron.common.ovn.hash_ring_manager [None req-ad0008d4-5666-4458-8d9b-252596a8e205 None None] Allow caching, nodes 4>=4 {{(pid=103475) _wait_startup_before_caching /opt/stack/neutron/neutron/common/ovn/hash_ring_manager.py:65}}
May 05 11:18:37.343759 np0000171771 devstack@neutron-api.service[103475]: DEBUG neutron.common.ovn.hash_ring_manager [None req-ad0008d4-5666-4458-8d9b-252596a8e205 None None] Hash Ring loaded. 4 active nodes. 0 offline nodes {{(pid=103475) _load_hash_ring /opt/stack/neutron/neutron/common/ovn/hash_ring_manager.py:102}}
May 05 11:18:37.343993 np0000171771 devstack@neutron-api.service[103475]: DEBUG neutron.plugins.ml2.drivers.ovn.mech_driver.ovsdb.ovsdb_monitor [None req-ad0008d4-5666-4458-8d9b-252596a8e205 None None] ChassisAgentWriteEvent : Matched Chassis_Private, create, None None {{(pid=103475) matches /opt/stack/neutron/neutron/plugins/ml2/drivers/ovn/mech_driver/ovsdb/ovsdb_monitor.py:64}}
May 05 11:18:37.344197 np0000171771 devstack@neutron-api.service[103475]: DEBUG neutron.plugins.ml2.drivers.ovn.mech_driver.ovsdb.ovsdb_monitor [None req-ad0008d4-5666-4458-8d9b-252596a8e205 None None] ChassisOVNAgentWriteEvent : Matched Chassis_Private, create, None None {{(pid=103475) matches /opt/stack/neutron/neutron/plugins/ml2/drivers/ovn/mech_driver/ovsdb/ovsdb_monitor.py:64}}
May 05 11:18:37.346527 np0000171771 devstack@neutron-api.service[103475]: INFO neutron.plugins.ml2.drivers.ovn.mech_driver.mech_driver [None req-ad0008d4-5666-4458-8d9b-252596a8e205 None None] WorkerService process has finished the post initialization
May 05 11:18:37.347737 np0000171771 devstack@neutron-api.service[103475]: WSGI app 0 (mountpoint='') ready in 9 seconds on interpreter 0x724ca66a3668 pid: 103475 (default app)
May 05 11:18:39.686027 np0000171771 devstack@neutron-api.service[103477]: DEBUG neutron.plugins.ml2.drivers.ovn.mech_driver.ovsdb.ovsdb_monitor [-] Hash Ring: Node 53b5f011e9775c3d8a94dc3c3021d53b (host: np0000171771) handling event "update" for row 6e038611-9836-48d1-8ece-8afbe2cde5cc (table: Connection) {{(pid=103477) notify /opt/stack/neutron/neutron/plugins/ml2/drivers/ovn/mech_driver/ovsdb/ovsdb_monitor.py:942}}
May 05 11:18:39.686806 np0000171771 devstack@neutron-api.service[103474]: DEBUG neutron.plugins.ml2.drivers.ovn.mech_driver.ovsdb.ovsdb_monitor [-] Hash Ring: Node 5be6428b72675b378c022d1ff4b69d10 (host: np0000171771) handling event "update" for row 6e038611-9836-48d1-8ece-8afbe2cde5cc (table: Connection) {{(pid=103474) notify /opt/stack/neutron/neutron/plugins/ml2/drivers/ovn/mech_driver/ovsdb/ovsdb_monitor.py:942}}
May 05 11:18:42.355083 np0000171771 devstack@neutron-api.service[103474]: DEBUG neutron.api.wsgi [None req-98e8e6cd-2d33-46ab-81db-32f86c178883 admin admin] Missing Content-Type {{(pid=103474) get_content_type /opt/stack/neutron/neutron/api/wsgi.py:80}}
May 05 11:18:42.355952 np0000171771 devstack@neutron-api.service[103474]: DEBUG neutron.api.wsgi [None req-98e8e6cd-2d33-46ab-81db-32f86c178883 admin admin] https://199.204.45.53/networking/v2.0/extensions returned with HTTP 200 {{(pid=103474) __call__ /opt/stack/neutron/neutron/api/wsgi.py:540}}
May 05 11:18:42.356049 np0000171771 devstack@neutron-api.service[103474]: [pid: 103474|app: 0|req: 2/2] 199.204.45.53 () {64 vars in 1316 bytes} [Tue May 5 11:18:42 2026] GET /networking/v2.0/extensions => generated 15209 bytes in 291 msecs (HTTP/1.1 200) 4 headers in 159 bytes (1 switches on core 0)
May 05 11:18:42.747228 np0000171771 devstack@neutron-api.service[103477]: DEBUG neutron.api.v2.base [None req-ad335e90-0d0b-45eb-9823-e87a494ce550 admin admin] Request body: {'subnetpool': {'default_prefixlen': 26, 'name': 'shared-default-subnetpool-v4', 'prefixes': ['10.1.0.0/20'], 'is_default': True, 'shared': True}} {{(pid=103477) prepare_request_body /opt/stack/neutron/neutron/api/v2/base.py:727}}
May 05 11:18:42.952227 np0000171771 devstack@neutron-api.service[103477]: DEBUG neutron.policy [None req-ad335e90-0d0b-45eb-9823-e87a494ce550 admin admin] Loaded default policies from ['neutron'] under neutron.policies entry points {{(pid=103477) register_rules /opt/stack/neutron/neutron/policy.py:65}}
May 05 11:18:43.106299 np0000171771 devstack@neutron-api.service[103477]: DEBUG neutron_lib.callbacks.manager [None req-ad335e90-0d0b-45eb-9823-e87a494ce550 admin admin] Publish callbacks ['neutron.objects.securitygroup.RbacNeutronDbObjectMixin.validate_rbac_policy_change-2918144357502', 'neutron.objects.address_group.RbacNeutronDbObjectMixin.validate_rbac_policy_change-2918144366094', 'neutron.objects.network.RbacNeutronDbObjectMixin.validate_rbac_policy_change-2918145829291', 'neutron.objects.qos.policy.RbacNeutronDbObjectMixin.validate_rbac_policy_change-2918145836665', 'neutron.objects.subnetpool.RbacNeutronDbObjectMixin.validate_rbac_policy_change-2918145620027', 'neutron.objects.address_scope.RbacNeutronDbObjectMixin.validate_rbac_policy_change-2918145836038', 'neutron.plugins.ml2.plugin.External_net_db_mixin._process_ext_policy_create-156074', 'neutron.plugins.ml2.plugin.NeutronDbPluginV2.validate_network_rbac_policy_change-153930'] for rbac-policy (None), before_create {{(pid=103477) _notify_loop /opt/stack/data/venv/lib/python3.12/site-packages/neutron_lib/callbacks/manager.py:184}}
May 05 11:18:43.163862 np0000171771 devstack@neutron-api.service[103477]: DEBUG neutron_lib.callbacks.manager [None req-ad335e90-0d0b-45eb-9823-e87a494ce550 admin admin] Publish callbacks [] for subnetpool (None), before_response {{(pid=103477) _notify_loop /opt/stack/data/venv/lib/python3.12/site-packages/neutron_lib/callbacks/manager.py:184}}
May 05 11:18:43.164360 np0000171771 devstack@neutron-api.service[103477]: [pid: 103477|app: 0|req: 1/3] 199.204.45.53 () {68 vars in 1360 bytes} [Tue May 5 11:18:42 2026] POST /networking/v2.0/subnetpools => generated 533 bytes in 523 msecs (HTTP/1.1 201) 4 headers in 162 bytes (1 switches on core 0)
May 05 11:18:43.494893 np0000171771 devstack@neutron-api.service[103476]: DEBUG neutron.api.v2.base [None req-5a127368-1b12-4a85-b39b-6df4882d2f63 admin admin] Request body: {'subnetpool': {'default_prefixlen': 64, 'name': 'shared-default-subnetpool-v6', 'prefixes': ['fd75:99b1:6cf9::/56'], 'is_default': True, 'shared': True}} {{(pid=103476) prepare_request_body /opt/stack/neutron/neutron/api/v2/base.py:727}}
May 05 11:18:43.672644 np0000171771 devstack@neutron-api.service[103476]: DEBUG neutron.policy [None req-5a127368-1b12-4a85-b39b-6df4882d2f63 admin admin] Loaded default policies from ['neutron'] under neutron.policies entry points {{(pid=103476) register_rules /opt/stack/neutron/neutron/policy.py:65}}
May 05 11:18:43.821205 np0000171771 devstack@neutron-api.service[103476]: DEBUG neutron_lib.callbacks.manager [None req-5a127368-1b12-4a85-b39b-6df4882d2f63 admin admin] Publish callbacks ['neutron.objects.securitygroup.RbacNeutronDbObjectMixin.validate_rbac_policy_change-2918144360220', 'neutron.objects.address_group.RbacNeutronDbObjectMixin.validate_rbac_policy_change-2918144368863', 'neutron.objects.network.RbacNeutronDbObjectMixin.validate_rbac_policy_change-2918145823489', 'neutron.objects.qos.policy.RbacNeutronDbObjectMixin.validate_rbac_policy_change-2918145827530', 'neutron.objects.subnetpool.RbacNeutronDbObjectMixin.validate_rbac_policy_change-2918145601758', 'neutron.objects.address_scope.RbacNeutronDbObjectMixin.validate_rbac_policy_change-2918145827707', 'neutron.plugins.ml2.plugin.External_net_db_mixin._process_ext_policy_create-65646554', 'neutron.plugins.ml2.plugin.NeutronDbPluginV2.validate_network_rbac_policy_change-65566342'] for rbac-policy (None), before_create {{(pid=103476) _notify_loop /opt/stack/data/venv/lib/python3.12/site-packages/neutron_lib/callbacks/manager.py:184}}
May 05 11:18:43.863465 np0000171771 devstack@neutron-api.service[103476]: DEBUG neutron_lib.callbacks.manager [None req-5a127368-1b12-4a85-b39b-6df4882d2f63 admin admin] Publish callbacks [] for subnetpool (None), before_response {{(pid=103476) _notify_loop /opt/stack/data/venv/lib/python3.12/site-packages/neutron_lib/callbacks/manager.py:184}}
May 05 11:18:43.863987 np0000171771 devstack@neutron-api.service[103476]: [pid: 103476|app: 0|req: 1/4] 199.204.45.53 () {68 vars in 1360 bytes} [Tue May 5 11:18:43 2026] POST /networking/v2.0/subnetpools => generated 543 bytes in 478 msecs (HTTP/1.1 201) 4 headers in 162 bytes (1 switches on core 0)
May 05 11:18:44.319322 np0000171771 devstack@neutron-api.service[103475]: DEBUG neutron.api.v2.base [None req-aa3478df-476a-4217-ae67-e2285d3f317b admin admin] Request body: {'network': {'name': 'private', 'admin_state_up': True}} {{(pid=103475) prepare_request_body /opt/stack/neutron/neutron/api/v2/base.py:727}}
May 05 11:18:44.344448 np0000171771 devstack@neutron-api.service[103475]: DEBUG neutron.pecan_wsgi.hooks.quota_enforcement [None req-aa3478df-476a-4217-ae67-e2285d3f317b admin admin] Made reservation on behalf of 9b0e78f85e3d4eb895e6204cc962d7ce for: {'network': 1} {{(pid=103475) before /opt/stack/neutron/neutron/pecan_wsgi/hooks/quota_enforcement.py:66}}
May 05 11:18:44.536317 np0000171771 devstack@neutron-api.service[103475]: DEBUG neutron.policy [None req-aa3478df-476a-4217-ae67-e2285d3f317b admin admin] Loaded default policies from ['neutron'] under neutron.policies entry points {{(pid=103475) register_rules /opt/stack/neutron/neutron/policy.py:65}}
May 05 11:18:44.650994 np0000171771 devstack@neutron-api.service[103475]: DEBUG neutron_lib.callbacks.manager [None req-aa3478df-476a-4217-ae67-e2285d3f317b admin admin] Publish callbacks ['neutron.plugins.ml2.plugin.SecurityGroupDbMixin._ensure_default_security_group_handler-444752'] for network (None), before_create {{(pid=103475) _notify_loop /opt/stack/data/venv/lib/python3.12/site-packages/neutron_lib/callbacks/manager.py:184}}
May 05 11:18:44.673134 np0000171771 devstack@neutron-api.service[103475]: DEBUG neutron_lib.callbacks.manager [None req-aa3478df-476a-4217-ae67-e2285d3f317b admin admin] Publish callbacks [] for security_group (None), before_create {{(pid=103475) _notify_loop /opt/stack/data/venv/lib/python3.12/site-packages/neutron_lib/callbacks/manager.py:184}}
May 05 11:18:44.771618 np0000171771 devstack@neutron-api.service[103475]: DEBUG neutron_lib.callbacks.manager [None req-aa3478df-476a-4217-ae67-e2285d3f317b admin admin] Publish callbacks ['neutron.plugins.ml2.drivers.ovn.mech_driver.mech_driver.OVNMechanismDriver._create_security_group_precommit-900902'] for security_group (251e9775-b703-4cb7-997c-94b5fa5103b1), precommit_create {{(pid=103475) _notify_loop /opt/stack/data/venv/lib/python3.12/site-packages/neutron_lib/callbacks/manager.py:184}}
May 05 11:18:44.771867 np0000171771 devstack@neutron-api.service[103475]: DEBUG neutron.db.ovn_revision_numbers_db [None req-aa3478df-476a-4217-ae67-e2285d3f317b admin admin] create_initial_revision uuid=251e9775-b703-4cb7-997c-94b5fa5103b1, type=security_groups, rev=-1 {{(pid=103475) create_initial_revision /opt/stack/neutron/neutron/db/ovn_revision_numbers_db.py:98}}
May 05 11:18:44.774413 np0000171771 devstack@neutron-api.service[103475]: DEBUG neutron.db.ovn_revision_numbers_db [None req-aa3478df-476a-4217-ae67-e2285d3f317b admin admin] create_initial_revision uuid=1ca59ba9-b27d-45e3-9533-b8a6d881af4b, type=security_group_rules, rev=-1 {{(pid=103475) create_initial_revision /opt/stack/neutron/neutron/db/ovn_revision_numbers_db.py:98}}
May 05 11:18:44.775378 np0000171771 devstack@neutron-api.service[103475]: DEBUG neutron.db.ovn_revision_numbers_db [None req-aa3478df-476a-4217-ae67-e2285d3f317b admin admin] create_initial_revision uuid=3b41ddcf-ec67-4871-8ea3-3bee3b2bd5be, type=security_group_rules, rev=-1 {{(pid=103475) create_initial_revision /opt/stack/neutron/neutron/db/ovn_revision_numbers_db.py:98}}
May 05 11:18:44.776492 np0000171771 devstack@neutron-api.service[103475]: DEBUG neutron.db.ovn_revision_numbers_db [None req-aa3478df-476a-4217-ae67-e2285d3f317b admin admin] create_initial_revision uuid=754bb5b2-4dfc-4ae5-9a91-43cc5200352d, type=security_group_rules, rev=-1 {{(pid=103475) create_initial_revision /opt/stack/neutron/neutron/db/ovn_revision_numbers_db.py:98}}
May 05 11:18:44.777718 np0000171771 devstack@neutron-api.service[103475]: DEBUG neutron.db.ovn_revision_numbers_db [None req-aa3478df-476a-4217-ae67-e2285d3f317b admin admin] create_initial_revision uuid=a388d1f9-42bc-4c16-be96-e54d167d7291, type=security_group_rules, rev=-1 {{(pid=103475) create_initial_revision /opt/stack/neutron/neutron/db/ovn_revision_numbers_db.py:98}}
May 05 11:18:44.785401 np0000171771 devstack@neutron-api.service[103475]: DEBUG neutron_lib.callbacks.manager [None req-aa3478df-476a-4217-ae67-e2285d3f317b admin admin] Publish callbacks ['neutron.plugins.ml2.drivers.ovn.mech_driver.mech_driver.OVNMechanismDriver._create_security_group-900892', 'neutron.plugins.ml2.ovo_rpc._ObjectChangeHandler.handle_event-2530616'] for security_group (251e9775-b703-4cb7-997c-94b5fa5103b1), after_create {{(pid=103475) _notify_loop /opt/stack/data/venv/lib/python3.12/site-packages/neutron_lib/callbacks/manager.py:184}}
May 05 11:18:44.785632 np0000171771 devstack@neutron-api.service[103475]: INFO neutron.plugins.ml2.drivers.ovn.mech_driver.ovsdb.extensions.qos [None req-aa3478df-476a-4217-ae67-e2285d3f317b admin admin] Starting OVNClientQosExtension
May 05 11:18:44.785824 np0000171771 devstack@neutron-api.service[103475]: INFO neutron.plugins.ml2.drivers.ovn.mech_driver.ovsdb.extensions.placement [None req-aa3478df-476a-4217-ae67-e2285d3f317b admin admin] Starting OVNClientPlacementExtension
May 05 11:18:44.787427 np0000171771 devstack@neutron-api.service[103475]: DEBUG ovsdbapp.backend.ovs_idl.transaction [-] Running txn n=1 command(idx=0): PgAddCommand(_result=None, name=pg_251e9775_b703_4cb7_997c_94b5fa5103b1, may_exist=False, columns={'acls': [], 'external_ids': {'neutron:security_group_id': '251e9775-b703-4cb7-997c-94b5fa5103b1'}}) {{(pid=103475) do_commit /opt/stack/data/venv/lib/python3.12/site-packages/ovsdbapp/backend/ovs_idl/transaction.py:89}}
May 05 11:18:44.789601 np0000171771 devstack@neutron-api.service[103475]: DEBUG ovsdbapp.backend.ovs_idl.transaction [-] Running txn n=1 command(idx=1): PgAclAddCommand(_result=None, entity=pg_251e9775_b703_4cb7_997c_94b5fa5103b1, direction=from-lport, priority=1002, match=inport == @pg_251e9775_b703_4cb7_997c_94b5fa5103b1 && ip6, action=allow-related, log=False, may_exist=True, severity=[], name=[], meter=[], external_ids={'neutron:security_group_rule_id': '1ca59ba9-b27d-45e3-9533-b8a6d881af4b'}) {{(pid=103475) do_commit /opt/stack/data/venv/lib/python3.12/site-packages/ovsdbapp/backend/ovs_idl/transaction.py:89}}
May 05 11:18:44.790237 np0000171771 devstack@neutron-api.service[103475]: DEBUG ovsdbapp.backend.ovs_idl.transaction [-] Running txn n=1 command(idx=2): PgAclAddCommand(_result=None, entity=pg_251e9775_b703_4cb7_997c_94b5fa5103b1, direction=to-lport, priority=1002, match=outport == @pg_251e9775_b703_4cb7_997c_94b5fa5103b1 && ip6 && ip6.src == $pg_251e9775_b703_4cb7_997c_94b5fa5103b1_ip6, action=allow-related, log=False, may_exist=True, severity=[], name=[], meter=[], external_ids={'neutron:security_group_rule_id': '3b41ddcf-ec67-4871-8ea3-3bee3b2bd5be'}) {{(pid=103475) do_commit /opt/stack/data/venv/lib/python3.12/site-packages/ovsdbapp/backend/ovs_idl/transaction.py:89}}
May 05 11:18:44.790785 np0000171771 devstack@neutron-api.service[103475]: DEBUG ovsdbapp.backend.ovs_idl.transaction [-] Running txn n=1 command(idx=3): PgAclAddCommand(_result=None, entity=pg_251e9775_b703_4cb7_997c_94b5fa5103b1, direction=to-lport, priority=1002, match=outport == @pg_251e9775_b703_4cb7_997c_94b5fa5103b1 && ip4 && ip4.src == $pg_251e9775_b703_4cb7_997c_94b5fa5103b1_ip4, action=allow-related, log=False, may_exist=True, severity=[], name=[], meter=[], external_ids={'neutron:security_group_rule_id': '754bb5b2-4dfc-4ae5-9a91-43cc5200352d'}) {{(pid=103475) do_commit /opt/stack/data/venv/lib/python3.12/site-packages/ovsdbapp/backend/ovs_idl/transaction.py:89}}
May 05 11:18:44.791324 np0000171771 devstack@neutron-api.service[103475]: DEBUG ovsdbapp.backend.ovs_idl.transaction [-] Running txn n=1 command(idx=4): PgAclAddCommand(_result=None, entity=pg_251e9775_b703_4cb7_997c_94b5fa5103b1, direction=from-lport, priority=1002, match=inport == @pg_251e9775_b703_4cb7_997c_94b5fa5103b1 && ip4, action=allow-related, log=False, may_exist=True, severity=[], name=[], meter=[], external_ids={'neutron:security_group_rule_id': 'a388d1f9-42bc-4c16-be96-e54d167d7291'}) {{(pid=103475) do_commit /opt/stack/data/venv/lib/python3.12/site-packages/ovsdbapp/backend/ovs_idl/transaction.py:89}}
May 05 11:18:44.797324 np0000171771 devstack@neutron-api.service[103475]: DEBUG neutron.plugins.ml2.drivers.ovn.mech_driver.ovsdb.ovsdb_monitor [-] Hash Ring: Node 641623a375f1505abece2021d1f1909a (host: np0000171771) handling event "create" for row 4b0a1ed4-f0db-43de-816f-48d652c44f9c (table: ACL) {{(pid=103475) notify /opt/stack/neutron/neutron/plugins/ml2/drivers/ovn/mech_driver/ovsdb/ovsdb_monitor.py:942}}
May 05 11:18:44.797565 np0000171771 devstack@neutron-api.service[103475]: DEBUG neutron.plugins.ml2.drivers.ovn.mech_driver.ovsdb.ovsdb_monitor [-] Hash Ring: Node 641623a375f1505abece2021d1f1909a (host: np0000171771) handling event "create" for row 6544d2cd-8fbe-4d4b-b508-aec34748b545 (table: Port_Group) {{(pid=103475) notify /opt/stack/neutron/neutron/plugins/ml2/drivers/ovn/mech_driver/ovsdb/ovsdb_monitor.py:942}}
May 05 11:18:44.798735 np0000171771 devstack@neutron-api.service[103476]: DEBUG neutron.plugins.ml2.drivers.ovn.mech_driver.ovsdb.ovsdb_monitor [-] Hash Ring: Node 0a9d93db8e34524290a8d5f9c095b8dd (host: np0000171771) handling event "create" for row 0c792e81-4331-47bf-ad64-73d816482d92 (table: ACL) {{(pid=103476) notify /opt/stack/neutron/neutron/plugins/ml2/drivers/ovn/mech_driver/ovsdb/ovsdb_monitor.py:942}}
May 05 11:18:44.799110 np0000171771 devstack@neutron-api.service[103474]: DEBUG neutron.plugins.ml2.drivers.ovn.mech_driver.ovsdb.ovsdb_monitor [-] Hash Ring: Node 5be6428b72675b378c022d1ff4b69d10 (host: np0000171771) handling event "create" for row 0c792e81-4331-47bf-ad64-73d816482d92 (table: ACL) {{(pid=103474) notify /opt/stack/neutron/neutron/plugins/ml2/drivers/ovn/mech_driver/ovsdb/ovsdb_monitor.py:942}}
May 05 11:18:44.799369 np0000171771 devstack@neutron-api.service[103476]: DEBUG neutron.plugins.ml2.drivers.ovn.mech_driver.ovsdb.ovsdb_monitor [-] Hash Ring: Node 0a9d93db8e34524290a8d5f9c095b8dd (host: np0000171771) handling event "create" for row 7a30a71e-f8aa-4f99-ad93-41ee458c340f (table: ACL) {{(pid=103476) notify /opt/stack/neutron/neutron/plugins/ml2/drivers/ovn/mech_driver/ovsdb/ovsdb_monitor.py:942}}
May 05 11:18:44.799415 np0000171771 devstack@neutron-api.service[103474]: DEBUG neutron.plugins.ml2.drivers.ovn.mech_driver.ovsdb.ovsdb_monitor [-] Hash Ring: Node 5be6428b72675b378c022d1ff4b69d10 (host: np0000171771) handling event "create" for row 4b0a1ed4-f0db-43de-816f-48d652c44f9c (table: ACL) {{(pid=103474) notify /opt/stack/neutron/neutron/plugins/ml2/drivers/ovn/mech_driver/ovsdb/ovsdb_monitor.py:942}}
May 05 11:18:44.799466 np0000171771 devstack@neutron-api.service[103476]: DEBUG neutron.plugins.ml2.drivers.ovn.mech_driver.ovsdb.ovsdb_monitor [-] Hash Ring: Node 0a9d93db8e34524290a8d5f9c095b8dd (host: np0000171771) handling event "create" for row 6544d2cd-8fbe-4d4b-b508-aec34748b545 (table: Port_Group) {{(pid=103476) notify /opt/stack/neutron/neutron/plugins/ml2/drivers/ovn/mech_driver/ovsdb/ovsdb_monitor.py:942}}
May 05 11:18:44.799508 np0000171771 devstack@neutron-api.service[103474]: DEBUG neutron.plugins.ml2.drivers.ovn.mech_driver.ovsdb.ovsdb_monitor [-] Hash Ring: Node 5be6428b72675b378c022d1ff4b69d10 (host: np0000171771) handling event "create" for row 7a30a71e-f8aa-4f99-ad93-41ee458c340f (table: ACL) {{(pid=103474) notify /opt/stack/neutron/neutron/plugins/ml2/drivers/ovn/mech_driver/ovsdb/ovsdb_monitor.py:942}}
May 05 11:18:44.799508 np0000171771 devstack@neutron-api.service[103474]: DEBUG neutron.plugins.ml2.drivers.ovn.mech_driver.ovsdb.ovsdb_monitor [-] Hash Ring: Node 5be6428b72675b378c022d1ff4b69d10 (host: np0000171771) handling event "create" for row aa84451c-cc86-44c2-bffd-a34fa172a092 (table: ACL) {{(pid=103474) notify /opt/stack/neutron/neutron/plugins/ml2/drivers/ovn/mech_driver/ovsdb/ovsdb_monitor.py:942}}
May 05 11:18:44.799671 np0000171771 devstack@neutron-api.service[103474]: DEBUG neutron.plugins.ml2.drivers.ovn.mech_driver.ovsdb.ovsdb_monitor [-] Hash Ring: Node 5be6428b72675b378c022d1ff4b69d10 (host: np0000171771) handling event "create" for row 6544d2cd-8fbe-4d4b-b508-aec34748b545 (table: Port_Group) {{(pid=103474) notify /opt/stack/neutron/neutron/plugins/ml2/drivers/ovn/mech_driver/ovsdb/ovsdb_monitor.py:942}}
May 05 11:18:44.800733 np0000171771 devstack@neutron-api.service[103477]: DEBUG neutron.plugins.ml2.drivers.ovn.mech_driver.ovsdb.ovsdb_monitor [-] Hash Ring: Node 53b5f011e9775c3d8a94dc3c3021d53b (host: np0000171771) handling event "create" for row 4b0a1ed4-f0db-43de-816f-48d652c44f9c (table: ACL) {{(pid=103477) notify /opt/stack/neutron/neutron/plugins/ml2/drivers/ovn/mech_driver/ovsdb/ovsdb_monitor.py:942}}
May 05 11:18:44.801003 np0000171771 devstack@neutron-api.service[103477]: DEBUG neutron.plugins.ml2.drivers.ovn.mech_driver.ovsdb.ovsdb_monitor [-] Hash Ring: Node 53b5f011e9775c3d8a94dc3c3021d53b (host: np0000171771) handling event "create" for row aa84451c-cc86-44c2-bffd-a34fa172a092 (table: ACL) {{(pid=103477) notify /opt/stack/neutron/neutron/plugins/ml2/drivers/ovn/mech_driver/ovsdb/ovsdb_monitor.py:942}}
May 05 11:18:44.827902 np0000171771 devstack@neutron-api.service[103475]: INFO neutron.db.ovn_revision_numbers_db [None req-aa3478df-476a-4217-ae67-e2285d3f317b admin admin] Successfully bumped revision number for resource 251e9775-b703-4cb7-997c-94b5fa5103b1 (type: security_groups) to 1
May 05 11:18:44.846660 np0000171771 devstack@neutron-api.service[103475]: INFO neutron.db.ovn_revision_numbers_db [None req-aa3478df-476a-4217-ae67-e2285d3f317b admin admin] Successfully bumped revision number for resource 1ca59ba9-b27d-45e3-9533-b8a6d881af4b (type: security_group_rules) to 0
May 05 11:18:44.860201 np0000171771 devstack@neutron-api.service[103475]: INFO neutron.db.ovn_revision_numbers_db [None req-aa3478df-476a-4217-ae67-e2285d3f317b admin admin] Successfully bumped revision number for resource 3b41ddcf-ec67-4871-8ea3-3bee3b2bd5be (type: security_group_rules) to 0
May 05 11:18:44.879130 np0000171771 devstack@neutron-api.service[103475]: INFO neutron.db.ovn_revision_numbers_db [None req-aa3478df-476a-4217-ae67-e2285d3f317b admin admin] Successfully bumped revision number for resource 754bb5b2-4dfc-4ae5-9a91-43cc5200352d (type: security_group_rules) to 0
May 05 11:18:44.903029 np0000171771 devstack@neutron-api.service[103475]: INFO neutron.db.ovn_revision_numbers_db [None req-aa3478df-476a-4217-ae67-e2285d3f317b admin admin] Successfully bumped revision number for resource a388d1f9-42bc-4c16-be96-e54d167d7291 (type: security_group_rules) to 0
May 05 11:18:44.930134 np0000171771 devstack@neutron-api.service[103475]: DEBUG neutron.api.rpc.handlers.resources_rpc [None req-aa3478df-476a-4217-ae67-e2285d3f317b admin admin] Pushing event updated for resources: {'SecurityGroup': ['ID=251e9775-b703-4cb7-997c-94b5fa5103b1,revision_number=1']} {{(pid=103475) push /opt/stack/neutron/neutron/api/rpc/handlers/resources_rpc.py:237}}
May 05 11:18:44.940059 np0000171771 devstack@neutron-api.service[103475]: DEBUG ovsdbapp.backend.ovs_idl.transaction [-] Running txn n=1 command(idx=0): CheckLivenessCommand(_result=None) {{(pid=103475) do_commit /opt/stack/data/venv/lib/python3.12/site-packages/ovsdbapp/backend/ovs_idl/transaction.py:89}}
May 05 11:18:44.944016 np0000171771 devstack@neutron-api.service[103475]: DEBUG neutron.api.rpc.callbacks.version_manager [None req-aa3478df-476a-4217-ae67-e2285d3f317b admin admin] Tracked resource versions report:
May 05 11:18:44.944016 np0000171771 devstack@neutron-api.service[103475]: pushed versions:
May 05 11:18:44.944016 np0000171771 devstack@neutron-api.service[103475]: { 'AddressGroup': {'1.2'},
May 05 11:18:44.944016 np0000171771 devstack@neutron-api.service[103475]: 'Agent': {'1.1'},
May 05 11:18:44.944016 np0000171771 devstack@neutron-api.service[103475]: 'ConntrackHelper': {'1.0'},
May 05 11:18:44.944016 np0000171771 devstack@neutron-api.service[103475]: 'LocalIPAssociation': {'1.0'},
May 05 11:18:44.944016 np0000171771 devstack@neutron-api.service[103475]: 'Log': {'1.0'},
May 05 11:18:44.944016 np0000171771 devstack@neutron-api.service[103475]: 'NDPProxy': {'1.0'},
May 05 11:18:44.944016 np0000171771 devstack@neutron-api.service[103475]: 'Network': {'1.2'},
May 05 11:18:44.944016 np0000171771 devstack@neutron-api.service[103475]: 'Port': {'1.10'},
May 05 11:18:44.944016 np0000171771 devstack@neutron-api.service[103475]: 'PortForwarding': {'1.3'},
May 05 11:18:44.944016 np0000171771 devstack@neutron-api.service[103475]: 'QosPolicy': {'1.10'},
May 05 11:18:44.944016 np0000171771 devstack@neutron-api.service[103475]: 'SecurityGroup': {'1.6'},
May 05 11:18:44.944016 np0000171771 devstack@neutron-api.service[103475]: 'SecurityGroupRule': {'1.3'},
May 05 11:18:44.944016 np0000171771 devstack@neutron-api.service[103475]: 'SubPort': {'1.0'},
May 05 11:18:44.944016 np0000171771 devstack@neutron-api.service[103475]: 'Subnet': {'1.2'},
May 05 11:18:44.944016 np0000171771 devstack@neutron-api.service[103475]: 'Trunk': {'1.1'}}
May 05 11:18:44.944016 np0000171771 devstack@neutron-api.service[103475]: consumer versions:
May 05 11:18:44.944016 np0000171771 devstack@neutron-api.service[103475]: {}
May 05 11:18:44.944016 np0000171771 devstack@neutron-api.service[103475]: {{(pid=103475) report /opt/stack/neutron/neutron/api/rpc/callbacks/version_manager.py:183}}
May 05 11:18:44.945450 np0000171771 devstack@neutron-api.service[103474]: DEBUG neutron.plugins.ml2.drivers.ovn.mech_driver.ovsdb.ovsdb_monitor [-] Hash Ring: Node 5be6428b72675b378c022d1ff4b69d10 (host: np0000171771) handling event "update" for row 6b03907a-d01b-4364-81b3-7c4a51e820e5 (table: NB_Global) {{(pid=103474) notify /opt/stack/neutron/neutron/plugins/ml2/drivers/ovn/mech_driver/ovsdb/ovsdb_monitor.py:942}}
May 05 11:18:44.945954 np0000171771 devstack@neutron-api.service[103476]: DEBUG neutron.plugins.ml2.drivers.ovn.mech_driver.ovsdb.ovsdb_monitor [-] Hash Ring: Node 0a9d93db8e34524290a8d5f9c095b8dd (host: np0000171771) handling event "update" for row 6b03907a-d01b-4364-81b3-7c4a51e820e5 (table: NB_Global) {{(pid=103476) notify /opt/stack/neutron/neutron/plugins/ml2/drivers/ovn/mech_driver/ovsdb/ovsdb_monitor.py:942}}
May 05 11:18:44.946123 np0000171771 devstack@neutron-api.service[103474]: DEBUG neutron.plugins.ml2.drivers.ovn.mech_driver.ovsdb.ovsdb_monitor [-] Hash Ring: Node 5be6428b72675b378c022d1ff4b69d10 (host: np0000171771) handling event "update" for row 6b03907a-d01b-4364-81b3-7c4a51e820e5 (table: NB_Global) {{(pid=103474) notify /opt/stack/neutron/neutron/plugins/ml2/drivers/ovn/mech_driver/ovsdb/ovsdb_monitor.py:942}}
May 05 11:18:44.948196 np0000171771 devstack@neutron-api.service[103477]: DEBUG neutron.plugins.ml2.drivers.ovn.mech_driver.ovsdb.ovsdb_monitor [-] ChassisAgentWriteEvent : Matched Chassis_Private, update, None None {{(pid=103477) matches /opt/stack/neutron/neutron/plugins/ml2/drivers/ovn/mech_driver/ovsdb/ovsdb_monitor.py:64}}
May 05 11:18:44.948366 np0000171771 devstack@neutron-api.service[103474]: DEBUG neutron.plugins.ml2.drivers.ovn.mech_driver.ovsdb.ovsdb_monitor [-] ChassisAgentWriteEvent : Matched Chassis_Private, update, None None {{(pid=103474) matches /opt/stack/neutron/neutron/plugins/ml2/drivers/ovn/mech_driver/ovsdb/ovsdb_monitor.py:64}}
May 05 11:18:44.950250 np0000171771 devstack@neutron-api.service[103476]: DEBUG neutron.plugins.ml2.drivers.ovn.mech_driver.ovsdb.ovsdb_monitor [-] Hash Ring: Node 0a9d93db8e34524290a8d5f9c095b8dd (host: np0000171771) handling event "update" for row 6b03907a-d01b-4364-81b3-7c4a51e820e5 (table: NB_Global) {{(pid=103476) notify /opt/stack/neutron/neutron/plugins/ml2/drivers/ovn/mech_driver/ovsdb/ovsdb_monitor.py:942}}
May 05 11:18:44.952251 np0000171771 devstack@neutron-api.service[103476]: DEBUG neutron.plugins.ml2.drivers.ovn.mech_driver.ovsdb.ovsdb_monitor [-] ChassisAgentWriteEvent : Matched Chassis_Private, update, None None {{(pid=103476) matches /opt/stack/neutron/neutron/plugins/ml2/drivers/ovn/mech_driver/ovsdb/ovsdb_monitor.py:64}}
May 05 11:18:44.952682 np0000171771 devstack@neutron-api.service[103475]: DEBUG neutron.plugins.ml2.drivers.ovn.mech_driver.ovsdb.ovsdb_monitor [-] ChassisAgentWriteEvent : Matched Chassis_Private, update, None None {{(pid=103475) matches /opt/stack/neutron/neutron/plugins/ml2/drivers/ovn/mech_driver/ovsdb/ovsdb_monitor.py:64}}
May 05 11:18:44.953726 np0000171771 devstack@neutron-api.service[103474]: DEBUG neutron.plugins.ml2.drivers.ovn.mech_driver.ovsdb.ovsdb_monitor [-] Hash Ring: Node 5be6428b72675b378c022d1ff4b69d10 (host: np0000171771) handling event "update" for row 6b03907a-d01b-4364-81b3-7c4a51e820e5 (table: NB_Global) {{(pid=103474) notify /opt/stack/neutron/neutron/plugins/ml2/drivers/ovn/mech_driver/ovsdb/ovsdb_monitor.py:942}}
May 05 11:18:44.954039 np0000171771 devstack@neutron-api.service[103474]: DEBUG neutron.plugins.ml2.drivers.ovn.mech_driver.ovsdb.ovsdb_monitor [-] Hash Ring: Node 5be6428b72675b378c022d1ff4b69d10 (host: np0000171771) handling event "update" for row 6b03907a-d01b-4364-81b3-7c4a51e820e5 (table: NB_Global) {{(pid=103474) notify /opt/stack/neutron/neutron/plugins/ml2/drivers/ovn/mech_driver/ovsdb/ovsdb_monitor.py:942}}
May 05 11:18:44.954836 np0000171771 devstack@neutron-api.service[103477]: DEBUG neutron.common.ovn.hash_ring_manager [-] Allow caching, nodes 4>=4 {{(pid=103477) _wait_startup_before_caching /opt/stack/neutron/neutron/common/ovn/hash_ring_manager.py:65}}
May 05 11:18:44.955623 np0000171771 devstack@neutron-api.service[103476]: DEBUG neutron.plugins.ml2.drivers.ovn.mech_driver.ovsdb.ovsdb_monitor [-] Hash Ring: Node 0a9d93db8e34524290a8d5f9c095b8dd (host: np0000171771) handling event "update" for row 6b03907a-d01b-4364-81b3-7c4a51e820e5 (table: NB_Global) {{(pid=103476) notify /opt/stack/neutron/neutron/plugins/ml2/drivers/ovn/mech_driver/ovsdb/ovsdb_monitor.py:942}}
May 05 11:18:44.955930 np0000171771 devstack@neutron-api.service[103474]: DEBUG neutron.common.ovn.hash_ring_manager [-] Allow caching, nodes 4>=4 {{(pid=103474) _wait_startup_before_caching /opt/stack/neutron/neutron/common/ovn/hash_ring_manager.py:65}}
May 05 11:18:44.956129 np0000171771 devstack@neutron-api.service[103477]: DEBUG neutron.plugins.ml2.drivers.ovn.mech_driver.ovsdb.ovsdb_monitor [-] ChassisOVNAgentWriteEvent : Matched Chassis_Private, update, None None {{(pid=103477) matches /opt/stack/neutron/neutron/plugins/ml2/drivers/ovn/mech_driver/ovsdb/ovsdb_monitor.py:64}}
May 05 11:18:44.956246 np0000171771 devstack@neutron-api.service[103474]: DEBUG neutron.plugins.ml2.drivers.ovn.mech_driver.ovsdb.ovsdb_monitor [-] Hash Ring: Node 5be6428b72675b378c022d1ff4b69d10 (host: np0000171771) handling event "update" for row 4b3a288c-b857-4dc6-a467-28ac9ca4b7a1 (table: Chassis_Private) {{(pid=103474) notify /opt/stack/neutron/neutron/plugins/ml2/drivers/ovn/mech_driver/ovsdb/ovsdb_monitor.py:942}}
May 05 11:18:44.957117 np0000171771 devstack@neutron-api.service[103476]: DEBUG neutron.plugins.ml2.drivers.ovn.mech_driver.ovsdb.ovsdb_monitor [-] Hash Ring: Node 0a9d93db8e34524290a8d5f9c095b8dd (host: np0000171771) handling event "update" for row 6b03907a-d01b-4364-81b3-7c4a51e820e5 (table: NB_Global) {{(pid=103476) notify /opt/stack/neutron/neutron/plugins/ml2/drivers/ovn/mech_driver/ovsdb/ovsdb_monitor.py:942}}
May 05 11:18:44.957663 np0000171771 devstack@neutron-api.service[103474]: DEBUG neutron.plugins.ml2.drivers.ovn.mech_driver.ovsdb.ovsdb_monitor [-] ChassisOVNAgentWriteEvent : Matched Chassis_Private, update, None None {{(pid=103474) matches /opt/stack/neutron/neutron/plugins/ml2/drivers/ovn/mech_driver/ovsdb/ovsdb_monitor.py:64}}
May 05 11:18:44.958042 np0000171771 devstack@neutron-api.service[103474]: DEBUG neutron.plugins.ml2.drivers.ovn.mech_driver.ovsdb.ovsdb_monitor [-] Hash Ring: Node 5be6428b72675b378c022d1ff4b69d10 (host: np0000171771) handling event "update" for row 4b3a288c-b857-4dc6-a467-28ac9ca4b7a1 (table: Chassis_Private) {{(pid=103474) notify /opt/stack/neutron/neutron/plugins/ml2/drivers/ovn/mech_driver/ovsdb/ovsdb_monitor.py:942}}
May 05 11:18:44.958211 np0000171771 devstack@neutron-api.service[103475]: DEBUG neutron.plugins.ml2.drivers.ovn.mech_driver.ovsdb.ovsdb_monitor [-] ChassisOVNAgentWriteEvent : Matched Chassis_Private, update, None None {{(pid=103475) matches /opt/stack/neutron/neutron/plugins/ml2/drivers/ovn/mech_driver/ovsdb/ovsdb_monitor.py:64}}
May 05 11:18:44.958731 np0000171771 devstack@neutron-api.service[103476]: DEBUG neutron.common.ovn.hash_ring_manager [-] Allow caching, nodes 4>=4 {{(pid=103476) _wait_startup_before_caching /opt/stack/neutron/neutron/common/ovn/hash_ring_manager.py:65}}
May 05 11:18:44.958898 np0000171771 devstack@neutron-api.service[103476]: DEBUG neutron.plugins.ml2.drivers.ovn.mech_driver.ovsdb.ovsdb_monitor [-] Hash Ring: Node 0a9d93db8e34524290a8d5f9c095b8dd (host: np0000171771) handling event "update" for row 4b3a288c-b857-4dc6-a467-28ac9ca4b7a1 (table: Chassis_Private) {{(pid=103476) notify /opt/stack/neutron/neutron/plugins/ml2/drivers/ovn/mech_driver/ovsdb/ovsdb_monitor.py:942}}
May 05 11:18:44.959823 np0000171771 devstack@neutron-api.service[103476]: DEBUG neutron.plugins.ml2.drivers.ovn.mech_driver.ovsdb.ovsdb_monitor [-] ChassisOVNAgentWriteEvent : Matched Chassis_Private, update, None None {{(pid=103476) matches /opt/stack/neutron/neutron/plugins/ml2/drivers/ovn/mech_driver/ovsdb/ovsdb_monitor.py:64}}
May 05 11:18:44.960248 np0000171771 devstack@neutron-api.service[103476]: DEBUG neutron.plugins.ml2.drivers.ovn.mech_driver.ovsdb.ovsdb_monitor [-] Hash Ring: Node 0a9d93db8e34524290a8d5f9c095b8dd (host: np0000171771) handling event "update" for row 4b3a288c-b857-4dc6-a467-28ac9ca4b7a1 (table: Chassis_Private) {{(pid=103476) notify /opt/stack/neutron/neutron/plugins/ml2/drivers/ovn/mech_driver/ovsdb/ovsdb_monitor.py:942}}
May 05 11:18:45.021322 np0000171771 devstack@neutron-api.service[103475]: DEBUG neutron.plugins.ml2.drivers.helpers [None req-aa3478df-476a-4217-ae67-e2285d3f317b admin admin] geneve segment allocate from pool success with {'geneve_vni': 2350} {{(pid=103475) allocate_partially_specified_segment /opt/stack/neutron/neutron/plugins/ml2/drivers/helpers.py:142}}
May 05 11:18:45.033116 np0000171771 devstack@neutron-api.service[103475]: DEBUG neutron_lib.callbacks.manager [None req-aa3478df-476a-4217-ae67-e2285d3f317b admin admin] Publish callbacks ['neutron.services.segments.db._add_segment_host_mapping_for_segment-7854588929408', 'neutron.plugins.ml2.plugin.Ml2Plugin._handle_segment_change-696226'] for segment (18f4d874-9e6a-4c01-a018-466b1f3390ec), precommit_create {{(pid=103475) _notify_loop /opt/stack/data/venv/lib/python3.12/site-packages/neutron_lib/callbacks/manager.py:184}}
May 05 11:18:45.033297 np0000171771 devstack@neutron-api.service[103475]: INFO neutron.db.segments_db [None req-aa3478df-476a-4217-ae67-e2285d3f317b admin admin] Added segment 18f4d874-9e6a-4c01-a018-466b1f3390ec of type geneve for network 5660d02a-784f-49bf-9dc9-d129f17cde84
May 05 11:18:45.077780 np0000171771 devstack@neutron-api.service[103475]: DEBUG neutron_lib.callbacks.manager [None req-aa3478df-476a-4217-ae67-e2285d3f317b admin admin] Publish callbacks ['neutron.services.auto_allocate.db._ensure_external_network_default_value_callback-7854586956230'] for network (5660d02a-784f-49bf-9dc9-d129f17cde84), precommit_create {{(pid=103475) _notify_loop /opt/stack/data/venv/lib/python3.12/site-packages/neutron_lib/callbacks/manager.py:184}}
May 05 11:18:45.093629 np0000171771 devstack@neutron-api.service[103475]: DEBUG neutron.plugins.ml2.drivers.ovn.mech_driver.mech_driver [None req-aa3478df-476a-4217-ae67-e2285d3f317b admin admin] Validating network segment with type geneve, segmentation ID 2350, physical network None {{(pid=103475) _validate_network_segments /opt/stack/neutron/neutron/plugins/ml2/drivers/ovn/mech_driver/mech_driver.py:641}}
May 05 11:18:45.093824 np0000171771 devstack@neutron-api.service[103475]: DEBUG neutron.db.ovn_revision_numbers_db [None req-aa3478df-476a-4217-ae67-e2285d3f317b admin admin] create_initial_revision uuid=5660d02a-784f-49bf-9dc9-d129f17cde84, type=networks, rev=-1 {{(pid=103475) create_initial_revision /opt/stack/neutron/neutron/db/ovn_revision_numbers_db.py:98}}
May 05 11:18:45.110653 np0000171771 devstack@neutron-api.service[103475]: DEBUG neutron_lib.callbacks.manager [None req-aa3478df-476a-4217-ae67-e2285d3f317b admin admin] Publish callbacks ['neutron.plugins.ml2.ovo_rpc._ObjectChangeHandler.handle_event-2530498'] for network (5660d02a-784f-49bf-9dc9-d129f17cde84), after_create {{(pid=103475) _notify_loop /opt/stack/data/venv/lib/python3.12/site-packages/neutron_lib/callbacks/manager.py:184}}
May 05 11:18:45.166788 np0000171771 devstack@neutron-api.service[103475]: DEBUG neutron.api.rpc.handlers.resources_rpc [None req-aa3478df-476a-4217-ae67-e2285d3f317b admin admin] Pushing event updated for resources: {'Network': ['ID=5660d02a-784f-49bf-9dc9-d129f17cde84,revision_number=1']} {{(pid=103475) push /opt/stack/neutron/neutron/api/rpc/handlers/resources_rpc.py:237}}
May 05 11:18:45.177175 np0000171771 devstack@neutron-api.service[103475]: DEBUG ovsdbapp.backend.ovs_idl.transaction [-] Running txn n=1 command(idx=0): AddNetworkCommand(_result=None, network_uuid=5660d02a-784f-49bf-9dc9-d129f17cde84, may_exist=True, columns={'external_ids': {'neutron:network_name': 'private', 'neutron:mtu': '1372', 'neutron:revision_number': '1', 'neutron:availability_zone_hints': '', 'neutron:provnet-network-type': 'geneve'}, 'other_config': {'mcast_snoop': 'false', 'mcast_flood_unregistered': 'false', 'vlan-passthru': 'false'}}) {{(pid=103475) do_commit /opt/stack/data/venv/lib/python3.12/site-packages/ovsdbapp/backend/ovs_idl/transaction.py:89}}
May 05 11:18:45.178125 np0000171771 devstack@neutron-api.service[103475]: DEBUG neutron.common.ovn.utils [-] OVS persist_uuid supported=True {{(pid=103475) ovs_persist_uuid_supported /opt/stack/neutron/neutron/common/ovn/utils.py:1537}}
May 05 11:18:45.181910 np0000171771 devstack@neutron-api.service[103475]: DEBUG neutron.plugins.ml2.drivers.ovn.mech_driver.ovsdb.ovsdb_monitor [-] Hash Ring: Node 641623a375f1505abece2021d1f1909a (host: np0000171771) handling event "create" for row 5660d02a-784f-49bf-9dc9-d129f17cde84 (table: Logical_Switch) {{(pid=103475) notify /opt/stack/neutron/neutron/plugins/ml2/drivers/ovn/mech_driver/ovsdb/ovsdb_monitor.py:942}}
May 05 11:18:45.183213 np0000171771 devstack@neutron-api.service[103477]: DEBUG neutron.plugins.ml2.drivers.ovn.mech_driver.ovsdb.ovsdb_monitor [-] Hash Ring: Node 53b5f011e9775c3d8a94dc3c3021d53b (host: np0000171771) handling event "create" for row 5660d02a-784f-49bf-9dc9-d129f17cde84 (table: Logical_Switch) {{(pid=103477) notify /opt/stack/neutron/neutron/plugins/ml2/drivers/ovn/mech_driver/ovsdb/ovsdb_monitor.py:942}}
May 05 11:18:45.183743 np0000171771 devstack@neutron-api.service[103474]: DEBUG neutron.plugins.ml2.drivers.ovn.mech_driver.ovsdb.ovsdb_monitor [-] Hash Ring: Node 5be6428b72675b378c022d1ff4b69d10 (host: np0000171771) handling event "create" for row 5660d02a-784f-49bf-9dc9-d129f17cde84 (table: Logical_Switch) {{(pid=103474) notify /opt/stack/neutron/neutron/plugins/ml2/drivers/ovn/mech_driver/ovsdb/ovsdb_monitor.py:942}}
May 05 11:18:45.190035 np0000171771 devstack@neutron-api.service[103474]: DEBUG neutron.plugins.ml2.drivers.ovn.mech_driver.ovsdb.ovsdb_monitor [-] Hash Ring: Node 5be6428b72675b378c022d1ff4b69d10 (host: np0000171771) handling event "create" for row e252396d-14c8-42eb-a2c2-18d71a303dea (table: Datapath_Binding) {{(pid=103474) notify /opt/stack/neutron/neutron/plugins/ml2/drivers/ovn/mech_driver/ovsdb/ovsdb_monitor.py:942}}
May 05 11:18:45.215490 np0000171771 devstack@neutron-api.service[103475]: INFO neutron.db.ovn_revision_numbers_db [None req-aa3478df-476a-4217-ae67-e2285d3f317b admin admin] Successfully bumped revision number for resource 5660d02a-784f-49bf-9dc9-d129f17cde84 (type: networks) to 1
May 05 11:18:45.277588 np0000171771 devstack@neutron-api.service[103475]: DEBUG neutron_lib.callbacks.manager [None req-aa3478df-476a-4217-ae67-e2285d3f317b admin admin] Publish callbacks ['neutron.plugins.ml2.plugin.SecurityGroupDbMixin._ensure_default_security_group_handler-444752'] for port (None), before_create {{(pid=103475) _notify_loop /opt/stack/data/venv/lib/python3.12/site-packages/neutron_lib/callbacks/manager.py:184}}
May 05 11:18:45.367434 np0000171771 devstack@neutron-api.service[103475]: DEBUG neutron_lib.callbacks.manager [None req-aa3478df-476a-4217-ae67-e2285d3f317b admin admin] Publish callbacks ['neutron.plugins.ml2.drivers.ovn.mech_driver.mech_driver.OVNMechanismDriver._validate_allowed_address_pairs-901038'] for allowed_address_pair (26562b24-cc0e-410d-ab9c-cfbe4bfcda09), before_create {{(pid=103475) _notify_loop /opt/stack/data/venv/lib/python3.12/site-packages/neutron_lib/callbacks/manager.py:184}}
May 05 11:18:45.368349 np0000171771 devstack@neutron-api.service[103475]: DEBUG neutron_lib.callbacks.manager [None req-aa3478df-476a-4217-ae67-e2285d3f317b admin admin] Publish callbacks [] for port (26562b24-cc0e-410d-ab9c-cfbe4bfcda09), precommit_create {{(pid=103475) _notify_loop /opt/stack/data/venv/lib/python3.12/site-packages/neutron_lib/callbacks/manager.py:184}}
May 05 11:18:45.368349 np0000171771 devstack@neutron-api.service[103475]: DEBUG neutron.plugins.ml2.drivers.ovn.mech_driver.mech_driver [None req-aa3478df-476a-4217-ae67-e2285d3f317b admin admin] No provisioning block for port 26562b24-cc0e-410d-ab9c-cfbe4bfcda09 since it does not have a host {{(pid=103475) _is_port_provisioning_required /opt/stack/neutron/neutron/plugins/ml2/drivers/ovn/mech_driver/mech_driver.py:894}}
May 05 11:18:45.368349 np0000171771 devstack@neutron-api.service[103475]: DEBUG neutron.db.ovn_revision_numbers_db [None req-aa3478df-476a-4217-ae67-e2285d3f317b admin admin] create_initial_revision uuid=26562b24-cc0e-410d-ab9c-cfbe4bfcda09, type=ports, rev=-1 {{(pid=103475) create_initial_revision /opt/stack/neutron/neutron/db/ovn_revision_numbers_db.py:98}}
May 05 11:18:45.441956 np0000171771 devstack@neutron-api.service[103475]: DEBUG neutron_lib.callbacks.manager [None req-aa3478df-476a-4217-ae67-e2285d3f317b admin admin] Publish callbacks ['neutron.plugins.ml2.ovo_rpc._ObjectChangeHandler.handle_event-972877'] for port (26562b24-cc0e-410d-ab9c-cfbe4bfcda09), after_create {{(pid=103475) _notify_loop /opt/stack/data/venv/lib/python3.12/site-packages/neutron_lib/callbacks/manager.py:184}}
May 05 11:18:45.498357 np0000171771 devstack@neutron-api.service[103475]: DEBUG neutron.api.rpc.handlers.resources_rpc [None req-aa3478df-476a-4217-ae67-e2285d3f317b admin admin] Pushing event updated for resources: {'Port': ['ID=26562b24-cc0e-410d-ab9c-cfbe4bfcda09,revision_number=1']} {{(pid=103475) push /opt/stack/neutron/neutron/api/rpc/handlers/resources_rpc.py:237}}
May 05 11:18:45.729994 np0000171771 devstack@neutron-api.service[103475]: DEBUG ovsdbapp.backend.ovs_idl.transaction [-] Running txn n=1 command(idx=0): AddLSwitchPortCommand(_result=None, lport=26562b24-cc0e-410d-ab9c-cfbe4bfcda09, lswitch=neutron-5660d02a-784f-49bf-9dc9-d129f17cde84, may_exist=True, network_uuid=5660d02a-784f-49bf-9dc9-d129f17cde84, columns={'addresses': ['fa:16:3e:37:52:90'], 'external_ids': {'neutron:port_name': '', 'neutron:device_id': 'ovnmeta-5660d02a-784f-49bf-9dc9-d129f17cde84', 'neutron:project_id': '9b0e78f85e3d4eb895e6204cc962d7ce', 'neutron:cidrs': '', 'neutron:device_owner': 'network:distributed', 'neutron:subnet_pool_addr_scope4': '', 'neutron:subnet_pool_addr_scope6': '', 'neutron:network_name': 'neutron-5660d02a-784f-49bf-9dc9-d129f17cde84', 'neutron:security_group_ids': '', 'neutron:revision_number': '1', 'neutron:vnic_type': 'normal', 'neutron:port_capabilities': '', 'neutron:mtu': ''}, 'parent_name': [], 'tag': [], 'enabled': True, 'options': {}, 'type': 'localport', 'port_security': [], 'dhcpv4_options': [], 'dhcpv6_options': []}) {{(pid=103475) do_commit /opt/stack/data/venv/lib/python3.12/site-packages/ovsdbapp/backend/ovs_idl/transaction.py:89}}
May 05 11:18:45.731044 np0000171771 devstack@neutron-api.service[103475]: DEBUG ovsdbapp.backend.ovs_idl.transaction [-] Running txn n=1 command(idx=1): QoSDelCommand(_result=None, switch=neutron-5660d02a-784f-49bf-9dc9-d129f17cde84, conditions=[('direction', '=', 'to-lport'), ('priority', '=', 2002), ('match', '=', 'outport == "26562b24-cc0e-410d-ab9c-cfbe4bfcda09"')], if_exists=True) {{(pid=103475) do_commit /opt/stack/data/venv/lib/python3.12/site-packages/ovsdbapp/backend/ovs_idl/transaction.py:89}}
May 05 11:18:45.731474 np0000171771 devstack@neutron-api.service[103475]: DEBUG ovsdbapp.backend.ovs_idl.transaction [-] Running txn n=1 command(idx=2): QoSDelCommand(_result=None, switch=neutron-5660d02a-784f-49bf-9dc9-d129f17cde84, conditions=[('direction', '=', 'from-lport'), ('priority', '=', 2002), ('match', '=', 'inport == "26562b24-cc0e-410d-ab9c-cfbe4bfcda09"')], if_exists=True) {{(pid=103475) do_commit /opt/stack/data/venv/lib/python3.12/site-packages/ovsdbapp/backend/ovs_idl/transaction.py:89}}
May 05 11:18:45.735084 np0000171771 devstack@neutron-api.service[103475]: DEBUG neutron.plugins.ml2.drivers.ovn.mech_driver.ovsdb.ovsdb_monitor [-] Hash Ring: Node 641623a375f1505abece2021d1f1909a (host: np0000171771) handling event "update" for row 5660d02a-784f-49bf-9dc9-d129f17cde84 (table: Logical_Switch) {{(pid=103475) notify /opt/stack/neutron/neutron/plugins/ml2/drivers/ovn/mech_driver/ovsdb/ovsdb_monitor.py:942}}
May 05 11:18:45.736010 np0000171771 devstack@neutron-api.service[103474]: DEBUG neutron.plugins.ml2.drivers.ovn.mech_driver.ovsdb.ovsdb_monitor [-] Hash Ring: Node 5be6428b72675b378c022d1ff4b69d10 (host: np0000171771) handling event "update" for row 5660d02a-784f-49bf-9dc9-d129f17cde84 (table: Logical_Switch) {{(pid=103474) notify /opt/stack/neutron/neutron/plugins/ml2/drivers/ovn/mech_driver/ovsdb/ovsdb_monitor.py:942}}
May 05 11:18:45.736977 np0000171771 devstack@neutron-api.service[103474]: DEBUG neutron.plugins.ml2.drivers.ovn.mech_driver.ovsdb.ovsdb_monitor [-] Hash Ring: Node 5be6428b72675b378c022d1ff4b69d10 (host: np0000171771) handling event "create" for row aabaf8e6-6303-4b14-8c02-75a6c7f88500 (table: Logical_Switch_Port) {{(pid=103474) notify /opt/stack/neutron/neutron/plugins/ml2/drivers/ovn/mech_driver/ovsdb/ovsdb_monitor.py:942}}
