Aug 11 14:31:37.504159 np0000188641 devstack@g-api.service[114534]: INFO glance.image_cache [None req-39476153-4083-4fc9-8f32-6331a92ca20e None None] Image cache loaded driver 'centralized_db'.
Aug 11 14:31:37.514572 np0000188641 devstack@g-api.service[114532]: DEBUG glance.image_cache.drivers.centralized_db [None req-dbd0c2d2-874e-4ab7-adff-346b5fa5936a None None] Node reference is already recorded, ignoring it {{(pid=114532) configure /opt/stack/glance/glance/image_cache/drivers/centralized_db.py:71}}
Aug 11 14:31:37.516663 np0000188641 devstack@g-api.service[114534]: DEBUG glance.image_cache.drivers.centralized_db [None req-39476153-4083-4fc9-8f32-6331a92ca20e None None] Node reference is already recorded, ignoring it {{(pid=114534) configure /opt/stack/glance/glance/image_cache/drivers/centralized_db.py:71}}
Aug 11 14:31:37.523711 np0000188641 devstack@g-api.service[114533]: DEBUG dbcounter [-] [114533] Writer thread running {{(pid=114533) stat_writer /opt/stack/data/venv/lib/python3.12/site-packages/dbcounter.py:102}}
Aug 11 14:31:37.523883 np0000188641 devstack@g-api.service[114532]: INFO glance.api.middleware.cache_manage [None req-dbd0c2d2-874e-4ab7-adff-346b5fa5936a None None] Initialized image cache management middleware
Aug 11 14:31:37.523883 np0000188641 devstack@g-api.service[114532]: INFO glance.image_cache [None req-dbd0c2d2-874e-4ab7-adff-346b5fa5936a None None] Image cache loaded driver 'centralized_db'.
Aug 11 14:31:37.524169 np0000188641 devstack@g-api.service[114531]: DEBUG dbcounter [-] [114531] Writer thread running {{(pid=114531) stat_writer /opt/stack/data/venv/lib/python3.12/site-packages/dbcounter.py:102}}
Aug 11 14:31:37.528132 np0000188641 devstack@g-api.service[114533]: DEBUG glance.image_cache.drivers.centralized_db [None req-727367e6-e5ac-4fb4-8140-0d42f83e9757 None None] Node reference is already recorded, ignoring it {{(pid=114533) configure /opt/stack/glance/glance/image_cache/drivers/centralized_db.py:71}}
Aug 11 14:31:37.529700 np0000188641 devstack@g-api.service[114531]: DEBUG glance.image_cache.drivers.centralized_db [None req-282fd267-258d-468d-959b-3528bd8e4b5a None None] Node reference is already recorded, ignoring it {{(pid=114531) configure /opt/stack/glance/glance/image_cache/drivers/centralized_db.py:71}}
Aug 11 14:31:37.529910 np0000188641 devstack@g-api.service[114534]: DEBUG glance.api.v2.cached_images [None req-39476153-4083-4fc9-8f32-6331a92ca20e None None] Started cache worker thread {{(pid=114534) __init__ /opt/stack/glance/glance/api/v2/cached_images.py:71}}
Aug 11 14:31:37.531206 np0000188641 devstack@g-api.service[114534]: INFO glance.image_cache [None req-39476153-4083-4fc9-8f32-6331a92ca20e None None] Image cache loaded driver 'centralized_db'.
Aug 11 14:31:37.534080 np0000188641 devstack@g-api.service[114532]: DEBUG glance.image_cache.drivers.centralized_db [None req-dbd0c2d2-874e-4ab7-adff-346b5fa5936a None None] Node reference is already recorded, ignoring it {{(pid=114532) configure /opt/stack/glance/glance/image_cache/drivers/centralized_db.py:71}}
Aug 11 14:31:37.536923 np0000188641 devstack@g-api.service[114533]: INFO glance.image_cache [None req-727367e6-e5ac-4fb4-8140-0d42f83e9757 None None] Image cache loaded driver 'centralized_db'.
Aug 11 14:31:37.538602 np0000188641 devstack@g-api.service[114531]: INFO glance.image_cache [None req-282fd267-258d-468d-959b-3528bd8e4b5a None None] Image cache loaded driver 'centralized_db'.
Aug 11 14:31:37.540833 np0000188641 devstack@g-api.service[114534]: DEBUG glance.image_cache.drivers.centralized_db [None req-39476153-4083-4fc9-8f32-6331a92ca20e None None] Node reference is already recorded, ignoring it {{(pid=114534) configure /opt/stack/glance/glance/image_cache/drivers/centralized_db.py:71}}
Aug 11 14:31:37.541029 np0000188641 devstack@g-api.service[114532]: INFO glance.api.middleware.cache [None req-dbd0c2d2-874e-4ab7-adff-346b5fa5936a None None] Initialized image cache middleware
Aug 11 14:31:37.547457 np0000188641 devstack@g-api.service[114531]: DEBUG glance.image_cache.drivers.centralized_db [None req-282fd267-258d-468d-959b-3528bd8e4b5a None None] Node reference is already recorded, ignoring it {{(pid=114531) configure /opt/stack/glance/glance/image_cache/drivers/centralized_db.py:71}}
Aug 11 14:31:37.548490 np0000188641 devstack@g-api.service[114533]: DEBUG glance.image_cache.drivers.centralized_db [None req-727367e6-e5ac-4fb4-8140-0d42f83e9757 None None] Node reference is already recorded, ignoring it {{(pid=114533) configure /opt/stack/glance/glance/image_cache/drivers/centralized_db.py:71}}
Aug 11 14:31:37.548794 np0000188641 devstack@g-api.service[114534]: INFO glance.api.middleware.cache_manage [None req-39476153-4083-4fc9-8f32-6331a92ca20e None None] Initialized image cache management middleware
Aug 11 14:31:37.548962 np0000188641 devstack@g-api.service[114534]: INFO glance.image_cache [None req-39476153-4083-4fc9-8f32-6331a92ca20e None None] Image cache loaded driver 'centralized_db'.
Aug 11 14:31:37.554404 np0000188641 devstack@g-api.service[114532]: DEBUG glance.common.config [None req-dbd0c2d2-874e-4ab7-adff-346b5fa5936a None None] ******************************************************************************** {{(pid=114532) log_opt_values /opt/stack/data/venv/lib/python3.12/site-packages/oslo_config/cfg.py:3518}}
Aug 11 14:31:37.554475 np0000188641 devstack@g-api.service[114532]: DEBUG glance.common.config [None req-dbd0c2d2-874e-4ab7-adff-346b5fa5936a None None] Configuration options gathered from: {{(pid=114532) log_opt_values /opt/stack/data/venv/lib/python3.12/site-packages/oslo_config/cfg.py:3519}}
Aug 11 14:31:37.554819 np0000188641 devstack@g-api.service[114532]: DEBUG glance.common.config [None req-dbd0c2d2-874e-4ab7-adff-346b5fa5936a None None] command line args: [] {{(pid=114532) log_opt_values /opt/stack/data/venv/lib/python3.12/site-packages/oslo_config/cfg.py:3520}}
Aug 11 14:31:37.554964 np0000188641 devstack@g-api.service[114532]: DEBUG glance.common.config [None req-dbd0c2d2-874e-4ab7-adff-346b5fa5936a None None] config files: ['/etc/glance/glance-image-import.conf', '/etc/glance/glance-api.conf'] {{(pid=114532) log_opt_values /opt/stack/data/venv/lib/python3.12/site-packages/oslo_config/cfg.py:3521}}
Aug 11 14:31:37.555036 np0000188641 devstack@g-api.service[114532]: DEBUG glance.common.config [None req-dbd0c2d2-874e-4ab7-adff-346b5fa5936a None None] ================================================================================ {{(pid=114532) log_opt_values /opt/stack/data/venv/lib/python3.12/site-packages/oslo_config/cfg.py:3526}}
Aug 11 14:31:37.555231 np0000188641 devstack@g-api.service[114532]: DEBUG glance.common.config [None req-dbd0c2d2-874e-4ab7-adff-346b5fa5936a None None] allow_anonymous_access = False {{(pid=114532) log_opt_values /opt/stack/data/venv/lib/python3.12/site-packages/oslo_config/cfg.py:3534}}
Aug 11 14:31:37.555312 np0000188641 devstack@g-api.service[114531]: DEBUG glance.api.v2.cached_images [None req-282fd267-258d-468d-959b-3528bd8e4b5a None None] Started cache worker thread {{(pid=114531) __init__ /opt/stack/glance/glance/api/v2/cached_images.py:71}}
Aug 11 14:31:37.555360 np0000188641 devstack@g-api.service[114532]: DEBUG glance.common.config [None req-dbd0c2d2-874e-4ab7-adff-346b5fa5936a None None] api_limit_max = 1000 {{(pid=114532) log_opt_values /opt/stack/data/venv/lib/python3.12/site-packages/oslo_config/cfg.py:3534}}
Aug 11 14:31:37.555503 np0000188641 devstack@g-api.service[114532]: DEBUG glance.common.config [None req-dbd0c2d2-874e-4ab7-adff-346b5fa5936a None None] config_dir = [] {{(pid=114532) log_opt_values /opt/stack/data/venv/lib/python3.12/site-packages/oslo_config/cfg.py:3534}}
Aug 11 14:31:37.555579 np0000188641 devstack@g-api.service[114532]: DEBUG glance.common.config [None req-dbd0c2d2-874e-4ab7-adff-346b5fa5936a None None] config_file = ['/etc/glance/glance-image-import.conf', '/etc/glance/glance-api.conf'] {{(pid=114532) log_opt_values /opt/stack/data/venv/lib/python3.12/site-packages/oslo_config/cfg.py:3534}}
Aug 11 14:31:37.555714 np0000188641 devstack@g-api.service[114532]: DEBUG glance.common.config [None req-dbd0c2d2-874e-4ab7-adff-346b5fa5936a None None] config_source = [] {{(pid=114532) log_opt_values /opt/stack/data/venv/lib/python3.12/site-packages/oslo_config/cfg.py:3534}}
Aug 11 14:31:37.555848 np0000188641 devstack@g-api.service[114532]: DEBUG glance.common.config [None req-dbd0c2d2-874e-4ab7-adff-346b5fa5936a None None] control_exchange = glance {{(pid=114532) log_opt_values /opt/stack/data/venv/lib/python3.12/site-packages/oslo_config/cfg.py:3534}}
Aug 11 14:31:37.555926 np0000188641 devstack@g-api.service[114532]: DEBUG glance.common.config [None req-dbd0c2d2-874e-4ab7-adff-346b5fa5936a None None] debug = True {{(pid=114532) log_opt_values /opt/stack/data/venv/lib/python3.12/site-packages/oslo_config/cfg.py:3534}}
Aug 11 14:31:37.556093 np0000188641 devstack@g-api.service[114531]: INFO glance.image_cache [None req-282fd267-258d-468d-959b-3528bd8e4b5a None None] Image cache loaded driver 'centralized_db'.
Aug 11 14:31:37.556131 np0000188641 devstack@g-api.service[114532]: DEBUG glance.common.config [None req-dbd0c2d2-874e-4ab7-adff-346b5fa5936a None None] default_log_levels = ['amqp=WARN', 'boto=WARN', 'sqlalchemy=WARN', 'suds=INFO', 'oslo.messaging=INFO', 'oslo_messaging=INFO', 'iso8601=WARN', 'requests.packages.urllib3.connectionpool=WARN', 'urllib3.connectionpool=WARN', 'websocket=WARN', 'requests.packages.urllib3.util.retry=WARN', 'urllib3.util.retry=WARN', 'keystonemiddleware=WARN', 'routes.middleware=WARN', 'stevedore=WARN', 'taskflow=WARN', 'keystoneauth=WARN', 'oslo.cache=INFO', 'oslo_policy=INFO', 'dogpile.core.dogpile=INFO'] {{(pid=114532) log_opt_values /opt/stack/data/venv/lib/python3.12/site-packages/oslo_config/cfg.py:3534}}
Aug 11 14:31:37.556217 np0000188641 devstack@g-api.service[114532]: DEBUG glance.common.config [None req-dbd0c2d2-874e-4ab7-adff-346b5fa5936a None None] default_publisher_id = image.localhost {{(pid=114532) log_opt_values /opt/stack/data/venv/lib/python3.12/site-packages/oslo_config/cfg.py:3534}}
Aug 11 14:31:37.556343 np0000188641 devstack@g-api.service[114532]: DEBUG glance.common.config [None req-dbd0c2d2-874e-4ab7-adff-346b5fa5936a None None] delayed_delete = False {{(pid=114532) log_opt_values /opt/stack/data/venv/lib/python3.12/site-packages/oslo_config/cfg.py:3534}}
Aug 11 14:31:37.556457 np0000188641 devstack@g-api.service[114532]: DEBUG glance.common.config [None req-dbd0c2d2-874e-4ab7-adff-346b5fa5936a None None] digest_algorithm = sha256 {{(pid=114532) log_opt_values /opt/stack/data/venv/lib/python3.12/site-packages/oslo_config/cfg.py:3534}}
Aug 11 14:31:37.556585 np0000188641 devstack@g-api.service[114532]: DEBUG glance.common.config [None req-dbd0c2d2-874e-4ab7-adff-346b5fa5936a None None] disabled_notifications = [] {{(pid=114532) log_opt_values /opt/stack/data/venv/lib/python3.12/site-packages/oslo_config/cfg.py:3534}}
Aug 11 14:31:37.556692 np0000188641 devstack@g-api.service[114532]: DEBUG glance.common.config [None req-dbd0c2d2-874e-4ab7-adff-346b5fa5936a None None] do_secure_hash = True {{(pid=114532) log_opt_values /opt/stack/data/venv/lib/python3.12/site-packages/oslo_config/cfg.py:3534}}
Aug 11 14:31:37.556797 np0000188641 devstack@g-api.service[114532]: DEBUG glance.common.config [None req-dbd0c2d2-874e-4ab7-adff-346b5fa5936a None None] enabled_backends = None {{(pid=114532) log_opt_values /opt/stack/data/venv/lib/python3.12/site-packages/oslo_config/cfg.py:3534}}
Aug 11 14:31:37.556967 np0000188641 devstack@g-api.service[114532]: DEBUG glance.common.config [None req-dbd0c2d2-874e-4ab7-adff-346b5fa5936a None None] enabled_import_methods = ['glance-direct', 'web-download', 'copy-image'] {{(pid=114532) log_opt_values /opt/stack/data/venv/lib/python3.12/site-packages/oslo_config/cfg.py:3534}}
Aug 11 14:31:37.557109 np0000188641 devstack@g-api.service[114532]: DEBUG glance.common.config [None req-dbd0c2d2-874e-4ab7-adff-346b5fa5936a None None] hashing_algorithm = sha512 {{(pid=114532) log_opt_values /opt/stack/data/venv/lib/python3.12/site-packages/oslo_config/cfg.py:3534}}
Aug 11 14:31:37.557245 np0000188641 devstack@g-api.service[114532]: DEBUG glance.common.config [None req-dbd0c2d2-874e-4ab7-adff-346b5fa5936a None None] http_retries = 3 {{(pid=114532) log_opt_values /opt/stack/data/venv/lib/python3.12/site-packages/oslo_config/cfg.py:3534}}
Aug 11 14:31:37.557397 np0000188641 devstack@g-api.service[114532]: DEBUG glance.common.config [None req-dbd0c2d2-874e-4ab7-adff-346b5fa5936a None None] image_cache_dir = /opt/stack/data/glance/cache/ {{(pid=114532) log_opt_values /opt/stack/data/venv/lib/python3.12/site-packages/oslo_config/cfg.py:3534}}
Aug 11 14:31:37.557509 np0000188641 devstack@g-api.service[114532]: DEBUG glance.common.config [None req-dbd0c2d2-874e-4ab7-adff-346b5fa5936a None None] image_cache_driver = centralized_db {{(pid=114532) log_opt_values /opt/stack/data/venv/lib/python3.12/site-packages/oslo_config/cfg.py:3534}}
Aug 11 14:31:37.557558 np0000188641 devstack@g-api.service[114533]: DEBUG glance.api.v2.cached_images [None req-727367e6-e5ac-4fb4-8140-0d42f83e9757 None None] Started cache worker thread {{(pid=114533) __init__ /opt/stack/glance/glance/api/v2/cached_images.py:71}}
Aug 11 14:31:37.557620 np0000188641 devstack@g-api.service[114532]: DEBUG glance.common.config [None req-dbd0c2d2-874e-4ab7-adff-346b5fa5936a None None] image_cache_max_size = 10737418240 {{(pid=114532) log_opt_values /opt/stack/data/venv/lib/python3.12/site-packages/oslo_config/cfg.py:3534}}
Aug 11 14:31:37.557747 np0000188641 devstack@g-api.service[114532]: DEBUG glance.common.config [None req-dbd0c2d2-874e-4ab7-adff-346b5fa5936a None None] image_cache_sqlite_db = cache.db {{(pid=114532) log_opt_values /opt/stack/data/venv/lib/python3.12/site-packages/oslo_config/cfg.py:3534}}
Aug 11 14:31:37.557849 np0000188641 devstack@g-api.service[114532]: DEBUG glance.common.config [None req-dbd0c2d2-874e-4ab7-adff-346b5fa5936a None None] image_cache_stall_time = 86400 {{(pid=114532) log_opt_values /opt/stack/data/venv/lib/python3.12/site-packages/oslo_config/cfg.py:3534}}
Aug 11 14:31:37.557957 np0000188641 devstack@g-api.service[114532]: DEBUG glance.common.config [None req-dbd0c2d2-874e-4ab7-adff-346b5fa5936a None None] image_location_quota = 10 {{(pid=114532) log_opt_values /opt/stack/data/venv/lib/python3.12/site-packages/oslo_config/cfg.py:3534}}
Aug 11 14:31:37.558060 np0000188641 devstack@g-api.service[114532]: DEBUG glance.common.config [None req-dbd0c2d2-874e-4ab7-adff-346b5fa5936a None None] image_member_quota = 128 {{(pid=114532) log_opt_values /opt/stack/data/venv/lib/python3.12/site-packages/oslo_config/cfg.py:3534}}
Aug 11 14:31:37.558223 np0000188641 devstack@g-api.service[114532]: DEBUG glance.common.config [None req-dbd0c2d2-874e-4ab7-adff-346b5fa5936a None None] image_property_quota = 128 {{(pid=114532) log_opt_values /opt/stack/data/venv/lib/python3.12/site-packages/oslo_config/cfg.py:3534}}
Aug 11 14:31:37.558384 np0000188641 devstack@g-api.service[114532]: DEBUG glance.common.config [None req-dbd0c2d2-874e-4ab7-adff-346b5fa5936a None None] image_size_cap = 1099511627776 {{(pid=114532) log_opt_values /opt/stack/data/venv/lib/python3.12/site-packages/oslo_config/cfg.py:3534}}
Aug 11 14:31:37.558504 np0000188641 devstack@g-api.service[114532]: DEBUG glance.common.config [None req-dbd0c2d2-874e-4ab7-adff-346b5fa5936a None None] image_tag_quota = 128 {{(pid=114532) log_opt_values /opt/stack/data/venv/lib/python3.12/site-packages/oslo_config/cfg.py:3534}}
Aug 11 14:31:37.558612 np0000188641 devstack@g-api.service[114532]: DEBUG glance.common.config [None req-dbd0c2d2-874e-4ab7-adff-346b5fa5936a None None] instance_format = [instance: %(uuid)s] {{(pid=114532) log_opt_values /opt/stack/data/venv/lib/python3.12/site-packages/oslo_config/cfg.py:3534}}
Aug 11 14:31:37.558706 np0000188641 devstack@g-api.service[114533]: INFO glance.image_cache [None req-727367e6-e5ac-4fb4-8140-0d42f83e9757 None None] Image cache loaded driver 'centralized_db'.
Aug 11 14:31:37.558746 np0000188641 devstack@g-api.service[114532]: DEBUG glance.common.config [None req-dbd0c2d2-874e-4ab7-adff-346b5fa5936a None None] instance_uuid_format = [instance: %(uuid)s] {{(pid=114532) log_opt_values /opt/stack/data/venv/lib/python3.12/site-packages/oslo_config/cfg.py:3534}}
Aug 11 14:31:37.558862 np0000188641 devstack@g-api.service[114532]: DEBUG glance.common.config [None req-dbd0c2d2-874e-4ab7-adff-346b5fa5936a None None] limit_param_default = 25 {{(pid=114532) log_opt_values /opt/stack/data/venv/lib/python3.12/site-packages/oslo_config/cfg.py:3534}}
Aug 11 14:31:37.558979 np0000188641 devstack@g-api.service[114532]: DEBUG glance.common.config [None req-dbd0c2d2-874e-4ab7-adff-346b5fa5936a None None] log_color = False {{(pid=114532) log_opt_values /opt/stack/data/venv/lib/python3.12/site-packages/oslo_config/cfg.py:3534}}
Aug 11 14:31:37.559087 np0000188641 devstack@g-api.service[114532]: DEBUG glance.common.config [None req-dbd0c2d2-874e-4ab7-adff-346b5fa5936a None None] log_config_append = None {{(pid=114532) log_opt_values /opt/stack/data/venv/lib/python3.12/site-packages/oslo_config/cfg.py:3534}}
Aug 11 14:31:37.559196 np0000188641 devstack@g-api.service[114532]: DEBUG glance.common.config [None req-dbd0c2d2-874e-4ab7-adff-346b5fa5936a None None] log_date_format = %Y-%m-%d %H:%M:%S {{(pid=114532) log_opt_values /opt/stack/data/venv/lib/python3.12/site-packages/oslo_config/cfg.py:3534}}
Aug 11 14:31:37.559337 np0000188641 devstack@g-api.service[114532]: DEBUG glance.common.config [None req-dbd0c2d2-874e-4ab7-adff-346b5fa5936a None None] log_dir = None {{(pid=114532) log_opt_values /opt/stack/data/venv/lib/python3.12/site-packages/oslo_config/cfg.py:3534}}
Aug 11 14:31:37.559425 np0000188641 devstack@g-api.service[114534]: DEBUG glance.image_cache.drivers.centralized_db [None req-39476153-4083-4fc9-8f32-6331a92ca20e None None] Node reference is already recorded, ignoring it {{(pid=114534) configure /opt/stack/glance/glance/image_cache/drivers/centralized_db.py:71}}
Aug 11 14:31:37.559474 np0000188641 devstack@g-api.service[114532]: DEBUG glance.common.config [None req-dbd0c2d2-874e-4ab7-adff-346b5fa5936a None None] log_file = None {{(pid=114532) log_opt_values /opt/stack/data/venv/lib/python3.12/site-packages/oslo_config/cfg.py:3534}}
Aug 11 14:31:37.559558 np0000188641 devstack@g-api.service[114532]: DEBUG glance.common.config [None req-dbd0c2d2-874e-4ab7-adff-346b5fa5936a None None] log_rotate_interval = 1 {{(pid=114532) log_opt_values /opt/stack/data/venv/lib/python3.12/site-packages/oslo_config/cfg.py:3534}}
Aug 11 14:31:37.559671 np0000188641 devstack@g-api.service[114532]: DEBUG glance.common.config [None req-dbd0c2d2-874e-4ab7-adff-346b5fa5936a None None] log_rotate_interval_type = days {{(pid=114532) log_opt_values /opt/stack/data/venv/lib/python3.12/site-packages/oslo_config/cfg.py:3534}}
Aug 11 14:31:37.559812 np0000188641 devstack@g-api.service[114532]: DEBUG glance.common.config [None req-dbd0c2d2-874e-4ab7-adff-346b5fa5936a None None] log_rotation_type = none {{(pid=114532) log_opt_values /opt/stack/data/venv/lib/python3.12/site-packages/oslo_config/cfg.py:3534}}
Aug 11 14:31:37.559895 np0000188641 devstack@g-api.service[114532]: DEBUG glance.common.config [None req-dbd0c2d2-874e-4ab7-adff-346b5fa5936a None None] logging_context_format_string = %(color)s%(levelname)s %(name)s [%(global_request_id)s %(request_id)s %(project_name)s %(user_name)s%(color)s] %(instance)s%(color)s%(message)s {{(pid=114532) log_opt_values /opt/stack/data/venv/lib/python3.12/site-packages/oslo_config/cfg.py:3534}}
Aug 11 14:31:37.559972 np0000188641 devstack@g-api.service[114532]: DEBUG glance.common.config [None req-dbd0c2d2-874e-4ab7-adff-346b5fa5936a None None] logging_debug_format_suffix = {{(pid=%(process)d) %(funcName)s %(pathname)s:%(lineno)d}} {{(pid=114532) log_opt_values /opt/stack/data/venv/lib/python3.12/site-packages/oslo_config/cfg.py:3534}}
Aug 11 14:31:37.560082 np0000188641 devstack@g-api.service[114532]: DEBUG glance.common.config [None req-dbd0c2d2-874e-4ab7-adff-346b5fa5936a None None] logging_default_format_string = %(color)s%(levelname)s %(name)s [-%(color)s] %(instance)s%(color)s%(message)s {{(pid=114532) log_opt_values /opt/stack/data/venv/lib/python3.12/site-packages/oslo_config/cfg.py:3534}}
Aug 11 14:31:37.560189 np0000188641 devstack@g-api.service[114532]: DEBUG glance.common.config [None req-dbd0c2d2-874e-4ab7-adff-346b5fa5936a None None] logging_exception_prefix = ERROR %(name)s %(instance)s {{(pid=114532) log_opt_values /opt/stack/data/venv/lib/python3.12/site-packages/oslo_config/cfg.py:3534}}
Aug 11 14:31:37.560296 np0000188641 devstack@g-api.service[114532]: DEBUG glance.common.config [None req-dbd0c2d2-874e-4ab7-adff-346b5fa5936a None None] logging_user_identity_format = %(user)s %(project)s %(domain)s %(system_scope)s %(user_domain)s %(project_domain)s {{(pid=114532) log_opt_values /opt/stack/data/venv/lib/python3.12/site-packages/oslo_config/cfg.py:3534}}
Aug 11 14:31:37.560456 np0000188641 devstack@g-api.service[114532]: DEBUG glance.common.config [None req-dbd0c2d2-874e-4ab7-adff-346b5fa5936a None None] max_logfile_count = 30 {{(pid=114532) log_opt_values /opt/stack/data/venv/lib/python3.12/site-packages/oslo_config/cfg.py:3534}}
Aug 11 14:31:37.560604 np0000188641 devstack@g-api.service[114532]: DEBUG glance.common.config [None req-dbd0c2d2-874e-4ab7-adff-346b5fa5936a None None] max_logfile_size_mb = 200 {{(pid=114532) log_opt_values /opt/stack/data/venv/lib/python3.12/site-packages/oslo_config/cfg.py:3534}}
Aug 11 14:31:37.560711 np0000188641 devstack@g-api.service[114532]: DEBUG glance.common.config [None req-dbd0c2d2-874e-4ab7-adff-346b5fa5936a None None] max_request_id_length = 64 {{(pid=114532) log_opt_values /opt/stack/data/venv/lib/python3.12/site-packages/oslo_config/cfg.py:3534}}
Aug 11 14:31:37.560821 np0000188641 devstack@g-api.service[114532]: DEBUG glance.common.config [None req-dbd0c2d2-874e-4ab7-adff-346b5fa5936a None None] metadata_encryption_key = **** {{(pid=114532) log_opt_values /opt/stack/data/venv/lib/python3.12/site-packages/oslo_config/cfg.py:3534}}
Aug 11 14:31:37.560928 np0000188641 devstack@g-api.service[114532]: DEBUG glance.common.config [None req-dbd0c2d2-874e-4ab7-adff-346b5fa5936a None None] node_staging_uri = file:///tmp/staging/ {{(pid=114532) log_opt_values /opt/stack/data/venv/lib/python3.12/site-packages/oslo_config/cfg.py:3534}}
Aug 11 14:31:37.561028 np0000188641 devstack@g-api.service[114532]: DEBUG glance.common.config [None req-dbd0c2d2-874e-4ab7-adff-346b5fa5936a None None] property_protection_file = None {{(pid=114532) log_opt_values /opt/stack/data/venv/lib/python3.12/site-packages/oslo_config/cfg.py:3534}}
Aug 11 14:31:37.561138 np0000188641 devstack@g-api.service[114532]: DEBUG glance.common.config [None req-dbd0c2d2-874e-4ab7-adff-346b5fa5936a None None] property_protection_rule_format = roles {{(pid=114532) log_opt_values /opt/stack/data/venv/lib/python3.12/site-packages/oslo_config/cfg.py:3534}}
Aug 11 14:31:37.561248 np0000188641 devstack@g-api.service[114532]: DEBUG glance.common.config [None req-dbd0c2d2-874e-4ab7-adff-346b5fa5936a None None] public_endpoint = https://199.19.213.222/image {{(pid=114532) log_opt_values /opt/stack/data/venv/lib/python3.12/site-packages/oslo_config/cfg.py:3534}}
Aug 11 14:31:37.561405 np0000188641 devstack@g-api.service[114532]: DEBUG glance.common.config [None req-dbd0c2d2-874e-4ab7-adff-346b5fa5936a None None] publish_errors = False {{(pid=114532) log_opt_values /opt/stack/data/venv/lib/python3.12/site-packages/oslo_config/cfg.py:3534}}
Aug 11 14:31:37.561521 np0000188641 devstack@g-api.service[114532]: DEBUG glance.common.config [None req-dbd0c2d2-874e-4ab7-adff-346b5fa5936a None None] pydev_worker_debug_host = None {{(pid=114532) log_opt_values /opt/stack/data/venv/lib/python3.12/site-packages/oslo_config/cfg.py:3534}}
Aug 11 14:31:37.561676 np0000188641 devstack@g-api.service[114532]: DEBUG glance.common.config [None req-dbd0c2d2-874e-4ab7-adff-346b5fa5936a None None] pydev_worker_debug_port = 5678 {{(pid=114532) log_opt_values /opt/stack/data/venv/lib/python3.12/site-packages/oslo_config/cfg.py:3534}}
Aug 11 14:31:37.561783 np0000188641 devstack@g-api.service[114532]: DEBUG glance.common.config [None req-dbd0c2d2-874e-4ab7-adff-346b5fa5936a None None] rate_limit_burst = 0 {{(pid=114532) log_opt_values /opt/stack/data/venv/lib/python3.12/site-packages/oslo_config/cfg.py:3534}}
Aug 11 14:31:37.561910 np0000188641 devstack@g-api.service[114532]: DEBUG glance.common.config [None req-dbd0c2d2-874e-4ab7-adff-346b5fa5936a None None] rate_limit_except_level = CRITICAL {{(pid=114532) log_opt_values /opt/stack/data/venv/lib/python3.12/site-packages/oslo_config/cfg.py:3534}}
Aug 11 14:31:37.562034 np0000188641 devstack@g-api.service[114532]: DEBUG glance.common.config [None req-dbd0c2d2-874e-4ab7-adff-346b5fa5936a None None] rate_limit_interval = 0 {{(pid=114532) log_opt_values /opt/stack/data/venv/lib/python3.12/site-packages/oslo_config/cfg.py:3534}}
Aug 11 14:31:37.562180 np0000188641 devstack@g-api.service[114532]: DEBUG glance.common.config [None req-dbd0c2d2-874e-4ab7-adff-346b5fa5936a None None] scrub_pool_size = 1 {{(pid=114532) log_opt_values /opt/stack/data/venv/lib/python3.12/site-packages/oslo_config/cfg.py:3534}}
Aug 11 14:31:37.562324 np0000188641 devstack@g-api.service[114532]: DEBUG glance.common.config [None req-dbd0c2d2-874e-4ab7-adff-346b5fa5936a None None] scrub_time = 0 {{(pid=114532) log_opt_values /opt/stack/data/venv/lib/python3.12/site-packages/oslo_config/cfg.py:3534}}
Aug 11 14:31:37.562442 np0000188641 devstack@g-api.service[114532]: DEBUG glance.common.config [None req-dbd0c2d2-874e-4ab7-adff-346b5fa5936a None None] shell_completion = None {{(pid=114532) log_opt_values /opt/stack/data/venv/lib/python3.12/site-packages/oslo_config/cfg.py:3534}}
Aug 11 14:31:37.562581 np0000188641 devstack@g-api.service[114532]: DEBUG glance.common.config [None req-dbd0c2d2-874e-4ab7-adff-346b5fa5936a None None] show_image_direct_url = False {{(pid=114532) log_opt_values /opt/stack/data/venv/lib/python3.12/site-packages/oslo_config/cfg.py:3534}}
Aug 11 14:31:37.562883 np0000188641 devstack@g-api.service[114532]: WARNING oslo_config.cfg [None req-dbd0c2d2-874e-4ab7-adff-346b5fa5936a None None] Deprecated: Option "show_multiple_locations" from group "DEFAULT" is deprecated for removal (Use of this option, deprecated since Newton, is a security risk and will be removed once we figure out a way to satisfy those use cases that currently require it. An earlier announcement that the same functionality can be achieved with greater granularity by using policies is incorrect. You cannot work around this option via policy configuration at the present time, though that is the direction we believe the fix will take. Please keep an eye on the Glance release notes to stay up to date on progress in addressing this issue.). Its value may be silently ignored in the future.
Aug 11 14:31:37.563007 np0000188641 devstack@g-api.service[114532]: DEBUG glance.common.config [None req-dbd0c2d2-874e-4ab7-adff-346b5fa5936a None None] show_multiple_locations = False {{(pid=114532) log_opt_values /opt/stack/data/venv/lib/python3.12/site-packages/oslo_config/cfg.py:3534}}
Aug 11 14:31:37.563136 np0000188641 devstack@g-api.service[114532]: DEBUG glance.common.config [None req-dbd0c2d2-874e-4ab7-adff-346b5fa5936a None None] syslog_log_facility = LOG_USER {{(pid=114532) log_opt_values /opt/stack/data/venv/lib/python3.12/site-packages/oslo_config/cfg.py:3534}}
Aug 11 14:31:37.563245 np0000188641 devstack@g-api.service[114532]: DEBUG glance.common.config [None req-dbd0c2d2-874e-4ab7-adff-346b5fa5936a None None] transport_url = **** {{(pid=114532) log_opt_values /opt/stack/data/venv/lib/python3.12/site-packages/oslo_config/cfg.py:3534}}
Aug 11 14:31:37.563384 np0000188641 devstack@g-api.service[114532]: DEBUG glance.common.config [None req-dbd0c2d2-874e-4ab7-adff-346b5fa5936a None None] use_journal = False {{(pid=114532) log_opt_values /opt/stack/data/venv/lib/python3.12/site-packages/oslo_config/cfg.py:3534}}
Aug 11 14:31:37.563482 np0000188641 devstack@g-api.service[114532]: DEBUG glance.common.config [None req-dbd0c2d2-874e-4ab7-adff-346b5fa5936a None None] use_json = False {{(pid=114532) log_opt_values /opt/stack/data/venv/lib/python3.12/site-packages/oslo_config/cfg.py:3534}}
Aug 11 14:31:37.563580 np0000188641 devstack@g-api.service[114532]: DEBUG glance.common.config [None req-dbd0c2d2-874e-4ab7-adff-346b5fa5936a None None] use_keystone_limits = True {{(pid=114532) log_opt_values /opt/stack/data/venv/lib/python3.12/site-packages/oslo_config/cfg.py:3534}}
Aug 11 14:31:37.563719 np0000188641 devstack@g-api.service[114532]: DEBUG glance.common.config [None req-dbd0c2d2-874e-4ab7-adff-346b5fa5936a None None] use_stderr = False {{(pid=114532) log_opt_values /opt/stack/data/venv/lib/python3.12/site-packages/oslo_config/cfg.py:3534}}
Aug 11 14:31:37.563839 np0000188641 devstack@g-api.service[114532]: DEBUG glance.common.config [None req-dbd0c2d2-874e-4ab7-adff-346b5fa5936a None None] use_syslog = False {{(pid=114532) log_opt_values /opt/stack/data/venv/lib/python3.12/site-packages/oslo_config/cfg.py:3534}}
Aug 11 14:31:37.563958 np0000188641 devstack@g-api.service[114532]: DEBUG glance.common.config [None req-dbd0c2d2-874e-4ab7-adff-346b5fa5936a None None] user_storage_quota = 0 {{(pid=114532) log_opt_values /opt/stack/data/venv/lib/python3.12/site-packages/oslo_config/cfg.py:3534}}
Aug 11 14:31:37.564074 np0000188641 devstack@g-api.service[114532]: DEBUG glance.common.config [None req-dbd0c2d2-874e-4ab7-adff-346b5fa5936a None None] worker_self_reference_url = http://127.0.0.1:60999 {{(pid=114532) log_opt_values /opt/stack/data/venv/lib/python3.12/site-packages/oslo_config/cfg.py:3534}}
Aug 11 14:31:37.564198 np0000188641 devstack@g-api.service[114532]: DEBUG glance.common.config [None req-dbd0c2d2-874e-4ab7-adff-346b5fa5936a None None] oslo_concurrency.disable_process_locking = False {{(pid=114532) log_opt_values /opt/stack/data/venv/lib/python3.12/site-packages/oslo_config/cfg.py:3545}}
Aug 11 14:31:37.564369 np0000188641 devstack@g-api.service[114532]: DEBUG glance.common.config [None req-dbd0c2d2-874e-4ab7-adff-346b5fa5936a None None] oslo_concurrency.lock_path = /opt/stack/data/glance/locks {{(pid=114532) log_opt_values /opt/stack/data/venv/lib/python3.12/site-packages/oslo_config/cfg.py:3545}}
Aug 11 14:31:37.564429 np0000188641 devstack@g-api.service[114531]: DEBUG glance.image_cache.drivers.centralized_db [None req-282fd267-258d-468d-959b-3528bd8e4b5a None None] Node reference is already recorded, ignoring it {{(pid=114531) configure /opt/stack/glance/glance/image_cache/drivers/centralized_db.py:71}}
Aug 11 14:31:37.564480 np0000188641 devstack@g-api.service[114532]: DEBUG glance.common.config [None req-dbd0c2d2-874e-4ab7-adff-346b5fa5936a None None] oslo_middleware.enable_proxy_headers_parsing = False {{(pid=114532) log_opt_values /opt/stack/data/venv/lib/python3.12/site-packages/oslo_config/cfg.py:3545}}
Aug 11 14:31:37.564588 np0000188641 devstack@g-api.service[114532]: DEBUG glance.common.config [None req-dbd0c2d2-874e-4ab7-adff-346b5fa5936a None None] oslo_middleware.http_basic_auth_user_file = /etc/htpasswd {{(pid=114532) log_opt_values /opt/stack/data/venv/lib/python3.12/site-packages/oslo_config/cfg.py:3545}}
Aug 11 14:31:37.564694 np0000188641 devstack@g-api.service[114532]: DEBUG glance.common.config [None req-dbd0c2d2-874e-4ab7-adff-346b5fa5936a None None] paste_deploy.config_file = None {{(pid=114532) log_opt_values /opt/stack/data/venv/lib/python3.12/site-packages/oslo_config/cfg.py:3545}}
Aug 11 14:31:37.564808 np0000188641 devstack@g-api.service[114532]: DEBUG glance.common.config [None req-dbd0c2d2-874e-4ab7-adff-346b5fa5936a None None] paste_deploy.flavor = keystone+cachemanagement {{(pid=114532) log_opt_values /opt/stack/data/venv/lib/python3.12/site-packages/oslo_config/cfg.py:3545}}
Aug 11 14:31:37.564986 np0000188641 devstack@g-api.service[114532]: DEBUG glance.common.config [None req-dbd0c2d2-874e-4ab7-adff-346b5fa5936a None None] image_format.container_formats = ['ami', 'ari', 'aki', 'bare', 'ovf', 'ova', 'docker', 'compressed'] {{(pid=114532) log_opt_values /opt/stack/data/venv/lib/python3.12/site-packages/oslo_config/cfg.py:3545}}
Aug 11 14:31:37.565152 np0000188641 devstack@g-api.service[114532]: DEBUG glance.common.config [None req-dbd0c2d2-874e-4ab7-adff-346b5fa5936a None None] image_format.disk_formats = ['ami', 'ari', 'aki', 'vhd', 'vhdx', 'vmdk', 'raw', 'qcow2', 'vdi', 'iso', 'ploop'] {{(pid=114532) log_opt_values /opt/stack/data/venv/lib/python3.12/site-packages/oslo_config/cfg.py:3545}}
Aug 11 14:31:37.565310 np0000188641 devstack@g-api.service[114532]: DEBUG glance.common.config [None req-dbd0c2d2-874e-4ab7-adff-346b5fa5936a None None] image_format.gpt_safety_checks_nonfatal = [] {{(pid=114532) log_opt_values /opt/stack/data/venv/lib/python3.12/site-packages/oslo_config/cfg.py:3545}}
Aug 11 14:31:37.565421 np0000188641 devstack@g-api.service[114532]: DEBUG glance.common.config [None req-dbd0c2d2-874e-4ab7-adff-346b5fa5936a None None] image_format.require_image_format_match = True {{(pid=114532) log_opt_values /opt/stack/data/venv/lib/python3.12/site-packages/oslo_config/cfg.py:3545}}
Aug 11 14:31:37.565539 np0000188641 devstack@g-api.service[114532]: DEBUG glance.common.config [None req-dbd0c2d2-874e-4ab7-adff-346b5fa5936a None None] image_format.vmdk_allowed_types = ['streamOptimized', 'monolithicSparse'] {{(pid=114532) log_opt_values /opt/stack/data/venv/lib/python3.12/site-packages/oslo_config/cfg.py:3545}}
Aug 11 14:31:37.565657 np0000188641 devstack@g-api.service[114532]: DEBUG glance.common.config [None req-dbd0c2d2-874e-4ab7-adff-346b5fa5936a None None] task.task_executor = taskflow {{(pid=114532) log_opt_values /opt/stack/data/venv/lib/python3.12/site-packages/oslo_config/cfg.py:3545}}
Aug 11 14:31:37.565762 np0000188641 devstack@g-api.service[114532]: DEBUG glance.common.config [None req-dbd0c2d2-874e-4ab7-adff-346b5fa5936a None None] task.task_time_to_live = 48 {{(pid=114532) log_opt_values /opt/stack/data/venv/lib/python3.12/site-packages/oslo_config/cfg.py:3545}}
Aug 11 14:31:37.565865 np0000188641 devstack@g-api.service[114532]: DEBUG glance.common.config [None req-dbd0c2d2-874e-4ab7-adff-346b5fa5936a None None] task.work_dir = None {{(pid=114532) log_opt_values /opt/stack/data/venv/lib/python3.12/site-packages/oslo_config/cfg.py:3545}}
Aug 11 14:31:37.565995 np0000188641 devstack@g-api.service[114532]: DEBUG glance.common.config [None req-dbd0c2d2-874e-4ab7-adff-346b5fa5936a None None] wsgi.python_interpreter = /opt/stack/data/venv/bin/python3 {{(pid=114532) log_opt_values /opt/stack/data/venv/lib/python3.12/site-packages/oslo_config/cfg.py:3545}}
Aug 11 14:31:37.566109 np0000188641 devstack@g-api.service[114532]: DEBUG glance.common.config [None req-dbd0c2d2-874e-4ab7-adff-346b5fa5936a None None] wsgi.task_pool_threads = 16 {{(pid=114532) log_opt_values /opt/stack/data/venv/lib/python3.12/site-packages/oslo_config/cfg.py:3545}}
Aug 11 14:31:37.566293 np0000188641 devstack@g-api.service[114532]: DEBUG glance.common.config [None req-dbd0c2d2-874e-4ab7-adff-346b5fa5936a None None] import_filtering_opts.allowed_hosts = [] {{(pid=114532) log_opt_values /opt/stack/data/venv/lib/python3.12/site-packages/oslo_config/cfg.py:3545}}
Aug 11 14:31:37.566411 np0000188641 devstack@g-api.service[114532]: DEBUG glance.common.config [None req-dbd0c2d2-874e-4ab7-adff-346b5fa5936a None None] import_filtering_opts.allowed_ports = [80, 443] {{(pid=114532) log_opt_values /opt/stack/data/venv/lib/python3.12/site-packages/oslo_config/cfg.py:3545}}
Aug 11 14:31:37.566535 np0000188641 devstack@g-api.service[114532]: DEBUG glance.common.config [None req-dbd0c2d2-874e-4ab7-adff-346b5fa5936a None None] import_filtering_opts.allowed_schemes = ['http', 'https'] {{(pid=114532) log_opt_values /opt/stack/data/venv/lib/python3.12/site-packages/oslo_config/cfg.py:3545}}
Aug 11 14:31:37.566644 np0000188641 devstack@g-api.service[114532]: DEBUG glance.common.config [None req-dbd0c2d2-874e-4ab7-adff-346b5fa5936a None None] import_filtering_opts.disallowed_hosts = [] {{(pid=114532) log_opt_values /opt/stack/data/venv/lib/python3.12/site-packages/oslo_config/cfg.py:3545}}
Aug 11 14:31:37.566748 np0000188641 devstack@g-api.service[114532]: DEBUG glance.common.config [None req-dbd0c2d2-874e-4ab7-adff-346b5fa5936a None None] import_filtering_opts.disallowed_ports = [] {{(pid=114532) log_opt_values /opt/stack/data/venv/lib/python3.12/site-packages/oslo_config/cfg.py:3545}}
Aug 11 14:31:37.566852 np0000188641 devstack@g-api.service[114532]: DEBUG glance.common.config [None req-dbd0c2d2-874e-4ab7-adff-346b5fa5936a None None] import_filtering_opts.disallowed_schemes = [] {{(pid=114532) log_opt_values /opt/stack/data/venv/lib/python3.12/site-packages/oslo_config/cfg.py:3545}}
Aug 11 14:31:37.566971 np0000188641 devstack@g-api.service[114532]: DEBUG glance.common.config [None req-dbd0c2d2-874e-4ab7-adff-346b5fa5936a None None] oslo_messaging_metrics.metrics_buffer_size = 1000 {{(pid=114532) log_opt_values /opt/stack/data/venv/lib/python3.12/site-packages/oslo_config/cfg.py:3545}}
Aug 11 14:31:37.567090 np0000188641 devstack@g-api.service[114532]: DEBUG glance.common.config [None req-dbd0c2d2-874e-4ab7-adff-346b5fa5936a None None] oslo_messaging_metrics.metrics_enabled = False {{(pid=114532) log_opt_values /opt/stack/data/venv/lib/python3.12/site-packages/oslo_config/cfg.py:3545}}
Aug 11 14:31:37.567218 np0000188641 devstack@g-api.service[114532]: DEBUG glance.common.config [None req-dbd0c2d2-874e-4ab7-adff-346b5fa5936a None None] oslo_messaging_metrics.metrics_process_name = {{(pid=114532) log_opt_values /opt/stack/data/venv/lib/python3.12/site-packages/oslo_config/cfg.py:3545}}
Aug 11 14:31:37.567374 np0000188641 devstack@g-api.service[114532]: DEBUG glance.common.config [None req-dbd0c2d2-874e-4ab7-adff-346b5fa5936a None None] oslo_messaging_metrics.metrics_socket_file = /var/tmp/metrics_collector.sock {{(pid=114532) log_opt_values /opt/stack/data/venv/lib/python3.12/site-packages/oslo_config/cfg.py:3545}}
Aug 11 14:31:37.567434 np0000188641 devstack@g-api.service[114534]: INFO glance.api.middleware.cache [None req-39476153-4083-4fc9-8f32-6331a92ca20e None None] Initialized image cache middleware
Aug 11 14:31:37.567467 np0000188641 devstack@g-api.service[114532]: DEBUG glance.common.config [None req-dbd0c2d2-874e-4ab7-adff-346b5fa5936a None None] oslo_messaging_metrics.metrics_thread_stop_timeout = 10 {{(pid=114532) log_opt_values /opt/stack/data/venv/lib/python3.12/site-packages/oslo_config/cfg.py:3545}}
Aug 11 14:31:37.567590 np0000188641 devstack@g-api.service[114532]: DEBUG glance.common.config [None req-dbd0c2d2-874e-4ab7-adff-346b5fa5936a None None] profiler.connection_string = messaging:// {{(pid=114532) log_opt_values /opt/stack/data/venv/lib/python3.12/site-packages/oslo_config/cfg.py:3545}}
Aug 11 14:31:37.567698 np0000188641 devstack@g-api.service[114532]: DEBUG glance.common.config [None req-dbd0c2d2-874e-4ab7-adff-346b5fa5936a None None] profiler.enabled = False {{(pid=114532) log_opt_values /opt/stack/data/venv/lib/python3.12/site-packages/oslo_config/cfg.py:3545}}
Aug 11 14:31:37.567806 np0000188641 devstack@g-api.service[114532]: DEBUG glance.common.config [None req-dbd0c2d2-874e-4ab7-adff-346b5fa5936a None None] profiler.es_doc_type = notification {{(pid=114532) log_opt_values /opt/stack/data/venv/lib/python3.12/site-packages/oslo_config/cfg.py:3545}}
Aug 11 14:31:37.567909 np0000188641 devstack@g-api.service[114532]: DEBUG glance.common.config [None req-dbd0c2d2-874e-4ab7-adff-346b5fa5936a None None] profiler.es_scroll_size = 10000 {{(pid=114532) log_opt_values /opt/stack/data/venv/lib/python3.12/site-packages/oslo_config/cfg.py:3545}}
Aug 11 14:31:37.568019 np0000188641 devstack@g-api.service[114532]: DEBUG glance.common.config [None req-dbd0c2d2-874e-4ab7-adff-346b5fa5936a None None] profiler.es_scroll_time = 2m {{(pid=114532) log_opt_values /opt/stack/data/venv/lib/python3.12/site-packages/oslo_config/cfg.py:3545}}
Aug 11 14:31:37.568139 np0000188641 devstack@g-api.service[114532]: DEBUG glance.common.config [None req-dbd0c2d2-874e-4ab7-adff-346b5fa5936a None None] profiler.filter_error_trace = False {{(pid=114532) log_opt_values /opt/stack/data/venv/lib/python3.12/site-packages/oslo_config/cfg.py:3545}}
Aug 11 14:31:37.568273 np0000188641 devstack@g-api.service[114532]: DEBUG glance.common.config [None req-dbd0c2d2-874e-4ab7-adff-346b5fa5936a None None] profiler.hmac_keys = **** {{(pid=114532) log_opt_values /opt/stack/data/venv/lib/python3.12/site-packages/oslo_config/cfg.py:3545}}
Aug 11 14:31:37.568420 np0000188641 devstack@g-api.service[114532]: DEBUG glance.common.config [None req-dbd0c2d2-874e-4ab7-adff-346b5fa5936a None None] profiler.sentinel_service_name = mymaster {{(pid=114532) log_opt_values /opt/stack/data/venv/lib/python3.12/site-packages/oslo_config/cfg.py:3545}}
Aug 11 14:31:37.568450 np0000188641 devstack@g-api.service[114533]: DEBUG glance.image_cache.drivers.centralized_db [None req-727367e6-e5ac-4fb4-8140-0d42f83e9757 None None] Node reference is already recorded, ignoring it {{(pid=114533) configure /opt/stack/glance/glance/image_cache/drivers/centralized_db.py:71}}
Aug 11 14:31:37.568550 np0000188641 devstack@g-api.service[114532]: DEBUG glance.common.config [None req-dbd0c2d2-874e-4ab7-adff-346b5fa5936a None None] profiler.socket_timeout = 0.1 {{(pid=114532) log_opt_values /opt/stack/data/venv/lib/python3.12/site-packages/oslo_config/cfg.py:3545}}
Aug 11 14:31:37.568654 np0000188641 devstack@g-api.service[114532]: DEBUG glance.common.config [None req-dbd0c2d2-874e-4ab7-adff-346b5fa5936a None None] profiler.trace_requests = False {{(pid=114532) log_opt_values /opt/stack/data/venv/lib/python3.12/site-packages/oslo_config/cfg.py:3545}}
Aug 11 14:31:37.568759 np0000188641 devstack@g-api.service[114532]: DEBUG glance.common.config [None req-dbd0c2d2-874e-4ab7-adff-346b5fa5936a None None] profiler.trace_sqlalchemy = False {{(pid=114532) log_opt_values /opt/stack/data/venv/lib/python3.12/site-packages/oslo_config/cfg.py:3545}}
Aug 11 14:31:37.568875 np0000188641 devstack@g-api.service[114532]: DEBUG glance.common.config [None req-dbd0c2d2-874e-4ab7-adff-346b5fa5936a None None] profiler_jaeger.process_tags = {} {{(pid=114532) log_opt_values /opt/stack/data/venv/lib/python3.12/site-packages/oslo_config/cfg.py:3545}}
Aug 11 14:31:37.568978 np0000188641 devstack@g-api.service[114532]: DEBUG glance.common.config [None req-dbd0c2d2-874e-4ab7-adff-346b5fa5936a None None] profiler_jaeger.service_name_prefix = None {{(pid=114532) log_opt_values /opt/stack/data/venv/lib/python3.12/site-packages/oslo_config/cfg.py:3545}}
Aug 11 14:31:37.569082 np0000188641 devstack@g-api.service[114532]: DEBUG glance.common.config [None req-dbd0c2d2-874e-4ab7-adff-346b5fa5936a None None] profiler_otlp.service_name_prefix = None {{(pid=114532) log_opt_values /opt/stack/data/venv/lib/python3.12/site-packages/oslo_config/cfg.py:3545}}
Aug 11 14:31:37.569235 np0000188641 devstack@g-api.service[114532]: DEBUG glance.common.config [None req-dbd0c2d2-874e-4ab7-adff-346b5fa5936a None None] oslo_reports.file_event_handler = None {{(pid=114532) log_opt_values /opt/stack/data/venv/lib/python3.12/site-packages/oslo_config/cfg.py:3545}}
Aug 11 14:31:37.569439 np0000188641 devstack@g-api.service[114532]: DEBUG glance.common.config [None req-dbd0c2d2-874e-4ab7-adff-346b5fa5936a None None] oslo_reports.file_event_handler_interval = 1 {{(pid=114532) log_opt_values /opt/stack/data/venv/lib/python3.12/site-packages/oslo_config/cfg.py:3545}}
Aug 11 14:31:37.569552 np0000188641 devstack@g-api.service[114532]: DEBUG glance.common.config [None req-dbd0c2d2-874e-4ab7-adff-346b5fa5936a None None] oslo_reports.log_dir = None {{(pid=114532) log_opt_values /opt/stack/data/venv/lib/python3.12/site-packages/oslo_config/cfg.py:3545}}
Aug 11 14:31:37.569641 np0000188641 devstack@g-api.service[114531]: INFO glance.api.middleware.cache_manage [None req-282fd267-258d-468d-959b-3528bd8e4b5a None None] Initialized image cache management middleware
Aug 11 14:31:37.569766 np0000188641 devstack@g-api.service[114532]: DEBUG glance.common.config [None req-dbd0c2d2-874e-4ab7-adff-346b5fa5936a None None] os_brick.lightos_discovery_client_address = localhost {{(pid=114532) log_opt_values /opt/stack/data/venv/lib/python3.12/site-packages/oslo_config/cfg.py:3545}}
Aug 11 14:31:37.569805 np0000188641 devstack@g-api.service[114531]: INFO glance.image_cache [None req-282fd267-258d-468d-959b-3528bd8e4b5a None None] Image cache loaded driver 'centralized_db'.
Aug 11 14:31:37.569895 np0000188641 devstack@g-api.service[114532]: DEBUG glance.common.config [None req-dbd0c2d2-874e-4ab7-adff-346b5fa5936a None None] os_brick.lightos_discovery_client_dir_path = /etc/discovery-client/discovery.d/ {{(pid=114532) log_opt_values /opt/stack/data/venv/lib/python3.12/site-packages/oslo_config/cfg.py:3545}}
Aug 11 14:31:37.570003 np0000188641 devstack@g-api.service[114532]: DEBUG glance.common.config [None req-dbd0c2d2-874e-4ab7-adff-346b5fa5936a None None] os_brick.lightos_discovery_client_port = 6060 {{(pid=114532) log_opt_values /opt/stack/data/venv/lib/python3.12/site-packages/oslo_config/cfg.py:3545}}
Aug 11 14:31:37.570129 np0000188641 devstack@g-api.service[114532]: DEBUG glance.common.config [None req-dbd0c2d2-874e-4ab7-adff-346b5fa5936a None None] os_brick.lock_path = /opt/stack/data/os_brick {{(pid=114532) log_opt_values /opt/stack/data/venv/lib/python3.12/site-packages/oslo_config/cfg.py:3545}}
Aug 11 14:31:37.570300 np0000188641 devstack@g-api.service[114532]: DEBUG glance.common.config [None req-dbd0c2d2-874e-4ab7-adff-346b5fa5936a None None] os_brick.wait_mpath_device_attempts = 4 {{(pid=114532) log_opt_values /opt/stack/data/venv/lib/python3.12/site-packages/oslo_config/cfg.py:3545}}
Aug 11 14:31:37.570410 np0000188641 devstack@g-api.service[114532]: DEBUG glance.common.config [None req-dbd0c2d2-874e-4ab7-adff-346b5fa5936a None None] os_brick.wait_mpath_device_interval = 1 {{(pid=114532) log_opt_values /opt/stack/data/venv/lib/python3.12/site-packages/oslo_config/cfg.py:3545}}
Aug 11 14:31:37.570524 np0000188641 devstack@g-api.service[114532]: DEBUG glance.common.config [None req-dbd0c2d2-874e-4ab7-adff-346b5fa5936a None None] privsep_osbrick.capabilities = [21, 2] {{(pid=114532) log_opt_values /opt/stack/data/venv/lib/python3.12/site-packages/oslo_config/cfg.py:3545}}
Aug 11 14:31:37.570630 np0000188641 devstack@g-api.service[114532]: DEBUG glance.common.config [None req-dbd0c2d2-874e-4ab7-adff-346b5fa5936a None None] privsep_osbrick.group = None {{(pid=114532) log_opt_values /opt/stack/data/venv/lib/python3.12/site-packages/oslo_config/cfg.py:3545}}
Aug 11 14:31:37.570748 np0000188641 devstack@g-api.service[114532]: DEBUG glance.common.config [None req-dbd0c2d2-874e-4ab7-adff-346b5fa5936a None None] privsep_osbrick.helper_command = None {{(pid=114532) log_opt_values /opt/stack/data/venv/lib/python3.12/site-packages/oslo_config/cfg.py:3545}}
Aug 11 14:31:37.570855 np0000188641 devstack@g-api.service[114532]: DEBUG glance.common.config [None req-dbd0c2d2-874e-4ab7-adff-346b5fa5936a None None] privsep_osbrick.log_daemon_traceback = False {{(pid=114532) log_opt_values /opt/stack/data/venv/lib/python3.12/site-packages/oslo_config/cfg.py:3545}}
Aug 11 14:31:37.570966 np0000188641 devstack@g-api.service[114532]: DEBUG glance.common.config [None req-dbd0c2d2-874e-4ab7-adff-346b5fa5936a None None] privsep_osbrick.logger_name = brick_privsep_hide_output {{(pid=114532) log_opt_values /opt/stack/data/venv/lib/python3.12/site-packages/oslo_config/cfg.py:3545}}
Aug 11 14:31:37.571070 np0000188641 devstack@g-api.service[114532]: DEBUG glance.common.config [None req-dbd0c2d2-874e-4ab7-adff-346b5fa5936a None None] privsep_osbrick.thread_pool_size = 16 {{(pid=114532) log_opt_values /opt/stack/data/venv/lib/python3.12/site-packages/oslo_config/cfg.py:3545}}
Aug 11 14:31:37.571171 np0000188641 devstack@g-api.service[114532]: DEBUG glance.common.config [None req-dbd0c2d2-874e-4ab7-adff-346b5fa5936a None None] privsep_osbrick.user = None {{(pid=114532) log_opt_values /opt/stack/data/venv/lib/python3.12/site-packages/oslo_config/cfg.py:3545}}
Aug 11 14:31:37.571343 np0000188641 devstack@g-api.service[114532]: DEBUG glance.common.config [None req-dbd0c2d2-874e-4ab7-adff-346b5fa5936a None None] glance_store.cinder_api_insecure = False {{(pid=114532) log_opt_values /opt/stack/data/venv/lib/python3.12/site-packages/oslo_config/cfg.py:3545}}
Aug 11 14:31:37.571454 np0000188641 devstack@g-api.service[114532]: DEBUG glance.common.config [None req-dbd0c2d2-874e-4ab7-adff-346b5fa5936a None None] glance_store.cinder_attachment_retry_attempts = 5 {{(pid=114532) log_opt_values /opt/stack/data/venv/lib/python3.12/site-packages/oslo_config/cfg.py:3545}}
Aug 11 14:31:37.571570 np0000188641 devstack@g-api.service[114532]: DEBUG glance.common.config [None req-dbd0c2d2-874e-4ab7-adff-346b5fa5936a None None] glance_store.cinder_ca_certificates_file = None {{(pid=114532) log_opt_values /opt/stack/data/venv/lib/python3.12/site-packages/oslo_config/cfg.py:3545}}
Aug 11 14:31:37.571682 np0000188641 devstack@g-api.service[114532]: DEBUG glance.common.config [None req-dbd0c2d2-874e-4ab7-adff-346b5fa5936a None None] glance_store.cinder_catalog_info = volumev3::publicURL {{(pid=114532) log_opt_values /opt/stack/data/venv/lib/python3.12/site-packages/oslo_config/cfg.py:3545}}
