Jun 12 10:19:31.643400 np0000179807 devstack@neutron-api.service[103269]: DEBUG ovsdbapp.backend.ovs_idl [None req-731dad8d-67dc-4675-b139-6f842df682b5 None None] Created schema index Gateway_Chassis.name {{(pid=103269) autocreate_indices /opt/stack/data/venv/lib/python3.12/site-packages/ovsdbapp/backend/ovs_idl/__init__.py:106}}
Jun 12 10:19:31.643524 np0000179807 devstack@neutron-api.service[103269]: DEBUG ovsdbapp.backend.ovs_idl [None req-731dad8d-67dc-4675-b139-6f842df682b5 None None] Created schema index Mirror.name {{(pid=103269) autocreate_indices /opt/stack/data/venv/lib/python3.12/site-packages/ovsdbapp/backend/ovs_idl/__init__.py:106}}
Jun 12 10:19:31.643654 np0000179807 devstack@neutron-api.service[103269]: DEBUG ovsdbapp.backend.ovs_idl [None req-731dad8d-67dc-4675-b139-6f842df682b5 None None] Created schema index Chassis_Template_Var.chassis {{(pid=103269) autocreate_indices /opt/stack/data/venv/lib/python3.12/site-packages/ovsdbapp/backend/ovs_idl/__init__.py:106}}
Jun 12 10:19:31.643777 np0000179807 devstack@neutron-api.service[103269]: DEBUG ovsdbapp.backend.ovs_idl [None req-731dad8d-67dc-4675-b139-6f842df682b5 None None] Created schema index Logical_Router_Port.name {{(pid=103269) autocreate_indices /opt/stack/data/venv/lib/python3.12/site-packages/ovsdbapp/backend/ovs_idl/__init__.py:106}}
Jun 12 10:19:31.643903 np0000179807 devstack@neutron-api.service[103269]: DEBUG ovsdbapp.backend.ovs_idl [None req-731dad8d-67dc-4675-b139-6f842df682b5 None None] Created schema index Port_Group.name {{(pid=103269) autocreate_indices /opt/stack/data/venv/lib/python3.12/site-packages/ovsdbapp/backend/ovs_idl/__init__.py:106}}
Jun 12 10:19:31.644036 np0000179807 devstack@neutron-api.service[103269]: DEBUG ovsdbapp.backend.ovs_idl [None req-731dad8d-67dc-4675-b139-6f842df682b5 None None] Created schema index Logical_Switch_Port.name {{(pid=103269) autocreate_indices /opt/stack/data/venv/lib/python3.12/site-packages/ovsdbapp/backend/ovs_idl/__init__.py:106}}
Jun 12 10:19:31.646893 np0000179807 devstack@neutron-api.service[103269]: INFO ovsdbapp.backend.ovs_idl.vlog [None req-731dad8d-67dc-4675-b139-6f842df682b5 None None] ssl:199.19.213.202:6641: connecting...
Jun 12 10:19:31.652414 np0000179807 devstack@neutron-api.service[103269]: INFO ovsdbapp.backend.ovs_idl.vlog [None req-731dad8d-67dc-4675-b139-6f842df682b5 None None] ssl:199.19.213.202:6641: connected
Jun 12 10:19:31.684799 np0000179807 devstack@neutron-api.service[103269]: DEBUG neutron.common.ovn.hash_ring_manager [None req-731dad8d-67dc-4675-b139-6f842df682b5 None None] Disallow caching, nodes 1<4 {{(pid=103269) _wait_startup_before_caching /opt/stack/neutron/neutron/common/ovn/hash_ring_manager.py:72}}
Jun 12 10:19:31.689363 np0000179807 devstack@neutron-api.service[103269]: DEBUG neutron.common.ovn.hash_ring_manager [None req-731dad8d-67dc-4675-b139-6f842df682b5 None None] Hash Ring loaded. 1 active nodes. 0 offline nodes {{(pid=103269) _load_hash_ring /opt/stack/neutron/neutron/common/ovn/hash_ring_manager.py:102}}
Jun 12 10:19:31.689487 np0000179807 devstack@neutron-api.service[103269]: DEBUG neutron.plugins.ml2.drivers.ovn.mech_driver.ovsdb.ovsdb_monitor [None req-731dad8d-67dc-4675-b139-6f842df682b5 None None] Hash Ring: Node 68721775b0a555a8b86345e5fbd2637c (host: np0000179807) handling event "create" for row 77761d44-2b7a-4e20-93d0-d190ebecef44 (table: ACL) {{(pid=103269) notify /opt/stack/neutron/neutron/plugins/ml2/drivers/ovn/mech_driver/ovsdb/ovsdb_monitor.py:1015}}
Jun 12 10:19:31.694605 np0000179807 devstack@neutron-api.service[103269]: DEBUG neutron.common.ovn.hash_ring_manager [None req-731dad8d-67dc-4675-b139-6f842df682b5 None None] Hash Ring loaded. 1 active nodes. 0 offline nodes {{(pid=103269) _load_hash_ring /opt/stack/neutron/neutron/common/ovn/hash_ring_manager.py:102}}
Jun 12 10:19:31.694701 np0000179807 devstack@neutron-api.service[103269]: DEBUG neutron.plugins.ml2.drivers.ovn.mech_driver.ovsdb.ovsdb_monitor [None req-731dad8d-67dc-4675-b139-6f842df682b5 None None] Hash Ring: Node 68721775b0a555a8b86345e5fbd2637c (host: np0000179807) handling event "create" for row 7daa0d14-0522-404f-bd78-f210ab27959a (table: ACL) {{(pid=103269) notify /opt/stack/neutron/neutron/plugins/ml2/drivers/ovn/mech_driver/ovsdb/ovsdb_monitor.py:1015}}
Jun 12 10:19:31.700119 np0000179807 devstack@neutron-api.service[103269]: DEBUG neutron.common.ovn.hash_ring_manager [None req-731dad8d-67dc-4675-b139-6f842df682b5 None None] Hash Ring loaded. 1 active nodes. 0 offline nodes {{(pid=103269) _load_hash_ring /opt/stack/neutron/neutron/common/ovn/hash_ring_manager.py:102}}
Jun 12 10:19:31.700256 np0000179807 devstack@neutron-api.service[103269]: DEBUG neutron.plugins.ml2.drivers.ovn.mech_driver.ovsdb.ovsdb_monitor [None req-731dad8d-67dc-4675-b139-6f842df682b5 None None] Hash Ring: Node 68721775b0a555a8b86345e5fbd2637c (host: np0000179807) handling event "create" for row 287acd14-f2a7-49fe-8e4f-4142d0d7c190 (table: Connection) {{(pid=103269) notify /opt/stack/neutron/neutron/plugins/ml2/drivers/ovn/mech_driver/ovsdb/ovsdb_monitor.py:1015}}
Jun 12 10:19:31.705175 np0000179807 devstack@neutron-api.service[103269]: DEBUG neutron.common.ovn.hash_ring_manager [None req-731dad8d-67dc-4675-b139-6f842df682b5 None None] Hash Ring loaded. 1 active nodes. 0 offline nodes {{(pid=103269) _load_hash_ring /opt/stack/neutron/neutron/common/ovn/hash_ring_manager.py:102}}
Jun 12 10:19:31.705278 np0000179807 devstack@neutron-api.service[103269]: DEBUG neutron.plugins.ml2.drivers.ovn.mech_driver.ovsdb.ovsdb_monitor [None req-731dad8d-67dc-4675-b139-6f842df682b5 None None] Hash Ring: Node 68721775b0a555a8b86345e5fbd2637c (host: np0000179807) handling event "create" for row 773ab312-de8d-4309-9a56-485a282176b4 (table: NB_Global) {{(pid=103269) notify /opt/stack/neutron/neutron/plugins/ml2/drivers/ovn/mech_driver/ovsdb/ovsdb_monitor.py:1015}}
Jun 12 10:19:31.710031 np0000179807 devstack@neutron-api.service[103269]: DEBUG neutron.common.ovn.hash_ring_manager [None req-731dad8d-67dc-4675-b139-6f842df682b5 None None] Hash Ring loaded. 1 active nodes. 0 offline nodes {{(pid=103269) _load_hash_ring /opt/stack/neutron/neutron/common/ovn/hash_ring_manager.py:102}}
Jun 12 10:19:31.710125 np0000179807 devstack@neutron-api.service[103269]: DEBUG neutron.plugins.ml2.drivers.ovn.mech_driver.ovsdb.ovsdb_monitor [None req-731dad8d-67dc-4675-b139-6f842df682b5 None None] Hash Ring: Node 68721775b0a555a8b86345e5fbd2637c (host: np0000179807) handling event "create" for row 3b8e77de-a207-4da2-9105-24a1c8e26ec0 (table: Port_Group) {{(pid=103269) notify /opt/stack/neutron/neutron/plugins/ml2/drivers/ovn/mech_driver/ovsdb/ovsdb_monitor.py:1015}}
Jun 12 10:19:31.714784 np0000179807 devstack@neutron-api.service[103269]: DEBUG neutron.common.ovn.hash_ring_manager [None req-731dad8d-67dc-4675-b139-6f842df682b5 None None] Hash Ring loaded. 1 active nodes. 0 offline nodes {{(pid=103269) _load_hash_ring /opt/stack/neutron/neutron/common/ovn/hash_ring_manager.py:102}}
Jun 12 10:19:31.714887 np0000179807 devstack@neutron-api.service[103269]: DEBUG neutron.plugins.ml2.drivers.ovn.mech_driver.ovsdb.ovsdb_monitor [None req-731dad8d-67dc-4675-b139-6f842df682b5 None None] Hash Ring: Node 68721775b0a555a8b86345e5fbd2637c (host: np0000179807) handling event "create" for row 1910af81-2367-4090-b97d-a7c440931487 (table: SSL) {{(pid=103269) notify /opt/stack/neutron/neutron/plugins/ml2/drivers/ovn/mech_driver/ovsdb/ovsdb_monitor.py:1015}}
Jun 12 10:19:31.715810 np0000179807 devstack@neutron-api.service[103269]: INFO neutron.plugins.ml2.drivers.ovn.mech_driver.ovsdb.impl_idl_ovn [None req-731dad8d-67dc-4675-b139-6f842df682b5 None None] Getting OvsdbSbOvnIdl for WorkerService with retry
Jun 12 10:19:31.740774 np0000179807 devstack@neutron-api.service[103269]: DEBUG ovsdbapp.backend.ovs_idl [None req-731dad8d-67dc-4675-b139-6f842df682b5 None None] Created lookup_table index Chassis.name {{(pid=103269) autocreate_indices /opt/stack/data/venv/lib/python3.12/site-packages/ovsdbapp/backend/ovs_idl/__init__.py:87}}
Jun 12 10:19:31.740880 np0000179807 devstack@neutron-api.service[103269]: DEBUG ovsdbapp.backend.ovs_idl [None req-731dad8d-67dc-4675-b139-6f842df682b5 None None] Created lookup_table index Port_Binding.logical_port {{(pid=103269) autocreate_indices /opt/stack/data/venv/lib/python3.12/site-packages/ovsdbapp/backend/ovs_idl/__init__.py:87}}
Jun 12 10:19:31.740941 np0000179807 devstack@neutron-api.service[103269]: DEBUG ovsdbapp.backend.ovs_idl [None req-731dad8d-67dc-4675-b139-6f842df682b5 None None] Created schema index Chassis_Private.name {{(pid=103269) autocreate_indices /opt/stack/data/venv/lib/python3.12/site-packages/ovsdbapp/backend/ovs_idl/__init__.py:106}}
Jun 12 10:19:31.741030 np0000179807 devstack@neutron-api.service[103269]: DEBUG ovsdbapp.backend.ovs_idl [None req-731dad8d-67dc-4675-b139-6f842df682b5 None None] Created schema index Datapath_Binding.tunnel_key {{(pid=103269) autocreate_indices /opt/stack/data/venv/lib/python3.12/site-packages/ovsdbapp/backend/ovs_idl/__init__.py:106}}
Jun 12 10:19:31.743031 np0000179807 devstack@neutron-api.service[103269]: INFO ovsdbapp.backend.ovs_idl.vlog [None req-731dad8d-67dc-4675-b139-6f842df682b5 None None] ssl:199.19.213.202:6642: connecting...
Jun 12 10:19:31.746703 np0000179807 devstack@neutron-api.service[103269]: INFO ovsdbapp.backend.ovs_idl.vlog [None req-731dad8d-67dc-4675-b139-6f842df682b5 None None] ssl:199.19.213.202:6642: connected
Jun 12 10:19:31.778325 np0000179807 devstack@neutron-api.service[103269]: DEBUG neutron.common.ovn.hash_ring_manager [None req-731dad8d-67dc-4675-b139-6f842df682b5 None None] Disallow caching, nodes 1<4 {{(pid=103269) _wait_startup_before_caching /opt/stack/neutron/neutron/common/ovn/hash_ring_manager.py:72}}
Jun 12 10:19:31.782593 np0000179807 devstack@neutron-api.service[103269]: DEBUG neutron.common.ovn.hash_ring_manager [None req-731dad8d-67dc-4675-b139-6f842df682b5 None None] Hash Ring loaded. 1 active nodes. 0 offline nodes {{(pid=103269) _load_hash_ring /opt/stack/neutron/neutron/common/ovn/hash_ring_manager.py:102}}
Jun 12 10:19:31.782795 np0000179807 devstack@neutron-api.service[103269]: DEBUG neutron.plugins.ml2.drivers.ovn.mech_driver.ovsdb.ovsdb_monitor [None req-731dad8d-67dc-4675-b139-6f842df682b5 None None] Hash Ring: Node 68721775b0a555a8b86345e5fbd2637c (host: np0000179807) handling event "create" for row 1d8e372f-1928-4005-a5a7-e77ed2940c17 (table: Chassis) {{(pid=103269) notify /opt/stack/neutron/neutron/plugins/ml2/drivers/ovn/mech_driver/ovsdb/ovsdb_monitor.py:1015}}
Jun 12 10:19:31.783885 np0000179807 devstack@neutron-api.service[103269]: DEBUG ovsdbapp.backend.ovs_idl.event [None req-731dad8d-67dc-4675-b139-6f842df682b5 None None] Matched CREATE: ChassisBandwidthConfigEvent(events=('create', 'update'), table='Chassis', conditions=None, old_conditions=None), priority=20 to row=Chassis(uuid=1d8e372f-1928-4005-a5a7-e77ed2940c17, encaps=[28f0521b-d0a9-474e-84f6-8ec512d6f475], external_ids={}, hostname='np0000179807', name='77f8cc14-cd5c-4d30-8cc0-d307028816c6', nb_cfg=0, other_config={'ct-commit-nat-v2': 'true', 'ct-commit-to-zone': 'true', 'ct-next-zone': 'true', 'ct-no-masked-label': 'true', 'ct-state-save': 'true', 'datapath-type': 'system', 'fdb-timestamp': 'true', 'iface-types': 'afxdp,afxdp-nonpmd,bareudp,erspan,geneve,gre,gtpu,internal,ip6erspan,ip6gre,lisp,patch,srv6,stt,system,tap,vxlan', 'is-interconn': 'false', 'ls-dpg-column': 'true', 'mac-binding-timestamp': 'true', 'ovn-bridge-mappings': 'public:br-ex', 'ovn-chassis-mac-mappings': '', 'ovn-cms-options': 'enable-chassis-as-gw', 'ovn-ct-lb-related': 'true', 'ovn-enable-lflow-cache': 'true', 'ovn-limit-lflow-cache': '', 'ovn-memlimit-lflow-cache-kb': '', 'ovn-monitor-all': 'false', 'ovn-trim-limit-lflow-cache': '', 'ovn-trim-timeout-ms': '', 'ovn-trim-wmark-perc-lflow-cache': '', 'port-up-notif': 'true'}, transport_zones=[], vtep_logical_switches=[]) old= {{(pid=103269) matches /opt/stack/data/venv/lib/python3.12/site-packages/ovsdbapp/backend/ovs_idl/event.py:55}}
Jun 12 10:19:31.784612 np0000179807 devstack@neutron-api.service[103269]: DEBUG neutron.plugins.ml2.drivers.ovn.mech_driver.ovsdb.ovsdb_monitor [None req-731dad8d-67dc-4675-b139-6f842df682b5 None None] ChassisAgentWriteEvent : Matched Chassis_Private, create, None None {{(pid=103269) matches /opt/stack/neutron/neutron/plugins/ml2/drivers/ovn/mech_driver/ovsdb/ovsdb_monitor.py:64}}
Jun 12 10:19:31.784852 np0000179807 devstack@neutron-api.service[103269]: DEBUG neutron.plugins.ml2.drivers.ovn.mech_driver.ovsdb.ovsdb_monitor [None req-731dad8d-67dc-4675-b139-6f842df682b5 None None] ChassisOVNAgentWriteEvent : Matched Chassis_Private, create, None None {{(pid=103269) matches /opt/stack/neutron/neutron/plugins/ml2/drivers/ovn/mech_driver/ovsdb/ovsdb_monitor.py:64}}
Jun 12 10:19:31.793423 np0000179807 devstack@neutron-api.service[103269]: DEBUG neutron.common.ovn.hash_ring_manager [None req-731dad8d-67dc-4675-b139-6f842df682b5 None None] Hash Ring loaded. 1 active nodes. 0 offline nodes {{(pid=103269) _load_hash_ring /opt/stack/neutron/neutron/common/ovn/hash_ring_manager.py:102}}
Jun 12 10:19:31.796372 np0000179807 devstack@neutron-api.service[103269]: DEBUG neutron.plugins.ml2.drivers.ovn.mech_driver.ovsdb.ovsdb_monitor [None req-731dad8d-67dc-4675-b139-6f842df682b5 None None] Hash Ring: Node 68721775b0a555a8b86345e5fbd2637c (host: np0000179807) handling event "create" for row 1d3f5b51-3c85-43cb-b9ed-e56e355cc690 (table: Chassis_Private) {{(pid=103269) notify /opt/stack/neutron/neutron/plugins/ml2/drivers/ovn/mech_driver/ovsdb/ovsdb_monitor.py:1015}}
Jun 12 10:19:31.800680 np0000179807 devstack@neutron-api.service[103269]: DEBUG neutron.common.ovn.hash_ring_manager [None req-731dad8d-67dc-4675-b139-6f842df682b5 None None] Hash Ring loaded. 1 active nodes. 0 offline nodes {{(pid=103269) _load_hash_ring /opt/stack/neutron/neutron/common/ovn/hash_ring_manager.py:102}}
Jun 12 10:19:31.800859 np0000179807 devstack@neutron-api.service[103269]: DEBUG neutron.plugins.ml2.drivers.ovn.mech_driver.ovsdb.ovsdb_monitor [None req-731dad8d-67dc-4675-b139-6f842df682b5 None None] Hash Ring: Node 68721775b0a555a8b86345e5fbd2637c (host: np0000179807) handling event "create" for row 28f0521b-d0a9-474e-84f6-8ec512d6f475 (table: Encap) {{(pid=103269) notify /opt/stack/neutron/neutron/plugins/ml2/drivers/ovn/mech_driver/ovsdb/ovsdb_monitor.py:1015}}
Jun 12 10:19:31.802019 np0000179807 devstack@neutron-api.service[103269]: INFO neutron.plugins.ml2.drivers.ovn.mech_driver.mech_driver [None req-731dad8d-67dc-4675-b139-6f842df682b5 None None] WorkerService process has finished the post initialization
Jun 12 10:19:31.802314 np0000179807 devstack@neutron-api.service[103269]: DEBUG oslo_concurrency.processutils [None req-731dad8d-67dc-4675-b139-6f842df682b5 None None] Running cmd (subprocess): ovsdb-client transact ssl:199.19.213.202:6641 --timeout 180 -p /opt/stack/data/CA/int-ca/private/devstack-cert.key -c /opt/stack/data/CA/int-ca/devstack-cert.crt -C /opt/stack/data/CA/int-ca/ca-chain.pem ["OVN_Northbound", {"op": "wait", "timeout": 0, "table": "Port_Group", "where": [["name", "==", "pvlan_pg_drop"]], "until": "==", "rows": []}, {"op": "insert", "table": "ACL", "row": {"action": "drop", "direction": "to-lport", "match": "outport == @pvlan_pg_drop && ip", "priority": 1010}, "uuid-name": "pvlandroptoport"}, {"op": "insert", "table": "ACL", "row": {"action": "drop", "direction": "from-lport", "match": "inport == @pvlan_pg_drop && ip", "priority": 1010}, "uuid-name": "pvlandropfromport"}, {"op": "insert", "table": "Port_Group", "row": {"name": "pvlan_pg_drop", "acls": ["set", [["named-uuid", "pvlandroptoport"], ["named-uuid", "pvlandropfromport"]]]}}] {{(pid=103269) execute /opt/stack/data/venv/lib/python3.12/site-packages/oslo_concurrency/processutils.py:440}}
Jun 12 10:19:31.809435 np0000179807 devstack@neutron-api.service[103269]: INFO neutron.plugins.ml2.drivers.ovn.mech_driver.ovsdb.extensions.qos [-] Starting OVNClientQosExtension
Jun 12 10:19:31.809624 np0000179807 devstack@neutron-api.service[103269]: INFO neutron.plugins.ml2.drivers.ovn.mech_driver.ovsdb.extensions.placement [-] Starting OVNClientPlacementExtension
Jun 12 10:19:31.832708 np0000179807 devstack@neutron-api.service[103269]: DEBUG oslo_concurrency.processutils [None req-731dad8d-67dc-4675-b139-6f842df682b5 None None] CMD "ovsdb-client transact ssl:199.19.213.202:6641 --timeout 180 -p /opt/stack/data/CA/int-ca/private/devstack-cert.key -c /opt/stack/data/CA/int-ca/devstack-cert.crt -C /opt/stack/data/CA/int-ca/ca-chain.pem ["OVN_Northbound", {"op": "wait", "timeout": 0, "table": "Port_Group", "where": [["name", "==", "pvlan_pg_drop"]], "until": "==", "rows": []}, {"op": "insert", "table": "ACL", "row": {"action": "drop", "direction": "to-lport", "match": "outport == @pvlan_pg_drop && ip", "priority": 1010}, "uuid-name": "pvlandroptoport"}, {"op": "insert", "table": "ACL", "row": {"action": "drop", "direction": "from-lport", "match": "inport == @pvlan_pg_drop && ip", "priority": 1010}, "uuid-name": "pvlandropfromport"}, {"op": "insert", "table": "Port_Group", "row": {"name": "pvlan_pg_drop", "acls": ["set", [["named-uuid", "pvlandroptoport"], ["named-uuid", "pvlandropfromport"]]]}}]" returned: 0 in 0.030s {{(pid=103269) execute /opt/stack/data/venv/lib/python3.12/site-packages/oslo_concurrency/processutils.py:468}}
Jun 12 10:19:31.838949 np0000179807 devstack@neutron-api.service[103269]: WSGI app 0 (mountpoint='') ready in 6 seconds on interpreter 0x747dc64a3668 pid: 103269 (default app)
Jun 12 10:19:31.845636 np0000179807 devstack@neutron-api.service[103269]: DEBUG neutron.common.ovn.hash_ring_manager [-] Hash Ring loaded. 1 active nodes. 0 offline nodes {{(pid=103269) _load_hash_ring /opt/stack/neutron/neutron/common/ovn/hash_ring_manager.py:102}}
Jun 12 10:19:31.845758 np0000179807 devstack@neutron-api.service[103269]: DEBUG neutron.plugins.ml2.drivers.ovn.mech_driver.ovsdb.ovsdb_monitor [-] Hash Ring: Node 68721775b0a555a8b86345e5fbd2637c (host: np0000179807) handling event "create" for row 09cbb614-f353-4358-8c7a-910df5622cda (table: ACL) {{(pid=103269) notify /opt/stack/neutron/neutron/plugins/ml2/drivers/ovn/mech_driver/ovsdb/ovsdb_monitor.py:1015}}
Jun 12 10:19:31.851260 np0000179807 devstack@neutron-api.service[103269]: DEBUG neutron.common.ovn.hash_ring_manager [-] Hash Ring loaded. 1 active nodes. 0 offline nodes {{(pid=103269) _load_hash_ring /opt/stack/neutron/neutron/common/ovn/hash_ring_manager.py:102}}
Jun 12 10:19:31.851376 np0000179807 devstack@neutron-api.service[103269]: DEBUG neutron.plugins.ml2.drivers.ovn.mech_driver.ovsdb.ovsdb_monitor [-] Hash Ring: Node 68721775b0a555a8b86345e5fbd2637c (host: np0000179807) handling event "create" for row 8d90b1fc-3225-48d6-8aca-48d9cbed951a (table: ACL) {{(pid=103269) notify /opt/stack/neutron/neutron/plugins/ml2/drivers/ovn/mech_driver/ovsdb/ovsdb_monitor.py:1015}}
Jun 12 10:19:31.857807 np0000179807 devstack@neutron-api.service[103269]: DEBUG neutron.common.ovn.hash_ring_manager [-] Hash Ring loaded. 1 active nodes. 0 offline nodes {{(pid=103269) _load_hash_ring /opt/stack/neutron/neutron/common/ovn/hash_ring_manager.py:102}}
Jun 12 10:19:31.857897 np0000179807 devstack@neutron-api.service[103269]: DEBUG neutron.plugins.ml2.drivers.ovn.mech_driver.ovsdb.ovsdb_monitor [-] Hash Ring: Node 68721775b0a555a8b86345e5fbd2637c (host: np0000179807) handling event "create" for row 1743b2cf-df90-4e0e-abf8-c3441637d569 (table: Port_Group) {{(pid=103269) notify /opt/stack/neutron/neutron/plugins/ml2/drivers/ovn/mech_driver/ovsdb/ovsdb_monitor.py:1015}}
Jun 12 10:19:31.951978 np0000179807 devstack@neutron-api.service[103271]: INFO neutron.plugins.ml2.managers [None req-07ed4348-12e8-488e-825f-7a6e61987e4e None None] Initializing driver for type 'local'
Jun 12 10:19:31.952161 np0000179807 devstack@neutron-api.service[103271]: INFO neutron.plugins.ml2.managers [None req-07ed4348-12e8-488e-825f-7a6e61987e4e None None] Initializing driver for type 'vlan'
Jun 12 10:19:31.967390 np0000179807 devstack@neutron-api.service[103270]: INFO neutron.plugins.ml2.managers [None req-9a7bc9a5-23dd-4a05-8e80-a386f7bd90a2 None None] Initializing driver for type 'local'
Jun 12 10:19:31.967574 np0000179807 devstack@neutron-api.service[103270]: INFO neutron.plugins.ml2.managers [None req-9a7bc9a5-23dd-4a05-8e80-a386f7bd90a2 None None] Initializing driver for type 'vlan'
Jun 12 10:19:31.969291 np0000179807 devstack@neutron-api.service[103268]: INFO neutron.plugins.ml2.managers [None req-54b24015-f47d-48d5-97c2-c231e1155a13 None None] Initializing driver for type 'local'
Jun 12 10:19:31.969544 np0000179807 devstack@neutron-api.service[103268]: INFO neutron.plugins.ml2.managers [None req-54b24015-f47d-48d5-97c2-c231e1155a13 None None] Initializing driver for type 'vlan'
Jun 12 10:19:32.107190 np0000179807 devstack@neutron-api.service[103271]: INFO neutron.plugins.ml2.drivers.type_vlan [None req-07ed4348-12e8-488e-825f-7a6e61987e4e None None] VlanTypeDriver initialization complete
Jun 12 10:19:32.107348 np0000179807 devstack@neutron-api.service[103271]: INFO neutron.plugins.ml2.managers [None req-07ed4348-12e8-488e-825f-7a6e61987e4e None None] Initializing extension driver 'port_security'
Jun 12 10:19:32.107452 np0000179807 devstack@neutron-api.service[103271]: INFO neutron.plugins.ml2.extensions.port_security [None req-07ed4348-12e8-488e-825f-7a6e61987e4e None None] PortSecurityExtensionDriver initialization complete
Jun 12 10:19:32.107541 np0000179807 devstack@neutron-api.service[103271]: INFO neutron.plugins.ml2.managers [None req-07ed4348-12e8-488e-825f-7a6e61987e4e None None] Initializing extension driver 'qos'
Jun 12 10:19:32.107656 np0000179807 devstack@neutron-api.service[103271]: DEBUG neutron.plugins.ml2.extensions.qos [None req-07ed4348-12e8-488e-825f-7a6e61987e4e None None] QosExtensionDriver initialization complete {{(pid=103271) initialize /opt/stack/neutron/neutron/plugins/ml2/extensions/qos.py:31}}
Jun 12 10:19:32.107739 np0000179807 devstack@neutron-api.service[103271]: INFO neutron.plugins.ml2.managers [None req-07ed4348-12e8-488e-825f-7a6e61987e4e None None] Initializing mechanism driver 'ovn'
Jun 12 10:19:32.107833 np0000179807 devstack@neutron-api.service[103271]: INFO neutron.plugins.ml2.drivers.ovn.mech_driver.mech_driver [None req-07ed4348-12e8-488e-825f-7a6e61987e4e None None] Starting OVNMechanismDriver
Jun 12 10:19:32.109437 np0000179807 devstack@neutron-api.service[103271]: DEBUG neutron_lib.callbacks.manager [None req-07ed4348-12e8-488e-825f-7a6e61987e4e None None] Subscribe: > process before_spawn 55550000, False {{(pid=103271) subscribe /opt/stack/data/venv/lib/python3.12/site-packages/neutron_lib/callbacks/manager.py:52}}
Jun 12 10:19:32.109573 np0000179807 devstack@neutron-api.service[103271]: DEBUG neutron_lib.callbacks.manager [None req-07ed4348-12e8-488e-825f-7a6e61987e4e None None] Subscribe: > process after_init 55550000, True {{(pid=103271) subscribe /opt/stack/data/venv/lib/python3.12/site-packages/neutron_lib/callbacks/manager.py:52}}
Jun 12 10:19:32.109692 np0000179807 devstack@neutron-api.service[103271]: DEBUG neutron_lib.callbacks.manager [None req-07ed4348-12e8-488e-825f-7a6e61987e4e None None] Subscribe: > segment after_create 55550000, False {{(pid=103271) subscribe /opt/stack/data/venv/lib/python3.12/site-packages/neutron_lib/callbacks/manager.py:52}}
Jun 12 10:19:32.109789 np0000179807 devstack@neutron-api.service[103271]: DEBUG neutron_lib.callbacks.manager [None req-07ed4348-12e8-488e-825f-7a6e61987e4e None None] Subscribe: > segment after_create 55550000, False {{(pid=103271) subscribe /opt/stack/data/venv/lib/python3.12/site-packages/neutron_lib/callbacks/manager.py:52}}
Jun 12 10:19:32.109892 np0000179807 devstack@neutron-api.service[103271]: DEBUG neutron_lib.callbacks.manager [None req-07ed4348-12e8-488e-825f-7a6e61987e4e None None] Subscribe: > segment after_delete 55550000, False {{(pid=103271) subscribe /opt/stack/data/venv/lib/python3.12/site-packages/neutron_lib/callbacks/manager.py:52}}
Jun 12 10:19:32.110013 np0000179807 devstack@neutron-api.service[103271]: DEBUG neutron_lib.callbacks.manager [None req-07ed4348-12e8-488e-825f-7a6e61987e4e None None] Subscribe: > allowed_address_pair before_create 55550000, False {{(pid=103271) subscribe /opt/stack/data/venv/lib/python3.12/site-packages/neutron_lib/callbacks/manager.py:52}}
Jun 12 10:19:32.110126 np0000179807 devstack@neutron-api.service[103271]: DEBUG neutron_lib.callbacks.manager [None req-07ed4348-12e8-488e-825f-7a6e61987e4e None None] Subscribe: > security_group precommit_create 55550000, False {{(pid=103271) subscribe /opt/stack/data/venv/lib/python3.12/site-packages/neutron_lib/callbacks/manager.py:52}}
Jun 12 10:19:32.110257 np0000179807 devstack@neutron-api.service[103271]: DEBUG neutron_lib.callbacks.manager [None req-07ed4348-12e8-488e-825f-7a6e61987e4e None None] Subscribe: > security_group after_update 55550000, False {{(pid=103271) subscribe /opt/stack/data/venv/lib/python3.12/site-packages/neutron_lib/callbacks/manager.py:52}}
Jun 12 10:19:32.110353 np0000179807 devstack@neutron-api.service[103271]: DEBUG neutron_lib.callbacks.manager [None req-07ed4348-12e8-488e-825f-7a6e61987e4e None None] Subscribe: > security_group after_create 55550000, False {{(pid=103271) subscribe /opt/stack/data/venv/lib/python3.12/site-packages/neutron_lib/callbacks/manager.py:52}}
Jun 12 10:19:32.110484 np0000179807 devstack@neutron-api.service[103271]: DEBUG neutron_lib.callbacks.manager [None req-07ed4348-12e8-488e-825f-7a6e61987e4e None None] Subscribe: > security_group precommit_delete 55550000, False {{(pid=103271) subscribe /opt/stack/data/venv/lib/python3.12/site-packages/neutron_lib/callbacks/manager.py:52}}
Jun 12 10:19:32.110561 np0000179807 devstack@neutron-api.service[103271]: DEBUG neutron_lib.callbacks.manager [None req-07ed4348-12e8-488e-825f-7a6e61987e4e None None] Subscribe: > security_group after_delete 55550000, False {{(pid=103271) subscribe /opt/stack/data/venv/lib/python3.12/site-packages/neutron_lib/callbacks/manager.py:52}}
Jun 12 10:19:32.110662 np0000179807 devstack@neutron-api.service[103271]: DEBUG neutron_lib.callbacks.manager [None req-07ed4348-12e8-488e-825f-7a6e61987e4e None None] Subscribe: > security_group_rule precommit_create 55550000, False {{(pid=103271) subscribe /opt/stack/data/venv/lib/python3.12/site-packages/neutron_lib/callbacks/manager.py:52}}
Jun 12 10:19:32.110762 np0000179807 devstack@neutron-api.service[103271]: DEBUG neutron_lib.callbacks.manager [None req-07ed4348-12e8-488e-825f-7a6e61987e4e None None] Subscribe: > security_group_rule after_create 55550000, False {{(pid=103271) subscribe /opt/stack/data/venv/lib/python3.12/site-packages/neutron_lib/callbacks/manager.py:52}}
Jun 12 10:19:32.110858 np0000179807 devstack@neutron-api.service[103271]: DEBUG neutron_lib.callbacks.manager [None req-07ed4348-12e8-488e-825f-7a6e61987e4e None None] Subscribe: > security_group_rule before_delete 55550000, False {{(pid=103271) subscribe /opt/stack/data/venv/lib/python3.12/site-packages/neutron_lib/callbacks/manager.py:52}}
Jun 12 10:19:32.110962 np0000179807 devstack@neutron-api.service[103271]: DEBUG neutron_lib.callbacks.manager [None req-07ed4348-12e8-488e-825f-7a6e61987e4e None None] Subscribe: > address_group after_create 55550000, False {{(pid=103271) subscribe /opt/stack/data/venv/lib/python3.12/site-packages/neutron_lib/callbacks/manager.py:52}}
Jun 12 10:19:32.111065 np0000179807 devstack@neutron-api.service[103271]: DEBUG neutron_lib.callbacks.manager [None req-07ed4348-12e8-488e-825f-7a6e61987e4e None None] Subscribe: > address_group after_update 55550000, False {{(pid=103271) subscribe /opt/stack/data/venv/lib/python3.12/site-packages/neutron_lib/callbacks/manager.py:52}}
Jun 12 10:19:32.111166 np0000179807 devstack@neutron-api.service[103271]: DEBUG neutron_lib.callbacks.manager [None req-07ed4348-12e8-488e-825f-7a6e61987e4e None None] Subscribe: > address_group after_delete 55550000, False {{(pid=103271) subscribe /opt/stack/data/venv/lib/python3.12/site-packages/neutron_lib/callbacks/manager.py:52}}
Jun 12 10:19:32.111348 np0000179807 devstack@neutron-api.service[103271]: DEBUG neutron_lib.callbacks.manager [None req-07ed4348-12e8-488e-825f-7a6e61987e4e None None] Subscribe: > qos_plugin after_init 55550000, False {{(pid=103271) subscribe /opt/stack/data/venv/lib/python3.12/site-packages/neutron_lib/callbacks/manager.py:52}}
Jun 12 10:19:32.111629 np0000179807 devstack@neutron-api.service[103271]: DEBUG neutron_lib.callbacks.manager [None req-07ed4348-12e8-488e-825f-7a6e61987e4e None None] Subscribe: > trunk_plugin after_init 55550000, False {{(pid=103271) subscribe /opt/stack/data/venv/lib/python3.12/site-packages/neutron_lib/callbacks/manager.py:52}}
Jun 12 10:19:32.111787 np0000179807 devstack@neutron-api.service[103271]: DEBUG neutron_lib.callbacks.manager [None req-07ed4348-12e8-488e-825f-7a6e61987e4e None None] Subscribe: > logging-plugin after_init 55550000, False {{(pid=103271) subscribe /opt/stack/data/venv/lib/python3.12/site-packages/neutron_lib/callbacks/manager.py:52}}
Jun 12 10:19:32.112214 np0000179807 devstack@neutron-api.service[103271]: INFO neutron.services.logapi.drivers.ovn.driver [None req-07ed4348-12e8-488e-825f-7a6e61987e4e None None] OVN logging driver registered
Jun 12 10:19:32.112314 np0000179807 devstack@neutron-api.service[103271]: DEBUG neutron_lib.callbacks.manager [None req-07ed4348-12e8-488e-825f-7a6e61987e4e None None] Subscribe: ._register_pvlan_driver at 0x747dbe5dfc40> pvlan_plugin before_spawn 55550000, False {{(pid=103271) subscribe /opt/stack/data/venv/lib/python3.12/site-packages/neutron_lib/callbacks/manager.py:52}}
Jun 12 10:19:32.112439 np0000179807 devstack@neutron-api.service[103271]: DEBUG neutron_lib.callbacks.manager [None req-07ed4348-12e8-488e-825f-7a6e61987e4e None None] Subscribe: process after_init 55550000, False {{(pid=103271) subscribe /opt/stack/data/venv/lib/python3.12/site-packages/neutron_lib/callbacks/manager.py:52}}
Jun 12 10:19:32.113853 np0000179807 devstack@neutron-api.service[103271]: DEBUG neutron.plugins.ml2.plugin [None req-07ed4348-12e8-488e-825f-7a6e61987e4e None None] neutron.plugins.ml2.plugin.Ml2Plugin method _start_rpc_notifiers called with arguments () {} {{(pid=103271) wrapper /opt/stack/data/venv/lib/python3.12/site-packages/oslo_log/helpers.py:77}}
Jun 12 10:19:32.114124 np0000179807 devstack@neutron-api.service[103271]: DEBUG neutron_lib.callbacks.manager [None req-07ed4348-12e8-488e-825f-7a6e61987e4e None None] Subscribe: > port after_create 55550000, False {{(pid=103271) subscribe /opt/stack/data/venv/lib/python3.12/site-packages/neutron_lib/callbacks/manager.py:52}}
Jun 12 10:19:32.114236 np0000179807 devstack@neutron-api.service[103271]: DEBUG neutron_lib.callbacks.manager [None req-07ed4348-12e8-488e-825f-7a6e61987e4e None None] Subscribe: > port after_update 55550000, False {{(pid=103271) subscribe /opt/stack/data/venv/lib/python3.12/site-packages/neutron_lib/callbacks/manager.py:52}}
Jun 12 10:19:32.114362 np0000179807 devstack@neutron-api.service[103271]: DEBUG neutron_lib.callbacks.manager [None req-07ed4348-12e8-488e-825f-7a6e61987e4e None None] Subscribe: > port after_delete 55550000, False {{(pid=103271) subscribe /opt/stack/data/venv/lib/python3.12/site-packages/neutron_lib/callbacks/manager.py:52}}
Jun 12 10:19:32.114496 np0000179807 devstack@neutron-api.service[103271]: DEBUG neutron_lib.callbacks.manager [None req-07ed4348-12e8-488e-825f-7a6e61987e4e None None] Subscribe: > subnet after_create 55550000, False {{(pid=103271) subscribe /opt/stack/data/venv/lib/python3.12/site-packages/neutron_lib/callbacks/manager.py:52}}
Jun 12 10:19:32.114566 np0000179807 devstack@neutron-api.service[103271]: DEBUG neutron_lib.callbacks.manager [None req-07ed4348-12e8-488e-825f-7a6e61987e4e None None] Subscribe: > subnet after_update 55550000, False {{(pid=103271) subscribe /opt/stack/data/venv/lib/python3.12/site-packages/neutron_lib/callbacks/manager.py:52}}
Jun 12 10:19:32.114696 np0000179807 devstack@neutron-api.service[103271]: DEBUG neutron_lib.callbacks.manager [None req-07ed4348-12e8-488e-825f-7a6e61987e4e None None] Subscribe: > subnet after_delete 55550000, False {{(pid=103271) subscribe /opt/stack/data/venv/lib/python3.12/site-packages/neutron_lib/callbacks/manager.py:52}}
Jun 12 10:19:32.114763 np0000179807 devstack@neutron-api.service[103271]: DEBUG neutron_lib.callbacks.manager [None req-07ed4348-12e8-488e-825f-7a6e61987e4e None None] Subscribe: > network after_create 55550000, False {{(pid=103271) subscribe /opt/stack/data/venv/lib/python3.12/site-packages/neutron_lib/callbacks/manager.py:52}}
Jun 12 10:19:32.114889 np0000179807 devstack@neutron-api.service[103271]: DEBUG neutron_lib.callbacks.manager [None req-07ed4348-12e8-488e-825f-7a6e61987e4e None None] Subscribe: > network after_update 55550000, False {{(pid=103271) subscribe /opt/stack/data/venv/lib/python3.12/site-packages/neutron_lib/callbacks/manager.py:52}}
Jun 12 10:19:32.114957 np0000179807 devstack@neutron-api.service[103271]: DEBUG neutron_lib.callbacks.manager [None req-07ed4348-12e8-488e-825f-7a6e61987e4e None None] Subscribe: > network after_delete 55550000, False {{(pid=103271) subscribe /opt/stack/data/venv/lib/python3.12/site-packages/neutron_lib/callbacks/manager.py:52}}
Jun 12 10:19:32.115057 np0000179807 devstack@neutron-api.service[103271]: DEBUG neutron_lib.callbacks.manager [None req-07ed4348-12e8-488e-825f-7a6e61987e4e None None] Subscribe: > security_group after_create 55550000, False {{(pid=103271) subscribe /opt/stack/data/venv/lib/python3.12/site-packages/neutron_lib/callbacks/manager.py:52}}
Jun 12 10:19:32.115156 np0000179807 devstack@neutron-api.service[103271]: DEBUG neutron_lib.callbacks.manager [None req-07ed4348-12e8-488e-825f-7a6e61987e4e None None] Subscribe: > security_group after_update 55550000, False {{(pid=103271) subscribe /opt/stack/data/venv/lib/python3.12/site-packages/neutron_lib/callbacks/manager.py:52}}
Jun 12 10:19:32.115275 np0000179807 devstack@neutron-api.service[103271]: DEBUG neutron_lib.callbacks.manager [None req-07ed4348-12e8-488e-825f-7a6e61987e4e None None] Subscribe: > security_group after_delete 55550000, False {{(pid=103271) subscribe /opt/stack/data/venv/lib/python3.12/site-packages/neutron_lib/callbacks/manager.py:52}}
Jun 12 10:19:32.115368 np0000179807 devstack@neutron-api.service[103271]: DEBUG neutron_lib.callbacks.manager [None req-07ed4348-12e8-488e-825f-7a6e61987e4e None None] Subscribe: > security_group_rule after_create 55550000, False {{(pid=103271) subscribe /opt/stack/data/venv/lib/python3.12/site-packages/neutron_lib/callbacks/manager.py:52}}
Jun 12 10:19:32.115495 np0000179807 devstack@neutron-api.service[103271]: DEBUG neutron_lib.callbacks.manager [None req-07ed4348-12e8-488e-825f-7a6e61987e4e None None] Subscribe: > security_group_rule after_update 55550000, False {{(pid=103271) subscribe /opt/stack/data/venv/lib/python3.12/site-packages/neutron_lib/callbacks/manager.py:52}}
Jun 12 10:19:32.115562 np0000179807 devstack@neutron-api.service[103271]: DEBUG neutron_lib.callbacks.manager [None req-07ed4348-12e8-488e-825f-7a6e61987e4e None None] Subscribe: > security_group_rule after_delete 55550000, False {{(pid=103271) subscribe /opt/stack/data/venv/lib/python3.12/site-packages/neutron_lib/callbacks/manager.py:52}}
Jun 12 10:19:32.115665 np0000179807 devstack@neutron-api.service[103271]: DEBUG neutron_lib.callbacks.manager [None req-07ed4348-12e8-488e-825f-7a6e61987e4e None None] Subscribe: > address_group after_create 55550000, False {{(pid=103271) subscribe /opt/stack/data/venv/lib/python3.12/site-packages/neutron_lib/callbacks/manager.py:52}}
Jun 12 10:19:32.115755 np0000179807 devstack@neutron-api.service[103271]: DEBUG neutron_lib.callbacks.manager [None req-07ed4348-12e8-488e-825f-7a6e61987e4e None None] Subscribe: > address_group after_update 55550000, False {{(pid=103271) subscribe /opt/stack/data/venv/lib/python3.12/site-packages/neutron_lib/callbacks/manager.py:52}}
Jun 12 10:19:32.115864 np0000179807 devstack@neutron-api.service[103271]: DEBUG neutron_lib.callbacks.manager [None req-07ed4348-12e8-488e-825f-7a6e61987e4e None None] Subscribe: > address_group after_delete 55550000, False {{(pid=103271) subscribe /opt/stack/data/venv/lib/python3.12/site-packages/neutron_lib/callbacks/manager.py:52}}
Jun 12 10:19:32.115946 np0000179807 devstack@neutron-api.service[103271]: DEBUG neutron.plugins.ml2.ovo_rpc [None req-07ed4348-12e8-488e-825f-7a6e61987e4e None None] ML2 OVO RPC backend initialized. {{(pid=103271) __init__ /opt/stack/neutron/neutron/plugins/ml2/ovo_rpc.py:117}}
Jun 12 10:19:32.116671 np0000179807 devstack@neutron-api.service[103271]: INFO neutron.quota [None req-07ed4348-12e8-488e-825f-7a6e61987e4e None None] Loaded quota_driver: .
Jun 12 10:19:32.116791 np0000179807 devstack@neutron-api.service[103271]: INFO neutron.plugins.ml2.plugin [None req-07ed4348-12e8-488e-825f-7a6e61987e4e None None] Modular L2 Plugin initialization complete
Jun 12 10:19:32.116909 np0000179807 devstack@neutron-api.service[103271]: DEBUG neutron.manager [None req-07ed4348-12e8-488e-825f-7a6e61987e4e None None] Loading services supported by the core plugin {{(pid=103271) _load_services_from_core_plugin /opt/stack/neutron/neutron/manager.py:170}}
Jun 12 10:19:32.117015 np0000179807 devstack@neutron-api.service[103271]: INFO neutron.plugins.ml2.managers [None req-07ed4348-12e8-488e-825f-7a6e61987e4e None None] Got port-security extension from driver 'port_security'
Jun 12 10:19:32.117281 np0000179807 devstack@neutron-api.service[103271]: DEBUG neutron.manager [None req-07ed4348-12e8-488e-825f-7a6e61987e4e None None] Loading service plugins: ['ovn-router', 'auto_allocate', 'tag', 'timestamp', 'network_ip_availability', 'flavors', 'revisions'] {{(pid=103271) _load_service_plugins /opt/stack/neutron/neutron/manager.py:195}}
Jun 12 10:19:32.117398 np0000179807 devstack@neutron-api.service[103271]: INFO neutron.manager [None req-07ed4348-12e8-488e-825f-7a6e61987e4e None None] Loading Plugin: ovn-router
Jun 12 10:19:32.123755 np0000179807 devstack@neutron-api.service[103270]: INFO neutron.plugins.ml2.drivers.type_vlan [None req-9a7bc9a5-23dd-4a05-8e80-a386f7bd90a2 None None] VlanTypeDriver initialization complete
Jun 12 10:19:32.123927 np0000179807 devstack@neutron-api.service[103270]: INFO neutron.plugins.ml2.managers [None req-9a7bc9a5-23dd-4a05-8e80-a386f7bd90a2 None None] Initializing extension driver 'port_security'
Jun 12 10:19:32.123991 np0000179807 devstack@neutron-api.service[103270]: INFO neutron.plugins.ml2.extensions.port_security [None req-9a7bc9a5-23dd-4a05-8e80-a386f7bd90a2 None None] PortSecurityExtensionDriver initialization complete
Jun 12 10:19:32.124114 np0000179807 devstack@neutron-api.service[103270]: INFO neutron.plugins.ml2.managers [None req-9a7bc9a5-23dd-4a05-8e80-a386f7bd90a2 None None] Initializing extension driver 'qos'
Jun 12 10:19:32.124177 np0000179807 devstack@neutron-api.service[103270]: DEBUG neutron.plugins.ml2.extensions.qos [None req-9a7bc9a5-23dd-4a05-8e80-a386f7bd90a2 None None] QosExtensionDriver initialization complete {{(pid=103270) initialize /opt/stack/neutron/neutron/plugins/ml2/extensions/qos.py:31}}
Jun 12 10:19:32.124304 np0000179807 devstack@neutron-api.service[103270]: INFO neutron.plugins.ml2.managers [None req-9a7bc9a5-23dd-4a05-8e80-a386f7bd90a2 None None] Initializing mechanism driver 'ovn'
Jun 12 10:19:32.124357 np0000179807 devstack@neutron-api.service[103270]: INFO neutron.plugins.ml2.drivers.ovn.mech_driver.mech_driver [None req-9a7bc9a5-23dd-4a05-8e80-a386f7bd90a2 None None] Starting OVNMechanismDriver
Jun 12 10:19:32.126018 np0000179807 devstack@neutron-api.service[103270]: DEBUG neutron_lib.callbacks.manager [None req-9a7bc9a5-23dd-4a05-8e80-a386f7bd90a2 None None] Subscribe: > process before_spawn 55550000, False {{(pid=103270) subscribe /opt/stack/data/venv/lib/python3.12/site-packages/neutron_lib/callbacks/manager.py:52}}
Jun 12 10:19:32.126466 np0000179807 devstack@neutron-api.service[103270]: DEBUG neutron_lib.callbacks.manager [None req-9a7bc9a5-23dd-4a05-8e80-a386f7bd90a2 None None] Subscribe: > process after_init 55550000, True {{(pid=103270) subscribe /opt/stack/data/venv/lib/python3.12/site-packages/neutron_lib/callbacks/manager.py:52}}
Jun 12 10:19:32.126466 np0000179807 devstack@neutron-api.service[103270]: DEBUG neutron_lib.callbacks.manager [None req-9a7bc9a5-23dd-4a05-8e80-a386f7bd90a2 None None] Subscribe: > segment after_create 55550000, False {{(pid=103270) subscribe /opt/stack/data/venv/lib/python3.12/site-packages/neutron_lib/callbacks/manager.py:52}}
Jun 12 10:19:32.126466 np0000179807 devstack@neutron-api.service[103270]: DEBUG neutron_lib.callbacks.manager [None req-9a7bc9a5-23dd-4a05-8e80-a386f7bd90a2 None None] Subscribe: > segment after_create 55550000, False {{(pid=103270) subscribe /opt/stack/data/venv/lib/python3.12/site-packages/neutron_lib/callbacks/manager.py:52}}
Jun 12 10:19:32.126840 np0000179807 devstack@neutron-api.service[103270]: DEBUG neutron_lib.callbacks.manager [None req-9a7bc9a5-23dd-4a05-8e80-a386f7bd90a2 None None] Subscribe: > segment after_delete 55550000, False {{(pid=103270) subscribe /opt/stack/data/venv/lib/python3.12/site-packages/neutron_lib/callbacks/manager.py:52}}
Jun 12 10:19:32.126840 np0000179807 devstack@neutron-api.service[103270]: DEBUG neutron_lib.callbacks.manager [None req-9a7bc9a5-23dd-4a05-8e80-a386f7bd90a2 None None] Subscribe: > allowed_address_pair before_create 55550000, False {{(pid=103270) subscribe /opt/stack/data/venv/lib/python3.12/site-packages/neutron_lib/callbacks/manager.py:52}}
Jun 12 10:19:32.126918 np0000179807 devstack@neutron-api.service[103271]: DEBUG neutron_lib.callbacks.manager [None req-07ed4348-12e8-488e-825f-7a6e61987e4e None None] Subscribe: > router before_delete 55550000, False {{(pid=103271) subscribe /opt/stack/data/venv/lib/python3.12/site-packages/neutron_lib/callbacks/manager.py:52}}
Jun 12 10:19:32.127757 np0000179807 devstack@neutron-api.service[103270]: DEBUG neutron_lib.callbacks.manager [None req-9a7bc9a5-23dd-4a05-8e80-a386f7bd90a2 None None] Subscribe: > security_group precommit_create 55550000, False {{(pid=103270) subscribe /opt/stack/data/venv/lib/python3.12/site-packages/neutron_lib/callbacks/manager.py:52}}
Jun 12 10:19:32.128148 np0000179807 devstack@neutron-api.service[103271]: DEBUG neutron_lib.callbacks.manager [None req-07ed4348-12e8-488e-825f-7a6e61987e4e None None] Subscribe: port before_update 55550000, False {{(pid=103271) subscribe /opt/stack/data/venv/lib/python3.12/site-packages/neutron_lib/callbacks/manager.py:52}}
Jun 12 10:19:32.128299 np0000179807 devstack@neutron-api.service[103270]: DEBUG neutron_lib.callbacks.manager [None req-9a7bc9a5-23dd-4a05-8e80-a386f7bd90a2 None None] Subscribe: > security_group after_update 55550000, False {{(pid=103270) subscribe /opt/stack/data/venv/lib/python3.12/site-packages/neutron_lib/callbacks/manager.py:52}}
Jun 12 10:19:32.128364 np0000179807 devstack@neutron-api.service[103271]: DEBUG neutron_lib.callbacks.manager [None req-07ed4348-12e8-488e-825f-7a6e61987e4e None None] Subscribe: port after_update 55550000, False {{(pid=103271) subscribe /opt/stack/data/venv/lib/python3.12/site-packages/neutron_lib/callbacks/manager.py:52}}
Jun 12 10:19:32.128459 np0000179807 devstack@neutron-api.service[103270]: DEBUG neutron_lib.callbacks.manager [None req-9a7bc9a5-23dd-4a05-8e80-a386f7bd90a2 None None] Subscribe: > security_group after_create 55550000, False {{(pid=103270) subscribe /opt/stack/data/venv/lib/python3.12/site-packages/neutron_lib/callbacks/manager.py:52}}
Jun 12 10:19:32.128502 np0000179807 devstack@neutron-api.service[103271]: DEBUG neutron_lib.callbacks.manager [None req-07ed4348-12e8-488e-825f-7a6e61987e4e None None] Subscribe: > port precommit_delete 55550000, False {{(pid=103271) subscribe /opt/stack/data/venv/lib/python3.12/site-packages/neutron_lib/callbacks/manager.py:52}}
Jun 12 10:19:32.128622 np0000179807 devstack@neutron-api.service[103270]: DEBUG neutron_lib.callbacks.manager [None req-9a7bc9a5-23dd-4a05-8e80-a386f7bd90a2 None None] Subscribe: > security_group precommit_delete 55550000, False {{(pid=103270) subscribe /opt/stack/data/venv/lib/python3.12/site-packages/neutron_lib/callbacks/manager.py:52}}
Jun 12 10:19:32.128662 np0000179807 devstack@neutron-api.service[103271]: DEBUG neutron_lib.callbacks.manager [None req-07ed4348-12e8-488e-825f-7a6e61987e4e None None] Subscribe: port before_update 55550000, False {{(pid=103271) subscribe /opt/stack/data/venv/lib/python3.12/site-packages/neutron_lib/callbacks/manager.py:52}}
Jun 12 10:19:32.128703 np0000179807 devstack@neutron-api.service[103270]: DEBUG neutron_lib.callbacks.manager [None req-9a7bc9a5-23dd-4a05-8e80-a386f7bd90a2 None None] Subscribe: > security_group after_delete 55550000, False {{(pid=103270) subscribe /opt/stack/data/venv/lib/python3.12/site-packages/neutron_lib/callbacks/manager.py:52}}
Jun 12 10:19:32.128750 np0000179807 devstack@neutron-api.service[103271]: DEBUG neutron_lib.callbacks.manager [None req-07ed4348-12e8-488e-825f-7a6e61987e4e None None] Subscribe: port before_delete 55550000, False {{(pid=103271) subscribe /opt/stack/data/venv/lib/python3.12/site-packages/neutron_lib/callbacks/manager.py:52}}
Jun 12 10:19:32.128834 np0000179807 devstack@neutron-api.service[103270]: DEBUG neutron_lib.callbacks.manager [None req-9a7bc9a5-23dd-4a05-8e80-a386f7bd90a2 None None] Subscribe: > security_group_rule precommit_create 55550000, False {{(pid=103270) subscribe /opt/stack/data/venv/lib/python3.12/site-packages/neutron_lib/callbacks/manager.py:52}}
Jun 12 10:19:32.128875 np0000179807 devstack@neutron-api.service[103271]: DEBUG neutron_lib.callbacks.manager [None req-07ed4348-12e8-488e-825f-7a6e61987e4e None None] Subscribe: > router precommit_create 55550000, False {{(pid=103271) subscribe /opt/stack/data/venv/lib/python3.12/site-packages/neutron_lib/callbacks/manager.py:52}}
Jun 12 10:19:32.128989 np0000179807 devstack@neutron-api.service[103270]: DEBUG neutron_lib.callbacks.manager [None req-9a7bc9a5-23dd-4a05-8e80-a386f7bd90a2 None None] Subscribe: > security_group_rule after_create 55550000, False {{(pid=103270) subscribe /opt/stack/data/venv/lib/python3.12/site-packages/neutron_lib/callbacks/manager.py:52}}
Jun 12 10:19:32.129037 np0000179807 devstack@neutron-api.service[103271]: DEBUG neutron_lib.callbacks.manager [None req-07ed4348-12e8-488e-825f-7a6e61987e4e None None] Subscribe: > router precommit_create 55550000, False {{(pid=103271) subscribe /opt/stack/data/venv/lib/python3.12/site-packages/neutron_lib/callbacks/manager.py:52}}
Jun 12 10:19:32.129077 np0000179807 devstack@neutron-api.service[103270]: DEBUG neutron_lib.callbacks.manager [None req-9a7bc9a5-23dd-4a05-8e80-a386f7bd90a2 None None] Subscribe: > security_group_rule before_delete 55550000, False {{(pid=103270) subscribe /opt/stack/data/venv/lib/python3.12/site-packages/neutron_lib/callbacks/manager.py:52}}
Jun 12 10:19:32.129162 np0000179807 devstack@neutron-api.service[103271]: DEBUG neutron_lib.callbacks.manager [None req-07ed4348-12e8-488e-825f-7a6e61987e4e None None] Subscribe: > router precommit_update 55550000, False {{(pid=103271) subscribe /opt/stack/data/venv/lib/python3.12/site-packages/neutron_lib/callbacks/manager.py:52}}
Jun 12 10:19:32.129202 np0000179807 devstack@neutron-api.service[103270]: DEBUG neutron_lib.callbacks.manager [None req-9a7bc9a5-23dd-4a05-8e80-a386f7bd90a2 None None] Subscribe: > address_group after_create 55550000, False {{(pid=103270) subscribe /opt/stack/data/venv/lib/python3.12/site-packages/neutron_lib/callbacks/manager.py:52}}
Jun 12 10:19:32.129242 np0000179807 devstack@neutron-api.service[103271]: DEBUG neutron_lib.callbacks.manager [None req-07ed4348-12e8-488e-825f-7a6e61987e4e None None] Subscribe: subnet after_update 55550000, False {{(pid=103271) subscribe /opt/stack/data/venv/lib/python3.12/site-packages/neutron_lib/callbacks/manager.py:52}}
Jun 12 10:19:32.129375 np0000179807 devstack@neutron-api.service[103270]: DEBUG neutron_lib.callbacks.manager [None req-9a7bc9a5-23dd-4a05-8e80-a386f7bd90a2 None None] Subscribe: > address_group after_update 55550000, False {{(pid=103270) subscribe /opt/stack/data/venv/lib/python3.12/site-packages/neutron_lib/callbacks/manager.py:52}}
Jun 12 10:19:32.129375 np0000179807 devstack@neutron-api.service[103270]: DEBUG neutron_lib.callbacks.manager [None req-9a7bc9a5-23dd-4a05-8e80-a386f7bd90a2 None None] Subscribe: > address_group after_delete 55550000, False {{(pid=103270) subscribe /opt/stack/data/venv/lib/python3.12/site-packages/neutron_lib/callbacks/manager.py:52}}
Jun 12 10:19:32.129451 np0000179807 devstack@neutron-api.service[103271]: DEBUG neutron.quota.resource_registry [None req-07ed4348-12e8-488e-825f-7a6e61987e4e None None] Tracking information for resource: router configured {{(pid=103271) set_tracked_resource /opt/stack/neutron/neutron/quota/resource_registry.py:203}}
Jun 12 10:19:32.129451 np0000179807 devstack@neutron-api.service[103271]: DEBUG neutron.quota.resource_registry [None req-07ed4348-12e8-488e-825f-7a6e61987e4e None None] Tracking information for resource: floatingip configured {{(pid=103271) set_tracked_resource /opt/stack/neutron/neutron/quota/resource_registry.py:203}}
Jun 12 10:19:32.129520 np0000179807 devstack@neutron-api.service[103270]: DEBUG neutron_lib.callbacks.manager [None req-9a7bc9a5-23dd-4a05-8e80-a386f7bd90a2 None None] Subscribe: > qos_plugin after_init 55550000, False {{(pid=103270) subscribe /opt/stack/data/venv/lib/python3.12/site-packages/neutron_lib/callbacks/manager.py:52}}
Jun 12 10:19:32.129610 np0000179807 devstack@neutron-api.service[103271]: INFO neutron.services.ovn_l3.plugin [None req-07ed4348-12e8-488e-825f-7a6e61987e4e None None] Starting OVNL3RouterPlugin
