2026-05-04 12:37:25.751 8 INFO placement.requestlog [None req-6d7b3ecb-fc80-4b51-9090-23d512be4e18 41839c1d0c1b440c917afead8795cea1 cd8ceb9c6ade41b39c3918d8b703b2f2 - - e5be814dbfed470aa7d5534c848adca4 e5be814dbfed470aa7d5534c848adca4] 10.0.0.137 "DELETE /resource_providers/dd791083-499f-4304-93cc-a6f98635cbcb" status: 404 len: 246 microversion: 1.1 [pid: 8|app: 0|req: 333/665] 10.0.0.137 () {34 vars in 816 bytes} [Mon May 4 12:37:25 2026] DELETE /resource_providers/dd791083-499f-4304-93cc-a6f98635cbcb => generated 246 bytes in 6 msecs (HTTP/1.1 404) 6 headers in 231 bytes (1 switches on core 0)
2026-05-04 12:37:25.752 7 INFO placement.requestlog [None req-90b7844e-fa5c-4045-8a30-c1248438a6cd 41839c1d0c1b440c917afead8795cea1 cd8ceb9c6ade41b39c3918d8b703b2f2 - - e5be814dbfed470aa7d5534c848adca4 e5be814dbfed470aa7d5534c848adca4] 10.0.0.137 "GET /resource_providers/dd791083-499f-4304-93cc-a6f98635cbcb/aggregates" status: 404 len: 235 microversion: 1.1 [pid: 7|app: 0|req: 333/666] 10.0.0.137 () {32 vars in 816 bytes} [Mon May 4 12:37:25 2026] GET /resource_providers/dd791083-499f-4304-93cc-a6f98635cbcb/aggregates => generated 235 bytes in 6 msecs (HTTP/1.1 404) 5 headers in 202 bytes (1 switches on core 0)
2026-05-04 12:37:25.767 8 INFO placement.requestlog [None req-07a238b6-d95b-4e0c-9bc3-95896eaea8cc 41839c1d0c1b440c917afead8795cea1 cd8ceb9c6ade41b39c3918d8b703b2f2 - - e5be814dbfed470aa7d5534c848adca4 e5be814dbfed470aa7d5534c848adca4] 10.0.0.137 "DELETE /resource_providers/dd791083-499f-4304-93cc-a6f98635cbcb" status: 404 len: 246 microversion: 1.1 [pid: 8|app: 0|req: 334/667] 10.0.0.137 () {34 vars in 816 bytes} [Mon May 4 12:37:25 2026] DELETE /resource_providers/dd791083-499f-4304-93cc-a6f98635cbcb => generated 246 bytes in 8 msecs (HTTP/1.1 404) 6 headers in 231 bytes (1 switches on core 0)
2026-05-04 12:37:30.479 8 INFO placement.requestlog [None req-1d1ba105-a9c1-4bd5-88a3-8871075b9ce6 - - - - - -] 10.0.0.175 "GET /" status: 200 len: 136 microversion: 1.0
2026-05-04 12:37:30.479 7 INFO placement.requestlog [None req-e46167c4-c078-44d3-ab88-c0ee51a20391 - - - - - -] 10.0.0.175 "GET /" status: 200 len: 136 microversion: 1.0
2026-05-04 12:37:33.647 7 INFO placement.requestlog [None req-ac737d51-c361-4eab-b72e-6a243621dfcf 41839c1d0c1b440c917afead8795cea1 cd8ceb9c6ade41b39c3918d8b703b2f2 - - e5be814dbfed470aa7d5534c848adca4 e5be814dbfed470aa7d5534c848adca4] 10.0.0.137 "GET /resource_providers/a4b91a19-c9bd-4c19-84c8-3ce694f62444/aggregates" status: 404 len: 235 microversion: 1.1 [pid: 7|app: 0|req: 335/670] 10.0.0.137 () {32 vars in 816 bytes} [Mon May 4 12:37:33 2026] GET /resource_providers/a4b91a19-c9bd-4c19-84c8-3ce694f62444/aggregates => generated 235 bytes in 12 msecs (HTTP/1.1 404) 5 headers in 202 bytes (1 switches on core 0)
2026-05-04 12:37:33.655 8 INFO placement.requestlog [None req-02b91389-85df-4ba0-b40a-f8bc71ce1ce7 41839c1d0c1b440c917afead8795cea1 cd8ceb9c6ade41b39c3918d8b703b2f2 - - e5be814dbfed470aa7d5534c848adca4 e5be814dbfed470aa7d5534c848adca4] 10.0.0.137 "GET /resource_providers/a4b91a19-c9bd-4c19-84c8-3ce694f62444/aggregates" status: 404 len: 235 microversion: 1.1 [pid: 8|app: 0|req: 336/671] 10.0.0.137 () {32 vars in 816 bytes} [Mon May 4 12:37:33 2026] GET /resource_providers/a4b91a19-c9bd-4c19-84c8-3ce694f62444/aggregates => generated 235 bytes in 9 msecs (HTTP/1.1 404) 5 headers in 202 bytes (1 switches on core 0)
2026-05-04 12:37:33.671 7 INFO placement.requestlog [None req-76990195-7e0b-45df-9ca9-e1ebd3a6a0de 41839c1d0c1b440c917afead8795cea1 cd8ceb9c6ade41b39c3918d8b703b2f2 - - e5be814dbfed470aa7d5534c848adca4 e5be814dbfed470aa7d5534c848adca4] 10.0.0.137 "DELETE /resource_providers/a4b91a19-c9bd-4c19-84c8-3ce694f62444" status: 404 len: 246 microversion: 1.1 [pid: 7|app: 0|req: 336/672] 10.0.0.137 () {34 vars in 816 bytes} [Mon May 4 12:37:33 2026] DELETE /resource_providers/a4b91a19-c9bd-4c19-84c8-3ce694f62444 => generated 246 bytes in 14 msecs (HTTP/1.1 404) 6 headers in 231 bytes (1 switches on core 0)
2026-05-04 12:37:33.678 8 INFO placement.requestlog [None req-7a02fcdc-6ffa-4b83-8786-cc7c61233ac3 41839c1d0c1b440c917afead8795cea1 cd8ceb9c6ade41b39c3918d8b703b2f2 - - e5be814dbfed470aa7d5534c848adca4 e5be814dbfed470aa7d5534c848adca4] 10.0.0.137 "DELETE /resource_providers/a4b91a19-c9bd-4c19-84c8-3ce694f62444" status: 404 len: 246 microversion: 1.1 [pid: 8|app: 0|req: 337/673] 10.0.0.137 () {34 vars in 816 bytes} [Mon May 4 12:37:33 2026] DELETE /resource_providers/a4b91a19-c9bd-4c19-84c8-3ce694f62444 => generated 246 bytes in 13 msecs (HTTP/1.1 404) 6 headers in 231 bytes (1 switches on core 0)
2026-05-04 12:37:34.476 8 INFO placement.requestlog [None req-2ab2a263-f89f-4eac-bb80-9f3931384166 41839c1d0c1b440c917afead8795cea1 cd8ceb9c6ade41b39c3918d8b703b2f2 - - e5be814dbfed470aa7d5534c848adca4 e5be814dbfed470aa7d5534c848adca4] 10.0.0.137 "GET /resource_providers/1cdf28b0-b020-4ab6-b351-508310df5a72/aggregates" status: 404 len: 235 microversion: 1.1 [pid: 8|app: 0|req: 338/674] 10.0.0.137 () {32 vars in 816 bytes} [Mon May 4 12:37:34 2026] GET /resource_providers/1cdf28b0-b020-4ab6-b351-508310df5a72/aggregates => generated 235 bytes in 13 msecs (HTTP/1.1 404) 5 headers in 202 bytes (1 switches on core 0)
2026-05-04 12:37:34.477 7 INFO placement.requestlog [None req-bceb570a-7842-4ba7-8716-de43fc7b3fa5 41839c1d0c1b440c917afead8795cea1 cd8ceb9c6ade41b39c3918d8b703b2f2 - - e5be814dbfed470aa7d5534c848adca4 e5be814dbfed470aa7d5534c848adca4] 10.0.0.137 "GET /resource_providers/1cdf28b0-b020-4ab6-b351-508310df5a72/aggregates" status: 404 len: 235 microversion: 1.1 [pid: 7|app: 0|req: 337/675] 10.0.0.137 () {32 vars in 816 bytes} [Mon May 4 12:37:34 2026] GET /resource_providers/1cdf28b0-b020-4ab6-b351-508310df5a72/aggregates => generated 235 bytes in 14 msecs (HTTP/1.1 404) 5 headers in 202 bytes (1 switches on core 0)
2026-05-04 12:37:34.505 7 INFO placement.requestlog [None req-acf2f9b8-6407-4c7a-91d3-5dbf2da3570f 41839c1d0c1b440c917afead8795cea1 cd8ceb9c6ade41b39c3918d8b703b2f2 - - e5be814dbfed470aa7d5534c848adca4 e5be814dbfed470aa7d5534c848adca4] 10.0.0.137 "DELETE /resource_providers/1cdf28b0-b020-4ab6-b351-508310df5a72" status: 404 len: 246 microversion: 1.1 [pid: 7|app: 0|req: 338/676] 10.0.0.137 () {34 vars in 816 bytes} [Mon May 4 12:37:34 2026] DELETE /resource_providers/1cdf28b0-b020-4ab6-b351-508310df5a72 => generated 246 bytes in 8 msecs (HTTP/1.1 404) 6 headers in 231 bytes (1 switches on core 0)
2026-05-04 12:37:34.505 8 INFO placement.requestlog [None req-e4d0a25b-565a-4c87-a981-2c830626cdbf 41839c1d0c1b440c917afead8795cea1 cd8ceb9c6ade41b39c3918d8b703b2f2 - - e5be814dbfed470aa7d5534c848adca4 e5be814dbfed470aa7d5534c848adca4] 10.0.0.137 "DELETE /resource_providers/1cdf28b0-b020-4ab6-b351-508310df5a72" status: 404 len: 246 microversion: 1.1 [pid: 8|app: 0|req: 339/677] 10.0.0.137 () {34 vars in 816 bytes} [Mon May 4 12:37:34 2026] DELETE /resource_providers/1cdf28b0-b020-4ab6-b351-508310df5a72 => generated 246 bytes in 16 msecs (HTTP/1.1 404) 6 headers in 231 bytes (1 switches on core 0)
2026-05-04 12:37:36.534 7 INFO placement.requestlog [None req-9c343f7e-32e2-49bb-add4-9058edb0951a 41839c1d0c1b440c917afead8795cea1 cd8ceb9c6ade41b39c3918d8b703b2f2 - - e5be814dbfed470aa7d5534c848adca4 e5be814dbfed470aa7d5534c848adca4] 10.0.0.137 "GET /resource_providers/30d4a15f-19f8-4995-a661-6e2b66492593/aggregates" status: 404 len: 235 microversion: 1.1 [pid: 7|app: 0|req: 339/678] 10.0.0.137 () {32 vars in 816 bytes} [Mon May 4 12:37:36 2026] GET /resource_providers/30d4a15f-19f8-4995-a661-6e2b66492593/aggregates => generated 235 bytes in 11 msecs (HTTP/1.1 404) 5 headers in 202 bytes (1 switches on core 0)
2026-05-04 12:37:36.537 8 INFO placement.requestlog [None req-c8ef0dec-727e-45c0-97e5-3ca7f1e338d0 41839c1d0c1b440c917afead8795cea1 cd8ceb9c6ade41b39c3918d8b703b2f2 - - e5be814dbfed470aa7d5534c848adca4 e5be814dbfed470aa7d5534c848adca4] 10.0.0.137 "GET /resource_providers/30d4a15f-19f8-4995-a661-6e2b66492593/aggregates" status: 404 len: 235 microversion: 1.1 [pid: 8|app: 0|req: 340/679] 10.0.0.137 () {32 vars in 816 bytes} [Mon May 4 12:37:36 2026] GET /resource_providers/30d4a15f-19f8-4995-a661-6e2b66492593/aggregates => generated 235 bytes in 11 msecs (HTTP/1.1 404) 5 headers in 202 bytes (1 switches on core 0)
2026-05-04 12:37:36.564 7 INFO placement.requestlog [None req-9614616a-430a-4cdf-be86-15fe4007fd8c 41839c1d0c1b440c917afead8795cea1 cd8ceb9c6ade41b39c3918d8b703b2f2 - - e5be814dbfed470aa7d5534c848adca4 e5be814dbfed470aa7d5534c848adca4] 10.0.0.137 "DELETE /resource_providers/30d4a15f-19f8-4995-a661-6e2b66492593" status: 404 len: 246 microversion: 1.1
2026-05-04 12:37:36.564 8 INFO placement.requestlog [None req-511f0c31-d5b0-4170-acc7-f4bebb208bd9 41839c1d0c1b440c917afead8795cea1 cd8ceb9c6ade41b39c3918d8b703b2f2 - - e5be814dbfed470aa7d5534c848adca4 e5be814dbfed470aa7d5534c848adca4] 10.0.0.137 "DELETE /resource_providers/30d4a15f-19f8-4995-a661-6e2b66492593" status: 404 len: 246 microversion: 1.1 [pid: 7|app: 0|req: 340/680] 10.0.0.137 () {34 vars in 816 bytes} [Mon May 4 12:37:36 2026] DELETE /resource_providers/30d4a15f-19f8-4995-a661-6e2b66492593 => generated 246 bytes in 9 msecs (HTTP/1.1 404) 6 headers in 231 bytes (1 switches on core 0) [pid: 8|app: 0|req: 341/681] 10.0.0.137 () {34 vars in 816 bytes} [Mon May 4 12:37:36 2026] DELETE /resource_providers/30d4a15f-19f8-4995-a661-6e2b66492593 => generated 246 bytes in 8 msecs (HTTP/1.1 404) 6 headers in 231 bytes (1 switches on core 0)
2026-05-04 12:37:37.890 7 INFO placement.requestlog [req-2c5c911f-59c2-4de8-b016-893f58d67030 req-73577221-8956-4b06-b2a5-de9193adab84 58fe17b81fd94bb8bd426d52be0b2ead cd8ceb9c6ade41b39c3918d8b703b2f2 - - e5be814dbfed470aa7d5534c848adca4 e5be814dbfed470aa7d5534c848adca4] 199.204.45.248 "GET /resource_providers/1ec5a34a-b1f0-46cd-beeb-66039f318bbd/allocations" status: 200 len: 252 microversion: 1.0 [pid: 7|app: 0|req: 341/682] 199.204.45.248 () {32 vars in 857 bytes} [Mon May 4 12:37:37 2026] GET /resource_providers/1ec5a34a-b1f0-46cd-beeb-66039f318bbd/allocations => generated 252 bytes in 16 msecs (HTTP/1.1 200) 6 headers in 224 bytes (1 switches on core 0)
2026-05-04 12:37:37.918 8 INFO placement.requestlog [req-2c5c911f-59c2-4de8-b016-893f58d67030 req-afe4369a-f5df-4172-b7f7-a71b2bdd0c63 58fe17b81fd94bb8bd426d52be0b2ead cd8ceb9c6ade41b39c3918d8b703b2f2 - - e5be814dbfed470aa7d5534c848adca4 e5be814dbfed470aa7d5534c848adca4] 199.204.45.248 "GET /resource_providers/1ec5a34a-b1f0-46cd-beeb-66039f318bbd/allocations" status: 200 len: 252 microversion: 1.0 [pid: 8|app: 0|req: 342/683] 199.204.45.248 () {32 vars in 857 bytes} [Mon May 4 12:37:37 2026] GET /resource_providers/1ec5a34a-b1f0-46cd-beeb-66039f318bbd/allocations => generated 252 bytes in 19 msecs (HTTP/1.1 200) 6 headers in 224 bytes (1 switches on core 0)
2026-05-04 12:37:37.936 7 INFO placement.requestlog [req-2c5c911f-59c2-4de8-b016-893f58d67030 req-08772265-eafa-44dc-90fe-5943bdd52736 58fe17b81fd94bb8bd426d52be0b2ead cd8ceb9c6ade41b39c3918d8b703b2f2 - - e5be814dbfed470aa7d5534c848adca4 e5be814dbfed470aa7d5534c848adca4] 199.204.45.248 "GET /allocations/2d98f02c-0507-42a3-85aa-924af847396f" status: 200 len: 257 microversion: 1.28 [pid: 7|app: 0|req: 342/684] 199.204.45.248 () {34 vars in 863 bytes} [Mon May 4 12:37:37 2026] GET /allocations/2d98f02c-0507-42a3-85aa-924af847396f => generated 257 bytes in 12 msecs (HTTP/1.1 200) 8 headers in 296 bytes (1 switches on core 0)
2026-05-04 12:37:37.956 8 INFO placement.requestlog [req-2c5c911f-59c2-4de8-b016-893f58d67030 req-0d5caec3-91a3-4c51-a3b6-3188cd0ab8cf 58fe17b81fd94bb8bd426d52be0b2ead cd8ceb9c6ade41b39c3918d8b703b2f2 - - e5be814dbfed470aa7d5534c848adca4 e5be814dbfed470aa7d5534c848adca4] 199.204.45.248 "GET /allocations/4da5ad37-40c9-4391-bfb6-96f7d1f3a0c2" status: 200 len: 257 microversion: 1.28 [pid: 8|app: 0|req: 343/685] 199.204.45.248 () {34 vars in 863 bytes} [Mon May 4 12:37:37 2026] GET /allocations/4da5ad37-40c9-4391-bfb6-96f7d1f3a0c2 => generated 257 bytes in 14 msecs (HTTP/1.1 200) 8 headers in 296 bytes (1 switches on core 0)
2026-05-04 12:37:39.857 8 INFO placement.requestlog [None req-b6a39a2f-97b1-4181-a146-fb023bf8bba4 41839c1d0c1b440c917afead8795cea1 cd8ceb9c6ade41b39c3918d8b703b2f2 - - e5be814dbfed470aa7d5534c848adca4 e5be814dbfed470aa7d5534c848adca4] 10.0.0.137 "GET /resource_providers/fd985cf1-b372-4d11-b269-0fc3c158d1c0/aggregates" status: 404 len: 235 microversion: 1.1 [pid: 8|app: 0|req: 344/686] 10.0.0.137 () {32 vars in 816 bytes} [Mon May 4 12:37:39 2026] GET /resource_providers/fd985cf1-b372-4d11-b269-0fc3c158d1c0/aggregates => generated 235 bytes in 8 msecs (HTTP/1.1 404) 5 headers in 202 bytes (1 switches on core 0)
2026-05-04 12:37:39.859 7 INFO placement.requestlog [None req-2cdbe77b-22af-4c2e-b47f-55f7cfc063b4 41839c1d0c1b440c917afead8795cea1 cd8ceb9c6ade41b39c3918d8b703b2f2 - - e5be814dbfed470aa7d5534c848adca4 e5be814dbfed470aa7d5534c848adca4] 10.0.0.137 "GET /resource_providers/fd985cf1-b372-4d11-b269-0fc3c158d1c0/aggregates" status: 404 len: 235 microversion: 1.1 [pid: 7|app: 0|req: 343/687] 10.0.0.137 () {32 vars in 816 bytes} [Mon May 4 12:37:39 2026] GET /resource_providers/fd985cf1-b372-4d11-b269-0fc3c158d1c0/aggregates => generated 235 bytes in 11 msecs (HTTP/1.1 404) 5 headers in 202 bytes (1 switches on core 0)
2026-05-04 12:37:39.882 8 INFO placement.requestlog [None req-55125ba6-7d12-4cac-bdd5-03032099cfda 41839c1d0c1b440c917afead8795cea1 cd8ceb9c6ade41b39c3918d8b703b2f2 - - e5be814dbfed470aa7d5534c848adca4 e5be814dbfed470aa7d5534c848adca4] 10.0.0.137 "DELETE /resource_providers/fd985cf1-b372-4d11-b269-0fc3c158d1c0" status: 404 len: 246 microversion: 1.1
2026-05-04 12:37:39.882 7 INFO placement.requestlog [None req-237ab957-4496-45d3-872d-d4197d953b81 41839c1d0c1b440c917afead8795cea1 cd8ceb9c6ade41b39c3918d8b703b2f2 - - e5be814dbfed470aa7d5534c848adca4 e5be814dbfed470aa7d5534c848adca4] 10.0.0.137 "DELETE /resource_providers/fd985cf1-b372-4d11-b269-0fc3c158d1c0" status: 404 len: 246 microversion: 1.1 [pid: 7|app: 0|req: 344/689] 10.0.0.137 () {34 vars in 816 bytes} [Mon May 4 12:37:39 2026] DELETE /resource_providers/fd985cf1-b372-4d11-b269-0fc3c158d1c0 => generated 246 bytes in 10 msecs (HTTP/1.1 404) 6 headers in 231 bytes (1 switches on core 0) [pid: 8|app: 0|req: 345/689] 10.0.0.137 () {34 vars in 816 bytes} [Mon May 4 12:37:39 2026] DELETE /resource_providers/fd985cf1-b372-4d11-b269-0fc3c158d1c0 => generated 246 bytes in 11 msecs (HTTP/1.1 404) 6 headers in 231 bytes (1 switches on core 0)
2026-05-04 12:37:40.477 8 INFO placement.requestlog [None req-c73ececd-d5fa-4626-92e9-81ae3d2540fe - - - - - -] 10.0.0.175 "GET /" status: 200 len: 136 microversion: 1.0
2026-05-04 12:37:40.477 7 INFO placement.requestlog [None req-d7513630-4283-428a-a2ee-3f023c7c0108 - - - - - -] 10.0.0.175 "GET /" status: 200 len: 136 microversion: 1.0
2026-05-04 12:37:40.653 8 INFO placement.requestlog [None req-f19509e9-9772-48fe-848f-1839aa4e90cf 41839c1d0c1b440c917afead8795cea1 cd8ceb9c6ade41b39c3918d8b703b2f2 - - e5be814dbfed470aa7d5534c848adca4 e5be814dbfed470aa7d5534c848adca4] 10.0.0.137 "GET /resource_providers/ccf5dbdd-7a8c-4684-8673-54e5de327596/aggregates" status: 404 len: 235 microversion: 1.1 [pid: 8|app: 0|req: 347/692] 10.0.0.137 () {32 vars in 816 bytes} [Mon May 4 12:37:40 2026] GET /resource_providers/ccf5dbdd-7a8c-4684-8673-54e5de327596/aggregates => generated 235 bytes in 17 msecs (HTTP/1.1 404) 5 headers in 202 bytes (1 switches on core 0)
2026-05-04 12:37:40.655 7 INFO placement.requestlog [None req-c28f1b97-4d99-4569-8108-dd4f1bf46e45 41839c1d0c1b440c917afead8795cea1 cd8ceb9c6ade41b39c3918d8b703b2f2 - - e5be814dbfed470aa7d5534c848adca4 e5be814dbfed470aa7d5534c848adca4] 10.0.0.137 "GET /resource_providers/ccf5dbdd-7a8c-4684-8673-54e5de327596/aggregates" status: 404 len: 235 microversion: 1.1 [pid: 7|app: 0|req: 346/693] 10.0.0.137 () {32 vars in 816 bytes} [Mon May 4 12:37:40 2026] GET /resource_providers/ccf5dbdd-7a8c-4684-8673-54e5de327596/aggregates => generated 235 bytes in 14 msecs (HTTP/1.1 404) 5 headers in 202 bytes (1 switches on core 0)
2026-05-04 12:37:40.673 8 INFO placement.requestlog [None req-907d1851-5b60-42fb-b8c4-b4fae50df8f9 41839c1d0c1b440c917afead8795cea1 cd8ceb9c6ade41b39c3918d8b703b2f2 - - e5be814dbfed470aa7d5534c848adca4 e5be814dbfed470aa7d5534c848adca4] 10.0.0.137 "DELETE /resource_providers/ccf5dbdd-7a8c-4684-8673-54e5de327596" status: 404 len: 246 microversion: 1.1 [pid: 8|app: 0|req: 348/694] 10.0.0.137 () {34 vars in 816 bytes} [Mon May 4 12:37:40 2026] DELETE /resource_providers/ccf5dbdd-7a8c-4684-8673-54e5de327596 => generated 246 bytes in 9 msecs (HTTP/1.1 404) 6 headers in 231 bytes (1 switches on core 0)
2026-05-04 12:37:40.680 7 INFO placement.requestlog [None req-50323364-ae91-42d2-a036-da2a7350e74c 41839c1d0c1b440c917afead8795cea1 cd8ceb9c6ade41b39c3918d8b703b2f2 - - e5be814dbfed470aa7d5534c848adca4 e5be814dbfed470aa7d5534c848adca4] 10.0.0.137 "DELETE /resource_providers/ccf5dbdd-7a8c-4684-8673-54e5de327596" status: 404 len: 246 microversion: 1.1 [pid: 7|app: 0|req: 347/695] 10.0.0.137 () {34 vars in 816 bytes} [Mon May 4 12:37:40 2026] DELETE /resource_providers/ccf5dbdd-7a8c-4684-8673-54e5de327596 => generated 246 bytes in 11 msecs (HTTP/1.1 404) 6 headers in 231 bytes (1 switches on core 0)
2026-05-04 12:37:41.906 7 INFO placement.requestlog [None req-c21bcae7-a533-415d-aacf-02c11a88cfdd 41839c1d0c1b440c917afead8795cea1 cd8ceb9c6ade41b39c3918d8b703b2f2 - - e5be814dbfed470aa7d5534c848adca4 e5be814dbfed470aa7d5534c848adca4] 10.0.0.137 "GET /resource_providers/173d8f20-fd44-437a-9175-6132f4b9379b/aggregates" status: 404 len: 235 microversion: 1.1 [pid: 7|app: 0|req: 348/696] 10.0.0.137 () {32 vars in 816 bytes} [Mon May 4 12:37:41 2026] GET /resource_providers/173d8f20-fd44-437a-9175-6132f4b9379b/aggregates => generated 235 bytes in 10 msecs (HTTP/1.1 404) 5 headers in 202 bytes (1 switches on core 0)
2026-05-04 12:37:41.907 8 INFO placement.requestlog [None req-350e2e30-769f-4633-bd18-e8ec0fd10ff4 41839c1d0c1b440c917afead8795cea1 cd8ceb9c6ade41b39c3918d8b703b2f2 - - e5be814dbfed470aa7d5534c848adca4 e5be814dbfed470aa7d5534c848adca4] 10.0.0.137 "GET /resource_providers/173d8f20-fd44-437a-9175-6132f4b9379b/aggregates" status: 404 len: 235 microversion: 1.1 [pid: 8|app: 0|req: 349/697] 10.0.0.137 () {32 vars in 816 bytes} [Mon May 4 12:37:41 2026] GET /resource_providers/173d8f20-fd44-437a-9175-6132f4b9379b/aggregates => generated 235 bytes in 11 msecs (HTTP/1.1 404) 5 headers in 202 bytes (1 switches on core 0)
2026-05-04 12:37:41.934 8 INFO placement.requestlog [None req-09df9296-899c-4f24-976a-ec155eb80704 41839c1d0c1b440c917afead8795cea1 cd8ceb9c6ade41b39c3918d8b703b2f2 - - e5be814dbfed470aa7d5534c848adca4 e5be814dbfed470aa7d5534c848adca4] 10.0.0.137 "DELETE /resource_providers/173d8f20-fd44-437a-9175-6132f4b9379b" status: 404 len: 246 microversion: 1.1 [pid: 8|app: 0|req: 350/698] 10.0.0.137 () {34 vars in 816 bytes} [Mon May 4 12:37:41 2026] DELETE /resource_providers/173d8f20-fd44-437a-9175-6132f4b9379b => generated 246 bytes in 11 msecs (HTTP/1.1 404) 6 headers in 231 bytes (1 switches on core 0)
2026-05-04 12:37:41.935 7 INFO placement.requestlog [None req-be42263e-ecc2-4604-a00f-057ded84af29 41839c1d0c1b440c917afead8795cea1 cd8ceb9c6ade41b39c3918d8b703b2f2 - - e5be814dbfed470aa7d5534c848adca4 e5be814dbfed470aa7d5534c848adca4] 10.0.0.137 "DELETE /resource_providers/173d8f20-fd44-437a-9175-6132f4b9379b" status: 404 len: 246 microversion: 1.1 [pid: 7|app: 0|req: 349/699] 10.0.0.137 () {34 vars in 816 bytes} [Mon May 4 12:37:41 2026] DELETE /resource_providers/173d8f20-fd44-437a-9175-6132f4b9379b => generated 246 bytes in 13 msecs (HTTP/1.1 404) 6 headers in 231 bytes (1 switches on core 0)
2026-05-04 12:37:42.692 8 INFO placement.requestlog [None req-664597c3-6241-4535-a3ab-25f21dd80bbd 41839c1d0c1b440c917afead8795cea1 cd8ceb9c6ade41b39c3918d8b703b2f2 - - e5be814dbfed470aa7d5534c848adca4 e5be814dbfed470aa7d5534c848adca4] 10.0.0.137 "GET /resource_providers/21220864-ff0c-488d-820a-252d76d633e3/aggregates" status: 404 len: 235 microversion: 1.1 [pid: 8|app: 0|req: 351/700] 10.0.0.137 () {32 vars in 816 bytes} [Mon May 4 12:37:42 2026] GET /resource_providers/21220864-ff0c-488d-820a-252d76d633e3/aggregates => generated 235 bytes in 10 msecs (HTTP/1.1 404) 5 headers in 202 bytes (1 switches on core 0)
2026-05-04 12:37:42.707 7 INFO placement.requestlog [None req-92299a74-bd62-4fb4-91e8-fae6d9bc47d3 41839c1d0c1b440c917afead8795cea1 cd8ceb9c6ade41b39c3918d8b703b2f2 - - e5be814dbfed470aa7d5534c848adca4 e5be814dbfed470aa7d5534c848adca4] 10.0.0.137 "GET /resource_providers/21220864-ff0c-488d-820a-252d76d633e3/aggregates" status: 404 len: 235 microversion: 1.1 [pid: 7|app: 0|req: 350/701] 10.0.0.137 () {32 vars in 816 bytes} [Mon May 4 12:37:42 2026] GET /resource_providers/21220864-ff0c-488d-820a-252d76d633e3/aggregates => generated 235 bytes in 15 msecs (HTTP/1.1 404) 5 headers in 202 bytes (1 switches on core 0)
2026-05-04 12:37:42.709 8 INFO placement.requestlog [None req-3d6717d6-04fa-48ec-baff-5e497b240935 41839c1d0c1b440c917afead8795cea1 cd8ceb9c6ade41b39c3918d8b703b2f2 - - e5be814dbfed470aa7d5534c848adca4 e5be814dbfed470aa7d5534c848adca4] 10.0.0.137 "DELETE /resource_providers/21220864-ff0c-488d-820a-252d76d633e3" status: 404 len: 246 microversion: 1.1 [pid: 8|app: 0|req: 352/702] 10.0.0.137 () {34 vars in 816 bytes} [Mon May 4 12:37:42 2026] DELETE /resource_providers/21220864-ff0c-488d-820a-252d76d633e3 => generated 246 bytes in 9 msecs (HTTP/1.1 404) 6 headers in 231 bytes (1 switches on core 0)
2026-05-04 12:37:42.726 7 INFO placement.requestlog [None req-913541df-db45-4524-b581-7ce01ebf7f33 41839c1d0c1b440c917afead8795cea1 cd8ceb9c6ade41b39c3918d8b703b2f2 - - e5be814dbfed470aa7d5534c848adca4 e5be814dbfed470aa7d5534c848adca4] 10.0.0.137 "DELETE /resource_providers/21220864-ff0c-488d-820a-252d76d633e3" status: 404 len: 246 microversion: 1.1 [pid: 7|app: 0|req: 351/703] 10.0.0.137 () {34 vars in 816 bytes} [Mon May 4 12:37:42 2026] DELETE /resource_providers/21220864-ff0c-488d-820a-252d76d633e3 => generated 246 bytes in 11 msecs (HTTP/1.1 404) 6 headers in 231 bytes (1 switches on core 0)
2026-05-04 12:37:44.599 8 INFO placement.requestlog [None req-8abe8375-22d0-40c7-9f4c-afea7296df87 41839c1d0c1b440c917afead8795cea1 cd8ceb9c6ade41b39c3918d8b703b2f2 - - e5be814dbfed470aa7d5534c848adca4 e5be814dbfed470aa7d5534c848adca4] 10.0.0.137 "GET /resource_providers/a0b121f0-31e8-4268-bac1-462adf44b6dd/aggregates" status: 404 len: 235 microversion: 1.1 [pid: 8|app: 0|req: 353/704] 10.0.0.137 () {32 vars in 816 bytes} [Mon May 4 12:37:44 2026] GET /resource_providers/a0b121f0-31e8-4268-bac1-462adf44b6dd/aggregates => generated 235 bytes in 13 msecs (HTTP/1.1 404) 5 headers in 202 bytes (1 switches on core 0)
2026-05-04 12:37:44.605 7 INFO placement.requestlog [None req-016ad85c-5802-473c-9fe4-151ee34c62ee 41839c1d0c1b440c917afead8795cea1 cd8ceb9c6ade41b39c3918d8b703b2f2 - - e5be814dbfed470aa7d5534c848adca4 e5be814dbfed470aa7d5534c848adca4] 10.0.0.137 "GET /resource_providers/a0b121f0-31e8-4268-bac1-462adf44b6dd/aggregates" status: 404 len: 235 microversion: 1.1 [pid: 7|app: 0|req: 352/705] 10.0.0.137 () {32 vars in 816 bytes} [Mon May 4 12:37:44 2026] GET /resource_providers/a0b121f0-31e8-4268-bac1-462adf44b6dd/aggregates => generated 235 bytes in 13 msecs (HTTP/1.1 404) 5 headers in 202 bytes (1 switches on core 0)
2026-05-04 12:37:44.621 8 INFO placement.requestlog [None req-6d80bd64-97c9-4bce-a762-1409c2eccdfc 41839c1d0c1b440c917afead8795cea1 cd8ceb9c6ade41b39c3918d8b703b2f2 - - e5be814dbfed470aa7d5534c848adca4 e5be814dbfed470aa7d5534c848adca4] 10.0.0.137 "DELETE /resource_providers/a0b121f0-31e8-4268-bac1-462adf44b6dd" status: 404 len: 246 microversion: 1.1 [pid: 8|app: 0|req: 354/706] 10.0.0.137 () {34 vars in 816 bytes} [Mon May 4 12:37:44 2026] DELETE /resource_providers/a0b121f0-31e8-4268-bac1-462adf44b6dd => generated 246 bytes in 8 msecs (HTTP/1.1 404) 6 headers in 231 bytes (1 switches on core 0)
2026-05-04 12:37:44.632 7 INFO placement.requestlog [None req-2e472153-eb55-4ff0-9225-52d9eecc0f50 41839c1d0c1b440c917afead8795cea1 cd8ceb9c6ade41b39c3918d8b703b2f2 - - e5be814dbfed470aa7d5534c848adca4 e5be814dbfed470aa7d5534c848adca4] 10.0.0.137 "DELETE /resource_providers/a0b121f0-31e8-4268-bac1-462adf44b6dd" status: 404 len: 246 microversion: 1.1 [pid: 7|app: 0|req: 353/707] 10.0.0.137 () {34 vars in 816 bytes} [Mon May 4 12:37:44 2026] DELETE /resource_providers/a0b121f0-31e8-4268-bac1-462adf44b6dd => generated 246 bytes in 18 msecs (HTTP/1.1 404) 6 headers in 231 bytes (1 switches on core 0)
2026-05-04 12:37:45.628 8 INFO placement.requestlog [None req-92432ca0-cbee-4fc0-aa5d-b6473003f322 41839c1d0c1b440c917afead8795cea1 cd8ceb9c6ade41b39c3918d8b703b2f2 - - e5be814dbfed470aa7d5534c848adca4 e5be814dbfed470aa7d5534c848adca4] 10.0.0.137 "GET /resource_providers/15a58658-0e6a-4269-a9dc-c70d2596b103/aggregates" status: 404 len: 235 microversion: 1.1 [pid: 8|app: 0|req: 355/708] 10.0.0.137 () {32 vars in 816 bytes} [Mon May 4 12:37:45 2026] GET /resource_providers/15a58658-0e6a-4269-a9dc-c70d2596b103/aggregates => generated 235 bytes in 9 msecs (HTTP/1.1 404) 5 headers in 202 bytes (1 switches on core 0)
2026-05-04 12:37:45.639 7 INFO placement.requestlog [None req-9e8dbcfb-f308-4e15-8faa-5e76ec5339f4 41839c1d0c1b440c917afead8795cea1 cd8ceb9c6ade41b39c3918d8b703b2f2 - - e5be814dbfed470aa7d5534c848adca4 e5be814dbfed470aa7d5534c848adca4] 10.0.0.137 "GET /resource_providers/15a58658-0e6a-4269-a9dc-c70d2596b103/aggregates" status: 404 len: 235 microversion: 1.1 [pid: 7|app: 0|req: 354/709] 10.0.0.137 () {32 vars in 816 bytes} [Mon May 4 12:37:45 2026] GET /resource_providers/15a58658-0e6a-4269-a9dc-c70d2596b103/aggregates => generated 235 bytes in 15 msecs (HTTP/1.1 404) 5 headers in 202 bytes (1 switches on core 0)
2026-05-04 12:37:45.642 8 INFO placement.requestlog [None req-06bde3c2-9c90-4510-a86c-f09b4258b326 41839c1d0c1b440c917afead8795cea1 cd8ceb9c6ade41b39c3918d8b703b2f2 - - e5be814dbfed470aa7d5534c848adca4 e5be814dbfed470aa7d5534c848adca4] 10.0.0.137 "DELETE /resource_providers/15a58658-0e6a-4269-a9dc-c70d2596b103" status: 404 len: 246 microversion: 1.1 [pid: 8|app: 0|req: 356/710] 10.0.0.137 () {34 vars in 816 bytes} [Mon May 4 12:37:45 2026] DELETE /resource_providers/15a58658-0e6a-4269-a9dc-c70d2596b103 => generated 246 bytes in 6 msecs (HTTP/1.1 404) 6 headers in 231 bytes (1 switches on core 0)
2026-05-04 12:37:45.655 7 INFO placement.requestlog [None req-ad4e259e-ffef-4852-a152-ead5753f3d2d 41839c1d0c1b440c917afead8795cea1 cd8ceb9c6ade41b39c3918d8b703b2f2 - - e5be814dbfed470aa7d5534c848adca4 e5be814dbfed470aa7d5534c848adca4] 10.0.0.137 "DELETE /resource_providers/15a58658-0e6a-4269-a9dc-c70d2596b103" status: 404 len: 246 microversion: 1.1 [pid: 7|app: 0|req: 355/711] 10.0.0.137 () {34 vars in 816 bytes} [Mon May 4 12:37:45 2026] DELETE /resource_providers/15a58658-0e6a-4269-a9dc-c70d2596b103 => generated 246 bytes in 7 msecs (HTTP/1.1 404) 6 headers in 231 bytes (1 switches on core 0)
2026-05-04 12:37:47.215 8 INFO placement.requestlog [req-b8399ab0-a00e-4761-a3ff-a322040a9611 req-0da92300-2a78-4fb7-87c1-9783e9702a27 58fe17b81fd94bb8bd426d52be0b2ead cd8ceb9c6ade41b39c3918d8b703b2f2 - - e5be814dbfed470aa7d5534c848adca4 e5be814dbfed470aa7d5534c848adca4] 199.204.45.248 "GET /resource_providers/1ec5a34a-b1f0-46cd-beeb-66039f318bbd/allocations" status: 200 len: 252 microversion: 1.0 [pid: 8|app: 0|req: 357/712] 199.204.45.248 () {32 vars in 857 bytes} [Mon May 4 12:37:47 2026] GET /resource_providers/1ec5a34a-b1f0-46cd-beeb-66039f318bbd/allocations => generated 252 bytes in 21 msecs (HTTP/1.1 200) 6 headers in 224 bytes (1 switches on core 0)
2026-05-04 12:37:47.235 7 INFO placement.requestlog [req-b8399ab0-a00e-4761-a3ff-a322040a9611 req-37a9378e-f94d-4b78-9db6-152ec38595c5 58fe17b81fd94bb8bd426d52be0b2ead cd8ceb9c6ade41b39c3918d8b703b2f2 - - e5be814dbfed470aa7d5534c848adca4 e5be814dbfed470aa7d5534c848adca4] 199.204.45.248 "GET /allocations/2d98f02c-0507-42a3-85aa-924af847396f" status: 200 len: 257 microversion: 1.28 [pid: 7|app: 0|req: 356/713] 199.204.45.248 () {34 vars in 863 bytes} [Mon May 4 12:37:47 2026] GET /allocations/2d98f02c-0507-42a3-85aa-924af847396f => generated 257 bytes in 14 msecs (HTTP/1.1 200) 8 headers in 296 bytes (1 switches on core 0)
2026-05-04 12:37:47.255 8 INFO placement.requestlog [req-b8399ab0-a00e-4761-a3ff-a322040a9611 req-c6aee676-1315-43b2-8ab8-83902a855788 58fe17b81fd94bb8bd426d52be0b2ead cd8ceb9c6ade41b39c3918d8b703b2f2 - - e5be814dbfed470aa7d5534c848adca4 e5be814dbfed470aa7d5534c848adca4] 199.204.45.248 "GET /allocations/4da5ad37-40c9-4391-bfb6-96f7d1f3a0c2" status: 200 len: 257 microversion: 1.28 [pid: 8|app: 0|req: 358/714] 199.204.45.248 () {34 vars in 863 bytes} [Mon May 4 12:37:47 2026] GET /allocations/4da5ad37-40c9-4391-bfb6-96f7d1f3a0c2 => generated 257 bytes in 13 msecs (HTTP/1.1 200) 8 headers in 296 bytes (1 switches on core 0)
2026-05-04 12:37:47.667 7 INFO placement.requestlog [None req-cd66472c-11a6-4626-8cad-b852861f5a29 41839c1d0c1b440c917afead8795cea1 cd8ceb9c6ade41b39c3918d8b703b2f2 - - e5be814dbfed470aa7d5534c848adca4 e5be814dbfed470aa7d5534c848adca4] 10.0.0.137 "GET /resource_providers/4650dd1e-81cc-42f0-b8b5-ac82510ddad5/aggregates" status: 404 len: 235 microversion: 1.1 [pid: 7|app: 0|req: 357/715] 10.0.0.137 () {32 vars in 816 bytes} [Mon May 4 12:37:47 2026] GET /resource_providers/4650dd1e-81cc-42f0-b8b5-ac82510ddad5/aggregates => generated 235 bytes in 16 msecs (HTTP/1.1 404) 5 headers in 202 bytes (1 switches on core 0)
2026-05-04 12:37:47.673 8 INFO placement.requestlog [None req-cf30921d-5c21-4b6b-9eb5-daf8bc36c4b6 41839c1d0c1b440c917afead8795cea1 cd8ceb9c6ade41b39c3918d8b703b2f2 - - e5be814dbfed470aa7d5534c848adca4 e5be814dbfed470aa7d5534c848adca4] 10.0.0.137 "GET /resource_providers/4650dd1e-81cc-42f0-b8b5-ac82510ddad5/aggregates" status: 404 len: 235 microversion: 1.1 [pid: 8|app: 0|req: 359/716] 10.0.0.137 () {32 vars in 816 bytes} [Mon May 4 12:37:47 2026] GET /resource_providers/4650dd1e-81cc-42f0-b8b5-ac82510ddad5/aggregates => generated 235 bytes in 10 msecs (HTTP/1.1 404) 5 headers in 202 bytes (1 switches on core 0)
2026-05-04 12:37:47.697 7 INFO placement.requestlog [None req-9e717b0f-37c3-4fe0-971c-08fb608ef2de 41839c1d0c1b440c917afead8795cea1 cd8ceb9c6ade41b39c3918d8b703b2f2 - - e5be814dbfed470aa7d5534c848adca4 e5be814dbfed470aa7d5534c848adca4] 10.0.0.137 "DELETE /resource_providers/4650dd1e-81cc-42f0-b8b5-ac82510ddad5" status: 404 len: 246 microversion: 1.1 [pid: 7|app: 0|req: 358/717] 10.0.0.137 () {34 vars in 816 bytes} [Mon May 4 12:37:47 2026] DELETE /resource_providers/4650dd1e-81cc-42f0-b8b5-ac82510ddad5 => generated 246 bytes in 15 msecs (HTTP/1.1 404) 6 headers in 231 bytes (1 switches on core 0)
2026-05-04 12:37:47.699 8 INFO placement.requestlog [None req-5e9fd34c-b484-4399-afb3-0ca442bed5ef 41839c1d0c1b440c917afead8795cea1 cd8ceb9c6ade41b39c3918d8b703b2f2 - - e5be814dbfed470aa7d5534c848adca4 e5be814dbfed470aa7d5534c848adca4] 10.0.0.137 "DELETE /resource_providers/4650dd1e-81cc-42f0-b8b5-ac82510ddad5" status: 404 len: 246 microversion: 1.1 [pid: 8|app: 0|req: 360/718] 10.0.0.137 () {34 vars in 816 bytes} [Mon May 4 12:37:47 2026] DELETE /resource_providers/4650dd1e-81cc-42f0-b8b5-ac82510ddad5 => generated 246 bytes in 10 msecs (HTTP/1.1 404) 6 headers in 231 bytes (1 switches on core 0)
2026-05-04 12:37:47.729 7 INFO placement.requestlog [None req-33ed11c3-de92-4dc7-8d86-d11afb0173a6 41839c1d0c1b440c917afead8795cea1 cd8ceb9c6ade41b39c3918d8b703b2f2 - - e5be814dbfed470aa7d5534c848adca4 e5be814dbfed470aa7d5534c848adca4] 10.0.0.137 "GET /resource_providers/dbae1037-09e1-4b63-81e7-adf04635175f/aggregates" status: 404 len: 235 microversion: 1.1 [pid: 7|app: 0|req: 359/719] 10.0.0.137 () {32 vars in 816 bytes} [Mon May 4 12:37:47 2026] GET /resource_providers/dbae1037-09e1-4b63-81e7-adf04635175f/aggregates => generated 235 bytes in 14 msecs (HTTP/1.1 404) 5 headers in 202 bytes (1 switches on core 0)
2026-05-04 12:37:47.730 8 INFO placement.requestlog [None req-aaf85cae-4d61-4d85-ab41-b5cbcb49046c 41839c1d0c1b440c917afead8795cea1 cd8ceb9c6ade41b39c3918d8b703b2f2 - - e5be814dbfed470aa7d5534c848adca4 e5be814dbfed470aa7d5534c848adca4] 10.0.0.137 "GET /resource_providers/dbae1037-09e1-4b63-81e7-adf04635175f/aggregates" status: 404 len: 235 microversion: 1.1 [pid: 8|app: 0|req: 361/720] 10.0.0.137 () {32 vars in 816 bytes} [Mon May 4 12:37:47 2026] GET /resource_providers/dbae1037-09e1-4b63-81e7-adf04635175f/aggregates => generated 235 bytes in 13 msecs (HTTP/1.1 404) 5 headers in 202 bytes (1 switches on core 0)
2026-05-04 12:37:47.759 7 INFO placement.requestlog [None req-314b1ca8-c4ce-4fb6-9e3a-956bd89e0deb 41839c1d0c1b440c917afead8795cea1 cd8ceb9c6ade41b39c3918d8b703b2f2 - - e5be814dbfed470aa7d5534c848adca4 e5be814dbfed470aa7d5534c848adca4] 10.0.0.137 "DELETE /resource_providers/dbae1037-09e1-4b63-81e7-adf04635175f" status: 404 len: 246 microversion: 1.1 [pid: 7|app: 0|req: 360/721] 10.0.0.137 () {34 vars in 816 bytes} [Mon May 4 12:37:47 2026] DELETE /resource_providers/dbae1037-09e1-4b63-81e7-adf04635175f => generated 246 bytes in 20 msecs (HTTP/1.1 404) 6 headers in 231 bytes (1 switches on core 0)
2026-05-04 12:37:47.760 8 INFO placement.requestlog [None req-41b83c00-1d5b-41e9-8248-5a59ba1473ba 41839c1d0c1b440c917afead8795cea1 cd8ceb9c6ade41b39c3918d8b703b2f2 - - e5be814dbfed470aa7d5534c848adca4 e5be814dbfed470aa7d5534c848adca4] 10.0.0.137 "DELETE /resource_providers/dbae1037-09e1-4b63-81e7-adf04635175f" status: 404 len: 246 microversion: 1.1 [pid: 8|app: 0|req: 362/722] 10.0.0.137 () {34 vars in 816 bytes} [Mon May 4 12:37:47 2026] DELETE /resource_providers/dbae1037-09e1-4b63-81e7-adf04635175f => generated 246 bytes in 14 msecs (HTTP/1.1 404) 6 headers in 231 bytes (1 switches on core 0)
2026-05-04 12:37:48.323 7 INFO placement.requestlog [req-b8399ab0-a00e-4761-a3ff-a322040a9611 req-0dbbb425-3565-490b-aca5-04beed3ddf47 58fe17b81fd94bb8bd426d52be0b2ead cd8ceb9c6ade41b39c3918d8b703b2f2 - - e5be814dbfed470aa7d5534c848adca4 e5be814dbfed470aa7d5534c848adca4] 199.204.45.248 "DELETE /allocations/4da5ad37-40c9-4391-bfb6-96f7d1f3a0c2" status: 204 len: 0 microversion: 1.0 [pid: 7|app: 0|req: 361/723] 199.204.45.248 () {34 vars in 841 bytes} [Mon May 4 12:37:48 2026] DELETE /allocations/4da5ad37-40c9-4391-bfb6-96f7d1f3a0c2 => generated 0 bytes in 48 msecs (HTTP/1.1 204) 5 headers in 198 bytes (1 switches on core 0)
2026-05-04 12:37:49.587 8 INFO placement.requestlog [None req-c626e782-2fc7-4c85-baff-6561027f564f 41839c1d0c1b440c917afead8795cea1 cd8ceb9c6ade41b39c3918d8b703b2f2 - - e5be814dbfed470aa7d5534c848adca4 e5be814dbfed470aa7d5534c848adca4] 10.0.0.137 "GET /resource_providers/7f49e3d2-17b7-4958-a422-748a58e17fc8/aggregates" status: 404 len: 235 microversion: 1.1 [pid: 8|app: 0|req: 363/724] 10.0.0.137 () {32 vars in 816 bytes} [Mon May 4 12:37:49 2026] GET /resource_providers/7f49e3d2-17b7-4958-a422-748a58e17fc8/aggregates => generated 235 bytes in 8 msecs (HTTP/1.1 404) 5 headers in 202 bytes (1 switches on core 0)
2026-05-04 12:37:49.596 7 INFO placement.requestlog [None req-197ac06a-afd8-4c49-8f88-45d804c32196 41839c1d0c1b440c917afead8795cea1 cd8ceb9c6ade41b39c3918d8b703b2f2 - - e5be814dbfed470aa7d5534c848adca4 e5be814dbfed470aa7d5534c848adca4] 10.0.0.137 "GET /resource_providers/7f49e3d2-17b7-4958-a422-748a58e17fc8/aggregates" status: 404 len: 235 microversion: 1.1 [pid: 7|app: 0|req: 362/725] 10.0.0.137 () {32 vars in 816 bytes} [Mon May 4 12:37:49 2026] GET /resource_providers/7f49e3d2-17b7-4958-a422-748a58e17fc8/aggregates => generated 235 bytes in 11 msecs (HTTP/1.1 404) 5 headers in 202 bytes (1 switches on core 0)
2026-05-04 12:37:49.602 8 INFO placement.requestlog [None req-f3c59475-03c2-4a55-8cb5-4d44b802ea92 41839c1d0c1b440c917afead8795cea1 cd8ceb9c6ade41b39c3918d8b703b2f2 - - e5be814dbfed470aa7d5534c848adca4 e5be814dbfed470aa7d5534c848adca4] 10.0.0.137 "DELETE /resource_providers/7f49e3d2-17b7-4958-a422-748a58e17fc8" status: 404 len: 246 microversion: 1.1 [pid: 8|app: 0|req: 364/726] 10.0.0.137 () {34 vars in 816 bytes} [Mon May 4 12:37:49 2026] DELETE /resource_providers/7f49e3d2-17b7-4958-a422-748a58e17fc8 => generated 246 bytes in 7 msecs (HTTP/1.1 404) 6 headers in 231 bytes (1 switches on core 0)
2026-05-04 12:37:49.617 7 INFO placement.requestlog [None req-7a877a3d-f64b-4bfa-86b0-20c428d2db9f 41839c1d0c1b440c917afead8795cea1 cd8ceb9c6ade41b39c3918d8b703b2f2 - - e5be814dbfed470aa7d5534c848adca4 e5be814dbfed470aa7d5534c848adca4] 10.0.0.137 "DELETE /resource_providers/7f49e3d2-17b7-4958-a422-748a58e17fc8" status: 404 len: 246 microversion: 1.1 [pid: 7|app: 0|req: 363/727] 10.0.0.137 () {34 vars in 816 bytes} [Mon May 4 12:37:49 2026] DELETE /resource_providers/7f49e3d2-17b7-4958-a422-748a58e17fc8 => generated 246 bytes in 8 msecs (HTTP/1.1 404) 6 headers in 231 bytes (1 switches on core 0)
2026-05-04 12:37:49.783 8 INFO placement.requestlog [None req-c170027d-efc5-4f9c-94d0-42d19696de3a 41839c1d0c1b440c917afead8795cea1 cd8ceb9c6ade41b39c3918d8b703b2f2 - - e5be814dbfed470aa7d5534c848adca4 e5be814dbfed470aa7d5534c848adca4] 10.0.0.137 "GET /resource_providers/148ab639-c7d3-41b2-b58f-a0beea49ba5e/aggregates" status: 404 len: 235 microversion: 1.1 [pid: 8|app: 0|req: 365/728] 10.0.0.137 () {32 vars in 816 bytes} [Mon May 4 12:37:49 2026] GET /resource_providers/148ab639-c7d3-41b2-b58f-a0beea49ba5e/aggregates => generated 235 bytes in 12 msecs (HTTP/1.1 404) 5 headers in 202 bytes (1 switches on core 0)
2026-05-04 12:37:49.796 7 INFO placement.requestlog [None req-70a308ef-16c6-4205-8a2d-8e3a3f758b5e 41839c1d0c1b440c917afead8795cea1 cd8ceb9c6ade41b39c3918d8b703b2f2 - - e5be814dbfed470aa7d5534c848adca4 e5be814dbfed470aa7d5534c848adca4] 10.0.0.137 "GET /resource_providers/148ab639-c7d3-41b2-b58f-a0beea49ba5e/aggregates" status: 404 len: 235 microversion: 1.1 [pid: 7|app: 0|req: 364/729] 10.0.0.137 () {32 vars in 816 bytes} [Mon May 4 12:37:49 2026] GET /resource_providers/148ab639-c7d3-41b2-b58f-a0beea49ba5e/aggregates => generated 235 bytes in 18 msecs (HTTP/1.1 404) 5 headers in 202 bytes (1 switches on core 0)
2026-05-04 12:37:49.814 8 INFO placement.requestlog [None req-e1d0dd36-240f-4489-934f-2175bb67751d 41839c1d0c1b440c917afead8795cea1 cd8ceb9c6ade41b39c3918d8b703b2f2 - - e5be814dbfed470aa7d5534c848adca4 e5be814dbfed470aa7d5534c848adca4] 10.0.0.137 "DELETE /resource_providers/148ab639-c7d3-41b2-b58f-a0beea49ba5e" status: 404 len: 246 microversion: 1.1 [pid: 8|app: 0|req: 366/730] 10.0.0.137 () {34 vars in 816 bytes} [Mon May 4 12:37:49 2026] DELETE /resource_providers/148ab639-c7d3-41b2-b58f-a0beea49ba5e => generated 246 bytes in 24 msecs (HTTP/1.1 404) 6 headers in 231 bytes (1 switches on core 0)
2026-05-04 12:37:49.816 7 INFO placement.requestlog [None req-2cdbde7b-49a1-4bc0-8362-5209dd708dcb 41839c1d0c1b440c917afead8795cea1 cd8ceb9c6ade41b39c3918d8b703b2f2 - - e5be814dbfed470aa7d5534c848adca4 e5be814dbfed470aa7d5534c848adca4] 10.0.0.137 "DELETE /resource_providers/148ab639-c7d3-41b2-b58f-a0beea49ba5e" status: 404 len: 246 microversion: 1.1 [pid: 7|app: 0|req: 365/731] 10.0.0.137 () {34 vars in 816 bytes} [Mon May 4 12:37:49 2026] DELETE /resource_providers/148ab639-c7d3-41b2-b58f-a0beea49ba5e => generated 246 bytes in 11 msecs (HTTP/1.1 404) 6 headers in 231 bytes (1 switches on core 0)
2026-05-04 12:37:50.479 8 INFO placement.requestlog [None req-3f9480fe-630b-49d3-944e-5134fcc0d994 - - - - - -] 10.0.0.175 "GET /" status: 200 len: 136 microversion: 1.0
2026-05-04 12:37:50.479 7 INFO placement.requestlog [None req-e0dc7180-6cb1-4bcd-95f9-16ead412dda4 - - - - - -] 10.0.0.175 "GET /" status: 200 len: 136 microversion: 1.0
2026-05-04 12:37:51.773 8 INFO placement.requestlog [None req-ff911d26-ba54-43a6-bbbb-afba7e38b540 41839c1d0c1b440c917afead8795cea1 cd8ceb9c6ade41b39c3918d8b703b2f2 - - e5be814dbfed470aa7d5534c848adca4 e5be814dbfed470aa7d5534c848adca4] 10.0.0.137 "GET /resource_providers/54226627-9200-4ca8-bb27-f51ad42b5565/aggregates" status: 404 len: 235 microversion: 1.1 [pid: 8|app: 0|req: 368/734] 10.0.0.137 () {32 vars in 816 bytes} [Mon May 4 12:37:51 2026] GET /resource_providers/54226627-9200-4ca8-bb27-f51ad42b5565/aggregates => generated 235 bytes in 11 msecs (HTTP/1.1 404) 5 headers in 202 bytes (1 switches on core 0)
2026-05-04 12:37:51.777 7 INFO placement.requestlog [None req-5e0a31bf-6081-46b4-acae-03f599d4fa36 41839c1d0c1b440c917afead8795cea1 cd8ceb9c6ade41b39c3918d8b703b2f2 - - e5be814dbfed470aa7d5534c848adca4 e5be814dbfed470aa7d5534c848adca4] 10.0.0.137 "GET /resource_providers/54226627-9200-4ca8-bb27-f51ad42b5565/aggregates" status: 404 len: 235 microversion: 1.1 [pid: 7|app: 0|req: 367/735] 10.0.0.137 () {32 vars in 816 bytes} [Mon May 4 12:37:51 2026] GET /resource_providers/54226627-9200-4ca8-bb27-f51ad42b5565/aggregates => generated 235 bytes in 14 msecs (HTTP/1.1 404) 5 headers in 202 bytes (1 switches on core 0)
2026-05-04 12:37:51.799 8 INFO placement.requestlog [None req-cbe781bd-1711-4335-91b4-e4b2ad0fafc1 41839c1d0c1b440c917afead8795cea1 cd8ceb9c6ade41b39c3918d8b703b2f2 - - e5be814dbfed470aa7d5534c848adca4 e5be814dbfed470aa7d5534c848adca4] 10.0.0.137 "DELETE /resource_providers/54226627-9200-4ca8-bb27-f51ad42b5565" status: 404 len: 246 microversion: 1.1 [pid: 8|app: 0|req: 369/736] 10.0.0.137 () {34 vars in 816 bytes} [Mon May 4 12:37:51 2026] DELETE /resource_providers/54226627-9200-4ca8-bb27-f51ad42b5565 => generated 246 bytes in 13 msecs (HTTP/1.1 404) 6 headers in 231 bytes (1 switches on core 0)
2026-05-04 12:37:51.805 7 INFO placement.requestlog [None req-cb950350-290b-45fa-b19e-97067c7a4263 41839c1d0c1b440c917afead8795cea1 cd8ceb9c6ade41b39c3918d8b703b2f2 - - e5be814dbfed470aa7d5534c848adca4 e5be814dbfed470aa7d5534c848adca4] 10.0.0.137 "DELETE /resource_providers/54226627-9200-4ca8-bb27-f51ad42b5565" status: 404 len: 246 microversion: 1.1 [pid: 7|app: 0|req: 368/737] 10.0.0.137 () {34 vars in 816 bytes} [Mon May 4 12:37:51 2026] DELETE /resource_providers/54226627-9200-4ca8-bb27-f51ad42b5565 => generated 246 bytes in 11 msecs (HTTP/1.1 404) 6 headers in 231 bytes (1 switches on core 0)
2026-05-04 12:37:52.367 7 INFO placement.requestlog [None req-1fdccf16-3598-4d7f-9bc5-60f114c373d6 41839c1d0c1b440c917afead8795cea1 cd8ceb9c6ade41b39c3918d8b703b2f2 - - e5be814dbfed470aa7d5534c848adca4 e5be814dbfed470aa7d5534c848adca4] 10.0.0.137 "GET /resource_providers/240b9209-8242-4b83-b44a-554fe222a840/aggregates" status: 404 len: 235 microversion: 1.1 [pid: 7|app: 0|req: 369/738] 10.0.0.137 () {32 vars in 816 bytes} [Mon May 4 12:37:52 2026] GET /resource_providers/240b9209-8242-4b83-b44a-554fe222a840/aggregates => generated 235 bytes in 10 msecs (HTTP/1.1 404) 5 headers in 202 bytes (1 switches on core 0)
2026-05-04 12:37:52.371 8 INFO placement.requestlog [None req-c9a0f51a-9c0c-4094-9063-cfdfe1f01a30 41839c1d0c1b440c917afead8795cea1 cd8ceb9c6ade41b39c3918d8b703b2f2 - - e5be814dbfed470aa7d5534c848adca4 e5be814dbfed470aa7d5534c848adca4] 10.0.0.137 "GET /resource_providers/240b9209-8242-4b83-b44a-554fe222a840/aggregates" status: 404 len: 235 microversion: 1.1 [pid: 8|app: 0|req: 370/739] 10.0.0.137 () {32 vars in 816 bytes} [Mon May 4 12:37:52 2026] GET /resource_providers/240b9209-8242-4b83-b44a-554fe222a840/aggregates => generated 235 bytes in 16 msecs (HTTP/1.1 404) 5 headers in 202 bytes (1 switches on core 0)
2026-05-04 12:37:52.391 7 INFO placement.requestlog [None req-6697df31-128c-4261-bbe6-418115ebe82d 41839c1d0c1b440c917afead8795cea1 cd8ceb9c6ade41b39c3918d8b703b2f2 - - e5be814dbfed470aa7d5534c848adca4 e5be814dbfed470aa7d5534c848adca4] 10.0.0.137 "DELETE /resource_providers/240b9209-8242-4b83-b44a-554fe222a840" status: 404 len: 246 microversion: 1.1 [pid: 7|app: 0|req: 370/740] 10.0.0.137 () {34 vars in 816 bytes} [Mon May 4 12:37:52 2026] DELETE /resource_providers/240b9209-8242-4b83-b44a-554fe222a840 => generated 246 bytes in 9 msecs (HTTP/1.1 404) 6 headers in 231 bytes (1 switches on core 0)
2026-05-04 12:37:52.394 8 INFO placement.requestlog [None req-c4a98208-b550-4237-bec5-4999c1af6cea 41839c1d0c1b440c917afead8795cea1 cd8ceb9c6ade41b39c3918d8b703b2f2 - - e5be814dbfed470aa7d5534c848adca4 e5be814dbfed470aa7d5534c848adca4] 10.0.0.137 "DELETE /resource_providers/240b9209-8242-4b83-b44a-554fe222a840" status: 404 len: 246 microversion: 1.1 [pid: 8|app: 0|req: 371/741] 10.0.0.137 () {34 vars in 816 bytes} [Mon May 4 12:37:52 2026] DELETE /resource_providers/240b9209-8242-4b83-b44a-554fe222a840 => generated 246 bytes in 8 msecs (HTTP/1.1 404) 6 headers in 231 bytes (1 switches on core 0)
2026-05-04 12:37:58.879 8 INFO placement.requestlog [None req-3120c353-3d6d-483d-b738-f7284ff98d94 41839c1d0c1b440c917afead8795cea1 cd8ceb9c6ade41b39c3918d8b703b2f2 - - e5be814dbfed470aa7d5534c848adca4 e5be814dbfed470aa7d5534c848adca4] 10.0.0.137 "GET /resource_providers/02d3758a-5ef0-4643-8749-8b6d9cb55ca9/aggregates" status: 404 len: 235 microversion: 1.1 [pid: 8|app: 0|req: 372/742] 10.0.0.137 () {32 vars in 816 bytes} [Mon May 4 12:37:58 2026] GET /resource_providers/02d3758a-5ef0-4643-8749-8b6d9cb55ca9/aggregates => generated 235 bytes in 9 msecs (HTTP/1.1 404) 5 headers in 202 bytes (1 switches on core 0)
2026-05-04 12:37:58.890 7 INFO placement.requestlog [None req-c0d06afd-fea9-43cf-9425-e8e6a871be6b 41839c1d0c1b440c917afead8795cea1 cd8ceb9c6ade41b39c3918d8b703b2f2 - - e5be814dbfed470aa7d5534c848adca4 e5be814dbfed470aa7d5534c848adca4] 10.0.0.137 "GET /resource_providers/02d3758a-5ef0-4643-8749-8b6d9cb55ca9/aggregates" status: 404 len: 235 microversion: 1.1 [pid: 7|app: 0|req: 371/743] 10.0.0.137 () {32 vars in 816 bytes} [Mon May 4 12:37:58 2026] GET /resource_providers/02d3758a-5ef0-4643-8749-8b6d9cb55ca9/aggregates => generated 235 bytes in 22 msecs (HTTP/1.1 404) 5 headers in 202 bytes (1 switches on core 0)
2026-05-04 12:37:58.904 7 INFO placement.requestlog [None req-89116cd4-9a4a-409e-bb62-2d9cfdbaf9b5 41839c1d0c1b440c917afead8795cea1 cd8ceb9c6ade41b39c3918d8b703b2f2 - - e5be814dbfed470aa7d5534c848adca4 e5be814dbfed470aa7d5534c848adca4] 10.0.0.137 "DELETE /resource_providers/02d3758a-5ef0-4643-8749-8b6d9cb55ca9" status: 404 len: 246 microversion: 1.1 [pid: 7|app: 0|req: 372/744] 10.0.0.137 () {34 vars in 816 bytes} [Mon May 4 12:37:58 2026] DELETE /resource_providers/02d3758a-5ef0-4643-8749-8b6d9cb55ca9 => generated 246 bytes in 7 msecs (HTTP/1.1 404) 6 headers in 231 bytes (1 switches on core 0)
2026-05-04 12:37:58.906 8 INFO placement.requestlog [None req-8978d19a-6132-419d-8a27-3da2d2e8382c 41839c1d0c1b440c917afead8795cea1 cd8ceb9c6ade41b39c3918d8b703b2f2 - - e5be814dbfed470aa7d5534c848adca4 e5be814dbfed470aa7d5534c848adca4] 10.0.0.137 "DELETE /resource_providers/02d3758a-5ef0-4643-8749-8b6d9cb55ca9" status: 404 len: 246 microversion: 1.1 [pid: 8|app: 0|req: 373/745] 10.0.0.137 () {34 vars in 816 bytes} [Mon May 4 12:37:58 2026] DELETE /resource_providers/02d3758a-5ef0-4643-8749-8b6d9cb55ca9 => generated 246 bytes in 17 msecs (HTTP/1.1 404) 6 headers in 231 bytes (1 switches on core 0)
2026-05-04 12:37:59.592 8 INFO placement.requestlog [None req-42ddc0e3-c755-4ea6-9fd8-db9fa523f8f2 41839c1d0c1b440c917afead8795cea1 cd8ceb9c6ade41b39c3918d8b703b2f2 - - e5be814dbfed470aa7d5534c848adca4 e5be814dbfed470aa7d5534c848adca4] 10.0.0.137 "GET /resource_providers/0fc265da-b043-4089-9bb5-3b372e221899/aggregates" status: 404 len: 235 microversion: 1.1 [pid: 8|app: 0|req: 374/746] 10.0.0.137 () {32 vars in 816 bytes} [Mon May 4 12:37:59 2026] GET /resource_providers/0fc265da-b043-4089-9bb5-3b372e221899/aggregates => generated 235 bytes in 12 msecs (HTTP/1.1 404) 5 headers in 202 bytes (1 switches on core 0)
2026-05-04 12:37:59.592 7 INFO placement.requestlog [None req-8a5ceb08-4288-45ae-b0f0-1bab8a4756a1 41839c1d0c1b440c917afead8795cea1 cd8ceb9c6ade41b39c3918d8b703b2f2 - - e5be814dbfed470aa7d5534c848adca4 e5be814dbfed470aa7d5534c848adca4] 10.0.0.137 "GET /resource_providers/0fc265da-b043-4089-9bb5-3b372e221899/aggregates" status: 404 len: 235 microversion: 1.1 [pid: 7|app: 0|req: 373/747] 10.0.0.137 () {32 vars in 816 bytes} [Mon May 4 12:37:59 2026] GET /resource_providers/0fc265da-b043-4089-9bb5-3b372e221899/aggregates => generated 235 bytes in 13 msecs (HTTP/1.1 404) 5 headers in 202 bytes (1 switches on core 0)
2026-05-04 12:37:59.618 7 INFO placement.requestlog [None req-fec9be88-0757-42b4-9cb6-7947ac80d5db 41839c1d0c1b440c917afead8795cea1 cd8ceb9c6ade41b39c3918d8b703b2f2 - - e5be814dbfed470aa7d5534c848adca4 e5be814dbfed470aa7d5534c848adca4] 10.0.0.137 "DELETE /resource_providers/0fc265da-b043-4089-9bb5-3b372e221899" status: 404 len: 246 microversion: 1.1 [pid: 7|app: 0|req: 374/748] 10.0.0.137 () {34 vars in 816 bytes} [Mon May 4 12:37:59 2026] DELETE /resource_providers/0fc265da-b043-4089-9bb5-3b372e221899 => generated 246 bytes in 12 msecs (HTTP/1.1 404) 6 headers in 231 bytes (1 switches on core 0)
2026-05-04 12:37:59.619 8 INFO placement.requestlog [None req-d0f523ce-6947-478a-909a-619a01690357 41839c1d0c1b440c917afead8795cea1 cd8ceb9c6ade41b39c3918d8b703b2f2 - - e5be814dbfed470aa7d5534c848adca4 e5be814dbfed470aa7d5534c848adca4] 10.0.0.137 "DELETE /resource_providers/0fc265da-b043-4089-9bb5-3b372e221899" status: 404 len: 246 microversion: 1.1 [pid: 8|app: 0|req: 375/749] 10.0.0.137 () {34 vars in 816 bytes} [Mon May 4 12:37:59 2026] DELETE /resource_providers/0fc265da-b043-4089-9bb5-3b372e221899 => generated 246 bytes in 13 msecs (HTTP/1.1 404) 6 headers in 231 bytes (1 switches on core 0)
2026-05-04 12:38:00.479 7 INFO placement.requestlog [None req-9a37601f-25d5-4e59-ad0a-a17696d4f9df - - - - - -] 10.0.0.175 "GET /" status: 200 len: 136 microversion: 1.0
2026-05-04 12:38:00.479 8 INFO placement.requestlog [None req-e1052f1f-4154-4db9-b51c-07d63dc9d9ce - - - - - -] 10.0.0.175 "GET /" status: 200 len: 136 microversion: 1.0
