2026-06-10 02:31:22.734 7 WARNING neutron.api.rpc.agentnotifiers.dhcp_rpc_agent_api [None req-2e7068d9-b97d-46a4-81f9-dd9a23780354 3d8acc16b84f4bd4b20389aabc2c50f5 71dbc60d60224e5baf2814c2c44ca70d - - default default] Unable to schedule network 20cc69cb-331f-4a56-92b1-8b0a2d1dce36: no agents available; will retry on subsequent port and subnet creation events.
2026-06-10 02:31:22.754 8 INFO neutron_taas.services.taas.taas_plugin [None req-37b94cc0-5c53-4018-b9aa-febff084fa25 1f425db34a284a4fabef32e53abb8e95 e0553f601df945ce901f7fe49ca4ceee - - default default] TaaS: Handle Delete Port: 56cd2362-ad59-4697-a3a6-82afad1f6922
2026-06-10 02:31:22.757 8 INFO neutron_taas.services.taas.tap_mirror_plugin [None req-37b94cc0-5c53-4018-b9aa-febff084fa25 1f425db34a284a4fabef32e53abb8e95 e0553f601df945ce901f7fe49ca4ceee - - default default] Tap Mirror: Handle Delete Port: 56cd2362-ad59-4697-a3a6-82afad1f6922
2026-06-10 02:31:22.785 7 INFO neutron.plugins.ml2.drivers.ovn.mech_driver.mech_driver [None req-5c255f31-c269-4406-9678-ddfba43e0990 - - - - - -] OVN reports status down for port: fc3b9b0e-91a2-4308-8d1c-dffccf6748d0
2026-06-10 02:31:22.849 7 INFO neutron.db.ovn_revision_numbers_db [None req-2e7068d9-b97d-46a4-81f9-dd9a23780354 3d8acc16b84f4bd4b20389aabc2c50f5 71dbc60d60224e5baf2814c2c44ca70d - - default default] Successfully bumped revision number for resource fc3b9b0e-91a2-4308-8d1c-dffccf6748d0 (type: ports) to 1
2026-06-10 02:31:22.913 7 WARNING neutron.scheduler.dhcp_agent_scheduler [None req-2e7068d9-b97d-46a4-81f9-dd9a23780354 3d8acc16b84f4bd4b20389aabc2c50f5 71dbc60d60224e5baf2814c2c44ca70d - - default default] No more DHCP agents
2026-06-10 02:31:22.914 7 WARNING neutron.api.rpc.agentnotifiers.dhcp_rpc_agent_api [None req-2e7068d9-b97d-46a4-81f9-dd9a23780354 3d8acc16b84f4bd4b20389aabc2c50f5 71dbc60d60224e5baf2814c2c44ca70d - - default default] Unable to schedule network abc1effc-3a2b-4e3d-b490-6878856d9f0d: no agents available; will retry on subsequent port and subnet creation events.
2026-06-10 02:31:22.987 8 INFO neutron.plugins.ml2.drivers.ovn.mech_driver.mech_driver [None req-4e5c2c12-c932-4b67-9cc2-79d40d420481 - - - - - -] OVN reports status down for port: aa40df40-87be-49db-9398-07fc20981d77
2026-06-10 02:31:23.019 7 INFO neutron.db.ovn_revision_numbers_db [None req-2e7068d9-b97d-46a4-81f9-dd9a23780354 3d8acc16b84f4bd4b20389aabc2c50f5 71dbc60d60224e5baf2814c2c44ca70d - - default default] Successfully bumped revision number for resource aa40df40-87be-49db-9398-07fc20981d77 (type: ports) to 1 [pid: 7|app: 0|req: 714/1440] 10.0.0.90 () {34 vars in 664 bytes} [Wed Jun 10 02:31:22 2026] POST /v2.0/ports => generated 1505 bytes in 712 msecs (HTTP/1.1 201) 4 headers in 163 bytes (1 switches on core 0) /var/lib/openstack/lib/python3.12/site-packages/pycadf/identifier.py:70: UserWarning: Invalid uuid: neutron. To ensure interoperability, identifiers should be a valid uuid. warnings.warn(('Invalid uuid: %s. To ensure interoperability, ' [pid: 7|app: 0|req: 715/1441] 10.0.0.90 () {32 vars in 739 bytes} [Wed Jun 10 02:31:23 2026] DELETE /v2.0/security-groups/42c55cd2-3315-4bbe-9495-c804293fa496 => generated 0 bytes in 260 msecs (HTTP/1.1 204) 2 headers in 112 bytes (1 switches on core 0) [pid: 8|app: 0|req: 727/1442] 10.0.0.90 () {34 vars in 788 bytes} [Wed Jun 10 02:31:22 2026] PUT /v2.0/routers/39edd213-6f85-408c-996f-9b434e6a2994/remove_router_interface => generated 309 bytes in 1003 msecs (HTTP/1.1 200) 4 headers in 157 bytes (1 switches on core 0) /var/lib/openstack/lib/python3.12/site-packages/pycadf/identifier.py:70: UserWarning: Invalid uuid: neutron. To ensure interoperability, identifiers should be a valid uuid. warnings.warn(('Invalid uuid: %s. To ensure interoperability, ' [pid: 8|app: 0|req: 728/1443] 10.0.0.90 () {32 vars in 642 bytes} [Wed Jun 10 02:31:23 2026] GET /v2.0/ports => generated 3017 bytes in 131 msecs (HTTP/1.1 200) 4 headers in 158 bytes (1 switches on core 0) [pid: 7|app: 0|req: 716/1444] 10.0.0.11 () {28 vars in 582 bytes} [Wed Jun 10 02:31:23 2026] GET /v2.0/routers => generated 976 bytes in 294 msecs (HTTP/1.1 200) 4 headers in 157 bytes (1 switches on core 0)
2026-06-10 02:31:23.739 8 INFO neutron.db.ovn_revision_numbers_db [None req-bfa23b29-f5fb-4c2c-82b2-2bed9350e898 fff6c53a4b894355ac72a2657f61b3f1 923dc6f34f1d48efaa2393f28136a9ba - - default default] Successfully bumped revision number for resource 7f0279b0-83a6-4b74-8088-1ac3b01f17ed (type: security_groups) to 1
2026-06-10 02:31:23.752 8 INFO neutron.db.ovn_revision_numbers_db [None req-bfa23b29-f5fb-4c2c-82b2-2bed9350e898 fff6c53a4b894355ac72a2657f61b3f1 923dc6f34f1d48efaa2393f28136a9ba - - default default] Successfully bumped revision number for resource 0300f63b-2388-41d9-bea8-e780b0cae804 (type: security_group_rules) to 0
2026-06-10 02:31:23.763 8 INFO neutron.db.ovn_revision_numbers_db [None req-bfa23b29-f5fb-4c2c-82b2-2bed9350e898 fff6c53a4b894355ac72a2657f61b3f1 923dc6f34f1d48efaa2393f28136a9ba - - default default] Successfully bumped revision number for resource 2313142b-0a94-4e96-bd44-4dc41cc7ab2c (type: security_group_rules) to 0
2026-06-10 02:31:23.772 8 INFO neutron.db.ovn_revision_numbers_db [None req-bfa23b29-f5fb-4c2c-82b2-2bed9350e898 fff6c53a4b894355ac72a2657f61b3f1 923dc6f34f1d48efaa2393f28136a9ba - - default default] Successfully bumped revision number for resource 90d74944-fd19-45a7-8775-32753d106b7d (type: security_group_rules) to 0
2026-06-10 02:31:23.784 8 INFO neutron.db.ovn_revision_numbers_db [None req-bfa23b29-f5fb-4c2c-82b2-2bed9350e898 fff6c53a4b894355ac72a2657f61b3f1 923dc6f34f1d48efaa2393f28136a9ba - - default default] Successfully bumped revision number for resource c9db7bde-f11b-4061-94a3-dc053df3dc4d (type: security_group_rules) to 0 [pid: 8|app: 0|req: 729/1445] 10.0.0.90 () {32 vars in 773 bytes} [Wed Jun 10 02:31:23 2026] GET /v2.0/security-groups?tenant_id=ecc62325288e4e03bc06c983b15ea23e&name=default => generated 2925 bytes in 215 msecs (HTTP/1.1 200) 4 headers in 158 bytes (1 switches on core 0)
2026-06-10 02:31:23.918 8 INFO neutron_taas.services.taas.taas_plugin [None req-7e03de0e-37fe-4a07-b334-732fedc7823f 3d8acc16b84f4bd4b20389aabc2c50f5 71dbc60d60224e5baf2814c2c44ca70d - - default default] TaaS: Handle Delete Port: fc3b9b0e-91a2-4308-8d1c-dffccf6748d0
2026-06-10 02:31:23.921 8 INFO neutron_taas.services.taas.tap_mirror_plugin [None req-7e03de0e-37fe-4a07-b334-732fedc7823f 3d8acc16b84f4bd4b20389aabc2c50f5 71dbc60d60224e5baf2814c2c44ca70d - - default default] Tap Mirror: Handle Delete Port: fc3b9b0e-91a2-4308-8d1c-dffccf6748d0
2026-06-10 02:31:23.964 7 INFO neutron_taas.services.taas.taas_plugin [None req-fbdcb3af-3ffd-47b4-8242-7a40e24c6e1c 1f425db34a284a4fabef32e53abb8e95 e0553f601df945ce901f7fe49ca4ceee - - default default] TaaS: Handle Delete Port: 86cf342b-acce-4dd7-8708-ca215bd4fbc5
2026-06-10 02:31:23.967 7 INFO neutron_taas.services.taas.tap_mirror_plugin [None req-fbdcb3af-3ffd-47b4-8242-7a40e24c6e1c 1f425db34a284a4fabef32e53abb8e95 e0553f601df945ce901f7fe49ca4ceee - - default default] Tap Mirror: Handle Delete Port: 86cf342b-acce-4dd7-8708-ca215bd4fbc5 [pid: 8|app: 0|req: 730/1446] 10.0.0.90 () {32 vars in 719 bytes} [Wed Jun 10 02:31:23 2026] DELETE /v2.0/ports/fc3b9b0e-91a2-4308-8d1c-dffccf6748d0 => generated 0 bytes in 212 msecs (HTTP/1.1 204) 3 headers in 131 bytes (1 switches on core 0) [pid: 8|app: 0|req: 731/1447] 10.0.0.11 () {28 vars in 623 bytes} [Wed Jun 10 02:31:24 2026] GET /v2.0/agents?binary=ovn-controller => generated 416 bytes in 15 msecs (HTTP/1.1 200) 4 headers in 157 bytes (1 switches on core 0) [pid: 8|app: 0|req: 732/1448] 10.0.0.90 () {32 vars in 739 bytes} [Wed Jun 10 02:31:24 2026] DELETE /v2.0/security-groups/7f0279b0-83a6-4b74-8088-1ac3b01f17ed => generated 0 bytes in 295 msecs (HTTP/1.1 204) 2 headers in 112 bytes (1 switches on core 0) [pid: 7|app: 0|req: 717/1449] 10.0.0.90 () {32 vars in 723 bytes} [Wed Jun 10 02:31:23 2026] DELETE /v2.0/routers/39edd213-6f85-408c-996f-9b434e6a2994 => generated 0 bytes in 774 msecs (HTTP/1.1 204) 2 headers in 112 bytes (1 switches on core 0) [pid: 7|app: 0|req: 718/1450] 10.0.0.11 () {28 vars in 580 bytes} [Wed Jun 10 02:31:24 2026] GET /v2.0/agents => generated 1214 bytes in 11 msecs (HTTP/1.1 200) 4 headers in 158 bytes (1 switches on core 0)
2026-06-10 02:31:24.455 8 INFO neutron_taas.services.taas.taas_plugin [None req-6749807d-291b-410f-9959-656a0292fb96 3d8acc16b84f4bd4b20389aabc2c50f5 71dbc60d60224e5baf2814c2c44ca70d - - default default] TaaS: Handle Delete Port: aa40df40-87be-49db-9398-07fc20981d77
2026-06-10 02:31:24.459 8 INFO neutron_taas.services.taas.tap_mirror_plugin [None req-6749807d-291b-410f-9959-656a0292fb96 3d8acc16b84f4bd4b20389aabc2c50f5 71dbc60d60224e5baf2814c2c44ca70d - - default default] Tap Mirror: Handle Delete Port: aa40df40-87be-49db-9398-07fc20981d77 [pid: 8|app: 0|req: 733/1451] 10.0.0.90 () {32 vars in 719 bytes} [Wed Jun 10 02:31:24 2026] DELETE /v2.0/ports/aa40df40-87be-49db-9398-07fc20981d77 => generated 0 bytes in 224 msecs (HTTP/1.1 204) 3 headers in 131 bytes (1 switches on core 0) [pid: 7|app: 0|req: 719/1452] 10.0.0.90 () {32 vars in 723 bytes} [Wed Jun 10 02:31:24 2026] DELETE /v2.0/subnets/177037f3-df07-4e52-aec4-fa12193afd75 => generated 0 bytes in 141 msecs (HTTP/1.1 204) 3 headers in 131 bytes (1 switches on core 0) [pid: 8|app: 0|req: 734/1453] 10.0.0.11 () {28 vars in 618 bytes} [Wed Jun 10 02:31:24 2026] GET /v2.0/network-ip-availabilities => generated 1970 bytes in 14 msecs (HTTP/1.1 200) 4 headers in 158 bytes (1 switches on core 0) [pid: 7|app: 0|req: 720/1454] 10.0.0.90 () {32 vars in 642 bytes} [Wed Jun 10 02:31:24 2026] GET /v2.0/ports => generated 1523 bytes in 81 msecs (HTTP/1.1 200) 4 headers in 158 bytes (1 switches on core 0) [pid: 7|app: 0|req: 721/1455] 10.0.0.11 () {28 vars in 582 bytes} [Wed Jun 10 02:31:24 2026] GET /v2.0/subnets => generated 1308 bytes in 21 msecs (HTTP/1.1 200) 4 headers in 158 bytes (1 switches on core 0)
2026-06-10 02:31:24.694 8 INFO neutron_taas.services.taas.taas_plugin [None req-7bd8449a-e62c-4249-a650-1d8382618366 1f425db34a284a4fabef32e53abb8e95 e0553f601df945ce901f7fe49ca4ceee - - default default] TaaS: Handle Delete Port: 9002ab50-8c94-430a-a6cd-d5df0e5d8e68
2026-06-10 02:31:24.696 8 INFO neutron_taas.services.taas.tap_mirror_plugin [None req-7bd8449a-e62c-4249-a650-1d8382618366 1f425db34a284a4fabef32e53abb8e95 e0553f601df945ce901f7fe49ca4ceee - - default default] Tap Mirror: Handle Delete Port: 9002ab50-8c94-430a-a6cd-d5df0e5d8e68
2026-06-10 02:31:24.757 7 INFO neutron.db.segments_db [None req-28c0b611-fafe-4737-8ebb-3007fe1a8e6b 3d8acc16b84f4bd4b20389aabc2c50f5 71dbc60d60224e5baf2814c2c44ca70d - - default default] Added segment 498b178d-eb50-4d3d-9089-7210c804459f of type geneve for network a721d1b3-8656-45a8-bb37-77ddc5ea84bd
2026-06-10 02:31:24.869 7 INFO neutron.db.ovn_revision_numbers_db [None req-28c0b611-fafe-4737-8ebb-3007fe1a8e6b 3d8acc16b84f4bd4b20389aabc2c50f5 71dbc60d60224e5baf2814c2c44ca70d - - default default] Successfully bumped revision number for resource a721d1b3-8656-45a8-bb37-77ddc5ea84bd (type: networks) to 1
2026-06-10 02:31:24.901 8 INFO neutron.services.segments.plugin [-] Segment f91ac0cf-6ffa-4421-995f-592f69b272e4 resource provider aggregate not found
2026-06-10 02:31:24.908 8 INFO neutron.services.segments.plugin [-] Segment f91ac0cf-6ffa-4421-995f-592f69b272e4 resource provider aggregate not found
2026-06-10 02:31:24.924 8 INFO neutron.services.segments.plugin [-] Segment f91ac0cf-6ffa-4421-995f-592f69b272e4 resource provider not found; error: Placement Client Error (4xx): {"errors": [{"status": 404, "title": "Not Found", "detail": "The resource could not be found.\n\n No resource provider with uuid f91ac0cf-6ffa-4421-995f-592f69b272e4 found for delete ", "request_id": "req-d1f3a7af-a935-41df-aeae-5e1ba3c2811a"}]}
2026-06-10 02:31:24.929 8 INFO neutron.services.segments.plugin [-] Segment f91ac0cf-6ffa-4421-995f-592f69b272e4 resource provider not found; error: Placement Client Error (4xx): {"errors": [{"status": 404, "title": "Not Found", "detail": "The resource could not be found.\n\n No resource provider with uuid f91ac0cf-6ffa-4421-995f-592f69b272e4 found for delete ", "request_id": "req-389f0e0f-58fb-41fd-b3e5-99de63cfb299"}]} [pid: 8|app: 0|req: 735/1456] 10.0.0.90 () {32 vars in 725 bytes} [Wed Jun 10 02:31:24 2026] DELETE /v2.0/networks/6e82ce6f-1eea-4cc5-a67b-4a15d130e9e5 => generated 0 bytes in 370 msecs (HTTP/1.1 204) 3 headers in 131 bytes (1 switches on core 0) [pid: 8|app: 0|req: 736/1457] 10.0.0.11 () {28 vars in 590 bytes} [Wed Jun 10 02:31:24 2026] GET /v2.0/subnetpools => generated 19 bytes in 16 msecs (HTTP/1.1 200) 4 headers in 156 bytes (1 switches on core 0) [pid: 8|app: 0|req: 737/1458] 10.0.0.11 () {28 vars in 598 bytes} [Wed Jun 10 02:31:24 2026] GET /v2.0/security-groups => generated 23209 bytes in 35 msecs (HTTP/1.1 200) 4 headers in 159 bytes (1 switches on core 0)
2026-06-10 02:31:25.044 7 WARNING neutron.scheduler.dhcp_agent_scheduler [None req-28c0b611-fafe-4737-8ebb-3007fe1a8e6b 3d8acc16b84f4bd4b20389aabc2c50f5 71dbc60d60224e5baf2814c2c44ca70d - - default default] No more DHCP agents
2026-06-10 02:31:25.045 7 WARNING neutron.api.rpc.agentnotifiers.dhcp_rpc_agent_api [None req-28c0b611-fafe-4737-8ebb-3007fe1a8e6b 3d8acc16b84f4bd4b20389aabc2c50f5 71dbc60d60224e5baf2814c2c44ca70d - - default default] Unable to schedule network a721d1b3-8656-45a8-bb37-77ddc5ea84bd: no agents available; will retry on subsequent port and subnet creation events. [pid: 8|app: 0|req: 738/1459] 10.0.0.11 () {28 vars in 582 bytes} [Wed Jun 10 02:31:25 2026] GET /v2.0/subnets => generated 1308 bytes in 30 msecs (HTTP/1.1 200) 4 headers in 158 bytes (1 switches on core 0) [pid: 8|app: 0|req: 739/1460] 10.0.0.11 () {28 vars in 590 bytes} [Wed Jun 10 02:31:25 2026] GET /v2.0/floatingips => generated 19 bytes in 37 msecs (HTTP/1.1 200) 4 headers in 156 bytes (1 switches on core 0)
2026-06-10 02:31:25.120 8 INFO neutron.plugins.ml2.drivers.ovn.mech_driver.mech_driver [None req-4e5c2c12-c932-4b67-9cc2-79d40d420481 - - - - - -] OVN reports status down for port: 52848877-f5c6-4264-a61a-1d8faa59c342
2026-06-10 02:31:25.153 7 INFO neutron.db.ovn_revision_numbers_db [None req-28c0b611-fafe-4737-8ebb-3007fe1a8e6b 3d8acc16b84f4bd4b20389aabc2c50f5 71dbc60d60224e5baf2814c2c44ca70d - - default default] Successfully bumped revision number for resource 52848877-f5c6-4264-a61a-1d8faa59c342 (type: ports) to 1 [pid: 7|app: 0|req: 722/1461] 10.0.0.90 () {34 vars in 669 bytes} [Wed Jun 10 02:31:24 2026] POST /v2.0/networks => generated 654 bytes in 499 msecs (HTTP/1.1 201) 4 headers in 162 bytes (1 switches on core 0) [pid: 8|app: 0|req: 740/1462] 10.0.0.11 () {28 vars in 584 bytes} [Wed Jun 10 02:31:25 2026] GET /v2.0/networks => generated 4359 bytes in 116 msecs (HTTP/1.1 200) 4 headers in 158 bytes (1 switches on core 0)
2026-06-10 02:31:25.296 7 INFO neutron.db.segments_db [None req-756fc037-21d1-4b96-9a41-ad05e8b4af83 3d8acc16b84f4bd4b20389aabc2c50f5 71dbc60d60224e5baf2814c2c44ca70d - - default default] Added segment c0037dd6-e827-4c58-b7ed-e978fed0b9ad of type geneve for network 5b932dd2-d38c-4f94-952d-05516235d17d [pid: 8|app: 0|req: 741/1463] 10.0.0.11 () {28 vars in 578 bytes} [Wed Jun 10 02:31:25 2026] GET /v2.0/ports => generated 7803 bytes in 77 msecs (HTTP/1.1 200) 4 headers in 158 bytes (1 switches on core 0)
2026-06-10 02:31:25.391 7 INFO neutron.db.ovn_revision_numbers_db [None req-756fc037-21d1-4b96-9a41-ad05e8b4af83 3d8acc16b84f4bd4b20389aabc2c50f5 71dbc60d60224e5baf2814c2c44ca70d - - default default] Successfully bumped revision number for resource 5b932dd2-d38c-4f94-952d-05516235d17d (type: networks) to 1
2026-06-10 02:31:25.561 7 WARNING neutron.scheduler.dhcp_agent_scheduler [None req-756fc037-21d1-4b96-9a41-ad05e8b4af83 3d8acc16b84f4bd4b20389aabc2c50f5 71dbc60d60224e5baf2814c2c44ca70d - - default default] No more DHCP agents
2026-06-10 02:31:25.562 7 WARNING neutron.api.rpc.agentnotifiers.dhcp_rpc_agent_api [None req-756fc037-21d1-4b96-9a41-ad05e8b4af83 3d8acc16b84f4bd4b20389aabc2c50f5 71dbc60d60224e5baf2814c2c44ca70d - - default default] Unable to schedule network 5b932dd2-d38c-4f94-952d-05516235d17d: no agents available; will retry on subsequent port and subnet creation events. [pid: 8|app: 0|req: 742/1464] 10.0.0.90 () {32 vars in 773 bytes} [Wed Jun 10 02:31:25 2026] GET /v2.0/security-groups?tenant_id=e0553f601df945ce901f7fe49ca4ceee&name=default => generated 2925 bytes in 194 msecs (HTTP/1.1 200) 4 headers in 158 bytes (1 switches on core 0)
2026-06-10 02:31:25.598 8 INFO neutron.plugins.ml2.drivers.ovn.mech_driver.mech_driver [None req-4e5c2c12-c932-4b67-9cc2-79d40d420481 - - - - - -] OVN reports status down for port: 63cbc2ee-3e3c-438b-aaea-2ad2e486060c
2026-06-10 02:31:25.626 7 INFO neutron.db.ovn_revision_numbers_db [None req-756fc037-21d1-4b96-9a41-ad05e8b4af83 3d8acc16b84f4bd4b20389aabc2c50f5 71dbc60d60224e5baf2814c2c44ca70d - - default default] Successfully bumped revision number for resource 63cbc2ee-3e3c-438b-aaea-2ad2e486060c (type: ports) to 1 [pid: 7|app: 0|req: 723/1465] 10.0.0.90 () {34 vars in 669 bytes} [Wed Jun 10 02:31:25 2026] POST /v2.0/networks => generated 654 bytes in 468 msecs (HTTP/1.1 201) 4 headers in 162 bytes (1 switches on core 0) [pid: 7|app: 0|req: 724/1466] 10.0.0.90 () {32 vars in 739 bytes} [Wed Jun 10 02:31:25 2026] DELETE /v2.0/security-groups/19663890-dddf-4c02-9eb4-79094802c516 => generated 0 bytes in 195 msecs (HTTP/1.1 204) 2 headers in 112 bytes (1 switches on core 0)
2026-06-10 02:31:25.851 8 INFO neutron.db.ovn_revision_numbers_db [None req-38d11cd3-d650-4c1e-9ba8-a83d2e123d08 bcbcac4a2bf7425cbb809cf48c57bc89 0f5336f09d834b50a4bda3723af12ec2 - - default default] Successfully bumped revision number for resource 7c3c9eb6-a56e-44d2-b5f8-9c3b315248a2 (type: security_groups) to 1
2026-06-10 02:31:25.865 8 INFO neutron.db.ovn_revision_numbers_db [None req-38d11cd3-d650-4c1e-9ba8-a83d2e123d08 bcbcac4a2bf7425cbb809cf48c57bc89 0f5336f09d834b50a4bda3723af12ec2 - - default default] Successfully bumped revision number for resource 1846dc41-c0b1-4375-9d73-1a8497abf565 (type: security_group_rules) to 0
2026-06-10 02:31:25.880 8 INFO neutron.db.ovn_revision_numbers_db [None req-38d11cd3-d650-4c1e-9ba8-a83d2e123d08 bcbcac4a2bf7425cbb809cf48c57bc89 0f5336f09d834b50a4bda3723af12ec2 - - default default] Successfully bumped revision number for resource a2116aab-e201-4236-b039-5d2bea973114 (type: security_group_rules) to 0
2026-06-10 02:31:25.894 8 INFO neutron.db.ovn_revision_numbers_db [None req-38d11cd3-d650-4c1e-9ba8-a83d2e123d08 bcbcac4a2bf7425cbb809cf48c57bc89 0f5336f09d834b50a4bda3723af12ec2 - - default default] Successfully bumped revision number for resource afab7f4d-8afe-451e-aaa0-cdbdf38e86ec (type: security_group_rules) to 0
2026-06-10 02:31:25.912 8 INFO neutron.db.ovn_revision_numbers_db [None req-38d11cd3-d650-4c1e-9ba8-a83d2e123d08 bcbcac4a2bf7425cbb809cf48c57bc89 0f5336f09d834b50a4bda3723af12ec2 - - default default] Successfully bumped revision number for resource b6a15862-47db-4086-a581-558c66573f99 (type: security_group_rules) to 0
2026-06-10 02:31:25.987 8 INFO neutron.db.segments_db [None req-38d11cd3-d650-4c1e-9ba8-a83d2e123d08 bcbcac4a2bf7425cbb809cf48c57bc89 0f5336f09d834b50a4bda3723af12ec2 - - default default] Added segment 0d405912-94b3-4bad-8e53-a656ae30441f of type geneve for network 235fc648-a87f-479c-9ffc-41f4bec2584a
2026-06-10 02:31:26.106 8 INFO neutron.db.ovn_revision_numbers_db [None req-38d11cd3-d650-4c1e-9ba8-a83d2e123d08 bcbcac4a2bf7425cbb809cf48c57bc89 0f5336f09d834b50a4bda3723af12ec2 - - default default] Successfully bumped revision number for resource 235fc648-a87f-479c-9ffc-41f4bec2584a (type: networks) to 1
2026-06-10 02:31:26.321 8 WARNING neutron.scheduler.dhcp_agent_scheduler [None req-38d11cd3-d650-4c1e-9ba8-a83d2e123d08 bcbcac4a2bf7425cbb809cf48c57bc89 0f5336f09d834b50a4bda3723af12ec2 - - default default] No more DHCP agents
2026-06-10 02:31:26.323 8 WARNING neutron.api.rpc.agentnotifiers.dhcp_rpc_agent_api [None req-38d11cd3-d650-4c1e-9ba8-a83d2e123d08 bcbcac4a2bf7425cbb809cf48c57bc89 0f5336f09d834b50a4bda3723af12ec2 - - default default] Unable to schedule network 235fc648-a87f-479c-9ffc-41f4bec2584a: no agents available; will retry on subsequent port and subnet creation events.
2026-06-10 02:31:26.363 7 INFO neutron.plugins.ml2.drivers.ovn.mech_driver.mech_driver [None req-5c255f31-c269-4406-9678-ddfba43e0990 - - - - - -] OVN reports status down for port: 68bed618-fb28-428f-8aef-cb19a6cbf71f
2026-06-10 02:31:26.404 8 INFO neutron.db.ovn_revision_numbers_db [None req-38d11cd3-d650-4c1e-9ba8-a83d2e123d08 bcbcac4a2bf7425cbb809cf48c57bc89 0f5336f09d834b50a4bda3723af12ec2 - - default default] Successfully bumped revision number for resource 68bed618-fb28-428f-8aef-cb19a6cbf71f (type: ports) to 1 [pid: 8|app: 0|req: 743/1467] 10.0.0.90 () {34 vars in 669 bytes} [Wed Jun 10 02:31:25 2026] POST /v2.0/networks => generated 640 bytes in 858 msecs (HTTP/1.1 201) 4 headers in 162 bytes (1 switches on core 0)
2026-06-10 02:31:26.519 7 WARNING neutron.scheduler.dhcp_agent_scheduler [None req-aadb8676-33ba-4827-b471-18c3476d9749 3d8acc16b84f4bd4b20389aabc2c50f5 71dbc60d60224e5baf2814c2c44ca70d - - default default] No more DHCP agents
2026-06-10 02:31:26.521 7 WARNING neutron.api.rpc.agentnotifiers.dhcp_rpc_agent_api [None req-aadb8676-33ba-4827-b471-18c3476d9749 3d8acc16b84f4bd4b20389aabc2c50f5 71dbc60d60224e5baf2814c2c44ca70d - - default default] Unable to schedule network a721d1b3-8656-45a8-bb37-77ddc5ea84bd: no agents available; will retry on subsequent port and subnet creation events.
2026-06-10 02:31:26.550 7 INFO neutron.db.ovn_revision_numbers_db [None req-aadb8676-33ba-4827-b471-18c3476d9749 3d8acc16b84f4bd4b20389aabc2c50f5 71dbc60d60224e5baf2814c2c44ca70d - - default default] Successfully bumped revision number for resource 705452b6-089a-44c7-a76a-ce45904c8f45 (type: subnets) to 0
2026-06-10 02:31:26.581 7 WARNING neutron.scheduler.dhcp_agent_scheduler [None req-aadb8676-33ba-4827-b471-18c3476d9749 3d8acc16b84f4bd4b20389aabc2c50f5 71dbc60d60224e5baf2814c2c44ca70d - - default default] No more DHCP agents
2026-06-10 02:31:26.582 7 WARNING neutron.api.rpc.agentnotifiers.dhcp_rpc_agent_api [None req-aadb8676-33ba-4827-b471-18c3476d9749 3d8acc16b84f4bd4b20389aabc2c50f5 71dbc60d60224e5baf2814c2c44ca70d - - default default] Unable to schedule network 5b932dd2-d38c-4f94-952d-05516235d17d: no agents available; will retry on subsequent port and subnet creation events.
2026-06-10 02:31:26.606 7 INFO neutron.db.ovn_revision_numbers_db [None req-aadb8676-33ba-4827-b471-18c3476d9749 3d8acc16b84f4bd4b20389aabc2c50f5 71dbc60d60224e5baf2814c2c44ca70d - - default default] Successfully bumped revision number for resource b87d3de2-6537-4d5f-804f-db1d8914c22f (type: subnets) to 0 [pid: 7|app: 0|req: 725/1468] 10.0.0.90 () {34 vars in 668 bytes} [Wed Jun 10 02:31:26 2026] POST /v2.0/subnets => generated 1324 bytes in 492 msecs (HTTP/1.1 201) 4 headers in 163 bytes (1 switches on core 0)
2026-06-10 02:31:26.628 8 WARNING neutron.scheduler.dhcp_agent_scheduler [None req-c1f0df69-175c-4517-9a9d-c38177c475d7 bcbcac4a2bf7425cbb809cf48c57bc89 0f5336f09d834b50a4bda3723af12ec2 - - default default] No more DHCP agents
2026-06-10 02:31:26.632 8 WARNING neutron.api.rpc.agentnotifiers.dhcp_rpc_agent_api [None req-c1f0df69-175c-4517-9a9d-c38177c475d7 bcbcac4a2bf7425cbb809cf48c57bc89 0f5336f09d834b50a4bda3723af12ec2 - - default default] Unable to schedule network 235fc648-a87f-479c-9ffc-41f4bec2584a: no agents available; will retry on subsequent port and subnet creation events. [pid: 7|app: 0|req: 726/1469] 10.0.0.90 () {32 vars in 646 bytes} [Wed Jun 10 02:31:26 2026] GET /v2.0/subnets => generated 1960 bytes in 26 msecs (HTTP/1.1 200) 4 headers in 158 bytes (1 switches on core 0) [pid: 7|app: 0|req: 727/1470] 10.0.0.90 () {32 vars in 723 bytes} [Wed Jun 10 02:31:26 2026] DELETE /v2.0/subnets/705452b6-089a-44c7-a76a-ce45904c8f45 => generated 0 bytes in 107 msecs (HTTP/1.1 204) 3 headers in 131 bytes (1 switches on core 0) [pid: 7|app: 0|req: 728/1471] 10.0.0.90 () {32 vars in 723 bytes} [Wed Jun 10 02:31:26 2026] DELETE /v2.0/subnets/b87d3de2-6537-4d5f-804f-db1d8914c22f => generated 0 bytes in 100 msecs (HTTP/1.1 204) 3 headers in 131 bytes (1 switches on core 0) [pid: 7|app: 0|req: 729/1472] 10.0.0.90 () {32 vars in 646 bytes} [Wed Jun 10 02:31:26 2026] GET /v2.0/subnets => generated 649 bytes in 20 msecs (HTTP/1.1 200) 4 headers in 157 bytes (1 switches on core 0)
2026-06-10 02:31:27.002 7 INFO neutron_taas.services.taas.taas_plugin [None req-25e0d105-90be-48b8-87ee-a752b945317d 3d8acc16b84f4bd4b20389aabc2c50f5 71dbc60d60224e5baf2814c2c44ca70d - - default default] TaaS: Handle Delete Port: 63cbc2ee-3e3c-438b-aaea-2ad2e486060c
2026-06-10 02:31:27.005 7 INFO neutron_taas.services.taas.tap_mirror_plugin [None req-25e0d105-90be-48b8-87ee-a752b945317d 3d8acc16b84f4bd4b20389aabc2c50f5 71dbc60d60224e5baf2814c2c44ca70d - - default default] Tap Mirror: Handle Delete Port: 63cbc2ee-3e3c-438b-aaea-2ad2e486060c
2026-06-10 02:31:27.081 8 INFO neutron.db.ovn_revision_numbers_db [None req-b6d57243-8d8b-4e18-9951-3cbbe699a7a7 - - - - - -] Successfully bumped revision number for resource 68bed618-fb28-428f-8aef-cb19a6cbf71f (type: ports) to 2
2026-06-10 02:31:27.130 8 INFO neutron.db.ovn_revision_numbers_db [None req-b6d57243-8d8b-4e18-9951-3cbbe699a7a7 - - - - - -] Successfully bumped revision number for resource ddf0aad2-62e1-4a0f-a959-f3df0c9287f1 (type: subnets) to 0 [pid: 8|app: 0|req: 744/1473] 10.0.0.90 () {34 vars in 668 bytes} [Wed Jun 10 02:31:26 2026] POST /v2.0/subnets => generated 658 bytes in 707 msecs (HTTP/1.1 201) 4 headers in 162 bytes (1 switches on core 0)
2026-06-10 02:31:27.173 7 INFO neutron.services.segments.plugin [-] Segment c0037dd6-e827-4c58-b7ed-e978fed0b9ad resource provider aggregate not found
2026-06-10 02:31:27.181 7 INFO neutron.services.segments.plugin [-] Segment c0037dd6-e827-4c58-b7ed-e978fed0b9ad resource provider aggregate not found
2026-06-10 02:31:27.193 7 INFO neutron.services.segments.plugin [-] Segment c0037dd6-e827-4c58-b7ed-e978fed0b9ad resource provider not found; error: Placement Client Error (4xx): {"errors": [{"status": 404, "title": "Not Found", "detail": "The resource could not be found.\n\n No resource provider with uuid c0037dd6-e827-4c58-b7ed-e978fed0b9ad found for delete ", "request_id": "req-b5acb3a0-ba55-4403-8545-59f8e1cd081a"}]}
2026-06-10 02:31:27.197 7 INFO neutron.services.segments.plugin [-] Segment c0037dd6-e827-4c58-b7ed-e978fed0b9ad resource provider not found; error: Placement Client Error (4xx): {"errors": [{"status": 404, "title": "Not Found", "detail": "The resource could not be found.\n\n No resource provider with uuid c0037dd6-e827-4c58-b7ed-e978fed0b9ad found for delete ", "request_id": "req-e0a75581-8c23-40e2-a771-f750932a7257"}]} [pid: 7|app: 0|req: 730/1474] 10.0.0.90 () {32 vars in 725 bytes} [Wed Jun 10 02:31:26 2026] DELETE /v2.0/networks/5b932dd2-d38c-4f94-952d-05516235d17d => generated 0 bytes in 301 msecs (HTTP/1.1 204) 3 headers in 131 bytes (1 switches on core 0) [pid: 8|app: 0|req: 745/1475] 10.0.0.90 () {32 vars in 721 bytes} [Wed Jun 10 02:31:27 2026] GET /v2.0/subnetpools?name=shared-default-subnetpool-v6 => generated 19 bytes in 176 msecs (HTTP/1.1 200) 4 headers in 156 bytes (1 switches on core 0)
2026-06-10 02:31:27.331 7 INFO neutron_taas.services.taas.taas_plugin [None req-51906521-2051-4ae5-bf50-dcaf99e7e57f 3d8acc16b84f4bd4b20389aabc2c50f5 71dbc60d60224e5baf2814c2c44ca70d - - default default] TaaS: Handle Delete Port: 52848877-f5c6-4264-a61a-1d8faa59c342
2026-06-10 02:31:27.336 7 INFO neutron_taas.services.taas.tap_mirror_plugin [None req-51906521-2051-4ae5-bf50-dcaf99e7e57f 3d8acc16b84f4bd4b20389aabc2c50f5 71dbc60d60224e5baf2814c2c44ca70d - - default default] Tap Mirror: Handle Delete Port: 52848877-f5c6-4264-a61a-1d8faa59c342 [pid: 7|app: 0|req: 731/1476] 10.0.0.90 () {32 vars in 725 bytes} [Wed Jun 10 02:31:27 2026] DELETE /v2.0/networks/a721d1b3-8656-45a8-bb37-77ddc5ea84bd => generated 0 bytes in 301 msecs (HTTP/1.1 204) 3 headers in 131 bytes (1 switches on core 0)
2026-06-10 02:31:27.537 8 WARNING neutron.scheduler.dhcp_agent_scheduler [None req-3bb6baee-08c1-4528-9623-57e7289b6ff5 bcbcac4a2bf7425cbb809cf48c57bc89 0f5336f09d834b50a4bda3723af12ec2 - - default default] No more DHCP agents
2026-06-10 02:31:27.539 8 WARNING neutron.api.rpc.agentnotifiers.dhcp_rpc_agent_api [None req-3bb6baee-08c1-4528-9623-57e7289b6ff5 bcbcac4a2bf7425cbb809cf48c57bc89 0f5336f09d834b50a4bda3723af12ec2 - - default default] Unable to schedule network 235fc648-a87f-479c-9ffc-41f4bec2584a: no agents available; will retry on subsequent port and subnet creation events.
2026-06-10 02:31:27.561 8 INFO neutron.db.ovn_revision_numbers_db [None req-3bb6baee-08c1-4528-9623-57e7289b6ff5 bcbcac4a2bf7425cbb809cf48c57bc89 0f5336f09d834b50a4bda3723af12ec2 - - default default] Successfully bumped revision number for resource 7d1c567e-d24c-40f3-a2a5-75b933741e22 (type: subnets) to 0 [pid: 8|app: 0|req: 746/1477] 10.0.0.90 () {34 vars in 668 bytes} [Wed Jun 10 02:31:27 2026] POST /v2.0/subnets => generated 731 bytes in 238 msecs (HTTP/1.1 201) 4 headers in 162 bytes (1 switches on core 0)
2026-06-10 02:31:27.652 7 INFO neutron_taas.services.taas.taas_plugin [None req-d98ddcec-c6b5-4378-9b71-fd43f8005c38 3d8acc16b84f4bd4b20389aabc2c50f5 71dbc60d60224e5baf2814c2c44ca70d - - default default] TaaS: Handle Delete Port: 5bc8330d-457e-4de5-82df-d7fd09b867b3
2026-06-10 02:31:27.655 7 INFO neutron_taas.services.taas.tap_mirror_plugin [None req-d98ddcec-c6b5-4378-9b71-fd43f8005c38 3d8acc16b84f4bd4b20389aabc2c50f5 71dbc60d60224e5baf2814c2c44ca70d - - default default] Tap Mirror: Handle Delete Port: 5bc8330d-457e-4de5-82df-d7fd09b867b3
2026-06-10 02:31:27.663 8 INFO neutron.db.segments_db [None req-d58e9b66-d2ef-4410-aa2d-d7e72e85b050 bcbcac4a2bf7425cbb809cf48c57bc89 0f5336f09d834b50a4bda3723af12ec2 - - default default] Added segment a981c00d-6653-4ba1-b4e1-1851847a7cd2 of type geneve for network bb7bed87-1613-47a5-84e1-e2cbe9ab0f6a
2026-06-10 02:31:27.769 8 INFO neutron.db.ovn_revision_numbers_db [None req-d58e9b66-d2ef-4410-aa2d-d7e72e85b050 bcbcac4a2bf7425cbb809cf48c57bc89 0f5336f09d834b50a4bda3723af12ec2 - - default default] Successfully bumped revision number for resource bb7bed87-1613-47a5-84e1-e2cbe9ab0f6a (type: networks) to 1 [pid: 7|app: 0|req: 732/1478] 10.0.0.90 () {32 vars in 725 bytes} [Wed Jun 10 02:31:27 2026] DELETE /v2.0/networks/abc1effc-3a2b-4e3d-b490-6878856d9f0d => generated 0 bytes in 322 msecs (HTTP/1.1 204) 3 headers in 131 bytes (1 switches on core 0)
2026-06-10 02:31:27.928 8 WARNING neutron.scheduler.dhcp_agent_scheduler [None req-d58e9b66-d2ef-4410-aa2d-d7e72e85b050 bcbcac4a2bf7425cbb809cf48c57bc89 0f5336f09d834b50a4bda3723af12ec2 - - default default] No more DHCP agents
2026-06-10 02:31:27.930 8 WARNING neutron.api.rpc.agentnotifiers.dhcp_rpc_agent_api [None req-d58e9b66-d2ef-4410-aa2d-d7e72e85b050 bcbcac4a2bf7425cbb809cf48c57bc89 0f5336f09d834b50a4bda3723af12ec2 - - default default] Unable to schedule network bb7bed87-1613-47a5-84e1-e2cbe9ab0f6a: no agents available; will retry on subsequent port and subnet creation events.
2026-06-10 02:31:27.989 7 INFO neutron.plugins.ml2.drivers.ovn.mech_driver.mech_driver [None req-5c255f31-c269-4406-9678-ddfba43e0990 - - - - - -] OVN reports status down for port: 8bde2096-0b1a-45d0-92ff-1bab3359e4f6
2026-06-10 02:31:28.024 8 INFO neutron.db.ovn_revision_numbers_db [None req-d58e9b66-d2ef-4410-aa2d-d7e72e85b050 bcbcac4a2bf7425cbb809cf48c57bc89 0f5336f09d834b50a4bda3723af12ec2 - - default default] Successfully bumped revision number for resource 8bde2096-0b1a-45d0-92ff-1bab3359e4f6 (type: ports) to 1 [pid: 8|app: 0|req: 747/1479] 10.0.0.90 () {34 vars in 669 bytes} [Wed Jun 10 02:31:27 2026] POST /v2.0/networks => generated 637 bytes in 472 msecs (HTTP/1.1 201) 4 headers in 162 bytes (1 switches on core 0)
2026-06-10 02:31:28.188 7 INFO neutron.db.ovn_revision_numbers_db [None req-59d5f065-2783-4075-8049-efcf8ef5fac0 1118976167d94ba590b1be64cbd6a681 a7ff035f24ea48f3b991c6a399d9b680 - - default default] Successfully bumped revision number for resource 3ea472c8-9fc7-4c5f-9ff0-a1f9400153e4 (type: security_groups) to 1
2026-06-10 02:31:28.198 8 INFO neutron_taas.services.taas.taas_plugin [None req-93abc789-a955-4b4d-9e46-fec6455e1e21 3d8acc16b84f4bd4b20389aabc2c50f5 71dbc60d60224e5baf2814c2c44ca70d - - default default] TaaS: Handle Delete Port: e5aa33c7-3395-4fc0-9ba0-ddc9fe3ff4c3
2026-06-10 02:31:28.201 8 INFO neutron_taas.services.taas.tap_mirror_plugin [None req-93abc789-a955-4b4d-9e46-fec6455e1e21 3d8acc16b84f4bd4b20389aabc2c50f5 71dbc60d60224e5baf2814c2c44ca70d - - default default] Tap Mirror: Handle Delete Port: e5aa33c7-3395-4fc0-9ba0-ddc9fe3ff4c3
2026-06-10 02:31:28.204 7 INFO neutron.db.ovn_revision_numbers_db [None req-59d5f065-2783-4075-8049-efcf8ef5fac0 1118976167d94ba590b1be64cbd6a681 a7ff035f24ea48f3b991c6a399d9b680 - - default default] Successfully bumped revision number for resource 55377bb2-42cf-43cb-8598-9c29482644c4 (type: security_group_rules) to 0
2026-06-10 02:31:28.218 7 INFO neutron.db.ovn_revision_numbers_db [None req-59d5f065-2783-4075-8049-efcf8ef5fac0 1118976167d94ba590b1be64cbd6a681 a7ff035f24ea48f3b991c6a399d9b680 - - default default] Successfully bumped revision number for resource 6fb3ab84-7da9-4fea-95cd-657da7f175d3 (type: security_group_rules) to 0
2026-06-10 02:31:28.232 7 INFO neutron.db.ovn_revision_numbers_db [None req-59d5f065-2783-4075-8049-efcf8ef5fac0 1118976167d94ba590b1be64cbd6a681 a7ff035f24ea48f3b991c6a399d9b680 - - default default] Successfully bumped revision number for resource 84f64176-0667-4992-94de-d4fd6a6eb4aa (type: security_group_rules) to 0
2026-06-10 02:31:28.245 7 INFO neutron.db.ovn_revision_numbers_db [None req-59d5f065-2783-4075-8049-efcf8ef5fac0 1118976167d94ba590b1be64cbd6a681 a7ff035f24ea48f3b991c6a399d9b680 - - default default] Successfully bumped revision number for resource c4f9a5a5-51ff-433a-8f33-b7bd9ea7928f (type: security_group_rules) to 0
2026-06-10 02:31:28.325 7 INFO neutron.db.segments_db [None req-59d5f065-2783-4075-8049-efcf8ef5fac0 1118976167d94ba590b1be64cbd6a681 a7ff035f24ea48f3b991c6a399d9b680 - - default default] Added segment 9f8b60bd-b97a-4b5a-8480-49a6940fc30d of type geneve for network da0ce10b-bb58-43bb-a0c6-6b03a5eedf5b
2026-06-10 02:31:28.402 8 INFO neutron.services.segments.plugin [-] Segment e5649ed4-85f1-4bba-a41c-f1cf8edb8766 resource provider aggregate not found
2026-06-10 02:31:28.409 8 INFO neutron.services.segments.plugin [-] Segment e5649ed4-85f1-4bba-a41c-f1cf8edb8766 resource provider aggregate not found
2026-06-10 02:31:28.431 8 INFO neutron.services.segments.plugin [-] Segment e5649ed4-85f1-4bba-a41c-f1cf8edb8766 resource provider not found; error: Placement Client Error (4xx): {"errors": [{"status": 404, "title": "Not Found", "detail": "The resource could not be found.\n\n No resource provider with uuid e5649ed4-85f1-4bba-a41c-f1cf8edb8766 found for delete ", "request_id": "req-6bda4214-7da2-4d8a-a58b-32df30bf5648"}]}
2026-06-10 02:31:28.433 8 INFO neutron.services.segments.plugin [-] Segment e5649ed4-85f1-4bba-a41c-f1cf8edb8766 resource provider not found; error: Placement Client Error (4xx): {"errors": [{"status": 404, "title": "Not Found", "detail": "The resource could not be found.\n\n No resource provider with uuid e5649ed4-85f1-4bba-a41c-f1cf8edb8766 found for delete ", "request_id": "req-9abedf26-8e57-42bf-a85f-28db64477079"}]}
2026-06-10 02:31:28.441 7 INFO neutron.db.ovn_revision_numbers_db [None req-59d5f065-2783-4075-8049-efcf8ef5fac0 1118976167d94ba590b1be64cbd6a681 a7ff035f24ea48f3b991c6a399d9b680 - - default default] Successfully bumped revision number for resource da0ce10b-bb58-43bb-a0c6-6b03a5eedf5b (type: networks) to 1 [pid: 8|app: 0|req: 748/1480] 10.0.0.90 () {32 vars in 725 bytes} [Wed Jun 10 02:31:28 2026] DELETE /v2.0/networks/20cc69cb-331f-4a56-92b1-8b0a2d1dce36 => generated 0 bytes in 396 msecs (HTTP/1.1 204) 3 headers in 131 bytes (1 switches on core 0)
2026-06-10 02:31:28.602 7 WARNING neutron.scheduler.dhcp_agent_scheduler [None req-59d5f065-2783-4075-8049-efcf8ef5fac0 1118976167d94ba590b1be64cbd6a681 a7ff035f24ea48f3b991c6a399d9b680 - - default default] No more DHCP agents
2026-06-10 02:31:28.603 7 WARNING neutron.api.rpc.agentnotifiers.dhcp_rpc_agent_api [None req-59d5f065-2783-4075-8049-efcf8ef5fac0 1118976167d94ba590b1be64cbd6a681 a7ff035f24ea48f3b991c6a399d9b680 - - default default] Unable to schedule network da0ce10b-bb58-43bb-a0c6-6b03a5eedf5b: no agents available; will retry on subsequent port and subnet creation events.
2026-06-10 02:31:28.644 7 INFO neutron.plugins.ml2.drivers.ovn.mech_driver.mech_driver [None req-5c255f31-c269-4406-9678-ddfba43e0990 - - - - - -] OVN reports status down for port: 27a68002-efb9-4e91-b01e-6bd615c8984b
2026-06-10 02:31:28.648 8 WARNING neutron.scheduler.dhcp_agent_scheduler [None req-3145b3ab-8a41-4218-ac7d-6fc70dec2433 bcbcac4a2bf7425cbb809cf48c57bc89 0f5336f09d834b50a4bda3723af12ec2 - - default default] No more DHCP agents
2026-06-10 02:31:28.650 8 WARNING neutron.api.rpc.agentnotifiers.dhcp_rpc_agent_api [None req-3145b3ab-8a41-4218-ac7d-6fc70dec2433 bcbcac4a2bf7425cbb809cf48c57bc89 0f5336f09d834b50a4bda3723af12ec2 - - default default] Unable to schedule network bb7bed87-1613-47a5-84e1-e2cbe9ab0f6a: no agents available; will retry on subsequent port and subnet creation events.
2026-06-10 02:31:28.701 7 INFO neutron.db.ovn_revision_numbers_db [None req-59d5f065-2783-4075-8049-efcf8ef5fac0 1118976167d94ba590b1be64cbd6a681 a7ff035f24ea48f3b991c6a399d9b680 - - default default] Successfully bumped revision number for resource 27a68002-efb9-4e91-b01e-6bd615c8984b (type: ports) to 1 [pid: 7|app: 0|req: 733/1481] 10.0.0.90 () {34 vars in 669 bytes} [Wed Jun 10 02:31:27 2026] POST /v2.0/networks => generated 648 bytes in 898 msecs (HTTP/1.1 201) 4 headers in 162 bytes (1 switches on core 0)
2026-06-10 02:31:29.078 8 INFO neutron.db.ovn_revision_numbers_db [None req-fd6fb349-41bc-4bb0-aa9a-e1bf612f85a1 - - - - - -] Successfully bumped revision number for resource 8bde2096-0b1a-45d0-92ff-1bab3359e4f6 (type: ports) to 2
2026-06-10 02:31:29.113 8 INFO neutron.db.ovn_revision_numbers_db [None req-fd6fb349-41bc-4bb0-aa9a-e1bf612f85a1 - - - - - -] Successfully bumped revision number for resource 4660b3e2-b1d9-4866-84da-804ab5f6e367 (type: subnets) to 0 [pid: 8|app: 0|req: 749/1484] 10.0.0.90 () {34 vars in 668 bytes} [Wed Jun 10 02:31:28 2026] POST /v2.0/subnets => generated 656 bytes in 676 msecs (HTTP/1.1 201) 4 headers in 162 bytes (1 switches on core 0)
2026-06-10 02:31:29.210 7 INFO neutron.services.segments.plugin [-] Segment 498b178d-eb50-4d3d-9089-7210c804459f resource provider aggregate not found
2026-06-10 02:31:29.223 7 INFO neutron.services.segments.plugin [-] Segment 498b178d-eb50-4d3d-9089-7210c804459f resource provider aggregate not found
2026-06-10 02:31:29.235 7 INFO neutron.services.segments.plugin [-] Segment 498b178d-eb50-4d3d-9089-7210c804459f resource provider not found; error: Placement Client Error (4xx): {"errors": [{"status": 404, "title": "Not Found", "detail": "The resource could not be found.\n\n No resource provider with uuid 498b178d-eb50-4d3d-9089-7210c804459f found for delete ", "request_id": "req-120ca3dd-dec7-42d4-a399-a1bd9587bd7d"}]}
2026-06-10 02:31:29.247 7 INFO neutron.services.segments.plugin [-] Segment 498b178d-eb50-4d3d-9089-7210c804459f resource provider not found; error: Placement Client Error (4xx): {"errors": [{"status": 404, "title": "Not Found", "detail": "The resource could not be found.\n\n No resource provider with uuid 498b178d-eb50-4d3d-9089-7210c804459f found for delete ", "request_id": "req-53b3b7ce-d139-453b-9273-8299a45fb02e"}]}
2026-06-10 02:31:29.264 7 INFO neutron.services.segments.plugin [-] Segment 5daef05e-d22a-4e32-be7d-196a51e5533c resource provider aggregate not found
2026-06-10 02:31:29.274 7 INFO neutron.services.segments.plugin [-] Segment 5daef05e-d22a-4e32-be7d-196a51e5533c resource provider aggregate not found
2026-06-10 02:31:29.291 7 INFO neutron.services.segments.plugin [-] Segment 5daef05e-d22a-4e32-be7d-196a51e5533c resource provider not found; error: Placement Client Error (4xx): {"errors": [{"status": 404, "title": "Not Found", "detail": "The resource could not be found.\n\n No resource provider with uuid 5daef05e-d22a-4e32-be7d-196a51e5533c found for delete ", "request_id": "req-24fa7232-c01c-41b6-82c3-8c1eeaceb79a"}]} [pid: 7|app: 0|req: 736/1485] 10.0.0.90 () {32 vars in 773 bytes} [Wed Jun 10 02:31:28 2026] GET /v2.0/security-groups?tenant_id=71dbc60d60224e5baf2814c2c44ca70d&name=default => generated 2925 bytes in 310 msecs (HTTP/1.1 200) 4 headers in 158 bytes (1 switches on core 0)
2026-06-10 02:31:29.313 7 INFO neutron.services.segments.plugin [-] Segment 5daef05e-d22a-4e32-be7d-196a51e5533c resource provider not found; error: Placement Client Error (4xx): {"errors": [{"status": 404, "title": "Not Found", "detail": "The resource could not be found.\n\n No resource provider with uuid 5daef05e-d22a-4e32-be7d-196a51e5533c found for delete ", "request_id": "req-78579c46-f80b-4277-adf1-a27b1378670d"}]}
2026-06-10 02:31:29.343 8 WARNING neutron.scheduler.dhcp_agent_scheduler [None req-6d2545c7-f105-4508-a439-f55fd222ef42 bcbcac4a2bf7425cbb809cf48c57bc89 0f5336f09d834b50a4bda3723af12ec2 - - default default] No more DHCP agents
2026-06-10 02:31:29.344 8 WARNING neutron.api.rpc.agentnotifiers.dhcp_rpc_agent_api [None req-6d2545c7-f105-4508-a439-f55fd222ef42 bcbcac4a2bf7425cbb809cf48c57bc89 0f5336f09d834b50a4bda3723af12ec2 - - default default] Unable to schedule network bb7bed87-1613-47a5-84e1-e2cbe9ab0f6a: no agents available; will retry on subsequent port and subnet creation events.
2026-06-10 02:31:29.362 8 INFO neutron.db.ovn_revision_numbers_db [None req-6d2545c7-f105-4508-a439-f55fd222ef42 bcbcac4a2bf7425cbb809cf48c57bc89 0f5336f09d834b50a4bda3723af12ec2 - - default default] Successfully bumped revision number for resource cd027424-7d34-4a2b-9025-0946b5bdbcb1 (type: subnets) to 0 [pid: 8|app: 0|req: 750/1486] 10.0.0.90 () {34 vars in 668 bytes} [Wed Jun 10 02:31:29 2026] POST /v2.0/subnets => generated 726 bytes in 242 msecs (HTTP/1.1 201) 4 headers in 162 bytes (1 switches on core 0)
2026-06-10 02:31:29.501 7 WARNING neutron.scheduler.dhcp_agent_scheduler [None req-6958b77a-b4aa-4ef8-aeb2-3f25981d9bb3 1118976167d94ba590b1be64cbd6a681 a7ff035f24ea48f3b991c6a399d9b680 - - default default] No more DHCP agents
2026-06-10 02:31:29.503 7 WARNING neutron.api.rpc.agentnotifiers.dhcp_rpc_agent_api [None req-6958b77a-b4aa-4ef8-aeb2-3f25981d9bb3 1118976167d94ba590b1be64cbd6a681 a7ff035f24ea48f3b991c6a399d9b680 - - default default] Unable to schedule network da0ce10b-bb58-43bb-a0c6-6b03a5eedf5b: no agents available; will retry on subsequent port and subnet creation events. [pid: 8|app: 0|req: 751/1487] 10.0.0.90 () {32 vars in 739 bytes} [Wed Jun 10 02:31:29 2026] DELETE /v2.0/security-groups/5360d467-20ce-4a36-8b94-d74a13db6b32 => generated 0 bytes in 148 msecs (HTTP/1.1 204) 2 headers in 112 bytes (1 switches on core 0)
2026-06-10 02:31:29.535 7 INFO neutron.db.ovn_revision_numbers_db [None req-6958b77a-b4aa-4ef8-aeb2-3f25981d9bb3 1118976167d94ba590b1be64cbd6a681 a7ff035f24ea48f3b991c6a399d9b680 - - default default] Successfully bumped revision number for resource 3eb19d55-e860-47f8-b1b8-65a756c40c95 (type: subnets) to 0 [pid: 7|app: 0|req: 737/1488] 10.0.0.90 () {34 vars in 668 bytes} [Wed Jun 10 02:31:29 2026] POST /v2.0/subnets => generated 673 bytes in 246 msecs (HTTP/1.1 201) 4 headers in 162 bytes (1 switches on core 0)
2026-06-10 02:31:29.614 8 INFO neutron.db.segments_db [None req-06eea7ba-f3f5-40a7-a5b0-42c2d232ad71 bcbcac4a2bf7425cbb809cf48c57bc89 0f5336f09d834b50a4bda3723af12ec2 - - default default] Added segment d01257ca-24c6-4c64-aac9-7b84af199459 of type geneve for network ec333305-0195-4014-8edc-59f44b738032
2026-06-10 02:31:29.649 7 INFO neutron.db.segments_db [None req-85cfe0a9-5671-4571-9cea-63f91f584e81 1118976167d94ba590b1be64cbd6a681 a7ff035f24ea48f3b991c6a399d9b680 - - default default] Added segment 82c22f92-3e92-439c-9f92-1db9357d3118 of type geneve for network 34b600a0-6296-4fd5-8978-22c081421f2f
2026-06-10 02:31:29.726 8 INFO neutron.db.ovn_revision_numbers_db [None req-06eea7ba-f3f5-40a7-a5b0-42c2d232ad71 bcbcac4a2bf7425cbb809cf48c57bc89 0f5336f09d834b50a4bda3723af12ec2 - - default default] Successfully bumped revision number for resource ec333305-0195-4014-8edc-59f44b738032 (type: networks) to 1
2026-06-10 02:31:29.765 7 INFO neutron.db.ovn_revision_numbers_db [None req-85cfe0a9-5671-4571-9cea-63f91f584e81 1118976167d94ba590b1be64cbd6a681 a7ff035f24ea48f3b991c6a399d9b680 - - default default] Successfully bumped revision number for resource 34b600a0-6296-4fd5-8978-22c081421f2f (type: networks) to 1
2026-06-10 02:31:29.904 8 WARNING neutron.scheduler.dhcp_agent_scheduler [None req-06eea7ba-f3f5-40a7-a5b0-42c2d232ad71 bcbcac4a2bf7425cbb809cf48c57bc89 0f5336f09d834b50a4bda3723af12ec2 - - default default] No more DHCP agents
2026-06-10 02:31:29.907 8 WARNING neutron.api.rpc.agentnotifiers.dhcp_rpc_agent_api [None req-06eea7ba-f3f5-40a7-a5b0-42c2d232ad71 bcbcac4a2bf7425cbb809cf48c57bc89 0f5336f09d834b50a4bda3723af12ec2 - - default default] Unable to schedule network ec333305-0195-4014-8edc-59f44b738032: no agents available; will retry on subsequent port and subnet creation events.
2026-06-10 02:31:29.914 7 WARNING neutron.scheduler.dhcp_agent_scheduler [None req-85cfe0a9-5671-4571-9cea-63f91f584e81 1118976167d94ba590b1be64cbd6a681 a7ff035f24ea48f3b991c6a399d9b680 - - default default] No more DHCP agents
2026-06-10 02:31:29.915 7 WARNING neutron.api.rpc.agentnotifiers.dhcp_rpc_agent_api [None req-85cfe0a9-5671-4571-9cea-63f91f584e81 1118976167d94ba590b1be64cbd6a681 a7ff035f24ea48f3b991c6a399d9b680 - - default default] Unable to schedule network 34b600a0-6296-4fd5-8978-22c081421f2f: no agents available; will retry on subsequent port and subnet creation events.
2026-06-10 02:31:29.949 8 INFO neutron.plugins.ml2.drivers.ovn.mech_driver.mech_driver [None req-4e5c2c12-c932-4b67-9cc2-79d40d420481 - - - - - -] OVN reports status down for port: b4f23d71-ef14-4d2a-87c6-f837868012f9
2026-06-10 02:31:29.973 7 INFO neutron.plugins.ml2.drivers.ovn.mech_driver.mech_driver [None req-5c255f31-c269-4406-9678-ddfba43e0990 - - - - - -] OVN reports status down for port: 1ad79fc4-a525-4023-992d-aa6ac88f683c
2026-06-10 02:31:30.017 7 INFO neutron.db.ovn_revision_numbers_db [None req-85cfe0a9-5671-4571-9cea-63f91f584e81 1118976167d94ba590b1be64cbd6a681 a7ff035f24ea48f3b991c6a399d9b680 - - default default] Successfully bumped revision number for resource 1ad79fc4-a525-4023-992d-aa6ac88f683c (type: ports) to 1
2026-06-10 02:31:30.032 8 INFO neutron.db.ovn_revision_numbers_db [None req-06eea7ba-f3f5-40a7-a5b0-42c2d232ad71 bcbcac4a2bf7425cbb809cf48c57bc89 0f5336f09d834b50a4bda3723af12ec2 - - default default] Successfully bumped revision number for resource b4f23d71-ef14-4d2a-87c6-f837868012f9 (type: ports) to 1 [pid: 7|app: 0|req: 738/1489] 10.0.0.90 () {34 vars in 669 bytes} [Wed Jun 10 02:31:29 2026] POST /v2.0/networks => generated 648 bytes in 508 msecs (HTTP/1.1 201) 4 headers in 162 bytes (1 switches on core 0) [pid: 8|app: 0|req: 752/1490] 10.0.0.90 () {34 vars in 669 bytes} [Wed Jun 10 02:31:29 2026] POST /v2.0/networks => generated 637 bytes in 566 msecs (HTTP/1.1 201) 4 headers in 162 bytes (1 switches on core 0)
2026-06-10 02:31:30.206 7 INFO neutron.db.ovn_revision_numbers_db [None req-c54017b0-20ef-4ce7-a5ab-3f37f6e5880c 1118976167d94ba590b1be64cbd6a681 a7ff035f24ea48f3b991c6a399d9b680 - - default default] Successfully bumped revision number for resource 34b600a0-6296-4fd5-8978-22c081421f2f (type: networks) to 2 [pid: 7|app: 0|req: 739/1491] 10.0.0.90 () {34 vars in 742 bytes} [Wed Jun 10 02:31:30 2026] PUT /v2.0/networks/34b600a0-6296-4fd5-8978-22c081421f2f => generated 598 bytes in 137 msecs (HTTP/1.1 200) 4 headers in 157 bytes (1 switches on core 0)
2026-06-10 02:31:30.304 8 WARNING neutron.scheduler.dhcp_agent_scheduler [None req-29a7fb04-90b3-4ac4-a017-7d32e9bf33ea bcbcac4a2bf7425cbb809cf48c57bc89 0f5336f09d834b50a4bda3723af12ec2 - - default default] No more DHCP agents
2026-06-10 02:31:30.305 8 WARNING neutron.api.rpc.agentnotifiers.dhcp_rpc_agent_api [None req-29a7fb04-90b3-4ac4-a017-7d32e9bf33ea bcbcac4a2bf7425cbb809cf48c57bc89 0f5336f09d834b50a4bda3723af12ec2 - - default default] Unable to schedule network ec333305-0195-4014-8edc-59f44b738032: no agents available; will retry on subsequent port and subnet creation events.
2026-06-10 02:31:30.465 7 INFO neutron.db.ovn_revision_numbers_db [None req-95d73d6c-1781-46b1-a6df-1f874683fa9f fff6c53a4b894355ac72a2657f61b3f1 923dc6f34f1d48efaa2393f28136a9ba - - default default] Successfully bumped revision number for resource 18ba771e-fe02-4202-910d-79d668e0653e (type: security_groups) to 1
2026-06-10 02:31:30.483 7 INFO neutron.db.ovn_revision_numbers_db [None req-95d73d6c-1781-46b1-a6df-1f874683fa9f fff6c53a4b894355ac72a2657f61b3f1 923dc6f34f1d48efaa2393f28136a9ba - - default default] Successfully bumped revision number for resource 300ae76b-e232-4a72-8917-6eef22b37f9d (type: security_group_rules) to 0
2026-06-10 02:31:30.495 7 INFO neutron.db.ovn_revision_numbers_db [None req-95d73d6c-1781-46b1-a6df-1f874683fa9f fff6c53a4b894355ac72a2657f61b3f1 923dc6f34f1d48efaa2393f28136a9ba - - default default] Successfully bumped revision number for resource 8e62a7f3-3c98-4232-a63c-bacd05d09f2c (type: security_group_rules) to 0
