2026-06-10 02:31:11.042 7 INFO neutron_taas.services.taas.tap_mirror_plugin [None req-58dddbbf-8d4c-4dfb-a0f8-2d6fe0850c04 fff6c53a4b894355ac72a2657f61b3f1 923dc6f34f1d48efaa2393f28136a9ba - - default default] Tap Mirror: Handle Delete Port: 0902d990-dd21-4aca-9112-0b256a07258f [pid: 7|app: 0|req: 689/1398] 10.0.0.90 () {32 vars in 723 bytes} [Wed Jun 10 02:31:10 2026] DELETE /v2.0/routers/3e24eb85-bbd6-42c5-bf6c-31b572cda91f => generated 0 bytes in 792 msecs (HTTP/1.1 204) 2 headers in 112 bytes (1 switches on core 0) [pid: 7|app: 0|req: 690/1399] 10.0.0.90 () {32 vars in 723 bytes} [Wed Jun 10 02:31:11 2026] DELETE /v2.0/subnets/aad9ecf3-8027-442e-96f0-7270c0cdbfb0 => generated 0 bytes in 149 msecs (HTTP/1.1 204) 3 headers in 131 bytes (1 switches on core 0)
2026-06-10 02:31:11.736 7 INFO neutron_taas.services.taas.taas_plugin [None req-471d49fc-4030-4ee4-8577-2ea4e0a49fa8 fff6c53a4b894355ac72a2657f61b3f1 923dc6f34f1d48efaa2393f28136a9ba - - default default] TaaS: Handle Delete Port: 4b0e7a87-ddb2-4634-ac35-b6347b5dac43
2026-06-10 02:31:11.739 7 INFO neutron_taas.services.taas.tap_mirror_plugin [None req-471d49fc-4030-4ee4-8577-2ea4e0a49fa8 fff6c53a4b894355ac72a2657f61b3f1 923dc6f34f1d48efaa2393f28136a9ba - - default default] Tap Mirror: Handle Delete Port: 4b0e7a87-ddb2-4634-ac35-b6347b5dac43
2026-06-10 02:31:11.909 7 INFO neutron.services.segments.plugin [-] Segment ef44744e-c695-4e81-a86e-15d735aabbc9 resource provider aggregate not found
2026-06-10 02:31:11.914 7 INFO neutron.services.segments.plugin [-] Segment ef44744e-c695-4e81-a86e-15d735aabbc9 resource provider aggregate not found
2026-06-10 02:31:11.924 7 INFO neutron.services.segments.plugin [-] Segment ef44744e-c695-4e81-a86e-15d735aabbc9 resource provider not found; error: Placement Client Error (4xx): {"errors": [{"status": 404, "title": "Not Found", "detail": "The resource could not be found.\n\n No resource provider with uuid ef44744e-c695-4e81-a86e-15d735aabbc9 found for delete ", "request_id": "req-8ac9f3de-07af-4be3-ac5f-ff7289e7fe56"}]}
2026-06-10 02:31:11.931 7 INFO neutron.services.segments.plugin [-] Segment ef44744e-c695-4e81-a86e-15d735aabbc9 resource provider not found; error: Placement Client Error (4xx): {"errors": [{"status": 404, "title": "Not Found", "detail": "The resource could not be found.\n\n No resource provider with uuid ef44744e-c695-4e81-a86e-15d735aabbc9 found for delete ", "request_id": "req-d9a21ad6-f8ed-46fe-bba3-09c5f9b5b936"}]} [pid: 7|app: 0|req: 691/1400] 10.0.0.90 () {32 vars in 725 bytes} [Wed Jun 10 02:31:11 2026] DELETE /v2.0/networks/9fb2d8ae-10f5-4688-bc3b-04be58559b4a => generated 0 bytes in 317 msecs (HTTP/1.1 204) 3 headers in 131 bytes (1 switches on core 0)
2026-06-10 02:31:11.963 8 WARNING neutron.scheduler.dhcp_agent_scheduler [None req-9faa1a10-7b5a-4f53-bc7a-f73d173fedf2 1f425db34a284a4fabef32e53abb8e95 e0553f601df945ce901f7fe49ca4ceee - - default default] No more DHCP agents
2026-06-10 02:31:11.965 8 WARNING neutron.api.rpc.agentnotifiers.dhcp_rpc_agent_api [None req-9faa1a10-7b5a-4f53-bc7a-f73d173fedf2 1f425db34a284a4fabef32e53abb8e95 e0553f601df945ce901f7fe49ca4ceee - - default default] Unable to schedule network a67f73f7-561e-49e4-8355-ef878db0feb3: no agents available; will retry on subsequent port and subnet creation events.
2026-06-10 02:31:12.065 7 INFO neutron.plugins.ml2.drivers.ovn.mech_driver.mech_driver [None req-5c255f31-c269-4406-9678-ddfba43e0990 - - - - - -] OVN reports status down for port: 86cf342b-acce-4dd7-8708-ca215bd4fbc5
2026-06-10 02:31:12.089 8 INFO neutron.db.ovn_revision_numbers_db [None req-9faa1a10-7b5a-4f53-bc7a-f73d173fedf2 1f425db34a284a4fabef32e53abb8e95 e0553f601df945ce901f7fe49ca4ceee - - default default] Successfully bumped revision number for resource 86cf342b-acce-4dd7-8708-ca215bd4fbc5 (type: ports) to 1 [pid: 7|app: 0|req: 692/1401] 10.0.0.90 () {32 vars in 773 bytes} [Wed Jun 10 02:31:12 2026] GET /v2.0/security-groups?tenant_id=abb94e7a67a54ee3be351bb34e383af2&name=default => generated 2925 bytes in 60 msecs (HTTP/1.1 200) 4 headers in 158 bytes (1 switches on core 0)
2026-06-10 02:31:12.437 7 INFO neutron.db.ovn_revision_numbers_db [None req-89b1ce9d-3cf6-4577-85c1-5598220fad55 fff6c53a4b894355ac72a2657f61b3f1 923dc6f34f1d48efaa2393f28136a9ba - - default default] Successfully bumped revision number for resource 4121dceb-6c74-49f6-9d0a-2d28b3a16e65 (type: security_groups) to 1
2026-06-10 02:31:12.447 7 INFO neutron.db.ovn_revision_numbers_db [None req-89b1ce9d-3cf6-4577-85c1-5598220fad55 fff6c53a4b894355ac72a2657f61b3f1 923dc6f34f1d48efaa2393f28136a9ba - - default default] Successfully bumped revision number for resource 5f898378-83a2-4b24-ac4c-544ed1cdcc15 (type: security_group_rules) to 0
2026-06-10 02:31:12.461 7 INFO neutron.db.ovn_revision_numbers_db [None req-89b1ce9d-3cf6-4577-85c1-5598220fad55 fff6c53a4b894355ac72a2657f61b3f1 923dc6f34f1d48efaa2393f28136a9ba - - default default] Successfully bumped revision number for resource 713e8be0-a885-4825-a181-f4c8a1c3802b (type: security_group_rules) to 0
2026-06-10 02:31:12.474 7 INFO neutron.db.ovn_revision_numbers_db [None req-89b1ce9d-3cf6-4577-85c1-5598220fad55 fff6c53a4b894355ac72a2657f61b3f1 923dc6f34f1d48efaa2393f28136a9ba - - default default] Successfully bumped revision number for resource c9276f7b-f716-45d9-92e5-44951b0f6c62 (type: security_group_rules) to 0
2026-06-10 02:31:12.484 7 INFO neutron.db.ovn_revision_numbers_db [None req-89b1ce9d-3cf6-4577-85c1-5598220fad55 fff6c53a4b894355ac72a2657f61b3f1 923dc6f34f1d48efaa2393f28136a9ba - - default default] Successfully bumped revision number for resource ead83f8d-bc82-4b4e-adb5-9a679415f6d9 (type: security_group_rules) to 0 [pid: 7|app: 0|req: 693/1402] 10.0.0.90 () {32 vars in 773 bytes} [Wed Jun 10 02:31:12 2026] GET /v2.0/security-groups?tenant_id=a051321714594882b32c5e501670e3a6&name=default => generated 2925 bytes in 372 msecs (HTTP/1.1 200) 4 headers in 158 bytes (1 switches on core 0)
2026-06-10 02:31:12.738 8 INFO neutron.plugins.ml2.drivers.ovn.mech_driver.ovsdb.commands [None req-9e594d7a-c69a-43b6-a5cf-018a0a6f618b - - - - - -] Schedule LRP lrp-86cf342b-acce-4dd7-8708-ca215bd4fbc5 on gateway bd3091be-f2d0-4662-b6f1-271863026c93 with priority 1 [pid: 7|app: 0|req: 694/1403] 10.0.0.90 () {32 vars in 739 bytes} [Wed Jun 10 02:31:12 2026] DELETE /v2.0/security-groups/84464b52-6200-4ee1-bf8e-118300153e28 => generated 0 bytes in 268 msecs (HTTP/1.1 204) 2 headers in 112 bytes (1 switches on core 0)
2026-06-10 02:31:12.791 8 INFO neutron.db.ovn_revision_numbers_db [None req-9faa1a10-7b5a-4f53-bc7a-f73d173fedf2 1f425db34a284a4fabef32e53abb8e95 e0553f601df945ce901f7fe49ca4ceee - - default default] Successfully bumped revision number for resource 86cf342b-acce-4dd7-8708-ca215bd4fbc5 (type: router_ports) to 1
2026-06-10 02:31:12.812 7 INFO neutron.plugins.ml2.drivers.ovn.mech_driver.mech_driver [None req-5c255f31-c269-4406-9678-ddfba43e0990 - - - - - -] OVN reports status up for port: 86cf342b-acce-4dd7-8708-ca215bd4fbc5
2026-06-10 02:31:12.835 7 INFO neutron.plugins.ml2.plugin [None req-5c255f31-c269-4406-9678-ddfba43e0990 - - - - - -] Attempt 1 to provision port 86cf342b-acce-4dd7-8708-ca215bd4fbc5
2026-06-10 02:31:12.868 8 INFO neutron.db.ovn_revision_numbers_db [None req-9faa1a10-7b5a-4f53-bc7a-f73d173fedf2 1f425db34a284a4fabef32e53abb8e95 e0553f601df945ce901f7fe49ca4ceee - - default default] Successfully bumped revision number for resource 39edd213-6f85-408c-996f-9b434e6a2994 (type: routers) to 2 [pid: 8|app: 0|req: 710/1404] 10.0.0.90 () {34 vars in 668 bytes} [Wed Jun 10 02:31:10 2026] POST /v2.0/routers => generated 955 bytes in 1923 msecs (HTTP/1.1 201) 4 headers in 162 bytes (1 switches on core 0) [pid: 7|app: 0|req: 695/1405] 10.0.0.90 () {32 vars in 739 bytes} [Wed Jun 10 02:31:12 2026] DELETE /v2.0/security-groups/4121dceb-6c74-49f6-9d0a-2d28b3a16e65 => generated 0 bytes in 321 msecs (HTTP/1.1 204) 2 headers in 112 bytes (1 switches on core 0)
2026-06-10 02:31:13.439 7 INFO neutron.db.ovn_revision_numbers_db [None req-c97a2a8b-0a3f-4acd-8a91-9e0d15d46137 fff6c53a4b894355ac72a2657f61b3f1 923dc6f34f1d48efaa2393f28136a9ba - - default default] Successfully bumped revision number for resource 27c93600-d1a3-4aa5-9d50-7e7c02fe4d7f (type: security_groups) to 1
2026-06-10 02:31:13.450 7 INFO neutron.db.ovn_revision_numbers_db [None req-c97a2a8b-0a3f-4acd-8a91-9e0d15d46137 fff6c53a4b894355ac72a2657f61b3f1 923dc6f34f1d48efaa2393f28136a9ba - - default default] Successfully bumped revision number for resource 2149aafb-1a7a-4316-b287-99402cf99e75 (type: security_group_rules) to 0
2026-06-10 02:31:13.469 7 INFO neutron.db.ovn_revision_numbers_db [None req-c97a2a8b-0a3f-4acd-8a91-9e0d15d46137 fff6c53a4b894355ac72a2657f61b3f1 923dc6f34f1d48efaa2393f28136a9ba - - default default] Successfully bumped revision number for resource 31bc1f18-06fe-47c6-81d1-d8241b66350b (type: security_group_rules) to 0
2026-06-10 02:31:13.486 7 INFO neutron.db.ovn_revision_numbers_db [None req-c97a2a8b-0a3f-4acd-8a91-9e0d15d46137 fff6c53a4b894355ac72a2657f61b3f1 923dc6f34f1d48efaa2393f28136a9ba - - default default] Successfully bumped revision number for resource 4f69d8db-2a7d-46ab-98a0-6c7224c2f2ec (type: security_group_rules) to 0
2026-06-10 02:31:13.499 7 INFO neutron.db.ovn_revision_numbers_db [None req-c97a2a8b-0a3f-4acd-8a91-9e0d15d46137 fff6c53a4b894355ac72a2657f61b3f1 923dc6f34f1d48efaa2393f28136a9ba - - default default] Successfully bumped revision number for resource ef8526a7-36f7-4606-8a8d-5b41df5d7efd (type: security_group_rules) to 0 [pid: 7|app: 0|req: 698/1408] 10.0.0.90 () {32 vars in 773 bytes} [Wed Jun 10 02:31:13 2026] GET /v2.0/security-groups?tenant_id=1f6aa14e846942efbf5f1c13b6d11f77&name=default => generated 2925 bytes in 226 msecs (HTTP/1.1 200) 4 headers in 158 bytes (1 switches on core 0)
2026-06-10 02:31:13.543 8 WARNING neutron.scheduler.dhcp_agent_scheduler [None req-18e493a1-4c08-44fa-b36f-91668a303671 1f425db34a284a4fabef32e53abb8e95 e0553f601df945ce901f7fe49ca4ceee - - default default] No more DHCP agents
2026-06-10 02:31:13.544 8 WARNING neutron.api.rpc.agentnotifiers.dhcp_rpc_agent_api [None req-18e493a1-4c08-44fa-b36f-91668a303671 1f425db34a284a4fabef32e53abb8e95 e0553f601df945ce901f7fe49ca4ceee - - default default] Unable to schedule network 6e82ce6f-1eea-4cc5-a67b-4a15d130e9e5: no agents available; will retry on subsequent port and subnet creation events.
2026-06-10 02:31:13.680 8 INFO neutron.plugins.ml2.drivers.ovn.mech_driver.mech_driver [None req-8006f4b4-3201-439a-806b-5f8df4aa5100 - - - - - -] OVN reports status down for port: 56cd2362-ad59-4697-a3a6-82afad1f6922
2026-06-10 02:31:13.766 8 INFO neutron.db.ovn_revision_numbers_db [None req-18e493a1-4c08-44fa-b36f-91668a303671 1f425db34a284a4fabef32e53abb8e95 e0553f601df945ce901f7fe49ca4ceee - - default default] Successfully bumped revision number for resource 56cd2362-ad59-4697-a3a6-82afad1f6922 (type: ports) to 1 [pid: 7|app: 0|req: 699/1409] 10.0.0.90 () {32 vars in 739 bytes} [Wed Jun 10 02:31:13 2026] DELETE /v2.0/security-groups/27c93600-d1a3-4aa5-9d50-7e7c02fe4d7f => generated 0 bytes in 308 msecs (HTTP/1.1 204) 2 headers in 112 bytes (1 switches on core 0)
2026-06-10 02:31:14.562 8 INFO neutron.plugins.ml2.drivers.ovn.mech_driver.mech_driver [None req-8006f4b4-3201-439a-806b-5f8df4aa5100 - - - - - -] OVN reports status up for port: 56cd2362-ad59-4697-a3a6-82afad1f6922
2026-06-10 02:31:14.586 8 INFO neutron.plugins.ml2.plugin [None req-8006f4b4-3201-439a-806b-5f8df4aa5100 - - - - - -] Attempt 1 to provision port 56cd2362-ad59-4697-a3a6-82afad1f6922
2026-06-10 02:31:14.708 8 WARNING neutron.scheduler.dhcp_agent_scheduler [None req-18e493a1-4c08-44fa-b36f-91668a303671 1f425db34a284a4fabef32e53abb8e95 e0553f601df945ce901f7fe49ca4ceee - - default default] No more DHCP agents
2026-06-10 02:31:14.712 8 WARNING neutron.api.rpc.agentnotifiers.dhcp_rpc_agent_api [None req-18e493a1-4c08-44fa-b36f-91668a303671 1f425db34a284a4fabef32e53abb8e95 e0553f601df945ce901f7fe49ca4ceee - - default default] Unable to schedule network 6e82ce6f-1eea-4cc5-a67b-4a15d130e9e5: no agents available; will retry on subsequent port and subnet creation events.
2026-06-10 02:31:15.279 8 INFO neutron.db.ovn_revision_numbers_db [None req-8006f4b4-3201-439a-806b-5f8df4aa5100 - - - - - -] Successfully bumped revision number for resource 56cd2362-ad59-4697-a3a6-82afad1f6922 (type: ports) to 2
2026-06-10 02:31:15.530 8 INFO neutron.db.ovn_revision_numbers_db [None req-18e493a1-4c08-44fa-b36f-91668a303671 1f425db34a284a4fabef32e53abb8e95 e0553f601df945ce901f7fe49ca4ceee - - default default] Successfully bumped revision number for resource 56cd2362-ad59-4697-a3a6-82afad1f6922 (type: router_ports) to 1 [pid: 8|app: 0|req: 711/1410] 10.0.0.90 () {34 vars in 782 bytes} [Wed Jun 10 02:31:12 2026] PUT /v2.0/routers/39edd213-6f85-408c-996f-9b434e6a2994/add_router_interface => generated 309 bytes in 2640 msecs (HTTP/1.1 200) 4 headers in 157 bytes (1 switches on core 0)
2026-06-10 02:31:15.582 7 INFO neutron.db.ovn_revision_numbers_db [None req-4963d607-1276-4317-9a8e-5b73bcc81d4e fff6c53a4b894355ac72a2657f61b3f1 923dc6f34f1d48efaa2393f28136a9ba - - default default] Successfully bumped revision number for resource 6b5cfbe3-d64c-4bc0-8939-dfab95bbc3f1 (type: security_groups) to 1
2026-06-10 02:31:15.593 7 INFO neutron.db.ovn_revision_numbers_db [None req-4963d607-1276-4317-9a8e-5b73bcc81d4e fff6c53a4b894355ac72a2657f61b3f1 923dc6f34f1d48efaa2393f28136a9ba - - default default] Successfully bumped revision number for resource 1490b587-253c-4b91-8823-79c4563a1d78 (type: security_group_rules) to 0
2026-06-10 02:31:15.606 7 INFO neutron.db.ovn_revision_numbers_db [None req-4963d607-1276-4317-9a8e-5b73bcc81d4e fff6c53a4b894355ac72a2657f61b3f1 923dc6f34f1d48efaa2393f28136a9ba - - default default] Successfully bumped revision number for resource 1824b80c-50e3-4eea-9fd6-2c6eac56a891 (type: security_group_rules) to 0
2026-06-10 02:31:15.618 7 INFO neutron.db.ovn_revision_numbers_db [None req-4963d607-1276-4317-9a8e-5b73bcc81d4e fff6c53a4b894355ac72a2657f61b3f1 923dc6f34f1d48efaa2393f28136a9ba - - default default] Successfully bumped revision number for resource 92aefebb-8f6f-4299-b64b-85de8a26ab8f (type: security_group_rules) to 0
2026-06-10 02:31:15.628 7 INFO neutron.db.ovn_revision_numbers_db [None req-4963d607-1276-4317-9a8e-5b73bcc81d4e fff6c53a4b894355ac72a2657f61b3f1 923dc6f34f1d48efaa2393f28136a9ba - - default default] Successfully bumped revision number for resource da22d7a3-c9c1-4135-b3fa-b20c0a47bba6 (type: security_group_rules) to 0 [pid: 7|app: 0|req: 700/1411] 10.0.0.90 () {32 vars in 773 bytes} [Wed Jun 10 02:31:15 2026] GET /v2.0/security-groups?tenant_id=314158f45d7b49e78fc52fd44727cee3&name=default => generated 2925 bytes in 355 msecs (HTTP/1.1 200) 4 headers in 158 bytes (1 switches on core 0)
2026-06-10 02:31:15.842 8 WARNING neutron.scheduler.dhcp_agent_scheduler [None req-c2309dc6-ad77-4365-9fd2-482515456d9e 1f425db34a284a4fabef32e53abb8e95 e0553f601df945ce901f7fe49ca4ceee - - default default] No more DHCP agents
2026-06-10 02:31:15.844 8 WARNING neutron.api.rpc.agentnotifiers.dhcp_rpc_agent_api [None req-c2309dc6-ad77-4365-9fd2-482515456d9e 1f425db34a284a4fabef32e53abb8e95 e0553f601df945ce901f7fe49ca4ceee - - default default] Unable to schedule network 6e82ce6f-1eea-4cc5-a67b-4a15d130e9e5: no agents available; will retry on subsequent port and subnet creation events. [pid: 7|app: 0|req: 701/1412] 10.0.0.90 () {32 vars in 739 bytes} [Wed Jun 10 02:31:15 2026] DELETE /v2.0/security-groups/6b5cfbe3-d64c-4bc0-8939-dfab95bbc3f1 => generated 0 bytes in 240 msecs (HTTP/1.1 204) 2 headers in 112 bytes (1 switches on core 0)
2026-06-10 02:31:15.982 8 INFO neutron.db.ovn_revision_numbers_db [None req-c2309dc6-ad77-4365-9fd2-482515456d9e 1f425db34a284a4fabef32e53abb8e95 e0553f601df945ce901f7fe49ca4ceee - - default default] Successfully bumped revision number for resource 838e1308-b7c7-413b-9fb1-2c846331a749 (type: ports) to 1 [pid: 8|app: 0|req: 712/1413] 10.0.0.90 () {34 vars in 664 bytes} [Wed Jun 10 02:31:15 2026] POST /v2.0/ports => generated 954 bytes in 494 msecs (HTTP/1.1 201) 4 headers in 162 bytes (1 switches on core 0) /var/lib/openstack/lib/python3.12/site-packages/pycadf/identifier.py:70: UserWarning: Invalid uuid: neutron. To ensure interoperability, identifiers should be a valid uuid. warnings.warn(('Invalid uuid: %s. To ensure interoperability, '
2026-06-10 02:31:16.312 7 INFO neutron.db.ovn_revision_numbers_db [None req-ea4dd06b-305c-45e8-b4fd-5309cdca03e3 fff6c53a4b894355ac72a2657f61b3f1 923dc6f34f1d48efaa2393f28136a9ba - - default default] Successfully bumped revision number for resource df67ec0f-1909-44ec-ad1d-f8a405b0c985 (type: security_groups) to 1
2026-06-10 02:31:16.325 7 INFO neutron.db.ovn_revision_numbers_db [None req-ea4dd06b-305c-45e8-b4fd-5309cdca03e3 fff6c53a4b894355ac72a2657f61b3f1 923dc6f34f1d48efaa2393f28136a9ba - - default default] Successfully bumped revision number for resource 573802c4-7856-467f-bf2f-d81b6f2a4f45 (type: security_group_rules) to 0
2026-06-10 02:31:16.332 8 WARNING neutron.scheduler.dhcp_agent_scheduler [None req-d9d469c4-4b41-4499-8383-b110daf306aa 1f425db34a284a4fabef32e53abb8e95 e0553f601df945ce901f7fe49ca4ceee - - default default] No more DHCP agents
2026-06-10 02:31:16.334 8 WARNING neutron.api.rpc.agentnotifiers.dhcp_rpc_agent_api [None req-d9d469c4-4b41-4499-8383-b110daf306aa 1f425db34a284a4fabef32e53abb8e95 e0553f601df945ce901f7fe49ca4ceee - - default default] Unable to schedule network 6e82ce6f-1eea-4cc5-a67b-4a15d130e9e5: no agents available; will retry on subsequent port and subnet creation events.
2026-06-10 02:31:16.339 7 INFO neutron.db.ovn_revision_numbers_db [None req-ea4dd06b-305c-45e8-b4fd-5309cdca03e3 fff6c53a4b894355ac72a2657f61b3f1 923dc6f34f1d48efaa2393f28136a9ba - - default default] Successfully bumped revision number for resource 6e5596a1-fa06-4363-a7b8-308275b27281 (type: security_group_rules) to 0
2026-06-10 02:31:16.350 7 INFO neutron.db.ovn_revision_numbers_db [None req-ea4dd06b-305c-45e8-b4fd-5309cdca03e3 fff6c53a4b894355ac72a2657f61b3f1 923dc6f34f1d48efaa2393f28136a9ba - - default default] Successfully bumped revision number for resource 9464371e-373f-4371-a8f6-93b68ff4eaa8 (type: security_group_rules) to 0
2026-06-10 02:31:16.360 7 INFO neutron.db.ovn_revision_numbers_db [None req-ea4dd06b-305c-45e8-b4fd-5309cdca03e3 fff6c53a4b894355ac72a2657f61b3f1 923dc6f34f1d48efaa2393f28136a9ba - - default default] Successfully bumped revision number for resource ba2dfe6b-e383-4179-9d4c-acb6a3881029 (type: security_group_rules) to 0 [pid: 7|app: 0|req: 702/1414] 10.0.0.90 () {32 vars in 773 bytes} [Wed Jun 10 02:31:15 2026] GET /v2.0/security-groups?tenant_id=f6b4b58388244c2ba104a9a6fd391788&name=default => generated 2925 bytes in 486 msecs (HTTP/1.1 200) 4 headers in 158 bytes (1 switches on core 0)
2026-06-10 02:31:16.478 8 INFO neutron.db.ovn_revision_numbers_db [None req-d9d469c4-4b41-4499-8383-b110daf306aa 1f425db34a284a4fabef32e53abb8e95 e0553f601df945ce901f7fe49ca4ceee - - default default] Successfully bumped revision number for resource 93fa0f3e-b024-4a1e-83e4-bb8181c275bf (type: ports) to 1 [pid: 8|app: 0|req: 713/1415] 10.0.0.90 () {34 vars in 664 bytes} [Wed Jun 10 02:31:16 2026] POST /v2.0/ports => generated 959 bytes in 459 msecs (HTTP/1.1 201) 4 headers in 162 bytes (1 switches on core 0) /var/lib/openstack/lib/python3.12/site-packages/pycadf/identifier.py:70: UserWarning: Invalid uuid: neutron. To ensure interoperability, identifiers should be a valid uuid. warnings.warn(('Invalid uuid: %s. To ensure interoperability, '
2026-06-10 02:31:16.579 7 INFO neutron.db.ovn_revision_numbers_db [None req-d32aebb7-78f1-494d-9a01-92acdf53b4cc fff6c53a4b894355ac72a2657f61b3f1 923dc6f34f1d48efaa2393f28136a9ba - - default default] Successfully bumped revision number for resource cfc6cb65-d674-42b7-a767-24e73be5b779 (type: security_groups) to 1
2026-06-10 02:31:16.590 7 INFO neutron.db.ovn_revision_numbers_db [None req-d32aebb7-78f1-494d-9a01-92acdf53b4cc fff6c53a4b894355ac72a2657f61b3f1 923dc6f34f1d48efaa2393f28136a9ba - - default default] Successfully bumped revision number for resource b3de17d1-7b25-4a9c-86e9-65b6f478b443 (type: security_group_rules) to 0
2026-06-10 02:31:16.601 7 INFO neutron.db.ovn_revision_numbers_db [None req-d32aebb7-78f1-494d-9a01-92acdf53b4cc fff6c53a4b894355ac72a2657f61b3f1 923dc6f34f1d48efaa2393f28136a9ba - - default default] Successfully bumped revision number for resource b8a1ce59-d0b6-479b-bcd9-00e274fc0643 (type: security_group_rules) to 0
2026-06-10 02:31:16.613 7 INFO neutron.db.ovn_revision_numbers_db [None req-d32aebb7-78f1-494d-9a01-92acdf53b4cc fff6c53a4b894355ac72a2657f61b3f1 923dc6f34f1d48efaa2393f28136a9ba - - default default] Successfully bumped revision number for resource e46e4309-f8a3-4606-bdbc-63d09dd29131 (type: security_group_rules) to 0
2026-06-10 02:31:16.626 7 INFO neutron.db.ovn_revision_numbers_db [None req-d32aebb7-78f1-494d-9a01-92acdf53b4cc fff6c53a4b894355ac72a2657f61b3f1 923dc6f34f1d48efaa2393f28136a9ba - - default default] Successfully bumped revision number for resource f5e7bfa8-caef-4882-bec6-a597fb9b83d6 (type: security_group_rules) to 0 [pid: 7|app: 0|req: 703/1416] 10.0.0.90 () {32 vars in 773 bytes} [Wed Jun 10 02:31:16 2026] GET /v2.0/security-groups?tenant_id=cd7fdb72249d422c84d5b15bef3c5bd9&name=default => generated 2925 bytes in 265 msecs (HTTP/1.1 200) 4 headers in 158 bytes (1 switches on core 0) [pid: 8|app: 0|req: 714/1417] 10.0.0.90 () {32 vars in 739 bytes} [Wed Jun 10 02:31:16 2026] DELETE /v2.0/security-groups/df67ec0f-1909-44ec-ad1d-f8a405b0c985 => generated 0 bytes in 240 msecs (HTTP/1.1 204) 2 headers in 112 bytes (1 switches on core 0)
2026-06-10 02:31:16.905 7 WARNING neutron.scheduler.dhcp_agent_scheduler [None req-e1f34540-c66d-4f7f-81ae-34740ddd3dbe 1f425db34a284a4fabef32e53abb8e95 e0553f601df945ce901f7fe49ca4ceee - - default default] No more DHCP agents
2026-06-10 02:31:16.907 7 WARNING neutron.api.rpc.agentnotifiers.dhcp_rpc_agent_api [None req-e1f34540-c66d-4f7f-81ae-34740ddd3dbe 1f425db34a284a4fabef32e53abb8e95 e0553f601df945ce901f7fe49ca4ceee - - default default] Unable to schedule network a67f73f7-561e-49e4-8355-ef878db0feb3: no agents available; will retry on subsequent port and subnet creation events. [pid: 8|app: 0|req: 715/1418] 10.0.0.90 () {32 vars in 739 bytes} [Wed Jun 10 02:31:16 2026] DELETE /v2.0/security-groups/cfc6cb65-d674-42b7-a767-24e73be5b779 => generated 0 bytes in 205 msecs (HTTP/1.1 204) 2 headers in 112 bytes (1 switches on core 0)
2026-06-10 02:31:17.681 7 INFO neutron.db.ovn_revision_numbers_db [None req-e1f34540-c66d-4f7f-81ae-34740ddd3dbe 1f425db34a284a4fabef32e53abb8e95 e0553f601df945ce901f7fe49ca4ceee - - default default] Successfully bumped revision number for resource d7405dfe-51dd-4204-b501-c80ee6b0ac67 (type: floatingips) to 1
2026-06-10 02:31:17.681 7 INFO neutron.db.l3_db [None req-e1f34540-c66d-4f7f-81ae-34740ddd3dbe 1f425db34a284a4fabef32e53abb8e95 e0553f601df945ce901f7fe49ca4ceee - - default default] Floating IP d7405dfe-51dd-4204-b501-c80ee6b0ac67 associated. External IP: 10.96.250.204, port: 93fa0f3e-b024-4a1e-83e4-bb8181c275bf.
2026-06-10 02:31:17.706 7 WARNING neutron.plugins.ml2.drivers.ovn.mech_driver.ovsdb.ovn_client [None req-5c255f31-c269-4406-9678-ddfba43e0990 - - - - - -] No hosting information found for port 86cf342b-acce-4dd7-8708-ca215bd4fbc5: RuntimeError: No hosting information found for port 86cf342b-acce-4dd7-8708-ca215bd4fbc5 [pid: 7|app: 0|req: 704/1419] 10.0.0.90 () {34 vars in 676 bytes} [Wed Jun 10 02:31:16 2026] POST /v2.0/floatingips => generated 843 bytes in 1070 msecs (HTTP/1.1 201) 4 headers in 162 bytes (1 switches on core 0)
2026-06-10 02:31:17.923 8 INFO neutron.db.ovn_revision_numbers_db [None req-3b65d0a9-9f91-4d7c-9ec0-fc8ff71316ef 1f425db34a284a4fabef32e53abb8e95 e0553f601df945ce901f7fe49ca4ceee - - default default] Successfully bumped revision number for resource d7405dfe-51dd-4204-b501-c80ee6b0ac67 (type: floatingips) to 2
2026-06-10 02:31:17.974 8 INFO neutron.db.l3_db [None req-3b65d0a9-9f91-4d7c-9ec0-fc8ff71316ef 1f425db34a284a4fabef32e53abb8e95 e0553f601df945ce901f7fe49ca4ceee - - default default] Floating IP d7405dfe-51dd-4204-b501-c80ee6b0ac67 disassociated. External IP: 10.96.250.204, port: 93fa0f3e-b024-4a1e-83e4-bb8181c275bf. [pid: 8|app: 0|req: 716/1420] 10.0.0.90 () {34 vars in 748 bytes} [Wed Jun 10 02:31:17 2026] PUT /v2.0/floatingips/d7405dfe-51dd-4204-b501-c80ee6b0ac67 => generated 554 bytes in 261 msecs (HTTP/1.1 200) 4 headers in 157 bytes (1 switches on core 0)
2026-06-10 02:31:18.121 7 INFO neutron_taas.services.taas.taas_plugin [None req-334df077-6651-48c9-a7c9-c41aa5cf91c4 1f425db34a284a4fabef32e53abb8e95 e0553f601df945ce901f7fe49ca4ceee - - default default] TaaS: Handle Delete Port: 031fa6ca-94b2-403c-82af-e9a1aaaf8eea
2026-06-10 02:31:18.126 7 INFO neutron_taas.services.taas.tap_mirror_plugin [None req-334df077-6651-48c9-a7c9-c41aa5cf91c4 1f425db34a284a4fabef32e53abb8e95 e0553f601df945ce901f7fe49ca4ceee - - default default] Tap Mirror: Handle Delete Port: 031fa6ca-94b2-403c-82af-e9a1aaaf8eea [pid: 7|app: 0|req: 705/1421] 10.0.0.90 () {32 vars in 731 bytes} [Wed Jun 10 02:31:18 2026] DELETE /v2.0/floatingips/d7405dfe-51dd-4204-b501-c80ee6b0ac67 => generated 0 bytes in 297 msecs (HTTP/1.1 204) 2 headers in 112 bytes (1 switches on core 0)
2026-06-10 02:31:18.544 8 WARNING neutron.scheduler.dhcp_agent_scheduler [None req-30f1c366-5715-4b05-a514-1ffaaa240ca9 1f425db34a284a4fabef32e53abb8e95 e0553f601df945ce901f7fe49ca4ceee - - default default] No more DHCP agents
2026-06-10 02:31:18.545 8 WARNING neutron.api.rpc.agentnotifiers.dhcp_rpc_agent_api [None req-30f1c366-5715-4b05-a514-1ffaaa240ca9 1f425db34a284a4fabef32e53abb8e95 e0553f601df945ce901f7fe49ca4ceee - - default default] Unable to schedule network a67f73f7-561e-49e4-8355-ef878db0feb3: no agents available; will retry on subsequent port and subnet creation events.
2026-06-10 02:31:19.169 7 INFO neutron.db.ovn_revision_numbers_db [None req-b0d5ecf8-2fd9-498c-be81-ef69d59f7bcb 3d8acc16b84f4bd4b20389aabc2c50f5 71dbc60d60224e5baf2814c2c44ca70d - - default default] Successfully bumped revision number for resource 5360d467-20ce-4a36-8b94-d74a13db6b32 (type: security_groups) to 1
2026-06-10 02:31:19.188 7 INFO neutron.db.ovn_revision_numbers_db [None req-b0d5ecf8-2fd9-498c-be81-ef69d59f7bcb 3d8acc16b84f4bd4b20389aabc2c50f5 71dbc60d60224e5baf2814c2c44ca70d - - default default] Successfully bumped revision number for resource 1abcd125-1cc7-4065-bf42-2a7c58ee8f8b (type: security_group_rules) to 0
2026-06-10 02:31:19.222 7 INFO neutron.db.ovn_revision_numbers_db [None req-b0d5ecf8-2fd9-498c-be81-ef69d59f7bcb 3d8acc16b84f4bd4b20389aabc2c50f5 71dbc60d60224e5baf2814c2c44ca70d - - default default] Successfully bumped revision number for resource 4e328132-1a74-4060-815f-27556cd9546f (type: security_group_rules) to 0
2026-06-10 02:31:19.242 7 INFO neutron.db.ovn_revision_numbers_db [None req-b0d5ecf8-2fd9-498c-be81-ef69d59f7bcb 3d8acc16b84f4bd4b20389aabc2c50f5 71dbc60d60224e5baf2814c2c44ca70d - - default default] Successfully bumped revision number for resource 599d6989-66ac-4444-9b0a-54fbb86c529a (type: security_group_rules) to 0
2026-06-10 02:31:19.255 7 INFO neutron.db.ovn_revision_numbers_db [None req-b0d5ecf8-2fd9-498c-be81-ef69d59f7bcb 3d8acc16b84f4bd4b20389aabc2c50f5 71dbc60d60224e5baf2814c2c44ca70d - - default default] Successfully bumped revision number for resource db608ca1-74be-48bf-9a62-fce6d21cc7ce (type: security_group_rules) to 0
2026-06-10 02:31:19.352 7 INFO neutron.db.segments_db [None req-b0d5ecf8-2fd9-498c-be81-ef69d59f7bcb 3d8acc16b84f4bd4b20389aabc2c50f5 71dbc60d60224e5baf2814c2c44ca70d - - default default] Added segment 425eb261-ed4a-4679-bfcf-6a8496444ba4 of type geneve for network 4c814f2d-3546-4595-a245-3833b778f722
2026-06-10 02:31:19.412 8 INFO neutron.db.ovn_revision_numbers_db [None req-30f1c366-5715-4b05-a514-1ffaaa240ca9 1f425db34a284a4fabef32e53abb8e95 e0553f601df945ce901f7fe49ca4ceee - - default default] Successfully bumped revision number for resource c9b3f59e-60c5-45d5-873f-37a4cb56cebc (type: floatingips) to 1
2026-06-10 02:31:19.413 8 INFO neutron.db.l3_db [None req-30f1c366-5715-4b05-a514-1ffaaa240ca9 1f425db34a284a4fabef32e53abb8e95 e0553f601df945ce901f7fe49ca4ceee - - default default] Floating IP c9b3f59e-60c5-45d5-873f-37a4cb56cebc associated. External IP: 10.96.250.217, port: 838e1308-b7c7-413b-9fb1-2c846331a749.
2026-06-10 02:31:19.444 7 INFO neutron.db.segments_db [None req-b0d5ecf8-2fd9-498c-be81-ef69d59f7bcb 3d8acc16b84f4bd4b20389aabc2c50f5 71dbc60d60224e5baf2814c2c44ca70d - - default default] Added segment 571a9829-95c0-47c4-8c12-e54d038a254e of type geneve for network 4a0f5e05-27b3-4f1c-afb1-e7e797c994ba [pid: 8|app: 0|req: 717/1422] 10.0.0.90 () {34 vars in 676 bytes} [Wed Jun 10 02:31:18 2026] POST /v2.0/floatingips => generated 841 bytes in 1143 msecs (HTTP/1.1 201) 4 headers in 162 bytes (1 switches on core 0) [pid: 8|app: 0|req: 718/1423] 10.0.0.90 () {32 vars in 728 bytes} [Wed Jun 10 02:31:19 2026] GET /v2.0/floatingips/c9b3f59e-60c5-45d5-873f-37a4cb56cebc => generated 843 bytes in 37 msecs (HTTP/1.1 200) 4 headers in 157 bytes (1 switches on core 0)
2026-06-10 02:31:19.569 7 INFO neutron.db.ovn_revision_numbers_db [None req-b0d5ecf8-2fd9-498c-be81-ef69d59f7bcb 3d8acc16b84f4bd4b20389aabc2c50f5 71dbc60d60224e5baf2814c2c44ca70d - - default default] Successfully bumped revision number for resource 4c814f2d-3546-4595-a245-3833b778f722 (type: networks) to 1 [pid: 8|app: 0|req: 719/1424] 10.0.0.90 () {32 vars in 654 bytes} [Wed Jun 10 02:31:19 2026] GET /v2.0/floatingips => generated 846 bytes in 84 msecs (HTTP/1.1 200) 4 headers in 157 bytes (1 switches on core 0)
2026-06-10 02:31:19.731 7 WARNING neutron.scheduler.dhcp_agent_scheduler [None req-b0d5ecf8-2fd9-498c-be81-ef69d59f7bcb 3d8acc16b84f4bd4b20389aabc2c50f5 71dbc60d60224e5baf2814c2c44ca70d - - default default] No more DHCP agents
2026-06-10 02:31:19.733 7 WARNING neutron.api.rpc.agentnotifiers.dhcp_rpc_agent_api [None req-b0d5ecf8-2fd9-498c-be81-ef69d59f7bcb 3d8acc16b84f4bd4b20389aabc2c50f5 71dbc60d60224e5baf2814c2c44ca70d - - default default] Unable to schedule network 4c814f2d-3546-4595-a245-3833b778f722: no agents available; will retry on subsequent port and subnet creation events.
2026-06-10 02:31:19.813 7 INFO neutron.db.ovn_revision_numbers_db [None req-b0d5ecf8-2fd9-498c-be81-ef69d59f7bcb 3d8acc16b84f4bd4b20389aabc2c50f5 71dbc60d60224e5baf2814c2c44ca70d - - default default] Successfully bumped revision number for resource f447d2ef-ae4f-403e-9a88-74b9c914bcde (type: ports) to 1
2026-06-10 02:31:19.883 7 INFO neutron.db.ovn_revision_numbers_db [None req-b0d5ecf8-2fd9-498c-be81-ef69d59f7bcb 3d8acc16b84f4bd4b20389aabc2c50f5 71dbc60d60224e5baf2814c2c44ca70d - - default default] Successfully bumped revision number for resource 4a0f5e05-27b3-4f1c-afb1-e7e797c994ba (type: networks) to 1
2026-06-10 02:31:20.029 7 WARNING neutron.scheduler.dhcp_agent_scheduler [None req-b0d5ecf8-2fd9-498c-be81-ef69d59f7bcb 3d8acc16b84f4bd4b20389aabc2c50f5 71dbc60d60224e5baf2814c2c44ca70d - - default default] No more DHCP agents
2026-06-10 02:31:20.030 7 WARNING neutron.api.rpc.agentnotifiers.dhcp_rpc_agent_api [None req-b0d5ecf8-2fd9-498c-be81-ef69d59f7bcb 3d8acc16b84f4bd4b20389aabc2c50f5 71dbc60d60224e5baf2814c2c44ca70d - - default default] Unable to schedule network 4a0f5e05-27b3-4f1c-afb1-e7e797c994ba: no agents available; will retry on subsequent port and subnet creation events.
2026-06-10 02:31:20.124 7 INFO neutron.db.ovn_revision_numbers_db [None req-b0d5ecf8-2fd9-498c-be81-ef69d59f7bcb 3d8acc16b84f4bd4b20389aabc2c50f5 71dbc60d60224e5baf2814c2c44ca70d - - default default] Successfully bumped revision number for resource b39abef7-46d4-4530-afe9-e5a2f9496a2d (type: ports) to 1 [pid: 7|app: 0|req: 706/1425] 10.0.0.90 () {34 vars in 669 bytes} [Wed Jun 10 02:31:18 2026] POST /v2.0/networks => generated 1245 bytes in 1324 msecs (HTTP/1.1 201) 4 headers in 163 bytes (1 switches on core 0) /var/lib/openstack/lib/python3.12/site-packages/pycadf/identifier.py:70: UserWarning: Invalid uuid: neutron. To ensure interoperability, identifiers should be a valid uuid. warnings.warn(('Invalid uuid: %s. To ensure interoperability, '
2026-06-10 02:31:20.207 8 INFO neutron.db.ovn_revision_numbers_db [None req-550b1380-5dde-4224-9128-10e00d3ceede 1f425db34a284a4fabef32e53abb8e95 e0553f601df945ce901f7fe49ca4ceee - - default default] Successfully bumped revision number for resource c9b3f59e-60c5-45d5-873f-37a4cb56cebc (type: floatingips) to 2 [pid: 7|app: 0|req: 707/1426] 10.0.0.90 () {32 vars in 648 bytes} [Wed Jun 10 02:31:20 2026] GET /v2.0/networks => generated 1856 bytes in 71 msecs (HTTP/1.1 200) 4 headers in 158 bytes (1 switches on core 0)
2026-06-10 02:31:20.266 8 WARNING neutron.plugins.ml2.drivers.ovn.mech_driver.ovsdb.ovn_client [None req-4e5c2c12-c932-4b67-9cc2-79d40d420481 - - - - - -] No hosting information found for port 56cd2362-ad59-4697-a3a6-82afad1f6922: RuntimeError: No hosting information found for port 56cd2362-ad59-4697-a3a6-82afad1f6922
2026-06-10 02:31:20.420 7 INFO neutron_taas.services.taas.taas_plugin [None req-596b26c6-e879-45d4-9f98-ba2dbcc3a71c 3d8acc16b84f4bd4b20389aabc2c50f5 71dbc60d60224e5baf2814c2c44ca70d - - default default] TaaS: Handle Delete Port: f447d2ef-ae4f-403e-9a88-74b9c914bcde
2026-06-10 02:31:20.423 7 INFO neutron_taas.services.taas.tap_mirror_plugin [None req-596b26c6-e879-45d4-9f98-ba2dbcc3a71c 3d8acc16b84f4bd4b20389aabc2c50f5 71dbc60d60224e5baf2814c2c44ca70d - - default default] Tap Mirror: Handle Delete Port: f447d2ef-ae4f-403e-9a88-74b9c914bcde
2026-06-10 02:31:20.436 8 INFO neutron.db.ovn_revision_numbers_db [None req-4e5c2c12-c932-4b67-9cc2-79d40d420481 - - - - - -] Successfully bumped revision number for resource 56cd2362-ad59-4697-a3a6-82afad1f6922 (type: router_ports) to 2
2026-06-10 02:31:20.437 8 INFO neutron.plugins.ml2.drivers.ovn.mech_driver.mech_driver [None req-4e5c2c12-c932-4b67-9cc2-79d40d420481 - - - - - -] OVN reports status down for port: 838e1308-b7c7-413b-9fb1-2c846331a749
2026-06-10 02:31:20.439 8 INFO neutron.db.l3_db [None req-550b1380-5dde-4224-9128-10e00d3ceede 1f425db34a284a4fabef32e53abb8e95 e0553f601df945ce901f7fe49ca4ceee - - default default] Floating IP c9b3f59e-60c5-45d5-873f-37a4cb56cebc associated. External IP: 10.96.250.217, port: 838e1308-b7c7-413b-9fb1-2c846331a749. [pid: 8|app: 0|req: 720/1427] 10.0.0.90 () {34 vars in 748 bytes} [Wed Jun 10 02:31:19 2026] PUT /v2.0/floatingips/c9b3f59e-60c5-45d5-873f-37a4cb56cebc => generated 845 bytes in 949 msecs (HTTP/1.1 200) 4 headers in 157 bytes (1 switches on core 0)
2026-06-10 02:31:20.563 8 INFO neutron.plugins.ml2.drivers.ovn.mech_driver.mech_driver [None req-4e5c2c12-c932-4b67-9cc2-79d40d420481 - - - - - -] OVN reports status down for port: 93fa0f3e-b024-4a1e-83e4-bb8181c275bf
2026-06-10 02:31:20.628 7 INFO neutron.services.segments.plugin [-] Segment 425eb261-ed4a-4679-bfcf-6a8496444ba4 resource provider aggregate not found
2026-06-10 02:31:20.632 7 INFO neutron.services.segments.plugin [-] Segment 425eb261-ed4a-4679-bfcf-6a8496444ba4 resource provider aggregate not found
2026-06-10 02:31:20.651 7 INFO neutron.services.segments.plugin [-] Segment 425eb261-ed4a-4679-bfcf-6a8496444ba4 resource provider not found; error: Placement Client Error (4xx): {"errors": [{"status": 404, "title": "Not Found", "detail": "The resource could not be found.\n\n No resource provider with uuid 425eb261-ed4a-4679-bfcf-6a8496444ba4 found for delete ", "request_id": "req-971d5654-8800-460e-8daa-a71bffed2d38"}]}
2026-06-10 02:31:20.656 7 INFO neutron.services.segments.plugin [-] Segment 425eb261-ed4a-4679-bfcf-6a8496444ba4 resource provider not found; error: Placement Client Error (4xx): {"errors": [{"status": 404, "title": "Not Found", "detail": "The resource could not be found.\n\n No resource provider with uuid 425eb261-ed4a-4679-bfcf-6a8496444ba4 found for delete ", "request_id": "req-3904ce7c-e177-425e-923e-bc31eefc4a57"}]} [pid: 7|app: 0|req: 708/1428] 10.0.0.90 () {32 vars in 725 bytes} [Wed Jun 10 02:31:20 2026] DELETE /v2.0/networks/4c814f2d-3546-4595-a245-3833b778f722 => generated 0 bytes in 410 msecs (HTTP/1.1 204) 3 headers in 131 bytes (1 switches on core 0)
2026-06-10 02:31:20.839 7 INFO neutron_taas.services.taas.taas_plugin [None req-6b6d1fbe-e9b8-45de-be88-5c6c4d5536cf 3d8acc16b84f4bd4b20389aabc2c50f5 71dbc60d60224e5baf2814c2c44ca70d - - default default] TaaS: Handle Delete Port: b39abef7-46d4-4530-afe9-e5a2f9496a2d
2026-06-10 02:31:20.843 7 INFO neutron_taas.services.taas.tap_mirror_plugin [None req-6b6d1fbe-e9b8-45de-be88-5c6c4d5536cf 3d8acc16b84f4bd4b20389aabc2c50f5 71dbc60d60224e5baf2814c2c44ca70d - - default default] Tap Mirror: Handle Delete Port: b39abef7-46d4-4530-afe9-e5a2f9496a2d
2026-06-10 02:31:20.848 8 INFO neutron.plugins.ml2.drivers.ovn.mech_driver.mech_driver [None req-4e5c2c12-c932-4b67-9cc2-79d40d420481 - - - - - -] OVN reports status down for port: f447d2ef-ae4f-403e-9a88-74b9c914bcde
2026-06-10 02:31:20.865 8 INFO neutron.db.ovn_revision_numbers_db [None req-31cbef78-f56d-4868-a2b2-ee4f97176d4a 1f425db34a284a4fabef32e53abb8e95 e0553f601df945ce901f7fe49ca4ceee - - default default] Successfully bumped revision number for resource c9b3f59e-60c5-45d5-873f-37a4cb56cebc (type: floatingips) to 3
2026-06-10 02:31:20.867 8 INFO neutron.plugins.ml2.drivers.ovn.mech_driver.mech_driver [None req-4e5c2c12-c932-4b67-9cc2-79d40d420481 - - - - - -] OVN reports status down for port: b39abef7-46d4-4530-afe9-e5a2f9496a2d
2026-06-10 02:31:20.944 8 INFO neutron.plugins.ml2.db [None req-4e5c2c12-c932-4b67-9cc2-79d40d420481 - - - - - -] No ports have port_id starting with b39abef7-46d4-4530-afe9-e5a2f9496a2d
2026-06-10 02:31:20.997 8 INFO neutron.db.l3_db [None req-31cbef78-f56d-4868-a2b2-ee4f97176d4a 1f425db34a284a4fabef32e53abb8e95 e0553f601df945ce901f7fe49ca4ceee - - default default] Floating IP c9b3f59e-60c5-45d5-873f-37a4cb56cebc disassociated. External IP: 10.96.250.217, port: 93fa0f3e-b024-4a1e-83e4-bb8181c275bf. [pid: 8|app: 0|req: 721/1429] 10.0.0.90 () {34 vars in 748 bytes} [Wed Jun 10 02:31:20 2026] PUT /v2.0/floatingips/c9b3f59e-60c5-45d5-873f-37a4cb56cebc => generated 554 bytes in 483 msecs (HTTP/1.1 200) 4 headers in 157 bytes (1 switches on core 0) /var/lib/openstack/lib/python3.12/site-packages/pycadf/identifier.py:70: UserWarning: Invalid uuid: neutron. To ensure interoperability, identifiers should be a valid uuid. warnings.warn(('Invalid uuid: %s. To ensure interoperability, ' [pid: 7|app: 0|req: 709/1430] 10.0.0.90 () {32 vars in 725 bytes} [Wed Jun 10 02:31:20 2026] DELETE /v2.0/networks/4a0f5e05-27b3-4f1c-afb1-e7e797c994ba => generated 0 bytes in 417 msecs (HTTP/1.1 204) 3 headers in 131 bytes (1 switches on core 0) /var/lib/openstack/lib/python3.12/site-packages/pycadf/identifier.py:70: UserWarning: Invalid uuid: neutron. To ensure interoperability, identifiers should be a valid uuid. warnings.warn(('Invalid uuid: %s. To ensure interoperability, ' [pid: 7|app: 0|req: 710/1431] 10.0.0.90 () {32 vars in 648 bytes} [Wed Jun 10 02:31:21 2026] GET /v2.0/networks => generated 651 bytes in 49 msecs (HTTP/1.1 200) 4 headers in 157 bytes (1 switches on core 0)
2026-06-10 02:31:21.171 8 INFO neutron_taas.services.taas.taas_plugin [None req-8f82edc6-42e2-4f07-8f45-df258a44fdce 1f425db34a284a4fabef32e53abb8e95 e0553f601df945ce901f7fe49ca4ceee - - default default] TaaS: Handle Delete Port: 9efdb769-0b3b-404e-81e3-cbfd2e053372
2026-06-10 02:31:21.176 8 INFO neutron_taas.services.taas.tap_mirror_plugin [None req-8f82edc6-42e2-4f07-8f45-df258a44fdce 1f425db34a284a4fabef32e53abb8e95 e0553f601df945ce901f7fe49ca4ceee - - default default] Tap Mirror: Handle Delete Port: 9efdb769-0b3b-404e-81e3-cbfd2e053372
2026-06-10 02:31:21.282 7 INFO neutron.db.segments_db [None req-09856f3b-49f0-45f4-a234-94dae7391213 3d8acc16b84f4bd4b20389aabc2c50f5 71dbc60d60224e5baf2814c2c44ca70d - - default default] Added segment e5649ed4-85f1-4bba-a41c-f1cf8edb8766 of type geneve for network 20cc69cb-331f-4a56-92b1-8b0a2d1dce36 [pid: 8|app: 0|req: 722/1432] 10.0.0.90 () {32 vars in 731 bytes} [Wed Jun 10 02:31:21 2026] DELETE /v2.0/floatingips/c9b3f59e-60c5-45d5-873f-37a4cb56cebc => generated 0 bytes in 303 msecs (HTTP/1.1 204) 2 headers in 112 bytes (1 switches on core 0)
2026-06-10 02:31:21.373 8 INFO neutron.api.v2.resource [None req-ba985d6c-1fb4-4c26-86c5-6143e642a32e 1f425db34a284a4fabef32e53abb8e95 e0553f601df945ce901f7fe49ca4ceee - - default default] delete failed (client error): The resource could not be found. [pid: 8|app: 0|req: 723/1433] 10.0.0.90 () {32 vars in 731 bytes} [Wed Jun 10 02:31:21 2026] DELETE /v2.0/floatingips/c9b3f59e-60c5-45d5-873f-37a4cb56cebc => generated 144 bytes in 29 msecs (HTTP/1.1 404) 4 headers in 164 bytes (1 switches on core 0)
2026-06-10 02:31:21.405 7 INFO neutron.db.ovn_revision_numbers_db [None req-09856f3b-49f0-45f4-a234-94dae7391213 3d8acc16b84f4bd4b20389aabc2c50f5 71dbc60d60224e5baf2814c2c44ca70d - - default default] Successfully bumped revision number for resource 20cc69cb-331f-4a56-92b1-8b0a2d1dce36 (type: networks) to 1
2026-06-10 02:31:21.567 7 WARNING neutron.scheduler.dhcp_agent_scheduler [None req-09856f3b-49f0-45f4-a234-94dae7391213 3d8acc16b84f4bd4b20389aabc2c50f5 71dbc60d60224e5baf2814c2c44ca70d - - default default] No more DHCP agents
2026-06-10 02:31:21.568 7 WARNING neutron.api.rpc.agentnotifiers.dhcp_rpc_agent_api [None req-09856f3b-49f0-45f4-a234-94dae7391213 3d8acc16b84f4bd4b20389aabc2c50f5 71dbc60d60224e5baf2814c2c44ca70d - - default default] Unable to schedule network 20cc69cb-331f-4a56-92b1-8b0a2d1dce36: no agents available; will retry on subsequent port and subnet creation events.
2026-06-10 02:31:21.574 8 INFO neutron_taas.services.taas.taas_plugin [None req-9d2e2dfd-2a20-49d0-8b16-2eb67715189c 1f425db34a284a4fabef32e53abb8e95 e0553f601df945ce901f7fe49ca4ceee - - default default] TaaS: Handle Delete Port: 93fa0f3e-b024-4a1e-83e4-bb8181c275bf
2026-06-10 02:31:21.578 8 INFO neutron_taas.services.taas.tap_mirror_plugin [None req-9d2e2dfd-2a20-49d0-8b16-2eb67715189c 1f425db34a284a4fabef32e53abb8e95 e0553f601df945ce901f7fe49ca4ceee - - default default] Tap Mirror: Handle Delete Port: 93fa0f3e-b024-4a1e-83e4-bb8181c275bf
2026-06-10 02:31:21.623 7 INFO neutron.plugins.ml2.drivers.ovn.mech_driver.mech_driver [None req-5c255f31-c269-4406-9678-ddfba43e0990 - - - - - -] OVN reports status down for port: e5aa33c7-3395-4fc0-9ba0-ddc9fe3ff4c3
2026-06-10 02:31:21.677 7 INFO neutron.db.ovn_revision_numbers_db [None req-09856f3b-49f0-45f4-a234-94dae7391213 3d8acc16b84f4bd4b20389aabc2c50f5 71dbc60d60224e5baf2814c2c44ca70d - - default default] Successfully bumped revision number for resource e5aa33c7-3395-4fc0-9ba0-ddc9fe3ff4c3 (type: ports) to 1 [pid: 7|app: 0|req: 711/1434] 10.0.0.90 () {34 vars in 669 bytes} [Wed Jun 10 02:31:21 2026] POST /v2.0/networks => generated 654 bytes in 550 msecs (HTTP/1.1 201) 4 headers in 162 bytes (1 switches on core 0) [pid: 8|app: 0|req: 724/1435] 10.0.0.90 () {32 vars in 719 bytes} [Wed Jun 10 02:31:21 2026] DELETE /v2.0/ports/93fa0f3e-b024-4a1e-83e4-bb8181c275bf => generated 0 bytes in 383 msecs (HTTP/1.1 204) 3 headers in 131 bytes (1 switches on core 0)
2026-06-10 02:31:21.840 7 INFO neutron.db.segments_db [None req-0b3734e2-a1de-4097-9e6e-a9fe3d953ef7 3d8acc16b84f4bd4b20389aabc2c50f5 71dbc60d60224e5baf2814c2c44ca70d - - default default] Added segment 5daef05e-d22a-4e32-be7d-196a51e5533c of type geneve for network abc1effc-3a2b-4e3d-b490-6878856d9f0d
2026-06-10 02:31:21.896 8 INFO neutron_taas.services.taas.taas_plugin [None req-c9cd1b4b-1ca1-4125-9ca7-7ecc3a38ebbd 1f425db34a284a4fabef32e53abb8e95 e0553f601df945ce901f7fe49ca4ceee - - default default] TaaS: Handle Delete Port: 838e1308-b7c7-413b-9fb1-2c846331a749
2026-06-10 02:31:21.900 8 INFO neutron_taas.services.taas.tap_mirror_plugin [None req-c9cd1b4b-1ca1-4125-9ca7-7ecc3a38ebbd 1f425db34a284a4fabef32e53abb8e95 e0553f601df945ce901f7fe49ca4ceee - - default default] Tap Mirror: Handle Delete Port: 838e1308-b7c7-413b-9fb1-2c846331a749
2026-06-10 02:31:21.960 7 INFO neutron.db.ovn_revision_numbers_db [None req-0b3734e2-a1de-4097-9e6e-a9fe3d953ef7 3d8acc16b84f4bd4b20389aabc2c50f5 71dbc60d60224e5baf2814c2c44ca70d - - default default] Successfully bumped revision number for resource abc1effc-3a2b-4e3d-b490-6878856d9f0d (type: networks) to 1 [pid: 8|app: 0|req: 725/1436] 10.0.0.90 () {32 vars in 719 bytes} [Wed Jun 10 02:31:21 2026] DELETE /v2.0/ports/838e1308-b7c7-413b-9fb1-2c846331a749 => generated 0 bytes in 292 msecs (HTTP/1.1 204) 3 headers in 131 bytes (1 switches on core 0)
2026-06-10 02:31:22.116 7 WARNING neutron.scheduler.dhcp_agent_scheduler [None req-0b3734e2-a1de-4097-9e6e-a9fe3d953ef7 3d8acc16b84f4bd4b20389aabc2c50f5 71dbc60d60224e5baf2814c2c44ca70d - - default default] No more DHCP agents
2026-06-10 02:31:22.117 7 WARNING neutron.api.rpc.agentnotifiers.dhcp_rpc_agent_api [None req-0b3734e2-a1de-4097-9e6e-a9fe3d953ef7 3d8acc16b84f4bd4b20389aabc2c50f5 71dbc60d60224e5baf2814c2c44ca70d - - default default] Unable to schedule network abc1effc-3a2b-4e3d-b490-6878856d9f0d: no agents available; will retry on subsequent port and subnet creation events.
2026-06-10 02:31:22.161 7 INFO neutron.plugins.ml2.drivers.ovn.mech_driver.mech_driver [None req-5c255f31-c269-4406-9678-ddfba43e0990 - - - - - -] OVN reports status down for port: 5bc8330d-457e-4de5-82df-d7fd09b867b3
2026-06-10 02:31:22.229 7 INFO neutron.db.ovn_revision_numbers_db [None req-0b3734e2-a1de-4097-9e6e-a9fe3d953ef7 3d8acc16b84f4bd4b20389aabc2c50f5 71dbc60d60224e5baf2814c2c44ca70d - - default default] Successfully bumped revision number for resource 5bc8330d-457e-4de5-82df-d7fd09b867b3 (type: ports) to 1 [pid: 7|app: 0|req: 712/1437] 10.0.0.90 () {34 vars in 669 bytes} [Wed Jun 10 02:31:21 2026] POST /v2.0/networks => generated 654 bytes in 549 msecs (HTTP/1.1 201) 4 headers in 162 bytes (1 switches on core 0)
2026-06-10 02:31:22.357 8 INFO neutron.db.ovn_revision_numbers_db [None req-37de9d44-6658-4347-9020-2ebf9f2232f4 fff6c53a4b894355ac72a2657f61b3f1 923dc6f34f1d48efaa2393f28136a9ba - - default default] Successfully bumped revision number for resource 42c55cd2-3315-4bbe-9495-c804293fa496 (type: security_groups) to 1
2026-06-10 02:31:22.370 8 INFO neutron.db.ovn_revision_numbers_db [None req-37de9d44-6658-4347-9020-2ebf9f2232f4 fff6c53a4b894355ac72a2657f61b3f1 923dc6f34f1d48efaa2393f28136a9ba - - default default] Successfully bumped revision number for resource 18317330-d6bf-411d-ba32-150d0aca69eb (type: security_group_rules) to 0 [pid: 7|app: 0|req: 713/1438] 10.0.0.90 () {32 vars in 735 bytes} [Wed Jun 10 02:31:22 2026] GET /v2.0/ports?device_id=39edd213-6f85-408c-996f-9b434e6a2994 => generated 946 bytes in 107 msecs (HTTP/1.1 200) 4 headers in 157 bytes (1 switches on core 0)
2026-06-10 02:31:22.389 8 INFO neutron.db.ovn_revision_numbers_db [None req-37de9d44-6658-4347-9020-2ebf9f2232f4 fff6c53a4b894355ac72a2657f61b3f1 923dc6f34f1d48efaa2393f28136a9ba - - default default] Successfully bumped revision number for resource 9db6e788-9b0a-40dc-9a0d-da497c5bf926 (type: security_group_rules) to 0
2026-06-10 02:31:22.402 8 INFO neutron.db.ovn_revision_numbers_db [None req-37de9d44-6658-4347-9020-2ebf9f2232f4 fff6c53a4b894355ac72a2657f61b3f1 923dc6f34f1d48efaa2393f28136a9ba - - default default] Successfully bumped revision number for resource 9f5e2b13-3162-4d87-9283-ef1f96b0ab93 (type: security_group_rules) to 0
2026-06-10 02:31:22.414 8 INFO neutron.db.ovn_revision_numbers_db [None req-37de9d44-6658-4347-9020-2ebf9f2232f4 fff6c53a4b894355ac72a2657f61b3f1 923dc6f34f1d48efaa2393f28136a9ba - - default default] Successfully bumped revision number for resource df991685-64e8-4368-b56b-b36e2922c2bb (type: security_group_rules) to 0 [pid: 8|app: 0|req: 726/1439] 10.0.0.90 () {32 vars in 773 bytes} [Wed Jun 10 02:31:22 2026] GET /v2.0/security-groups?tenant_id=65a25d8b93934b0dbfff763edb3c4f3c&name=default => generated 2925 bytes in 394 msecs (HTTP/1.1 200) 4 headers in 158 bytes (1 switches on core 0)
2026-06-10 02:31:22.682 7 INFO neutron.services.segments.plugin [-] Segment 571a9829-95c0-47c4-8c12-e54d038a254e resource provider aggregate not found
2026-06-10 02:31:22.688 7 INFO neutron.services.segments.plugin [-] Segment 571a9829-95c0-47c4-8c12-e54d038a254e resource provider aggregate not found
2026-06-10 02:31:22.705 7 INFO neutron.services.segments.plugin [-] Segment 571a9829-95c0-47c4-8c12-e54d038a254e resource provider not found; error: Placement Client Error (4xx): {"errors": [{"status": 404, "title": "Not Found", "detail": "The resource could not be found.\n\n No resource provider with uuid 571a9829-95c0-47c4-8c12-e54d038a254e found for delete ", "request_id": "req-1e5f201b-17cf-474d-af8a-759fbefe87ea"}]}
2026-06-10 02:31:22.706 7 INFO neutron.services.segments.plugin [-] Segment 571a9829-95c0-47c4-8c12-e54d038a254e resource provider not found; error: Placement Client Error (4xx): {"errors": [{"status": 404, "title": "Not Found", "detail": "The resource could not be found.\n\n No resource provider with uuid 571a9829-95c0-47c4-8c12-e54d038a254e found for delete ", "request_id": "req-2ece6978-78e8-4ee9-a22b-88d94ba2b060"}]}
2026-06-10 02:31:22.733 7 WARNING neutron.scheduler.dhcp_agent_scheduler [None req-2e7068d9-b97d-46a4-81f9-dd9a23780354 3d8acc16b84f4bd4b20389aabc2c50f5 71dbc60d60224e5baf2814c2c44ca70d - - default default] No more DHCP agents
