2026-06-10 02:31:41.224 7 INFO neutron.db.ovn_revision_numbers_db [None req-cc78821c-43ea-40d8-91d0-deab7df26fba bcbcac4a2bf7425cbb809cf48c57bc89 0f5336f09d834b50a4bda3723af12ec2 - - default default] Successfully bumped revision number for resource bd90835f-d404-435a-88e2-20020d5845d7 (type: security_group_rules) to 0 [pid: 8|app: 0|req: 784/1539] 10.0.0.90 () {34 vars in 664 bytes} [Wed Jun 10 02:31:40 2026] POST /v2.0/ports => generated 911 bytes in 481 msecs (HTTP/1.1 201) 4 headers in 162 bytes (1 switches on core 0) [pid: 7|app: 0|req: 756/1540] 10.0.0.90 () {34 vars in 694 bytes} [Wed Jun 10 02:31:41 2026] POST /v2.0/security-group-rules => generated 597 bytes in 213 msecs (HTTP/1.1 201) 4 headers in 162 bytes (1 switches on core 0)
2026-06-10 02:31:41.373 8 INFO neutron_taas.services.taas.taas_plugin [None req-b4946e70-a1b8-4e22-97be-2f5bb0a1aa29 56c2571148d04cc0b6eae5a60d90ff4b a26b959916da42eca7cf09782facde8c - - default default] TaaS: Handle Delete Port: 186ad789-653b-439b-b3fe-728134133818
2026-06-10 02:31:41.376 8 INFO neutron_taas.services.taas.tap_mirror_plugin [None req-b4946e70-a1b8-4e22-97be-2f5bb0a1aa29 56c2571148d04cc0b6eae5a60d90ff4b a26b959916da42eca7cf09782facde8c - - default default] Tap Mirror: Handle Delete Port: 186ad789-653b-439b-b3fe-728134133818
2026-06-10 02:31:41.417 7 INFO neutron.db.ovn_revision_numbers_db [None req-c6b2a848-9e36-4c95-971e-b3e49f512212 bcbcac4a2bf7425cbb809cf48c57bc89 0f5336f09d834b50a4bda3723af12ec2 - - default default] Successfully bumped revision number for resource 209c5eb5-23b6-44b5-bb59-c64a848016be (type: security_group_rules) to 0 [pid: 7|app: 0|req: 757/1541] 10.0.0.90 () {34 vars in 694 bytes} [Wed Jun 10 02:31:41 2026] POST /v2.0/security-group-rules => generated 597 bytes in 185 msecs (HTTP/1.1 201) 4 headers in 162 bytes (1 switches on core 0) [pid: 8|app: 0|req: 785/1542] 10.0.0.90 () {32 vars in 719 bytes} [Wed Jun 10 02:31:41 2026] DELETE /v2.0/ports/186ad789-653b-439b-b3fe-728134133818 => generated 0 bytes in 284 msecs (HTTP/1.1 204) 3 headers in 131 bytes (1 switches on core 0)
2026-06-10 02:31:41.658 7 INFO neutron.db.ovn_revision_numbers_db [None req-95785463-6ab9-4672-9116-2db0633d89f9 bcbcac4a2bf7425cbb809cf48c57bc89 0f5336f09d834b50a4bda3723af12ec2 - - default default] Successfully bumped revision number for resource f2ea79c1-6e63-4f57-916b-216d9061c083 (type: security_group_rules) to 0 [pid: 7|app: 0|req: 758/1543] 10.0.0.90 () {34 vars in 694 bytes} [Wed Jun 10 02:31:41 2026] POST /v2.0/security-group-rules => generated 597 bytes in 234 msecs (HTTP/1.1 201) 4 headers in 162 bytes (1 switches on core 0)
2026-06-10 02:31:41.705 7 INFO neutron.pecan_wsgi.hooks.translation [None req-d9db21d2-2afe-4fc0-8481-226f37a72588 56c2571148d04cc0b6eae5a60d90ff4b a26b959916da42eca7cf09782facde8c - - default default] GET failed (client error): The resource could not be found. [pid: 7|app: 0|req: 759/1544] 10.0.0.90 () {32 vars in 716 bytes} [Wed Jun 10 02:31:41 2026] GET /v2.0/ports/186ad789-653b-439b-b3fe-728134133818 => generated 132 bytes in 19 msecs (HTTP/1.1 404) 4 headers in 164 bytes (1 switches on core 0)
2026-06-10 02:31:41.727 8 INFO neutron.db.ovn_revision_numbers_db [None req-4f09f5e5-02e2-448c-86e2-6cdf20901db3 fff6c53a4b894355ac72a2657f61b3f1 923dc6f34f1d48efaa2393f28136a9ba - - default default] Successfully bumped revision number for resource 54ad69af-8221-4b95-8b69-0a9c11c8d068 (type: security_groups) to 1
2026-06-10 02:31:41.737 8 INFO neutron.db.ovn_revision_numbers_db [None req-4f09f5e5-02e2-448c-86e2-6cdf20901db3 fff6c53a4b894355ac72a2657f61b3f1 923dc6f34f1d48efaa2393f28136a9ba - - default default] Successfully bumped revision number for resource 0329f11d-04e1-49e6-bb95-6c42f8903d9a (type: security_group_rules) to 0
2026-06-10 02:31:41.748 8 INFO neutron.db.ovn_revision_numbers_db [None req-4f09f5e5-02e2-448c-86e2-6cdf20901db3 fff6c53a4b894355ac72a2657f61b3f1 923dc6f34f1d48efaa2393f28136a9ba - - default default] Successfully bumped revision number for resource c8b3fce2-364c-4d4c-aec4-23ed104e83cb (type: security_group_rules) to 0
2026-06-10 02:31:41.760 8 INFO neutron.db.ovn_revision_numbers_db [None req-4f09f5e5-02e2-448c-86e2-6cdf20901db3 fff6c53a4b894355ac72a2657f61b3f1 923dc6f34f1d48efaa2393f28136a9ba - - default default] Successfully bumped revision number for resource ea4a8b5f-7f61-4e3a-ae66-115e310406ab (type: security_group_rules) to 0
2026-06-10 02:31:41.772 8 INFO neutron.db.ovn_revision_numbers_db [None req-4f09f5e5-02e2-448c-86e2-6cdf20901db3 fff6c53a4b894355ac72a2657f61b3f1 923dc6f34f1d48efaa2393f28136a9ba - - default default] Successfully bumped revision number for resource f1f4b290-26af-44ce-b1a5-bc328feb18bf (type: security_group_rules) to 0 [pid: 8|app: 0|req: 786/1545] 10.0.0.90 () {32 vars in 773 bytes} [Wed Jun 10 02:31:41 2026] GET /v2.0/security-groups?tenant_id=d6b10c5cedad4dedb7f36e614acb7d8e&name=default => generated 2925 bytes in 285 msecs (HTTP/1.1 200) 4 headers in 158 bytes (1 switches on core 0)
2026-06-10 02:31:41.878 7 INFO neutron.db.ovn_revision_numbers_db [None req-b4df4589-efc1-4cdb-a2a6-866670acaf0f bcbcac4a2bf7425cbb809cf48c57bc89 0f5336f09d834b50a4bda3723af12ec2 - - default default] Successfully bumped revision number for resource be2f3cd4-8991-4764-8671-dfe7c907f53e (type: security_group_rules) to 0 [pid: 7|app: 0|req: 760/1546] 10.0.0.90 () {34 vars in 694 bytes} [Wed Jun 10 02:31:41 2026] POST /v2.0/security-group-rules => generated 599 bytes in 204 msecs (HTTP/1.1 201) 4 headers in 162 bytes (1 switches on core 0) [pid: 8|app: 0|req: 787/1547] 10.0.0.90 () {32 vars in 723 bytes} [Wed Jun 10 02:31:41 2026] DELETE /v2.0/subnets/7533cc8c-857e-4964-b50a-be475b09afd2 => generated 0 bytes in 184 msecs (HTTP/1.1 204) 3 headers in 131 bytes (1 switches on core 0) [pid: 7|app: 0|req: 761/1548] 10.0.0.90 () {32 vars in 739 bytes} [Wed Jun 10 02:31:41 2026] DELETE /v2.0/security-groups/54ad69af-8221-4b95-8b69-0a9c11c8d068 => generated 0 bytes in 229 msecs (HTTP/1.1 204) 2 headers in 112 bytes (1 switches on core 0)
2026-06-10 02:31:42.211 8 INFO neutron.db.ovn_revision_numbers_db [None req-fc9e73d2-719c-4249-89af-3cf3c1d2d7ce bcbcac4a2bf7425cbb809cf48c57bc89 0f5336f09d834b50a4bda3723af12ec2 - - default default] Successfully bumped revision number for resource cc52b030-e5ae-42c6-b514-49315069d520 (type: security_group_rules) to 0 [pid: 8|app: 0|req: 788/1549] 10.0.0.90 () {34 vars in 694 bytes} [Wed Jun 10 02:31:41 2026] POST /v2.0/security-group-rules => generated 601 bytes in 258 msecs (HTTP/1.1 201) 4 headers in 162 bytes (1 switches on core 0)
2026-06-10 02:31:42.263 7 INFO neutron_taas.services.taas.taas_plugin [None req-48c0fd20-84e3-4ae7-91c7-078f5d4a0a69 56c2571148d04cc0b6eae5a60d90ff4b a26b959916da42eca7cf09782facde8c - - default default] TaaS: Handle Delete Port: 854ea590-b9bd-46eb-9dc3-c3c10a45be8c
2026-06-10 02:31:42.266 7 INFO neutron_taas.services.taas.tap_mirror_plugin [None req-48c0fd20-84e3-4ae7-91c7-078f5d4a0a69 56c2571148d04cc0b6eae5a60d90ff4b a26b959916da42eca7cf09782facde8c - - default default] Tap Mirror: Handle Delete Port: 854ea590-b9bd-46eb-9dc3-c3c10a45be8c
2026-06-10 02:31:42.446 7 INFO neutron.services.segments.plugin [-] Segment f310c289-7a84-4f04-9c6d-5ad01101e856 resource provider aggregate not found
2026-06-10 02:31:42.450 8 INFO neutron.db.ovn_revision_numbers_db [None req-2331b94f-4a03-496b-8e32-1b3d4a4ff4ff bcbcac4a2bf7425cbb809cf48c57bc89 0f5336f09d834b50a4bda3723af12ec2 - - default default] Successfully bumped revision number for resource 47ad59aa-6698-4bc8-8bdc-cb51c7642e38 (type: security_group_rules) to 0
2026-06-10 02:31:42.452 7 INFO neutron.services.segments.plugin [-] Segment f310c289-7a84-4f04-9c6d-5ad01101e856 resource provider aggregate not found
2026-06-10 02:31:42.468 7 INFO neutron.services.segments.plugin [-] Segment f310c289-7a84-4f04-9c6d-5ad01101e856 resource provider not found; error: Placement Client Error (4xx): {"errors": [{"status": 404, "title": "Not Found", "detail": "The resource could not be found.\n\n No resource provider with uuid f310c289-7a84-4f04-9c6d-5ad01101e856 found for delete ", "request_id": "req-eb3523a1-c2ee-4f60-8d92-3baa2f7edc6e"}]}
2026-06-10 02:31:42.472 7 INFO neutron.services.segments.plugin [-] Segment f310c289-7a84-4f04-9c6d-5ad01101e856 resource provider not found; error: Placement Client Error (4xx): {"errors": [{"status": 404, "title": "Not Found", "detail": "The resource could not be found.\n\n No resource provider with uuid f310c289-7a84-4f04-9c6d-5ad01101e856 found for delete ", "request_id": "req-531a6d5a-2398-432d-83a1-9acff8932246"}]} [pid: 8|app: 0|req: 789/1550] 10.0.0.90 () {34 vars in 694 bytes} [Wed Jun 10 02:31:42 2026] POST /v2.0/security-group-rules => generated 597 bytes in 222 msecs (HTTP/1.1 201) 4 headers in 162 bytes (1 switches on core 0) [pid: 7|app: 0|req: 762/1551] 10.0.0.90 () {32 vars in 725 bytes} [Wed Jun 10 02:31:42 2026] DELETE /v2.0/networks/1f3f873e-399b-4287-885e-9130a7abc66f => generated 0 bytes in 359 msecs (HTTP/1.1 204) 3 headers in 131 bytes (1 switches on core 0)
2026-06-10 02:31:42.718 8 WARNING neutron.scheduler.dhcp_agent_scheduler [None req-54de852f-558b-44fa-ad93-e9959ce16c39 56c2571148d04cc0b6eae5a60d90ff4b a26b959916da42eca7cf09782facde8c - - default default] No more DHCP agents
2026-06-10 02:31:42.721 8 WARNING neutron.api.rpc.agentnotifiers.dhcp_rpc_agent_api [None req-54de852f-558b-44fa-ad93-e9959ce16c39 56c2571148d04cc0b6eae5a60d90ff4b a26b959916da42eca7cf09782facde8c - - default default] Unable to schedule network 944c3fdf-7ec4-4006-83b3-abdc6b6011d6: no agents available; will retry on subsequent port and subnet creation events.
2026-06-10 02:31:42.820 8 WARNING neutron.plugins.ml2.drivers.ovn.mech_driver.ovsdb.ovn_client [None req-69afb3ee-491f-43da-aed0-5ee281c8dbb5 - - - - - -] No hosting information found for port 2d08b4c1-0109-4ffc-93c5-5d9fb8c2a2ae: RuntimeError: No hosting information found for port 2d08b4c1-0109-4ffc-93c5-5d9fb8c2a2ae
2026-06-10 02:31:42.895 8 INFO neutron.db.ovn_revision_numbers_db [None req-54de852f-558b-44fa-ad93-e9959ce16c39 56c2571148d04cc0b6eae5a60d90ff4b a26b959916da42eca7cf09782facde8c - - default default] Successfully bumped revision number for resource 3a86bfc5-fbe6-4977-a157-470b8fb611f7 (type: ports) to 1
2026-06-10 02:31:42.911 7 INFO neutron.db.ovn_revision_numbers_db [None req-e05e604a-b2f6-4a0f-976c-5afb5b514bac dd65f686ba664390bd17dd2b11bac3af fc3fd3a13cd74e3680fc3588f7ea0fdd - - default default] Successfully bumped revision number for resource 2f66f576-9b7b-4352-9ad0-ecbdfa11ddd8 (type: security_groups) to 1
2026-06-10 02:31:42.923 7 INFO neutron.db.ovn_revision_numbers_db [None req-e05e604a-b2f6-4a0f-976c-5afb5b514bac dd65f686ba664390bd17dd2b11bac3af fc3fd3a13cd74e3680fc3588f7ea0fdd - - default default] Successfully bumped revision number for resource 72a6552f-1ecc-4cce-b686-a004ca73c37a (type: security_group_rules) to 0
2026-06-10 02:31:42.939 7 INFO neutron.db.ovn_revision_numbers_db [None req-e05e604a-b2f6-4a0f-976c-5afb5b514bac dd65f686ba664390bd17dd2b11bac3af fc3fd3a13cd74e3680fc3588f7ea0fdd - - default default] Successfully bumped revision number for resource 7cc25d62-7c62-4100-99d1-6696772388ca (type: security_group_rules) to 0
2026-06-10 02:31:42.951 7 INFO neutron.db.ovn_revision_numbers_db [None req-e05e604a-b2f6-4a0f-976c-5afb5b514bac dd65f686ba664390bd17dd2b11bac3af fc3fd3a13cd74e3680fc3588f7ea0fdd - - default default] Successfully bumped revision number for resource 961c5afe-407d-4cb8-b7d7-fcbbe40a69b0 (type: security_group_rules) to 0
2026-06-10 02:31:42.965 7 INFO neutron.db.ovn_revision_numbers_db [None req-e05e604a-b2f6-4a0f-976c-5afb5b514bac dd65f686ba664390bd17dd2b11bac3af fc3fd3a13cd74e3680fc3588f7ea0fdd - - default default] Successfully bumped revision number for resource 9f897f08-15d9-469b-aa06-f9bdd1e6480a (type: security_group_rules) to 0
2026-06-10 02:31:42.976 8 INFO neutron.db.ovn_revision_numbers_db [None req-69afb3ee-491f-43da-aed0-5ee281c8dbb5 - - - - - -] Successfully bumped revision number for resource 2d08b4c1-0109-4ffc-93c5-5d9fb8c2a2ae (type: router_ports) to 2
2026-06-10 02:31:42.978 8 INFO neutron.plugins.ml2.drivers.ovn.mech_driver.mech_driver [None req-69afb3ee-491f-43da-aed0-5ee281c8dbb5 - - - - - -] OVN reports status down for port: 8ee06bf1-97a6-45c1-ac01-d29e682edbed [pid: 8|app: 0|req: 790/1552] 10.0.0.90 () {34 vars in 664 bytes} [Wed Jun 10 02:31:42 2026] POST /v2.0/ports => generated 774 bytes in 482 msecs (HTTP/1.1 201) 4 headers in 162 bytes (1 switches on core 0) /var/lib/openstack/lib/python3.12/site-packages/pycadf/identifier.py:70: UserWarning: Invalid uuid: neutron. To ensure interoperability, identifiers should be a valid uuid. warnings.warn(('Invalid uuid: %s. To ensure interoperability, '
2026-06-10 02:31:43.038 7 INFO neutron.db.segments_db [None req-e05e604a-b2f6-4a0f-976c-5afb5b514bac dd65f686ba664390bd17dd2b11bac3af fc3fd3a13cd74e3680fc3588f7ea0fdd - - default default] Added segment 0bf73c4a-9a59-42fd-977b-f0e3c9b0471c of type geneve for network 65649d2d-4ee2-4ea4-a999-dd594b34808c [pid: 8|app: 0|req: 791/1553] 10.0.0.164 () {34 vars in 1094 bytes} [Wed Jun 10 02:31:42 2026] GET /v2.0/security-groups?name=tempest-lb_member_SG-151654992&fields=id&tenant_id=0f5336f09d834b50a4bda3723af12ec2 => generated 69 bytes in 57 msecs (HTTP/1.1 200) 4 headers in 156 bytes (1 switches on core 0)
2026-06-10 02:31:43.085 8 WARNING neutron.plugins.ml2.drivers.ovn.mech_driver.ovsdb.ovn_client [None req-69afb3ee-491f-43da-aed0-5ee281c8dbb5 - - - - - -] Logical_Switch_Port 8ee06bf1-97a6-45c1-ac01-d29e682edbed host information not removed, the port state is up
2026-06-10 02:31:43.085 8 INFO neutron.plugins.ml2.drivers.ovn.mech_driver.mech_driver [None req-69afb3ee-491f-43da-aed0-5ee281c8dbb5 - - - - - -] OVN reports status up for port: 8ee06bf1-97a6-45c1-ac01-d29e682edbed
2026-06-10 02:31:43.104 8 INFO neutron.plugins.ml2.plugin [None req-69afb3ee-491f-43da-aed0-5ee281c8dbb5 - - - - - -] Attempt 1 to provision port 8ee06bf1-97a6-45c1-ac01-d29e682edbed
2026-06-10 02:31:43.139 7 INFO neutron.db.ovn_revision_numbers_db [None req-e05e604a-b2f6-4a0f-976c-5afb5b514bac dd65f686ba664390bd17dd2b11bac3af fc3fd3a13cd74e3680fc3588f7ea0fdd - - default default] Successfully bumped revision number for resource 65649d2d-4ee2-4ea4-a999-dd594b34808c (type: networks) to 1
2026-06-10 02:31:43.290 7 WARNING neutron.scheduler.dhcp_agent_scheduler [None req-e05e604a-b2f6-4a0f-976c-5afb5b514bac dd65f686ba664390bd17dd2b11bac3af fc3fd3a13cd74e3680fc3588f7ea0fdd - - default default] No more DHCP agents
2026-06-10 02:31:43.292 7 WARNING neutron.api.rpc.agentnotifiers.dhcp_rpc_agent_api [None req-e05e604a-b2f6-4a0f-976c-5afb5b514bac dd65f686ba664390bd17dd2b11bac3af fc3fd3a13cd74e3680fc3588f7ea0fdd - - default default] Unable to schedule network 65649d2d-4ee2-4ea4-a999-dd594b34808c: no agents available; will retry on subsequent port and subnet creation events.
2026-06-10 02:31:43.398 7 INFO neutron.db.ovn_revision_numbers_db [None req-e05e604a-b2f6-4a0f-976c-5afb5b514bac dd65f686ba664390bd17dd2b11bac3af fc3fd3a13cd74e3680fc3588f7ea0fdd - - default default] Successfully bumped revision number for resource 77e2c7d4-bd06-440d-8255-2ac5b77b5965 (type: ports) to 1 [pid: 7|app: 0|req: 763/1554] 10.0.0.90 () {34 vars in 669 bytes} [Wed Jun 10 02:31:42 2026] POST /v2.0/networks => generated 648 bytes in 859 msecs (HTTP/1.1 201) 4 headers in 162 bytes (1 switches on core 0) [pid: 7|app: 0|req: 764/1555] 10.0.0.164 () {34 vars in 982 bytes} [Wed Jun 10 02:31:43 2026] GET /v2.0/networks?id=bb7bed87-1613-47a5-84e1-e2cbe9ab0f6a => generated 704 bytes in 57 msecs (HTTP/1.1 200) 4 headers in 157 bytes (1 switches on core 0)
2026-06-10 02:31:43.515 8 INFO neutron.db.ovn_revision_numbers_db [None req-ffcbaf4e-d5e1-46d6-b17c-aea19e9f9a0c 56c2571148d04cc0b6eae5a60d90ff4b a26b959916da42eca7cf09782facde8c - - default default] Successfully bumped revision number for resource 3a86bfc5-fbe6-4977-a157-470b8fb611f7 (type: ports) to 2 [pid: 8|app: 0|req: 792/1558] 10.0.0.90 () {34 vars in 736 bytes} [Wed Jun 10 02:31:43 2026] PUT /v2.0/ports/3a86bfc5-fbe6-4977-a157-470b8fb611f7 => generated 752 bytes in 485 msecs (HTTP/1.1 200) 4 headers in 157 bytes (1 switches on core 0) /var/lib/openstack/lib/python3.12/site-packages/pycadf/identifier.py:70: UserWarning: Invalid uuid: neutron. To ensure interoperability, identifiers should be a valid uuid. warnings.warn(('Invalid uuid: %s. To ensure interoperability, ' [pid: 8|app: 0|req: 793/1559] 10.0.0.164 () {34 vars in 965 bytes} [Wed Jun 10 02:31:43 2026] GET /v2.0/quotas/0f5336f09d834b50a4bda3723af12ec2 => generated 292 bytes in 19 msecs (HTTP/1.1 200) 4 headers in 157 bytes (1 switches on core 0)
2026-06-10 02:31:43.750 7 WARNING neutron.scheduler.dhcp_agent_scheduler [None req-595aa362-f789-42a3-b320-8b3923974bc5 dd65f686ba664390bd17dd2b11bac3af fc3fd3a13cd74e3680fc3588f7ea0fdd - - default default] No more DHCP agents
2026-06-10 02:31:43.753 7 WARNING neutron.api.rpc.agentnotifiers.dhcp_rpc_agent_api [None req-595aa362-f789-42a3-b320-8b3923974bc5 dd65f686ba664390bd17dd2b11bac3af fc3fd3a13cd74e3680fc3588f7ea0fdd - - default default] Unable to schedule network 65649d2d-4ee2-4ea4-a999-dd594b34808c: no agents available; will retry on subsequent port and subnet creation events.
2026-06-10 02:31:43.829 8 INFO neutron_taas.services.taas.taas_plugin [None req-a9a59fa3-e350-4e31-99a2-2903d53d3a58 56c2571148d04cc0b6eae5a60d90ff4b a26b959916da42eca7cf09782facde8c - - default default] TaaS: Handle Delete Port: 3a86bfc5-fbe6-4977-a157-470b8fb611f7
2026-06-10 02:31:43.837 8 INFO neutron_taas.services.taas.tap_mirror_plugin [None req-a9a59fa3-e350-4e31-99a2-2903d53d3a58 56c2571148d04cc0b6eae5a60d90ff4b a26b959916da42eca7cf09782facde8c - - default default] Tap Mirror: Handle Delete Port: 3a86bfc5-fbe6-4977-a157-470b8fb611f7
2026-06-10 02:31:43.862 7 INFO neutron.db.ovn_revision_numbers_db [None req-595aa362-f789-42a3-b320-8b3923974bc5 dd65f686ba664390bd17dd2b11bac3af fc3fd3a13cd74e3680fc3588f7ea0fdd - - default default] Successfully bumped revision number for resource 40e78124-5422-402d-bf17-f4d02854be92 (type: ports) to 1
2026-06-10 02:31:43.876 8 INFO neutron.db.ovn_revision_numbers_db [None req-69afb3ee-491f-43da-aed0-5ee281c8dbb5 - - - - - -] Successfully bumped revision number for resource 8ee06bf1-97a6-45c1-ac01-d29e682edbed (type: ports) to 2 [pid: 7|app: 0|req: 767/1560] 10.0.0.90 () {34 vars in 664 bytes} [Wed Jun 10 02:31:43 2026] POST /v2.0/ports => generated 779 bytes in 451 msecs (HTTP/1.1 201) 4 headers in 162 bytes (1 switches on core 0) /var/lib/openstack/lib/python3.12/site-packages/pycadf/identifier.py:70: UserWarning: Invalid uuid: neutron. To ensure interoperability, identifiers should be a valid uuid. warnings.warn(('Invalid uuid: %s. To ensure interoperability, ' [pid: 8|app: 0|req: 794/1561] 10.0.0.90 () {32 vars in 719 bytes} [Wed Jun 10 02:31:43 2026] DELETE /v2.0/ports/3a86bfc5-fbe6-4977-a157-470b8fb611f7 => generated 0 bytes in 486 msecs (HTTP/1.1 204) 3 headers in 131 bytes (1 switches on core 0) [pid: 7|app: 0|req: 768/1562] 10.0.0.164 () {34 vars in 1002 bytes} [Wed Jun 10 02:31:43 2026] GET /v2.0/ports?tenant_id=0f5336f09d834b50a4bda3723af12ec2&fields=id => generated 287 bytes in 200 msecs (HTTP/1.1 200) 4 headers in 157 bytes (1 switches on core 0)
2026-06-10 02:31:44.208 7 WARNING neutron.plugins.ml2.drivers.ovn.mech_driver.ovsdb.ovn_client [None req-751f2f8f-6b61-44fd-bc16-1171d63da9cc - - - - - -] No hosting information found for port 30edc77f-fa0b-41da-960b-e703506f6fb3: RuntimeError: No hosting information found for port 30edc77f-fa0b-41da-960b-e703506f6fb3
2026-06-10 02:31:44.232 7 INFO neutron.db.segments_db [None req-3a3bfea0-7f0d-4890-9b97-dea6d76f6a63 dd65f686ba664390bd17dd2b11bac3af fc3fd3a13cd74e3680fc3588f7ea0fdd - - default default] Added segment bf7fa246-302f-4237-9b93-39eb3e9dea3e of type geneve for network fa91493b-bf85-4a0b-8a8f-da5c92daba64
2026-06-10 02:31:44.359 8 INFO neutron.db.ovn_revision_numbers_db [None req-c962e303-302c-4274-a86b-cac1aea33750 74cf489578044a778a3de6779c19ddf2 393c519f3b9e453cb21c61e6f7294f98 - - default default] Successfully bumped revision number for resource f6129e42-7b9f-4e19-9a5e-6e7fef7b1239 (type: security_groups) to 1
2026-06-10 02:31:44.372 8 INFO neutron.db.ovn_revision_numbers_db [None req-c962e303-302c-4274-a86b-cac1aea33750 74cf489578044a778a3de6779c19ddf2 393c519f3b9e453cb21c61e6f7294f98 - - default default] Successfully bumped revision number for resource 2f7ef0d6-aa7a-435b-9075-f862bf65a743 (type: security_group_rules) to 0
2026-06-10 02:31:44.386 8 INFO neutron.db.ovn_revision_numbers_db [None req-c962e303-302c-4274-a86b-cac1aea33750 74cf489578044a778a3de6779c19ddf2 393c519f3b9e453cb21c61e6f7294f98 - - default default] Successfully bumped revision number for resource 5bae5acd-e92f-481b-9986-9f2d1ccf5d65 (type: security_group_rules) to 0
2026-06-10 02:31:44.396 7 INFO neutron.db.ovn_revision_numbers_db [None req-751f2f8f-6b61-44fd-bc16-1171d63da9cc - - - - - -] Successfully bumped revision number for resource 30edc77f-fa0b-41da-960b-e703506f6fb3 (type: router_ports) to 2
2026-06-10 02:31:44.396 7 INFO neutron.plugins.ml2.drivers.ovn.mech_driver.mech_driver [None req-751f2f8f-6b61-44fd-bc16-1171d63da9cc - - - - - -] OVN reports status down for port: 186ad789-653b-439b-b3fe-728134133818
2026-06-10 02:31:44.399 8 INFO neutron.db.ovn_revision_numbers_db [None req-c962e303-302c-4274-a86b-cac1aea33750 74cf489578044a778a3de6779c19ddf2 393c519f3b9e453cb21c61e6f7294f98 - - default default] Successfully bumped revision number for resource 7c9888da-5441-4d25-9933-aa69bcf1c97e (type: security_group_rules) to 0
2026-06-10 02:31:44.418 7 INFO neutron.plugins.ml2.drivers.ovn.mech_driver.mech_driver [None req-751f2f8f-6b61-44fd-bc16-1171d63da9cc - - - - - -] OVN reports status down for port: 3a86bfc5-fbe6-4977-a157-470b8fb611f7
2026-06-10 02:31:44.419 8 INFO neutron.db.ovn_revision_numbers_db [None req-c962e303-302c-4274-a86b-cac1aea33750 74cf489578044a778a3de6779c19ddf2 393c519f3b9e453cb21c61e6f7294f98 - - default default] Successfully bumped revision number for resource ba4bc0fa-6364-40cd-9b24-a0cf6e312cde (type: security_group_rules) to 0
2026-06-10 02:31:44.437 7 INFO neutron.plugins.ml2.drivers.ovn.mech_driver.mech_driver [None req-751f2f8f-6b61-44fd-bc16-1171d63da9cc - - - - - -] OVN reports status down for port: 77e2c7d4-bd06-440d-8255-2ac5b77b5965
2026-06-10 02:31:44.460 7 INFO neutron.db.ovn_revision_numbers_db [None req-3a3bfea0-7f0d-4890-9b97-dea6d76f6a63 dd65f686ba664390bd17dd2b11bac3af fc3fd3a13cd74e3680fc3588f7ea0fdd - - default default] Successfully bumped revision number for resource fa91493b-bf85-4a0b-8a8f-da5c92daba64 (type: networks) to 1
2026-06-10 02:31:44.510 8 INFO neutron.db.segments_db [None req-c962e303-302c-4274-a86b-cac1aea33750 74cf489578044a778a3de6779c19ddf2 393c519f3b9e453cb21c61e6f7294f98 - - default default] Added segment d1ebd33a-9be2-436d-8aa2-918a8c6a4ee8 of type geneve for network 1e787dcf-04a9-41cc-ae51-ec727a06eaea
2026-06-10 02:31:44.535 7 INFO neutron.plugins.ml2.drivers.ovn.mech_driver.mech_driver [None req-751f2f8f-6b61-44fd-bc16-1171d63da9cc - - - - - -] OVN reports status down for port: 3a86bfc5-fbe6-4977-a157-470b8fb611f7
2026-06-10 02:31:44.558 7 INFO neutron.plugins.ml2.drivers.ovn.mech_driver.mech_driver [None req-751f2f8f-6b61-44fd-bc16-1171d63da9cc - - - - - -] OVN reports status down for port: 40e78124-5422-402d-bf17-f4d02854be92
2026-06-10 02:31:44.607 8 INFO neutron.db.segments_db [None req-c962e303-302c-4274-a86b-cac1aea33750 74cf489578044a778a3de6779c19ddf2 393c519f3b9e453cb21c61e6f7294f98 - - default default] Added segment a0eb7883-d63b-4712-ae25-d409098b4911 of type geneve for network b14fe5bb-274a-4cc1-95f3-ca1d56e99d48
2026-06-10 02:31:44.726 8 INFO neutron.db.ovn_revision_numbers_db [None req-c962e303-302c-4274-a86b-cac1aea33750 74cf489578044a778a3de6779c19ddf2 393c519f3b9e453cb21c61e6f7294f98 - - default default] Successfully bumped revision number for resource 1e787dcf-04a9-41cc-ae51-ec727a06eaea (type: networks) to 1
2026-06-10 02:31:44.729 7 WARNING neutron.scheduler.dhcp_agent_scheduler [None req-3a3bfea0-7f0d-4890-9b97-dea6d76f6a63 dd65f686ba664390bd17dd2b11bac3af fc3fd3a13cd74e3680fc3588f7ea0fdd - - default default] No more DHCP agents
2026-06-10 02:31:44.730 7 WARNING neutron.api.rpc.agentnotifiers.dhcp_rpc_agent_api [None req-3a3bfea0-7f0d-4890-9b97-dea6d76f6a63 dd65f686ba664390bd17dd2b11bac3af fc3fd3a13cd74e3680fc3588f7ea0fdd - - default default] Unable to schedule network fa91493b-bf85-4a0b-8a8f-da5c92daba64: no agents available; will retry on subsequent port and subnet creation events.
2026-06-10 02:31:44.784 7 INFO neutron.plugins.ml2.drivers.ovn.mech_driver.mech_driver [None req-751f2f8f-6b61-44fd-bc16-1171d63da9cc - - - - - -] OVN reports status down for port: f80090d3-0a03-44fc-9d1b-386ddc4d9e69
2026-06-10 02:31:44.840 7 INFO neutron.db.ovn_revision_numbers_db [None req-3a3bfea0-7f0d-4890-9b97-dea6d76f6a63 dd65f686ba664390bd17dd2b11bac3af fc3fd3a13cd74e3680fc3588f7ea0fdd - - default default] Successfully bumped revision number for resource f80090d3-0a03-44fc-9d1b-386ddc4d9e69 (type: ports) to 1 [pid: 7|app: 0|req: 769/1563] 10.0.0.90 () {34 vars in 669 bytes} [Wed Jun 10 02:31:44 2026] POST /v2.0/networks => generated 635 bytes in 743 msecs (HTTP/1.1 201) 4 headers in 162 bytes (1 switches on core 0)
2026-06-10 02:31:44.903 8 WARNING neutron.scheduler.dhcp_agent_scheduler [None req-c962e303-302c-4274-a86b-cac1aea33750 74cf489578044a778a3de6779c19ddf2 393c519f3b9e453cb21c61e6f7294f98 - - default default] No more DHCP agents
2026-06-10 02:31:44.904 8 WARNING neutron.api.rpc.agentnotifiers.dhcp_rpc_agent_api [None req-c962e303-302c-4274-a86b-cac1aea33750 74cf489578044a778a3de6779c19ddf2 393c519f3b9e453cb21c61e6f7294f98 - - default default] Unable to schedule network 1e787dcf-04a9-41cc-ae51-ec727a06eaea: no agents available; will retry on subsequent port and subnet creation events.
2026-06-10 02:31:44.965 7 INFO neutron.plugins.ml2.drivers.ovn.mech_driver.mech_driver [None req-751f2f8f-6b61-44fd-bc16-1171d63da9cc - - - - - -] OVN reports status down for port: a99775df-b2e6-4af3-a6ef-f111d4048a94
2026-06-10 02:31:44.983 8 INFO neutron.db.ovn_revision_numbers_db [None req-c962e303-302c-4274-a86b-cac1aea33750 74cf489578044a778a3de6779c19ddf2 393c519f3b9e453cb21c61e6f7294f98 - - default default] Successfully bumped revision number for resource a99775df-b2e6-4af3-a6ef-f111d4048a94 (type: ports) to 1 [pid: 7|app: 0|req: 770/1564] 10.0.0.90 () {32 vars in 642 bytes} [Wed Jun 10 02:31:44 2026] GET /v2.0/ports => generated 1534 bytes in 126 msecs (HTTP/1.1 200) 4 headers in 158 bytes (1 switches on core 0)
2026-06-10 02:31:45.059 8 INFO neutron.db.ovn_revision_numbers_db [None req-c962e303-302c-4274-a86b-cac1aea33750 74cf489578044a778a3de6779c19ddf2 393c519f3b9e453cb21c61e6f7294f98 - - default default] Successfully bumped revision number for resource b14fe5bb-274a-4cc1-95f3-ca1d56e99d48 (type: networks) to 1 [pid: 7|app: 0|req: 771/1565] 10.0.0.164 () {34 vars in 1008 bytes} [Wed Jun 10 02:31:45 2026] GET /v2.0/networks/bb7bed87-1613-47a5-84e1-e2cbe9ab0f6a?fields=segments => generated 14 bytes in 78 msecs (HTTP/1.1 200) 4 headers in 156 bytes (1 switches on core 0)
2026-06-10 02:31:45.205 8 WARNING neutron.scheduler.dhcp_agent_scheduler [None req-c962e303-302c-4274-a86b-cac1aea33750 74cf489578044a778a3de6779c19ddf2 393c519f3b9e453cb21c61e6f7294f98 - - default default] No more DHCP agents
2026-06-10 02:31:45.207 8 WARNING neutron.api.rpc.agentnotifiers.dhcp_rpc_agent_api [None req-c962e303-302c-4274-a86b-cac1aea33750 74cf489578044a778a3de6779c19ddf2 393c519f3b9e453cb21c61e6f7294f98 - - default default] Unable to schedule network b14fe5bb-274a-4cc1-95f3-ca1d56e99d48: no agents available; will retry on subsequent port and subnet creation events.
2026-06-10 02:31:45.297 7 WARNING neutron.scheduler.dhcp_agent_scheduler [None req-d92aa270-aff1-4287-9276-33f12e13f10a dd65f686ba664390bd17dd2b11bac3af fc3fd3a13cd74e3680fc3588f7ea0fdd - - default default] No more DHCP agents
2026-06-10 02:31:45.299 7 WARNING neutron.api.rpc.agentnotifiers.dhcp_rpc_agent_api [None req-d92aa270-aff1-4287-9276-33f12e13f10a dd65f686ba664390bd17dd2b11bac3af fc3fd3a13cd74e3680fc3588f7ea0fdd - - default default] Unable to schedule network fa91493b-bf85-4a0b-8a8f-da5c92daba64: no agents available; will retry on subsequent port and subnet creation events.
2026-06-10 02:31:45.325 8 INFO neutron.db.ovn_revision_numbers_db [None req-c962e303-302c-4274-a86b-cac1aea33750 74cf489578044a778a3de6779c19ddf2 393c519f3b9e453cb21c61e6f7294f98 - - default default] Successfully bumped revision number for resource 46016f9d-dcac-4f11-971b-3c5ec1817a30 (type: ports) to 1
2026-06-10 02:31:45.328 7 INFO neutron.db.ovn_revision_numbers_db [None req-d92aa270-aff1-4287-9276-33f12e13f10a dd65f686ba664390bd17dd2b11bac3af fc3fd3a13cd74e3680fc3588f7ea0fdd - - default default] Successfully bumped revision number for resource 7e6c1c4f-da79-4bf5-846a-23fa10dff9b5 (type: subnets) to 0 [pid: 7|app: 0|req: 772/1566] 10.0.0.90 () {34 vars in 668 bytes} [Wed Jun 10 02:31:45 2026] POST /v2.0/subnets => generated 646 bytes in 264 msecs (HTTP/1.1 201) 4 headers in 162 bytes (1 switches on core 0) [pid: 8|app: 0|req: 795/1567] 10.0.0.90 () {34 vars in 669 bytes} [Wed Jun 10 02:31:44 2026] POST /v2.0/networks => generated 1246 bytes in 1318 msecs (HTTP/1.1 201) 4 headers in 163 bytes (1 switches on core 0)
2026-06-10 02:31:45.367 7 INFO neutron.pecan_wsgi.hooks.translation [None req-53a359d1-cf19-4f5b-8b3a-8c8f0017e536 56c2571148d04cc0b6eae5a60d90ff4b a26b959916da42eca7cf09782facde8c - - default default] GET failed (client error): The resource could not be found. [pid: 7|app: 0|req: 773/1568] 10.0.0.90 () {32 vars in 716 bytes} [Wed Jun 10 02:31:45 2026] GET /v2.0/ports/3a86bfc5-fbe6-4977-a157-470b8fb611f7 => generated 132 bytes in 18 msecs (HTTP/1.1 404) 4 headers in 164 bytes (1 switches on core 0) [pid: 8|app: 0|req: 796/1569] 10.0.0.164 () {34 vars in 1108 bytes} [Wed Jun 10 02:31:45 2026] GET /v2.0/networks/bb7bed87-1613-47a5-84e1-e2cbe9ab0f6a?fields=provider%3Aphysical_network&fields=provider%3Anetwork_type => generated 79 bytes in 56 msecs (HTTP/1.1 200) 4 headers in 156 bytes (1 switches on core 0) [pid: 8|app: 0|req: 797/1570] 10.0.0.90 () {32 vars in 648 bytes} [Wed Jun 10 02:31:45 2026] GET /v2.0/networks => generated 1857 bytes in 49 msecs (HTTP/1.1 200) 4 headers in 158 bytes (1 switches on core 0) [pid: 8|app: 0|req: 798/1571] 10.0.0.90 () {32 vars in 642 bytes} [Wed Jun 10 02:31:45 2026] GET /v2.0/ports => generated 1534 bytes in 38 msecs (HTTP/1.1 200) 4 headers in 158 bytes (1 switches on core 0)
2026-06-10 02:31:45.605 8 INFO neutron_taas.services.taas.taas_plugin [None req-f745ce02-bed5-49ba-9a6e-1789075863ca 74cf489578044a778a3de6779c19ddf2 393c519f3b9e453cb21c61e6f7294f98 - - default default] TaaS: Handle Delete Port: a99775df-b2e6-4af3-a6ef-f111d4048a94
2026-06-10 02:31:45.607 8 INFO neutron_taas.services.taas.tap_mirror_plugin [None req-f745ce02-bed5-49ba-9a6e-1789075863ca 74cf489578044a778a3de6779c19ddf2 393c519f3b9e453cb21c61e6f7294f98 - - default default] Tap Mirror: Handle Delete Port: a99775df-b2e6-4af3-a6ef-f111d4048a94
2026-06-10 02:31:45.655 7 WARNING neutron.scheduler.dhcp_agent_scheduler [None req-caa423f5-9f9f-41f6-bd8b-554d2525d46b dd65f686ba664390bd17dd2b11bac3af fc3fd3a13cd74e3680fc3588f7ea0fdd - - default default] No more DHCP agents
2026-06-10 02:31:45.657 7 WARNING neutron.api.rpc.agentnotifiers.dhcp_rpc_agent_api [None req-caa423f5-9f9f-41f6-bd8b-554d2525d46b dd65f686ba664390bd17dd2b11bac3af fc3fd3a13cd74e3680fc3588f7ea0fdd - - default default] Unable to schedule network fa91493b-bf85-4a0b-8a8f-da5c92daba64: no agents available; will retry on subsequent port and subnet creation events.
2026-06-10 02:31:45.754 7 INFO neutron.plugins.ml2.drivers.ovn.mech_driver.mech_driver [None req-751f2f8f-6b61-44fd-bc16-1171d63da9cc - - - - - -] OVN reports status down for port: ff3cb360-dd5e-47ea-9e17-c85863443d30
2026-06-10 02:31:45.769 8 INFO neutron.services.segments.plugin [-] Segment d1ebd33a-9be2-436d-8aa2-918a8c6a4ee8 resource provider aggregate not found
2026-06-10 02:31:45.771 8 INFO neutron.services.segments.plugin [-] Segment d1ebd33a-9be2-436d-8aa2-918a8c6a4ee8 resource provider aggregate not found
2026-06-10 02:31:45.786 8 INFO neutron.services.segments.plugin [-] Segment d1ebd33a-9be2-436d-8aa2-918a8c6a4ee8 resource provider not found; error: Placement Client Error (4xx): {"errors": [{"status": 404, "title": "Not Found", "detail": "The resource could not be found.\n\n No resource provider with uuid d1ebd33a-9be2-436d-8aa2-918a8c6a4ee8 found for delete ", "request_id": "req-50482e19-7be3-49b9-953b-4713ce43e266"}]}
2026-06-10 02:31:45.789 8 INFO neutron.services.segments.plugin [-] Segment d1ebd33a-9be2-436d-8aa2-918a8c6a4ee8 resource provider not found; error: Placement Client Error (4xx): {"errors": [{"status": 404, "title": "Not Found", "detail": "The resource could not be found.\n\n No resource provider with uuid d1ebd33a-9be2-436d-8aa2-918a8c6a4ee8 found for delete ", "request_id": "req-7b67d752-db2d-484d-a81b-f0cacda5d7b9"}]} [pid: 8|app: 0|req: 799/1572] 10.0.0.90 () {32 vars in 725 bytes} [Wed Jun 10 02:31:45 2026] DELETE /v2.0/networks/1e787dcf-04a9-41cc-ae51-ec727a06eaea => generated 0 bytes in 304 msecs (HTTP/1.1 204) 3 headers in 131 bytes (1 switches on core 0)
2026-06-10 02:31:45.828 7 INFO neutron.db.ovn_revision_numbers_db [None req-caa423f5-9f9f-41f6-bd8b-554d2525d46b dd65f686ba664390bd17dd2b11bac3af fc3fd3a13cd74e3680fc3588f7ea0fdd - - default default] Successfully bumped revision number for resource ff3cb360-dd5e-47ea-9e17-c85863443d30 (type: ports) to 1 [pid: 8|app: 0|req: 800/1573] 10.0.0.90 () {32 vars in 716 bytes} [Wed Jun 10 02:31:45 2026] GET /v2.0/ports/96722b1d-b969-4e49-9b41-6c4208c7e055 => generated 775 bytes in 30 msecs (HTTP/1.1 200) 4 headers in 157 bytes (1 switches on core 0) [pid: 8|app: 0|req: 801/1574] 10.0.0.164 () {34 vars in 990 bytes} [Wed Jun 10 02:31:45 2026] GET /v2.0/ports?device_id=81ec350a-85fe-4471-9513-174501c9d042 => generated 12 bytes in 19 msecs (HTTP/1.1 200) 4 headers in 156 bytes (1 switches on core 0) [pid: 7|app: 0|req: 774/1575] 10.0.0.90 () {34 vars in 664 bytes} [Wed Jun 10 02:31:45 2026] POST /v2.0/ports => generated 965 bytes in 504 msecs (HTTP/1.1 201) 4 headers in 162 bytes (1 switches on core 0) /var/lib/openstack/lib/python3.12/site-packages/pycadf/identifier.py:70: UserWarning: Invalid uuid: neutron. To ensure interoperability, identifiers should be a valid uuid. warnings.warn(('Invalid uuid: %s. To ensure interoperability, '
2026-06-10 02:31:45.913 7 INFO neutron.pecan_wsgi.hooks.translation [None req-ecd8f772-ae23-4803-ab28-bd47c3134b42 56c2571148d04cc0b6eae5a60d90ff4b a26b959916da42eca7cf09782facde8c - - default default] DELETE failed (client error): The resource could not be found. [pid: 7|app: 0|req: 775/1576] 10.0.0.90 () {32 vars in 719 bytes} [Wed Jun 10 02:31:45 2026] DELETE /v2.0/ports/186ad789-653b-439b-b3fe-728134133818 => generated 132 bytes in 44 msecs (HTTP/1.1 404) 4 headers in 164 bytes (1 switches on core 0)
2026-06-10 02:31:45.996 8 INFO neutron_taas.services.taas.taas_plugin [None req-d411ccc3-1601-4843-975d-f011538f3ba7 74cf489578044a778a3de6779c19ddf2 393c519f3b9e453cb21c61e6f7294f98 - - default default] TaaS: Handle Delete Port: 46016f9d-dcac-4f11-971b-3c5ec1817a30
2026-06-10 02:31:45.998 8 INFO neutron_taas.services.taas.tap_mirror_plugin [None req-d411ccc3-1601-4843-975d-f011538f3ba7 74cf489578044a778a3de6779c19ddf2 393c519f3b9e453cb21c61e6f7294f98 - - default default] Tap Mirror: Handle Delete Port: 46016f9d-dcac-4f11-971b-3c5ec1817a30
2026-06-10 02:31:46.029 7 INFO neutron_taas.services.taas.taas_plugin [None req-b688d8e8-0e4e-4a2b-8df1-aa8a5a130bb4 dd65f686ba664390bd17dd2b11bac3af fc3fd3a13cd74e3680fc3588f7ea0fdd - - default default] TaaS: Handle Delete Port: ff3cb360-dd5e-47ea-9e17-c85863443d30
2026-06-10 02:31:46.032 7 INFO neutron_taas.services.taas.tap_mirror_plugin [None req-b688d8e8-0e4e-4a2b-8df1-aa8a5a130bb4 dd65f686ba664390bd17dd2b11bac3af fc3fd3a13cd74e3680fc3588f7ea0fdd - - default default] Tap Mirror: Handle Delete Port: ff3cb360-dd5e-47ea-9e17-c85863443d30 [pid: 7|app: 0|req: 776/1577] 10.0.0.90 () {32 vars in 719 bytes} [Wed Jun 10 02:31:45 2026] DELETE /v2.0/ports/ff3cb360-dd5e-47ea-9e17-c85863443d30 => generated 0 bytes in 268 msecs (HTTP/1.1 204) 3 headers in 131 bytes (1 switches on core 0)
2026-06-10 02:31:46.202 7 INFO neutron.pecan_wsgi.hooks.translation [None req-5bf9f96e-989c-42ce-acec-c3e67fbe3029 56c2571148d04cc0b6eae5a60d90ff4b a26b959916da42eca7cf09782facde8c - - default default] DELETE failed (client error): The resource could not be found. [pid: 8|app: 0|req: 802/1578] 10.0.0.90 () {32 vars in 725 bytes} [Wed Jun 10 02:31:45 2026] DELETE /v2.0/networks/b14fe5bb-274a-4cc1-95f3-ca1d56e99d48 => generated 0 bytes in 340 msecs (HTTP/1.1 204) 3 headers in 131 bytes (1 switches on core 0) [pid: 7|app: 0|req: 777/1579] 10.0.0.90 () {32 vars in 723 bytes} [Wed Jun 10 02:31:46 2026] DELETE /v2.0/subnets/7533cc8c-857e-4964-b50a-be475b09afd2 => generated 136 bytes in 17 msecs (HTTP/1.1 404) 4 headers in 164 bytes (1 switches on core 0)
2026-06-10 02:31:46.222 8 INFO neutron.pecan_wsgi.hooks.translation [None req-261713dd-c519-4098-b0f4-b544df0c8559 dd65f686ba664390bd17dd2b11bac3af fc3fd3a13cd74e3680fc3588f7ea0fdd - - default default] DELETE failed (client error): The resource could not be found. [pid: 8|app: 0|req: 803/1580] 10.0.0.90 () {32 vars in 719 bytes} [Wed Jun 10 02:31:46 2026] DELETE /v2.0/ports/ff3cb360-dd5e-47ea-9e17-c85863443d30 => generated 132 bytes in 20 msecs (HTTP/1.1 404) 4 headers in 164 bytes (1 switches on core 0)
2026-06-10 02:31:46.237 8 INFO neutron.pecan_wsgi.hooks.translation [None req-15e48251-1a33-466e-9593-e98f2887ac28 56c2571148d04cc0b6eae5a60d90ff4b a26b959916da42eca7cf09782facde8c - - default default] DELETE failed (client error): The resource could not be found. [pid: 8|app: 0|req: 804/1581] 10.0.0.90 () {32 vars in 723 bytes} [Wed Jun 10 02:31:46 2026] DELETE /v2.0/subnets/fa034ec0-468b-4272-99af-345eefd9cf88 => generated 136 bytes in 19 msecs (HTTP/1.1 404) 4 headers in 164 bytes (1 switches on core 0)
2026-06-10 02:31:46.269 8 INFO neutron.pecan_wsgi.hooks.translation [None req-8668a04b-33c9-471b-82ab-df884625fcd7 dd65f686ba664390bd17dd2b11bac3af fc3fd3a13cd74e3680fc3588f7ea0fdd - - default default] GET failed (client error): The resource could not be found. [pid: 8|app: 0|req: 805/1582] 10.0.0.90 () {32 vars in 716 bytes} [Wed Jun 10 02:31:46 2026] GET /v2.0/ports/ff3cb360-dd5e-47ea-9e17-c85863443d30 => generated 132 bytes in 27 msecs (HTTP/1.1 404) 4 headers in 164 bytes (1 switches on core 0) [pid: 7|app: 0|req: 778/1583] 10.0.0.90 () {32 vars in 648 bytes} [Wed Jun 10 02:31:46 2026] GET /v2.0/networks => generated 651 bytes in 62 msecs (HTTP/1.1 200) 4 headers in 157 bytes (1 switches on core 0)
2026-06-10 02:31:46.383 7 INFO neutron.db.segments_db [None req-57ae4d29-551d-40e1-add8-4184998c7aa3 74cf489578044a778a3de6779c19ddf2 393c519f3b9e453cb21c61e6f7294f98 - - default default] Added segment b7b60475-13d8-4459-9c03-d0a839dede02 of type geneve for network 0c26bb16-8ad8-4910-9469-de2c219a6fc2
2026-06-10 02:31:46.400 8 INFO neutron_taas.services.taas.taas_plugin [None req-5007ba48-e374-481c-8005-a63ed4f0ec0f 56c2571148d04cc0b6eae5a60d90ff4b a26b959916da42eca7cf09782facde8c - - default default] TaaS: Handle Delete Port: 96722b1d-b969-4e49-9b41-6c4208c7e055
2026-06-10 02:31:46.403 8 INFO neutron_taas.services.taas.tap_mirror_plugin [None req-5007ba48-e374-481c-8005-a63ed4f0ec0f 56c2571148d04cc0b6eae5a60d90ff4b a26b959916da42eca7cf09782facde8c - - default default] Tap Mirror: Handle Delete Port: 96722b1d-b969-4e49-9b41-6c4208c7e055 [pid: 8|app: 0|req: 806/1584] 10.0.0.90 () {32 vars in 719 bytes} [Wed Jun 10 02:31:46 2026] DELETE /v2.0/ports/96722b1d-b969-4e49-9b41-6c4208c7e055 => generated 0 bytes in 242 msecs (HTTP/1.1 204) 3 headers in 131 bytes (1 switches on core 0)
2026-06-10 02:31:46.517 7 INFO neutron.db.ovn_revision_numbers_db [None req-57ae4d29-551d-40e1-add8-4184998c7aa3 74cf489578044a778a3de6779c19ddf2 393c519f3b9e453cb21c61e6f7294f98 - - default default] Successfully bumped revision number for resource 0c26bb16-8ad8-4910-9469-de2c219a6fc2 (type: networks) to 1 [pid: 8|app: 0|req: 807/1585] 10.0.0.90 () {32 vars in 723 bytes} [Wed Jun 10 02:31:46 2026] DELETE /v2.0/subnets/7e6c1c4f-da79-4bf5-846a-23fa10dff9b5 => generated 0 bytes in 133 msecs (HTTP/1.1 204) 3 headers in 131 bytes (1 switches on core 0)
2026-06-10 02:31:46.679 7 WARNING neutron.scheduler.dhcp_agent_scheduler [None req-57ae4d29-551d-40e1-add8-4184998c7aa3 74cf489578044a778a3de6779c19ddf2 393c519f3b9e453cb21c61e6f7294f98 - - default default] No more DHCP agents
2026-06-10 02:31:46.680 7 WARNING neutron.api.rpc.agentnotifiers.dhcp_rpc_agent_api [None req-57ae4d29-551d-40e1-add8-4184998c7aa3 74cf489578044a778a3de6779c19ddf2 393c519f3b9e453cb21c61e6f7294f98 - - default default] Unable to schedule network 0c26bb16-8ad8-4910-9469-de2c219a6fc2: no agents available; will retry on subsequent port and subnet creation events.
2026-06-10 02:31:46.759 7 INFO neutron.db.ovn_revision_numbers_db [None req-57ae4d29-551d-40e1-add8-4184998c7aa3 74cf489578044a778a3de6779c19ddf2 393c519f3b9e453cb21c61e6f7294f98 - - default default] Successfully bumped revision number for resource 9d1ca948-4e92-45a2-b677-40c3f2f49fdf (type: ports) to 1 [pid: 7|app: 0|req: 779/1586] 10.0.0.90 () {34 vars in 669 bytes} [Wed Jun 10 02:31:46 2026] POST /v2.0/networks => generated 650 bytes in 505 msecs (HTTP/1.1 201) 4 headers in 162 bytes (1 switches on core 0)
2026-06-10 02:31:46.806 8 INFO neutron_taas.services.taas.taas_plugin [None req-5aefaf4c-1880-4f2a-b245-c49200bd28ec 56c2571148d04cc0b6eae5a60d90ff4b a26b959916da42eca7cf09782facde8c - - default default] TaaS: Handle Delete Port: 81c40d52-f05f-49cd-99db-217bdd966090
2026-06-10 02:31:46.815 8 INFO neutron_taas.services.taas.tap_mirror_plugin [None req-5aefaf4c-1880-4f2a-b245-c49200bd28ec 56c2571148d04cc0b6eae5a60d90ff4b a26b959916da42eca7cf09782facde8c - - default default] Tap Mirror: Handle Delete Port: 81c40d52-f05f-49cd-99db-217bdd966090
2026-06-10 02:31:46.908 7 INFO neutron_taas.services.taas.taas_plugin [None req-7181b3eb-d80d-4ebe-ac3d-332e51634324 dd65f686ba664390bd17dd2b11bac3af fc3fd3a13cd74e3680fc3588f7ea0fdd - - default default] TaaS: Handle Delete Port: f80090d3-0a03-44fc-9d1b-386ddc4d9e69
2026-06-10 02:31:46.913 7 INFO neutron_taas.services.taas.tap_mirror_plugin [None req-7181b3eb-d80d-4ebe-ac3d-332e51634324 dd65f686ba664390bd17dd2b11bac3af fc3fd3a13cd74e3680fc3588f7ea0fdd - - default default] Tap Mirror: Handle Delete Port: f80090d3-0a03-44fc-9d1b-386ddc4d9e69 [pid: 8|app: 0|req: 808/1587] 10.0.0.90 () {32 vars in 725 bytes} [Wed Jun 10 02:31:46 2026] DELETE /v2.0/networks/944c3fdf-7ec4-4006-83b3-abdc6b6011d6 => generated 0 bytes in 420 msecs (HTTP/1.1 204) 3 headers in 131 bytes (1 switches on core 0)
2026-06-10 02:31:47.141 7 INFO neutron.services.segments.plugin [-] Segment bf7fa246-302f-4237-9b93-39eb3e9dea3e resource provider aggregate not found
2026-06-10 02:31:47.146 7 INFO neutron.services.segments.plugin [-] Segment bf7fa246-302f-4237-9b93-39eb3e9dea3e resource provider aggregate not found
2026-06-10 02:31:47.149 8 INFO neutron.db.segments_db [None req-597dfe98-2d90-4818-9cdb-4da4f6ded757 74cf489578044a778a3de6779c19ddf2 393c519f3b9e453cb21c61e6f7294f98 - - default default] Added segment b695012b-ab4f-424c-9238-3ce50844ebff of type geneve for network bbf891a2-83ca-404a-9dce-4d7738adecf4
2026-06-10 02:31:47.169 7 INFO neutron.services.segments.plugin [-] Segment bf7fa246-302f-4237-9b93-39eb3e9dea3e resource provider not found; error: Placement Client Error (4xx): {"errors": [{"status": 404, "title": "Not Found", "detail": "The resource could not be found.\n\n No resource provider with uuid bf7fa246-302f-4237-9b93-39eb3e9dea3e found for delete ", "request_id": "req-0eefae5c-7694-42dc-88e3-c0cca608f7fd"}]}
2026-06-10 02:31:47.169 7 INFO neutron.services.segments.plugin [-] Segment bf7fa246-302f-4237-9b93-39eb3e9dea3e resource provider not found; error: Placement Client Error (4xx): {"errors": [{"status": 404, "title": "Not Found", "detail": "The resource could not be found.\n\n No resource provider with uuid bf7fa246-302f-4237-9b93-39eb3e9dea3e found for delete ", "request_id": "req-2726e70e-a15b-419b-8a84-3f85fc8cf2ee"}]} [pid: 7|app: 0|req: 780/1588] 10.0.0.90 () {32 vars in 725 bytes} [Wed Jun 10 02:31:46 2026] DELETE /v2.0/networks/fa91493b-bf85-4a0b-8a8f-da5c92daba64 => generated 0 bytes in 409 msecs (HTTP/1.1 204) 3 headers in 131 bytes (1 switches on core 0)
2026-06-10 02:31:47.290 8 INFO neutron.db.ovn_revision_numbers_db [None req-597dfe98-2d90-4818-9cdb-4da4f6ded757 74cf489578044a778a3de6779c19ddf2 393c519f3b9e453cb21c61e6f7294f98 - - default default] Successfully bumped revision number for resource bbf891a2-83ca-404a-9dce-4d7738adecf4 (type: networks) to 1
2026-06-10 02:31:47.298 7 INFO neutron.db.segments_db [None req-a2ecd5e4-e168-4448-bdc5-600c8a488eba dd65f686ba664390bd17dd2b11bac3af fc3fd3a13cd74e3680fc3588f7ea0fdd - - default default] Added segment 9488ce72-98f7-4a4d-82b9-1c44f69b8691 of type geneve for network 2c7f78ed-313c-49fe-aab2-550f36d56cf0
2026-06-10 02:31:47.405 7 INFO neutron.db.ovn_revision_numbers_db [None req-a2ecd5e4-e168-4448-bdc5-600c8a488eba dd65f686ba664390bd17dd2b11bac3af fc3fd3a13cd74e3680fc3588f7ea0fdd - - default default] Successfully bumped revision number for resource 2c7f78ed-313c-49fe-aab2-550f36d56cf0 (type: networks) to 1
2026-06-10 02:31:47.498 8 WARNING neutron.scheduler.dhcp_agent_scheduler [None req-597dfe98-2d90-4818-9cdb-4da4f6ded757 74cf489578044a778a3de6779c19ddf2 393c519f3b9e453cb21c61e6f7294f98 - - default default] No more DHCP agents
2026-06-10 02:31:47.500 8 WARNING neutron.api.rpc.agentnotifiers.dhcp_rpc_agent_api [None req-597dfe98-2d90-4818-9cdb-4da4f6ded757 74cf489578044a778a3de6779c19ddf2 393c519f3b9e453cb21c61e6f7294f98 - - default default] Unable to schedule network bbf891a2-83ca-404a-9dce-4d7738adecf4: no agents available; will retry on subsequent port and subnet creation events.
2026-06-10 02:31:47.562 7 INFO neutron.plugins.ml2.drivers.ovn.mech_driver.mech_driver [None req-751f2f8f-6b61-44fd-bc16-1171d63da9cc - - - - - -] OVN reports status down for port: 143d6b3a-4f89-47ee-9d1d-03170dc52885
2026-06-10 02:31:47.585 7 WARNING neutron.scheduler.dhcp_agent_scheduler [None req-a2ecd5e4-e168-4448-bdc5-600c8a488eba dd65f686ba664390bd17dd2b11bac3af fc3fd3a13cd74e3680fc3588f7ea0fdd - - default default] No more DHCP agents
2026-06-10 02:31:47.588 7 WARNING neutron.api.rpc.agentnotifiers.dhcp_rpc_agent_api [None req-a2ecd5e4-e168-4448-bdc5-600c8a488eba dd65f686ba664390bd17dd2b11bac3af fc3fd3a13cd74e3680fc3588f7ea0fdd - - default default] Unable to schedule network 2c7f78ed-313c-49fe-aab2-550f36d56cf0: no agents available; will retry on subsequent port and subnet creation events.
2026-06-10 02:31:47.590 8 INFO neutron.db.ovn_revision_numbers_db [None req-597dfe98-2d90-4818-9cdb-4da4f6ded757 74cf489578044a778a3de6779c19ddf2 393c519f3b9e453cb21c61e6f7294f98 - - default default] Successfully bumped revision number for resource 143d6b3a-4f89-47ee-9d1d-03170dc52885 (type: ports) to 1 [pid: 8|app: 0|req: 809/1589] 10.0.0.90 () {34 vars in 669 bytes} [Wed Jun 10 02:31:47 2026] POST /v2.0/networks => generated 650 bytes in 547 msecs (HTTP/1.1 201) 4 headers in 162 bytes (1 switches on core 0)
2026-06-10 02:31:47.690 7 INFO neutron.plugins.ml2.drivers.ovn.mech_driver.mech_driver [None req-751f2f8f-6b61-44fd-bc16-1171d63da9cc - - - - - -] OVN reports status down for port: dfbfcf86-f787-48f5-9e43-a86de3cb0d5a
2026-06-10 02:31:47.730 7 INFO neutron.db.ovn_revision_numbers_db [None req-a2ecd5e4-e168-4448-bdc5-600c8a488eba dd65f686ba664390bd17dd2b11bac3af fc3fd3a13cd74e3680fc3588f7ea0fdd - - default default] Successfully bumped revision number for resource dfbfcf86-f787-48f5-9e43-a86de3cb0d5a (type: ports) to 1 [pid: 7|app: 0|req: 781/1590] 10.0.0.90 () {34 vars in 669 bytes} [Wed Jun 10 02:31:47 2026] POST /v2.0/networks => generated 636 bytes in 571 msecs (HTTP/1.1 201) 4 headers in 162 bytes (1 switches on core 0)
2026-06-10 02:31:47.810 8 INFO neutron.services.segments.plugin [-] Segment a0eb7883-d63b-4712-ae25-d409098b4911 resource provider aggregate not found
2026-06-10 02:31:47.814 8 INFO neutron.services.segments.plugin [-] Segment a0eb7883-d63b-4712-ae25-d409098b4911 resource provider aggregate not found
2026-06-10 02:31:47.836 8 INFO neutron.services.segments.plugin [-] Segment a0eb7883-d63b-4712-ae25-d409098b4911 resource provider not found; error: Placement Client Error (4xx): {"errors": [{"status": 404, "title": "Not Found", "detail": "The resource could not be found.\n\n No resource provider with uuid a0eb7883-d63b-4712-ae25-d409098b4911 found for delete ", "request_id": "req-64d682e9-0a72-4aa9-8cbb-794e66984917"}]}
2026-06-10 02:31:47.841 8 INFO neutron.services.segments.plugin [-] Segment a0eb7883-d63b-4712-ae25-d409098b4911 resource provider not found; error: Placement Client Error (4xx): {"errors": [{"status": 404, "title": "Not Found", "detail": "The resource could not be found.\n\n No resource provider with uuid a0eb7883-d63b-4712-ae25-d409098b4911 found for delete ", "request_id": "req-cad46b93-00b6-4680-97ba-c0aed6968f75"}]}
2026-06-10 02:31:47.857 8 INFO neutron.services.segments.plugin [-] Segment cce5872f-08ea-4822-945e-d1126a029562 resource provider aggregate not found
2026-06-10 02:31:47.863 8 INFO neutron.services.segments.plugin [-] Segment cce5872f-08ea-4822-945e-d1126a029562 resource provider aggregate not found
