2026-05-27 20:57:39.108 8 INFO placement.requestlog [None req-2a0c0928-1863-4bd0-b474-6c65ff0b6500 - - - - - -] 10.0.0.104 "GET /" status: 200 len: 136 microversion: 1.0
2026-05-27 20:57:45.390 7 INFO placement.requestlog [req-e066e85b-9c06-4ff4-8dad-4a1eb28cdcab req-161f8a71-374b-4ef4-a0b5-ed84145bdd16 9b994ae95eb84599ad01661461258ca0 3e0ece3a78dc4e2da3d88565df1625be - - bc2e1a65d49f454c8c6e3feb2fa177d8 bc2e1a65d49f454c8c6e3feb2fa177d8] 199.19.213.24 "GET /resource_providers/752a9ae2-58f2-42ff-9bf3-23ebcfd648fe/allocations" status: 200 len: 54 microversion: 1.0 [pid: 7|app: 0|req: 291/583] 199.19.213.24 () {32 vars in 856 bytes} [Wed May 27 20:57:45 2026] GET /resource_providers/752a9ae2-58f2-42ff-9bf3-23ebcfd648fe/allocations => generated 54 bytes in 142 msecs (HTTP/1.1 200) 6 headers in 223 bytes (1 switches on core 0)
2026-05-27 20:57:45.420 8 INFO placement.requestlog [req-e066e85b-9c06-4ff4-8dad-4a1eb28cdcab req-190c7d53-fda2-495d-be03-729d0ec3c305 9b994ae95eb84599ad01661461258ca0 3e0ece3a78dc4e2da3d88565df1625be - - bc2e1a65d49f454c8c6e3feb2fa177d8 bc2e1a65d49f454c8c6e3feb2fa177d8] 199.19.213.24 "GET /resource_providers?in_tree=752a9ae2-58f2-42ff-9bf3-23ebcfd648fe" status: 200 len: 797 microversion: 1.14 [pid: 8|app: 0|req: 293/584] 199.19.213.24 () {34 vars in 891 bytes} [Wed May 27 20:57:45 2026] GET /resource_providers?in_tree=752a9ae2-58f2-42ff-9bf3-23ebcfd648fe => generated 797 bytes in 22 msecs (HTTP/1.1 200) 6 headers in 225 bytes (1 switches on core 0)
2026-05-27 20:57:45.441 7 INFO placement.requestlog [req-e066e85b-9c06-4ff4-8dad-4a1eb28cdcab req-c8493911-67e3-4b36-80b3-0cab8a3ae671 9b994ae95eb84599ad01661461258ca0 3e0ece3a78dc4e2da3d88565df1625be - - bc2e1a65d49f454c8c6e3feb2fa177d8 bc2e1a65d49f454c8c6e3feb2fa177d8] 199.19.213.24 "GET /resource_providers/752a9ae2-58f2-42ff-9bf3-23ebcfd648fe/inventories" status: 200 len: 400 microversion: 1.0 [pid: 7|app: 0|req: 292/585] 199.19.213.24 () {32 vars in 856 bytes} [Wed May 27 20:57:45 2026] GET /resource_providers/752a9ae2-58f2-42ff-9bf3-23ebcfd648fe/inventories => generated 400 bytes in 14 msecs (HTTP/1.1 200) 6 headers in 224 bytes (1 switches on core 0)
2026-05-27 20:57:45.459 8 INFO placement.requestlog [req-e066e85b-9c06-4ff4-8dad-4a1eb28cdcab req-88b5739b-9bac-40a4-85bf-510f9a9b338a 9b994ae95eb84599ad01661461258ca0 3e0ece3a78dc4e2da3d88565df1625be - - bc2e1a65d49f454c8c6e3feb2fa177d8 bc2e1a65d49f454c8c6e3feb2fa177d8] 199.19.213.24 "GET /resource_providers/752a9ae2-58f2-42ff-9bf3-23ebcfd648fe/aggregates" status: 200 len: 53 microversion: 1.19 [pid: 8|app: 0|req: 294/586] 199.19.213.24 () {34 vars in 898 bytes} [Wed May 27 20:57:45 2026] GET /resource_providers/752a9ae2-58f2-42ff-9bf3-23ebcfd648fe/aggregates => generated 53 bytes in 10 msecs (HTTP/1.1 200) 8 headers in 295 bytes (1 switches on core 0)
2026-05-27 20:57:45.488 7 INFO placement.requestlog [req-e066e85b-9c06-4ff4-8dad-4a1eb28cdcab req-6e8c5102-0f59-4338-a97a-de0ac7d8a6e3 9b994ae95eb84599ad01661461258ca0 3e0ece3a78dc4e2da3d88565df1625be - - bc2e1a65d49f454c8c6e3feb2fa177d8 bc2e1a65d49f454c8c6e3feb2fa177d8] 199.19.213.24 "GET /resource_providers/752a9ae2-58f2-42ff-9bf3-23ebcfd648fe/traits" status: 200 len: 2175 microversion: 1.6 [pid: 7|app: 0|req: 293/587] 199.19.213.24 () {34 vars in 889 bytes} [Wed May 27 20:57:45 2026] GET /resource_providers/752a9ae2-58f2-42ff-9bf3-23ebcfd648fe/traits => generated 2175 bytes in 21 msecs (HTTP/1.1 200) 6 headers in 225 bytes (1 switches on core 0)
2026-05-27 20:57:45.508 8 INFO placement.requestlog [req-e066e85b-9c06-4ff4-8dad-4a1eb28cdcab req-7bbd8ee2-3c42-442c-8c7c-a869684e6a8b 9b994ae95eb84599ad01661461258ca0 3e0ece3a78dc4e2da3d88565df1625be - - bc2e1a65d49f454c8c6e3feb2fa177d8 bc2e1a65d49f454c8c6e3feb2fa177d8] 199.19.213.24 "GET /resource_providers/752a9ae2-58f2-42ff-9bf3-23ebcfd648fe/allocations" status: 200 len: 54 microversion: 1.0 [pid: 8|app: 0|req: 295/588] 199.19.213.24 () {32 vars in 856 bytes} [Wed May 27 20:57:45 2026] GET /resource_providers/752a9ae2-58f2-42ff-9bf3-23ebcfd648fe/allocations => generated 54 bytes in 13 msecs (HTTP/1.1 200) 6 headers in 223 bytes (1 switches on core 0)
2026-05-27 20:57:49.108 7 INFO placement.requestlog [None req-6ea9592c-1f1a-4ea7-a725-e466f0ae3a90 - - - - - -] 10.0.0.104 "GET /" status: 200 len: 136 microversion: 1.0
2026-05-27 20:57:49.108 8 INFO placement.requestlog [None req-1bc3a226-eb74-4cca-82b7-c88d12a67323 - - - - - -] 10.0.0.104 "GET /" status: 200 len: 136 microversion: 1.0
2026-05-27 20:57:59.108 8 INFO placement.requestlog [None req-2fa2e267-f0e8-4bbf-a24b-db9b863b1220 - - - - - -] 10.0.0.104 "GET /" status: 200 len: 136 microversion: 1.0
2026-05-27 20:57:59.108 7 INFO placement.requestlog [None req-87aa8fc2-bb70-4364-bac9-6ef866bcc558 - - - - - -] 10.0.0.104 "GET /" status: 200 len: 136 microversion: 1.0
2026-05-27 20:58:09.109 8 INFO placement.requestlog [None req-2e627a0c-2562-4305-9470-bb7dc1d05ce1 - - - - - -] 10.0.0.104 "GET /" status: 200 len: 136 microversion: 1.0
2026-05-27 20:58:09.109 7 INFO placement.requestlog [None req-911fd4ac-2b8f-4f47-8c1c-7d0cfe807713 - - - - - -] 10.0.0.104 "GET /" status: 200 len: 136 microversion: 1.0
2026-05-27 20:58:19.108 7 INFO placement.requestlog [None req-08f11ef7-6591-49f0-aa64-83b02ce2781b - - - - - -] 10.0.0.104 "GET /" status: 200 len: 136 microversion: 1.0
2026-05-27 20:58:19.108 8 INFO placement.requestlog [None req-d17cfa77-882b-4bee-b4e2-5073829a9c88 - - - - - -] 10.0.0.104 "GET /" status: 200 len: 136 microversion: 1.0
2026-05-27 20:58:29.108 7 INFO placement.requestlog [None req-2570335c-13a1-49f4-8958-9ef5df81606d - - - - - -] 10.0.0.104 "GET /" status: 200 len: 136 microversion: 1.0
2026-05-27 20:58:29.109 8 INFO placement.requestlog [None req-79e98ad4-279b-4f8f-838c-bd23ca024f05 - - - - - -] 10.0.0.104 "GET /" status: 200 len: 136 microversion: 1.0
2026-05-27 20:58:39.109 8 INFO placement.requestlog [None req-ea5bebb5-e93a-47a2-8598-0c14b5208ee1 - - - - - -] 10.0.0.104 "GET /" status: 200 len: 136 microversion: 1.0
2026-05-27 20:58:39.109 7 INFO placement.requestlog [None req-da91ac1d-f9e9-4955-8371-94a06395382d - - - - - -] 10.0.0.104 "GET /" status: 200 len: 136 microversion: 1.0
2026-05-27 20:58:47.784 8 INFO placement.requestlog [req-bc629375-dd6e-47a7-9b86-99f0fa256a46 req-e22ff638-89c2-4958-a2c1-a2c318f91bf8 9b994ae95eb84599ad01661461258ca0 3e0ece3a78dc4e2da3d88565df1625be - - bc2e1a65d49f454c8c6e3feb2fa177d8 bc2e1a65d49f454c8c6e3feb2fa177d8] 199.19.213.24 "GET /resource_providers/752a9ae2-58f2-42ff-9bf3-23ebcfd648fe/allocations" status: 200 len: 54 microversion: 1.0 [pid: 8|app: 0|req: 302/601] 199.19.213.24 () {32 vars in 856 bytes} [Wed May 27 20:58:47 2026] GET /resource_providers/752a9ae2-58f2-42ff-9bf3-23ebcfd648fe/allocations => generated 54 bytes in 19 msecs (HTTP/1.1 200) 6 headers in 223 bytes (1 switches on core 0)
2026-05-27 20:58:47.808 7 INFO placement.requestlog [req-bc629375-dd6e-47a7-9b86-99f0fa256a46 req-1848f98e-6e9e-4180-a9b6-dce9408d5310 9b994ae95eb84599ad01661461258ca0 3e0ece3a78dc4e2da3d88565df1625be - - bc2e1a65d49f454c8c6e3feb2fa177d8 bc2e1a65d49f454c8c6e3feb2fa177d8] 199.19.213.24 "GET /resource_providers/752a9ae2-58f2-42ff-9bf3-23ebcfd648fe/allocations" status: 200 len: 54 microversion: 1.0 [pid: 7|app: 0|req: 300/602] 199.19.213.24 () {32 vars in 856 bytes} [Wed May 27 20:58:47 2026] GET /resource_providers/752a9ae2-58f2-42ff-9bf3-23ebcfd648fe/allocations => generated 54 bytes in 16 msecs (HTTP/1.1 200) 6 headers in 223 bytes (1 switches on core 0)
2026-05-27 20:58:49.109 7 INFO placement.requestlog [None req-1fbcfe5a-ca71-4171-85ef-77273f61799d - - - - - -] 10.0.0.104 "GET /" status: 200 len: 136 microversion: 1.0
2026-05-27 20:58:49.109 8 INFO placement.requestlog [None req-a2d027e6-d3b8-42b1-87a7-2638f85a56ab - - - - - -] 10.0.0.104 "GET /" status: 200 len: 136 microversion: 1.0
2026-05-27 20:58:59.108 7 INFO placement.requestlog [None req-c8a2e3eb-9634-4d0b-9c06-e8377d648462 - - - - - -] 10.0.0.104 "GET /" status: 200 len: 136 microversion: 1.0
2026-05-27 20:58:59.109 8 INFO placement.requestlog [None req-7510a6c5-1f6c-4563-9630-9182a1b908fb - - - - - -] 10.0.0.104 "GET /" status: 200 len: 136 microversion: 1.0
2026-05-27 20:59:09.108 8 INFO placement.requestlog [None req-3fdc2836-5335-407a-8268-c459cf10a641 - - - - - -] 10.0.0.104 "GET /" status: 200 len: 136 microversion: 1.0
2026-05-27 20:59:09.108 7 INFO placement.requestlog [None req-1b029e18-35b9-41b4-b2ab-b90863d12efa - - - - - -] 10.0.0.104 "GET /" status: 200 len: 136 microversion: 1.0
2026-05-27 20:59:19.109 8 INFO placement.requestlog [None req-779331b7-30c4-4b92-9611-bc626fad24cd - - - - - -] 10.0.0.104 "GET /" status: 200 len: 136 microversion: 1.0
2026-05-27 20:59:19.109 7 INFO placement.requestlog [None req-fc9ede30-a75e-4e47-ac0d-489c1a748085 - - - - - -] 10.0.0.104 "GET /" status: 200 len: 136 microversion: 1.0
2026-05-27 20:59:29.108 8 INFO placement.requestlog [None req-9ebaee5c-0b37-4ffa-82af-ad1f20346816 - - - - - -] 10.0.0.104 "GET /" status: 200 len: 136 microversion: 1.0
2026-05-27 20:59:29.108 7 INFO placement.requestlog [None req-af44645a-7f58-4021-a400-00e26700f25c - - - - - -] 10.0.0.104 "GET /" status: 200 len: 136 microversion: 1.0
2026-05-27 20:59:39.108 8 INFO placement.requestlog [None req-3ec817cc-d5f4-4394-8044-f0e1efa209cc - - - - - -] 10.0.0.104 "GET /" status: 200 len: 136 microversion: 1.0
2026-05-27 20:59:39.108 7 INFO placement.requestlog [None req-e4cdeeee-bb90-4525-a867-010c442dd3da - - - - - -] 10.0.0.104 "GET /" status: 200 len: 136 microversion: 1.0
2026-05-27 20:59:49.108 8 INFO placement.requestlog [None req-6a2678da-7650-45c2-9ff2-3a5e7b2dde41 - - - - - -] 10.0.0.104 "GET /" status: 200 len: 136 microversion: 1.0
2026-05-27 20:59:49.109 7 INFO placement.requestlog [None req-61500da6-208e-488f-ada5-e0f8540a6420 - - - - - -] 10.0.0.104 "GET /" status: 200 len: 136 microversion: 1.0
2026-05-27 20:59:49.185 8 INFO placement.requestlog [req-88af97e0-410e-4ac3-afb1-4e8221e5faae req-4c4199ba-e463-4e68-98b6-9d68ff8be07f 9b994ae95eb84599ad01661461258ca0 3e0ece3a78dc4e2da3d88565df1625be - - bc2e1a65d49f454c8c6e3feb2fa177d8 bc2e1a65d49f454c8c6e3feb2fa177d8] 199.19.213.24 "GET /resource_providers/752a9ae2-58f2-42ff-9bf3-23ebcfd648fe/allocations" status: 200 len: 54 microversion: 1.0 [pid: 8|app: 0|req: 310/617] 199.19.213.24 () {32 vars in 856 bytes} [Wed May 27 20:59:49 2026] GET /resource_providers/752a9ae2-58f2-42ff-9bf3-23ebcfd648fe/allocations => generated 54 bytes in 16 msecs (HTTP/1.1 200) 6 headers in 223 bytes (1 switches on core 0)
2026-05-27 20:59:49.222 7 INFO placement.requestlog [req-88af97e0-410e-4ac3-afb1-4e8221e5faae req-1f4265f6-544f-4b97-b58e-2a1060f5e1a5 9b994ae95eb84599ad01661461258ca0 3e0ece3a78dc4e2da3d88565df1625be - - bc2e1a65d49f454c8c6e3feb2fa177d8 bc2e1a65d49f454c8c6e3feb2fa177d8] 199.19.213.24 "GET /resource_providers/752a9ae2-58f2-42ff-9bf3-23ebcfd648fe/allocations" status: 200 len: 54 microversion: 1.0 [pid: 7|app: 0|req: 308/618] 199.19.213.24 () {32 vars in 856 bytes} [Wed May 27 20:59:49 2026] GET /resource_providers/752a9ae2-58f2-42ff-9bf3-23ebcfd648fe/allocations => generated 54 bytes in 32 msecs (HTTP/1.1 200) 6 headers in 223 bytes (1 switches on core 0)
2026-05-27 20:59:59.108 8 INFO placement.requestlog [None req-fc52bf08-78de-45c2-b782-ca46344cc100 - - - - - -] 10.0.0.104 "GET /" status: 200 len: 136 microversion: 1.0
2026-05-27 20:59:59.113 7 INFO placement.requestlog [None req-f7e08a11-23bf-4055-a742-4e26f3fcdb1f - - - - - -] 10.0.0.104 "GET /" status: 200 len: 136 microversion: 1.0
2026-05-27 21:00:09.108 7 INFO placement.requestlog [None req-6c2a44d6-01b8-451b-a1f6-486273816b04 - - - - - -] 10.0.0.104 "GET /" status: 200 len: 136 microversion: 1.0
2026-05-27 21:00:09.108 8 INFO placement.requestlog [None req-dc1738e0-ea49-47ce-8cb5-9caafd674ba0 - - - - - -] 10.0.0.104 "GET /" status: 200 len: 136 microversion: 1.0
2026-05-27 21:00:19.108 8 INFO placement.requestlog [None req-1f809b7e-6308-4b3b-afe8-30f2015a5737 - - - - - -] 10.0.0.104 "GET /" status: 200 len: 136 microversion: 1.0
2026-05-27 21:00:19.108 7 INFO placement.requestlog [None req-e33f2c38-b861-43a6-adff-de095db87fbb - - - - - -] 10.0.0.104 "GET /" status: 200 len: 136 microversion: 1.0
2026-05-27 21:00:29.108 7 INFO placement.requestlog [None req-56ffa97a-39dd-41d3-9ff2-73f427a6afda - - - - - -] 10.0.0.104 "GET /" status: 200 len: 136 microversion: 1.0
2026-05-27 21:00:29.108 8 INFO placement.requestlog [None req-a831acbc-954c-4a28-a696-e5c2fd0e0843 - - - - - -] 10.0.0.104 "GET /" status: 200 len: 136 microversion: 1.0
2026-05-27 21:00:39.109 7 INFO placement.requestlog [None req-c8257d93-5f2b-4886-b0c7-531f450e226e - - - - - -] 10.0.0.104 "GET /" status: 200 len: 136 microversion: 1.0
2026-05-27 21:00:39.109 8 INFO placement.requestlog [None req-bf354479-e1ea-4245-9b3e-4fa27689e24a - - - - - -] 10.0.0.104 "GET /" status: 200 len: 136 microversion: 1.0
2026-05-27 21:00:49.108 8 INFO placement.requestlog [None req-8de0ec8e-70d7-458b-8b2c-8c33e4e4601a - - - - - -] 10.0.0.104 "GET /" status: 200 len: 136 microversion: 1.0
2026-05-27 21:00:49.108 7 INFO placement.requestlog [None req-213ae7b5-6c27-47ac-8d17-46e350581064 - - - - - -] 10.0.0.104 "GET /" status: 200 len: 136 microversion: 1.0
2026-05-27 21:00:51.818 7 INFO placement.requestlog [req-885bb835-858b-4109-81f5-14969884d019 req-f9437799-edc8-4867-beaa-d41c0dd9ba21 9b994ae95eb84599ad01661461258ca0 3e0ece3a78dc4e2da3d88565df1625be - - bc2e1a65d49f454c8c6e3feb2fa177d8 bc2e1a65d49f454c8c6e3feb2fa177d8] 199.19.213.24 "GET /resource_providers/752a9ae2-58f2-42ff-9bf3-23ebcfd648fe/allocations" status: 200 len: 54 microversion: 1.0 [pid: 7|app: 0|req: 315/631] 199.19.213.24 () {32 vars in 856 bytes} [Wed May 27 21:00:51 2026] GET /resource_providers/752a9ae2-58f2-42ff-9bf3-23ebcfd648fe/allocations => generated 54 bytes in 18 msecs (HTTP/1.1 200) 6 headers in 223 bytes (1 switches on core 0)
2026-05-27 21:00:51.844 8 INFO placement.requestlog [req-885bb835-858b-4109-81f5-14969884d019 req-b760fac1-44f6-423c-8539-a52f1950b87a 9b994ae95eb84599ad01661461258ca0 3e0ece3a78dc4e2da3d88565df1625be - - bc2e1a65d49f454c8c6e3feb2fa177d8 bc2e1a65d49f454c8c6e3feb2fa177d8] 199.19.213.24 "GET /resource_providers/752a9ae2-58f2-42ff-9bf3-23ebcfd648fe/allocations" status: 200 len: 54 microversion: 1.0 [pid: 8|app: 0|req: 317/632] 199.19.213.24 () {32 vars in 856 bytes} [Wed May 27 21:00:51 2026] GET /resource_providers/752a9ae2-58f2-42ff-9bf3-23ebcfd648fe/allocations => generated 54 bytes in 19 msecs (HTTP/1.1 200) 6 headers in 223 bytes (1 switches on core 0)
2026-05-27 21:00:59.108 7 INFO placement.requestlog [None req-f94c42af-18db-4f24-ab15-5c10b37c8d8c - - - - - -] 10.0.0.104 "GET /" status: 200 len: 136 microversion: 1.0
2026-05-27 21:00:59.110 8 INFO placement.requestlog [None req-dcb9e7e9-7a94-463f-8101-75c4d390ee98 - - - - - -] 10.0.0.104 "GET /" status: 200 len: 136 microversion: 1.0
2026-05-27 21:01:09.108 7 INFO placement.requestlog [None req-b0e28a8c-e51e-4b4a-b99a-fd12815d194e - - - - - -] 10.0.0.104 "GET /" status: 200 len: 136 microversion: 1.0
2026-05-27 21:01:09.109 8 INFO placement.requestlog [None req-dcb8726a-f518-4a71-b431-bac665ed6c26 - - - - - -] 10.0.0.104 "GET /" status: 200 len: 136 microversion: 1.0
2026-05-27 21:01:19.108 7 INFO placement.requestlog [None req-e49d8ba7-5a9c-4773-87bb-6a7c215f317c - - - - - -] 10.0.0.104 "GET /" status: 200 len: 136 microversion: 1.0
2026-05-27 21:01:19.109 8 INFO placement.requestlog [None req-0acc78fc-ee48-4d71-81ef-9e7a665ae487 - - - - - -] 10.0.0.104 "GET /" status: 200 len: 136 microversion: 1.0
2026-05-27 21:01:29.107 7 INFO placement.requestlog [None req-da60fb01-2673-4ac6-91d0-3da63aa6348f - - - - - -] 10.0.0.104 "GET /" status: 200 len: 136 microversion: 1.0
2026-05-27 21:01:29.108 8 INFO placement.requestlog [None req-75c9d82f-290e-403b-8f1f-ed77dd08f252 - - - - - -] 10.0.0.104 "GET /" status: 200 len: 136 microversion: 1.0
2026-05-27 21:01:39.108 7 INFO placement.requestlog [None req-78cd575f-0778-482d-9cd5-406c44aa2ccc - - - - - -] 10.0.0.104 "GET /" status: 200 len: 136 microversion: 1.0
2026-05-27 21:01:39.108 8 INFO placement.requestlog [None req-895b836a-373c-4d05-8db7-3e007341f892 - - - - - -] 10.0.0.104 "GET /" status: 200 len: 136 microversion: 1.0
2026-05-27 21:01:49.110 7 INFO placement.requestlog [None req-c56d84c2-6115-4ab1-bd11-148e9094777e - - - - - -] 10.0.0.104 "GET /" status: 200 len: 136 microversion: 1.0
2026-05-27 21:01:49.110 8 INFO placement.requestlog [None req-9c3febe7-efdb-4747-ad6e-0b5a0184cf94 - - - - - -] 10.0.0.104 "GET /" status: 200 len: 136 microversion: 1.0
2026-05-27 21:01:51.834 7 INFO placement.requestlog [req-64276d20-a8eb-46f9-a71c-c347413a819b req-bb88c152-7be4-4946-9861-fc3e4952dd7c 9b994ae95eb84599ad01661461258ca0 3e0ece3a78dc4e2da3d88565df1625be - - bc2e1a65d49f454c8c6e3feb2fa177d8 bc2e1a65d49f454c8c6e3feb2fa177d8] 199.19.213.24 "GET /resource_providers/752a9ae2-58f2-42ff-9bf3-23ebcfd648fe/allocations" status: 200 len: 54 microversion: 1.0 [pid: 7|app: 0|req: 322/645] 199.19.213.24 () {32 vars in 856 bytes} [Wed May 27 21:01:51 2026] GET /resource_providers/752a9ae2-58f2-42ff-9bf3-23ebcfd648fe/allocations => generated 54 bytes in 16 msecs (HTTP/1.1 200) 6 headers in 223 bytes (1 switches on core 0)
2026-05-27 21:01:51.856 8 INFO placement.requestlog [req-64276d20-a8eb-46f9-a71c-c347413a819b req-8b439d48-6335-4ba1-a85d-9cdde46073cf 9b994ae95eb84599ad01661461258ca0 3e0ece3a78dc4e2da3d88565df1625be - - bc2e1a65d49f454c8c6e3feb2fa177d8 bc2e1a65d49f454c8c6e3feb2fa177d8] 199.19.213.24 "GET /resource_providers/752a9ae2-58f2-42ff-9bf3-23ebcfd648fe/allocations" status: 200 len: 54 microversion: 1.0 [pid: 8|app: 0|req: 324/646] 199.19.213.24 () {32 vars in 856 bytes} [Wed May 27 21:01:51 2026] GET /resource_providers/752a9ae2-58f2-42ff-9bf3-23ebcfd648fe/allocations => generated 54 bytes in 16 msecs (HTTP/1.1 200) 6 headers in 223 bytes (1 switches on core 0)
2026-05-27 21:01:59.109 8 INFO placement.requestlog [None req-c67e5ef9-65bb-4ed4-8208-509df71dba88 - - - - - -] 10.0.0.104 "GET /" status: 200 len: 136 microversion: 1.0
2026-05-27 21:01:59.109 7 INFO placement.requestlog [None req-3df2bc4e-6344-4d78-8c81-a7d2fa7a3645 - - - - - -] 10.0.0.104 "GET /" status: 200 len: 136 microversion: 1.0
2026-05-27 21:02:09.108 8 INFO placement.requestlog [None req-1210c4dd-8d1a-46cf-bc5d-84c7258c918b - - - - - -] 10.0.0.104 "GET /" status: 200 len: 136 microversion: 1.0
2026-05-27 21:02:09.110 7 INFO placement.requestlog [None req-543854f5-bec5-4dcf-bc03-e4cee04b0347 - - - - - -] 10.0.0.104 "GET /" status: 200 len: 136 microversion: 1.0
2026-05-27 21:02:18.225 8 INFO placement.requestlog [req-af2e6676-05a7-4af1-91c8-0ddceb6de10a req-ed5cf2db-03aa-4e37-bf0f-52f9a892ab53 9b994ae95eb84599ad01661461258ca0 3e0ece3a78dc4e2da3d88565df1625be - - bc2e1a65d49f454c8c6e3feb2fa177d8 bc2e1a65d49f454c8c6e3feb2fa177d8] 10.0.0.181 "GET /allocation_candidates?limit=1000&resources=DISK_GB%3A1%2CMEMORY_MB%3A512%2CVCPU%3A1&root_required=%21COMPUTE_STATUS_DISABLED" status: 200 len: 2640 microversion: 1.36 [pid: 8|app: 0|req: 327/651] 10.0.0.181 () {34 vars in 1012 bytes} [Wed May 27 21:02:18 2026] GET /allocation_candidates?limit=1000&resources=DISK_GB%3A1%2CMEMORY_MB%3A512%2CVCPU%3A1&root_required=%21COMPUTE_STATUS_DISABLED => generated 2640 bytes in 192 msecs (HTTP/1.1 200) 8 headers in 297 bytes (1 switches on core 0)
2026-05-27 21:02:18.263 7 INFO placement.requestlog [req-af2e6676-05a7-4af1-91c8-0ddceb6de10a req-c0494b37-cca2-494a-bcbb-1eedf5ffebed 9b994ae95eb84599ad01661461258ca0 3e0ece3a78dc4e2da3d88565df1625be - - bc2e1a65d49f454c8c6e3feb2fa177d8 bc2e1a65d49f454c8c6e3feb2fa177d8] 10.0.0.181 "GET /allocations/5520a12a-253c-44bd-b26b-46ff0a28e523" status: 200 len: 19 microversion: 1.28 [pid: 7|app: 0|req: 325/652] 10.0.0.181 () {34 vars in 861 bytes} [Wed May 27 21:02:18 2026] GET /allocations/5520a12a-253c-44bd-b26b-46ff0a28e523 => generated 19 bytes in 9 msecs (HTTP/1.1 200) 8 headers in 295 bytes (1 switches on core 0)
2026-05-27 21:02:18.356 8 INFO placement.requestlog [req-af2e6676-05a7-4af1-91c8-0ddceb6de10a req-2d4d779c-8e1b-44f4-9ce3-715e75186694 9b994ae95eb84599ad01661461258ca0 3e0ece3a78dc4e2da3d88565df1625be - - bc2e1a65d49f454c8c6e3feb2fa177d8 bc2e1a65d49f454c8c6e3feb2fa177d8] 10.0.0.181 "PUT /allocations/5520a12a-253c-44bd-b26b-46ff0a28e523" status: 204 len: 0 microversion: 1.36 [pid: 8|app: 0|req: 328/653] 10.0.0.181 () {38 vars in 914 bytes} [Wed May 27 21:02:18 2026] PUT /allocations/5520a12a-253c-44bd-b26b-46ff0a28e523 => generated 0 bytes in 88 msecs (HTTP/1.1 204) 5 headers in 199 bytes (1 switches on core 0)
2026-05-27 21:02:18.547 7 INFO placement.requestlog [req-e836f169-d306-469d-ba0d-6708bfe745e1 req-d9763652-a4f1-4a42-9f71-3eaeae8f8d21 9b994ae95eb84599ad01661461258ca0 3e0ece3a78dc4e2da3d88565df1625be - - bc2e1a65d49f454c8c6e3feb2fa177d8 bc2e1a65d49f454c8c6e3feb2fa177d8] 10.0.0.181 "GET /allocation_candidates?limit=1000&resources=DISK_GB%3A1%2CMEMORY_MB%3A512%2CVCPU%3A1&root_required=%21COMPUTE_STATUS_DISABLED" status: 200 len: 2642 microversion: 1.36 [pid: 7|app: 0|req: 326/654] 10.0.0.181 () {34 vars in 1012 bytes} [Wed May 27 21:02:18 2026] GET /allocation_candidates?limit=1000&resources=DISK_GB%3A1%2CMEMORY_MB%3A512%2CVCPU%3A1&root_required=%21COMPUTE_STATUS_DISABLED => generated 2642 bytes in 51 msecs (HTTP/1.1 200) 8 headers in 297 bytes (1 switches on core 0)
2026-05-27 21:02:18.587 8 INFO placement.requestlog [req-e836f169-d306-469d-ba0d-6708bfe745e1 req-8fa55a43-06b4-4f35-9952-ce495433afaa 9b994ae95eb84599ad01661461258ca0 3e0ece3a78dc4e2da3d88565df1625be - - bc2e1a65d49f454c8c6e3feb2fa177d8 bc2e1a65d49f454c8c6e3feb2fa177d8] 10.0.0.181 "GET /allocations/aa29a811-0cc7-4a34-8289-16d64c567048" status: 200 len: 19 microversion: 1.28 [pid: 8|app: 0|req: 329/655] 10.0.0.181 () {34 vars in 861 bytes} [Wed May 27 21:02:18 2026] GET /allocations/aa29a811-0cc7-4a34-8289-16d64c567048 => generated 19 bytes in 12 msecs (HTTP/1.1 200) 8 headers in 295 bytes (1 switches on core 0)
2026-05-27 21:02:18.673 7 INFO placement.requestlog [req-e836f169-d306-469d-ba0d-6708bfe745e1 req-01a090a7-1508-4f47-a91d-bbd9b5ff327c 9b994ae95eb84599ad01661461258ca0 3e0ece3a78dc4e2da3d88565df1625be - - bc2e1a65d49f454c8c6e3feb2fa177d8 bc2e1a65d49f454c8c6e3feb2fa177d8] 10.0.0.181 "PUT /allocations/aa29a811-0cc7-4a34-8289-16d64c567048" status: 204 len: 0 microversion: 1.36 [pid: 7|app: 0|req: 327/656] 10.0.0.181 () {38 vars in 914 bytes} [Wed May 27 21:02:18 2026] PUT /allocations/aa29a811-0cc7-4a34-8289-16d64c567048 => generated 0 bytes in 80 msecs (HTTP/1.1 204) 5 headers in 199 bytes (1 switches on core 0)
2026-05-27 21:02:19.108 8 INFO placement.requestlog [None req-44144b33-ba24-41da-9cee-c0438b848f65 - - - - - -] 10.0.0.104 "GET /" status: 200 len: 136 microversion: 1.0
2026-05-27 21:02:19.108 7 INFO placement.requestlog [None req-93d2c28e-c33e-4e09-8719-1478f508eefd - - - - - -] 10.0.0.104 "GET /" status: 200 len: 136 microversion: 1.0
2026-05-27 21:02:19.836 8 INFO placement.requestlog [req-af2e6676-05a7-4af1-91c8-0ddceb6de10a req-6e43f581-b190-469a-8f9d-4c0cd894d839 9b994ae95eb84599ad01661461258ca0 3e0ece3a78dc4e2da3d88565df1625be - - bc2e1a65d49f454c8c6e3feb2fa177d8 bc2e1a65d49f454c8c6e3feb2fa177d8] 199.19.213.24 "GET /allocations/5520a12a-253c-44bd-b26b-46ff0a28e523" status: 200 len: 257 microversion: 1.28 [pid: 8|app: 0|req: 331/659] 199.19.213.24 () {34 vars in 862 bytes} [Wed May 27 21:02:19 2026] GET /allocations/5520a12a-253c-44bd-b26b-46ff0a28e523 => generated 257 bytes in 17 msecs (HTTP/1.1 200) 8 headers in 296 bytes (1 switches on core 0)
2026-05-27 21:02:20.859 7 INFO placement.requestlog [req-e836f169-d306-469d-ba0d-6708bfe745e1 req-09d447a9-11be-4dff-adbd-b88487698a89 9b994ae95eb84599ad01661461258ca0 3e0ece3a78dc4e2da3d88565df1625be - - bc2e1a65d49f454c8c6e3feb2fa177d8 bc2e1a65d49f454c8c6e3feb2fa177d8] 199.19.213.24 "GET /allocations/aa29a811-0cc7-4a34-8289-16d64c567048" status: 200 len: 257 microversion: 1.28 [pid: 7|app: 0|req: 329/660] 199.19.213.24 () {34 vars in 862 bytes} [Wed May 27 21:02:20 2026] GET /allocations/aa29a811-0cc7-4a34-8289-16d64c567048 => generated 257 bytes in 16 msecs (HTTP/1.1 200) 8 headers in 296 bytes (1 switches on core 0)
2026-05-27 21:02:20.898 8 INFO placement.requestlog [req-af2e6676-05a7-4af1-91c8-0ddceb6de10a req-82da83cb-2eb3-4e1d-9349-71adcf965da9 9b994ae95eb84599ad01661461258ca0 3e0ece3a78dc4e2da3d88565df1625be - - bc2e1a65d49f454c8c6e3feb2fa177d8 bc2e1a65d49f454c8c6e3feb2fa177d8] 199.19.213.24 "GET /resource_providers/752a9ae2-58f2-42ff-9bf3-23ebcfd648fe/allocations" status: 200 len: 252 microversion: 1.0 [pid: 8|app: 0|req: 332/661] 199.19.213.24 () {32 vars in 856 bytes} [Wed May 27 21:02:20 2026] GET /resource_providers/752a9ae2-58f2-42ff-9bf3-23ebcfd648fe/allocations => generated 252 bytes in 18 msecs (HTTP/1.1 200) 6 headers in 224 bytes (1 switches on core 0)
2026-05-27 21:02:20.918 7 INFO placement.requestlog [req-af2e6676-05a7-4af1-91c8-0ddceb6de10a req-380512c0-f7e4-476b-99a3-5bb2201ae3da 9b994ae95eb84599ad01661461258ca0 3e0ece3a78dc4e2da3d88565df1625be - - bc2e1a65d49f454c8c6e3feb2fa177d8 bc2e1a65d49f454c8c6e3feb2fa177d8] 199.19.213.24 "GET /allocations/aa29a811-0cc7-4a34-8289-16d64c567048" status: 200 len: 257 microversion: 1.28 [pid: 7|app: 0|req: 330/662] 199.19.213.24 () {34 vars in 862 bytes} [Wed May 27 21:02:20 2026] GET /allocations/aa29a811-0cc7-4a34-8289-16d64c567048 => generated 257 bytes in 15 msecs (HTTP/1.1 200) 8 headers in 296 bytes (1 switches on core 0)
2026-05-27 21:02:20.938 8 INFO placement.requestlog [req-af2e6676-05a7-4af1-91c8-0ddceb6de10a req-d64df788-f8a8-4fe7-979c-96e186e3113f 9b994ae95eb84599ad01661461258ca0 3e0ece3a78dc4e2da3d88565df1625be - - bc2e1a65d49f454c8c6e3feb2fa177d8 bc2e1a65d49f454c8c6e3feb2fa177d8] 199.19.213.24 "GET /allocations/5520a12a-253c-44bd-b26b-46ff0a28e523" status: 200 len: 257 microversion: 1.28 [pid: 8|app: 0|req: 333/663] 199.19.213.24 () {34 vars in 862 bytes} [Wed May 27 21:02:20 2026] GET /allocations/5520a12a-253c-44bd-b26b-46ff0a28e523 => generated 257 bytes in 14 msecs (HTTP/1.1 200) 8 headers in 296 bytes (1 switches on core 0)
2026-05-27 21:02:23.081 8 INFO placement.requestlog [None req-7280f9e7-45ae-4452-9a5f-40f71c216901 7fd535281ef94bcb84d6a93d1bf29555 3e0ece3a78dc4e2da3d88565df1625be - - bc2e1a65d49f454c8c6e3feb2fa177d8 bc2e1a65d49f454c8c6e3feb2fa177d8] 10.0.0.98 "GET /resource_providers/0a5fe2a5-c37a-49a7-8211-d7e22d259e56/aggregates" status: 404 len: 235 microversion: 1.1 [pid: 8|app: 0|req: 334/664] 10.0.0.98 () {32 vars in 815 bytes} [Wed May 27 21:02:22 2026] GET /resource_providers/0a5fe2a5-c37a-49a7-8211-d7e22d259e56/aggregates => generated 235 bytes in 186 msecs (HTTP/1.1 404) 5 headers in 202 bytes (1 switches on core 0)
2026-05-27 21:02:23.100 8 INFO placement.requestlog [req-e836f169-d306-469d-ba0d-6708bfe745e1 req-e4a4c37e-49db-44f2-86ee-c2a0197e7358 9b994ae95eb84599ad01661461258ca0 3e0ece3a78dc4e2da3d88565df1625be - - bc2e1a65d49f454c8c6e3feb2fa177d8 bc2e1a65d49f454c8c6e3feb2fa177d8] 199.19.213.24 "GET /resource_providers/752a9ae2-58f2-42ff-9bf3-23ebcfd648fe/allocations" status: 200 len: 252 microversion: 1.0 [pid: 8|app: 0|req: 335/665] 199.19.213.24 () {32 vars in 856 bytes} [Wed May 27 21:02:23 2026] GET /resource_providers/752a9ae2-58f2-42ff-9bf3-23ebcfd648fe/allocations => generated 252 bytes in 19 msecs (HTTP/1.1 200) 6 headers in 224 bytes (1 switches on core 0)
2026-05-27 21:02:23.109 8 INFO placement.requestlog [None req-8e01e3f1-a15e-4b61-b7b9-005ebd0d8718 7fd535281ef94bcb84d6a93d1bf29555 3e0ece3a78dc4e2da3d88565df1625be - - bc2e1a65d49f454c8c6e3feb2fa177d8 bc2e1a65d49f454c8c6e3feb2fa177d8] 10.0.0.98 "DELETE /resource_providers/0a5fe2a5-c37a-49a7-8211-d7e22d259e56" status: 404 len: 246 microversion: 1.1 [pid: 8|app: 0|req: 336/666] 10.0.0.98 () {34 vars in 815 bytes} [Wed May 27 21:02:23 2026] DELETE /resource_providers/0a5fe2a5-c37a-49a7-8211-d7e22d259e56 => generated 246 bytes in 9 msecs (HTTP/1.1 404) 6 headers in 231 bytes (1 switches on core 0)
2026-05-27 21:02:23.120 8 INFO placement.requestlog [req-e836f169-d306-469d-ba0d-6708bfe745e1 req-8cccc4a4-a9e0-4bb7-8ecd-12298f9358e1 9b994ae95eb84599ad01661461258ca0 3e0ece3a78dc4e2da3d88565df1625be - - bc2e1a65d49f454c8c6e3feb2fa177d8 bc2e1a65d49f454c8c6e3feb2fa177d8] 199.19.213.24 "GET /allocations/aa29a811-0cc7-4a34-8289-16d64c567048" status: 200 len: 257 microversion: 1.28 [pid: 8|app: 0|req: 337/667] 199.19.213.24 () {34 vars in 862 bytes} [Wed May 27 21:02:23 2026] GET /allocations/aa29a811-0cc7-4a34-8289-16d64c567048 => generated 257 bytes in 10 msecs (HTTP/1.1 200) 8 headers in 296 bytes (1 switches on core 0)
2026-05-27 21:02:23.162 7 INFO placement.requestlog [None req-8c13e180-91c2-4aa8-a42d-040edd605599 7fd535281ef94bcb84d6a93d1bf29555 3e0ece3a78dc4e2da3d88565df1625be - - bc2e1a65d49f454c8c6e3feb2fa177d8 bc2e1a65d49f454c8c6e3feb2fa177d8] 10.0.0.98 "GET /resource_providers/0a5fe2a5-c37a-49a7-8211-d7e22d259e56/aggregates" status: 404 len: 235 microversion: 1.1 [pid: 7|app: 0|req: 331/668] 10.0.0.98 () {32 vars in 815 bytes} [Wed May 27 21:02:22 2026] GET /resource_providers/0a5fe2a5-c37a-49a7-8211-d7e22d259e56/aggregates => generated 235 bytes in 273 msecs (HTTP/1.1 404) 5 headers in 202 bytes (1 switches on core 0)
2026-05-27 21:02:23.166 8 INFO placement.requestlog [None req-ec6d4aef-1756-4aff-bbac-272db68c9d2c 7fd535281ef94bcb84d6a93d1bf29555 3e0ece3a78dc4e2da3d88565df1625be - - bc2e1a65d49f454c8c6e3feb2fa177d8 bc2e1a65d49f454c8c6e3feb2fa177d8] 10.0.0.98 "GET /resource_providers/c5ad4a6a-bbbd-437b-916c-3e4262f0eddc/aggregates" status: 404 len: 235 microversion: 1.1 [pid: 8|app: 0|req: 338/669] 10.0.0.98 () {32 vars in 815 bytes} [Wed May 27 21:02:23 2026] GET /resource_providers/c5ad4a6a-bbbd-437b-916c-3e4262f0eddc/aggregates => generated 235 bytes in 46 msecs (HTTP/1.1 404) 5 headers in 202 bytes (1 switches on core 0)
2026-05-27 21:02:23.178 7 INFO placement.requestlog [req-e836f169-d306-469d-ba0d-6708bfe745e1 req-a20783e5-22f9-4175-a6ad-94d42b268c08 9b994ae95eb84599ad01661461258ca0 3e0ece3a78dc4e2da3d88565df1625be - - bc2e1a65d49f454c8c6e3feb2fa177d8 bc2e1a65d49f454c8c6e3feb2fa177d8] 199.19.213.24 "GET /allocations/5520a12a-253c-44bd-b26b-46ff0a28e523" status: 200 len: 257 microversion: 1.28 [pid: 7|app: 0|req: 332/670] 199.19.213.24 () {34 vars in 862 bytes} [Wed May 27 21:02:23 2026] GET /allocations/5520a12a-253c-44bd-b26b-46ff0a28e523 => generated 257 bytes in 16 msecs (HTTP/1.1 200) 8 headers in 296 bytes (1 switches on core 0)
2026-05-27 21:02:23.190 8 INFO placement.requestlog [None req-a9bf454c-caa0-447b-9fd7-3f8fd6993050 7fd535281ef94bcb84d6a93d1bf29555 3e0ece3a78dc4e2da3d88565df1625be - - bc2e1a65d49f454c8c6e3feb2fa177d8 bc2e1a65d49f454c8c6e3feb2fa177d8] 10.0.0.98 "DELETE /resource_providers/0a5fe2a5-c37a-49a7-8211-d7e22d259e56" status: 404 len: 246 microversion: 1.1 [pid: 8|app: 0|req: 339/671] 10.0.0.98 () {34 vars in 815 bytes} [Wed May 27 21:02:23 2026] DELETE /resource_providers/0a5fe2a5-c37a-49a7-8211-d7e22d259e56 => generated 246 bytes in 15 msecs (HTTP/1.1 404) 6 headers in 231 bytes (1 switches on core 0)
2026-05-27 21:02:23.200 7 INFO placement.requestlog [None req-971d49e2-f8da-4b9e-8485-829f7e8de049 7fd535281ef94bcb84d6a93d1bf29555 3e0ece3a78dc4e2da3d88565df1625be - - bc2e1a65d49f454c8c6e3feb2fa177d8 bc2e1a65d49f454c8c6e3feb2fa177d8] 10.0.0.98 "DELETE /resource_providers/c5ad4a6a-bbbd-437b-916c-3e4262f0eddc" status: 404 len: 246 microversion: 1.1 [pid: 7|app: 0|req: 333/672] 10.0.0.98 () {34 vars in 815 bytes} [Wed May 27 21:02:23 2026] DELETE /resource_providers/c5ad4a6a-bbbd-437b-916c-3e4262f0eddc => generated 246 bytes in 21 msecs (HTTP/1.1 404) 6 headers in 231 bytes (1 switches on core 0)
2026-05-27 21:02:23.241 8 INFO placement.requestlog [None req-4b062c73-4c5e-4c0c-a7d6-266f9616939b 7fd535281ef94bcb84d6a93d1bf29555 3e0ece3a78dc4e2da3d88565df1625be - - bc2e1a65d49f454c8c6e3feb2fa177d8 bc2e1a65d49f454c8c6e3feb2fa177d8] 10.0.0.98 "GET /resource_providers/c5ad4a6a-bbbd-437b-916c-3e4262f0eddc/aggregates" status: 404 len: 235 microversion: 1.1 [pid: 8|app: 0|req: 340/673] 10.0.0.98 () {32 vars in 815 bytes} [Wed May 27 21:02:23 2026] GET /resource_providers/c5ad4a6a-bbbd-437b-916c-3e4262f0eddc/aggregates => generated 235 bytes in 50 msecs (HTTP/1.1 404) 5 headers in 202 bytes (1 switches on core 0)
2026-05-27 21:02:23.267 7 INFO placement.requestlog [None req-0295bc17-a628-4482-a05f-7a7f7a87db16 7fd535281ef94bcb84d6a93d1bf29555 3e0ece3a78dc4e2da3d88565df1625be - - bc2e1a65d49f454c8c6e3feb2fa177d8 bc2e1a65d49f454c8c6e3feb2fa177d8] 10.0.0.98 "DELETE /resource_providers/c5ad4a6a-bbbd-437b-916c-3e4262f0eddc" status: 404 len: 246 microversion: 1.1 [pid: 7|app: 0|req: 334/674] 10.0.0.98 () {34 vars in 815 bytes} [Wed May 27 21:02:23 2026] DELETE /resource_providers/c5ad4a6a-bbbd-437b-916c-3e4262f0eddc => generated 246 bytes in 14 msecs (HTTP/1.1 404) 6 headers in 231 bytes (1 switches on core 0)
2026-05-27 21:02:29.109 7 INFO placement.requestlog [None req-f5ddd1f4-0b57-4f85-a63c-7a7c6dd9fb30 - - - - - -] 10.0.0.104 "GET /" status: 200 len: 136 microversion: 1.0
2026-05-27 21:02:29.110 8 INFO placement.requestlog [None req-b0e6ec9f-0ce2-4a7d-bdac-06cee14c8d19 - - - - - -] 10.0.0.104 "GET /" status: 200 len: 136 microversion: 1.0
2026-05-27 21:02:39.109 7 INFO placement.requestlog [None req-ac2132d8-37a8-482a-997c-ffd1cdfa4780 - - - - - -] 10.0.0.104 "GET /" status: 200 len: 136 microversion: 1.0
2026-05-27 21:02:39.109 8 INFO placement.requestlog [None req-96f05f6f-ea61-47ce-988f-6b75780c1033 - - - - - -] 10.0.0.104 "GET /" status: 200 len: 136 microversion: 1.0
2026-05-27 21:02:40.020 7 INFO placement.requestlog [req-3580d81d-fa6c-47a9-958b-3198bc42ab28 req-066c500d-8404-49a7-9c53-9f74541972e8 9b994ae95eb84599ad01661461258ca0 3e0ece3a78dc4e2da3d88565df1625be - - bc2e1a65d49f454c8c6e3feb2fa177d8 bc2e1a65d49f454c8c6e3feb2fa177d8] 10.0.0.181 "GET /allocation_candidates?limit=1000&resources=MEMORY_MB%3A512%2CVCPU%3A1&root_required=%21COMPUTE_STATUS_DISABLED" status: 200 len: 2629 microversion: 1.36 [pid: 7|app: 0|req: 337/679] 10.0.0.181 () {34 vars in 984 bytes} [Wed May 27 21:02:39 2026] GET /allocation_candidates?limit=1000&resources=MEMORY_MB%3A512%2CVCPU%3A1&root_required=%21COMPUTE_STATUS_DISABLED => generated 2629 bytes in 41 msecs (HTTP/1.1 200) 8 headers in 297 bytes (1 switches on core 0)
2026-05-27 21:02:40.046 8 INFO placement.requestlog [req-3580d81d-fa6c-47a9-958b-3198bc42ab28 req-e85bfc53-a32d-4b48-ac5f-d9d81942d324 9b994ae95eb84599ad01661461258ca0 3e0ece3a78dc4e2da3d88565df1625be - - bc2e1a65d49f454c8c6e3feb2fa177d8 bc2e1a65d49f454c8c6e3feb2fa177d8] 10.0.0.181 "GET /allocations/79e65231-74bf-4051-b0ab-55dda90dea15" status: 200 len: 19 microversion: 1.28 [pid: 8|app: 0|req: 343/680] 10.0.0.181 () {34 vars in 861 bytes} [Wed May 27 21:02:40 2026] GET /allocations/79e65231-74bf-4051-b0ab-55dda90dea15 => generated 19 bytes in 8 msecs (HTTP/1.1 200) 8 headers in 295 bytes (1 switches on core 0)
2026-05-27 21:02:40.116 7 INFO placement.requestlog [req-3580d81d-fa6c-47a9-958b-3198bc42ab28 req-0725d5d4-c419-4027-bb16-84a51c4ec1e4 9b994ae95eb84599ad01661461258ca0 3e0ece3a78dc4e2da3d88565df1625be - - bc2e1a65d49f454c8c6e3feb2fa177d8 bc2e1a65d49f454c8c6e3feb2fa177d8] 10.0.0.181 "PUT /allocations/79e65231-74bf-4051-b0ab-55dda90dea15" status: 204 len: 0 microversion: 1.36 [pid: 7|app: 0|req: 338/681] 10.0.0.181 () {38 vars in 914 bytes} [Wed May 27 21:02:40 2026] PUT /allocations/79e65231-74bf-4051-b0ab-55dda90dea15 => generated 0 bytes in 63 msecs (HTTP/1.1 204) 5 headers in 199 bytes (1 switches on core 0)
2026-05-27 21:02:40.306 8 INFO placement.requestlog [req-4772d5e7-31e7-4570-a72a-9ac685089a28 req-d7ac00bd-f1c3-4258-a621-88aeb8a4c91b 9b994ae95eb84599ad01661461258ca0 3e0ece3a78dc4e2da3d88565df1625be - - bc2e1a65d49f454c8c6e3feb2fa177d8 bc2e1a65d49f454c8c6e3feb2fa177d8] 10.0.0.181 "GET /allocation_candidates?limit=1000&resources=DISK_GB%3A1%2CMEMORY_MB%3A512%2CVCPU%3A1&root_required=%21COMPUTE_STATUS_DISABLED" status: 200 len: 2643 microversion: 1.36 [pid: 8|app: 0|req: 344/682] 10.0.0.181 () {34 vars in 1012 bytes} [Wed May 27 21:02:40 2026] GET /allocation_candidates?limit=1000&resources=DISK_GB%3A1%2CMEMORY_MB%3A512%2CVCPU%3A1&root_required=%21COMPUTE_STATUS_DISABLED => generated 2643 bytes in 54 msecs (HTTP/1.1 200) 8 headers in 297 bytes (1 switches on core 0)
2026-05-27 21:02:40.334 7 INFO placement.requestlog [req-4772d5e7-31e7-4570-a72a-9ac685089a28 req-add3214d-d1b1-4422-9cb4-14d834db2bf3 9b994ae95eb84599ad01661461258ca0 3e0ece3a78dc4e2da3d88565df1625be - - bc2e1a65d49f454c8c6e3feb2fa177d8 bc2e1a65d49f454c8c6e3feb2fa177d8] 10.0.0.181 "GET /allocations/6a42ec52-329f-46d3-85b7-ac2d4feca5e7" status: 200 len: 19 microversion: 1.28 [pid: 7|app: 0|req: 339/683] 10.0.0.181 () {34 vars in 861 bytes} [Wed May 27 21:02:40 2026] GET /allocations/6a42ec52-329f-46d3-85b7-ac2d4feca5e7 => generated 19 bytes in 10 msecs (HTTP/1.1 200) 8 headers in 295 bytes (1 switches on core 0)
2026-05-27 21:02:40.404 8 INFO placement.requestlog [req-4772d5e7-31e7-4570-a72a-9ac685089a28 req-342970ec-20d8-43ef-914a-504ee7e73a70 9b994ae95eb84599ad01661461258ca0 3e0ece3a78dc4e2da3d88565df1625be - - bc2e1a65d49f454c8c6e3feb2fa177d8 bc2e1a65d49f454c8c6e3feb2fa177d8] 10.0.0.181 "PUT /allocations/6a42ec52-329f-46d3-85b7-ac2d4feca5e7" status: 204 len: 0 microversion: 1.36 [pid: 8|app: 0|req: 345/684] 10.0.0.181 () {38 vars in 914 bytes} [Wed May 27 21:02:40 2026] PUT /allocations/6a42ec52-329f-46d3-85b7-ac2d4feca5e7 => generated 0 bytes in 66 msecs (HTTP/1.1 204) 5 headers in 199 bytes (1 switches on core 0)
2026-05-27 21:02:41.656 7 INFO placement.requestlog [req-3580d81d-fa6c-47a9-958b-3198bc42ab28 req-92ce221d-cb0f-471c-99ca-c0a7cfebb983 9b994ae95eb84599ad01661461258ca0 3e0ece3a78dc4e2da3d88565df1625be - - bc2e1a65d49f454c8c6e3feb2fa177d8 bc2e1a65d49f454c8c6e3feb2fa177d8] 199.19.213.24 "GET /allocations/79e65231-74bf-4051-b0ab-55dda90dea15" status: 200 len: 243 microversion: 1.28 [pid: 7|app: 0|req: 340/685] 199.19.213.24 () {34 vars in 862 bytes} [Wed May 27 21:02:41 2026] GET /allocations/79e65231-74bf-4051-b0ab-55dda90dea15 => generated 243 bytes in 19 msecs (HTTP/1.1 200) 8 headers in 296 bytes (1 switches on core 0)
2026-05-27 21:02:41.933 8 INFO placement.requestlog [req-4772d5e7-31e7-4570-a72a-9ac685089a28 req-a3eb2939-4525-48b3-9fd2-68ff02bde0d9 9b994ae95eb84599ad01661461258ca0 3e0ece3a78dc4e2da3d88565df1625be - - bc2e1a65d49f454c8c6e3feb2fa177d8 bc2e1a65d49f454c8c6e3feb2fa177d8] 199.19.213.24 "GET /allocations/6a42ec52-329f-46d3-85b7-ac2d4feca5e7" status: 200 len: 257 microversion: 1.28 [pid: 8|app: 0|req: 346/686] 199.19.213.24 () {34 vars in 862 bytes} [Wed May 27 21:02:41 2026] GET /allocations/6a42ec52-329f-46d3-85b7-ac2d4feca5e7 => generated 257 bytes in 11 msecs (HTTP/1.1 200) 8 headers in 296 bytes (1 switches on core 0)
2026-05-27 21:02:42.697 7 INFO placement.requestlog [req-3580d81d-fa6c-47a9-958b-3198bc42ab28 req-e41fbcc1-578e-4d3e-984f-c5101f7985c3 9b994ae95eb84599ad01661461258ca0 3e0ece3a78dc4e2da3d88565df1625be - - bc2e1a65d49f454c8c6e3feb2fa177d8 bc2e1a65d49f454c8c6e3feb2fa177d8] 199.19.213.24 "GET /resource_providers/752a9ae2-58f2-42ff-9bf3-23ebcfd648fe/allocations" status: 200 len: 438 microversion: 1.0 [pid: 7|app: 0|req: 341/687] 199.19.213.24 () {32 vars in 856 bytes} [Wed May 27 21:02:42 2026] GET /resource_providers/752a9ae2-58f2-42ff-9bf3-23ebcfd648fe/allocations => generated 438 bytes in 17 msecs (HTTP/1.1 200) 6 headers in 224 bytes (1 switches on core 0)
2026-05-27 21:02:42.717 8 INFO placement.requestlog [req-3580d81d-fa6c-47a9-958b-3198bc42ab28 req-3aa4e99d-bb20-4109-b9fb-a20a66533b69 9b994ae95eb84599ad01661461258ca0 3e0ece3a78dc4e2da3d88565df1625be - - bc2e1a65d49f454c8c6e3feb2fa177d8 bc2e1a65d49f454c8c6e3feb2fa177d8] 199.19.213.24 "GET /allocations/aa29a811-0cc7-4a34-8289-16d64c567048" status: 200 len: 257 microversion: 1.28 [pid: 8|app: 0|req: 347/688] 199.19.213.24 () {34 vars in 862 bytes} [Wed May 27 21:02:42 2026] GET /allocations/aa29a811-0cc7-4a34-8289-16d64c567048 => generated 257 bytes in 15 msecs (HTTP/1.1 200) 8 headers in 296 bytes (1 switches on core 0)
2026-05-27 21:02:42.734 7 INFO placement.requestlog [req-3580d81d-fa6c-47a9-958b-3198bc42ab28 req-b948ddbe-5ea8-41d7-8674-538f88ffe9bd 9b994ae95eb84599ad01661461258ca0 3e0ece3a78dc4e2da3d88565df1625be - - bc2e1a65d49f454c8c6e3feb2fa177d8 bc2e1a65d49f454c8c6e3feb2fa177d8] 199.19.213.24 "GET /allocations/6a42ec52-329f-46d3-85b7-ac2d4feca5e7" status: 200 len: 257 microversion: 1.28 [pid: 7|app: 0|req: 342/689] 199.19.213.24 () {34 vars in 862 bytes} [Wed May 27 21:02:42 2026] GET /allocations/6a42ec52-329f-46d3-85b7-ac2d4feca5e7 => generated 257 bytes in 12 msecs (HTTP/1.1 200) 8 headers in 296 bytes (1 switches on core 0)
2026-05-27 21:02:42.750 8 INFO placement.requestlog [req-3580d81d-fa6c-47a9-958b-3198bc42ab28 req-66ea459d-0332-49f0-9bd3-840592398599 9b994ae95eb84599ad01661461258ca0 3e0ece3a78dc4e2da3d88565df1625be - - bc2e1a65d49f454c8c6e3feb2fa177d8 bc2e1a65d49f454c8c6e3feb2fa177d8] 199.19.213.24 "GET /allocations/79e65231-74bf-4051-b0ab-55dda90dea15" status: 200 len: 243 microversion: 1.28 [pid: 8|app: 0|req: 348/690] 199.19.213.24 () {34 vars in 862 bytes} [Wed May 27 21:02:42 2026] GET /allocations/79e65231-74bf-4051-b0ab-55dda90dea15 => generated 243 bytes in 11 msecs (HTTP/1.1 200) 8 headers in 296 bytes (1 switches on core 0)
2026-05-27 21:02:42.769 7 INFO placement.requestlog [req-3580d81d-fa6c-47a9-958b-3198bc42ab28 req-bd643f17-0bb1-4c07-88e2-45dabd44e609 9b994ae95eb84599ad01661461258ca0 3e0ece3a78dc4e2da3d88565df1625be - - bc2e1a65d49f454c8c6e3feb2fa177d8 bc2e1a65d49f454c8c6e3feb2fa177d8] 199.19.213.24 "GET /allocations/5520a12a-253c-44bd-b26b-46ff0a28e523" status: 200 len: 257 microversion: 1.28 [pid: 7|app: 0|req: 343/691] 199.19.213.24 () {34 vars in 862 bytes} [Wed May 27 21:02:42 2026] GET /allocations/5520a12a-253c-44bd-b26b-46ff0a28e523 => generated 257 bytes in 13 msecs (HTTP/1.1 200) 8 headers in 296 bytes (1 switches on core 0)
2026-05-27 21:02:44.841 8 INFO placement.requestlog [req-4772d5e7-31e7-4570-a72a-9ac685089a28 req-bfa5b04f-5e0c-4147-bb95-fe58a829cefa 9b994ae95eb84599ad01661461258ca0 3e0ece3a78dc4e2da3d88565df1625be - - bc2e1a65d49f454c8c6e3feb2fa177d8 bc2e1a65d49f454c8c6e3feb2fa177d8] 199.19.213.24 "GET /resource_providers/752a9ae2-58f2-42ff-9bf3-23ebcfd648fe/allocations" status: 200 len: 438 microversion: 1.0 [pid: 8|app: 0|req: 349/692] 199.19.213.24 () {32 vars in 856 bytes} [Wed May 27 21:02:44 2026] GET /resource_providers/752a9ae2-58f2-42ff-9bf3-23ebcfd648fe/allocations => generated 438 bytes in 17 msecs (HTTP/1.1 200) 6 headers in 224 bytes (1 switches on core 0)
2026-05-27 21:02:44.860 7 INFO placement.requestlog [req-4772d5e7-31e7-4570-a72a-9ac685089a28 req-8530e6bf-46aa-44fe-8b83-1516f6fadc49 9b994ae95eb84599ad01661461258ca0 3e0ece3a78dc4e2da3d88565df1625be - - bc2e1a65d49f454c8c6e3feb2fa177d8 bc2e1a65d49f454c8c6e3feb2fa177d8] 199.19.213.24 "GET /allocations/aa29a811-0cc7-4a34-8289-16d64c567048" status: 200 len: 257 microversion: 1.28 [pid: 7|app: 0|req: 344/693] 199.19.213.24 () {34 vars in 862 bytes} [Wed May 27 21:02:44 2026] GET /allocations/aa29a811-0cc7-4a34-8289-16d64c567048 => generated 257 bytes in 13 msecs (HTTP/1.1 200) 8 headers in 296 bytes (1 switches on core 0)
2026-05-27 21:02:44.878 8 INFO placement.requestlog [req-4772d5e7-31e7-4570-a72a-9ac685089a28 req-fdd340c2-0e76-41ce-8180-bec6f28da716 9b994ae95eb84599ad01661461258ca0 3e0ece3a78dc4e2da3d88565df1625be - - bc2e1a65d49f454c8c6e3feb2fa177d8 bc2e1a65d49f454c8c6e3feb2fa177d8] 199.19.213.24 "GET /allocations/6a42ec52-329f-46d3-85b7-ac2d4feca5e7" status: 200 len: 257 microversion: 1.28 [pid: 8|app: 0|req: 350/694] 199.19.213.24 () {34 vars in 862 bytes} [Wed May 27 21:02:44 2026] GET /allocations/6a42ec52-329f-46d3-85b7-ac2d4feca5e7 => generated 257 bytes in 12 msecs (HTTP/1.1 200) 8 headers in 296 bytes (1 switches on core 0)
2026-05-27 21:02:44.899 7 INFO placement.requestlog [req-4772d5e7-31e7-4570-a72a-9ac685089a28 req-2cf4201b-edeb-417f-8ebb-6391af0fdc19 9b994ae95eb84599ad01661461258ca0 3e0ece3a78dc4e2da3d88565df1625be - - bc2e1a65d49f454c8c6e3feb2fa177d8 bc2e1a65d49f454c8c6e3feb2fa177d8] 199.19.213.24 "GET /allocations/79e65231-74bf-4051-b0ab-55dda90dea15" status: 200 len: 243 microversion: 1.28 [pid: 7|app: 0|req: 345/695] 199.19.213.24 () {34 vars in 862 bytes} [Wed May 27 21:02:44 2026] GET /allocations/79e65231-74bf-4051-b0ab-55dda90dea15 => generated 243 bytes in 14 msecs (HTTP/1.1 200) 8 headers in 296 bytes (1 switches on core 0)
2026-05-27 21:02:44.921 8 INFO placement.requestlog [req-4772d5e7-31e7-4570-a72a-9ac685089a28 req-df1c1ccd-32bb-49d7-8c20-b7676dd32e61 9b994ae95eb84599ad01661461258ca0 3e0ece3a78dc4e2da3d88565df1625be - - bc2e1a65d49f454c8c6e3feb2fa177d8 bc2e1a65d49f454c8c6e3feb2fa177d8] 199.19.213.24 "GET /allocations/5520a12a-253c-44bd-b26b-46ff0a28e523" status: 200 len: 257 microversion: 1.28 [pid: 8|app: 0|req: 351/696] 199.19.213.24 () {34 vars in 862 bytes} [Wed May 27 21:02:44 2026] GET /allocations/5520a12a-253c-44bd-b26b-46ff0a28e523 => generated 257 bytes in 13 msecs (HTTP/1.1 200) 8 headers in 296 bytes (1 switches on core 0)
2026-05-27 21:02:49.108 7 INFO placement.requestlog [None req-1d1ce626-5ac0-4ebc-b600-23359d3420e3 - - - - - -] 10.0.0.104 "GET /" status: 200 len: 136 microversion: 1.0
2026-05-27 21:02:49.109 8 INFO placement.requestlog [None req-8d43e084-10a9-4396-a8de-591f4049eed5 - - - - - -] 10.0.0.104 "GET /" status: 200 len: 136 microversion: 1.0
2026-05-27 21:02:53.775 7 INFO placement.requestlog [req-4508ce55-0d23-4a8d-baba-6a68660c633f req-ce7b064a-92e5-4254-84c2-8c3e739bf961 9b994ae95eb84599ad01661461258ca0 3e0ece3a78dc4e2da3d88565df1625be - - bc2e1a65d49f454c8c6e3feb2fa177d8 bc2e1a65d49f454c8c6e3feb2fa177d8] 199.19.213.24 "GET /resource_providers/752a9ae2-58f2-42ff-9bf3-23ebcfd648fe/allocations" status: 200 len: 438 microversion: 1.0 [pid: 7|app: 0|req: 347/699] 199.19.213.24 () {32 vars in 856 bytes} [Wed May 27 21:02:53 2026] GET /resource_providers/752a9ae2-58f2-42ff-9bf3-23ebcfd648fe/allocations => generated 438 bytes in 193 msecs (HTTP/1.1 200) 6 headers in 224 bytes (1 switches on core 0)
2026-05-27 21:02:53.798 8 INFO placement.requestlog [req-4508ce55-0d23-4a8d-baba-6a68660c633f req-d2d04c44-d403-42f9-b103-8afe32663e55 9b994ae95eb84599ad01661461258ca0 3e0ece3a78dc4e2da3d88565df1625be - - bc2e1a65d49f454c8c6e3feb2fa177d8 bc2e1a65d49f454c8c6e3feb2fa177d8] 199.19.213.24 "GET /resource_providers?in_tree=752a9ae2-58f2-42ff-9bf3-23ebcfd648fe" status: 200 len: 797 microversion: 1.14 [pid: 8|app: 0|req: 353/700] 199.19.213.24 () {34 vars in 891 bytes} [Wed May 27 21:02:53 2026] GET /resource_providers?in_tree=752a9ae2-58f2-42ff-9bf3-23ebcfd648fe => generated 797 bytes in 15 msecs (HTTP/1.1 200) 6 headers in 225 bytes (1 switches on core 0)
2026-05-27 21:02:53.845 7 INFO placement.requestlog [req-4508ce55-0d23-4a8d-baba-6a68660c633f req-4c964423-9956-41dc-994f-8531a1fcc2c6 9b994ae95eb84599ad01661461258ca0 3e0ece3a78dc4e2da3d88565df1625be - - bc2e1a65d49f454c8c6e3feb2fa177d8 bc2e1a65d49f454c8c6e3feb2fa177d8] 199.19.213.24 "GET /resource_providers/752a9ae2-58f2-42ff-9bf3-23ebcfd648fe/inventories" status: 200 len: 400 microversion: 1.0 [pid: 7|app: 0|req: 348/701] 199.19.213.24 () {32 vars in 856 bytes} [Wed May 27 21:02:53 2026] GET /resource_providers/752a9ae2-58f2-42ff-9bf3-23ebcfd648fe/inventories => generated 400 bytes in 41 msecs (HTTP/1.1 200) 6 headers in 224 bytes (1 switches on core 0)
2026-05-27 21:02:53.865 8 INFO placement.requestlog [req-4508ce55-0d23-4a8d-baba-6a68660c633f req-bdcae0e4-c432-468d-92b4-4f9df60de711 9b994ae95eb84599ad01661461258ca0 3e0ece3a78dc4e2da3d88565df1625be - - bc2e1a65d49f454c8c6e3feb2fa177d8 bc2e1a65d49f454c8c6e3feb2fa177d8] 199.19.213.24 "GET /resource_providers/752a9ae2-58f2-42ff-9bf3-23ebcfd648fe/aggregates" status: 200 len: 53 microversion: 1.19 [pid: 8|app: 0|req: 354/702] 199.19.213.24 () {34 vars in 898 bytes} [Wed May 27 21:02:53 2026] GET /resource_providers/752a9ae2-58f2-42ff-9bf3-23ebcfd648fe/aggregates => generated 53 bytes in 15 msecs (HTTP/1.1 200) 8 headers in 295 bytes (1 switches on core 0)
2026-05-27 21:02:53.892 7 INFO placement.requestlog [req-4508ce55-0d23-4a8d-baba-6a68660c633f req-c87681e3-e7ef-41a9-96a7-91af67a642a2 9b994ae95eb84599ad01661461258ca0 3e0ece3a78dc4e2da3d88565df1625be - - bc2e1a65d49f454c8c6e3feb2fa177d8 bc2e1a65d49f454c8c6e3feb2fa177d8] 199.19.213.24 "GET /resource_providers/752a9ae2-58f2-42ff-9bf3-23ebcfd648fe/traits" status: 200 len: 2175 microversion: 1.6 [pid: 7|app: 0|req: 349/703] 199.19.213.24 () {34 vars in 889 bytes} [Wed May 27 21:02:53 2026] GET /resource_providers/752a9ae2-58f2-42ff-9bf3-23ebcfd648fe/traits => generated 2175 bytes in 21 msecs (HTTP/1.1 200) 6 headers in 225 bytes (1 switches on core 0)
2026-05-27 21:02:53.919 8 INFO placement.requestlog [req-4508ce55-0d23-4a8d-baba-6a68660c633f req-bacc1853-5e08-4707-99f6-b9f6488a9c12 9b994ae95eb84599ad01661461258ca0 3e0ece3a78dc4e2da3d88565df1625be - - bc2e1a65d49f454c8c6e3feb2fa177d8 bc2e1a65d49f454c8c6e3feb2fa177d8] 199.19.213.24 "GET /resource_providers/752a9ae2-58f2-42ff-9bf3-23ebcfd648fe/allocations" status: 200 len: 438 microversion: 1.0 [pid: 8|app: 0|req: 355/704] 199.19.213.24 () {32 vars in 856 bytes} [Wed May 27 21:02:53 2026] GET /resource_providers/752a9ae2-58f2-42ff-9bf3-23ebcfd648fe/allocations => generated 438 bytes in 21 msecs (HTTP/1.1 200) 6 headers in 224 bytes (1 switches on core 0)
