May 07 03:41:16.232583 np0000172454 systemd[1]: Starting devstack@n-api.service - Devstack devstack@n-api.service...
May 07 03:41:16.240532 np0000172454 devstack@n-api.service[100193]: [uWSGI] getting INI configuration from /etc/nova/nova-api-uwsgi.ini
May 07 03:41:16.242937 np0000172454 devstack@n-api.service[100193]: *** Starting uWSGI 2.0.24-debian (64bit) on [Thu May 7 03:41:16 2026] ***
May 07 03:41:16.242937 np0000172454 devstack@n-api.service[100193]: compiled with version: 13.2.0 on 17 April 2024 16:23:48
May 07 03:41:16.242937 np0000172454 devstack@n-api.service[100193]: os: Linux-6.8.0-110-generic #110-Ubuntu SMP PREEMPT_DYNAMIC Thu Mar 19 15:09:20 UTC 2026
May 07 03:41:16.242937 np0000172454 devstack@n-api.service[100193]: nodename: np0000172454
May 07 03:41:16.242937 np0000172454 devstack@n-api.service[100193]: machine: x86_64
May 07 03:41:16.242937 np0000172454 devstack@n-api.service[100193]: clock source: unix
May 07 03:41:16.242937 np0000172454 devstack@n-api.service[100193]: pcre jit disabled
May 07 03:41:16.242937 np0000172454 devstack@n-api.service[100193]: detected number of CPU cores: 16
May 07 03:41:16.242937 np0000172454 devstack@n-api.service[100193]: current working directory: /
May 07 03:41:16.242937 np0000172454 devstack@n-api.service[100193]: detected binary path: /usr/bin/uwsgi-core
May 07 03:41:16.242937 np0000172454 devstack@n-api.service[100193]: your processes number limit is 256917
May 07 03:41:16.242937 np0000172454 devstack@n-api.service[100193]: your memory page size is 4096 bytes
May 07 03:41:16.242937 np0000172454 devstack@n-api.service[100193]: detected max file descriptor number: 2048
May 07 03:41:16.242937 np0000172454 devstack@n-api.service[100193]: lock engine: pthread robust mutexes
May 07 03:41:16.243690 np0000172454 devstack@n-api.service[100193]: thunder lock: enabled
May 07 03:41:16.243690 np0000172454 devstack@n-api.service[100193]: uwsgi socket 0 bound to UNIX address /var/run/uwsgi/nova-api.socket fd 4
May 07 03:41:16.243690 np0000172454 devstack@n-api.service[100193]: Python version: 3.12.3 (main, Mar 23 2026, 19:04:32) [GCC 13.3.0]
May 07 03:41:16.243690 np0000172454 devstack@n-api.service[100193]: PEP 405 virtualenv detected: /opt/stack/data/venv
May 07 03:41:16.243690 np0000172454 devstack@n-api.service[100193]: Set PythonHome to /opt/stack/data/venv
May 07 03:41:16.278060 np0000172454 devstack@n-api.service[100193]: Python main interpreter initialized at 0x782440aa3668
May 07 03:41:16.278060 np0000172454 devstack@n-api.service[100193]: python threads support enabled
May 07 03:41:16.278060 np0000172454 devstack@n-api.service[100193]: your server socket listen backlog is limited to 100 connections
May 07 03:41:16.278060 np0000172454 devstack@n-api.service[100193]: your mercy for graceful operations on workers is 80 seconds
May 07 03:41:16.278688 np0000172454 devstack@n-api.service[100193]: mapped 671795 bytes (656 KB) for 4 cores
May 07 03:41:16.278813 np0000172454 devstack@n-api.service[100193]: *** Operational MODE: preforking ***
May 07 03:41:16.279055 np0000172454 devstack@n-api.service[100193]: *** uWSGI is running in multiple interpreter mode ***
May 07 03:41:16.279055 np0000172454 devstack@n-api.service[100193]: spawned uWSGI master process (pid: 100193)
May 07 03:41:16.279303 np0000172454 systemd[1]: Started devstack@n-api.service - Devstack devstack@n-api.service.
May 07 03:41:16.279826 np0000172454 devstack@n-api.service[100193]: spawned uWSGI worker 1 (pid: 100194, cores: 1)
May 07 03:41:16.280287 np0000172454 devstack@n-api.service[100193]: spawned uWSGI worker 2 (pid: 100195, cores: 1)
May 07 03:41:16.280904 np0000172454 devstack@n-api.service[100193]: spawned uWSGI worker 3 (pid: 100196, cores: 1)
May 07 03:41:16.281426 np0000172454 devstack@n-api.service[100193]: spawned uWSGI worker 4 (pid: 100197, cores: 1)
May 07 03:41:16.281559 np0000172454 devstack@n-api.service[100193]: running "unix_signal:15 gracefully_kill_them_all" (master-start)...
May 07 03:41:16.588713 np0000172454 devstack@n-api.service[100196]: /opt/stack/data/venv/lib/python3.12/site-packages/oslo_concurrency/lockutils.py:41: EventletDeprecationWarning:
May 07 03:41:16.588713 np0000172454 devstack@n-api.service[100196]: Eventlet is deprecated. It is currently being maintained in bugfix mode, and
May 07 03:41:16.588713 np0000172454 devstack@n-api.service[100196]: we strongly recommend against using it for new projects.
May 07 03:41:16.588713 np0000172454 devstack@n-api.service[100196]: If you are already using Eventlet, we recommend migrating to a different
May 07 03:41:16.588713 np0000172454 devstack@n-api.service[100196]: framework. For more detail see
May 07 03:41:16.588713 np0000172454 devstack@n-api.service[100196]: https://eventlet.readthedocs.io/en/latest/asyncio/migration.html
May 07 03:41:16.588713 np0000172454 devstack@n-api.service[100196]: import eventlet
May 07 03:41:16.603703 np0000172454 devstack@n-api.service[100195]: /opt/stack/data/venv/lib/python3.12/site-packages/oslo_concurrency/lockutils.py:41: EventletDeprecationWarning:
May 07 03:41:16.603703 np0000172454 devstack@n-api.service[100195]: Eventlet is deprecated. It is currently being maintained in bugfix mode, and
May 07 03:41:16.603703 np0000172454 devstack@n-api.service[100195]: we strongly recommend against using it for new projects.
May 07 03:41:16.603703 np0000172454 devstack@n-api.service[100195]: If you are already using Eventlet, we recommend migrating to a different
May 07 03:41:16.603703 np0000172454 devstack@n-api.service[100195]: framework. For more detail see
May 07 03:41:16.603703 np0000172454 devstack@n-api.service[100195]: https://eventlet.readthedocs.io/en/latest/asyncio/migration.html
May 07 03:41:16.603703 np0000172454 devstack@n-api.service[100195]: import eventlet
May 07 03:41:16.607529 np0000172454 devstack@n-api.service[100194]: /opt/stack/data/venv/lib/python3.12/site-packages/oslo_concurrency/lockutils.py:41: EventletDeprecationWarning:
May 07 03:41:16.607529 np0000172454 devstack@n-api.service[100194]: Eventlet is deprecated. It is currently being maintained in bugfix mode, and
May 07 03:41:16.607529 np0000172454 devstack@n-api.service[100194]: we strongly recommend against using it for new projects.
May 07 03:41:16.607529 np0000172454 devstack@n-api.service[100194]: If you are already using Eventlet, we recommend migrating to a different
May 07 03:41:16.607529 np0000172454 devstack@n-api.service[100194]: framework. For more detail see
May 07 03:41:16.607529 np0000172454 devstack@n-api.service[100194]: https://eventlet.readthedocs.io/en/latest/asyncio/migration.html
May 07 03:41:16.607529 np0000172454 devstack@n-api.service[100194]: import eventlet
May 07 03:41:16.612857 np0000172454 devstack@n-api.service[100197]: /opt/stack/data/venv/lib/python3.12/site-packages/oslo_concurrency/lockutils.py:41: EventletDeprecationWarning:
May 07 03:41:16.612857 np0000172454 devstack@n-api.service[100197]: Eventlet is deprecated. It is currently being maintained in bugfix mode, and
May 07 03:41:16.612857 np0000172454 devstack@n-api.service[100197]: we strongly recommend against using it for new projects.
May 07 03:41:16.612857 np0000172454 devstack@n-api.service[100197]: If you are already using Eventlet, we recommend migrating to a different
May 07 03:41:16.612857 np0000172454 devstack@n-api.service[100197]: framework. For more detail see
May 07 03:41:16.612857 np0000172454 devstack@n-api.service[100197]: https://eventlet.readthedocs.io/en/latest/asyncio/migration.html
May 07 03:41:16.612857 np0000172454 devstack@n-api.service[100197]: import eventlet
May 07 03:41:16.635343 np0000172454 devstack@n-api.service[100196]: Service is starting with native threading. This is currently experimental. Do not use it in production without first testing it in pre-production.
May 07 03:41:16.649537 np0000172454 devstack@n-api.service[100195]: Service is starting with native threading. This is currently experimental. Do not use it in production without first testing it in pre-production.
May 07 03:41:16.653685 np0000172454 devstack@n-api.service[100194]: Service is starting with native threading. This is currently experimental. Do not use it in production without first testing it in pre-production.
May 07 03:41:16.658823 np0000172454 devstack@n-api.service[100197]: Service is starting with native threading. This is currently experimental. Do not use it in production without first testing it in pre-production.
May 07 03:41:18.046088 np0000172454 devstack@n-api.service[100196]: INFO dbcounter [None req-1414d5fb-f841-456c-93de-60edf6656c66 None None] Registered counter for database nova_api
May 07 03:41:18.063224 np0000172454 devstack@n-api.service[100196]: DEBUG oslo_db.sqlalchemy.engines [None req-1414d5fb-f841-456c-93de-60edf6656c66 None None] MySQL server mode set to STRICT_TRANS_TABLES,STRICT_ALL_TABLES,NO_ZERO_IN_DATE,NO_ZERO_DATE,ERROR_FOR_DIVISION_BY_ZERO,TRADITIONAL,NO_ENGINE_SUBSTITUTION {{(pid=100196) _check_effective_sql_mode /opt/stack/data/venv/lib/python3.12/site-packages/oslo_db/sqlalchemy/engines.py:325}}
May 07 03:41:18.070354 np0000172454 devstack@n-api.service[100194]: INFO dbcounter [None req-b2a1882c-7c6b-4d9f-98b2-66ccef6dd8b9 None None] Registered counter for database nova_api
May 07 03:41:18.081815 np0000172454 devstack@n-api.service[100197]: INFO dbcounter [None req-938726d4-516e-436e-a115-ce9076d5aacd None None] Registered counter for database nova_api
May 07 03:41:18.082922 np0000172454 devstack@n-api.service[100194]: DEBUG oslo_db.sqlalchemy.engines [None req-b2a1882c-7c6b-4d9f-98b2-66ccef6dd8b9 None None] MySQL server mode set to STRICT_TRANS_TABLES,STRICT_ALL_TABLES,NO_ZERO_IN_DATE,NO_ZERO_DATE,ERROR_FOR_DIVISION_BY_ZERO,TRADITIONAL,NO_ENGINE_SUBSTITUTION {{(pid=100194) _check_effective_sql_mode /opt/stack/data/venv/lib/python3.12/site-packages/oslo_db/sqlalchemy/engines.py:325}}
May 07 03:41:18.087095 np0000172454 devstack@n-api.service[100195]: INFO dbcounter [None req-e5ea3cd0-d3f0-4281-80fe-24600886bf26 None None] Registered counter for database nova_api
May 07 03:41:18.093938 np0000172454 devstack@n-api.service[100197]: DEBUG oslo_db.sqlalchemy.engines [None req-938726d4-516e-436e-a115-ce9076d5aacd None None] MySQL server mode set to STRICT_TRANS_TABLES,STRICT_ALL_TABLES,NO_ZERO_IN_DATE,NO_ZERO_DATE,ERROR_FOR_DIVISION_BY_ZERO,TRADITIONAL,NO_ENGINE_SUBSTITUTION {{(pid=100197) _check_effective_sql_mode /opt/stack/data/venv/lib/python3.12/site-packages/oslo_db/sqlalchemy/engines.py:325}}
May 07 03:41:18.096352 np0000172454 devstack@n-api.service[100196]: DEBUG dbcounter [-] [100196] Writer thread running {{(pid=100196) stat_writer /opt/stack/data/venv/lib/python3.12/site-packages/dbcounter.py:102}}
May 07 03:41:18.099954 np0000172454 devstack@n-api.service[100196]: DEBUG nova.context [None req-1414d5fb-f841-456c-93de-60edf6656c66 None None] Found 2 cells: 00000000-0000-0000-0000-000000000000(cell0),372189ce-4f62-43ee-ab05-3dc0cd8526b2(cell1) {{(pid=100196) load_cells /opt/stack/nova/nova/context.py:509}}
May 07 03:41:18.100408 np0000172454 devstack@n-api.service[100196]: INFO nova.utils [None req-1414d5fb-f841-456c-93de-60edf6656c66 None None] The cell worker thread pool MainProcess.cell_worker is initialized
May 07 03:41:18.103928 np0000172454 devstack@n-api.service[100196]: DEBUG oslo_concurrency.lockutils [None req-1414d5fb-f841-456c-93de-60edf6656c66 None None] Acquiring lock "00000000-0000-0000-0000-000000000000" by "nova.context.set_target_cell..get_or_set_cached_cell_and_set_connections" {{(pid=100196) inner /opt/stack/data/venv/lib/python3.12/site-packages/oslo_concurrency/lockutils.py:506}}
May 07 03:41:18.104301 np0000172454 devstack@n-api.service[100196]: DEBUG oslo_concurrency.lockutils [None req-1414d5fb-f841-456c-93de-60edf6656c66 None None] Lock "00000000-0000-0000-0000-000000000000" acquired by "nova.context.set_target_cell..get_or_set_cached_cell_and_set_connections" :: waited 0.000s {{(pid=100196) inner /opt/stack/data/venv/lib/python3.12/site-packages/oslo_concurrency/lockutils.py:519}}
May 07 03:41:18.105010 np0000172454 devstack@n-api.service[100196]: DEBUG oslo_concurrency.lockutils [None req-1414d5fb-f841-456c-93de-60edf6656c66 None None] Lock "00000000-0000-0000-0000-000000000000" "released" by "nova.context.set_target_cell..get_or_set_cached_cell_and_set_connections" :: held 0.001s {{(pid=100196) inner /opt/stack/data/venv/lib/python3.12/site-packages/oslo_concurrency/lockutils.py:538}}
May 07 03:41:18.105450 np0000172454 devstack@n-api.service[100195]: DEBUG oslo_db.sqlalchemy.engines [None req-e5ea3cd0-d3f0-4281-80fe-24600886bf26 None None] MySQL server mode set to STRICT_TRANS_TABLES,STRICT_ALL_TABLES,NO_ZERO_IN_DATE,NO_ZERO_DATE,ERROR_FOR_DIVISION_BY_ZERO,TRADITIONAL,NO_ENGINE_SUBSTITUTION {{(pid=100195) _check_effective_sql_mode /opt/stack/data/venv/lib/python3.12/site-packages/oslo_db/sqlalchemy/engines.py:325}}
May 07 03:41:18.105803 np0000172454 devstack@n-api.service[100196]: DEBUG oslo_concurrency.lockutils [None req-1414d5fb-f841-456c-93de-60edf6656c66 None None] Acquiring lock "372189ce-4f62-43ee-ab05-3dc0cd8526b2" by "nova.context.set_target_cell..get_or_set_cached_cell_and_set_connections" {{(pid=100196) inner /opt/stack/data/venv/lib/python3.12/site-packages/oslo_concurrency/lockutils.py:506}}
May 07 03:41:18.105951 np0000172454 devstack@n-api.service[100196]: DEBUG oslo_concurrency.lockutils [None req-1414d5fb-f841-456c-93de-60edf6656c66 None None] Lock "372189ce-4f62-43ee-ab05-3dc0cd8526b2" acquired by "nova.context.set_target_cell..get_or_set_cached_cell_and_set_connections" :: waited 0.000s {{(pid=100196) inner /opt/stack/data/venv/lib/python3.12/site-packages/oslo_concurrency/lockutils.py:519}}
May 07 03:41:18.106780 np0000172454 devstack@n-api.service[100196]: DEBUG oslo_concurrency.lockutils [None req-1414d5fb-f841-456c-93de-60edf6656c66 None None] Lock "372189ce-4f62-43ee-ab05-3dc0cd8526b2" "released" by "nova.context.set_target_cell..get_or_set_cached_cell_and_set_connections" :: held 0.001s {{(pid=100196) inner /opt/stack/data/venv/lib/python3.12/site-packages/oslo_concurrency/lockutils.py:538}}
May 07 03:41:18.109931 np0000172454 devstack@n-api.service[100196]: INFO dbcounter [None req-1414d5fb-f841-456c-93de-60edf6656c66 None None] Registered counter for database nova_cell0
May 07 03:41:18.114575 np0000172454 devstack@n-api.service[100194]: DEBUG dbcounter [-] [100194] Writer thread running {{(pid=100194) stat_writer /opt/stack/data/venv/lib/python3.12/site-packages/dbcounter.py:102}}
May 07 03:41:18.115055 np0000172454 devstack@n-api.service[100196]: INFO dbcounter [None req-1414d5fb-f841-456c-93de-60edf6656c66 None None] Registered counter for database nova_cell1
May 07 03:41:18.116787 np0000172454 devstack@n-api.service[100194]: DEBUG nova.context [None req-b2a1882c-7c6b-4d9f-98b2-66ccef6dd8b9 None None] Found 2 cells: 00000000-0000-0000-0000-000000000000(cell0),372189ce-4f62-43ee-ab05-3dc0cd8526b2(cell1) {{(pid=100194) load_cells /opt/stack/nova/nova/context.py:509}}
May 07 03:41:18.117063 np0000172454 devstack@n-api.service[100194]: INFO nova.utils [None req-b2a1882c-7c6b-4d9f-98b2-66ccef6dd8b9 None None] The cell worker thread pool MainProcess.cell_worker is initialized
May 07 03:41:18.118712 np0000172454 devstack@n-api.service[100194]: DEBUG oslo_concurrency.lockutils [None req-b2a1882c-7c6b-4d9f-98b2-66ccef6dd8b9 None None] Acquiring lock "00000000-0000-0000-0000-000000000000" by "nova.context.set_target_cell..get_or_set_cached_cell_and_set_connections" {{(pid=100194) inner /opt/stack/data/venv/lib/python3.12/site-packages/oslo_concurrency/lockutils.py:506}}
May 07 03:41:18.118873 np0000172454 devstack@n-api.service[100194]: DEBUG oslo_concurrency.lockutils [None req-b2a1882c-7c6b-4d9f-98b2-66ccef6dd8b9 None None] Lock "00000000-0000-0000-0000-000000000000" acquired by "nova.context.set_target_cell..get_or_set_cached_cell_and_set_connections" :: waited 0.000s {{(pid=100194) inner /opt/stack/data/venv/lib/python3.12/site-packages/oslo_concurrency/lockutils.py:519}}
May 07 03:41:18.119216 np0000172454 devstack@n-api.service[100194]: DEBUG oslo_concurrency.lockutils [None req-b2a1882c-7c6b-4d9f-98b2-66ccef6dd8b9 None None] Lock "00000000-0000-0000-0000-000000000000" "released" by "nova.context.set_target_cell..get_or_set_cached_cell_and_set_connections" :: held 0.000s {{(pid=100194) inner /opt/stack/data/venv/lib/python3.12/site-packages/oslo_concurrency/lockutils.py:538}}
May 07 03:41:18.119972 np0000172454 devstack@n-api.service[100194]: DEBUG oslo_concurrency.lockutils [None req-b2a1882c-7c6b-4d9f-98b2-66ccef6dd8b9 None None] Acquiring lock "372189ce-4f62-43ee-ab05-3dc0cd8526b2" by "nova.context.set_target_cell..get_or_set_cached_cell_and_set_connections" {{(pid=100194) inner /opt/stack/data/venv/lib/python3.12/site-packages/oslo_concurrency/lockutils.py:506}}
May 07 03:41:18.120128 np0000172454 devstack@n-api.service[100194]: DEBUG oslo_concurrency.lockutils [None req-b2a1882c-7c6b-4d9f-98b2-66ccef6dd8b9 None None] Lock "372189ce-4f62-43ee-ab05-3dc0cd8526b2" acquired by "nova.context.set_target_cell..get_or_set_cached_cell_and_set_connections" :: waited 0.000s {{(pid=100194) inner /opt/stack/data/venv/lib/python3.12/site-packages/oslo_concurrency/lockutils.py:519}}
May 07 03:41:18.120956 np0000172454 devstack@n-api.service[100194]: DEBUG oslo_concurrency.lockutils [None req-b2a1882c-7c6b-4d9f-98b2-66ccef6dd8b9 None None] Lock "372189ce-4f62-43ee-ab05-3dc0cd8526b2" "released" by "nova.context.set_target_cell..get_or_set_cached_cell_and_set_connections" :: held 0.001s {{(pid=100194) inner /opt/stack/data/venv/lib/python3.12/site-packages/oslo_concurrency/lockutils.py:538}}
May 07 03:41:18.124023 np0000172454 devstack@n-api.service[100194]: INFO dbcounter [None req-b2a1882c-7c6b-4d9f-98b2-66ccef6dd8b9 None None] Registered counter for database nova_cell0
May 07 03:41:18.125758 np0000172454 devstack@n-api.service[100196]: DEBUG oslo_db.sqlalchemy.engines [None req-1414d5fb-f841-456c-93de-60edf6656c66 None None] MySQL server mode set to STRICT_TRANS_TABLES,STRICT_ALL_TABLES,NO_ZERO_IN_DATE,NO_ZERO_DATE,ERROR_FOR_DIVISION_BY_ZERO,TRADITIONAL,NO_ENGINE_SUBSTITUTION {{(pid=100196) _check_effective_sql_mode /opt/stack/data/venv/lib/python3.12/site-packages/oslo_db/sqlalchemy/engines.py:325}}
May 07 03:41:18.127594 np0000172454 devstack@n-api.service[100197]: DEBUG dbcounter [-] [100197] Writer thread running {{(pid=100197) stat_writer /opt/stack/data/venv/lib/python3.12/site-packages/dbcounter.py:102}}
May 07 03:41:18.129491 np0000172454 devstack@n-api.service[100194]: INFO dbcounter [None req-b2a1882c-7c6b-4d9f-98b2-66ccef6dd8b9 None None] Registered counter for database nova_cell1
May 07 03:41:18.130252 np0000172454 devstack@n-api.service[100197]: DEBUG nova.context [None req-938726d4-516e-436e-a115-ce9076d5aacd None None] Found 2 cells: 00000000-0000-0000-0000-000000000000(cell0),372189ce-4f62-43ee-ab05-3dc0cd8526b2(cell1) {{(pid=100197) load_cells /opt/stack/nova/nova/context.py:509}}
May 07 03:41:18.130453 np0000172454 devstack@n-api.service[100197]: INFO nova.utils [None req-938726d4-516e-436e-a115-ce9076d5aacd None None] The cell worker thread pool MainProcess.cell_worker is initialized
May 07 03:41:18.132173 np0000172454 devstack@n-api.service[100197]: DEBUG oslo_concurrency.lockutils [None req-938726d4-516e-436e-a115-ce9076d5aacd None None] Acquiring lock "00000000-0000-0000-0000-000000000000" by "nova.context.set_target_cell..get_or_set_cached_cell_and_set_connections" {{(pid=100197) inner /opt/stack/data/venv/lib/python3.12/site-packages/oslo_concurrency/lockutils.py:506}}
May 07 03:41:18.132336 np0000172454 devstack@n-api.service[100197]: DEBUG oslo_concurrency.lockutils [None req-938726d4-516e-436e-a115-ce9076d5aacd None None] Lock "00000000-0000-0000-0000-000000000000" acquired by "nova.context.set_target_cell..get_or_set_cached_cell_and_set_connections" :: waited 0.000s {{(pid=100197) inner /opt/stack/data/venv/lib/python3.12/site-packages/oslo_concurrency/lockutils.py:519}}
May 07 03:41:18.132683 np0000172454 devstack@n-api.service[100197]: DEBUG oslo_concurrency.lockutils [None req-938726d4-516e-436e-a115-ce9076d5aacd None None] Lock "00000000-0000-0000-0000-000000000000" "released" by "nova.context.set_target_cell..get_or_set_cached_cell_and_set_connections" :: held 0.000s {{(pid=100197) inner /opt/stack/data/venv/lib/python3.12/site-packages/oslo_concurrency/lockutils.py:538}}
May 07 03:41:18.133575 np0000172454 devstack@n-api.service[100197]: DEBUG oslo_concurrency.lockutils [None req-938726d4-516e-436e-a115-ce9076d5aacd None None] Acquiring lock "372189ce-4f62-43ee-ab05-3dc0cd8526b2" by "nova.context.set_target_cell..get_or_set_cached_cell_and_set_connections" {{(pid=100197) inner /opt/stack/data/venv/lib/python3.12/site-packages/oslo_concurrency/lockutils.py:506}}
May 07 03:41:18.133879 np0000172454 devstack@n-api.service[100197]: DEBUG oslo_concurrency.lockutils [None req-938726d4-516e-436e-a115-ce9076d5aacd None None] Lock "372189ce-4f62-43ee-ab05-3dc0cd8526b2" acquired by "nova.context.set_target_cell..get_or_set_cached_cell_and_set_connections" :: waited 0.000s {{(pid=100197) inner /opt/stack/data/venv/lib/python3.12/site-packages/oslo_concurrency/lockutils.py:519}}
May 07 03:41:18.134913 np0000172454 devstack@n-api.service[100197]: DEBUG oslo_concurrency.lockutils [None req-938726d4-516e-436e-a115-ce9076d5aacd None None] Lock "372189ce-4f62-43ee-ab05-3dc0cd8526b2" "released" by "nova.context.set_target_cell..get_or_set_cached_cell_and_set_connections" :: held 0.001s {{(pid=100197) inner /opt/stack/data/venv/lib/python3.12/site-packages/oslo_concurrency/lockutils.py:538}}
May 07 03:41:18.136617 np0000172454 devstack@n-api.service[100196]: DEBUG oslo_db.sqlalchemy.engines [None req-1414d5fb-f841-456c-93de-60edf6656c66 None None] MySQL server mode set to STRICT_TRANS_TABLES,STRICT_ALL_TABLES,NO_ZERO_IN_DATE,NO_ZERO_DATE,ERROR_FOR_DIVISION_BY_ZERO,TRADITIONAL,NO_ENGINE_SUBSTITUTION {{(pid=100196) _check_effective_sql_mode /opt/stack/data/venv/lib/python3.12/site-packages/oslo_db/sqlalchemy/engines.py:325}}
May 07 03:41:18.138064 np0000172454 devstack@n-api.service[100197]: INFO dbcounter [None req-938726d4-516e-436e-a115-ce9076d5aacd None None] Registered counter for database nova_cell0
May 07 03:41:18.140245 np0000172454 devstack@n-api.service[100195]: DEBUG dbcounter [-] [100195] Writer thread running {{(pid=100195) stat_writer /opt/stack/data/venv/lib/python3.12/site-packages/dbcounter.py:102}}
May 07 03:41:18.141788 np0000172454 devstack@n-api.service[100194]: DEBUG oslo_db.sqlalchemy.engines [None req-b2a1882c-7c6b-4d9f-98b2-66ccef6dd8b9 None None] MySQL server mode set to STRICT_TRANS_TABLES,STRICT_ALL_TABLES,NO_ZERO_IN_DATE,NO_ZERO_DATE,ERROR_FOR_DIVISION_BY_ZERO,TRADITIONAL,NO_ENGINE_SUBSTITUTION {{(pid=100194) _check_effective_sql_mode /opt/stack/data/venv/lib/python3.12/site-packages/oslo_db/sqlalchemy/engines.py:325}}
May 07 03:41:18.143206 np0000172454 devstack@n-api.service[100197]: INFO dbcounter [None req-938726d4-516e-436e-a115-ce9076d5aacd None None] Registered counter for database nova_cell1
May 07 03:41:18.144735 np0000172454 devstack@n-api.service[100194]: DEBUG oslo_db.sqlalchemy.engines [None req-b2a1882c-7c6b-4d9f-98b2-66ccef6dd8b9 None None] MySQL server mode set to STRICT_TRANS_TABLES,STRICT_ALL_TABLES,NO_ZERO_IN_DATE,NO_ZERO_DATE,ERROR_FOR_DIVISION_BY_ZERO,TRADITIONAL,NO_ENGINE_SUBSTITUTION {{(pid=100194) _check_effective_sql_mode /opt/stack/data/venv/lib/python3.12/site-packages/oslo_db/sqlalchemy/engines.py:325}}
May 07 03:41:18.146363 np0000172454 devstack@n-api.service[100195]: DEBUG nova.context [None req-e5ea3cd0-d3f0-4281-80fe-24600886bf26 None None] Found 2 cells: 00000000-0000-0000-0000-000000000000(cell0),372189ce-4f62-43ee-ab05-3dc0cd8526b2(cell1) {{(pid=100195) load_cells /opt/stack/nova/nova/context.py:509}}
May 07 03:41:18.146578 np0000172454 devstack@n-api.service[100195]: INFO nova.utils [None req-e5ea3cd0-d3f0-4281-80fe-24600886bf26 None None] The cell worker thread pool MainProcess.cell_worker is initialized
May 07 03:41:18.148389 np0000172454 devstack@n-api.service[100195]: DEBUG oslo_concurrency.lockutils [None req-e5ea3cd0-d3f0-4281-80fe-24600886bf26 None None] Acquiring lock "00000000-0000-0000-0000-000000000000" by "nova.context.set_target_cell..get_or_set_cached_cell_and_set_connections" {{(pid=100195) inner /opt/stack/data/venv/lib/python3.12/site-packages/oslo_concurrency/lockutils.py:506}}
May 07 03:41:18.148547 np0000172454 devstack@n-api.service[100195]: DEBUG oslo_concurrency.lockutils [None req-e5ea3cd0-d3f0-4281-80fe-24600886bf26 None None] Lock "00000000-0000-0000-0000-000000000000" acquired by "nova.context.set_target_cell..get_or_set_cached_cell_and_set_connections" :: waited 0.000s {{(pid=100195) inner /opt/stack/data/venv/lib/python3.12/site-packages/oslo_concurrency/lockutils.py:519}}
May 07 03:41:18.148967 np0000172454 devstack@n-api.service[100195]: DEBUG oslo_concurrency.lockutils [None req-e5ea3cd0-d3f0-4281-80fe-24600886bf26 None None] Lock "00000000-0000-0000-0000-000000000000" "released" by "nova.context.set_target_cell..get_or_set_cached_cell_and_set_connections" :: held 0.000s {{(pid=100195) inner /opt/stack/data/venv/lib/python3.12/site-packages/oslo_concurrency/lockutils.py:538}}
May 07 03:41:18.149671 np0000172454 devstack@n-api.service[100195]: DEBUG oslo_concurrency.lockutils [None req-e5ea3cd0-d3f0-4281-80fe-24600886bf26 None None] Acquiring lock "372189ce-4f62-43ee-ab05-3dc0cd8526b2" by "nova.context.set_target_cell..get_or_set_cached_cell_and_set_connections" {{(pid=100195) inner /opt/stack/data/venv/lib/python3.12/site-packages/oslo_concurrency/lockutils.py:506}}
May 07 03:41:18.149808 np0000172454 devstack@n-api.service[100195]: DEBUG oslo_concurrency.lockutils [None req-e5ea3cd0-d3f0-4281-80fe-24600886bf26 None None] Lock "372189ce-4f62-43ee-ab05-3dc0cd8526b2" acquired by "nova.context.set_target_cell..get_or_set_cached_cell_and_set_connections" :: waited 0.000s {{(pid=100195) inner /opt/stack/data/venv/lib/python3.12/site-packages/oslo_concurrency/lockutils.py:519}}
May 07 03:41:18.150926 np0000172454 devstack@n-api.service[100195]: DEBUG oslo_concurrency.lockutils [None req-e5ea3cd0-d3f0-4281-80fe-24600886bf26 None None] Lock "372189ce-4f62-43ee-ab05-3dc0cd8526b2" "released" by "nova.context.set_target_cell..get_or_set_cached_cell_and_set_connections" :: held 0.001s {{(pid=100195) inner /opt/stack/data/venv/lib/python3.12/site-packages/oslo_concurrency/lockutils.py:538}}
May 07 03:41:18.153847 np0000172454 devstack@n-api.service[100195]: INFO dbcounter [None req-e5ea3cd0-d3f0-4281-80fe-24600886bf26 None None] Registered counter for database nova_cell0
May 07 03:41:18.154835 np0000172454 devstack@n-api.service[100197]: DEBUG oslo_db.sqlalchemy.engines [None req-938726d4-516e-436e-a115-ce9076d5aacd None None] MySQL server mode set to STRICT_TRANS_TABLES,STRICT_ALL_TABLES,NO_ZERO_IN_DATE,NO_ZERO_DATE,ERROR_FOR_DIVISION_BY_ZERO,TRADITIONAL,NO_ENGINE_SUBSTITUTION {{(pid=100197) _check_effective_sql_mode /opt/stack/data/venv/lib/python3.12/site-packages/oslo_db/sqlalchemy/engines.py:325}}
May 07 03:41:18.158592 np0000172454 devstack@n-api.service[100195]: INFO dbcounter [None req-e5ea3cd0-d3f0-4281-80fe-24600886bf26 None None] Registered counter for database nova_cell1
May 07 03:41:18.166475 np0000172454 devstack@n-api.service[100197]: DEBUG oslo_db.sqlalchemy.engines [None req-938726d4-516e-436e-a115-ce9076d5aacd None None] MySQL server mode set to STRICT_TRANS_TABLES,STRICT_ALL_TABLES,NO_ZERO_IN_DATE,NO_ZERO_DATE,ERROR_FOR_DIVISION_BY_ZERO,TRADITIONAL,NO_ENGINE_SUBSTITUTION {{(pid=100197) _check_effective_sql_mode /opt/stack/data/venv/lib/python3.12/site-packages/oslo_db/sqlalchemy/engines.py:325}}
May 07 03:41:18.168420 np0000172454 devstack@n-api.service[100195]: DEBUG oslo_db.sqlalchemy.engines [None req-e5ea3cd0-d3f0-4281-80fe-24600886bf26 None None] MySQL server mode set to STRICT_TRANS_TABLES,STRICT_ALL_TABLES,NO_ZERO_IN_DATE,NO_ZERO_DATE,ERROR_FOR_DIVISION_BY_ZERO,TRADITIONAL,NO_ENGINE_SUBSTITUTION {{(pid=100195) _check_effective_sql_mode /opt/stack/data/venv/lib/python3.12/site-packages/oslo_db/sqlalchemy/engines.py:325}}
May 07 03:41:18.174606 np0000172454 devstack@n-api.service[100195]: DEBUG oslo_db.sqlalchemy.engines [None req-e5ea3cd0-d3f0-4281-80fe-24600886bf26 None None] MySQL server mode set to STRICT_TRANS_TABLES,STRICT_ALL_TABLES,NO_ZERO_IN_DATE,NO_ZERO_DATE,ERROR_FOR_DIVISION_BY_ZERO,TRADITIONAL,NO_ENGINE_SUBSTITUTION {{(pid=100195) _check_effective_sql_mode /opt/stack/data/venv/lib/python3.12/site-packages/oslo_db/sqlalchemy/engines.py:325}}
May 07 03:41:18.225076 np0000172454 devstack@n-api.service[100196]: DEBUG dbcounter [-] [100196] Writer thread running {{(pid=100196) stat_writer /opt/stack/data/venv/lib/python3.12/site-packages/dbcounter.py:102}}
May 07 03:41:18.231562 np0000172454 devstack@n-api.service[100196]: DEBUG dbcounter [-] [100196] Writer thread running {{(pid=100196) stat_writer /opt/stack/data/venv/lib/python3.12/site-packages/dbcounter.py:102}}
May 07 03:41:18.237418 np0000172454 devstack@n-api.service[100196]: INFO dbcounter [None req-1414d5fb-f841-456c-93de-60edf6656c66 None None] Registered counter for database nova_cell0
May 07 03:41:18.241728 np0000172454 devstack@n-api.service[100194]: DEBUG dbcounter [-] [100194] Writer thread running {{(pid=100194) stat_writer /opt/stack/data/venv/lib/python3.12/site-packages/dbcounter.py:102}}
May 07 03:41:18.242384 np0000172454 devstack@n-api.service[100194]: DEBUG dbcounter [-] [100194] Writer thread running {{(pid=100194) stat_writer /opt/stack/data/venv/lib/python3.12/site-packages/dbcounter.py:102}}
May 07 03:41:18.247648 np0000172454 devstack@n-api.service[100196]: DEBUG oslo_db.sqlalchemy.engines [None req-1414d5fb-f841-456c-93de-60edf6656c66 None None] MySQL server mode set to STRICT_TRANS_TABLES,STRICT_ALL_TABLES,NO_ZERO_IN_DATE,NO_ZERO_DATE,ERROR_FOR_DIVISION_BY_ZERO,TRADITIONAL,NO_ENGINE_SUBSTITUTION {{(pid=100196) _check_effective_sql_mode /opt/stack/data/venv/lib/python3.12/site-packages/oslo_db/sqlalchemy/engines.py:325}}
May 07 03:41:18.248289 np0000172454 devstack@n-api.service[100194]: INFO dbcounter [None req-b2a1882c-7c6b-4d9f-98b2-66ccef6dd8b9 None None] Registered counter for database nova_cell0
May 07 03:41:18.249822 np0000172454 devstack@n-api.service[100197]: DEBUG dbcounter [-] [100197] Writer thread running {{(pid=100197) stat_writer /opt/stack/data/venv/lib/python3.12/site-packages/dbcounter.py:102}}
May 07 03:41:18.254915 np0000172454 devstack@n-api.service[100196]: DEBUG dbcounter [-] [100196] Writer thread running {{(pid=100196) stat_writer /opt/stack/data/venv/lib/python3.12/site-packages/dbcounter.py:102}}
May 07 03:41:18.258498 np0000172454 devstack@n-api.service[100197]: DEBUG dbcounter [-] [100197] Writer thread running {{(pid=100197) stat_writer /opt/stack/data/venv/lib/python3.12/site-packages/dbcounter.py:102}}
May 07 03:41:18.260549 np0000172454 devstack@n-api.service[100194]: DEBUG oslo_db.sqlalchemy.engines [None req-b2a1882c-7c6b-4d9f-98b2-66ccef6dd8b9 None None] MySQL server mode set to STRICT_TRANS_TABLES,STRICT_ALL_TABLES,NO_ZERO_IN_DATE,NO_ZERO_DATE,ERROR_FOR_DIVISION_BY_ZERO,TRADITIONAL,NO_ENGINE_SUBSTITUTION {{(pid=100194) _check_effective_sql_mode /opt/stack/data/venv/lib/python3.12/site-packages/oslo_db/sqlalchemy/engines.py:325}}
May 07 03:41:18.266946 np0000172454 devstack@n-api.service[100195]: DEBUG dbcounter [-] [100195] Writer thread running {{(pid=100195) stat_writer /opt/stack/data/venv/lib/python3.12/site-packages/dbcounter.py:102}}
May 07 03:41:18.269879 np0000172454 devstack@n-api.service[100194]: DEBUG dbcounter [-] [100194] Writer thread running {{(pid=100194) stat_writer /opt/stack/data/venv/lib/python3.12/site-packages/dbcounter.py:102}}
May 07 03:41:18.270938 np0000172454 devstack@n-api.service[100195]: DEBUG dbcounter [-] [100195] Writer thread running {{(pid=100195) stat_writer /opt/stack/data/venv/lib/python3.12/site-packages/dbcounter.py:102}}
May 07 03:41:18.308787 np0000172454 devstack@n-api.service[100197]: INFO dbcounter [None req-938726d4-516e-436e-a115-ce9076d5aacd None None] Registered counter for database nova_cell0
May 07 03:41:18.309256 np0000172454 devstack@n-api.service[100195]: INFO dbcounter [None req-e5ea3cd0-d3f0-4281-80fe-24600886bf26 None None] Registered counter for database nova_cell0
May 07 03:41:18.317060 np0000172454 devstack@n-api.service[100197]: DEBUG oslo_db.sqlalchemy.engines [None req-938726d4-516e-436e-a115-ce9076d5aacd None None] MySQL server mode set to STRICT_TRANS_TABLES,STRICT_ALL_TABLES,NO_ZERO_IN_DATE,NO_ZERO_DATE,ERROR_FOR_DIVISION_BY_ZERO,TRADITIONAL,NO_ENGINE_SUBSTITUTION {{(pid=100197) _check_effective_sql_mode /opt/stack/data/venv/lib/python3.12/site-packages/oslo_db/sqlalchemy/engines.py:325}}
May 07 03:41:18.321409 np0000172454 devstack@n-api.service[100195]: DEBUG oslo_db.sqlalchemy.engines [None req-e5ea3cd0-d3f0-4281-80fe-24600886bf26 None None] MySQL server mode set to STRICT_TRANS_TABLES,STRICT_ALL_TABLES,NO_ZERO_IN_DATE,NO_ZERO_DATE,ERROR_FOR_DIVISION_BY_ZERO,TRADITIONAL,NO_ENGINE_SUBSTITUTION {{(pid=100195) _check_effective_sql_mode /opt/stack/data/venv/lib/python3.12/site-packages/oslo_db/sqlalchemy/engines.py:325}}
May 07 03:41:18.324687 np0000172454 devstack@n-api.service[100197]: DEBUG dbcounter [-] [100197] Writer thread running {{(pid=100197) stat_writer /opt/stack/data/venv/lib/python3.12/site-packages/dbcounter.py:102}}
May 07 03:41:18.332557 np0000172454 devstack@n-api.service[100195]: DEBUG dbcounter [-] [100195] Writer thread running {{(pid=100195) stat_writer /opt/stack/data/venv/lib/python3.12/site-packages/dbcounter.py:102}}
May 07 03:41:18.782749 np0000172454 devstack@n-api.service[100194]: DEBUG oslo_concurrency.processutils [None req-b2a1882c-7c6b-4d9f-98b2-66ccef6dd8b9 None None] Running cmd (subprocess): grep -F node.session.scan /sbin/iscsiadm {{(pid=100194) execute /opt/stack/data/venv/lib/python3.12/site-packages/oslo_concurrency/processutils.py:440}}
May 07 03:41:18.790528 np0000172454 devstack@n-api.service[100195]: DEBUG oslo_concurrency.processutils [None req-e5ea3cd0-d3f0-4281-80fe-24600886bf26 None None] Running cmd (subprocess): grep -F node.session.scan /sbin/iscsiadm {{(pid=100195) execute /opt/stack/data/venv/lib/python3.12/site-packages/oslo_concurrency/processutils.py:440}}
May 07 03:41:18.794517 np0000172454 devstack@n-api.service[100194]: DEBUG oslo_concurrency.processutils [None req-b2a1882c-7c6b-4d9f-98b2-66ccef6dd8b9 None None] CMD "grep -F node.session.scan /sbin/iscsiadm" returned: 0 in 0.012s {{(pid=100194) execute /opt/stack/data/venv/lib/python3.12/site-packages/oslo_concurrency/processutils.py:468}}
May 07 03:41:18.795175 np0000172454 devstack@n-api.service[100197]: DEBUG oslo_concurrency.processutils [None req-938726d4-516e-436e-a115-ce9076d5aacd None None] Running cmd (subprocess): grep -F node.session.scan /sbin/iscsiadm {{(pid=100197) execute /opt/stack/data/venv/lib/python3.12/site-packages/oslo_concurrency/processutils.py:440}}
May 07 03:41:18.808888 np0000172454 devstack@n-api.service[100195]: DEBUG oslo_concurrency.processutils [None req-e5ea3cd0-d3f0-4281-80fe-24600886bf26 None None] CMD "grep -F node.session.scan /sbin/iscsiadm" returned: 0 in 0.018s {{(pid=100195) execute /opt/stack/data/venv/lib/python3.12/site-packages/oslo_concurrency/processutils.py:468}}
May 07 03:41:18.813697 np0000172454 devstack@n-api.service[100197]: DEBUG oslo_concurrency.processutils [None req-938726d4-516e-436e-a115-ce9076d5aacd None None] CMD "grep -F node.session.scan /sbin/iscsiadm" returned: 0 in 0.018s {{(pid=100197) execute /opt/stack/data/venv/lib/python3.12/site-packages/oslo_concurrency/processutils.py:468}}
May 07 03:41:18.824787 np0000172454 devstack@n-api.service[100196]: DEBUG oslo_concurrency.processutils [None req-1414d5fb-f841-456c-93de-60edf6656c66 None None] Running cmd (subprocess): grep -F node.session.scan /sbin/iscsiadm {{(pid=100196) execute /opt/stack/data/venv/lib/python3.12/site-packages/oslo_concurrency/processutils.py:440}}
May 07 03:41:18.840868 np0000172454 devstack@n-api.service[100196]: DEBUG oslo_concurrency.processutils [None req-1414d5fb-f841-456c-93de-60edf6656c66 None None] CMD "grep -F node.session.scan /sbin/iscsiadm" returned: 0 in 0.016s {{(pid=100196) execute /opt/stack/data/venv/lib/python3.12/site-packages/oslo_concurrency/processutils.py:468}}
May 07 03:41:19.206191 np0000172454 devstack@n-api.service[100194]: WARNING keystonemiddleware.auth_token [None req-b2a1882c-7c6b-4d9f-98b2-66ccef6dd8b9 None None] AuthToken middleware is set with keystone_authtoken.service_token_roles_required set to False. This is backwards compatible but deprecated behaviour. Please set this to True.
May 07 03:41:19.206983 np0000172454 devstack@n-api.service[100197]: WARNING keystonemiddleware.auth_token [None req-938726d4-516e-436e-a115-ce9076d5aacd None None] AuthToken middleware is set with keystone_authtoken.service_token_roles_required set to False. This is backwards compatible but deprecated behaviour. Please set this to True.
May 07 03:41:19.208602 np0000172454 devstack@n-api.service[100195]: WARNING keystonemiddleware.auth_token [None req-e5ea3cd0-d3f0-4281-80fe-24600886bf26 None None] AuthToken middleware is set with keystone_authtoken.service_token_roles_required set to False. This is backwards compatible but deprecated behaviour. Please set this to True.
May 07 03:41:19.209436 np0000172454 devstack@n-api.service[100196]: WARNING keystonemiddleware.auth_token [None req-1414d5fb-f841-456c-93de-60edf6656c66 None None] AuthToken middleware is set with keystone_authtoken.service_token_roles_required set to False. This is backwards compatible but deprecated behaviour. Please set this to True.
May 07 03:41:19.389590 np0000172454 devstack@n-api.service[100194]: WARNING keystonemiddleware.auth_token [None req-b2a1882c-7c6b-4d9f-98b2-66ccef6dd8b9 None None] AuthToken middleware is set with keystone_authtoken.service_token_roles_required set to False. This is backwards compatible but deprecated behaviour. Please set this to True.
May 07 03:41:19.394756 np0000172454 devstack@n-api.service[100194]: DEBUG nova.api.openstack.wsgi_app [None req-b2a1882c-7c6b-4d9f-98b2-66ccef6dd8b9 None None] ******************************************************************************** {{(pid=100194) log_opt_values /opt/stack/data/venv/lib/python3.12/site-packages/oslo_config/cfg.py:2979}}
May 07 03:41:19.394924 np0000172454 devstack@n-api.service[100194]: DEBUG nova.api.openstack.wsgi_app [None req-b2a1882c-7c6b-4d9f-98b2-66ccef6dd8b9 None None] Configuration options gathered from: {{(pid=100194) log_opt_values /opt/stack/data/venv/lib/python3.12/site-packages/oslo_config/cfg.py:2980}}
May 07 03:41:19.395202 np0000172454 devstack@n-api.service[100194]: DEBUG nova.api.openstack.wsgi_app [None req-b2a1882c-7c6b-4d9f-98b2-66ccef6dd8b9 None None] command line args: [] {{(pid=100194) log_opt_values /opt/stack/data/venv/lib/python3.12/site-packages/oslo_config/cfg.py:2981}}
May 07 03:41:19.395393 np0000172454 devstack@n-api.service[100194]: DEBUG nova.api.openstack.wsgi_app [None req-b2a1882c-7c6b-4d9f-98b2-66ccef6dd8b9 None None] config files: ['/etc/nova/api-paste.ini', '/etc/nova/nova.conf'] {{(pid=100194) log_opt_values /opt/stack/data/venv/lib/python3.12/site-packages/oslo_config/cfg.py:2982}}
May 07 03:41:19.395490 np0000172454 devstack@n-api.service[100194]: DEBUG nova.api.openstack.wsgi_app [None req-b2a1882c-7c6b-4d9f-98b2-66ccef6dd8b9 None None] ================================================================================ {{(pid=100194) log_opt_values /opt/stack/data/venv/lib/python3.12/site-packages/oslo_config/cfg.py:2987}}
May 07 03:41:19.395686 np0000172454 devstack@n-api.service[100194]: DEBUG nova.api.openstack.wsgi_app [None req-b2a1882c-7c6b-4d9f-98b2-66ccef6dd8b9 None None] allow_resize_to_same_host = True {{(pid=100194) log_opt_values /opt/stack/data/venv/lib/python3.12/site-packages/oslo_config/cfg.py:2995}}
May 07 03:41:19.395786 np0000172454 devstack@n-api.service[100194]: DEBUG nova.api.openstack.wsgi_app [None req-b2a1882c-7c6b-4d9f-98b2-66ccef6dd8b9 None None] arq_binding_timeout = 300 {{(pid=100194) log_opt_values /opt/stack/data/venv/lib/python3.12/site-packages/oslo_config/cfg.py:2995}}
May 07 03:41:19.395915 np0000172454 devstack@n-api.service[100194]: DEBUG nova.api.openstack.wsgi_app [None req-b2a1882c-7c6b-4d9f-98b2-66ccef6dd8b9 None None] block_device_allocate_retries = 60 {{(pid=100194) log_opt_values /opt/stack/data/venv/lib/python3.12/site-packages/oslo_config/cfg.py:2995}}
May 07 03:41:19.396011 np0000172454 devstack@n-api.service[100194]: DEBUG nova.api.openstack.wsgi_app [None req-b2a1882c-7c6b-4d9f-98b2-66ccef6dd8b9 None None] block_device_allocate_retries_interval = 3 {{(pid=100194) log_opt_values /opt/stack/data/venv/lib/python3.12/site-packages/oslo_config/cfg.py:2995}}
May 07 03:41:19.396156 np0000172454 devstack@n-api.service[100194]: DEBUG nova.api.openstack.wsgi_app [None req-b2a1882c-7c6b-4d9f-98b2-66ccef6dd8b9 None None] cell_worker_thread_pool_size = 5 {{(pid=100194) log_opt_values /opt/stack/data/venv/lib/python3.12/site-packages/oslo_config/cfg.py:2995}}
May 07 03:41:19.396289 np0000172454 devstack@n-api.service[100194]: DEBUG nova.api.openstack.wsgi_app [None req-b2a1882c-7c6b-4d9f-98b2-66ccef6dd8b9 None None] cert = self.pem {{(pid=100194) log_opt_values /opt/stack/data/venv/lib/python3.12/site-packages/oslo_config/cfg.py:2995}}
May 07 03:41:19.396404 np0000172454 devstack@n-api.service[100194]: DEBUG nova.api.openstack.wsgi_app [None req-b2a1882c-7c6b-4d9f-98b2-66ccef6dd8b9 None None] compute_driver = libvirt.LibvirtDriver {{(pid=100194) log_opt_values /opt/stack/data/venv/lib/python3.12/site-packages/oslo_config/cfg.py:2995}}
May 07 03:41:19.396528 np0000172454 devstack@n-api.service[100194]: DEBUG nova.api.openstack.wsgi_app [None req-b2a1882c-7c6b-4d9f-98b2-66ccef6dd8b9 None None] compute_monitors = [] {{(pid=100194) log_opt_values /opt/stack/data/venv/lib/python3.12/site-packages/oslo_config/cfg.py:2995}}
May 07 03:41:19.396641 np0000172454 devstack@n-api.service[100194]: DEBUG nova.api.openstack.wsgi_app [None req-b2a1882c-7c6b-4d9f-98b2-66ccef6dd8b9 None None] config_dir = [] {{(pid=100194) log_opt_values /opt/stack/data/venv/lib/python3.12/site-packages/oslo_config/cfg.py:2995}}
May 07 03:41:19.396780 np0000172454 devstack@n-api.service[100194]: DEBUG nova.api.openstack.wsgi_app [None req-b2a1882c-7c6b-4d9f-98b2-66ccef6dd8b9 None None] config_drive_format = iso9660 {{(pid=100194) log_opt_values /opt/stack/data/venv/lib/python3.12/site-packages/oslo_config/cfg.py:2995}}
May 07 03:41:19.396925 np0000172454 devstack@n-api.service[100194]: DEBUG nova.api.openstack.wsgi_app [None req-b2a1882c-7c6b-4d9f-98b2-66ccef6dd8b9 None None] config_file = ['/etc/nova/api-paste.ini', '/etc/nova/nova.conf'] {{(pid=100194) log_opt_values /opt/stack/data/venv/lib/python3.12/site-packages/oslo_config/cfg.py:2995}}
May 07 03:41:19.397066 np0000172454 devstack@n-api.service[100194]: DEBUG nova.api.openstack.wsgi_app [None req-b2a1882c-7c6b-4d9f-98b2-66ccef6dd8b9 None None] config_source = [] {{(pid=100194) log_opt_values /opt/stack/data/venv/lib/python3.12/site-packages/oslo_config/cfg.py:2995}}
May 07 03:41:19.397171 np0000172454 devstack@n-api.service[100194]: DEBUG nova.api.openstack.wsgi_app [None req-b2a1882c-7c6b-4d9f-98b2-66ccef6dd8b9 None None] console_host = np0000172454 {{(pid=100194) log_opt_values /opt/stack/data/venv/lib/python3.12/site-packages/oslo_config/cfg.py:2995}}
May 07 03:41:19.397290 np0000172454 devstack@n-api.service[100194]: DEBUG nova.api.openstack.wsgi_app [None req-b2a1882c-7c6b-4d9f-98b2-66ccef6dd8b9 None None] control_exchange = nova {{(pid=100194) log_opt_values /opt/stack/data/venv/lib/python3.12/site-packages/oslo_config/cfg.py:2995}}
May 07 03:41:19.397400 np0000172454 devstack@n-api.service[100194]: DEBUG nova.api.openstack.wsgi_app [None req-b2a1882c-7c6b-4d9f-98b2-66ccef6dd8b9 None None] cpu_allocation_ratio = None {{(pid=100194) log_opt_values /opt/stack/data/venv/lib/python3.12/site-packages/oslo_config/cfg.py:2995}}
May 07 03:41:19.397571 np0000172454 devstack@n-api.service[100194]: DEBUG nova.api.openstack.wsgi_app [None req-b2a1882c-7c6b-4d9f-98b2-66ccef6dd8b9 None None] daemon = False {{(pid=100194) log_opt_values /opt/stack/data/venv/lib/python3.12/site-packages/oslo_config/cfg.py:2995}}
May 07 03:41:19.397702 np0000172454 devstack@n-api.service[100194]: DEBUG nova.api.openstack.wsgi_app [None req-b2a1882c-7c6b-4d9f-98b2-66ccef6dd8b9 None None] debug = True {{(pid=100194) log_opt_values /opt/stack/data/venv/lib/python3.12/site-packages/oslo_config/cfg.py:2995}}
May 07 03:41:19.397809 np0000172454 devstack@n-api.service[100194]: DEBUG nova.api.openstack.wsgi_app [None req-b2a1882c-7c6b-4d9f-98b2-66ccef6dd8b9 None None] default_access_ip_network_name = None {{(pid=100194) log_opt_values /opt/stack/data/venv/lib/python3.12/site-packages/oslo_config/cfg.py:2995}}
May 07 03:41:19.397917 np0000172454 devstack@n-api.service[100194]: DEBUG nova.api.openstack.wsgi_app [None req-b2a1882c-7c6b-4d9f-98b2-66ccef6dd8b9 None None] default_availability_zone = nova {{(pid=100194) log_opt_values /opt/stack/data/venv/lib/python3.12/site-packages/oslo_config/cfg.py:2995}}
May 07 03:41:19.398053 np0000172454 devstack@n-api.service[100194]: DEBUG nova.api.openstack.wsgi_app [None req-b2a1882c-7c6b-4d9f-98b2-66ccef6dd8b9 None None] default_ephemeral_format = ext4 {{(pid=100194) log_opt_values /opt/stack/data/venv/lib/python3.12/site-packages/oslo_config/cfg.py:2995}}
May 07 03:41:19.398200 np0000172454 devstack@n-api.service[100194]: DEBUG nova.api.openstack.wsgi_app [None req-b2a1882c-7c6b-4d9f-98b2-66ccef6dd8b9 None None] default_green_pool_size = 1000 {{(pid=100194) log_opt_values /opt/stack/data/venv/lib/python3.12/site-packages/oslo_config/cfg.py:2995}}
May 07 03:41:19.398403 np0000172454 devstack@n-api.service[100194]: DEBUG nova.api.openstack.wsgi_app [None req-b2a1882c-7c6b-4d9f-98b2-66ccef6dd8b9 None None] default_log_levels = ['amqp=WARN', 'boto=WARN', 'sqlalchemy=WARN', 'suds=INFO', 'oslo.messaging=INFO', 'oslo_messaging=INFO', 'iso8601=WARN', 'requests.packages.urllib3.connectionpool=WARN', 'urllib3.connectionpool=WARN', 'websocket=WARN', 'requests.packages.urllib3.util.retry=WARN', 'urllib3.util.retry=WARN', 'keystonemiddleware=WARN', 'routes.middleware=WARN', 'stevedore=WARN', 'taskflow=WARN', 'keystoneauth=WARN', 'oslo.cache=INFO', 'oslo_policy=INFO', 'dogpile.core.dogpile=INFO', 'glanceclient=WARN', 'oslo.privsep.daemon=INFO'] {{(pid=100194) log_opt_values /opt/stack/data/venv/lib/python3.12/site-packages/oslo_config/cfg.py:2995}}
May 07 03:41:19.398514 np0000172454 devstack@n-api.service[100194]: DEBUG nova.api.openstack.wsgi_app [None req-b2a1882c-7c6b-4d9f-98b2-66ccef6dd8b9 None None] default_schedule_zone = None {{(pid=100194) log_opt_values /opt/stack/data/venv/lib/python3.12/site-packages/oslo_config/cfg.py:2995}}
May 07 03:41:19.398647 np0000172454 devstack@n-api.service[100194]: DEBUG nova.api.openstack.wsgi_app [None req-b2a1882c-7c6b-4d9f-98b2-66ccef6dd8b9 None None] default_thread_pool_size = 10 {{(pid=100194) log_opt_values /opt/stack/data/venv/lib/python3.12/site-packages/oslo_config/cfg.py:2995}}
May 07 03:41:19.398715 np0000172454 devstack@n-api.service[100196]: WARNING keystonemiddleware.auth_token [None req-1414d5fb-f841-456c-93de-60edf6656c66 None None] AuthToken middleware is set with keystone_authtoken.service_token_roles_required set to False. This is backwards compatible but deprecated behaviour. Please set this to True.
May 07 03:41:19.398759 np0000172454 devstack@n-api.service[100194]: DEBUG nova.api.openstack.wsgi_app [None req-b2a1882c-7c6b-4d9f-98b2-66ccef6dd8b9 None None] disk_allocation_ratio = None {{(pid=100194) log_opt_values /opt/stack/data/venv/lib/python3.12/site-packages/oslo_config/cfg.py:2995}}
May 07 03:41:19.398890 np0000172454 devstack@n-api.service[100194]: DEBUG nova.api.openstack.wsgi_app [None req-b2a1882c-7c6b-4d9f-98b2-66ccef6dd8b9 None None] enable_new_services = True {{(pid=100194) log_opt_values /opt/stack/data/venv/lib/python3.12/site-packages/oslo_config/cfg.py:2995}}
May 07 03:41:19.399013 np0000172454 devstack@n-api.service[100194]: DEBUG nova.api.openstack.wsgi_app [None req-b2a1882c-7c6b-4d9f-98b2-66ccef6dd8b9 None None] flat_injected = False {{(pid=100194) log_opt_values /opt/stack/data/venv/lib/python3.12/site-packages/oslo_config/cfg.py:2995}}
May 07 03:41:19.399218 np0000172454 devstack@n-api.service[100194]: DEBUG nova.api.openstack.wsgi_app [None req-b2a1882c-7c6b-4d9f-98b2-66ccef6dd8b9 None None] force_config_drive = False {{(pid=100194) log_opt_values /opt/stack/data/venv/lib/python3.12/site-packages/oslo_config/cfg.py:2995}}
May 07 03:41:19.399319 np0000172454 devstack@n-api.service[100194]: DEBUG nova.api.openstack.wsgi_app [None req-b2a1882c-7c6b-4d9f-98b2-66ccef6dd8b9 None None] force_raw_images = True {{(pid=100194) log_opt_values /opt/stack/data/venv/lib/python3.12/site-packages/oslo_config/cfg.py:2995}}
May 07 03:41:19.399453 np0000172454 devstack@n-api.service[100194]: DEBUG nova.api.openstack.wsgi_app [None req-b2a1882c-7c6b-4d9f-98b2-66ccef6dd8b9 None None] graceful_shutdown_timeout = 5 {{(pid=100194) log_opt_values /opt/stack/data/venv/lib/python3.12/site-packages/oslo_config/cfg.py:2995}}
May 07 03:41:19.399503 np0000172454 devstack@n-api.service[100195]: WARNING keystonemiddleware.auth_token [None req-e5ea3cd0-d3f0-4281-80fe-24600886bf26 None None] AuthToken middleware is set with keystone_authtoken.service_token_roles_required set to False. This is backwards compatible but deprecated behaviour. Please set this to True.
