May 07 03:41:45.269640 np0000172454 neutron-periodic-workers[105388]: DEBUG cotyledon.oslo_config_glue [-] network_log.local_output_log_base = None {{(pid=105388) log_opt_values /opt/stack/data/venv/lib/python3.12/site-packages/oslo_config/cfg.py:3006}}
May 07 03:41:45.269821 np0000172454 neutron-periodic-workers[105388]: DEBUG cotyledon.oslo_config_glue [-] network_log.rate_limit = 100 {{(pid=105388) log_opt_values /opt/stack/data/venv/lib/python3.12/site-packages/oslo_config/cfg.py:3006}}
May 07 03:41:45.269821 np0000172454 neutron-periodic-workers[105388]: DEBUG cotyledon.oslo_config_glue [-] database.asyncio_connection = **** {{(pid=105388) log_opt_values /opt/stack/data/venv/lib/python3.12/site-packages/oslo_config/cfg.py:3006}}
May 07 03:41:45.269821 np0000172454 neutron-periodic-workers[105388]: DEBUG cotyledon.oslo_config_glue [-] database.asyncio_slave_connection = **** {{(pid=105388) log_opt_values /opt/stack/data/venv/lib/python3.12/site-packages/oslo_config/cfg.py:3006}}
May 07 03:41:45.269821 np0000172454 neutron-periodic-workers[105388]: DEBUG cotyledon.oslo_config_glue [-] database.backend = sqlalchemy {{(pid=105388) log_opt_values /opt/stack/data/venv/lib/python3.12/site-packages/oslo_config/cfg.py:3006}}
May 07 03:41:45.269913 np0000172454 neutron-periodic-workers[105388]: DEBUG cotyledon.oslo_config_glue [-] database.connection = **** {{(pid=105388) log_opt_values /opt/stack/data/venv/lib/python3.12/site-packages/oslo_config/cfg.py:3006}}
May 07 03:41:45.269913 np0000172454 neutron-periodic-workers[105388]: DEBUG cotyledon.oslo_config_glue [-] database.connection_debug = 0 {{(pid=105388) log_opt_values /opt/stack/data/venv/lib/python3.12/site-packages/oslo_config/cfg.py:3006}}
May 07 03:41:45.269961 np0000172454 neutron-periodic-workers[105388]: DEBUG cotyledon.oslo_config_glue [-] database.connection_parameters = {{(pid=105388) log_opt_values /opt/stack/data/venv/lib/python3.12/site-packages/oslo_config/cfg.py:3006}}
May 07 03:41:45.269988 np0000172454 neutron-periodic-workers[105388]: DEBUG cotyledon.oslo_config_glue [-] database.connection_recycle_time = 3600 {{(pid=105388) log_opt_values /opt/stack/data/venv/lib/python3.12/site-packages/oslo_config/cfg.py:3006}}
May 07 03:41:45.270021 np0000172454 neutron-periodic-workers[105388]: DEBUG cotyledon.oslo_config_glue [-] database.connection_trace = False {{(pid=105388) log_opt_values /opt/stack/data/venv/lib/python3.12/site-packages/oslo_config/cfg.py:3006}}
May 07 03:41:45.270081 np0000172454 neutron-periodic-workers[105388]: DEBUG cotyledon.oslo_config_glue [-] database.db_inc_retry_interval = True {{(pid=105388) log_opt_values /opt/stack/data/venv/lib/python3.12/site-packages/oslo_config/cfg.py:3006}}
May 07 03:41:45.270124 np0000172454 neutron-periodic-workers[105388]: DEBUG cotyledon.oslo_config_glue [-] database.db_max_retries = 20 {{(pid=105388) log_opt_values /opt/stack/data/venv/lib/python3.12/site-packages/oslo_config/cfg.py:3006}}
May 07 03:41:45.270158 np0000172454 neutron-periodic-workers[105388]: DEBUG cotyledon.oslo_config_glue [-] database.db_max_retry_interval = 10 {{(pid=105388) log_opt_values /opt/stack/data/venv/lib/python3.12/site-packages/oslo_config/cfg.py:3006}}
May 07 03:41:45.270203 np0000172454 neutron-periodic-workers[105388]: DEBUG cotyledon.oslo_config_glue [-] database.db_retry_interval = 1 {{(pid=105388) log_opt_values /opt/stack/data/venv/lib/python3.12/site-packages/oslo_config/cfg.py:3006}}
May 07 03:41:45.270244 np0000172454 neutron-periodic-workers[105388]: DEBUG cotyledon.oslo_config_glue [-] database.max_overflow = 50 {{(pid=105388) log_opt_values /opt/stack/data/venv/lib/python3.12/site-packages/oslo_config/cfg.py:3006}}
May 07 03:41:45.270286 np0000172454 neutron-periodic-workers[105388]: DEBUG cotyledon.oslo_config_glue [-] database.max_pool_size = 5 {{(pid=105388) log_opt_values /opt/stack/data/venv/lib/python3.12/site-packages/oslo_config/cfg.py:3006}}
May 07 03:41:45.270328 np0000172454 neutron-periodic-workers[105388]: DEBUG cotyledon.oslo_config_glue [-] database.max_retries = 10 {{(pid=105388) log_opt_values /opt/stack/data/venv/lib/python3.12/site-packages/oslo_config/cfg.py:3006}}
May 07 03:41:45.270376 np0000172454 neutron-periodic-workers[105388]: DEBUG cotyledon.oslo_config_glue [-] database.mysql_sql_mode = TRADITIONAL {{(pid=105388) log_opt_values /opt/stack/data/venv/lib/python3.12/site-packages/oslo_config/cfg.py:3006}}
May 07 03:41:45.270417 np0000172454 neutron-periodic-workers[105388]: DEBUG cotyledon.oslo_config_glue [-] database.mysql_wsrep_sync_wait = None {{(pid=105388) log_opt_values /opt/stack/data/venv/lib/python3.12/site-packages/oslo_config/cfg.py:3006}}
May 07 03:41:45.270459 np0000172454 neutron-periodic-workers[105388]: DEBUG cotyledon.oslo_config_glue [-] database.pool_timeout = None {{(pid=105388) log_opt_values /opt/stack/data/venv/lib/python3.12/site-packages/oslo_config/cfg.py:3006}}
May 07 03:41:45.270499 np0000172454 neutron-periodic-workers[105388]: DEBUG cotyledon.oslo_config_glue [-] database.retry_interval = 10 {{(pid=105388) log_opt_values /opt/stack/data/venv/lib/python3.12/site-packages/oslo_config/cfg.py:3006}}
May 07 03:41:45.270580 np0000172454 neutron-periodic-workers[105388]: DEBUG cotyledon.oslo_config_glue [-] database.slave_connection = **** {{(pid=105388) log_opt_values /opt/stack/data/venv/lib/python3.12/site-packages/oslo_config/cfg.py:3006}}
May 07 03:41:45.270622 np0000172454 neutron-periodic-workers[105388]: DEBUG cotyledon.oslo_config_glue [-] database.sqlite_synchronous = True {{(pid=105388) log_opt_values /opt/stack/data/venv/lib/python3.12/site-packages/oslo_config/cfg.py:3006}}
May 07 03:41:45.270663 np0000172454 neutron-periodic-workers[105388]: DEBUG cotyledon.oslo_config_glue [-] database.synchronous_reader = True {{(pid=105388) log_opt_values /opt/stack/data/venv/lib/python3.12/site-packages/oslo_config/cfg.py:3006}}
May 07 03:41:45.270700 np0000172454 neutron-periodic-workers[105388]: DEBUG cotyledon.oslo_config_glue [-] database.use_db_reconnect = False {{(pid=105388) log_opt_values /opt/stack/data/venv/lib/python3.12/site-packages/oslo_config/cfg.py:3006}}
May 07 03:41:45.270768 np0000172454 neutron-periodic-workers[105388]: DEBUG cotyledon.oslo_config_glue [-] ovn.bfd_min_rx = 1000 {{(pid=105388) log_opt_values /opt/stack/data/venv/lib/python3.12/site-packages/oslo_config/cfg.py:3006}}
May 07 03:41:45.270814 np0000172454 neutron-periodic-workers[105388]: DEBUG cotyledon.oslo_config_glue [-] ovn.bfd_min_tx = 100 {{(pid=105388) log_opt_values /opt/stack/data/venv/lib/python3.12/site-packages/oslo_config/cfg.py:3006}}
May 07 03:41:45.270861 np0000172454 neutron-periodic-workers[105388]: DEBUG cotyledon.oslo_config_glue [-] ovn.bfd_mult = 3 {{(pid=105388) log_opt_values /opt/stack/data/venv/lib/python3.12/site-packages/oslo_config/cfg.py:3006}}
May 07 03:41:45.270902 np0000172454 neutron-periodic-workers[105388]: DEBUG cotyledon.oslo_config_glue [-] ovn.broadcast_arps_to_all_routers = True {{(pid=105388) log_opt_values /opt/stack/data/venv/lib/python3.12/site-packages/oslo_config/cfg.py:3006}}
May 07 03:41:45.270945 np0000172454 neutron-periodic-workers[105388]: DEBUG cotyledon.oslo_config_glue [-] ovn.dhcp_default_lease_time = 43200 {{(pid=105388) log_opt_values /opt/stack/data/venv/lib/python3.12/site-packages/oslo_config/cfg.py:3006}}
May 07 03:41:45.270978 np0000172454 neutron-periodic-workers[105388]: DEBUG cotyledon.oslo_config_glue [-] ovn.disable_ovn_dhcp_for_baremetal_ports = False {{(pid=105388) log_opt_values /opt/stack/data/venv/lib/python3.12/site-packages/oslo_config/cfg.py:3006}}
May 07 03:41:45.271023 np0000172454 neutron-periodic-workers[105388]: DEBUG cotyledon.oslo_config_glue [-] ovn.dns_records_ovn_owned = False {{(pid=105388) log_opt_values /opt/stack/data/venv/lib/python3.12/site-packages/oslo_config/cfg.py:3006}}
May 07 03:41:45.271087 np0000172454 neutron-periodic-workers[105388]: DEBUG cotyledon.oslo_config_glue [-] ovn.dns_servers = [] {{(pid=105388) log_opt_values /opt/stack/data/venv/lib/python3.12/site-packages/oslo_config/cfg.py:3006}}
May 07 03:41:45.271129 np0000172454 neutron-periodic-workers[105388]: DEBUG cotyledon.oslo_config_glue [-] ovn.enable_distributed_floating_ip = False {{(pid=105388) log_opt_values /opt/stack/data/venv/lib/python3.12/site-packages/oslo_config/cfg.py:3006}}
May 07 03:41:45.271162 np0000172454 neutron-periodic-workers[105388]: DEBUG cotyledon.oslo_config_glue [-] ovn.fdb_age_threshold = 300 {{(pid=105388) log_opt_values /opt/stack/data/venv/lib/python3.12/site-packages/oslo_config/cfg.py:3006}}
May 07 03:41:45.271207 np0000172454 neutron-periodic-workers[105388]: DEBUG cotyledon.oslo_config_glue [-] ovn.ha_failover_strategy = normal {{(pid=105388) log_opt_values /opt/stack/data/venv/lib/python3.12/site-packages/oslo_config/cfg.py:3006}}
May 07 03:41:45.271249 np0000172454 neutron-periodic-workers[105388]: DEBUG cotyledon.oslo_config_glue [-] ovn.live_migration_activation_strategy = rarp {{(pid=105388) log_opt_values /opt/stack/data/venv/lib/python3.12/site-packages/oslo_config/cfg.py:3006}}
May 07 03:41:45.271291 np0000172454 neutron-periodic-workers[105388]: DEBUG cotyledon.oslo_config_glue [-] ovn.localnet_learn_fdb = False {{(pid=105388) log_opt_values /opt/stack/data/venv/lib/python3.12/site-packages/oslo_config/cfg.py:3006}}
May 07 03:41:45.271332 np0000172454 neutron-periodic-workers[105388]: DEBUG cotyledon.oslo_config_glue [-] ovn.mac_binding_age_threshold = 300 {{(pid=105388) log_opt_values /opt/stack/data/venv/lib/python3.12/site-packages/oslo_config/cfg.py:3006}}
May 07 03:41:45.271380 np0000172454 neutron-periodic-workers[105388]: DEBUG cotyledon.oslo_config_glue [-] ovn.neutron_sync_mode = log {{(pid=105388) log_opt_values /opt/stack/data/venv/lib/python3.12/site-packages/oslo_config/cfg.py:3006}}
May 07 03:41:45.271422 np0000172454 neutron-periodic-workers[105388]: DEBUG cotyledon.oslo_config_glue [-] ovn.ovn_dhcp4_global_options = {} {{(pid=105388) log_opt_values /opt/stack/data/venv/lib/python3.12/site-packages/oslo_config/cfg.py:3006}}
May 07 03:41:45.271463 np0000172454 neutron-periodic-workers[105388]: DEBUG cotyledon.oslo_config_glue [-] ovn.ovn_dhcp6_global_options = {} {{(pid=105388) log_opt_values /opt/stack/data/venv/lib/python3.12/site-packages/oslo_config/cfg.py:3006}}
May 07 03:41:45.271504 np0000172454 neutron-periodic-workers[105388]: DEBUG cotyledon.oslo_config_glue [-] ovn.ovn_l3_scheduler = leastloaded {{(pid=105388) log_opt_values /opt/stack/data/venv/lib/python3.12/site-packages/oslo_config/cfg.py:3006}}
May 07 03:41:45.271552 np0000172454 neutron-periodic-workers[105388]: DEBUG cotyledon.oslo_config_glue [-] ovn.ovn_metadata_enabled = True {{(pid=105388) log_opt_values /opt/stack/data/venv/lib/python3.12/site-packages/oslo_config/cfg.py:3006}}
May 07 03:41:45.271603 np0000172454 neutron-periodic-workers[105388]: DEBUG cotyledon.oslo_config_glue [-] ovn.ovn_nb_ca_cert = /opt/stack/data/CA/int-ca/ca-chain.pem {{(pid=105388) log_opt_values /opt/stack/data/venv/lib/python3.12/site-packages/oslo_config/cfg.py:3006}}
May 07 03:41:45.271650 np0000172454 neutron-periodic-workers[105388]: DEBUG cotyledon.oslo_config_glue [-] ovn.ovn_nb_certificate = /opt/stack/data/CA/int-ca/devstack-cert.crt {{(pid=105388) log_opt_values /opt/stack/data/venv/lib/python3.12/site-packages/oslo_config/cfg.py:3006}}
May 07 03:41:45.271692 np0000172454 neutron-periodic-workers[105388]: DEBUG cotyledon.oslo_config_glue [-] ovn.ovn_nb_connection = ['ssl:199.204.45.38:6641'] {{(pid=105388) log_opt_values /opt/stack/data/venv/lib/python3.12/site-packages/oslo_config/cfg.py:3006}}
May 07 03:41:45.271734 np0000172454 neutron-periodic-workers[105388]: DEBUG cotyledon.oslo_config_glue [-] ovn.ovn_nb_private_key = /opt/stack/data/CA/int-ca/private/devstack-cert.key {{(pid=105388) log_opt_values /opt/stack/data/venv/lib/python3.12/site-packages/oslo_config/cfg.py:3006}}
May 07 03:41:45.271775 np0000172454 neutron-periodic-workers[105388]: DEBUG cotyledon.oslo_config_glue [-] ovn.ovn_router_indirect_snat = False {{(pid=105388) log_opt_values /opt/stack/data/venv/lib/python3.12/site-packages/oslo_config/cfg.py:3006}}
May 07 03:41:45.271817 np0000172454 neutron-periodic-workers[105388]: DEBUG cotyledon.oslo_config_glue [-] ovn.ovn_sb_ca_cert = /opt/stack/data/CA/int-ca/ca-chain.pem {{(pid=105388) log_opt_values /opt/stack/data/venv/lib/python3.12/site-packages/oslo_config/cfg.py:3006}}
May 07 03:41:45.271858 np0000172454 neutron-periodic-workers[105388]: DEBUG cotyledon.oslo_config_glue [-] ovn.ovn_sb_certificate = /opt/stack/data/CA/int-ca/devstack-cert.crt {{(pid=105388) log_opt_values /opt/stack/data/venv/lib/python3.12/site-packages/oslo_config/cfg.py:3006}}
May 07 03:41:45.271900 np0000172454 neutron-periodic-workers[105388]: DEBUG cotyledon.oslo_config_glue [-] ovn.ovn_sb_connection = ['ssl:199.204.45.38:6642'] {{(pid=105388) log_opt_values /opt/stack/data/venv/lib/python3.12/site-packages/oslo_config/cfg.py:3006}}
May 07 03:41:45.271941 np0000172454 neutron-periodic-workers[105388]: DEBUG cotyledon.oslo_config_glue [-] ovn.ovn_sb_private_key = /opt/stack/data/CA/int-ca/private/devstack-cert.key {{(pid=105388) log_opt_values /opt/stack/data/venv/lib/python3.12/site-packages/oslo_config/cfg.py:3006}}
May 07 03:41:45.271983 np0000172454 neutron-periodic-workers[105388]: DEBUG cotyledon.oslo_config_glue [-] ovn.ovs_create_tap = False {{(pid=105388) log_opt_values /opt/stack/data/venv/lib/python3.12/site-packages/oslo_config/cfg.py:3006}}
May 07 03:41:45.272045 np0000172454 neutron-periodic-workers[105388]: DEBUG cotyledon.oslo_config_glue [-] ovn.ovsdb_connection_timeout = 180 {{(pid=105388) log_opt_values /opt/stack/data/venv/lib/python3.12/site-packages/oslo_config/cfg.py:3006}}
May 07 03:41:45.272084 np0000172454 neutron-periodic-workers[105388]: DEBUG cotyledon.oslo_config_glue [-] ovn.ovsdb_log_level = INFO {{(pid=105388) log_opt_values /opt/stack/data/venv/lib/python3.12/site-packages/oslo_config/cfg.py:3006}}
May 07 03:41:45.272121 np0000172454 neutron-periodic-workers[105388]: DEBUG cotyledon.oslo_config_glue [-] ovn.ovsdb_probe_interval = 60000 {{(pid=105388) log_opt_values /opt/stack/data/venv/lib/python3.12/site-packages/oslo_config/cfg.py:3006}}
May 07 03:41:45.272163 np0000172454 neutron-periodic-workers[105388]: DEBUG cotyledon.oslo_config_glue [-] ovn.ovsdb_retry_max_interval = 180 {{(pid=105388) log_opt_values /opt/stack/data/venv/lib/python3.12/site-packages/oslo_config/cfg.py:3006}}
May 07 03:41:45.272201 np0000172454 neutron-periodic-workers[105388]: DEBUG cotyledon.oslo_config_glue [-] ovn.stateless_nat_enabled = False {{(pid=105388) log_opt_values /opt/stack/data/venv/lib/python3.12/site-packages/oslo_config/cfg.py:3006}}
May 07 03:41:45.272250 np0000172454 neutron-periodic-workers[105388]: DEBUG cotyledon.oslo_config_glue [-] ovn.vhost_sock_dir = /var/run/openvswitch {{(pid=105388) log_opt_values /opt/stack/data/venv/lib/python3.12/site-packages/oslo_config/cfg.py:3006}}
May 07 03:41:45.272305 np0000172454 neutron-periodic-workers[105388]: DEBUG cotyledon.oslo_config_glue [-] OVS.bridge_mac_table_size = 50000 {{(pid=105388) log_opt_values /opt/stack/data/venv/lib/python3.12/site-packages/oslo_config/cfg.py:3006}}
May 07 03:41:45.272354 np0000172454 neutron-periodic-workers[105388]: DEBUG cotyledon.oslo_config_glue [-] OVS.igmp_flood = False {{(pid=105388) log_opt_values /opt/stack/data/venv/lib/python3.12/site-packages/oslo_config/cfg.py:3006}}
May 07 03:41:45.272409 np0000172454 neutron-periodic-workers[105388]: DEBUG cotyledon.oslo_config_glue [-] OVS.igmp_flood_reports = True {{(pid=105388) log_opt_values /opt/stack/data/venv/lib/python3.12/site-packages/oslo_config/cfg.py:3006}}
May 07 03:41:45.272458 np0000172454 neutron-periodic-workers[105388]: DEBUG cotyledon.oslo_config_glue [-] OVS.igmp_flood_unregistered = False {{(pid=105388) log_opt_values /opt/stack/data/venv/lib/python3.12/site-packages/oslo_config/cfg.py:3006}}
May 07 03:41:45.272508 np0000172454 neutron-periodic-workers[105388]: DEBUG cotyledon.oslo_config_glue [-] OVS.igmp_snooping_enable = False {{(pid=105388) log_opt_values /opt/stack/data/venv/lib/python3.12/site-packages/oslo_config/cfg.py:3006}}
May 07 03:41:45.272598 np0000172454 neutron-periodic-workers[105388]: DEBUG cotyledon.oslo_config_glue [-] OVS.ovsdb_timeout = 10 {{(pid=105388) log_opt_values /opt/stack/data/venv/lib/python3.12/site-packages/oslo_config/cfg.py:3006}}
May 07 03:41:45.272598 np0000172454 neutron-periodic-workers[105388]: DEBUG cotyledon.oslo_config_glue [-] ovn_nb_global.fdb_removal_limit = 0 {{(pid=105388) log_opt_values /opt/stack/data/venv/lib/python3.12/site-packages/oslo_config/cfg.py:3006}}
May 07 03:41:45.272645 np0000172454 neutron-periodic-workers[105388]: DEBUG cotyledon.oslo_config_glue [-] ovn_nb_global.ignore_lsp_down = False {{(pid=105388) log_opt_values /opt/stack/data/venv/lib/python3.12/site-packages/oslo_config/cfg.py:3006}}
May 07 03:41:45.272687 np0000172454 neutron-periodic-workers[105388]: DEBUG cotyledon.oslo_config_glue [-] ovn_nb_global.mac_binding_removal_limit = 0 {{(pid=105388) log_opt_values /opt/stack/data/venv/lib/python3.12/site-packages/oslo_config/cfg.py:3006}}
May 07 03:41:45.272729 np0000172454 neutron-periodic-workers[105388]: DEBUG cotyledon.oslo_config_glue [-] ******************************************************************************** {{(pid=105388) log_opt_values /opt/stack/data/venv/lib/python3.12/site-packages/oslo_config/cfg.py:3013}}
May 07 03:41:45.272896 np0000172454 neutron-periodic-workers[105388]: DEBUG cotyledon._service_worker [-] Run service ServiceWrapper(0) [105388] {{(pid=105388) wait_forever /opt/stack/data/venv/lib/python3.12/site-packages/cotyledon/_service_worker.py:218}}
May 07 03:41:54.915672 np0000172454 neutron-periodic-workers[104580]: DEBUG dbcounter [-] [104580] Writing DB stats neutron:SELECT=4 {{(pid=104580) stat_writer /opt/stack/data/venv/lib/python3.12/site-packages/dbcounter.py:115}}
May 07 03:42:23.258202 np0000172454 neutron-periodic-workers[105366]: DEBUG oslo_db.sqlalchemy.engines [None req-fae3fd45-2098-4ca8-bef5-32ffdaf92d73 None None] Parent process 104580 forked (105366) with an open database connection, which is being discarded and recreated. {{(pid=105366) checkout /opt/stack/data/venv/lib/python3.12/site-packages/oslo_db/sqlalchemy/engines.py:402}}
May 07 03:42:23.266438 np0000172454 neutron-periodic-workers[105366]: DEBUG dbcounter [-] [105366] Writer thread running {{(pid=105366) stat_writer /opt/stack/data/venv/lib/python3.12/site-packages/dbcounter.py:102}}
May 07 03:42:23.274759 np0000172454 neutron-periodic-workers[105366]: DEBUG oslo.service.backend._threading.loopingcall [None req-fae3fd45-2098-4ca8-bef5-32ffdaf92d73 None None] Fixed interval looping call 'neutron.plugins.ml2.plugin.DhcpAgentSchedulerDbMixin.remove_networks_from_down_agents' sleeping for 36.98 seconds {{(pid=105366) _run_loop /opt/stack/data/venv/lib/python3.12/site-packages/oslo_service/backend/_threading/loopingcall.py:125}}
May 07 03:42:33.275798 np0000172454 neutron-periodic-workers[105366]: DEBUG dbcounter [-] [105366] Writing DB stats neutron:SELECT=3 {{(pid=105366) stat_writer /opt/stack/data/venv/lib/python3.12/site-packages/dbcounter.py:115}}
May 07 03:42:52.262196 np0000172454 neutron-periodic-workers[105377]: DEBUG dbcounter [-] [105377] Writer thread running {{(pid=105377) stat_writer /opt/stack/data/venv/lib/python3.12/site-packages/dbcounter.py:102}}
May 07 03:42:52.266458 np0000172454 neutron-periodic-workers[105377]: DEBUG neutron.db.agents_db [None req-4bb32298-2275-4cde-9be4-ea2a21d07858 None None] Agent healthcheck: found 0 active agents {{(pid=105377) agent_health_check /opt/stack/neutron/neutron/db/agents_db.py:322}}
May 07 03:42:52.266650 np0000172454 neutron-periodic-workers[105377]: DEBUG oslo.service.backend._threading.loopingcall [None req-4bb32298-2275-4cde-9be4-ea2a21d07858 None None] Fixed interval looping call 'neutron.plugins.ml2.plugin.AgentDbMixin.agent_health_check' sleeping for 36.98 seconds {{(pid=105377) _run_loop /opt/stack/data/venv/lib/python3.12/site-packages/oslo_service/backend/_threading/loopingcall.py:125}}
May 07 03:43:00.263772 np0000172454 neutron-periodic-workers[105366]: DEBUG oslo.service.backend._threading.loopingcall [None req-fae3fd45-2098-4ca8-bef5-32ffdaf92d73 None None] Fixed interval looping call 'neutron.plugins.ml2.plugin.DhcpAgentSchedulerDbMixin.remove_networks_from_down_agents' sleeping for 36.99 seconds {{(pid=105366) _run_loop /opt/stack/data/venv/lib/python3.12/site-packages/oslo_service/backend/_threading/loopingcall.py:125}}
May 07 03:43:02.262927 np0000172454 neutron-periodic-workers[105377]: DEBUG dbcounter [-] [105377] Writing DB stats neutron:SELECT=1 {{(pid=105377) stat_writer /opt/stack/data/venv/lib/python3.12/site-packages/dbcounter.py:115}}
May 07 03:43:10.262421 np0000172454 neutron-periodic-workers[105366]: DEBUG dbcounter [-] [105366] Writing DB stats neutron:SELECT=3 {{(pid=105366) stat_writer /opt/stack/data/venv/lib/python3.12/site-packages/dbcounter.py:115}}
May 07 03:43:29.252228 np0000172454 neutron-periodic-workers[105377]: DEBUG neutron.db.agents_db [None req-4bb32298-2275-4cde-9be4-ea2a21d07858 None None] Agent healthcheck: found 0 active agents {{(pid=105377) agent_health_check /opt/stack/neutron/neutron/db/agents_db.py:322}}
May 07 03:43:29.252228 np0000172454 neutron-periodic-workers[105377]: DEBUG oslo.service.backend._threading.loopingcall [None req-4bb32298-2275-4cde-9be4-ea2a21d07858 None None] Fixed interval looping call 'neutron.plugins.ml2.plugin.AgentDbMixin.agent_health_check' sleeping for 36.99 seconds {{(pid=105377) _run_loop /opt/stack/data/venv/lib/python3.12/site-packages/oslo_service/backend/_threading/loopingcall.py:125}}
May 07 03:43:37.268899 np0000172454 neutron-periodic-workers[105366]: DEBUG oslo.service.backend._threading.loopingcall [None req-fae3fd45-2098-4ca8-bef5-32ffdaf92d73 None None] Fixed interval looping call 'neutron.plugins.ml2.plugin.DhcpAgentSchedulerDbMixin.remove_networks_from_down_agents' sleeping for 36.99 seconds {{(pid=105366) _run_loop /opt/stack/data/venv/lib/python3.12/site-packages/oslo_service/backend/_threading/loopingcall.py:125}}
May 07 03:43:39.251984 np0000172454 neutron-periodic-workers[105377]: DEBUG dbcounter [-] [105377] Writing DB stats neutron:SELECT=1 {{(pid=105377) stat_writer /opt/stack/data/venv/lib/python3.12/site-packages/dbcounter.py:115}}
May 07 03:43:45.293914 np0000172454 neutron-periodic-workers[105388]: DEBUG dbcounter [-] [105388] Writer thread running {{(pid=105388) stat_writer /opt/stack/data/venv/lib/python3.12/site-packages/dbcounter.py:102}}
May 07 03:43:45.295718 np0000172454 neutron-periodic-workers[105388]: DEBUG oslo.service.backend._threading.loopingcall [None req-676ad5d0-59bf-4294-8858-6ea6e320070c None None] Fixed interval looping call 'neutron.db.quota.driver_nolock.DbQuotaNoLockDriver._remove_expired_reservations' sleeping for 119.98 seconds {{(pid=105388) _run_loop /opt/stack/data/venv/lib/python3.12/site-packages/oslo_service/backend/_threading/loopingcall.py:125}}
May 07 03:43:47.266630 np0000172454 neutron-periodic-workers[105366]: DEBUG dbcounter [-] [105366] Writing DB stats neutron:SELECT=3 {{(pid=105366) stat_writer /opt/stack/data/venv/lib/python3.12/site-packages/dbcounter.py:115}}
May 07 03:43:55.294492 np0000172454 neutron-periodic-workers[105388]: DEBUG dbcounter [-] [105388] Writing DB stats neutron:DELETE=1 {{(pid=105388) stat_writer /opt/stack/data/venv/lib/python3.12/site-packages/dbcounter.py:115}}
May 07 03:44:06.248265 np0000172454 neutron-periodic-workers[105377]: DEBUG neutron.db.agents_db [None req-4bb32298-2275-4cde-9be4-ea2a21d07858 None None] Agent healthcheck: found 0 active agents {{(pid=105377) agent_health_check /opt/stack/neutron/neutron/db/agents_db.py:322}}
May 07 03:44:06.248705 np0000172454 neutron-periodic-workers[105377]: DEBUG oslo.service.backend._threading.loopingcall [None req-4bb32298-2275-4cde-9be4-ea2a21d07858 None None] Fixed interval looping call 'neutron.plugins.ml2.plugin.AgentDbMixin.agent_health_check' sleeping for 36.99 seconds {{(pid=105377) _run_loop /opt/stack/data/venv/lib/python3.12/site-packages/oslo_service/backend/_threading/loopingcall.py:125}}
May 07 03:44:14.268012 np0000172454 neutron-periodic-workers[105366]: DEBUG oslo.service.backend._threading.loopingcall [None req-fae3fd45-2098-4ca8-bef5-32ffdaf92d73 None None] Fixed interval looping call 'neutron.plugins.ml2.plugin.DhcpAgentSchedulerDbMixin.remove_networks_from_down_agents' sleeping for 36.99 seconds {{(pid=105366) _run_loop /opt/stack/data/venv/lib/python3.12/site-packages/oslo_service/backend/_threading/loopingcall.py:125}}
May 07 03:44:16.246751 np0000172454 neutron-periodic-workers[105377]: DEBUG dbcounter [-] [105377] Writing DB stats neutron:SELECT=1 {{(pid=105377) stat_writer /opt/stack/data/venv/lib/python3.12/site-packages/dbcounter.py:115}}
May 07 03:44:24.266809 np0000172454 neutron-periodic-workers[105366]: DEBUG dbcounter [-] [105366] Writing DB stats neutron:SELECT=3 {{(pid=105366) stat_writer /opt/stack/data/venv/lib/python3.12/site-packages/dbcounter.py:115}}
May 07 03:44:32.271601 np0000172454 neutron-periodic-workers[105357]: DEBUG dbcounter [-] [105357] Writer thread running {{(pid=105357) stat_writer /opt/stack/data/venv/lib/python3.12/site-packages/dbcounter.py:102}}
May 07 03:44:32.288685 np0000172454 neutron-periodic-workers[105357]: DEBUG oslo.service.backend._threading.loopingcall [None req-4a8843e2-2c9e-4604-a218-00ed1fe2f454 None None] Fixed interval looping call 'neutron.services.ovn_l3.plugin.L3_NAT_dbonly_mixin._clean_garbage' sleeping for 299.94 seconds {{(pid=105357) _run_loop /opt/stack/data/venv/lib/python3.12/site-packages/oslo_service/backend/_threading/loopingcall.py:125}}
May 07 03:44:42.272329 np0000172454 neutron-periodic-workers[105357]: DEBUG dbcounter [-] [105357] Writing DB stats neutron:SELECT=1 {{(pid=105357) stat_writer /opt/stack/data/venv/lib/python3.12/site-packages/dbcounter.py:115}}
May 07 03:44:43.244432 np0000172454 neutron-periodic-workers[105377]: DEBUG neutron.db.agents_db [None req-4bb32298-2275-4cde-9be4-ea2a21d07858 None None] Agent healthcheck: found 0 active agents {{(pid=105377) agent_health_check /opt/stack/neutron/neutron/db/agents_db.py:322}}
May 07 03:44:43.245234 np0000172454 neutron-periodic-workers[105377]: DEBUG oslo.service.backend._threading.loopingcall [None req-4bb32298-2275-4cde-9be4-ea2a21d07858 None None] Fixed interval looping call 'neutron.plugins.ml2.plugin.AgentDbMixin.agent_health_check' sleeping for 36.99 seconds {{(pid=105377) _run_loop /opt/stack/data/venv/lib/python3.12/site-packages/oslo_service/backend/_threading/loopingcall.py:125}}
May 07 03:44:51.268873 np0000172454 neutron-periodic-workers[105366]: DEBUG oslo.service.backend._threading.loopingcall [None req-fae3fd45-2098-4ca8-bef5-32ffdaf92d73 None None] Fixed interval looping call 'neutron.plugins.ml2.plugin.DhcpAgentSchedulerDbMixin.remove_networks_from_down_agents' sleeping for 36.99 seconds {{(pid=105366) _run_loop /opt/stack/data/venv/lib/python3.12/site-packages/oslo_service/backend/_threading/loopingcall.py:125}}
May 07 03:44:53.242748 np0000172454 neutron-periodic-workers[105377]: DEBUG dbcounter [-] [105377] Writing DB stats neutron:SELECT=1 {{(pid=105377) stat_writer /opt/stack/data/venv/lib/python3.12/site-packages/dbcounter.py:115}}
May 07 03:45:01.267286 np0000172454 neutron-periodic-workers[105366]: DEBUG dbcounter [-] [105366] Writing DB stats neutron:SELECT=3 {{(pid=105366) stat_writer /opt/stack/data/venv/lib/python3.12/site-packages/dbcounter.py:115}}
May 07 03:45:20.240503 np0000172454 neutron-periodic-workers[105377]: DEBUG neutron.db.agents_db [None req-4bb32298-2275-4cde-9be4-ea2a21d07858 None None] Agent healthcheck: found 0 active agents {{(pid=105377) agent_health_check /opt/stack/neutron/neutron/db/agents_db.py:322}}
May 07 03:45:20.241086 np0000172454 neutron-periodic-workers[105377]: DEBUG oslo.service.backend._threading.loopingcall [None req-4bb32298-2275-4cde-9be4-ea2a21d07858 None None] Fixed interval looping call 'neutron.plugins.ml2.plugin.AgentDbMixin.agent_health_check' sleeping for 36.99 seconds {{(pid=105377) _run_loop /opt/stack/data/venv/lib/python3.12/site-packages/oslo_service/backend/_threading/loopingcall.py:125}}
May 07 03:45:28.268460 np0000172454 neutron-periodic-workers[105366]: DEBUG oslo.service.backend._threading.loopingcall [None req-fae3fd45-2098-4ca8-bef5-32ffdaf92d73 None None] Fixed interval looping call 'neutron.plugins.ml2.plugin.DhcpAgentSchedulerDbMixin.remove_networks_from_down_agents' sleeping for 36.99 seconds {{(pid=105366) _run_loop /opt/stack/data/venv/lib/python3.12/site-packages/oslo_service/backend/_threading/loopingcall.py:125}}
May 07 03:45:30.239061 np0000172454 neutron-periodic-workers[105377]: DEBUG dbcounter [-] [105377] Writing DB stats neutron:SELECT=1 {{(pid=105377) stat_writer /opt/stack/data/venv/lib/python3.12/site-packages/dbcounter.py:115}}
May 07 03:45:38.267213 np0000172454 neutron-periodic-workers[105366]: DEBUG dbcounter [-] [105366] Writing DB stats neutron:SELECT=3 {{(pid=105366) stat_writer /opt/stack/data/venv/lib/python3.12/site-packages/dbcounter.py:115}}
May 07 03:45:45.280708 np0000172454 neutron-periodic-workers[105388]: DEBUG oslo.service.backend._threading.loopingcall [None req-676ad5d0-59bf-4294-8858-6ea6e320070c None None] Fixed interval looping call 'neutron.db.quota.driver_nolock.DbQuotaNoLockDriver._remove_expired_reservations' sleeping for 120.00 seconds {{(pid=105388) _run_loop /opt/stack/data/venv/lib/python3.12/site-packages/oslo_service/backend/_threading/loopingcall.py:125}}
May 07 03:45:55.279351 np0000172454 neutron-periodic-workers[105388]: DEBUG dbcounter [-] [105388] Writing DB stats neutron:DELETE=1 {{(pid=105388) stat_writer /opt/stack/data/venv/lib/python3.12/site-packages/dbcounter.py:115}}
May 07 03:45:57.236140 np0000172454 neutron-periodic-workers[105377]: DEBUG neutron.db.agents_db [None req-4bb32298-2275-4cde-9be4-ea2a21d07858 None None] Agent healthcheck: found 0 active agents {{(pid=105377) agent_health_check /opt/stack/neutron/neutron/db/agents_db.py:322}}
May 07 03:45:57.237232 np0000172454 neutron-periodic-workers[105377]: DEBUG oslo.service.backend._threading.loopingcall [None req-4bb32298-2275-4cde-9be4-ea2a21d07858 None None] Fixed interval looping call 'neutron.plugins.ml2.plugin.AgentDbMixin.agent_health_check' sleeping for 36.99 seconds {{(pid=105377) _run_loop /opt/stack/data/venv/lib/python3.12/site-packages/oslo_service/backend/_threading/loopingcall.py:125}}
May 07 03:46:05.267887 np0000172454 neutron-periodic-workers[105366]: DEBUG oslo.service.backend._threading.loopingcall [None req-fae3fd45-2098-4ca8-bef5-32ffdaf92d73 None None] Fixed interval looping call 'neutron.plugins.ml2.plugin.DhcpAgentSchedulerDbMixin.remove_networks_from_down_agents' sleeping for 36.99 seconds {{(pid=105366) _run_loop /opt/stack/data/venv/lib/python3.12/site-packages/oslo_service/backend/_threading/loopingcall.py:125}}
May 07 03:46:07.235851 np0000172454 neutron-periodic-workers[105377]: DEBUG dbcounter [-] [105377] Writing DB stats neutron:SELECT=1 {{(pid=105377) stat_writer /opt/stack/data/venv/lib/python3.12/site-packages/dbcounter.py:115}}
May 07 03:46:15.269336 np0000172454 neutron-periodic-workers[105366]: DEBUG dbcounter [-] [105366] Writing DB stats neutron:SELECT=3 {{(pid=105366) stat_writer /opt/stack/data/venv/lib/python3.12/site-packages/dbcounter.py:115}}
May 07 03:46:34.233007 np0000172454 neutron-periodic-workers[105377]: DEBUG neutron.db.agents_db [None req-4bb32298-2275-4cde-9be4-ea2a21d07858 None None] Agent healthcheck: found 0 active agents {{(pid=105377) agent_health_check /opt/stack/neutron/neutron/db/agents_db.py:322}}
May 07 03:46:34.233586 np0000172454 neutron-periodic-workers[105377]: DEBUG oslo.service.backend._threading.loopingcall [None req-4bb32298-2275-4cde-9be4-ea2a21d07858 None None] Fixed interval looping call 'neutron.plugins.ml2.plugin.AgentDbMixin.agent_health_check' sleeping for 36.99 seconds {{(pid=105377) _run_loop /opt/stack/data/venv/lib/python3.12/site-packages/oslo_service/backend/_threading/loopingcall.py:125}}
May 07 03:46:42.268357 np0000172454 neutron-periodic-workers[105366]: DEBUG oslo.service.backend._threading.loopingcall [None req-fae3fd45-2098-4ca8-bef5-32ffdaf92d73 None None] Fixed interval looping call 'neutron.plugins.ml2.plugin.DhcpAgentSchedulerDbMixin.remove_networks_from_down_agents' sleeping for 36.99 seconds {{(pid=105366) _run_loop /opt/stack/data/venv/lib/python3.12/site-packages/oslo_service/backend/_threading/loopingcall.py:125}}
May 07 03:46:44.232462 np0000172454 neutron-periodic-workers[105377]: DEBUG dbcounter [-] [105377] Writing DB stats neutron:SELECT=1 {{(pid=105377) stat_writer /opt/stack/data/venv/lib/python3.12/site-packages/dbcounter.py:115}}
May 07 03:46:52.267799 np0000172454 neutron-periodic-workers[105366]: DEBUG dbcounter [-] [105366] Writing DB stats neutron:SELECT=3 {{(pid=105366) stat_writer /opt/stack/data/venv/lib/python3.12/site-packages/dbcounter.py:115}}
May 07 03:47:11.228718 np0000172454 neutron-periodic-workers[105377]: DEBUG neutron.db.agents_db [None req-4bb32298-2275-4cde-9be4-ea2a21d07858 None None] Agent healthcheck: found 0 active agents {{(pid=105377) agent_health_check /opt/stack/neutron/neutron/db/agents_db.py:322}}
May 07 03:47:11.228718 np0000172454 neutron-periodic-workers[105377]: DEBUG oslo.service.backend._threading.loopingcall [None req-4bb32298-2275-4cde-9be4-ea2a21d07858 None None] Fixed interval looping call 'neutron.plugins.ml2.plugin.AgentDbMixin.agent_health_check' sleeping for 36.99 seconds {{(pid=105377) _run_loop /opt/stack/data/venv/lib/python3.12/site-packages/oslo_service/backend/_threading/loopingcall.py:125}}
May 07 03:47:19.265630 np0000172454 neutron-periodic-workers[105366]: DEBUG oslo.service.backend._threading.loopingcall [None req-fae3fd45-2098-4ca8-bef5-32ffdaf92d73 None None] Fixed interval looping call 'neutron.plugins.ml2.plugin.DhcpAgentSchedulerDbMixin.remove_networks_from_down_agents' sleeping for 36.99 seconds {{(pid=105366) _run_loop /opt/stack/data/venv/lib/python3.12/site-packages/oslo_service/backend/_threading/loopingcall.py:125}}
May 07 03:47:21.226762 np0000172454 neutron-periodic-workers[105377]: DEBUG dbcounter [-] [105377] Writing DB stats neutron:SELECT=1 {{(pid=105377) stat_writer /opt/stack/data/venv/lib/python3.12/site-packages/dbcounter.py:115}}
May 07 03:47:29.266926 np0000172454 neutron-periodic-workers[105366]: DEBUG dbcounter [-] [105366] Writing DB stats neutron:SELECT=3 {{(pid=105366) stat_writer /opt/stack/data/venv/lib/python3.12/site-packages/dbcounter.py:115}}
May 07 03:47:45.285752 np0000172454 neutron-periodic-workers[105388]: DEBUG oslo.service.backend._threading.loopingcall [None req-676ad5d0-59bf-4294-8858-6ea6e320070c None None] Fixed interval looping call 'neutron.db.quota.driver_nolock.DbQuotaNoLockDriver._remove_expired_reservations' sleeping for 120.00 seconds {{(pid=105388) _run_loop /opt/stack/data/venv/lib/python3.12/site-packages/oslo_service/backend/_threading/loopingcall.py:125}}
May 07 03:47:48.225349 np0000172454 neutron-periodic-workers[105377]: DEBUG neutron.db.agents_db [None req-4bb32298-2275-4cde-9be4-ea2a21d07858 None None] Agent healthcheck: found 0 active agents {{(pid=105377) agent_health_check /opt/stack/neutron/neutron/db/agents_db.py:322}}
May 07 03:47:48.225992 np0000172454 neutron-periodic-workers[105377]: DEBUG oslo.service.backend._threading.loopingcall [None req-4bb32298-2275-4cde-9be4-ea2a21d07858 None None] Fixed interval looping call 'neutron.plugins.ml2.plugin.AgentDbMixin.agent_health_check' sleeping for 36.99 seconds {{(pid=105377) _run_loop /opt/stack/data/venv/lib/python3.12/site-packages/oslo_service/backend/_threading/loopingcall.py:125}}
May 07 03:47:55.284526 np0000172454 neutron-periodic-workers[105388]: DEBUG dbcounter [-] [105388] Writing DB stats neutron:DELETE=1 {{(pid=105388) stat_writer /opt/stack/data/venv/lib/python3.12/site-packages/dbcounter.py:115}}
May 07 03:47:56.265232 np0000172454 neutron-periodic-workers[105366]: DEBUG oslo.service.backend._threading.loopingcall [None req-fae3fd45-2098-4ca8-bef5-32ffdaf92d73 None None] Fixed interval looping call 'neutron.plugins.ml2.plugin.DhcpAgentSchedulerDbMixin.remove_networks_from_down_agents' sleeping for 36.99 seconds {{(pid=105366) _run_loop /opt/stack/data/venv/lib/python3.12/site-packages/oslo_service/backend/_threading/loopingcall.py:125}}
May 07 03:47:58.223789 np0000172454 neutron-periodic-workers[105377]: DEBUG dbcounter [-] [105377] Writing DB stats neutron:SELECT=1 {{(pid=105377) stat_writer /opt/stack/data/venv/lib/python3.12/site-packages/dbcounter.py:115}}
May 07 03:48:06.264086 np0000172454 neutron-periodic-workers[105366]: DEBUG dbcounter [-] [105366] Writing DB stats neutron:SELECT=3 {{(pid=105366) stat_writer /opt/stack/data/venv/lib/python3.12/site-packages/dbcounter.py:115}}
May 07 03:48:25.219633 np0000172454 neutron-periodic-workers[105377]: DEBUG neutron.db.agents_db [None req-4bb32298-2275-4cde-9be4-ea2a21d07858 None None] Agent healthcheck: found 0 active agents {{(pid=105377) agent_health_check /opt/stack/neutron/neutron/db/agents_db.py:322}}
May 07 03:48:25.219633 np0000172454 neutron-periodic-workers[105377]: DEBUG oslo.service.backend._threading.loopingcall [None req-4bb32298-2275-4cde-9be4-ea2a21d07858 None None] Fixed interval looping call 'neutron.plugins.ml2.plugin.AgentDbMixin.agent_health_check' sleeping for 37.00 seconds {{(pid=105377) _run_loop /opt/stack/data/venv/lib/python3.12/site-packages/oslo_service/backend/_threading/loopingcall.py:125}}
May 07 03:48:33.264256 np0000172454 neutron-periodic-workers[105366]: DEBUG oslo.service.backend._threading.loopingcall [None req-fae3fd45-2098-4ca8-bef5-32ffdaf92d73 None None] Fixed interval looping call 'neutron.plugins.ml2.plugin.DhcpAgentSchedulerDbMixin.remove_networks_from_down_agents' sleeping for 36.99 seconds {{(pid=105366) _run_loop /opt/stack/data/venv/lib/python3.12/site-packages/oslo_service/backend/_threading/loopingcall.py:125}}
May 07 03:48:35.218878 np0000172454 neutron-periodic-workers[105377]: DEBUG dbcounter [-] [105377] Writing DB stats neutron:SELECT=1 {{(pid=105377) stat_writer /opt/stack/data/venv/lib/python3.12/site-packages/dbcounter.py:115}}
May 07 03:48:43.262870 np0000172454 neutron-periodic-workers[105366]: DEBUG dbcounter [-] [105366] Writing DB stats neutron:SELECT=3 {{(pid=105366) stat_writer /opt/stack/data/venv/lib/python3.12/site-packages/dbcounter.py:115}}
May 07 03:49:02.225489 np0000172454 neutron-periodic-workers[105377]: DEBUG neutron.db.agents_db [None req-4bb32298-2275-4cde-9be4-ea2a21d07858 None None] Agent healthcheck: found 0 active agents {{(pid=105377) agent_health_check /opt/stack/neutron/neutron/db/agents_db.py:322}}
May 07 03:49:02.225489 np0000172454 neutron-periodic-workers[105377]: DEBUG oslo.service.backend._threading.loopingcall [None req-4bb32298-2275-4cde-9be4-ea2a21d07858 None None] Fixed interval looping call 'neutron.plugins.ml2.plugin.AgentDbMixin.agent_health_check' sleeping for 36.99 seconds {{(pid=105377) _run_loop /opt/stack/data/venv/lib/python3.12/site-packages/oslo_service/backend/_threading/loopingcall.py:125}}
May 07 03:49:10.263849 np0000172454 neutron-periodic-workers[105366]: DEBUG oslo.service.backend._threading.loopingcall [None req-fae3fd45-2098-4ca8-bef5-32ffdaf92d73 None None] Fixed interval looping call 'neutron.plugins.ml2.plugin.DhcpAgentSchedulerDbMixin.remove_networks_from_down_agents' sleeping for 36.99 seconds {{(pid=105366) _run_loop /opt/stack/data/venv/lib/python3.12/site-packages/oslo_service/backend/_threading/loopingcall.py:125}}
May 07 03:49:12.224241 np0000172454 neutron-periodic-workers[105377]: DEBUG dbcounter [-] [105377] Writing DB stats neutron:SELECT=1 {{(pid=105377) stat_writer /opt/stack/data/venv/lib/python3.12/site-packages/dbcounter.py:115}}
May 07 03:49:20.263098 np0000172454 neutron-periodic-workers[105366]: DEBUG dbcounter [-] [105366] Writing DB stats neutron:SELECT=3 {{(pid=105366) stat_writer /opt/stack/data/venv/lib/python3.12/site-packages/dbcounter.py:115}}
May 07 03:49:32.242325 np0000172454 neutron-periodic-workers[105357]: DEBUG oslo.service.backend._threading.loopingcall [None req-4a8843e2-2c9e-4604-a218-00ed1fe2f454 None None] Fixed interval looping call 'neutron.services.ovn_l3.plugin.L3_NAT_dbonly_mixin._clean_garbage' sleeping for 299.99 seconds {{(pid=105357) _run_loop /opt/stack/data/venv/lib/python3.12/site-packages/oslo_service/backend/_threading/loopingcall.py:125}}
May 07 03:49:39.220517 np0000172454 neutron-periodic-workers[105377]: DEBUG neutron.db.agents_db [None req-4bb32298-2275-4cde-9be4-ea2a21d07858 None None] Agent healthcheck: found 0 active agents {{(pid=105377) agent_health_check /opt/stack/neutron/neutron/db/agents_db.py:322}}
May 07 03:49:39.221081 np0000172454 neutron-periodic-workers[105377]: DEBUG oslo.service.backend._threading.loopingcall [None req-4bb32298-2275-4cde-9be4-ea2a21d07858 None None] Fixed interval looping call 'neutron.plugins.ml2.plugin.AgentDbMixin.agent_health_check' sleeping for 37.00 seconds {{(pid=105377) _run_loop /opt/stack/data/venv/lib/python3.12/site-packages/oslo_service/backend/_threading/loopingcall.py:125}}
May 07 03:49:42.233075 np0000172454 neutron-periodic-workers[105357]: DEBUG dbcounter [-] [105357] Writing DB stats neutron:SELECT=1 {{(pid=105357) stat_writer /opt/stack/data/venv/lib/python3.12/site-packages/dbcounter.py:115}}
May 07 03:49:45.290519 np0000172454 neutron-periodic-workers[105388]: DEBUG oslo.service.backend._threading.loopingcall [None req-676ad5d0-59bf-4294-8858-6ea6e320070c None None] Fixed interval looping call 'neutron.db.quota.driver_nolock.DbQuotaNoLockDriver._remove_expired_reservations' sleeping for 120.00 seconds {{(pid=105388) _run_loop /opt/stack/data/venv/lib/python3.12/site-packages/oslo_service/backend/_threading/loopingcall.py:125}}
May 07 03:49:47.263239 np0000172454 neutron-periodic-workers[105366]: DEBUG oslo.service.backend._threading.loopingcall [None req-fae3fd45-2098-4ca8-bef5-32ffdaf92d73 None None] Fixed interval looping call 'neutron.plugins.ml2.plugin.DhcpAgentSchedulerDbMixin.remove_networks_from_down_agents' sleeping for 36.99 seconds {{(pid=105366) _run_loop /opt/stack/data/venv/lib/python3.12/site-packages/oslo_service/backend/_threading/loopingcall.py:125}}
May 07 03:49:49.219664 np0000172454 neutron-periodic-workers[105377]: DEBUG dbcounter [-] [105377] Writing DB stats neutron:SELECT=1 {{(pid=105377) stat_writer /opt/stack/data/venv/lib/python3.12/site-packages/dbcounter.py:115}}
May 07 03:49:55.289339 np0000172454 neutron-periodic-workers[105388]: DEBUG dbcounter [-] [105388] Writing DB stats neutron:DELETE=1 {{(pid=105388) stat_writer /opt/stack/data/venv/lib/python3.12/site-packages/dbcounter.py:115}}
May 07 03:49:57.261521 np0000172454 neutron-periodic-workers[105366]: DEBUG dbcounter [-] [105366] Writing DB stats neutron:SELECT=3 {{(pid=105366) stat_writer /opt/stack/data/venv/lib/python3.12/site-packages/dbcounter.py:115}}
May 07 03:50:16.226778 np0000172454 neutron-periodic-workers[105377]: DEBUG neutron.db.agents_db [None req-4bb32298-2275-4cde-9be4-ea2a21d07858 None None] Agent healthcheck: found 0 active agents {{(pid=105377) agent_health_check /opt/stack/neutron/neutron/db/agents_db.py:322}}
May 07 03:50:16.227651 np0000172454 neutron-periodic-workers[105377]: DEBUG oslo.service.backend._threading.loopingcall [None req-4bb32298-2275-4cde-9be4-ea2a21d07858 None None] Fixed interval looping call 'neutron.plugins.ml2.plugin.AgentDbMixin.agent_health_check' sleeping for 36.99 seconds {{(pid=105377) _run_loop /opt/stack/data/venv/lib/python3.12/site-packages/oslo_service/backend/_threading/loopingcall.py:125}}
May 07 03:50:24.261678 np0000172454 neutron-periodic-workers[105366]: DEBUG oslo.service.backend._threading.loopingcall [None req-fae3fd45-2098-4ca8-bef5-32ffdaf92d73 None None] Fixed interval looping call 'neutron.plugins.ml2.plugin.DhcpAgentSchedulerDbMixin.remove_networks_from_down_agents' sleeping for 36.99 seconds {{(pid=105366) _run_loop /opt/stack/data/venv/lib/python3.12/site-packages/oslo_service/backend/_threading/loopingcall.py:125}}
May 07 03:50:26.225507 np0000172454 neutron-periodic-workers[105377]: DEBUG dbcounter [-] [105377] Writing DB stats neutron:SELECT=1 {{(pid=105377) stat_writer /opt/stack/data/venv/lib/python3.12/site-packages/dbcounter.py:115}}
May 07 03:50:34.260826 np0000172454 neutron-periodic-workers[105366]: DEBUG dbcounter [-] [105366] Writing DB stats neutron:SELECT=3 {{(pid=105366) stat_writer /opt/stack/data/venv/lib/python3.12/site-packages/dbcounter.py:115}}
May 07 03:50:53.223511 np0000172454 neutron-periodic-workers[105377]: DEBUG neutron.db.agents_db [None req-4bb32298-2275-4cde-9be4-ea2a21d07858 None None] Agent healthcheck: found 0 active agents {{(pid=105377) agent_health_check /opt/stack/neutron/neutron/db/agents_db.py:322}}
May 07 03:50:53.224274 np0000172454 neutron-periodic-workers[105377]: DEBUG oslo.service.backend._threading.loopingcall [None req-4bb32298-2275-4cde-9be4-ea2a21d07858 None None] Fixed interval looping call 'neutron.plugins.ml2.plugin.AgentDbMixin.agent_health_check' sleeping for 36.99 seconds {{(pid=105377) _run_loop /opt/stack/data/venv/lib/python3.12/site-packages/oslo_service/backend/_threading/loopingcall.py:125}}
May 07 03:51:01.264863 np0000172454 neutron-periodic-workers[105366]: DEBUG oslo.service.backend._threading.loopingcall [None req-fae3fd45-2098-4ca8-bef5-32ffdaf92d73 None None] Fixed interval looping call 'neutron.plugins.ml2.plugin.DhcpAgentSchedulerDbMixin.remove_networks_from_down_agents' sleeping for 36.99 seconds {{(pid=105366) _run_loop /opt/stack/data/venv/lib/python3.12/site-packages/oslo_service/backend/_threading/loopingcall.py:125}}
May 07 03:51:03.221066 np0000172454 neutron-periodic-workers[105377]: DEBUG dbcounter [-] [105377] Writing DB stats neutron:SELECT=1 {{(pid=105377) stat_writer /opt/stack/data/venv/lib/python3.12/site-packages/dbcounter.py:115}}
May 07 03:51:11.262796 np0000172454 neutron-periodic-workers[105366]: DEBUG dbcounter [-] [105366] Writing DB stats neutron:SELECT=3 {{(pid=105366) stat_writer /opt/stack/data/venv/lib/python3.12/site-packages/dbcounter.py:115}}
May 07 03:51:30.217533 np0000172454 neutron-periodic-workers[105377]: DEBUG neutron.db.agents_db [None req-4bb32298-2275-4cde-9be4-ea2a21d07858 None None] Agent healthcheck: found 0 active agents {{(pid=105377) agent_health_check /opt/stack/neutron/neutron/db/agents_db.py:322}}
May 07 03:51:30.218299 np0000172454 neutron-periodic-workers[105377]: DEBUG oslo.service.backend._threading.loopingcall [None req-4bb32298-2275-4cde-9be4-ea2a21d07858 None None] Fixed interval looping call 'neutron.plugins.ml2.plugin.AgentDbMixin.agent_health_check' sleeping for 37.00 seconds {{(pid=105377) _run_loop /opt/stack/data/venv/lib/python3.12/site-packages/oslo_service/backend/_threading/loopingcall.py:125}}
May 07 03:51:38.265981 np0000172454 neutron-periodic-workers[105366]: DEBUG oslo.service.backend._threading.loopingcall [None req-fae3fd45-2098-4ca8-bef5-32ffdaf92d73 None None] Fixed interval looping call 'neutron.plugins.ml2.plugin.DhcpAgentSchedulerDbMixin.remove_networks_from_down_agents' sleeping for 36.99 seconds {{(pid=105366) _run_loop /opt/stack/data/venv/lib/python3.12/site-packages/oslo_service/backend/_threading/loopingcall.py:125}}
May 07 03:51:40.216509 np0000172454 neutron-periodic-workers[105377]: DEBUG dbcounter [-] [105377] Writing DB stats neutron:SELECT=1 {{(pid=105377) stat_writer /opt/stack/data/venv/lib/python3.12/site-packages/dbcounter.py:115}}
May 07 03:51:45.295989 np0000172454 neutron-periodic-workers[105388]: DEBUG oslo.service.backend._threading.loopingcall [None req-676ad5d0-59bf-4294-8858-6ea6e320070c None None] Fixed interval looping call 'neutron.db.quota.driver_nolock.DbQuotaNoLockDriver._remove_expired_reservations' sleeping for 120.00 seconds {{(pid=105388) _run_loop /opt/stack/data/venv/lib/python3.12/site-packages/oslo_service/backend/_threading/loopingcall.py:125}}
May 07 03:51:48.264804 np0000172454 neutron-periodic-workers[105366]: DEBUG dbcounter [-] [105366] Writing DB stats neutron:SELECT=3 {{(pid=105366) stat_writer /opt/stack/data/venv/lib/python3.12/site-packages/dbcounter.py:115}}
May 07 03:51:55.294962 np0000172454 neutron-periodic-workers[105388]: DEBUG dbcounter [-] [105388] Writing DB stats neutron:DELETE=1 {{(pid=105388) stat_writer /opt/stack/data/venv/lib/python3.12/site-packages/dbcounter.py:115}}
May 07 03:52:07.223083 np0000172454 neutron-periodic-workers[105377]: DEBUG neutron.db.agents_db [None req-4bb32298-2275-4cde-9be4-ea2a21d07858 None None] Agent healthcheck: found 0 active agents {{(pid=105377) agent_health_check /opt/stack/neutron/neutron/db/agents_db.py:322}}
May 07 03:52:07.223645 np0000172454 neutron-periodic-workers[105377]: DEBUG oslo.service.backend._threading.loopingcall [None req-4bb32298-2275-4cde-9be4-ea2a21d07858 None None] Fixed interval looping call 'neutron.plugins.ml2.plugin.AgentDbMixin.agent_health_check' sleeping for 36.99 seconds {{(pid=105377) _run_loop /opt/stack/data/venv/lib/python3.12/site-packages/oslo_service/backend/_threading/loopingcall.py:125}}
May 07 03:52:15.265754 np0000172454 neutron-periodic-workers[105366]: DEBUG oslo.service.backend._threading.loopingcall [None req-fae3fd45-2098-4ca8-bef5-32ffdaf92d73 None None] Fixed interval looping call 'neutron.plugins.ml2.plugin.DhcpAgentSchedulerDbMixin.remove_networks_from_down_agents' sleeping for 36.99 seconds {{(pid=105366) _run_loop /opt/stack/data/venv/lib/python3.12/site-packages/oslo_service/backend/_threading/loopingcall.py:125}}
