Mar 30 12:21:37.672556 np0000161222 nova-conductor[109583]: DEBUG cotyledon.oslo_config_glue [-] vnc.novncproxy_base_url = http://127.0.0.1:6080/vnc_auto.html {{(pid=109583) log_opt_values /opt/stack/data/venv/lib/python3.12/site-packages/oslo_config/cfg.py:3006}}
Mar 30 12:21:37.672556 np0000161222 nova-conductor[109583]: DEBUG cotyledon.oslo_config_glue [-] vnc.novncproxy_host = 0.0.0.0 {{(pid=109583) log_opt_values /opt/stack/data/venv/lib/python3.12/site-packages/oslo_config/cfg.py:3006}}
Mar 30 12:21:37.672556 np0000161222 nova-conductor[109583]: DEBUG cotyledon.oslo_config_glue [-] vnc.novncproxy_port = 6080 {{(pid=109583) log_opt_values /opt/stack/data/venv/lib/python3.12/site-packages/oslo_config/cfg.py:3006}}
Mar 30 12:21:37.672556 np0000161222 nova-conductor[109583]: DEBUG cotyledon.oslo_config_glue [-] vnc.server_listen = 127.0.0.1 {{(pid=109583) log_opt_values /opt/stack/data/venv/lib/python3.12/site-packages/oslo_config/cfg.py:3006}}
Mar 30 12:21:37.672556 np0000161222 nova-conductor[109583]: DEBUG cotyledon.oslo_config_glue [-] vnc.server_proxyclient_address = 127.0.0.1 {{(pid=109583) log_opt_values /opt/stack/data/venv/lib/python3.12/site-packages/oslo_config/cfg.py:3006}}
Mar 30 12:21:37.672556 np0000161222 nova-conductor[109583]: DEBUG cotyledon.oslo_config_glue [-] vnc.vencrypt_ca_certs = None {{(pid=109583) log_opt_values /opt/stack/data/venv/lib/python3.12/site-packages/oslo_config/cfg.py:3006}}
Mar 30 12:21:37.672556 np0000161222 nova-conductor[109583]: DEBUG cotyledon.oslo_config_glue [-] vnc.vencrypt_client_cert = None {{(pid=109583) log_opt_values /opt/stack/data/venv/lib/python3.12/site-packages/oslo_config/cfg.py:3006}}
Mar 30 12:21:37.672556 np0000161222 nova-conductor[109583]: DEBUG cotyledon.oslo_config_glue [-] vnc.vencrypt_client_key = None {{(pid=109583) log_opt_values /opt/stack/data/venv/lib/python3.12/site-packages/oslo_config/cfg.py:3006}}
Mar 30 12:21:37.673097 np0000161222 nova-conductor[109583]: DEBUG cotyledon.oslo_config_glue [-] workarounds.disable_compute_service_check_for_ffu = False {{(pid=109583) log_opt_values /opt/stack/data/venv/lib/python3.12/site-packages/oslo_config/cfg.py:3006}}
Mar 30 12:21:37.673097 np0000161222 nova-conductor[109583]: DEBUG cotyledon.oslo_config_glue [-] workarounds.disable_deep_image_inspection = False {{(pid=109583) log_opt_values /opt/stack/data/venv/lib/python3.12/site-packages/oslo_config/cfg.py:3006}}
Mar 30 12:21:37.673097 np0000161222 nova-conductor[109583]: DEBUG cotyledon.oslo_config_glue [-] workarounds.disable_fallback_pcpu_query = False {{(pid=109583) log_opt_values /opt/stack/data/venv/lib/python3.12/site-packages/oslo_config/cfg.py:3006}}
Mar 30 12:21:37.673097 np0000161222 nova-conductor[109583]: DEBUG cotyledon.oslo_config_glue [-] workarounds.disable_group_policy_check_upcall = False {{(pid=109583) log_opt_values /opt/stack/data/venv/lib/python3.12/site-packages/oslo_config/cfg.py:3006}}
Mar 30 12:21:37.673097 np0000161222 nova-conductor[109583]: DEBUG cotyledon.oslo_config_glue [-] workarounds.disable_libvirt_livesnapshot = False {{(pid=109583) log_opt_values /opt/stack/data/venv/lib/python3.12/site-packages/oslo_config/cfg.py:3006}}
Mar 30 12:21:37.673097 np0000161222 nova-conductor[109583]: DEBUG cotyledon.oslo_config_glue [-] workarounds.disable_rootwrap = False {{(pid=109583) log_opt_values /opt/stack/data/venv/lib/python3.12/site-packages/oslo_config/cfg.py:3006}}
Mar 30 12:21:37.673097 np0000161222 nova-conductor[109583]: DEBUG cotyledon.oslo_config_glue [-] workarounds.enable_numa_live_migration = False {{(pid=109583) log_opt_values /opt/stack/data/venv/lib/python3.12/site-packages/oslo_config/cfg.py:3006}}
Mar 30 12:21:37.673097 np0000161222 nova-conductor[109583]: DEBUG cotyledon.oslo_config_glue [-] workarounds.enable_qemu_monitor_announce_self = False {{(pid=109583) log_opt_values /opt/stack/data/venv/lib/python3.12/site-packages/oslo_config/cfg.py:3006}}
Mar 30 12:21:37.673097 np0000161222 nova-conductor[109583]: DEBUG cotyledon.oslo_config_glue [-] workarounds.ensure_libvirt_rbd_instance_dir_cleanup = False {{(pid=109583) log_opt_values /opt/stack/data/venv/lib/python3.12/site-packages/oslo_config/cfg.py:3006}}
Mar 30 12:21:37.673332 np0000161222 nova-conductor[109583]: DEBUG cotyledon.oslo_config_glue [-] workarounds.handle_virt_lifecycle_events = True {{(pid=109583) log_opt_values /opt/stack/data/venv/lib/python3.12/site-packages/oslo_config/cfg.py:3006}}
Mar 30 12:21:37.673332 np0000161222 nova-conductor[109583]: DEBUG cotyledon.oslo_config_glue [-] workarounds.libvirt_disable_apic = False {{(pid=109583) log_opt_values /opt/stack/data/venv/lib/python3.12/site-packages/oslo_config/cfg.py:3006}}
Mar 30 12:21:37.673332 np0000161222 nova-conductor[109583]: DEBUG cotyledon.oslo_config_glue [-] workarounds.never_download_image_if_on_rbd = False {{(pid=109583) log_opt_values /opt/stack/data/venv/lib/python3.12/site-packages/oslo_config/cfg.py:3006}}
Mar 30 12:21:37.673332 np0000161222 nova-conductor[109583]: DEBUG cotyledon.oslo_config_glue [-] workarounds.qemu_monitor_announce_self_count = 3 {{(pid=109583) log_opt_values /opt/stack/data/venv/lib/python3.12/site-packages/oslo_config/cfg.py:3006}}
Mar 30 12:21:37.673332 np0000161222 nova-conductor[109583]: DEBUG cotyledon.oslo_config_glue [-] workarounds.qemu_monitor_announce_self_interval = 1 {{(pid=109583) log_opt_values /opt/stack/data/venv/lib/python3.12/site-packages/oslo_config/cfg.py:3006}}
Mar 30 12:21:37.673332 np0000161222 nova-conductor[109583]: DEBUG cotyledon.oslo_config_glue [-] workarounds.reserve_disk_resource_for_image_cache = False {{(pid=109583) log_opt_values /opt/stack/data/venv/lib/python3.12/site-packages/oslo_config/cfg.py:3006}}
Mar 30 12:21:37.673332 np0000161222 nova-conductor[109583]: DEBUG cotyledon.oslo_config_glue [-] workarounds.skip_cpu_compare_at_startup = False {{(pid=109583) log_opt_values /opt/stack/data/venv/lib/python3.12/site-packages/oslo_config/cfg.py:3006}}
Mar 30 12:21:37.673332 np0000161222 nova-conductor[109583]: DEBUG cotyledon.oslo_config_glue [-] workarounds.skip_cpu_compare_on_dest = False {{(pid=109583) log_opt_values /opt/stack/data/venv/lib/python3.12/site-packages/oslo_config/cfg.py:3006}}
Mar 30 12:21:37.673332 np0000161222 nova-conductor[109583]: DEBUG cotyledon.oslo_config_glue [-] workarounds.skip_hypervisor_version_check_on_lm = False {{(pid=109583) log_opt_values /opt/stack/data/venv/lib/python3.12/site-packages/oslo_config/cfg.py:3006}}
Mar 30 12:21:37.673549 np0000161222 nova-conductor[109583]: DEBUG cotyledon.oslo_config_glue [-] workarounds.skip_reserve_in_use_ironic_nodes = False {{(pid=109583) log_opt_values /opt/stack/data/venv/lib/python3.12/site-packages/oslo_config/cfg.py:3006}}
Mar 30 12:21:37.673549 np0000161222 nova-conductor[109583]: DEBUG cotyledon.oslo_config_glue [-] workarounds.unified_limits_count_pcpu_as_vcpu = False {{(pid=109583) log_opt_values /opt/stack/data/venv/lib/python3.12/site-packages/oslo_config/cfg.py:3006}}
Mar 30 12:21:37.673549 np0000161222 nova-conductor[109583]: DEBUG cotyledon.oslo_config_glue [-] workarounds.wait_for_vif_plugged_event_during_hard_reboot = [] {{(pid=109583) log_opt_values /opt/stack/data/venv/lib/python3.12/site-packages/oslo_config/cfg.py:3006}}
Mar 30 12:21:37.673549 np0000161222 nova-conductor[109583]: DEBUG cotyledon.oslo_config_glue [-] wsgi.api_paste_config = /etc/nova/api-paste.ini {{(pid=109583) log_opt_values /opt/stack/data/venv/lib/python3.12/site-packages/oslo_config/cfg.py:3006}}
Mar 30 12:21:37.673549 np0000161222 nova-conductor[109583]: DEBUG cotyledon.oslo_config_glue [-] wsgi.secure_proxy_ssl_header = None {{(pid=109583) log_opt_values /opt/stack/data/venv/lib/python3.12/site-packages/oslo_config/cfg.py:3006}}
Mar 30 12:21:37.673549 np0000161222 nova-conductor[109583]: DEBUG cotyledon.oslo_config_glue [-] zvm.ca_file = None {{(pid=109583) log_opt_values /opt/stack/data/venv/lib/python3.12/site-packages/oslo_config/cfg.py:3006}}
Mar 30 12:21:37.673549 np0000161222 nova-conductor[109583]: DEBUG cotyledon.oslo_config_glue [-] zvm.cloud_connector_url = None {{(pid=109583) log_opt_values /opt/stack/data/venv/lib/python3.12/site-packages/oslo_config/cfg.py:3006}}
Mar 30 12:21:37.673549 np0000161222 nova-conductor[109583]: DEBUG cotyledon.oslo_config_glue [-] zvm.image_tmp_path = /opt/stack/data/nova/images {{(pid=109583) log_opt_values /opt/stack/data/venv/lib/python3.12/site-packages/oslo_config/cfg.py:3006}}
Mar 30 12:21:37.673549 np0000161222 nova-conductor[109583]: DEBUG cotyledon.oslo_config_glue [-] zvm.reachable_timeout = 300 {{(pid=109583) log_opt_values /opt/stack/data/venv/lib/python3.12/site-packages/oslo_config/cfg.py:3006}}
Mar 30 12:21:37.673853 np0000161222 nova-conductor[109583]: DEBUG cotyledon.oslo_config_glue [-] oslo_versionedobjects.fatal_exception_format_errors = False {{(pid=109583) log_opt_values /opt/stack/data/venv/lib/python3.12/site-packages/oslo_config/cfg.py:3006}}
Mar 30 12:21:37.673853 np0000161222 nova-conductor[109583]: DEBUG cotyledon.oslo_config_glue [-] oslo_middleware.http_basic_auth_user_file = /etc/htpasswd {{(pid=109583) log_opt_values /opt/stack/data/venv/lib/python3.12/site-packages/oslo_config/cfg.py:3006}}
Mar 30 12:21:37.673853 np0000161222 nova-conductor[109583]: DEBUG cotyledon.oslo_config_glue [-] profiler.connection_string = messaging:// {{(pid=109583) log_opt_values /opt/stack/data/venv/lib/python3.12/site-packages/oslo_config/cfg.py:3006}}
Mar 30 12:21:37.673853 np0000161222 nova-conductor[109583]: DEBUG cotyledon.oslo_config_glue [-] profiler.enabled = False {{(pid=109583) log_opt_values /opt/stack/data/venv/lib/python3.12/site-packages/oslo_config/cfg.py:3006}}
Mar 30 12:21:37.673853 np0000161222 nova-conductor[109583]: DEBUG cotyledon.oslo_config_glue [-] profiler.es_doc_type = notification {{(pid=109583) log_opt_values /opt/stack/data/venv/lib/python3.12/site-packages/oslo_config/cfg.py:3006}}
Mar 30 12:21:37.674030 np0000161222 nova-conductor[109565]: DEBUG dbcounter [-] [109565] Writer thread running {{(pid=109565) stat_writer /opt/stack/data/venv/lib/python3.12/site-packages/dbcounter.py:102}}
Mar 30 12:21:37.674074 np0000161222 nova-conductor[109583]: DEBUG cotyledon.oslo_config_glue [-] profiler.es_scroll_size = 10000 {{(pid=109583) log_opt_values /opt/stack/data/venv/lib/python3.12/site-packages/oslo_config/cfg.py:3006}}
Mar 30 12:21:37.674074 np0000161222 nova-conductor[109583]: DEBUG cotyledon.oslo_config_glue [-] profiler.es_scroll_time = 2m {{(pid=109583) log_opt_values /opt/stack/data/venv/lib/python3.12/site-packages/oslo_config/cfg.py:3006}}
Mar 30 12:21:37.674074 np0000161222 nova-conductor[109583]: DEBUG cotyledon.oslo_config_glue [-] profiler.filter_error_trace = False {{(pid=109583) log_opt_values /opt/stack/data/venv/lib/python3.12/site-packages/oslo_config/cfg.py:3006}}
Mar 30 12:21:37.674074 np0000161222 nova-conductor[109583]: DEBUG cotyledon.oslo_config_glue [-] profiler.hmac_keys = **** {{(pid=109583) log_opt_values /opt/stack/data/venv/lib/python3.12/site-packages/oslo_config/cfg.py:3006}}
Mar 30 12:21:37.674074 np0000161222 nova-conductor[109583]: DEBUG cotyledon.oslo_config_glue [-] profiler.sentinel_service_name = mymaster {{(pid=109583) log_opt_values /opt/stack/data/venv/lib/python3.12/site-packages/oslo_config/cfg.py:3006}}
Mar 30 12:21:37.674074 np0000161222 nova-conductor[109583]: DEBUG cotyledon.oslo_config_glue [-] profiler.socket_timeout = 0.1 {{(pid=109583) log_opt_values /opt/stack/data/venv/lib/python3.12/site-packages/oslo_config/cfg.py:3006}}
Mar 30 12:21:37.674074 np0000161222 nova-conductor[109583]: DEBUG cotyledon.oslo_config_glue [-] profiler.trace_requests = False {{(pid=109583) log_opt_values /opt/stack/data/venv/lib/python3.12/site-packages/oslo_config/cfg.py:3006}}
Mar 30 12:21:37.674074 np0000161222 nova-conductor[109583]: DEBUG cotyledon.oslo_config_glue [-] profiler.trace_sqlalchemy = False {{(pid=109583) log_opt_values /opt/stack/data/venv/lib/python3.12/site-packages/oslo_config/cfg.py:3006}}
Mar 30 12:21:37.674074 np0000161222 nova-conductor[109583]: DEBUG cotyledon.oslo_config_glue [-] profiler_jaeger.process_tags = {} {{(pid=109583) log_opt_values /opt/stack/data/venv/lib/python3.12/site-packages/oslo_config/cfg.py:3006}}
Mar 30 12:21:37.674359 np0000161222 nova-conductor[109583]: DEBUG cotyledon.oslo_config_glue [-] profiler_jaeger.service_name_prefix = None {{(pid=109583) log_opt_values /opt/stack/data/venv/lib/python3.12/site-packages/oslo_config/cfg.py:3006}}
Mar 30 12:21:37.674359 np0000161222 nova-conductor[109583]: DEBUG cotyledon.oslo_config_glue [-] profiler_otlp.service_name_prefix = None {{(pid=109583) log_opt_values /opt/stack/data/venv/lib/python3.12/site-packages/oslo_config/cfg.py:3006}}
Mar 30 12:21:37.674359 np0000161222 nova-conductor[109583]: DEBUG cotyledon.oslo_config_glue [-] oslo_messaging_rabbit.amqp_auto_delete = False {{(pid=109583) log_opt_values /opt/stack/data/venv/lib/python3.12/site-packages/oslo_config/cfg.py:3006}}
Mar 30 12:21:37.674359 np0000161222 nova-conductor[109583]: DEBUG cotyledon.oslo_config_glue [-] oslo_messaging_rabbit.amqp_durable_queues = False {{(pid=109583) log_opt_values /opt/stack/data/venv/lib/python3.12/site-packages/oslo_config/cfg.py:3006}}
Mar 30 12:21:37.674359 np0000161222 nova-conductor[109583]: DEBUG cotyledon.oslo_config_glue [-] oslo_messaging_rabbit.conn_pool_min_size = 2 {{(pid=109583) log_opt_values /opt/stack/data/venv/lib/python3.12/site-packages/oslo_config/cfg.py:3006}}
Mar 30 12:21:37.674359 np0000161222 nova-conductor[109583]: DEBUG cotyledon.oslo_config_glue [-] oslo_messaging_rabbit.conn_pool_ttl = 1200 {{(pid=109583) log_opt_values /opt/stack/data/venv/lib/python3.12/site-packages/oslo_config/cfg.py:3006}}
Mar 30 12:21:37.674359 np0000161222 nova-conductor[109583]: DEBUG cotyledon.oslo_config_glue [-] oslo_messaging_rabbit.direct_mandatory_flag = True {{(pid=109583) log_opt_values /opt/stack/data/venv/lib/python3.12/site-packages/oslo_config/cfg.py:3006}}
Mar 30 12:21:37.674359 np0000161222 nova-conductor[109583]: DEBUG cotyledon.oslo_config_glue [-] oslo_messaging_rabbit.enable_cancel_on_failover = False {{(pid=109583) log_opt_values /opt/stack/data/venv/lib/python3.12/site-packages/oslo_config/cfg.py:3006}}
Mar 30 12:21:37.674359 np0000161222 nova-conductor[109583]: DEBUG cotyledon.oslo_config_glue [-] oslo_messaging_rabbit.heartbeat_in_pthread = False {{(pid=109583) log_opt_values /opt/stack/data/venv/lib/python3.12/site-packages/oslo_config/cfg.py:3006}}
Mar 30 12:21:37.674614 np0000161222 nova-conductor[109583]: DEBUG cotyledon.oslo_config_glue [-] oslo_messaging_rabbit.heartbeat_rate = 3 {{(pid=109583) log_opt_values /opt/stack/data/venv/lib/python3.12/site-packages/oslo_config/cfg.py:3006}}
Mar 30 12:21:37.674614 np0000161222 nova-conductor[109583]: DEBUG cotyledon.oslo_config_glue [-] oslo_messaging_rabbit.heartbeat_timeout_threshold = 60 {{(pid=109583) log_opt_values /opt/stack/data/venv/lib/python3.12/site-packages/oslo_config/cfg.py:3006}}
Mar 30 12:21:37.674614 np0000161222 nova-conductor[109583]: DEBUG cotyledon.oslo_config_glue [-] oslo_messaging_rabbit.hostname = np0000161222 {{(pid=109583) log_opt_values /opt/stack/data/venv/lib/python3.12/site-packages/oslo_config/cfg.py:3006}}
Mar 30 12:21:37.674614 np0000161222 nova-conductor[109583]: DEBUG cotyledon.oslo_config_glue [-] oslo_messaging_rabbit.kombu_compression = None {{(pid=109583) log_opt_values /opt/stack/data/venv/lib/python3.12/site-packages/oslo_config/cfg.py:3006}}
Mar 30 12:21:37.674614 np0000161222 nova-conductor[109583]: DEBUG cotyledon.oslo_config_glue [-] oslo_messaging_rabbit.kombu_failover_strategy = round-robin {{(pid=109583) log_opt_values /opt/stack/data/venv/lib/python3.12/site-packages/oslo_config/cfg.py:3006}}
Mar 30 12:21:37.674614 np0000161222 nova-conductor[109583]: DEBUG cotyledon.oslo_config_glue [-] oslo_messaging_rabbit.kombu_missing_consumer_retry_timeout = 60 {{(pid=109583) log_opt_values /opt/stack/data/venv/lib/python3.12/site-packages/oslo_config/cfg.py:3006}}
Mar 30 12:21:37.674614 np0000161222 nova-conductor[109583]: DEBUG cotyledon.oslo_config_glue [-] oslo_messaging_rabbit.kombu_reconnect_delay = 1.0 {{(pid=109583) log_opt_values /opt/stack/data/venv/lib/python3.12/site-packages/oslo_config/cfg.py:3006}}
Mar 30 12:21:37.674614 np0000161222 nova-conductor[109583]: DEBUG cotyledon.oslo_config_glue [-] oslo_messaging_rabbit.kombu_reconnect_splay = 0.0 {{(pid=109583) log_opt_values /opt/stack/data/venv/lib/python3.12/site-packages/oslo_config/cfg.py:3006}}
Mar 30 12:21:37.674947 np0000161222 nova-conductor[109583]: DEBUG cotyledon.oslo_config_glue [-] oslo_messaging_rabbit.processname = nova-conductor {{(pid=109583) log_opt_values /opt/stack/data/venv/lib/python3.12/site-packages/oslo_config/cfg.py:3006}}
Mar 30 12:21:37.674947 np0000161222 nova-conductor[109583]: DEBUG cotyledon.oslo_config_glue [-] oslo_messaging_rabbit.rabbit_ha_queues = False {{(pid=109583) log_opt_values /opt/stack/data/venv/lib/python3.12/site-packages/oslo_config/cfg.py:3006}}
Mar 30 12:21:37.674947 np0000161222 nova-conductor[109583]: DEBUG cotyledon.oslo_config_glue [-] oslo_messaging_rabbit.rabbit_interval_max = 30 {{(pid=109583) log_opt_values /opt/stack/data/venv/lib/python3.12/site-packages/oslo_config/cfg.py:3006}}
Mar 30 12:21:37.674947 np0000161222 nova-conductor[109583]: DEBUG cotyledon.oslo_config_glue [-] oslo_messaging_rabbit.rabbit_login_method = AMQPLAIN {{(pid=109583) log_opt_values /opt/stack/data/venv/lib/python3.12/site-packages/oslo_config/cfg.py:3006}}
Mar 30 12:21:37.674947 np0000161222 nova-conductor[109583]: DEBUG cotyledon.oslo_config_glue [-] oslo_messaging_rabbit.rabbit_qos_prefetch_count = 0 {{(pid=109583) log_opt_values /opt/stack/data/venv/lib/python3.12/site-packages/oslo_config/cfg.py:3006}}
Mar 30 12:21:37.674947 np0000161222 nova-conductor[109583]: DEBUG cotyledon.oslo_config_glue [-] oslo_messaging_rabbit.rabbit_quorum_delivery_limit = 0 {{(pid=109583) log_opt_values /opt/stack/data/venv/lib/python3.12/site-packages/oslo_config/cfg.py:3006}}
Mar 30 12:21:37.674947 np0000161222 nova-conductor[109583]: DEBUG cotyledon.oslo_config_glue [-] oslo_messaging_rabbit.rabbit_quorum_max_memory_bytes = 0 {{(pid=109583) log_opt_values /opt/stack/data/venv/lib/python3.12/site-packages/oslo_config/cfg.py:3006}}
Mar 30 12:21:37.674947 np0000161222 nova-conductor[109583]: DEBUG cotyledon.oslo_config_glue [-] oslo_messaging_rabbit.rabbit_quorum_max_memory_length = 0 {{(pid=109583) log_opt_values /opt/stack/data/venv/lib/python3.12/site-packages/oslo_config/cfg.py:3006}}
Mar 30 12:21:37.675221 np0000161222 nova-conductor[109583]: DEBUG cotyledon.oslo_config_glue [-] oslo_messaging_rabbit.rabbit_quorum_queue = False {{(pid=109583) log_opt_values /opt/stack/data/venv/lib/python3.12/site-packages/oslo_config/cfg.py:3006}}
Mar 30 12:21:37.675221 np0000161222 nova-conductor[109583]: DEBUG cotyledon.oslo_config_glue [-] oslo_messaging_rabbit.rabbit_retry_backoff = 2 {{(pid=109583) log_opt_values /opt/stack/data/venv/lib/python3.12/site-packages/oslo_config/cfg.py:3006}}
Mar 30 12:21:37.675221 np0000161222 nova-conductor[109583]: DEBUG cotyledon.oslo_config_glue [-] oslo_messaging_rabbit.rabbit_retry_interval = 1 {{(pid=109583) log_opt_values /opt/stack/data/venv/lib/python3.12/site-packages/oslo_config/cfg.py:3006}}
Mar 30 12:21:37.675221 np0000161222 nova-conductor[109583]: DEBUG cotyledon.oslo_config_glue [-] oslo_messaging_rabbit.rabbit_stream_fanout = False {{(pid=109583) log_opt_values /opt/stack/data/venv/lib/python3.12/site-packages/oslo_config/cfg.py:3006}}
Mar 30 12:21:37.675221 np0000161222 nova-conductor[109583]: DEBUG cotyledon.oslo_config_glue [-] oslo_messaging_rabbit.rabbit_transient_queues_ttl = 1800 {{(pid=109583) log_opt_values /opt/stack/data/venv/lib/python3.12/site-packages/oslo_config/cfg.py:3006}}
Mar 30 12:21:37.675221 np0000161222 nova-conductor[109583]: DEBUG cotyledon.oslo_config_glue [-] oslo_messaging_rabbit.rabbit_transient_quorum_queue = False {{(pid=109583) log_opt_values /opt/stack/data/venv/lib/python3.12/site-packages/oslo_config/cfg.py:3006}}
Mar 30 12:21:37.675221 np0000161222 nova-conductor[109583]: DEBUG cotyledon.oslo_config_glue [-] oslo_messaging_rabbit.rpc_conn_pool_size = 30 {{(pid=109583) log_opt_values /opt/stack/data/venv/lib/python3.12/site-packages/oslo_config/cfg.py:3006}}
Mar 30 12:21:37.675221 np0000161222 nova-conductor[109583]: DEBUG cotyledon.oslo_config_glue [-] oslo_messaging_rabbit.ssl = False {{(pid=109583) log_opt_values /opt/stack/data/venv/lib/python3.12/site-packages/oslo_config/cfg.py:3006}}
Mar 30 12:21:37.675221 np0000161222 nova-conductor[109583]: DEBUG cotyledon.oslo_config_glue [-] oslo_messaging_rabbit.ssl_ca_file = {{(pid=109583) log_opt_values /opt/stack/data/venv/lib/python3.12/site-packages/oslo_config/cfg.py:3006}}
Mar 30 12:21:37.675658 np0000161222 nova-conductor[109583]: DEBUG cotyledon.oslo_config_glue [-] oslo_messaging_rabbit.ssl_cert_file = {{(pid=109583) log_opt_values /opt/stack/data/venv/lib/python3.12/site-packages/oslo_config/cfg.py:3006}}
Mar 30 12:21:37.675658 np0000161222 nova-conductor[109583]: DEBUG cotyledon.oslo_config_glue [-] oslo_messaging_rabbit.ssl_enforce_fips_mode = False {{(pid=109583) log_opt_values /opt/stack/data/venv/lib/python3.12/site-packages/oslo_config/cfg.py:3006}}
Mar 30 12:21:37.675658 np0000161222 nova-conductor[109583]: DEBUG cotyledon.oslo_config_glue [-] oslo_messaging_rabbit.ssl_key_file = {{(pid=109583) log_opt_values /opt/stack/data/venv/lib/python3.12/site-packages/oslo_config/cfg.py:3006}}
Mar 30 12:21:37.675658 np0000161222 nova-conductor[109583]: DEBUG cotyledon.oslo_config_glue [-] oslo_messaging_rabbit.ssl_version = {{(pid=109583) log_opt_values /opt/stack/data/venv/lib/python3.12/site-packages/oslo_config/cfg.py:3006}}
Mar 30 12:21:37.675658 np0000161222 nova-conductor[109583]: DEBUG cotyledon.oslo_config_glue [-] oslo_messaging_rabbit.use_queue_manager = False {{(pid=109583) log_opt_values /opt/stack/data/venv/lib/python3.12/site-packages/oslo_config/cfg.py:3006}}
Mar 30 12:21:37.675658 np0000161222 nova-conductor[109583]: DEBUG cotyledon.oslo_config_glue [-] oslo_messaging_notifications.driver = ['messagingv2'] {{(pid=109583) log_opt_values /opt/stack/data/venv/lib/python3.12/site-packages/oslo_config/cfg.py:3006}}
Mar 30 12:21:37.675658 np0000161222 nova-conductor[109583]: DEBUG cotyledon.oslo_config_glue [-] oslo_messaging_notifications.retry = -1 {{(pid=109583) log_opt_values /opt/stack/data/venv/lib/python3.12/site-packages/oslo_config/cfg.py:3006}}
Mar 30 12:21:37.675658 np0000161222 nova-conductor[109583]: DEBUG cotyledon.oslo_config_glue [-] oslo_messaging_notifications.topics = ['notifications'] {{(pid=109583) log_opt_values /opt/stack/data/venv/lib/python3.12/site-packages/oslo_config/cfg.py:3006}}
Mar 30 12:21:37.675658 np0000161222 nova-conductor[109583]: DEBUG cotyledon.oslo_config_glue [-] oslo_messaging_notifications.transport_url = **** {{(pid=109583) log_opt_values /opt/stack/data/venv/lib/python3.12/site-packages/oslo_config/cfg.py:3006}}
Mar 30 12:21:37.675910 np0000161222 nova-conductor[109583]: DEBUG cotyledon.oslo_config_glue [-] oslo_limit.auth_section = None {{(pid=109583) log_opt_values /opt/stack/data/venv/lib/python3.12/site-packages/oslo_config/cfg.py:3006}}
Mar 30 12:21:37.675910 np0000161222 nova-conductor[109583]: DEBUG cotyledon.oslo_config_glue [-] oslo_limit.auth_type = None {{(pid=109583) log_opt_values /opt/stack/data/venv/lib/python3.12/site-packages/oslo_config/cfg.py:3006}}
Mar 30 12:21:37.675910 np0000161222 nova-conductor[109583]: DEBUG cotyledon.oslo_config_glue [-] oslo_limit.cafile = None {{(pid=109583) log_opt_values /opt/stack/data/venv/lib/python3.12/site-packages/oslo_config/cfg.py:3006}}
Mar 30 12:21:37.675910 np0000161222 nova-conductor[109583]: DEBUG cotyledon.oslo_config_glue [-] oslo_limit.certfile = None {{(pid=109583) log_opt_values /opt/stack/data/venv/lib/python3.12/site-packages/oslo_config/cfg.py:3006}}
Mar 30 12:21:37.675910 np0000161222 nova-conductor[109583]: DEBUG cotyledon.oslo_config_glue [-] oslo_limit.collect_timing = False {{(pid=109583) log_opt_values /opt/stack/data/venv/lib/python3.12/site-packages/oslo_config/cfg.py:3006}}
Mar 30 12:21:37.675910 np0000161222 nova-conductor[109583]: DEBUG cotyledon.oslo_config_glue [-] oslo_limit.connect_retries = None {{(pid=109583) log_opt_values /opt/stack/data/venv/lib/python3.12/site-packages/oslo_config/cfg.py:3006}}
Mar 30 12:21:37.675910 np0000161222 nova-conductor[109583]: DEBUG cotyledon.oslo_config_glue [-] oslo_limit.connect_retry_delay = None {{(pid=109583) log_opt_values /opt/stack/data/venv/lib/python3.12/site-packages/oslo_config/cfg.py:3006}}
Mar 30 12:21:37.675910 np0000161222 nova-conductor[109583]: DEBUG cotyledon.oslo_config_glue [-] oslo_limit.endpoint_id = None {{(pid=109583) log_opt_values /opt/stack/data/venv/lib/python3.12/site-packages/oslo_config/cfg.py:3006}}
Mar 30 12:21:37.675910 np0000161222 nova-conductor[109583]: DEBUG cotyledon.oslo_config_glue [-] oslo_limit.endpoint_interface = public {{(pid=109583) log_opt_values /opt/stack/data/venv/lib/python3.12/site-packages/oslo_config/cfg.py:3006}}
Mar 30 12:21:37.676325 np0000161222 nova-conductor[109583]: DEBUG cotyledon.oslo_config_glue [-] oslo_limit.endpoint_override = None {{(pid=109583) log_opt_values /opt/stack/data/venv/lib/python3.12/site-packages/oslo_config/cfg.py:3006}}
Mar 30 12:21:37.676325 np0000161222 nova-conductor[109583]: DEBUG cotyledon.oslo_config_glue [-] oslo_limit.endpoint_region_name = None {{(pid=109583) log_opt_values /opt/stack/data/venv/lib/python3.12/site-packages/oslo_config/cfg.py:3006}}
Mar 30 12:21:37.676325 np0000161222 nova-conductor[109583]: DEBUG cotyledon.oslo_config_glue [-] oslo_limit.endpoint_service_name = None {{(pid=109583) log_opt_values /opt/stack/data/venv/lib/python3.12/site-packages/oslo_config/cfg.py:3006}}
Mar 30 12:21:37.676325 np0000161222 nova-conductor[109583]: DEBUG cotyledon.oslo_config_glue [-] oslo_limit.endpoint_service_type = None {{(pid=109583) log_opt_values /opt/stack/data/venv/lib/python3.12/site-packages/oslo_config/cfg.py:3006}}
Mar 30 12:21:37.676325 np0000161222 nova-conductor[109583]: DEBUG cotyledon.oslo_config_glue [-] oslo_limit.insecure = False {{(pid=109583) log_opt_values /opt/stack/data/venv/lib/python3.12/site-packages/oslo_config/cfg.py:3006}}
Mar 30 12:21:37.676325 np0000161222 nova-conductor[109583]: DEBUG cotyledon.oslo_config_glue [-] oslo_limit.keyfile = None {{(pid=109583) log_opt_values /opt/stack/data/venv/lib/python3.12/site-packages/oslo_config/cfg.py:3006}}
Mar 30 12:21:37.676325 np0000161222 nova-conductor[109583]: DEBUG cotyledon.oslo_config_glue [-] oslo_limit.max_version = None {{(pid=109583) log_opt_values /opt/stack/data/venv/lib/python3.12/site-packages/oslo_config/cfg.py:3006}}
Mar 30 12:21:37.676325 np0000161222 nova-conductor[109583]: DEBUG cotyledon.oslo_config_glue [-] oslo_limit.min_version = None {{(pid=109583) log_opt_values /opt/stack/data/venv/lib/python3.12/site-packages/oslo_config/cfg.py:3006}}
Mar 30 12:21:37.676325 np0000161222 nova-conductor[109583]: DEBUG cotyledon.oslo_config_glue [-] oslo_limit.region_name = None {{(pid=109583) log_opt_values /opt/stack/data/venv/lib/python3.12/site-packages/oslo_config/cfg.py:3006}}
Mar 30 12:21:37.676550 np0000161222 nova-conductor[109583]: DEBUG cotyledon.oslo_config_glue [-] oslo_limit.retriable_status_codes = None {{(pid=109583) log_opt_values /opt/stack/data/venv/lib/python3.12/site-packages/oslo_config/cfg.py:3006}}
Mar 30 12:21:37.676550 np0000161222 nova-conductor[109583]: DEBUG cotyledon.oslo_config_glue [-] oslo_limit.service_name = None {{(pid=109583) log_opt_values /opt/stack/data/venv/lib/python3.12/site-packages/oslo_config/cfg.py:3006}}
Mar 30 12:21:37.676550 np0000161222 nova-conductor[109583]: DEBUG cotyledon.oslo_config_glue [-] oslo_limit.service_type = None {{(pid=109583) log_opt_values /opt/stack/data/venv/lib/python3.12/site-packages/oslo_config/cfg.py:3006}}
Mar 30 12:21:37.676550 np0000161222 nova-conductor[109583]: DEBUG cotyledon.oslo_config_glue [-] oslo_limit.split_loggers = False {{(pid=109583) log_opt_values /opt/stack/data/venv/lib/python3.12/site-packages/oslo_config/cfg.py:3006}}
Mar 30 12:21:37.676550 np0000161222 nova-conductor[109583]: DEBUG cotyledon.oslo_config_glue [-] oslo_limit.status_code_retries = None {{(pid=109583) log_opt_values /opt/stack/data/venv/lib/python3.12/site-packages/oslo_config/cfg.py:3006}}
Mar 30 12:21:37.676550 np0000161222 nova-conductor[109583]: DEBUG cotyledon.oslo_config_glue [-] oslo_limit.status_code_retry_delay = None {{(pid=109583) log_opt_values /opt/stack/data/venv/lib/python3.12/site-packages/oslo_config/cfg.py:3006}}
Mar 30 12:21:37.676550 np0000161222 nova-conductor[109583]: DEBUG cotyledon.oslo_config_glue [-] oslo_limit.timeout = None {{(pid=109583) log_opt_values /opt/stack/data/venv/lib/python3.12/site-packages/oslo_config/cfg.py:3006}}
Mar 30 12:21:37.676550 np0000161222 nova-conductor[109583]: DEBUG cotyledon.oslo_config_glue [-] oslo_limit.valid_interfaces = None {{(pid=109583) log_opt_values /opt/stack/data/venv/lib/python3.12/site-packages/oslo_config/cfg.py:3006}}
Mar 30 12:21:37.676550 np0000161222 nova-conductor[109583]: DEBUG cotyledon.oslo_config_glue [-] oslo_limit.version = None {{(pid=109583) log_opt_values /opt/stack/data/venv/lib/python3.12/site-packages/oslo_config/cfg.py:3006}}
Mar 30 12:21:37.676813 np0000161222 nova-conductor[109583]: DEBUG cotyledon.oslo_config_glue [-] oslo_reports.file_event_handler = None {{(pid=109583) log_opt_values /opt/stack/data/venv/lib/python3.12/site-packages/oslo_config/cfg.py:3006}}
Mar 30 12:21:37.676813 np0000161222 nova-conductor[109583]: DEBUG cotyledon.oslo_config_glue [-] oslo_reports.file_event_handler_interval = 1 {{(pid=109583) log_opt_values /opt/stack/data/venv/lib/python3.12/site-packages/oslo_config/cfg.py:3006}}
Mar 30 12:21:37.676813 np0000161222 nova-conductor[109583]: DEBUG cotyledon.oslo_config_glue [-] oslo_reports.log_dir = None {{(pid=109583) log_opt_values /opt/stack/data/venv/lib/python3.12/site-packages/oslo_config/cfg.py:3006}}
Mar 30 12:21:37.676813 np0000161222 nova-conductor[109583]: DEBUG cotyledon.oslo_config_glue [-] ******************************************************************************** {{(pid=109583) log_opt_values /opt/stack/data/venv/lib/python3.12/site-packages/oslo_config/cfg.py:3013}}
Mar 30 12:21:37.676813 np0000161222 nova-conductor[109583]: DEBUG cotyledon._service_worker [-] Run service ServiceWrapper(3) [109583] {{(pid=109583) wait_forever /opt/stack/data/venv/lib/python3.12/site-packages/cotyledon/_service_worker.py:218}}
Mar 30 12:21:37.676813 np0000161222 nova-conductor[109583]: INFO nova.service [-] Starting conductor node (version 33.1.0)
Mar 30 12:21:37.677072 np0000161222 nova-conductor[109575]: DEBUG oslo_db.sqlalchemy.engines [None req-fb520a80-b64b-4221-9839-bc7b53a2445c None None] MySQL server mode set to STRICT_TRANS_TABLES,STRICT_ALL_TABLES,NO_ZERO_IN_DATE,NO_ZERO_DATE,ERROR_FOR_DIVISION_BY_ZERO,TRADITIONAL,NO_ENGINE_SUBSTITUTION {{(pid=109575) _check_effective_sql_mode /opt/stack/data/venv/lib/python3.12/site-packages/oslo_db/sqlalchemy/engines.py:325}}
Mar 30 12:21:37.677107 np0000161222 nova-conductor[109583]: INFO dbcounter [None req-2da6eefe-96b9-4c0f-935a-d7be5ac574bc None None] Registered counter for database nova_cell0
Mar 30 12:21:37.677158 np0000161222 nova-conductor[109557]: DEBUG nova.service [None req-b002ec00-8f7a-4767-ab15-d01a1ff08ec1 None None] Creating RPC server for service: nova-conductor on topic: conductor {{(pid=109557) start /opt/stack/nova/nova/service.py:195}}
Mar 30 12:21:37.677189 np0000161222 nova-conductor[109583]: DEBUG oslo_db.sqlalchemy.engines [None req-2da6eefe-96b9-4c0f-935a-d7be5ac574bc None None] MySQL server mode set to STRICT_TRANS_TABLES,STRICT_ALL_TABLES,NO_ZERO_IN_DATE,NO_ZERO_DATE,ERROR_FOR_DIVISION_BY_ZERO,TRADITIONAL,NO_ENGINE_SUBSTITUTION {{(pid=109583) _check_effective_sql_mode /opt/stack/data/venv/lib/python3.12/site-packages/oslo_db/sqlalchemy/engines.py:325}}
Mar 30 12:21:37.677228 np0000161222 nova-conductor[109575]: DEBUG dbcounter [-] [109575] Writer thread running {{(pid=109575) stat_writer /opt/stack/data/venv/lib/python3.12/site-packages/dbcounter.py:102}}
Mar 30 12:21:37.677228 np0000161222 nova-conductor[109575]: DEBUG nova.service [None req-fb520a80-b64b-4221-9839-bc7b53a2445c None None] Creating RPC server for service: nova-conductor on topic: conductor {{(pid=109575) start /opt/stack/nova/nova/service.py:195}}
Mar 30 12:21:37.677286 np0000161222 nova-conductor[109565]: DEBUG nova.service [None req-961fa8c4-a74e-4333-8cca-763d60faa9ea None None] Creating RPC server for service: nova-conductor on topic: conductor {{(pid=109565) start /opt/stack/nova/nova/service.py:195}}
Mar 30 12:21:37.677315 np0000161222 nova-conductor[109583]: DEBUG dbcounter [-] [109583] Writer thread running {{(pid=109583) stat_writer /opt/stack/data/venv/lib/python3.12/site-packages/dbcounter.py:102}}
Mar 30 12:21:37.677315 np0000161222 nova-conductor[109583]: DEBUG nova.service [None req-2da6eefe-96b9-4c0f-935a-d7be5ac574bc None None] Creating RPC server for service: nova-conductor on topic: conductor {{(pid=109583) start /opt/stack/nova/nova/service.py:195}}
Mar 30 12:21:37.690687 np0000161222 nova-conductor[109575]: DEBUG nova.service [None req-fb520a80-b64b-4221-9839-bc7b53a2445c None None] Join ServiceGroup membership for this service conductor {{(pid=109575) start /opt/stack/nova/nova/service.py:221}}
Mar 30 12:21:37.691011 np0000161222 nova-conductor[109575]: DEBUG nova.servicegroup.drivers.db [None req-fb520a80-b64b-4221-9839-bc7b53a2445c None None] DB_Driver: join new ServiceGroup member np0000161222 to the conductor group, service = {{(pid=109575) join /opt/stack/nova/nova/servicegroup/drivers/db.py:44}}
Mar 30 12:21:37.692311 np0000161222 nova-conductor[109557]: DEBUG nova.service [None req-b002ec00-8f7a-4767-ab15-d01a1ff08ec1 None None] Join ServiceGroup membership for this service conductor {{(pid=109557) start /opt/stack/nova/nova/service.py:221}}
Mar 30 12:21:37.692621 np0000161222 nova-conductor[109557]: DEBUG nova.servicegroup.drivers.db [None req-b002ec00-8f7a-4767-ab15-d01a1ff08ec1 None None] DB_Driver: join new ServiceGroup member np0000161222 to the conductor group, service = {{(pid=109557) join /opt/stack/nova/nova/servicegroup/drivers/db.py:44}}
Mar 30 12:21:37.692910 np0000161222 nova-conductor[109565]: DEBUG nova.service [None req-961fa8c4-a74e-4333-8cca-763d60faa9ea None None] Join ServiceGroup membership for this service conductor {{(pid=109565) start /opt/stack/nova/nova/service.py:221}}
Mar 30 12:21:37.692971 np0000161222 nova-conductor[109583]: DEBUG nova.service [None req-2da6eefe-96b9-4c0f-935a-d7be5ac574bc None None] Join ServiceGroup membership for this service conductor {{(pid=109583) start /opt/stack/nova/nova/service.py:221}}
Mar 30 12:21:37.693183 np0000161222 nova-conductor[109583]: DEBUG nova.servicegroup.drivers.db [None req-2da6eefe-96b9-4c0f-935a-d7be5ac574bc None None] DB_Driver: join new ServiceGroup member np0000161222 to the conductor group, service = {{(pid=109583) join /opt/stack/nova/nova/servicegroup/drivers/db.py:44}}
Mar 30 12:21:37.693229 np0000161222 nova-conductor[109565]: DEBUG nova.servicegroup.drivers.db [None req-961fa8c4-a74e-4333-8cca-763d60faa9ea None None] DB_Driver: join new ServiceGroup member np0000161222 to the conductor group, service = {{(pid=109565) join /opt/stack/nova/nova/servicegroup/drivers/db.py:44}}
Mar 30 12:21:42.697545 np0000161222 nova-conductor[109565]: DEBUG oslo.service.backend._threading.loopingcall [None req-6d73fe55-6ecd-4fac-a9f2-41de32194be6 None None] Dynamic interval looping call 'nova.service.Service.periodic_tasks' sleeping for 60.00 seconds {{(pid=109565) _run_loop /opt/stack/data/venv/lib/python3.12/site-packages/oslo_service/backend/_threading/loopingcall.py:125}}
Mar 30 12:21:42.714753 np0000161222 nova-conductor[109575]: DEBUG oslo.service.backend._threading.loopingcall [-] Fixed interval looping call 'nova.servicegroup.drivers.db.DbDriver._report_state' sleeping for 119.98 seconds {{(pid=109575) _run_loop /opt/stack/data/venv/lib/python3.12/site-packages/oslo_service/backend/_threading/loopingcall.py:125}}
Mar 30 12:21:42.715300 np0000161222 nova-conductor[109565]: DEBUG oslo.service.backend._threading.loopingcall [-] Fixed interval looping call 'nova.servicegroup.drivers.db.DbDriver._report_state' sleeping for 119.98 seconds {{(pid=109565) _run_loop /opt/stack/data/venv/lib/python3.12/site-packages/oslo_service/backend/_threading/loopingcall.py:125}}
Mar 30 12:21:42.715640 np0000161222 nova-conductor[109557]: DEBUG oslo.service.backend._threading.loopingcall [-] Fixed interval looping call 'nova.servicegroup.drivers.db.DbDriver._report_state' sleeping for 119.98 seconds {{(pid=109557) _run_loop /opt/stack/data/venv/lib/python3.12/site-packages/oslo_service/backend/_threading/loopingcall.py:125}}
Mar 30 12:21:42.717279 np0000161222 nova-conductor[109583]: DEBUG oslo.service.backend._threading.loopingcall [-] Fixed interval looping call 'nova.servicegroup.drivers.db.DbDriver._report_state' sleeping for 119.98 seconds {{(pid=109583) _run_loop /opt/stack/data/venv/lib/python3.12/site-packages/oslo_service/backend/_threading/loopingcall.py:125}}
Mar 30 12:21:46.289167 np0000161222 nova-conductor[108843]: DEBUG dbcounter [-] [108843] Writing DB stats nova_api:SELECT=1 {{(pid=108843) stat_writer /opt/stack/data/venv/lib/python3.12/site-packages/dbcounter.py:115}}
Mar 30 12:21:46.391629 np0000161222 nova-conductor[108843]: DEBUG dbcounter [-] [108843] Writing DB stats nova_cell0:SELECT=1 {{(pid=108843) stat_writer /opt/stack/data/venv/lib/python3.12/site-packages/dbcounter.py:115}}
Mar 30 12:21:46.398234 np0000161222 nova-conductor[108843]: DEBUG dbcounter [-] [108843] Writing DB stats nova_cell1:SELECT=1 {{(pid=108843) stat_writer /opt/stack/data/venv/lib/python3.12/site-packages/dbcounter.py:115}}
Mar 30 12:21:51.695781 np0000161222 nova-conductor[109575]: DEBUG oslo.service.backend._threading.loopingcall [None req-2f3468d4-5eb2-474d-a5c9-5c6f7232865b None None] Dynamic interval looping call 'nova.service.Service.periodic_tasks' sleeping for 60.00 seconds {{(pid=109575) _run_loop /opt/stack/data/venv/lib/python3.12/site-packages/oslo_service/backend/_threading/loopingcall.py:125}}
Mar 30 12:21:51.696198 np0000161222 nova-conductor[109557]: DEBUG oslo.service.backend._threading.loopingcall [None req-a7a28cae-350a-4ffb-a1bd-290ab9b37df1 None None] Dynamic interval looping call 'nova.service.Service.periodic_tasks' sleeping for 60.00 seconds {{(pid=109557) _run_loop /opt/stack/data/venv/lib/python3.12/site-packages/oslo_service/backend/_threading/loopingcall.py:125}}
Mar 30 12:21:52.707679 np0000161222 nova-conductor[109575]: DEBUG dbcounter [-] [109575] Writing DB stats nova_cell0:SELECT=3,nova_cell0:UPDATE=1 {{(pid=109575) stat_writer /opt/stack/data/venv/lib/python3.12/site-packages/dbcounter.py:115}}
Mar 30 12:21:52.708989 np0000161222 nova-conductor[109565]: DEBUG dbcounter [-] [109565] Writing DB stats nova_cell0:SELECT=5,nova_cell0:INSERT=1,nova_cell0:UPDATE=1 {{(pid=109565) stat_writer /opt/stack/data/venv/lib/python3.12/site-packages/dbcounter.py:115}}
Mar 30 12:21:52.709491 np0000161222 nova-conductor[109557]: DEBUG dbcounter [-] [109557] Writing DB stats nova_cell0:SELECT=4,nova_cell0:INSERT=1,nova_cell0:UPDATE=1 {{(pid=109557) stat_writer /opt/stack/data/venv/lib/python3.12/site-packages/dbcounter.py:115}}
Mar 30 12:21:52.711041 np0000161222 nova-conductor[109583]: DEBUG dbcounter [-] [109583] Writing DB stats nova_cell0:SELECT=3,nova_cell0:UPDATE=1 {{(pid=109583) stat_writer /opt/stack/data/venv/lib/python3.12/site-packages/dbcounter.py:115}}
Mar 30 12:21:56.697278 np0000161222 nova-conductor[109583]: DEBUG oslo.service.backend._threading.loopingcall [None req-6508479d-3eb9-475e-98cc-ed51a3de1052 None None] Dynamic interval looping call 'nova.service.Service.periodic_tasks' sleeping for 60.00 seconds {{(pid=109583) _run_loop /opt/stack/data/venv/lib/python3.12/site-packages/oslo_service/backend/_threading/loopingcall.py:125}}
Mar 30 12:22:42.698373 np0000161222 nova-conductor[109565]: DEBUG oslo.service.backend._threading.loopingcall [None req-6d73fe55-6ecd-4fac-a9f2-41de32194be6 None None] Dynamic interval looping call 'nova.service.Service.periodic_tasks' sleeping for 60.00 seconds {{(pid=109565) _run_loop /opt/stack/data/venv/lib/python3.12/site-packages/oslo_service/backend/_threading/loopingcall.py:125}}
Mar 30 12:22:51.696962 np0000161222 nova-conductor[109575]: DEBUG oslo.service.backend._threading.loopingcall [None req-2f3468d4-5eb2-474d-a5c9-5c6f7232865b None None] Dynamic interval looping call 'nova.service.Service.periodic_tasks' sleeping for 60.00 seconds {{(pid=109575) _run_loop /opt/stack/data/venv/lib/python3.12/site-packages/oslo_service/backend/_threading/loopingcall.py:125}}
Mar 30 12:22:51.697547 np0000161222 nova-conductor[109557]: DEBUG oslo.service.backend._threading.loopingcall [None req-a7a28cae-350a-4ffb-a1bd-290ab9b37df1 None None] Dynamic interval looping call 'nova.service.Service.periodic_tasks' sleeping for 60.00 seconds {{(pid=109557) _run_loop /opt/stack/data/venv/lib/python3.12/site-packages/oslo_service/backend/_threading/loopingcall.py:125}}
Mar 30 12:22:56.698074 np0000161222 nova-conductor[109583]: DEBUG oslo.service.backend._threading.loopingcall [None req-6508479d-3eb9-475e-98cc-ed51a3de1052 None None] Dynamic interval looping call 'nova.service.Service.periodic_tasks' sleeping for 60.00 seconds {{(pid=109583) _run_loop /opt/stack/data/venv/lib/python3.12/site-packages/oslo_service/backend/_threading/loopingcall.py:125}}
Mar 30 12:23:42.699525 np0000161222 nova-conductor[109565]: DEBUG oslo.service.backend._threading.loopingcall [None req-6d73fe55-6ecd-4fac-a9f2-41de32194be6 None None] Dynamic interval looping call 'nova.service.Service.periodic_tasks' sleeping for 60.00 seconds {{(pid=109565) _run_loop /opt/stack/data/venv/lib/python3.12/site-packages/oslo_service/backend/_threading/loopingcall.py:125}}
Mar 30 12:23:42.707865 np0000161222 nova-conductor[109575]: DEBUG oslo.service.backend._threading.loopingcall [-] Fixed interval looping call 'nova.servicegroup.drivers.db.DbDriver._report_state' sleeping for 119.99 seconds {{(pid=109575) _run_loop /opt/stack/data/venv/lib/python3.12/site-packages/oslo_service/backend/_threading/loopingcall.py:125}}
Mar 30 12:23:42.708804 np0000161222 nova-conductor[109557]: DEBUG oslo.service.backend._threading.loopingcall [-] Fixed interval looping call 'nova.servicegroup.drivers.db.DbDriver._report_state' sleeping for 119.99 seconds {{(pid=109557) _run_loop /opt/stack/data/venv/lib/python3.12/site-packages/oslo_service/backend/_threading/loopingcall.py:125}}
Mar 30 12:23:42.709985 np0000161222 nova-conductor[109565]: DEBUG oslo.service.backend._threading.loopingcall [-] Fixed interval looping call 'nova.servicegroup.drivers.db.DbDriver._report_state' sleeping for 119.99 seconds {{(pid=109565) _run_loop /opt/stack/data/venv/lib/python3.12/site-packages/oslo_service/backend/_threading/loopingcall.py:125}}
Mar 30 12:23:42.710175 np0000161222 nova-conductor[109583]: DEBUG oslo.service.backend._threading.loopingcall [-] Fixed interval looping call 'nova.servicegroup.drivers.db.DbDriver._report_state' sleeping for 119.99 seconds {{(pid=109583) _run_loop /opt/stack/data/venv/lib/python3.12/site-packages/oslo_service/backend/_threading/loopingcall.py:125}}
Mar 30 12:23:51.697761 np0000161222 nova-conductor[109575]: DEBUG oslo.service.backend._threading.loopingcall [None req-2f3468d4-5eb2-474d-a5c9-5c6f7232865b None None] Dynamic interval looping call 'nova.service.Service.periodic_tasks' sleeping for 60.00 seconds {{(pid=109575) _run_loop /opt/stack/data/venv/lib/python3.12/site-packages/oslo_service/backend/_threading/loopingcall.py:125}}
Mar 30 12:23:51.698986 np0000161222 nova-conductor[109557]: DEBUG oslo.service.backend._threading.loopingcall [None req-a7a28cae-350a-4ffb-a1bd-290ab9b37df1 None None] Dynamic interval looping call 'nova.service.Service.periodic_tasks' sleeping for 60.00 seconds {{(pid=109557) _run_loop /opt/stack/data/venv/lib/python3.12/site-packages/oslo_service/backend/_threading/loopingcall.py:125}}
Mar 30 12:23:52.701335 np0000161222 nova-conductor[109575]: DEBUG dbcounter [-] [109575] Writing DB stats nova_cell0:SELECT=1,nova_cell0:UPDATE=1 {{(pid=109575) stat_writer /opt/stack/data/venv/lib/python3.12/site-packages/dbcounter.py:115}}
Mar 30 12:23:52.702417 np0000161222 nova-conductor[109557]: DEBUG dbcounter [-] [109557] Writing DB stats nova_cell0:SELECT=1,nova_cell0:UPDATE=1 {{(pid=109557) stat_writer /opt/stack/data/venv/lib/python3.12/site-packages/dbcounter.py:115}}
Mar 30 12:23:52.703585 np0000161222 nova-conductor[109565]: DEBUG dbcounter [-] [109565] Writing DB stats nova_cell0:SELECT=1,nova_cell0:UPDATE=1 {{(pid=109565) stat_writer /opt/stack/data/venv/lib/python3.12/site-packages/dbcounter.py:115}}
Mar 30 12:23:52.703892 np0000161222 nova-conductor[109583]: DEBUG dbcounter [-] [109583] Writing DB stats nova_cell0:SELECT=1,nova_cell0:UPDATE=1 {{(pid=109583) stat_writer /opt/stack/data/venv/lib/python3.12/site-packages/dbcounter.py:115}}
Mar 30 12:23:56.699223 np0000161222 nova-conductor[109583]: DEBUG oslo.service.backend._threading.loopingcall [None req-6508479d-3eb9-475e-98cc-ed51a3de1052 None None] Dynamic interval looping call 'nova.service.Service.periodic_tasks' sleeping for 60.00 seconds {{(pid=109583) _run_loop /opt/stack/data/venv/lib/python3.12/site-packages/oslo_service/backend/_threading/loopingcall.py:125}}
Mar 30 12:24:42.702790 np0000161222 nova-conductor[109565]: DEBUG oslo.service.backend._threading.loopingcall [None req-6d73fe55-6ecd-4fac-a9f2-41de32194be6 None None] Dynamic interval looping call 'nova.service.Service.periodic_tasks' sleeping for 60.00 seconds {{(pid=109565) _run_loop /opt/stack/data/venv/lib/python3.12/site-packages/oslo_service/backend/_threading/loopingcall.py:125}}
Mar 30 12:24:51.836450 np0000161222 nova-conductor[109575]: DEBUG oslo.service.backend._threading.loopingcall [None req-2f3468d4-5eb2-474d-a5c9-5c6f7232865b None None] Dynamic interval looping call 'nova.service.Service.periodic_tasks' sleeping for 60.00 seconds {{(pid=109575) _run_loop /opt/stack/data/venv/lib/python3.12/site-packages/oslo_service/backend/_threading/loopingcall.py:125}}
Mar 30 12:24:51.837272 np0000161222 nova-conductor[109557]: DEBUG oslo.service.backend._threading.loopingcall [None req-a7a28cae-350a-4ffb-a1bd-290ab9b37df1 None None] Dynamic interval looping call 'nova.service.Service.periodic_tasks' sleeping for 60.00 seconds {{(pid=109557) _run_loop /opt/stack/data/venv/lib/python3.12/site-packages/oslo_service/backend/_threading/loopingcall.py:125}}
Mar 30 12:24:56.700312 np0000161222 nova-conductor[109583]: DEBUG oslo.service.backend._threading.loopingcall [None req-6508479d-3eb9-475e-98cc-ed51a3de1052 None None] Dynamic interval looping call 'nova.service.Service.periodic_tasks' sleeping for 60.00 seconds {{(pid=109583) _run_loop /opt/stack/data/venv/lib/python3.12/site-packages/oslo_service/backend/_threading/loopingcall.py:125}}
Mar 30 12:25:42.705123 np0000161222 nova-conductor[109565]: DEBUG oslo.service.backend._threading.loopingcall [None req-6d73fe55-6ecd-4fac-a9f2-41de32194be6 None None] Dynamic interval looping call 'nova.service.Service.periodic_tasks' sleeping for 60.00 seconds {{(pid=109565) _run_loop /opt/stack/data/venv/lib/python3.12/site-packages/oslo_service/backend/_threading/loopingcall.py:125}}
Mar 30 12:25:42.709015 np0000161222 nova-conductor[109575]: DEBUG oslo.service.backend._threading.loopingcall [-] Fixed interval looping call 'nova.servicegroup.drivers.db.DbDriver._report_state' sleeping for 119.99 seconds {{(pid=109575) _run_loop /opt/stack/data/venv/lib/python3.12/site-packages/oslo_service/backend/_threading/loopingcall.py:125}}
Mar 30 12:25:42.710353 np0000161222 nova-conductor[109583]: DEBUG oslo.service.backend._threading.loopingcall [-] Fixed interval looping call 'nova.servicegroup.drivers.db.DbDriver._report_state' sleeping for 119.99 seconds {{(pid=109583) _run_loop /opt/stack/data/venv/lib/python3.12/site-packages/oslo_service/backend/_threading/loopingcall.py:125}}
Mar 30 12:25:42.710863 np0000161222 nova-conductor[109565]: DEBUG oslo.service.backend._threading.loopingcall [-] Fixed interval looping call 'nova.servicegroup.drivers.db.DbDriver._report_state' sleeping for 119.99 seconds {{(pid=109565) _run_loop /opt/stack/data/venv/lib/python3.12/site-packages/oslo_service/backend/_threading/loopingcall.py:125}}
Mar 30 12:25:42.710934 np0000161222 nova-conductor[109557]: DEBUG oslo.service.backend._threading.loopingcall [-] Fixed interval looping call 'nova.servicegroup.drivers.db.DbDriver._report_state' sleeping for 119.99 seconds {{(pid=109557) _run_loop /opt/stack/data/venv/lib/python3.12/site-packages/oslo_service/backend/_threading/loopingcall.py:125}}
Mar 30 12:25:51.699432 np0000161222 nova-conductor[109575]: DEBUG oslo.service.backend._threading.loopingcall [None req-2f3468d4-5eb2-474d-a5c9-5c6f7232865b None None] Dynamic interval looping call 'nova.service.Service.periodic_tasks' sleeping for 60.00 seconds {{(pid=109575) _run_loop /opt/stack/data/venv/lib/python3.12/site-packages/oslo_service/backend/_threading/loopingcall.py:125}}
Mar 30 12:25:51.700162 np0000161222 nova-conductor[109557]: DEBUG oslo.service.backend._threading.loopingcall [None req-a7a28cae-350a-4ffb-a1bd-290ab9b37df1 None None] Dynamic interval looping call 'nova.service.Service.periodic_tasks' sleeping for 60.00 seconds {{(pid=109557) _run_loop /opt/stack/data/venv/lib/python3.12/site-packages/oslo_service/backend/_threading/loopingcall.py:125}}
