Aug 02 12:21:03.497674 np0000187843 devstack@neutron-api.service[101559]: DEBUG neutron.plugins.ml2.drivers.ovn.mech_driver.ovsdb.ovsdb_monitor [None req-830a7034-c273-45cc-acb6-8c36e9e2e86c None None] Hash Ring: Node b826f9f2f0035ff2919b7534c7edd549 (host: np0000187843) handling event "create" for row 613ca0d2-dd19-489d-be10-beaca72cdbb5 (table: Chassis) {{(pid=101559) notify /opt/stack/neutron/neutron/plugins/ml2/drivers/ovn/mech_driver/ovsdb/ovsdb_monitor.py:1013}}
Aug 02 12:21:03.498507 np0000187843 devstack@neutron-api.service[101559]: DEBUG ovsdbapp.backend.ovs_idl.event [None req-830a7034-c273-45cc-acb6-8c36e9e2e86c None None] Matched CREATE: ChassisBandwidthConfigEvent(events=('create', 'update'), table='Chassis', conditions=None, old_conditions=None), priority=20 to row=Chassis(uuid=613ca0d2-dd19-489d-be10-beaca72cdbb5, encaps=[8ad0a90c-1ead-4e90-9272-dedc7fe0a256], external_ids={}, hostname='np0000187843', name='6d2d0a88-a7bf-49f5-b81a-e31ab5717e35', nb_cfg=0, other_config={'ct-commit-nat-v2': 'true', 'ct-commit-to-zone': 'true', 'ct-next-zone': 'true', 'ct-no-masked-label': 'true', 'ct-state-save': 'true', 'datapath-type': 'system', 'fdb-timestamp': 'true', 'iface-types': 'afxdp,afxdp-nonpmd,bareudp,erspan,geneve,gre,gtpu,internal,ip6erspan,ip6gre,lisp,patch,srv6,stt,system,tap,vxlan', 'is-interconn': 'false', 'ls-dpg-column': 'true', 'mac-binding-timestamp': 'true', 'ovn-bridge-mappings': 'public:br-ex', 'ovn-chassis-mac-mappings': '', 'ovn-cms-options': 'enable-chassis-as-gw', 'ovn-ct-lb-related': 'true', 'ovn-enable-lflow-cache': 'true', 'ovn-limit-lflow-cache': '', 'ovn-memlimit-lflow-cache-kb': '', 'ovn-monitor-all': 'false', 'ovn-trim-limit-lflow-cache': '', 'ovn-trim-timeout-ms': '', 'ovn-trim-wmark-perc-lflow-cache': '', 'port-up-notif': 'true'}, transport_zones=[], vtep_logical_switches=[]) old= {{(pid=101559) matches /opt/stack/data/venv/lib/python3.12/site-packages/ovsdbapp/backend/ovs_idl/event.py:55}}
Aug 02 12:21:03.499289 np0000187843 devstack@neutron-api.service[101559]: DEBUG ovsdbapp.backend.ovs_idl.event [None req-830a7034-c273-45cc-acb6-8c36e9e2e86c None None] Matched CREATE: ChassisOVNAgentWriteEvent(events=('create', 'update'), table='Chassis_Private', conditions=None, old_conditions=None), priority=20 to row=Chassis_Private(uuid=49314773-0ba7-4edd-8182-01a94d267b49, chassis=613ca0d2-dd19-489d-be10-beaca72cdbb5, external_ids={'neutron:ovn-bridge': 'br-int', 'neutron:ovn-neutron-agent-id': '9c8fafef-68a0-5566-9e87-8380df34b54a', 'neutron:ovn-neutron-agent-sb-cfg': '0'}, name='6d2d0a88-a7bf-49f5-b81a-e31ab5717e35', nb_cfg=0, nb_cfg_timestamp=0) old= {{(pid=101559) matches /opt/stack/data/venv/lib/python3.12/site-packages/ovsdbapp/backend/ovs_idl/event.py:55}}
Aug 02 12:21:03.499628 np0000187843 devstack@neutron-api.service[101559]: DEBUG ovsdbapp.backend.ovs_idl.event [None req-830a7034-c273-45cc-acb6-8c36e9e2e86c None None] Matched CREATE: ChassisAgentWriteEvent(events=('create', 'update'), table='Chassis_Private', conditions=None, old_conditions=None), priority=20 to row=Chassis_Private(uuid=49314773-0ba7-4edd-8182-01a94d267b49, chassis=613ca0d2-dd19-489d-be10-beaca72cdbb5, external_ids={'neutron:ovn-bridge': 'br-int', 'neutron:ovn-neutron-agent-id': '9c8fafef-68a0-5566-9e87-8380df34b54a', 'neutron:ovn-neutron-agent-sb-cfg': '0'}, name='6d2d0a88-a7bf-49f5-b81a-e31ab5717e35', nb_cfg=0, nb_cfg_timestamp=0) old= {{(pid=101559) matches /opt/stack/data/venv/lib/python3.12/site-packages/ovsdbapp/backend/ovs_idl/event.py:55}}
Aug 02 12:21:03.499892 np0000187843 devstack@neutron-api.service[101559]: DEBUG neutron.plugins.ml2.drivers.ovn.mech_driver.ovsdb.ovsdb_monitor [None req-830a7034-c273-45cc-acb6-8c36e9e2e86c None None] Hash Ring: Node b826f9f2f0035ff2919b7534c7edd549 (host: np0000187843) handling event "create" for row 49314773-0ba7-4edd-8182-01a94d267b49 (table: Chassis_Private) {{(pid=101559) notify /opt/stack/neutron/neutron/plugins/ml2/drivers/ovn/mech_driver/ovsdb/ovsdb_monitor.py:1013}}
Aug 02 12:21:03.501122 np0000187843 devstack@neutron-api.service[101559]: INFO neutron.plugins.ml2.drivers.ovn.mech_driver.mech_driver [None req-830a7034-c273-45cc-acb6-8c36e9e2e86c None None] WorkerService process has finished the post initialization
Aug 02 12:21:03.501419 np0000187843 devstack@neutron-api.service[101559]: DEBUG oslo_concurrency.processutils [None req-830a7034-c273-45cc-acb6-8c36e9e2e86c None None] Running cmd (subprocess): ovsdb-client transact ssl:199.204.45.229:6641 --timeout 180 -p /opt/stack/data/CA/int-ca/private/devstack-cert.key -c /opt/stack/data/CA/int-ca/devstack-cert.crt -C /opt/stack/data/CA/int-ca/ca-chain.pem ["OVN_Northbound", {"op": "wait", "timeout": 0, "table": "Port_Group", "where": [["name", "==", "pvlan_pg_drop"]], "until": "==", "rows": []}, {"op": "insert", "table": "ACL", "row": {"action": "drop", "direction": "to-lport", "match": "outport == @pvlan_pg_drop && ip", "priority": 1010}, "uuid-name": "pvlandroptoport"}, {"op": "insert", "table": "ACL", "row": {"action": "drop", "direction": "from-lport", "match": "inport == @pvlan_pg_drop && ip", "priority": 1010}, "uuid-name": "pvlandropfromport"}, {"op": "insert", "table": "Port_Group", "row": {"name": "pvlan_pg_drop", "acls": ["set", [["named-uuid", "pvlandroptoport"], ["named-uuid", "pvlandropfromport"]]]}}] {{(pid=101559) execute /opt/stack/data/venv/lib/python3.12/site-packages/oslo_concurrency/processutils.py:440}}
Aug 02 12:21:03.502051 np0000187843 devstack@neutron-api.service[101559]: INFO neutron.plugins.ml2.drivers.ovn.mech_driver.ovsdb.extensions.qos [-] Starting OVNClientQosExtension
Aug 02 12:21:03.509968 np0000187843 devstack@neutron-api.service[101559]: INFO neutron.plugins.ml2.drivers.ovn.mech_driver.ovsdb.extensions.placement [-] Starting OVNClientPlacementExtension
Aug 02 12:21:03.533875 np0000187843 devstack@neutron-api.service[101560]: DEBUG oslo_concurrency.processutils [None req-8afbfb60-2615-46d2-b736-95cdf6b60256 None None] CMD "ovsdb-client transact ssl:199.204.45.229:6641 --timeout 180 -p /opt/stack/data/CA/int-ca/private/devstack-cert.key -c /opt/stack/data/CA/int-ca/devstack-cert.crt -C /opt/stack/data/CA/int-ca/ca-chain.pem ["OVN_Northbound", {"op": "wait", "timeout": 0, "table": "Port_Group", "where": [["name", "==", "pvlan_pg_drop"]], "until": "==", "rows": []}, {"op": "insert", "table": "ACL", "row": {"action": "drop", "direction": "to-lport", "match": "outport == @pvlan_pg_drop && ip", "priority": 1010}, "uuid-name": "pvlandroptoport"}, {"op": "insert", "table": "ACL", "row": {"action": "drop", "direction": "from-lport", "match": "inport == @pvlan_pg_drop && ip", "priority": 1010}, "uuid-name": "pvlandropfromport"}, {"op": "insert", "table": "Port_Group", "row": {"name": "pvlan_pg_drop", "acls": ["set", [["named-uuid", "pvlandroptoport"], ["named-uuid", "pvlandropfromport"]]]}}]" returned: 0 in 0.037s {{(pid=101560) execute /opt/stack/data/venv/lib/python3.12/site-packages/oslo_concurrency/processutils.py:468}}
Aug 02 12:21:03.535946 np0000187843 devstack@neutron-api.service[101560]: WSGI app 0 (mountpoint='') ready in 7 seconds on interpreter 0x7a18848a4668 pid: 101560 (default app)
Aug 02 12:21:03.541246 np0000187843 devstack@neutron-api.service[101559]: DEBUG oslo_concurrency.processutils [None req-830a7034-c273-45cc-acb6-8c36e9e2e86c None None] CMD "ovsdb-client transact ssl:199.204.45.229:6641 --timeout 180 -p /opt/stack/data/CA/int-ca/private/devstack-cert.key -c /opt/stack/data/CA/int-ca/devstack-cert.crt -C /opt/stack/data/CA/int-ca/ca-chain.pem ["OVN_Northbound", {"op": "wait", "timeout": 0, "table": "Port_Group", "where": [["name", "==", "pvlan_pg_drop"]], "until": "==", "rows": []}, {"op": "insert", "table": "ACL", "row": {"action": "drop", "direction": "to-lport", "match": "outport == @pvlan_pg_drop && ip", "priority": 1010}, "uuid-name": "pvlandroptoport"}, {"op": "insert", "table": "ACL", "row": {"action": "drop", "direction": "from-lport", "match": "inport == @pvlan_pg_drop && ip", "priority": 1010}, "uuid-name": "pvlandropfromport"}, {"op": "insert", "table": "Port_Group", "row": {"name": "pvlan_pg_drop", "acls": ["set", [["named-uuid", "pvlandroptoport"], ["named-uuid", "pvlandropfromport"]]]}}]" returned: 0 in 0.039s {{(pid=101559) execute /opt/stack/data/venv/lib/python3.12/site-packages/oslo_concurrency/processutils.py:468}}
Aug 02 12:21:03.544820 np0000187843 devstack@neutron-api.service[101559]: WSGI app 0 (mountpoint='') ready in 7 seconds on interpreter 0x7a18848a4668 pid: 101559 (default app)
Aug 02 12:21:05.514778 np0000187843 devstack@neutron-api.service[101560]: DEBUG neutron.plugins.ml2.drivers.ovn.mech_driver.ovsdb.ovsdb_monitor [-] Hash Ring: Node 0bcfb5fdde3d5a4aac8b8c13bf2f9957 (host: np0000187843) handling event "update" for row 7123fbde-3cd6-46fb-86c3-9f73d073b0d3 (table: Connection) {{(pid=101560) notify /opt/stack/neutron/neutron/plugins/ml2/drivers/ovn/mech_driver/ovsdb/ovsdb_monitor.py:1013}}
Aug 02 12:21:05.519202 np0000187843 devstack@neutron-api.service[101561]: DEBUG neutron.common.ovn.hash_ring_manager [-] Allow caching, nodes 4>=4 {{(pid=101561) _wait_startup_before_caching /opt/stack/neutron/neutron/common/ovn/hash_ring_manager.py:71}}
Aug 02 12:21:05.519531 np0000187843 devstack@neutron-api.service[101561]: DEBUG neutron.plugins.ml2.drivers.ovn.mech_driver.ovsdb.ovsdb_monitor [-] Hash Ring: Node 77ea0464e7635b6180374c3e6376a132 (host: np0000187843) handling event "update" for row 7123fbde-3cd6-46fb-86c3-9f73d073b0d3 (table: Connection) {{(pid=101561) notify /opt/stack/neutron/neutron/plugins/ml2/drivers/ovn/mech_driver/ovsdb/ovsdb_monitor.py:1013}}
Aug 02 12:21:08.016307 np0000187843 devstack@neutron-api.service[101560]: DEBUG neutron.plugins.ml2.drivers.ovn.mech_driver.ovsdb.ovsdb_monitor [-] Hash Ring: Node 0bcfb5fdde3d5a4aac8b8c13bf2f9957 (host: np0000187843) handling event "update" for row 7123fbde-3cd6-46fb-86c3-9f73d073b0d3 (table: Connection) {{(pid=101560) notify /opt/stack/neutron/neutron/plugins/ml2/drivers/ovn/mech_driver/ovsdb/ovsdb_monitor.py:1013}}
Aug 02 12:21:08.016816 np0000187843 devstack@neutron-api.service[101561]: DEBUG neutron.plugins.ml2.drivers.ovn.mech_driver.ovsdb.ovsdb_monitor [-] Hash Ring: Node 77ea0464e7635b6180374c3e6376a132 (host: np0000187843) handling event "update" for row 7123fbde-3cd6-46fb-86c3-9f73d073b0d3 (table: Connection) {{(pid=101561) notify /opt/stack/neutron/neutron/plugins/ml2/drivers/ovn/mech_driver/ovsdb/ovsdb_monitor.py:1013}}
Aug 02 12:21:09.297772 np0000187843 devstack@neutron-api.service[101561]: DEBUG neutron.api.wsgi [None req-57f90cb1-a4a5-4e2b-bfb7-64774debaa7f admin admin] Missing Content-Type {{(pid=101561) get_content_type /opt/stack/neutron/neutron/api/wsgi.py:80}}
Aug 02 12:21:09.298578 np0000187843 devstack@neutron-api.service[101561]: DEBUG neutron.api.wsgi [None req-57f90cb1-a4a5-4e2b-bfb7-64774debaa7f admin admin] https://199.204.45.229/networking/v2.0/extensions returned with HTTP 200 {{(pid=101561) __call__ /opt/stack/neutron/neutron/api/wsgi.py:540}}
Aug 02 12:21:09.298578 np0000187843 devstack@neutron-api.service[101561]: [pid: 101561|app: 0|req: 2/2] 199.204.45.229 () {64 vars in 1323 bytes} [Sun Aug 2 12:21:08 2026] GET /networking/v2.0/extensions => generated 16171 bytes in 429 msecs (HTTP/1.1 200) 4 headers in 159 bytes (1 switches on core 0)
Aug 02 12:21:09.700488 np0000187843 devstack@neutron-api.service[101558]: DEBUG neutron.api.v2.base [None req-d15ba9d4-5ec9-4972-a182-cf0000652478 admin admin] Request body: {'subnetpool': {'default_prefixlen': 26, 'name': 'shared-default-subnetpool-v4', 'shared': True, 'is_default': True, 'prefixes': ['10.1.0.0/20']}} {{(pid=101558) prepare_request_body /opt/stack/neutron/neutron/api/v2/base.py:727}}
Aug 02 12:21:09.887355 np0000187843 devstack@neutron-api.service[101558]: DEBUG neutron.policy [None req-d15ba9d4-5ec9-4972-a182-cf0000652478 admin admin] Loaded default policies from ['neutron'] under neutron.policies entry points {{(pid=101558) register_rules /opt/stack/neutron/neutron/policy.py:65}}
Aug 02 12:21:10.038207 np0000187843 devstack@neutron-api.service[101558]: DEBUG neutron_lib.callbacks.manager [None req-d15ba9d4-5ec9-4972-a182-cf0000652478 admin admin] Publish callbacks ['neutron.objects.securitygroup.RbacNeutronDbObjectMixin.validate_rbac_policy_change-2652271568322', 'neutron.objects.address_group.RbacNeutronDbObjectMixin.validate_rbac_policy_change-2652271591142', 'neutron.objects.network.RbacNeutronDbObjectMixin.validate_rbac_policy_change-2652268824638', 'neutron.objects.qos.policy.RbacNeutronDbObjectMixin.validate_rbac_policy_change-2652268850915', 'neutron.objects.subnetpool.RbacNeutronDbObjectMixin.validate_rbac_policy_change-2652268861547', 'neutron.objects.address_scope.RbacNeutronDbObjectMixin.validate_rbac_policy_change-2652268861852', 'neutron.plugins.ml2.plugin.External_net_db_mixin._process_ext_policy_create-3616514', 'neutron.plugins.ml2.plugin.NeutronDbPluginV2.validate_network_rbac_policy_change-3654506'] for rbac-policy (None), before_create {{(pid=101558) _notify_loop /opt/stack/data/venv/lib/python3.12/site-packages/neutron_lib/callbacks/manager.py:184}}
Aug 02 12:21:10.097998 np0000187843 devstack@neutron-api.service[101558]: DEBUG neutron_lib.callbacks.manager [None req-d15ba9d4-5ec9-4972-a182-cf0000652478 admin admin] Publish callbacks [] for subnetpool (None), before_response {{(pid=101558) _notify_loop /opt/stack/data/venv/lib/python3.12/site-packages/neutron_lib/callbacks/manager.py:184}}
Aug 02 12:21:10.098714 np0000187843 devstack@neutron-api.service[101558]: [pid: 101558|app: 0|req: 1/3] 199.204.45.229 () {68 vars in 1367 bytes} [Sun Aug 2 12:21:09 2026] POST /networking/v2.0/subnetpools => generated 533 bytes in 511 msecs (HTTP/1.1 201) 4 headers in 162 bytes (1 switches on core 0)
Aug 02 12:21:10.429436 np0000187843 devstack@neutron-api.service[101560]: DEBUG neutron.api.v2.base [None req-9aa30e3f-e1c2-4d35-b98f-bdac9cbece3d admin admin] Request body: {'subnetpool': {'default_prefixlen': 64, 'name': 'shared-default-subnetpool-v6', 'shared': True, 'is_default': True, 'prefixes': ['fd75:dd09:dcf4::/56']}} {{(pid=101560) prepare_request_body /opt/stack/neutron/neutron/api/v2/base.py:727}}
Aug 02 12:21:10.588598 np0000187843 devstack@neutron-api.service[101560]: DEBUG neutron.policy [None req-9aa30e3f-e1c2-4d35-b98f-bdac9cbece3d admin admin] Loaded default policies from ['neutron'] under neutron.policies entry points {{(pid=101560) register_rules /opt/stack/neutron/neutron/policy.py:65}}
Aug 02 12:21:10.730373 np0000187843 devstack@neutron-api.service[101560]: DEBUG neutron_lib.callbacks.manager [None req-9aa30e3f-e1c2-4d35-b98f-bdac9cbece3d admin admin] Publish callbacks ['neutron.objects.securitygroup.RbacNeutronDbObjectMixin.validate_rbac_policy_change-2652268797188', 'neutron.objects.address_group.RbacNeutronDbObjectMixin.validate_rbac_policy_change-2652271589596', 'neutron.objects.network.RbacNeutronDbObjectMixin.validate_rbac_policy_change-2652268825474', 'neutron.objects.qos.policy.RbacNeutronDbObjectMixin.validate_rbac_policy_change-2652268828874', 'neutron.objects.subnetpool.RbacNeutronDbObjectMixin.validate_rbac_policy_change-2652268870201', 'neutron.objects.address_scope.RbacNeutronDbObjectMixin.validate_rbac_policy_change-2652268870538', 'neutron.plugins.ml2.plugin.External_net_db_mixin._process_ext_policy_create-188609', 'neutron.plugins.ml2.plugin.NeutronDbPluginV2.validate_network_rbac_policy_change-137437'] for rbac-policy (None), before_create {{(pid=101560) _notify_loop /opt/stack/data/venv/lib/python3.12/site-packages/neutron_lib/callbacks/manager.py:184}}
Aug 02 12:21:10.774506 np0000187843 devstack@neutron-api.service[101560]: DEBUG neutron_lib.callbacks.manager [None req-9aa30e3f-e1c2-4d35-b98f-bdac9cbece3d admin admin] Publish callbacks [] for subnetpool (None), before_response {{(pid=101560) _notify_loop /opt/stack/data/venv/lib/python3.12/site-packages/neutron_lib/callbacks/manager.py:184}}
Aug 02 12:21:10.775044 np0000187843 devstack@neutron-api.service[101560]: [pid: 101560|app: 0|req: 1/4] 199.204.45.229 () {68 vars in 1367 bytes} [Sun Aug 2 12:21:10 2026] POST /networking/v2.0/subnetpools => generated 543 bytes in 463 msecs (HTTP/1.1 201) 4 headers in 162 bytes (1 switches on core 0)
Aug 02 12:21:11.191510 np0000187843 devstack@neutron-api.service[101559]: DEBUG neutron.api.v2.base [None req-513191f6-798b-477b-b38c-c342475b6fb1 admin admin] Request body: {'network': {'admin_state_up': True, 'name': 'private'}} {{(pid=101559) prepare_request_body /opt/stack/neutron/neutron/api/v2/base.py:727}}
Aug 02 12:21:11.226903 np0000187843 devstack@neutron-api.service[101559]: DEBUG neutron.pecan_wsgi.hooks.quota_enforcement [None req-513191f6-798b-477b-b38c-c342475b6fb1 admin admin] Made reservation on behalf of 77f1da8170e547e8abd94fb1edb732ec for: {'network': 1} {{(pid=101559) before /opt/stack/neutron/neutron/pecan_wsgi/hooks/quota_enforcement.py:66}}
Aug 02 12:21:11.387615 np0000187843 devstack@neutron-api.service[101559]: DEBUG neutron.policy [None req-513191f6-798b-477b-b38c-c342475b6fb1 admin admin] Loaded default policies from ['neutron'] under neutron.policies entry points {{(pid=101559) register_rules /opt/stack/neutron/neutron/policy.py:65}}
Aug 02 12:21:11.489104 np0000187843 devstack@neutron-api.service[101559]: DEBUG neutron_lib.callbacks.manager [None req-513191f6-798b-477b-b38c-c342475b6fb1 admin admin] Publish callbacks ['neutron.plugins.ml2.plugin.SecurityGroupDbMixin._ensure_default_security_group_handler-378080'] for network (None), before_create {{(pid=101559) _notify_loop /opt/stack/data/venv/lib/python3.12/site-packages/neutron_lib/callbacks/manager.py:184}}
Aug 02 12:21:11.509923 np0000187843 devstack@neutron-api.service[101559]: DEBUG neutron_lib.callbacks.manager [None req-513191f6-798b-477b-b38c-c342475b6fb1 admin admin] Publish callbacks [] for security_group (None), before_create {{(pid=101559) _notify_loop /opt/stack/data/venv/lib/python3.12/site-packages/neutron_lib/callbacks/manager.py:184}}
Aug 02 12:21:11.629372 np0000187843 devstack@neutron-api.service[101559]: DEBUG neutron_lib.callbacks.manager [None req-513191f6-798b-477b-b38c-c342475b6fb1 admin admin] Publish callbacks ['neutron.plugins.ml2.drivers.ovn.mech_driver.mech_driver.OVNMechanismDriver._create_security_group_precommit-848571'] for security_group (547f90ad-d739-418b-9b29-063780c03843), precommit_create {{(pid=101559) _notify_loop /opt/stack/data/venv/lib/python3.12/site-packages/neutron_lib/callbacks/manager.py:184}}
Aug 02 12:21:11.629658 np0000187843 devstack@neutron-api.service[101559]: DEBUG neutron.db.ovn_revision_numbers_db [None req-513191f6-798b-477b-b38c-c342475b6fb1 admin admin] create_initial_revision uuid=547f90ad-d739-418b-9b29-063780c03843, type=security_groups, rev=-1 {{(pid=101559) create_initial_revision /opt/stack/neutron/neutron/db/ovn_revision_numbers_db.py:98}}
Aug 02 12:21:11.632179 np0000187843 devstack@neutron-api.service[101559]: DEBUG neutron.db.ovn_revision_numbers_db [None req-513191f6-798b-477b-b38c-c342475b6fb1 admin admin] create_initial_revision uuid=a6fa9e10-1cf1-4176-90e1-ef8f2a32c36c, type=security_group_rules, rev=-1 {{(pid=101559) create_initial_revision /opt/stack/neutron/neutron/db/ovn_revision_numbers_db.py:98}}
Aug 02 12:21:11.633298 np0000187843 devstack@neutron-api.service[101559]: DEBUG neutron.db.ovn_revision_numbers_db [None req-513191f6-798b-477b-b38c-c342475b6fb1 admin admin] create_initial_revision uuid=dba1b207-c1db-4c85-932b-ca5c69fc4318, type=security_group_rules, rev=-1 {{(pid=101559) create_initial_revision /opt/stack/neutron/neutron/db/ovn_revision_numbers_db.py:98}}
Aug 02 12:21:11.634385 np0000187843 devstack@neutron-api.service[101559]: DEBUG neutron.db.ovn_revision_numbers_db [None req-513191f6-798b-477b-b38c-c342475b6fb1 admin admin] create_initial_revision uuid=df2a3502-5850-4d62-a16d-8880dfd02d90, type=security_group_rules, rev=-1 {{(pid=101559) create_initial_revision /opt/stack/neutron/neutron/db/ovn_revision_numbers_db.py:98}}
Aug 02 12:21:11.635570 np0000187843 devstack@neutron-api.service[101559]: DEBUG neutron.db.ovn_revision_numbers_db [None req-513191f6-798b-477b-b38c-c342475b6fb1 admin admin] create_initial_revision uuid=f9f50248-321a-4b8e-b6b2-c12af38ca724, type=security_group_rules, rev=-1 {{(pid=101559) create_initial_revision /opt/stack/neutron/neutron/db/ovn_revision_numbers_db.py:98}}
Aug 02 12:21:11.642959 np0000187843 devstack@neutron-api.service[101559]: DEBUG neutron_lib.callbacks.manager [None req-513191f6-798b-477b-b38c-c342475b6fb1 admin admin] Publish callbacks ['neutron.plugins.ml2.drivers.ovn.mech_driver.mech_driver.OVNMechanismDriver._create_security_group-848565', 'neutron.plugins.ml2.ovo_rpc._ObjectChangeHandler.handle_event-6784806'] for security_group (547f90ad-d739-418b-9b29-063780c03843), after_create {{(pid=101559) _notify_loop /opt/stack/data/venv/lib/python3.12/site-packages/neutron_lib/callbacks/manager.py:184}}
Aug 02 12:21:11.644207 np0000187843 devstack@neutron-api.service[101559]: DEBUG ovsdbapp.backend.ovs_idl.transaction [-] Running txn n=1 command(idx=0): PgAddCommand(_result=None, name=pg_547f90ad_d739_418b_9b29_063780c03843, may_exist=False, columns={'acls': [], 'external_ids': {'neutron:security_group_id': '547f90ad-d739-418b-9b29-063780c03843'}}) {{(pid=101559) do_commit /opt/stack/data/venv/lib/python3.12/site-packages/ovsdbapp/backend/ovs_idl/transaction.py:89}}
Aug 02 12:21:11.645345 np0000187843 devstack@neutron-api.service[101559]: DEBUG ovsdbapp.backend.ovs_idl.transaction [-] Running txn n=1 command(idx=1): PgAclAddCommand(_result=None, entity=pg_547f90ad_d739_418b_9b29_063780c03843, direction=from-lport, priority=1002, match=inport == @pg_547f90ad_d739_418b_9b29_063780c03843 && ip6, action=allow-related, log=False, may_exist=True, severity=[], name=[], meter=[], external_ids={'neutron:security_group_rule_id': 'a6fa9e10-1cf1-4176-90e1-ef8f2a32c36c'}) {{(pid=101559) do_commit /opt/stack/data/venv/lib/python3.12/site-packages/ovsdbapp/backend/ovs_idl/transaction.py:89}}
Aug 02 12:21:11.645628 np0000187843 devstack@neutron-api.service[101559]: DEBUG ovsdbapp.backend.ovs_idl.transaction [-] Running txn n=1 command(idx=2): PgAclAddCommand(_result=None, entity=pg_547f90ad_d739_418b_9b29_063780c03843, direction=from-lport, priority=1002, match=inport == @pg_547f90ad_d739_418b_9b29_063780c03843 && ip4, action=allow-related, log=False, may_exist=True, severity=[], name=[], meter=[], external_ids={'neutron:security_group_rule_id': 'dba1b207-c1db-4c85-932b-ca5c69fc4318'}) {{(pid=101559) do_commit /opt/stack/data/venv/lib/python3.12/site-packages/ovsdbapp/backend/ovs_idl/transaction.py:89}}
Aug 02 12:21:11.645843 np0000187843 devstack@neutron-api.service[101559]: DEBUG ovsdbapp.backend.ovs_idl.transaction [-] Running txn n=1 command(idx=3): PgAclAddCommand(_result=None, entity=pg_547f90ad_d739_418b_9b29_063780c03843, direction=to-lport, priority=1002, match=outport == @pg_547f90ad_d739_418b_9b29_063780c03843 && ip4 && ip4.src == $pg_547f90ad_d739_418b_9b29_063780c03843_ip4, action=allow-related, log=False, may_exist=True, severity=[], name=[], meter=[], external_ids={'neutron:security_group_rule_id': 'df2a3502-5850-4d62-a16d-8880dfd02d90'}) {{(pid=101559) do_commit /opt/stack/data/venv/lib/python3.12/site-packages/ovsdbapp/backend/ovs_idl/transaction.py:89}}
Aug 02 12:21:11.646050 np0000187843 devstack@neutron-api.service[101559]: DEBUG ovsdbapp.backend.ovs_idl.transaction [-] Running txn n=1 command(idx=4): PgAclAddCommand(_result=None, entity=pg_547f90ad_d739_418b_9b29_063780c03843, direction=to-lport, priority=1002, match=outport == @pg_547f90ad_d739_418b_9b29_063780c03843 && ip6 && ip6.src == $pg_547f90ad_d739_418b_9b29_063780c03843_ip6, action=allow-related, log=False, may_exist=True, severity=[], name=[], meter=[], external_ids={'neutron:security_group_rule_id': 'f9f50248-321a-4b8e-b6b2-c12af38ca724'}) {{(pid=101559) do_commit /opt/stack/data/venv/lib/python3.12/site-packages/ovsdbapp/backend/ovs_idl/transaction.py:89}}
Aug 02 12:21:11.693841 np0000187843 devstack@neutron-api.service[101559]: DEBUG neutron.plugins.ml2.drivers.ovn.mech_driver.ovsdb.ovsdb_monitor [-] Hash Ring: Node b826f9f2f0035ff2919b7534c7edd549 (host: np0000187843) handling event "create" for row 7c437e7c-f8b6-475a-adf5-1854d8843bac (table: ACL) {{(pid=101559) notify /opt/stack/neutron/neutron/plugins/ml2/drivers/ovn/mech_driver/ovsdb/ovsdb_monitor.py:1013}}
Aug 02 12:21:11.693841 np0000187843 devstack@neutron-api.service[101559]: DEBUG neutron.plugins.ml2.drivers.ovn.mech_driver.ovsdb.ovsdb_monitor [-] Hash Ring: Node b826f9f2f0035ff2919b7534c7edd549 (host: np0000187843) handling event "create" for row 668ad18f-6e06-4769-a2d4-9c977770150f (table: Port_Group) {{(pid=101559) notify /opt/stack/neutron/neutron/plugins/ml2/drivers/ovn/mech_driver/ovsdb/ovsdb_monitor.py:1013}}
Aug 02 12:21:11.697573 np0000187843 devstack@neutron-api.service[101561]: DEBUG neutron.plugins.ml2.drivers.ovn.mech_driver.ovsdb.ovsdb_monitor [-] Hash Ring: Node 77ea0464e7635b6180374c3e6376a132 (host: np0000187843) handling event "create" for row 43f4c5fc-505c-4f3c-a1b8-18c99e6c9b4d (table: ACL) {{(pid=101561) notify /opt/stack/neutron/neutron/plugins/ml2/drivers/ovn/mech_driver/ovsdb/ovsdb_monitor.py:1013}}
Aug 02 12:21:11.698130 np0000187843 devstack@neutron-api.service[101561]: DEBUG neutron.plugins.ml2.drivers.ovn.mech_driver.ovsdb.ovsdb_monitor [-] Hash Ring: Node 77ea0464e7635b6180374c3e6376a132 (host: np0000187843) handling event "create" for row 7c437e7c-f8b6-475a-adf5-1854d8843bac (table: ACL) {{(pid=101561) notify /opt/stack/neutron/neutron/plugins/ml2/drivers/ovn/mech_driver/ovsdb/ovsdb_monitor.py:1013}}
Aug 02 12:21:11.698130 np0000187843 devstack@neutron-api.service[101561]: DEBUG neutron.plugins.ml2.drivers.ovn.mech_driver.ovsdb.ovsdb_monitor [-] Hash Ring: Node 77ea0464e7635b6180374c3e6376a132 (host: np0000187843) handling event "create" for row cdce287f-5511-4748-8acd-72536a54624b (table: ACL) {{(pid=101561) notify /opt/stack/neutron/neutron/plugins/ml2/drivers/ovn/mech_driver/ovsdb/ovsdb_monitor.py:1013}}
Aug 02 12:21:11.698335 np0000187843 devstack@neutron-api.service[101561]: DEBUG neutron.plugins.ml2.drivers.ovn.mech_driver.ovsdb.ovsdb_monitor [-] Hash Ring: Node 77ea0464e7635b6180374c3e6376a132 (host: np0000187843) handling event "create" for row ff2ce1d6-b1d1-4128-98a9-eaee61685d08 (table: ACL) {{(pid=101561) notify /opt/stack/neutron/neutron/plugins/ml2/drivers/ovn/mech_driver/ovsdb/ovsdb_monitor.py:1013}}
Aug 02 12:21:11.698407 np0000187843 devstack@neutron-api.service[101561]: DEBUG neutron.plugins.ml2.drivers.ovn.mech_driver.ovsdb.ovsdb_monitor [-] Hash Ring: Node 77ea0464e7635b6180374c3e6376a132 (host: np0000187843) handling event "create" for row 668ad18f-6e06-4769-a2d4-9c977770150f (table: Port_Group) {{(pid=101561) notify /opt/stack/neutron/neutron/plugins/ml2/drivers/ovn/mech_driver/ovsdb/ovsdb_monitor.py:1013}}
Aug 02 12:21:11.698476 np0000187843 devstack@neutron-api.service[101560]: DEBUG neutron.plugins.ml2.drivers.ovn.mech_driver.ovsdb.ovsdb_monitor [-] Hash Ring: Node 0bcfb5fdde3d5a4aac8b8c13bf2f9957 (host: np0000187843) handling event "create" for row 43f4c5fc-505c-4f3c-a1b8-18c99e6c9b4d (table: ACL) {{(pid=101560) notify /opt/stack/neutron/neutron/plugins/ml2/drivers/ovn/mech_driver/ovsdb/ovsdb_monitor.py:1013}}
Aug 02 12:21:11.720687 np0000187843 devstack@neutron-api.service[101559]: INFO neutron.db.ovn_revision_numbers_db [None req-513191f6-798b-477b-b38c-c342475b6fb1 admin admin] Successfully bumped revision number for resource 547f90ad-d739-418b-9b29-063780c03843 (type: security_groups) to 1
Aug 02 12:21:11.736869 np0000187843 devstack@neutron-api.service[101559]: INFO neutron.db.ovn_revision_numbers_db [None req-513191f6-798b-477b-b38c-c342475b6fb1 admin admin] Successfully bumped revision number for resource a6fa9e10-1cf1-4176-90e1-ef8f2a32c36c (type: security_group_rules) to 0
Aug 02 12:21:11.750096 np0000187843 devstack@neutron-api.service[101559]: INFO neutron.db.ovn_revision_numbers_db [None req-513191f6-798b-477b-b38c-c342475b6fb1 admin admin] Successfully bumped revision number for resource dba1b207-c1db-4c85-932b-ca5c69fc4318 (type: security_group_rules) to 0
Aug 02 12:21:11.763246 np0000187843 devstack@neutron-api.service[101559]: INFO neutron.db.ovn_revision_numbers_db [None req-513191f6-798b-477b-b38c-c342475b6fb1 admin admin] Successfully bumped revision number for resource df2a3502-5850-4d62-a16d-8880dfd02d90 (type: security_group_rules) to 0
Aug 02 12:21:11.776132 np0000187843 devstack@neutron-api.service[101559]: INFO neutron.db.ovn_revision_numbers_db [None req-513191f6-798b-477b-b38c-c342475b6fb1 admin admin] Successfully bumped revision number for resource f9f50248-321a-4b8e-b6b2-c12af38ca724 (type: security_group_rules) to 0
Aug 02 12:21:11.800672 np0000187843 devstack@neutron-api.service[101559]: DEBUG neutron.api.rpc.handlers.resources_rpc [None req-513191f6-798b-477b-b38c-c342475b6fb1 admin admin] Pushing event updated for resources: {'SecurityGroup': ['ID=547f90ad-d739-418b-9b29-063780c03843,revision_number=1']} {{(pid=101559) push /opt/stack/neutron/neutron/api/rpc/handlers/resources_rpc.py:237}}
Aug 02 12:21:11.807707 np0000187843 devstack@neutron-api.service[101559]: DEBUG ovsdbapp.backend.ovs_idl.transaction [-] Running txn n=1 command(idx=0): CheckLivenessCommand(_result=None) {{(pid=101559) do_commit /opt/stack/data/venv/lib/python3.12/site-packages/ovsdbapp/backend/ovs_idl/transaction.py:89}}
Aug 02 12:21:11.810556 np0000187843 devstack@neutron-api.service[101559]: DEBUG neutron.plugins.ml2.drivers.ovn.mech_driver.ovsdb.ovsdb_monitor [-] Hash Ring: Node b826f9f2f0035ff2919b7534c7edd549 (host: np0000187843) handling event "update" for row a5d5b9bc-8e42-428e-9b49-f9c593d4d9eb (table: NB_Global) {{(pid=101559) notify /opt/stack/neutron/neutron/plugins/ml2/drivers/ovn/mech_driver/ovsdb/ovsdb_monitor.py:1013}}
Aug 02 12:21:11.812286 np0000187843 devstack@neutron-api.service[101561]: DEBUG neutron.plugins.ml2.drivers.ovn.mech_driver.ovsdb.ovsdb_monitor [-] Hash Ring: Node 77ea0464e7635b6180374c3e6376a132 (host: np0000187843) handling event "update" for row a5d5b9bc-8e42-428e-9b49-f9c593d4d9eb (table: NB_Global) {{(pid=101561) notify /opt/stack/neutron/neutron/plugins/ml2/drivers/ovn/mech_driver/ovsdb/ovsdb_monitor.py:1013}}
Aug 02 12:21:11.813372 np0000187843 devstack@neutron-api.service[101559]: DEBUG neutron.api.rpc.callbacks.version_manager [None req-513191f6-798b-477b-b38c-c342475b6fb1 admin admin] Tracked resource versions report:
Aug 02 12:21:11.813372 np0000187843 devstack@neutron-api.service[101559]: pushed versions:
Aug 02 12:21:11.813372 np0000187843 devstack@neutron-api.service[101559]: { 'AddressGroup': {'1.2'},
Aug 02 12:21:11.813372 np0000187843 devstack@neutron-api.service[101559]: 'Agent': {'1.1'},
Aug 02 12:21:11.813372 np0000187843 devstack@neutron-api.service[101559]: 'ConntrackHelper': {'1.0'},
Aug 02 12:21:11.813372 np0000187843 devstack@neutron-api.service[101559]: 'LocalIPAssociation': {'1.0'},
Aug 02 12:21:11.813372 np0000187843 devstack@neutron-api.service[101559]: 'Log': {'1.0'},
Aug 02 12:21:11.813372 np0000187843 devstack@neutron-api.service[101559]: 'NDPProxy': {'1.0'},
Aug 02 12:21:11.813372 np0000187843 devstack@neutron-api.service[101559]: 'Network': {'1.3'},
Aug 02 12:21:11.813372 np0000187843 devstack@neutron-api.service[101559]: 'Port': {'1.11'},
Aug 02 12:21:11.813372 np0000187843 devstack@neutron-api.service[101559]: 'PortForwarding': {'1.3'},
Aug 02 12:21:11.813372 np0000187843 devstack@neutron-api.service[101559]: 'QosPolicy': {'1.10'},
Aug 02 12:21:11.813372 np0000187843 devstack@neutron-api.service[101559]: 'SecurityGroup': {'1.6'},
Aug 02 12:21:11.813372 np0000187843 devstack@neutron-api.service[101559]: 'SecurityGroupRule': {'1.3'},
Aug 02 12:21:11.813372 np0000187843 devstack@neutron-api.service[101559]: 'SubPort': {'1.0'},
Aug 02 12:21:11.813372 np0000187843 devstack@neutron-api.service[101559]: 'Subnet': {'1.2'},
Aug 02 12:21:11.813372 np0000187843 devstack@neutron-api.service[101559]: 'Trunk': {'1.1'}}
Aug 02 12:21:11.813372 np0000187843 devstack@neutron-api.service[101559]: consumer versions:
Aug 02 12:21:11.813372 np0000187843 devstack@neutron-api.service[101559]: {}
Aug 02 12:21:11.813372 np0000187843 devstack@neutron-api.service[101559]: {{(pid=101559) report /opt/stack/neutron/neutron/api/rpc/callbacks/version_manager.py:183}}
Aug 02 12:21:11.816031 np0000187843 devstack@neutron-api.service[101561]: DEBUG neutron.plugins.ml2.drivers.ovn.mech_driver.ovsdb.ovsdb_monitor [-] Hash Ring: Node 77ea0464e7635b6180374c3e6376a132 (host: np0000187843) handling event "update" for row a5d5b9bc-8e42-428e-9b49-f9c593d4d9eb (table: NB_Global) {{(pid=101561) notify /opt/stack/neutron/neutron/plugins/ml2/drivers/ovn/mech_driver/ovsdb/ovsdb_monitor.py:1013}}
Aug 02 12:21:11.818686 np0000187843 devstack@neutron-api.service[101561]: DEBUG ovsdbapp.backend.ovs_idl.event [-] Matched UPDATE: ChassisAgentWriteEvent(events=('create', 'update'), table='Chassis_Private', conditions=None, old_conditions=None), priority=20 to row=Chassis_Private(uuid=49314773-0ba7-4edd-8182-01a94d267b49, chassis=613ca0d2-dd19-489d-be10-beaca72cdbb5, external_ids={'neutron:ovn-bridge': 'br-int', 'neutron:ovn-neutron-agent-id': '9c8fafef-68a0-5566-9e87-8380df34b54a', 'neutron:ovn-neutron-agent-sb-cfg': '0'}, name='6d2d0a88-a7bf-49f5-b81a-e31ab5717e35', nb_cfg=1, nb_cfg_timestamp=1785673271812) old=Chassis_Private(uuid=49314773-0ba7-4edd-8182-01a94d267b49, nb_cfg=0, nb_cfg_timestamp=0) {{(pid=101561) matches /opt/stack/data/venv/lib/python3.12/site-packages/ovsdbapp/backend/ovs_idl/event.py:55}}
Aug 02 12:21:11.820544 np0000187843 devstack@neutron-api.service[101558]: DEBUG ovsdbapp.backend.ovs_idl.event [-] Matched UPDATE: ChassisAgentWriteEvent(events=('create', 'update'), table='Chassis_Private', conditions=None, old_conditions=None), priority=20 to row=Chassis_Private(uuid=49314773-0ba7-4edd-8182-01a94d267b49, chassis=613ca0d2-dd19-489d-be10-beaca72cdbb5, external_ids={'neutron:ovn-bridge': 'br-int', 'neutron:ovn-neutron-agent-id': '9c8fafef-68a0-5566-9e87-8380df34b54a', 'neutron:ovn-neutron-agent-sb-cfg': '0'}, name='6d2d0a88-a7bf-49f5-b81a-e31ab5717e35', nb_cfg=1, nb_cfg_timestamp=1785673271812) old=Chassis_Private(uuid=49314773-0ba7-4edd-8182-01a94d267b49, nb_cfg=0, nb_cfg_timestamp=0) {{(pid=101558) matches /opt/stack/data/venv/lib/python3.12/site-packages/ovsdbapp/backend/ovs_idl/event.py:55}}
Aug 02 12:21:11.820879 np0000187843 devstack@neutron-api.service[101560]: DEBUG ovsdbapp.backend.ovs_idl.event [-] Matched UPDATE: ChassisAgentWriteEvent(events=('create', 'update'), table='Chassis_Private', conditions=None, old_conditions=None), priority=20 to row=Chassis_Private(uuid=49314773-0ba7-4edd-8182-01a94d267b49, chassis=613ca0d2-dd19-489d-be10-beaca72cdbb5, external_ids={'neutron:ovn-bridge': 'br-int', 'neutron:ovn-neutron-agent-id': '9c8fafef-68a0-5566-9e87-8380df34b54a', 'neutron:ovn-neutron-agent-sb-cfg': '0'}, name='6d2d0a88-a7bf-49f5-b81a-e31ab5717e35', nb_cfg=1, nb_cfg_timestamp=1785673271812) old=Chassis_Private(uuid=49314773-0ba7-4edd-8182-01a94d267b49, nb_cfg=0, nb_cfg_timestamp=0) {{(pid=101560) matches /opt/stack/data/venv/lib/python3.12/site-packages/ovsdbapp/backend/ovs_idl/event.py:55}}
Aug 02 12:21:11.821012 np0000187843 devstack@neutron-api.service[101559]: DEBUG neutron.plugins.ml2.drivers.ovn.mech_driver.ovsdb.ovsdb_monitor [-] Hash Ring: Node b826f9f2f0035ff2919b7534c7edd549 (host: np0000187843) handling event "update" for row a5d5b9bc-8e42-428e-9b49-f9c593d4d9eb (table: NB_Global) {{(pid=101559) notify /opt/stack/neutron/neutron/plugins/ml2/drivers/ovn/mech_driver/ovsdb/ovsdb_monitor.py:1013}}
Aug 02 12:21:11.821126 np0000187843 devstack@neutron-api.service[101559]: DEBUG ovsdbapp.backend.ovs_idl.event [-] Matched UPDATE: ChassisAgentWriteEvent(events=('create', 'update'), table='Chassis_Private', conditions=None, old_conditions=None), priority=20 to row=Chassis_Private(uuid=49314773-0ba7-4edd-8182-01a94d267b49, chassis=613ca0d2-dd19-489d-be10-beaca72cdbb5, external_ids={'neutron:ovn-bridge': 'br-int', 'neutron:ovn-neutron-agent-id': '9c8fafef-68a0-5566-9e87-8380df34b54a', 'neutron:ovn-neutron-agent-sb-cfg': '0'}, name='6d2d0a88-a7bf-49f5-b81a-e31ab5717e35', nb_cfg=1, nb_cfg_timestamp=1785673271812) old=Chassis_Private(uuid=49314773-0ba7-4edd-8182-01a94d267b49, nb_cfg=0, nb_cfg_timestamp=0) {{(pid=101559) matches /opt/stack/data/venv/lib/python3.12/site-packages/ovsdbapp/backend/ovs_idl/event.py:55}}
Aug 02 12:21:11.821717 np0000187843 devstack@neutron-api.service[101561]: DEBUG neutron.plugins.ml2.drivers.ovn.mech_driver.ovsdb.ovsdb_monitor [-] Hash Ring: Node 77ea0464e7635b6180374c3e6376a132 (host: np0000187843) handling event "update" for row a5d5b9bc-8e42-428e-9b49-f9c593d4d9eb (table: NB_Global) {{(pid=101561) notify /opt/stack/neutron/neutron/plugins/ml2/drivers/ovn/mech_driver/ovsdb/ovsdb_monitor.py:1013}}
Aug 02 12:21:11.825457 np0000187843 devstack@neutron-api.service[101560]: DEBUG ovsdbapp.backend.ovs_idl.event [-] Matched UPDATE: ChassisOVNAgentWriteEvent(events=('create', 'update'), table='Chassis_Private', conditions=None, old_conditions=None), priority=20 to row=Chassis_Private(uuid=49314773-0ba7-4edd-8182-01a94d267b49, chassis=613ca0d2-dd19-489d-be10-beaca72cdbb5, external_ids={'neutron:ovn-bridge': 'br-int', 'neutron:ovn-neutron-agent-id': '9c8fafef-68a0-5566-9e87-8380df34b54a', 'neutron:ovn-neutron-agent-sb-cfg': '1'}, name='6d2d0a88-a7bf-49f5-b81a-e31ab5717e35', nb_cfg=1, nb_cfg_timestamp=1785673271812) old=Chassis_Private(uuid=49314773-0ba7-4edd-8182-01a94d267b49, external_ids={'neutron:ovn-bridge': 'br-int', 'neutron:ovn-neutron-agent-id': '9c8fafef-68a0-5566-9e87-8380df34b54a', 'neutron:ovn-neutron-agent-sb-cfg': '0'}) {{(pid=101560) matches /opt/stack/data/venv/lib/python3.12/site-packages/ovsdbapp/backend/ovs_idl/event.py:55}}
Aug 02 12:21:11.825786 np0000187843 devstack@neutron-api.service[101561]: DEBUG neutron.plugins.ml2.drivers.ovn.mech_driver.ovsdb.ovsdb_monitor [-] Hash Ring: Node 77ea0464e7635b6180374c3e6376a132 (host: np0000187843) handling event "update" for row a5d5b9bc-8e42-428e-9b49-f9c593d4d9eb (table: NB_Global) {{(pid=101561) notify /opt/stack/neutron/neutron/plugins/ml2/drivers/ovn/mech_driver/ovsdb/ovsdb_monitor.py:1013}}
Aug 02 12:21:11.827221 np0000187843 devstack@neutron-api.service[101558]: DEBUG ovsdbapp.backend.ovs_idl.event [-] Matched UPDATE: ChassisOVNAgentWriteEvent(events=('create', 'update'), table='Chassis_Private', conditions=None, old_conditions=None), priority=20 to row=Chassis_Private(uuid=49314773-0ba7-4edd-8182-01a94d267b49, chassis=613ca0d2-dd19-489d-be10-beaca72cdbb5, external_ids={'neutron:ovn-bridge': 'br-int', 'neutron:ovn-neutron-agent-id': '9c8fafef-68a0-5566-9e87-8380df34b54a', 'neutron:ovn-neutron-agent-sb-cfg': '1'}, name='6d2d0a88-a7bf-49f5-b81a-e31ab5717e35', nb_cfg=1, nb_cfg_timestamp=1785673271812) old=Chassis_Private(uuid=49314773-0ba7-4edd-8182-01a94d267b49, external_ids={'neutron:ovn-bridge': 'br-int', 'neutron:ovn-neutron-agent-id': '9c8fafef-68a0-5566-9e87-8380df34b54a', 'neutron:ovn-neutron-agent-sb-cfg': '0'}) {{(pid=101558) matches /opt/stack/data/venv/lib/python3.12/site-packages/ovsdbapp/backend/ovs_idl/event.py:55}}
Aug 02 12:21:11.827791 np0000187843 devstack@neutron-api.service[101561]: DEBUG neutron.common.ovn.hash_ring_manager [-] Allow caching, nodes 4>=4 {{(pid=101561) _wait_startup_before_caching /opt/stack/neutron/neutron/common/ovn/hash_ring_manager.py:71}}
Aug 02 12:21:11.827896 np0000187843 devstack@neutron-api.service[101561]: DEBUG neutron.plugins.ml2.drivers.ovn.mech_driver.ovsdb.ovsdb_monitor [-] Hash Ring: Node 77ea0464e7635b6180374c3e6376a132 (host: np0000187843) handling event "update" for row 49314773-0ba7-4edd-8182-01a94d267b49 (table: Chassis_Private) {{(pid=101561) notify /opt/stack/neutron/neutron/plugins/ml2/drivers/ovn/mech_driver/ovsdb/ovsdb_monitor.py:1013}}
Aug 02 12:21:11.828182 np0000187843 devstack@neutron-api.service[101559]: DEBUG neutron.plugins.ml2.drivers.ovn.mech_driver.ovsdb.ovsdb_monitor [-] Hash Ring: Node b826f9f2f0035ff2919b7534c7edd549 (host: np0000187843) handling event "update" for row a5d5b9bc-8e42-428e-9b49-f9c593d4d9eb (table: NB_Global) {{(pid=101559) notify /opt/stack/neutron/neutron/plugins/ml2/drivers/ovn/mech_driver/ovsdb/ovsdb_monitor.py:1013}}
Aug 02 12:21:11.829435 np0000187843 devstack@neutron-api.service[101559]: DEBUG neutron.plugins.ml2.drivers.ovn.mech_driver.ovsdb.ovsdb_monitor [-] Hash Ring: Node b826f9f2f0035ff2919b7534c7edd549 (host: np0000187843) handling event "update" for row 49314773-0ba7-4edd-8182-01a94d267b49 (table: Chassis_Private) {{(pid=101559) notify /opt/stack/neutron/neutron/plugins/ml2/drivers/ovn/mech_driver/ovsdb/ovsdb_monitor.py:1013}}
Aug 02 12:21:11.829942 np0000187843 devstack@neutron-api.service[101561]: DEBUG ovsdbapp.backend.ovs_idl.event [-] Matched UPDATE: ChassisOVNAgentWriteEvent(events=('create', 'update'), table='Chassis_Private', conditions=None, old_conditions=None), priority=20 to row=Chassis_Private(uuid=49314773-0ba7-4edd-8182-01a94d267b49, chassis=613ca0d2-dd19-489d-be10-beaca72cdbb5, external_ids={'neutron:ovn-bridge': 'br-int', 'neutron:ovn-neutron-agent-id': '9c8fafef-68a0-5566-9e87-8380df34b54a', 'neutron:ovn-neutron-agent-sb-cfg': '1'}, name='6d2d0a88-a7bf-49f5-b81a-e31ab5717e35', nb_cfg=1, nb_cfg_timestamp=1785673271812) old=Chassis_Private(uuid=49314773-0ba7-4edd-8182-01a94d267b49, external_ids={'neutron:ovn-bridge': 'br-int', 'neutron:ovn-neutron-agent-id': '9c8fafef-68a0-5566-9e87-8380df34b54a', 'neutron:ovn-neutron-agent-sb-cfg': '0'}) {{(pid=101561) matches /opt/stack/data/venv/lib/python3.12/site-packages/ovsdbapp/backend/ovs_idl/event.py:55}}
Aug 02 12:21:11.830426 np0000187843 devstack@neutron-api.service[101561]: DEBUG neutron.plugins.ml2.drivers.ovn.mech_driver.ovsdb.ovsdb_monitor [-] Hash Ring: Node 77ea0464e7635b6180374c3e6376a132 (host: np0000187843) handling event "update" for row 49314773-0ba7-4edd-8182-01a94d267b49 (table: Chassis_Private) {{(pid=101561) notify /opt/stack/neutron/neutron/plugins/ml2/drivers/ovn/mech_driver/ovsdb/ovsdb_monitor.py:1013}}
Aug 02 12:21:11.832724 np0000187843 devstack@neutron-api.service[101559]: DEBUG ovsdbapp.backend.ovs_idl.event [-] Matched UPDATE: ChassisOVNAgentWriteEvent(events=('create', 'update'), table='Chassis_Private', conditions=None, old_conditions=None), priority=20 to row=Chassis_Private(uuid=49314773-0ba7-4edd-8182-01a94d267b49, chassis=613ca0d2-dd19-489d-be10-beaca72cdbb5, external_ids={'neutron:ovn-bridge': 'br-int', 'neutron:ovn-neutron-agent-id': '9c8fafef-68a0-5566-9e87-8380df34b54a', 'neutron:ovn-neutron-agent-sb-cfg': '1'}, name='6d2d0a88-a7bf-49f5-b81a-e31ab5717e35', nb_cfg=1, nb_cfg_timestamp=1785673271812) old=Chassis_Private(uuid=49314773-0ba7-4edd-8182-01a94d267b49, external_ids={'neutron:ovn-bridge': 'br-int', 'neutron:ovn-neutron-agent-id': '9c8fafef-68a0-5566-9e87-8380df34b54a', 'neutron:ovn-neutron-agent-sb-cfg': '0'}) {{(pid=101559) matches /opt/stack/data/venv/lib/python3.12/site-packages/ovsdbapp/backend/ovs_idl/event.py:55}}
Aug 02 12:21:11.834299 np0000187843 devstack@neutron-api.service[101559]: DEBUG neutron.plugins.ml2.drivers.ovn.mech_driver.ovsdb.ovsdb_monitor [-] Hash Ring: Node b826f9f2f0035ff2919b7534c7edd549 (host: np0000187843) handling event "update" for row a5d5b9bc-8e42-428e-9b49-f9c593d4d9eb (table: NB_Global) {{(pid=101559) notify /opt/stack/neutron/neutron/plugins/ml2/drivers/ovn/mech_driver/ovsdb/ovsdb_monitor.py:1013}}
Aug 02 12:21:11.835600 np0000187843 devstack@neutron-api.service[101559]: DEBUG neutron.plugins.ml2.drivers.ovn.mech_driver.ovsdb.ovsdb_monitor [-] Hash Ring: Node b826f9f2f0035ff2919b7534c7edd549 (host: np0000187843) handling event "update" for row 49314773-0ba7-4edd-8182-01a94d267b49 (table: Chassis_Private) {{(pid=101559) notify /opt/stack/neutron/neutron/plugins/ml2/drivers/ovn/mech_driver/ovsdb/ovsdb_monitor.py:1013}}
Aug 02 12:21:11.881960 np0000187843 devstack@neutron-api.service[101559]: DEBUG neutron.plugins.ml2.drivers.helpers [None req-513191f6-798b-477b-b38c-c342475b6fb1 admin admin] geneve segment allocate from pool success with {'geneve_vni': 33847} {{(pid=101559) allocate_partially_specified_segment /opt/stack/neutron/neutron/plugins/ml2/drivers/helpers.py:142}}
Aug 02 12:21:11.894886 np0000187843 devstack@neutron-api.service[101559]: DEBUG neutron_lib.callbacks.manager [None req-513191f6-798b-477b-b38c-c342475b6fb1 admin admin] Publish callbacks ['neutron.services.segments.db._add_segment_host_mapping_for_segment-8390350444114', 'neutron.plugins.ml2.plugin.Ml2Plugin._handle_segment_change-121908'] for segment (fb3c8aef-9241-4d17-ab80-f7458fa1c788), precommit_create {{(pid=101559) _notify_loop /opt/stack/data/venv/lib/python3.12/site-packages/neutron_lib/callbacks/manager.py:184}}
Aug 02 12:21:11.895127 np0000187843 devstack@neutron-api.service[101559]: INFO neutron.db.segments_db [None req-513191f6-798b-477b-b38c-c342475b6fb1 admin admin] Added segment fb3c8aef-9241-4d17-ab80-f7458fa1c788 of type geneve for network 0c4139f8-3f77-44b3-a408-27418ce7169f
Aug 02 12:21:11.935618 np0000187843 devstack@neutron-api.service[101559]: DEBUG neutron_lib.callbacks.manager [None req-513191f6-798b-477b-b38c-c342475b6fb1 admin admin] Publish callbacks ['neutron.services.auto_allocate.db._ensure_external_network_default_value_callback-8390348455076'] for network (0c4139f8-3f77-44b3-a408-27418ce7169f), precommit_create {{(pid=101559) _notify_loop /opt/stack/data/venv/lib/python3.12/site-packages/neutron_lib/callbacks/manager.py:184}}
Aug 02 12:21:11.951172 np0000187843 devstack@neutron-api.service[101559]: DEBUG neutron.plugins.ml2.drivers.ovn.mech_driver.mech_driver [None req-513191f6-798b-477b-b38c-c342475b6fb1 admin admin] Validating network segment with type geneve, segmentation ID 33847, physical network None {{(pid=101559) _validate_network_segments /opt/stack/neutron/neutron/plugins/ml2/drivers/ovn/mech_driver/mech_driver.py:646}}
Aug 02 12:21:11.951308 np0000187843 devstack@neutron-api.service[101559]: DEBUG neutron.db.ovn_revision_numbers_db [None req-513191f6-798b-477b-b38c-c342475b6fb1 admin admin] create_initial_revision uuid=0c4139f8-3f77-44b3-a408-27418ce7169f, type=networks, rev=-1 {{(pid=101559) create_initial_revision /opt/stack/neutron/neutron/db/ovn_revision_numbers_db.py:98}}
Aug 02 12:21:11.968199 np0000187843 devstack@neutron-api.service[101559]: DEBUG neutron_lib.callbacks.manager [None req-513191f6-798b-477b-b38c-c342475b6fb1 admin admin] Publish callbacks ['neutron.plugins.ml2.ovo_rpc._ObjectChangeHandler.handle_event-6784803'] for network (0c4139f8-3f77-44b3-a408-27418ce7169f), after_create {{(pid=101559) _notify_loop /opt/stack/data/venv/lib/python3.12/site-packages/neutron_lib/callbacks/manager.py:184}}
Aug 02 12:21:12.014653 np0000187843 devstack@neutron-api.service[101559]: DEBUG neutron.api.rpc.handlers.resources_rpc [None req-513191f6-798b-477b-b38c-c342475b6fb1 admin admin] Pushing event updated for resources: {'Network': ['ID=0c4139f8-3f77-44b3-a408-27418ce7169f,revision_number=1']} {{(pid=101559) push /opt/stack/neutron/neutron/api/rpc/handlers/resources_rpc.py:237}}
Aug 02 12:21:12.022981 np0000187843 devstack@neutron-api.service[101559]: DEBUG ovsdbapp.backend.ovs_idl.transaction [-] Running txn n=1 command(idx=0): AddNetworkCommand(_result=None, network_uuid=0c4139f8-3f77-44b3-a408-27418ce7169f, may_exist=True, columns={'external_ids': {'neutron:network_name': 'private', 'neutron:mtu': '1372', 'neutron:revision_number': '1', 'neutron:availability_zone_hints': '', 'neutron:provnet-network-type': 'geneve'}, 'other_config': {'mcast_snoop': 'false', 'mcast_flood_unregistered': 'false', 'vlan-passthru': 'false'}}) {{(pid=101559) do_commit /opt/stack/data/venv/lib/python3.12/site-packages/ovsdbapp/backend/ovs_idl/transaction.py:89}}
Aug 02 12:21:12.023762 np0000187843 devstack@neutron-api.service[101559]: DEBUG neutron.common.ovn.utils [-] OVS persist_uuid supported=True {{(pid=101559) ovs_persist_uuid_supported /opt/stack/neutron/neutron/common/ovn/utils.py:1565}}
Aug 02 12:21:12.028114 np0000187843 devstack@neutron-api.service[101559]: DEBUG neutron.plugins.ml2.drivers.ovn.mech_driver.ovsdb.ovsdb_monitor [-] Hash Ring: Node b826f9f2f0035ff2919b7534c7edd549 (host: np0000187843) handling event "create" for row 0c4139f8-3f77-44b3-a408-27418ce7169f (table: Logical_Switch) {{(pid=101559) notify /opt/stack/neutron/neutron/plugins/ml2/drivers/ovn/mech_driver/ovsdb/ovsdb_monitor.py:1013}}
Aug 02 12:21:12.030516 np0000187843 devstack@neutron-api.service[101561]: DEBUG neutron.plugins.ml2.drivers.ovn.mech_driver.ovsdb.ovsdb_monitor [-] Hash Ring: Node 77ea0464e7635b6180374c3e6376a132 (host: np0000187843) handling event "create" for row 0c4139f8-3f77-44b3-a408-27418ce7169f (table: Logical_Switch) {{(pid=101561) notify /opt/stack/neutron/neutron/plugins/ml2/drivers/ovn/mech_driver/ovsdb/ovsdb_monitor.py:1013}}
Aug 02 12:21:12.037026 np0000187843 devstack@neutron-api.service[101561]: DEBUG neutron.plugins.ml2.drivers.ovn.mech_driver.ovsdb.ovsdb_monitor [-] Hash Ring: Node 77ea0464e7635b6180374c3e6376a132 (host: np0000187843) handling event "create" for row 46f64e88-6aad-4d1e-9e02-e9ed3effd7ed (table: Datapath_Binding) {{(pid=101561) notify /opt/stack/neutron/neutron/plugins/ml2/drivers/ovn/mech_driver/ovsdb/ovsdb_monitor.py:1013}}
Aug 02 12:21:12.066447 np0000187843 devstack@neutron-api.service[101559]: INFO neutron.db.ovn_revision_numbers_db [None req-513191f6-798b-477b-b38c-c342475b6fb1 admin admin] Successfully bumped revision number for resource 0c4139f8-3f77-44b3-a408-27418ce7169f (type: networks) to 1
