Aug 02 12:21:02.935337 np0000187843 devstack@neutron-api.service[101558]: INFO neutron.plugins.ml2.drivers.ovn.mech_driver.mech_driver [None req-1003ed27-6c14-4938-93a9-26424bd6d409 None None] Starting OVNMechanismDriver
Aug 02 12:21:02.935382 np0000187843 devstack@neutron-api.service[101559]: DEBUG neutron.api.extensions [None req-830a7034-c273-45cc-acb6-8c36e9e2e86c None None] Ext name="Enable Default Route BFD" alias="enable-default-route-bfd" description="Enables configurable BFD behavior for default routes" updated="2023-02-27T00:00:00-00:00" {{(pid=101559) _check_extension /opt/stack/neutron/neutron/api/extensions.py:415}}
Aug 02 12:21:02.935431 np0000187843 devstack@neutron-api.service[101559]: INFO neutron.api.extensions [None req-830a7034-c273-45cc-acb6-8c36e9e2e86c None None] Loaded extension: enable-default-route-bfd
Aug 02 12:21:02.935529 np0000187843 devstack@neutron-api.service[101559]: DEBUG neutron.api.extensions [None req-830a7034-c273-45cc-acb6-8c36e9e2e86c None None] Loading extension file: l3_enable_default_route_ecmp.py {{(pid=101559) _load_all_extensions_from_path /opt/stack/neutron/neutron/api/extensions.py:449}}
Aug 02 12:21:02.935751 np0000187843 devstack@neutron-api.service[101559]: DEBUG neutron.api.extensions [None req-830a7034-c273-45cc-acb6-8c36e9e2e86c None None] Ext name="Enable Default Route ECMP" alias="enable-default-route-ecmp" description="Enables configurable ECMP behavior for default routes" updated="2023-02-27T00:00:00-00:00" {{(pid=101559) _check_extension /opt/stack/neutron/neutron/api/extensions.py:415}}
Aug 02 12:21:02.935894 np0000187843 devstack@neutron-api.service[101559]: INFO neutron.api.extensions [None req-830a7034-c273-45cc-acb6-8c36e9e2e86c None None] Loaded extension: enable-default-route-ecmp
Aug 02 12:21:02.936022 np0000187843 devstack@neutron-api.service[101559]: DEBUG neutron.api.extensions [None req-830a7034-c273-45cc-acb6-8c36e9e2e86c None None] Loading extension file: l3_ext_gw_mode.py {{(pid=101559) _load_all_extensions_from_path /opt/stack/neutron/neutron/api/extensions.py:449}}
Aug 02 12:21:02.936220 np0000187843 devstack@neutron-api.service[101559]: DEBUG neutron.api.extensions [None req-830a7034-c273-45cc-acb6-8c36e9e2e86c None None] Ext name="Neutron L3 Configurable external gateway mode" alias="ext-gw-mode" description="Extension of the router abstraction for specifying whether SNAT should occur on the external gateway" updated="2013-03-28T10:00:00-00:00" {{(pid=101559) _check_extension /opt/stack/neutron/neutron/api/extensions.py:415}}
Aug 02 12:21:02.936390 np0000187843 devstack@neutron-api.service[101559]: INFO neutron.api.extensions [None req-830a7034-c273-45cc-acb6-8c36e9e2e86c None None] Loaded extension: ext-gw-mode
Aug 02 12:21:02.936467 np0000187843 devstack@neutron-api.service[101559]: DEBUG neutron.api.extensions [None req-830a7034-c273-45cc-acb6-8c36e9e2e86c None None] Loading extension file: l3_ext_ha_mode.py {{(pid=101559) _load_all_extensions_from_path /opt/stack/neutron/neutron/api/extensions.py:449}}
Aug 02 12:21:02.936611 np0000187843 devstack@neutron-api.service[101558]: DEBUG neutron_lib.callbacks.manager [None req-1003ed27-6c14-4938-93a9-26424bd6d409 None None] Subscribe: > process before_spawn 55550000, False {{(pid=101558) subscribe /opt/stack/data/venv/lib/python3.12/site-packages/neutron_lib/callbacks/manager.py:52}}
Aug 02 12:21:02.936712 np0000187843 devstack@neutron-api.service[101559]: DEBUG neutron.api.extensions [None req-830a7034-c273-45cc-acb6-8c36e9e2e86c None None] Ext name="HA Router extension" alias="l3-ha" description="Adds HA capability to routers." updated="2014-04-26T00:00:00-00:00" {{(pid=101559) _check_extension /opt/stack/neutron/neutron/api/extensions.py:415}}
Aug 02 12:21:02.936822 np0000187843 devstack@neutron-api.service[101558]: DEBUG neutron_lib.callbacks.manager [None req-1003ed27-6c14-4938-93a9-26424bd6d409 None None] Subscribe: > process after_init 55550000, True {{(pid=101558) subscribe /opt/stack/data/venv/lib/python3.12/site-packages/neutron_lib/callbacks/manager.py:52}}
Aug 02 12:21:02.936873 np0000187843 devstack@neutron-api.service[101559]: INFO neutron.api.extensions [None req-830a7034-c273-45cc-acb6-8c36e9e2e86c None None] Loaded extension: l3-ha
Aug 02 12:21:02.936920 np0000187843 devstack@neutron-api.service[101558]: DEBUG neutron_lib.callbacks.manager [None req-1003ed27-6c14-4938-93a9-26424bd6d409 None None] Subscribe: > segment after_create 55550000, False {{(pid=101558) subscribe /opt/stack/data/venv/lib/python3.12/site-packages/neutron_lib/callbacks/manager.py:52}}
Aug 02 12:21:02.936988 np0000187843 devstack@neutron-api.service[101559]: DEBUG neutron.api.extensions [None req-830a7034-c273-45cc-acb6-8c36e9e2e86c None None] Loading extension file: l3_ext_ndp_proxy.py {{(pid=101559) _load_all_extensions_from_path /opt/stack/neutron/neutron/api/extensions.py:449}}
Aug 02 12:21:02.937045 np0000187843 devstack@neutron-api.service[101558]: DEBUG neutron_lib.callbacks.manager [None req-1003ed27-6c14-4938-93a9-26424bd6d409 None None] Subscribe: > segment after_create 55550000, False {{(pid=101558) subscribe /opt/stack/data/venv/lib/python3.12/site-packages/neutron_lib/callbacks/manager.py:52}}
Aug 02 12:21:02.937045 np0000187843 devstack@neutron-api.service[101558]: DEBUG neutron_lib.callbacks.manager [None req-1003ed27-6c14-4938-93a9-26424bd6d409 None None] Subscribe: > segment after_delete 55550000, False {{(pid=101558) subscribe /opt/stack/data/venv/lib/python3.12/site-packages/neutron_lib/callbacks/manager.py:52}}
Aug 02 12:21:02.937349 np0000187843 devstack@neutron-api.service[101558]: DEBUG neutron_lib.callbacks.manager [None req-1003ed27-6c14-4938-93a9-26424bd6d409 None None] Subscribe: > allowed_address_pair before_create 55550000, False {{(pid=101558) subscribe /opt/stack/data/venv/lib/python3.12/site-packages/neutron_lib/callbacks/manager.py:52}}
Aug 02 12:21:02.937349 np0000187843 devstack@neutron-api.service[101558]: DEBUG neutron_lib.callbacks.manager [None req-1003ed27-6c14-4938-93a9-26424bd6d409 None None] Subscribe: > security_group precommit_create 55550000, False {{(pid=101558) subscribe /opt/stack/data/venv/lib/python3.12/site-packages/neutron_lib/callbacks/manager.py:52}}
Aug 02 12:21:02.937349 np0000187843 devstack@neutron-api.service[101558]: DEBUG neutron_lib.callbacks.manager [None req-1003ed27-6c14-4938-93a9-26424bd6d409 None None] Subscribe: > security_group after_update 55550000, False {{(pid=101558) subscribe /opt/stack/data/venv/lib/python3.12/site-packages/neutron_lib/callbacks/manager.py:52}}
Aug 02 12:21:02.937639 np0000187843 devstack@neutron-api.service[101558]: DEBUG neutron_lib.callbacks.manager [None req-1003ed27-6c14-4938-93a9-26424bd6d409 None None] Subscribe: > security_group after_create 55550000, False {{(pid=101558) subscribe /opt/stack/data/venv/lib/python3.12/site-packages/neutron_lib/callbacks/manager.py:52}}
Aug 02 12:21:02.937639 np0000187843 devstack@neutron-api.service[101558]: DEBUG neutron_lib.callbacks.manager [None req-1003ed27-6c14-4938-93a9-26424bd6d409 None None] Subscribe: > security_group precommit_delete 55550000, False {{(pid=101558) subscribe /opt/stack/data/venv/lib/python3.12/site-packages/neutron_lib/callbacks/manager.py:52}}
Aug 02 12:21:02.937639 np0000187843 devstack@neutron-api.service[101558]: DEBUG neutron_lib.callbacks.manager [None req-1003ed27-6c14-4938-93a9-26424bd6d409 None None] Subscribe: > security_group after_delete 55550000, False {{(pid=101558) subscribe /opt/stack/data/venv/lib/python3.12/site-packages/neutron_lib/callbacks/manager.py:52}}
Aug 02 12:21:02.937837 np0000187843 devstack@neutron-api.service[101558]: DEBUG neutron_lib.callbacks.manager [None req-1003ed27-6c14-4938-93a9-26424bd6d409 None None] Subscribe: > security_group_rule precommit_create 55550000, False {{(pid=101558) subscribe /opt/stack/data/venv/lib/python3.12/site-packages/neutron_lib/callbacks/manager.py:52}}
Aug 02 12:21:02.937837 np0000187843 devstack@neutron-api.service[101558]: DEBUG neutron_lib.callbacks.manager [None req-1003ed27-6c14-4938-93a9-26424bd6d409 None None] Subscribe: > security_group_rule after_create 55550000, False {{(pid=101558) subscribe /opt/stack/data/venv/lib/python3.12/site-packages/neutron_lib/callbacks/manager.py:52}}
Aug 02 12:21:02.939349 np0000187843 devstack@neutron-api.service[101558]: DEBUG neutron_lib.callbacks.manager [None req-1003ed27-6c14-4938-93a9-26424bd6d409 None None] Subscribe: > security_group_rule before_delete 55550000, False {{(pid=101558) subscribe /opt/stack/data/venv/lib/python3.12/site-packages/neutron_lib/callbacks/manager.py:52}}
Aug 02 12:21:02.939349 np0000187843 devstack@neutron-api.service[101558]: DEBUG neutron_lib.callbacks.manager [None req-1003ed27-6c14-4938-93a9-26424bd6d409 None None] Subscribe: > address_group after_create 55550000, False {{(pid=101558) subscribe /opt/stack/data/venv/lib/python3.12/site-packages/neutron_lib/callbacks/manager.py:52}}
Aug 02 12:21:02.939853 np0000187843 devstack@neutron-api.service[101559]: DEBUG neutron.api.extensions [None req-830a7034-c273-45cc-acb6-8c36e9e2e86c None None] Ext name="Router support to enable NDP proxy" alias="l3-ext-ndp-proxy" description="Router extension to enable ndp proxy" updated="2020-08-25T00:00:00-00:00" {{(pid=101559) _check_extension /opt/stack/neutron/neutron/api/extensions.py:415}}
Aug 02 12:21:02.940220 np0000187843 devstack@neutron-api.service[101558]: DEBUG neutron_lib.callbacks.manager [None req-1003ed27-6c14-4938-93a9-26424bd6d409 None None] Subscribe: > address_group after_update 55550000, False {{(pid=101558) subscribe /opt/stack/data/venv/lib/python3.12/site-packages/neutron_lib/callbacks/manager.py:52}}
Aug 02 12:21:02.940220 np0000187843 devstack@neutron-api.service[101558]: DEBUG neutron_lib.callbacks.manager [None req-1003ed27-6c14-4938-93a9-26424bd6d409 None None] Subscribe: > address_group after_delete 55550000, False {{(pid=101558) subscribe /opt/stack/data/venv/lib/python3.12/site-packages/neutron_lib/callbacks/manager.py:52}}
Aug 02 12:21:02.940442 np0000187843 devstack@neutron-api.service[101559]: INFO neutron.api.extensions [None req-830a7034-c273-45cc-acb6-8c36e9e2e86c None None] Extension l3-ext-ndp-proxy not supported by any of loaded plugins
Aug 02 12:21:02.940442 np0000187843 devstack@neutron-api.service[101559]: DEBUG neutron.api.extensions [None req-830a7034-c273-45cc-acb6-8c36e9e2e86c None None] Loading extension file: l3_extra_gws.py {{(pid=101559) _load_all_extensions_from_path /opt/stack/neutron/neutron/api/extensions.py:449}}
Aug 02 12:21:02.941033 np0000187843 devstack@neutron-api.service[101558]: DEBUG neutron_lib.callbacks.manager [None req-1003ed27-6c14-4938-93a9-26424bd6d409 None None] Subscribe: > qos_plugin after_init 55550000, False {{(pid=101558) subscribe /opt/stack/data/venv/lib/python3.12/site-packages/neutron_lib/callbacks/manager.py:52}}
Aug 02 12:21:02.941541 np0000187843 devstack@neutron-api.service[101559]: DEBUG neutron.api.extensions [None req-830a7034-c273-45cc-acb6-8c36e9e2e86c None None] Ext name="Neutron L3 External Gateway Multihoming" alias="external-gateway-multihoming" description="Allow multiple external gateway ports per router" updated="2023-01-18T00:00:00-00:00" {{(pid=101559) _check_extension /opt/stack/neutron/neutron/api/extensions.py:415}}
Aug 02 12:21:02.942042 np0000187843 devstack@neutron-api.service[101558]: DEBUG neutron_lib.callbacks.manager [None req-1003ed27-6c14-4938-93a9-26424bd6d409 None None] Subscribe: > trunk_plugin after_init 55550000, False {{(pid=101558) subscribe /opt/stack/data/venv/lib/python3.12/site-packages/neutron_lib/callbacks/manager.py:52}}
Aug 02 12:21:02.942565 np0000187843 devstack@neutron-api.service[101559]: INFO neutron.api.extensions [None req-830a7034-c273-45cc-acb6-8c36e9e2e86c None None] Loaded extension: external-gateway-multihoming
Aug 02 12:21:02.943211 np0000187843 devstack@neutron-api.service[101558]: DEBUG neutron_lib.callbacks.manager [None req-1003ed27-6c14-4938-93a9-26424bd6d409 None None] Subscribe: > logging-plugin after_init 55550000, False {{(pid=101558) subscribe /opt/stack/data/venv/lib/python3.12/site-packages/neutron_lib/callbacks/manager.py:52}}
Aug 02 12:21:02.943739 np0000187843 devstack@neutron-api.service[101559]: DEBUG neutron.api.extensions [None req-830a7034-c273-45cc-acb6-8c36e9e2e86c None None] Loading extension file: l3_flavors.py {{(pid=101559) _load_all_extensions_from_path /opt/stack/neutron/neutron/api/extensions.py:449}}
Aug 02 12:21:02.943739 np0000187843 devstack@neutron-api.service[101559]: DEBUG neutron.api.extensions [None req-830a7034-c273-45cc-acb6-8c36e9e2e86c None None] Ext name="Router Flavor Extension" alias="l3-flavors" description="Flavor support for routers." updated="2016-05-17T00:00:00-00:00" {{(pid=101559) _check_extension /opt/stack/neutron/neutron/api/extensions.py:415}}
Aug 02 12:21:02.943739 np0000187843 devstack@neutron-api.service[101559]: INFO neutron.api.extensions [None req-830a7034-c273-45cc-acb6-8c36e9e2e86c None None] Loaded extension: l3-flavors
Aug 02 12:21:02.944278 np0000187843 devstack@neutron-api.service[101558]: INFO neutron.services.logapi.drivers.ovn.driver [None req-1003ed27-6c14-4938-93a9-26424bd6d409 None None] OVN logging driver registered
Aug 02 12:21:02.944528 np0000187843 devstack@neutron-api.service[101559]: DEBUG neutron.api.extensions [None req-830a7034-c273-45cc-acb6-8c36e9e2e86c None None] Loading extension file: l3_ndp_proxy.py {{(pid=101559) _load_all_extensions_from_path /opt/stack/neutron/neutron/api/extensions.py:449}}
Aug 02 12:21:02.944780 np0000187843 devstack@neutron-api.service[101558]: DEBUG neutron_lib.callbacks.manager [None req-1003ed27-6c14-4938-93a9-26424bd6d409 None None] Subscribe: ._register_pvlan_driver at 0x7a187b3c25c0> pvlan_plugin before_spawn 55550000, False {{(pid=101558) subscribe /opt/stack/data/venv/lib/python3.12/site-packages/neutron_lib/callbacks/manager.py:52}}
Aug 02 12:21:02.944780 np0000187843 devstack@neutron-api.service[101558]: DEBUG neutron_lib.callbacks.manager [None req-1003ed27-6c14-4938-93a9-26424bd6d409 None None] Subscribe: process after_init 55550000, False {{(pid=101558) subscribe /opt/stack/data/venv/lib/python3.12/site-packages/neutron_lib/callbacks/manager.py:52}}
Aug 02 12:21:02.945658 np0000187843 devstack@neutron-api.service[101559]: DEBUG neutron.api.extensions [None req-830a7034-c273-45cc-acb6-8c36e9e2e86c None None] Ext name="name" alias="l3-ndp-proxy" description="description" updated="2021-06-29T10:00:00-00:00" {{(pid=101559) _check_extension /opt/stack/neutron/neutron/api/extensions.py:415}}
Aug 02 12:21:02.945658 np0000187843 devstack@neutron-api.service[101559]: INFO neutron.api.extensions [None req-830a7034-c273-45cc-acb6-8c36e9e2e86c None None] Extension l3-ndp-proxy not supported by any of loaded plugins
Aug 02 12:21:02.945658 np0000187843 devstack@neutron-api.service[101559]: DEBUG neutron.api.extensions [None req-830a7034-c273-45cc-acb6-8c36e9e2e86c None None] Loading extension file: l3_port_ip_change_not_allowed.py {{(pid=101559) _load_all_extensions_from_path /opt/stack/neutron/neutron/api/extensions.py:449}}
Aug 02 12:21:02.945658 np0000187843 devstack@neutron-api.service[101559]: DEBUG neutron.api.extensions [None req-830a7034-c273-45cc-acb6-8c36e9e2e86c None None] Ext name="Prevent L3 router ports IP address change extension" alias="l3-port-ip-change-not-allowed" description="Prevent change of IP address for some L3 router ports" updated="2018-10-09T10:00:00-00:00" {{(pid=101559) _check_extension /opt/stack/neutron/neutron/api/extensions.py:415}}
Aug 02 12:21:02.945658 np0000187843 devstack@neutron-api.service[101559]: INFO neutron.api.extensions [None req-830a7034-c273-45cc-acb6-8c36e9e2e86c None None] Extension l3-port-ip-change-not-allowed not supported by any of loaded plugins
Aug 02 12:21:02.945658 np0000187843 devstack@neutron-api.service[101559]: DEBUG neutron.api.extensions [None req-830a7034-c273-45cc-acb6-8c36e9e2e86c None None] Loading extension file: l3agentscheduler.py {{(pid=101559) _load_all_extensions_from_path /opt/stack/neutron/neutron/api/extensions.py:449}}
Aug 02 12:21:02.946288 np0000187843 devstack@neutron-api.service[101558]: DEBUG neutron.plugins.ml2.plugin [None req-1003ed27-6c14-4938-93a9-26424bd6d409 None None] neutron.plugins.ml2.plugin.Ml2Plugin method _start_rpc_notifiers called with arguments () {} {{(pid=101558) wrapper /opt/stack/data/venv/lib/python3.12/site-packages/oslo_log/helpers.py:77}}
Aug 02 12:21:02.946539 np0000187843 devstack@neutron-api.service[101559]: DEBUG neutron.api.extensions [None req-830a7034-c273-45cc-acb6-8c36e9e2e86c None None] Ext name="L3 Agent Scheduler" alias="l3_agent_scheduler" description="Schedule routers among l3 agents" updated="2013-02-07T10:00:00-00:00" {{(pid=101559) _check_extension /opt/stack/neutron/neutron/api/extensions.py:415}}
Aug 02 12:21:02.946539 np0000187843 devstack@neutron-api.service[101559]: INFO neutron.api.extensions [None req-830a7034-c273-45cc-acb6-8c36e9e2e86c None None] Loaded extension: l3_agent_scheduler
Aug 02 12:21:02.946891 np0000187843 devstack@neutron-api.service[101558]: DEBUG neutron_lib.callbacks.manager [None req-1003ed27-6c14-4938-93a9-26424bd6d409 None None] Subscribe: > port after_create 55550000, False {{(pid=101558) subscribe /opt/stack/data/venv/lib/python3.12/site-packages/neutron_lib/callbacks/manager.py:52}}
Aug 02 12:21:02.947877 np0000187843 devstack@neutron-api.service[101559]: DEBUG neutron.api.extensions [None req-830a7034-c273-45cc-acb6-8c36e9e2e86c None None] Loading extension file: local_ip.py {{(pid=101559) _load_all_extensions_from_path /opt/stack/neutron/neutron/api/extensions.py:449}}
Aug 02 12:21:02.948293 np0000187843 devstack@neutron-api.service[101558]: DEBUG neutron_lib.callbacks.manager [None req-1003ed27-6c14-4938-93a9-26424bd6d409 None None] Subscribe: > port after_update 55550000, False {{(pid=101558) subscribe /opt/stack/data/venv/lib/python3.12/site-packages/neutron_lib/callbacks/manager.py:52}}
Aug 02 12:21:02.948293 np0000187843 devstack@neutron-api.service[101558]: DEBUG neutron_lib.callbacks.manager [None req-1003ed27-6c14-4938-93a9-26424bd6d409 None None] Subscribe: > port after_delete 55550000, False {{(pid=101558) subscribe /opt/stack/data/venv/lib/python3.12/site-packages/neutron_lib/callbacks/manager.py:52}}
Aug 02 12:21:02.948293 np0000187843 devstack@neutron-api.service[101558]: DEBUG neutron_lib.callbacks.manager [None req-1003ed27-6c14-4938-93a9-26424bd6d409 None None] Subscribe: > subnet after_create 55550000, False {{(pid=101558) subscribe /opt/stack/data/venv/lib/python3.12/site-packages/neutron_lib/callbacks/manager.py:52}}
Aug 02 12:21:02.948486 np0000187843 devstack@neutron-api.service[101559]: DEBUG neutron.api.extensions [None req-830a7034-c273-45cc-acb6-8c36e9e2e86c None None] Ext name="Local IP" alias="local_ip" description="Support Node Local Virtual IP" updated="2021-07-26T10:00:00-00:00" {{(pid=101559) _check_extension /opt/stack/neutron/neutron/api/extensions.py:415}}
Aug 02 12:21:02.948762 np0000187843 devstack@neutron-api.service[101558]: DEBUG neutron_lib.callbacks.manager [None req-1003ed27-6c14-4938-93a9-26424bd6d409 None None] Subscribe: > subnet after_update 55550000, False {{(pid=101558) subscribe /opt/stack/data/venv/lib/python3.12/site-packages/neutron_lib/callbacks/manager.py:52}}
Aug 02 12:21:02.948869 np0000187843 devstack@neutron-api.service[101559]: INFO neutron.api.extensions [None req-830a7034-c273-45cc-acb6-8c36e9e2e86c None None] Extension local_ip not supported by any of loaded plugins
Aug 02 12:21:02.948970 np0000187843 devstack@neutron-api.service[101558]: DEBUG neutron_lib.callbacks.manager [None req-1003ed27-6c14-4938-93a9-26424bd6d409 None None] Subscribe: > subnet after_delete 55550000, False {{(pid=101558) subscribe /opt/stack/data/venv/lib/python3.12/site-packages/neutron_lib/callbacks/manager.py:52}}
Aug 02 12:21:02.949086 np0000187843 devstack@neutron-api.service[101559]: DEBUG neutron.api.extensions [None req-830a7034-c273-45cc-acb6-8c36e9e2e86c None None] Loading extension file: logging.py {{(pid=101559) _load_all_extensions_from_path /opt/stack/neutron/neutron/api/extensions.py:449}}
Aug 02 12:21:02.949178 np0000187843 devstack@neutron-api.service[101558]: DEBUG neutron_lib.callbacks.manager [None req-1003ed27-6c14-4938-93a9-26424bd6d409 None None] Subscribe: > network after_create 55550000, False {{(pid=101558) subscribe /opt/stack/data/venv/lib/python3.12/site-packages/neutron_lib/callbacks/manager.py:52}}
Aug 02 12:21:02.949178 np0000187843 devstack@neutron-api.service[101558]: DEBUG neutron_lib.callbacks.manager [None req-1003ed27-6c14-4938-93a9-26424bd6d409 None None] Subscribe: > network after_update 55550000, False {{(pid=101558) subscribe /opt/stack/data/venv/lib/python3.12/site-packages/neutron_lib/callbacks/manager.py:52}}
Aug 02 12:21:02.949178 np0000187843 devstack@neutron-api.service[101558]: DEBUG neutron_lib.callbacks.manager [None req-1003ed27-6c14-4938-93a9-26424bd6d409 None None] Subscribe: > network after_delete 55550000, False {{(pid=101558) subscribe /opt/stack/data/venv/lib/python3.12/site-packages/neutron_lib/callbacks/manager.py:52}}
Aug 02 12:21:02.949344 np0000187843 devstack@neutron-api.service[101559]: DEBUG neutron.api.extensions [None req-830a7034-c273-45cc-acb6-8c36e9e2e86c None None] Ext name="Logging API Extension" alias="logging" description="Provides a logging API for resources such as security group and firewall." updated="2017-01-01T10:00:00-00:00" {{(pid=101559) _check_extension /opt/stack/neutron/neutron/api/extensions.py:415}}
Aug 02 12:21:02.949435 np0000187843 devstack@neutron-api.service[101558]: DEBUG neutron_lib.callbacks.manager [None req-1003ed27-6c14-4938-93a9-26424bd6d409 None None] Subscribe: > security_group after_create 55550000, False {{(pid=101558) subscribe /opt/stack/data/venv/lib/python3.12/site-packages/neutron_lib/callbacks/manager.py:52}}
Aug 02 12:21:02.949435 np0000187843 devstack@neutron-api.service[101558]: DEBUG neutron_lib.callbacks.manager [None req-1003ed27-6c14-4938-93a9-26424bd6d409 None None] Subscribe: > security_group after_update 55550000, False {{(pid=101558) subscribe /opt/stack/data/venv/lib/python3.12/site-packages/neutron_lib/callbacks/manager.py:52}}
Aug 02 12:21:02.949560 np0000187843 devstack@neutron-api.service[101559]: INFO neutron.api.extensions [None req-830a7034-c273-45cc-acb6-8c36e9e2e86c None None] Extension logging not supported by any of loaded plugins
Aug 02 12:21:02.949647 np0000187843 devstack@neutron-api.service[101558]: DEBUG neutron_lib.callbacks.manager [None req-1003ed27-6c14-4938-93a9-26424bd6d409 None None] Subscribe: > security_group after_delete 55550000, False {{(pid=101558) subscribe /opt/stack/data/venv/lib/python3.12/site-packages/neutron_lib/callbacks/manager.py:52}}
Aug 02 12:21:02.949727 np0000187843 devstack@neutron-api.service[101559]: DEBUG neutron.api.extensions [None req-830a7034-c273-45cc-acb6-8c36e9e2e86c None None] Loading extension file: metering.py {{(pid=101559) _load_all_extensions_from_path /opt/stack/neutron/neutron/api/extensions.py:449}}
Aug 02 12:21:02.949808 np0000187843 devstack@neutron-api.service[101558]: DEBUG neutron_lib.callbacks.manager [None req-1003ed27-6c14-4938-93a9-26424bd6d409 None None] Subscribe: > security_group_rule after_create 55550000, False {{(pid=101558) subscribe /opt/stack/data/venv/lib/python3.12/site-packages/neutron_lib/callbacks/manager.py:52}}
Aug 02 12:21:02.949808 np0000187843 devstack@neutron-api.service[101558]: DEBUG neutron_lib.callbacks.manager [None req-1003ed27-6c14-4938-93a9-26424bd6d409 None None] Subscribe: > security_group_rule after_update 55550000, False {{(pid=101558) subscribe /opt/stack/data/venv/lib/python3.12/site-packages/neutron_lib/callbacks/manager.py:52}}
Aug 02 12:21:02.949808 np0000187843 devstack@neutron-api.service[101558]: DEBUG neutron_lib.callbacks.manager [None req-1003ed27-6c14-4938-93a9-26424bd6d409 None None] Subscribe: > security_group_rule after_delete 55550000, False {{(pid=101558) subscribe /opt/stack/data/venv/lib/python3.12/site-packages/neutron_lib/callbacks/manager.py:52}}
Aug 02 12:21:02.950780 np0000187843 devstack@neutron-api.service[101559]: DEBUG neutron.api.extensions [None req-830a7034-c273-45cc-acb6-8c36e9e2e86c None None] Ext name="Neutron Metering" alias="metering" description="Neutron Metering extension." updated="2013-06-12T10:00:00-00:00" {{(pid=101559) _check_extension /opt/stack/neutron/neutron/api/extensions.py:415}}
Aug 02 12:21:02.951282 np0000187843 devstack@neutron-api.service[101558]: DEBUG neutron_lib.callbacks.manager [None req-1003ed27-6c14-4938-93a9-26424bd6d409 None None] Subscribe: > address_group after_create 55550000, False {{(pid=101558) subscribe /opt/stack/data/venv/lib/python3.12/site-packages/neutron_lib/callbacks/manager.py:52}}
Aug 02 12:21:02.951282 np0000187843 devstack@neutron-api.service[101558]: DEBUG neutron_lib.callbacks.manager [None req-1003ed27-6c14-4938-93a9-26424bd6d409 None None] Subscribe: > address_group after_update 55550000, False {{(pid=101558) subscribe /opt/stack/data/venv/lib/python3.12/site-packages/neutron_lib/callbacks/manager.py:52}}
Aug 02 12:21:02.951512 np0000187843 devstack@neutron-api.service[101559]: INFO neutron.api.extensions [None req-830a7034-c273-45cc-acb6-8c36e9e2e86c None None] Extension metering not supported by any of loaded plugins
Aug 02 12:21:02.951682 np0000187843 devstack@neutron-api.service[101558]: DEBUG neutron_lib.callbacks.manager [None req-1003ed27-6c14-4938-93a9-26424bd6d409 None None] Subscribe: > address_group after_delete 55550000, False {{(pid=101558) subscribe /opt/stack/data/venv/lib/python3.12/site-packages/neutron_lib/callbacks/manager.py:52}}
Aug 02 12:21:02.951898 np0000187843 devstack@neutron-api.service[101559]: DEBUG neutron.api.extensions [None req-830a7034-c273-45cc-acb6-8c36e9e2e86c None None] Loading extension file: metering_source_and_destination_fields.py {{(pid=101559) _load_all_extensions_from_path /opt/stack/neutron/neutron/api/extensions.py:449}}
Aug 02 12:21:02.952113 np0000187843 devstack@neutron-api.service[101558]: DEBUG neutron.plugins.ml2.ovo_rpc [None req-1003ed27-6c14-4938-93a9-26424bd6d409 None None] ML2 OVO RPC backend initialized. {{(pid=101558) __init__ /opt/stack/neutron/neutron/plugins/ml2/ovo_rpc.py:117}}
Aug 02 12:21:02.952378 np0000187843 devstack@neutron-api.service[101559]: DEBUG neutron.api.extensions [None req-830a7034-c273-45cc-acb6-8c36e9e2e86c None None] Ext name="Neutron Metering with source and destination filtering" alias="metering_source_and_destination_fields" description="Neutron Metering extension that enables the use of source and destination IP prefixes to create metering label rules." updated="2020-08-21T08:12:00-00:00" {{(pid=101559) _check_extension /opt/stack/neutron/neutron/api/extensions.py:415}}
Aug 02 12:21:02.952378 np0000187843 devstack@neutron-api.service[101559]: INFO neutron.api.extensions [None req-830a7034-c273-45cc-acb6-8c36e9e2e86c None None] Extension metering_source_and_destination_fields not supported by any of loaded plugins
Aug 02 12:21:02.952378 np0000187843 devstack@neutron-api.service[101559]: DEBUG neutron.api.extensions [None req-830a7034-c273-45cc-acb6-8c36e9e2e86c None None] Loading extension file: multiprovidernet.py {{(pid=101559) _load_all_extensions_from_path /opt/stack/neutron/neutron/api/extensions.py:449}}
Aug 02 12:21:02.952378 np0000187843 devstack@neutron-api.service[101559]: DEBUG neutron.api.extensions [None req-830a7034-c273-45cc-acb6-8c36e9e2e86c None None] Ext name="Multi Provider Network" alias="multi-provider" description="Expose mapping of virtual networks to multiple physical networks" updated="2013-06-27T10:00:00-00:00" {{(pid=101559) _check_extension /opt/stack/neutron/neutron/api/extensions.py:415}}
Aug 02 12:21:02.952693 np0000187843 devstack@neutron-api.service[101558]: INFO neutron.quota [None req-1003ed27-6c14-4938-93a9-26424bd6d409 None None] Loaded quota_driver: .
Aug 02 12:21:02.952855 np0000187843 devstack@neutron-api.service[101559]: INFO neutron.api.extensions [None req-830a7034-c273-45cc-acb6-8c36e9e2e86c None None] Loaded extension: multi-provider
Aug 02 12:21:02.953013 np0000187843 devstack@neutron-api.service[101558]: INFO neutron.plugins.ml2.plugin [None req-1003ed27-6c14-4938-93a9-26424bd6d409 None None] Modular L2 Plugin initialization complete
Aug 02 12:21:02.953128 np0000187843 devstack@neutron-api.service[101559]: DEBUG neutron.api.extensions [None req-830a7034-c273-45cc-acb6-8c36e9e2e86c None None] Loading extension file: netmtu.py {{(pid=101559) _load_all_extensions_from_path /opt/stack/neutron/neutron/api/extensions.py:449}}
Aug 02 12:21:02.953209 np0000187843 devstack@neutron-api.service[101558]: DEBUG neutron.manager [None req-1003ed27-6c14-4938-93a9-26424bd6d409 None None] Loading services supported by the core plugin {{(pid=101558) _load_services_from_core_plugin /opt/stack/neutron/neutron/manager.py:167}}
Aug 02 12:21:02.953209 np0000187843 devstack@neutron-api.service[101558]: INFO neutron.plugins.ml2.managers [None req-1003ed27-6c14-4938-93a9-26424bd6d409 None None] Got port-security extension from driver 'port_security'
Aug 02 12:21:02.953331 np0000187843 devstack@neutron-api.service[101559]: DEBUG neutron.api.extensions [None req-830a7034-c273-45cc-acb6-8c36e9e2e86c None None] Ext name="Network MTU" alias="net-mtu" description="Provides MTU attribute for a network resource." updated="2015-03-25T10:00:00-00:00" {{(pid=101559) _check_extension /opt/stack/neutron/neutron/api/extensions.py:415}}
Aug 02 12:21:02.953331 np0000187843 devstack@neutron-api.service[101559]: INFO neutron.api.extensions [None req-830a7034-c273-45cc-acb6-8c36e9e2e86c None None] Loaded extension: net-mtu
Aug 02 12:21:02.953442 np0000187843 devstack@neutron-api.service[101558]: DEBUG neutron.manager [None req-1003ed27-6c14-4938-93a9-26424bd6d409 None None] Loading service plugins: ['ovn-router', 'auto_allocate', 'tag', 'timestamp', 'network_ip_availability', 'flavors', 'revisions'] {{(pid=101558) _load_service_plugins /opt/stack/neutron/neutron/manager.py:192}}
Aug 02 12:21:02.953547 np0000187843 devstack@neutron-api.service[101559]: DEBUG neutron.api.extensions [None req-830a7034-c273-45cc-acb6-8c36e9e2e86c None None] Loading extension file: netmtu_writable.py {{(pid=101559) _load_all_extensions_from_path /opt/stack/neutron/neutron/api/extensions.py:449}}
Aug 02 12:21:02.953627 np0000187843 devstack@neutron-api.service[101558]: INFO neutron.manager [None req-1003ed27-6c14-4938-93a9-26424bd6d409 None None] Loading Plugin: ovn-router
Aug 02 12:21:02.953730 np0000187843 devstack@neutron-api.service[101559]: DEBUG neutron.api.extensions [None req-830a7034-c273-45cc-acb6-8c36e9e2e86c None None] Ext name="Network MTU (writable)" alias="net-mtu-writable" description="Provides a writable MTU attribute for a network resource." updated="2017-07-12T00:00:00-00:00" {{(pid=101559) _check_extension /opt/stack/neutron/neutron/api/extensions.py:415}}
Aug 02 12:21:02.953730 np0000187843 devstack@neutron-api.service[101559]: INFO neutron.api.extensions [None req-830a7034-c273-45cc-acb6-8c36e9e2e86c None None] Loaded extension: net-mtu-writable
Aug 02 12:21:02.953730 np0000187843 devstack@neutron-api.service[101559]: DEBUG neutron.api.extensions [None req-830a7034-c273-45cc-acb6-8c36e9e2e86c None None] Loading extension file: network_availability_zone.py {{(pid=101559) _load_all_extensions_from_path /opt/stack/neutron/neutron/api/extensions.py:449}}
Aug 02 12:21:02.953730 np0000187843 devstack@neutron-api.service[101559]: DEBUG neutron.api.extensions [None req-830a7034-c273-45cc-acb6-8c36e9e2e86c None None] Ext name="Network Availability Zone" alias="network_availability_zone" description="Availability zone support for network." updated="2015-01-01T10:00:00-00:00" {{(pid=101559) _check_extension /opt/stack/neutron/neutron/api/extensions.py:415}}
Aug 02 12:21:02.953730 np0000187843 devstack@neutron-api.service[101559]: INFO neutron.api.extensions [None req-830a7034-c273-45cc-acb6-8c36e9e2e86c None None] Loaded extension: network_availability_zone
Aug 02 12:21:02.953730 np0000187843 devstack@neutron-api.service[101559]: DEBUG neutron.api.extensions [None req-830a7034-c273-45cc-acb6-8c36e9e2e86c None None] Loading extension file: network_ha.py {{(pid=101559) _load_all_extensions_from_path /opt/stack/neutron/neutron/api/extensions.py:449}}
Aug 02 12:21:02.953730 np0000187843 devstack@neutron-api.service[101559]: DEBUG neutron.api.extensions [None req-830a7034-c273-45cc-acb6-8c36e9e2e86c None None] Ext name="Network HA creation flag" alias="network_ha" description="Network high availability creation flag." updated="2023-04-27T10:00:00-00:00" {{(pid=101559) _check_extension /opt/stack/neutron/neutron/api/extensions.py:415}}
Aug 02 12:21:02.953963 np0000187843 devstack@neutron-api.service[101559]: INFO neutron.api.extensions [None req-830a7034-c273-45cc-acb6-8c36e9e2e86c None None] Extension network_ha not supported by any of loaded plugins
Aug 02 12:21:02.953963 np0000187843 devstack@neutron-api.service[101559]: DEBUG neutron.api.extensions [None req-830a7034-c273-45cc-acb6-8c36e9e2e86c None None] Loading extension file: network_ip_availability.py {{(pid=101559) _load_all_extensions_from_path /opt/stack/neutron/neutron/api/extensions.py:449}}
Aug 02 12:21:02.953963 np0000187843 devstack@neutron-api.service[101559]: DEBUG neutron.api.extensions [None req-830a7034-c273-45cc-acb6-8c36e9e2e86c None None] Ext name="Network IP Availability" alias="network-ip-availability" description="Provides IP availability data for each network and subnet." updated="2015-09-24T00:00:00-00:00" {{(pid=101559) _check_extension /opt/stack/neutron/neutron/api/extensions.py:415}}
Aug 02 12:21:02.953963 np0000187843 devstack@neutron-api.service[101559]: INFO neutron.api.extensions [None req-830a7034-c273-45cc-acb6-8c36e9e2e86c None None] Loaded extension: network-ip-availability
Aug 02 12:21:02.953963 np0000187843 devstack@neutron-api.service[101559]: DEBUG neutron.api.extensions [None req-830a7034-c273-45cc-acb6-8c36e9e2e86c None None] Loading extension file: network_ip_availability_details.py {{(pid=101559) _load_all_extensions_from_path /opt/stack/neutron/neutron/api/extensions.py:449}}
Aug 02 12:21:02.953963 np0000187843 devstack@neutron-api.service[101559]: DEBUG neutron.api.extensions [None req-830a7034-c273-45cc-acb6-8c36e9e2e86c None None] Ext name="Network IP Availability Details Extension" alias="network-ip-availability-details" description="Add ip_availability_details attribute to network-ip-availabilities resource." updated="2025-10-31T00:00:00-00:00" {{(pid=101559) _check_extension /opt/stack/neutron/neutron/api/extensions.py:415}}
Aug 02 12:21:02.953963 np0000187843 devstack@neutron-api.service[101559]: INFO neutron.api.extensions [None req-830a7034-c273-45cc-acb6-8c36e9e2e86c None None] Loaded extension: network-ip-availability-details
Aug 02 12:21:02.954218 np0000187843 devstack@neutron-api.service[101559]: DEBUG neutron.api.extensions [None req-830a7034-c273-45cc-acb6-8c36e9e2e86c None None] Loading extension file: network_segment_range.py {{(pid=101559) _load_all_extensions_from_path /opt/stack/neutron/neutron/api/extensions.py:449}}
Aug 02 12:21:02.954218 np0000187843 devstack@neutron-api.service[101559]: DEBUG neutron.api.extensions [None req-830a7034-c273-45cc-acb6-8c36e9e2e86c None None] Ext name="Neutron Network Segment Range" alias="network-segment-range" description="Provides support for the network segment range management" updated="2018-11-29T00:00:00-00:00" {{(pid=101559) _check_extension /opt/stack/neutron/neutron/api/extensions.py:415}}
Aug 02 12:21:02.954218 np0000187843 devstack@neutron-api.service[101559]: INFO neutron.api.extensions [None req-830a7034-c273-45cc-acb6-8c36e9e2e86c None None] Extension network-segment-range not supported by any of loaded plugins
Aug 02 12:21:02.954218 np0000187843 devstack@neutron-api.service[101559]: DEBUG neutron.api.extensions [None req-830a7034-c273-45cc-acb6-8c36e9e2e86c None None] Loading extension file: pagination.py {{(pid=101559) _load_all_extensions_from_path /opt/stack/neutron/neutron/api/extensions.py:449}}
Aug 02 12:21:02.954218 np0000187843 devstack@neutron-api.service[101559]: DEBUG neutron.api.extensions [None req-830a7034-c273-45cc-acb6-8c36e9e2e86c None None] Ext name="Pagination support" alias="pagination" description="Extension that indicates that pagination is enabled." updated="2016-06-12T00:00:00-00:00" {{(pid=101559) _check_extension /opt/stack/neutron/neutron/api/extensions.py:415}}
Aug 02 12:21:02.954218 np0000187843 devstack@neutron-api.service[101559]: INFO neutron.api.extensions [None req-830a7034-c273-45cc-acb6-8c36e9e2e86c None None] Loaded extension: pagination
Aug 02 12:21:02.954218 np0000187843 devstack@neutron-api.service[101559]: DEBUG neutron.api.extensions [None req-830a7034-c273-45cc-acb6-8c36e9e2e86c None None] Loading extension file: port_device_profile.py {{(pid=101559) _load_all_extensions_from_path /opt/stack/neutron/neutron/api/extensions.py:449}}
Aug 02 12:21:02.954534 np0000187843 devstack@neutron-api.service[101559]: DEBUG neutron.api.extensions [None req-830a7034-c273-45cc-acb6-8c36e9e2e86c None None] Ext name="Port device profile" alias="port-device-profile" description="Expose the port device profile (Cyborg)" updated="2020-12-17T10:00:00-00:00" {{(pid=101559) _check_extension /opt/stack/neutron/neutron/api/extensions.py:415}}
Aug 02 12:21:02.954534 np0000187843 devstack@neutron-api.service[101559]: INFO neutron.api.extensions [None req-830a7034-c273-45cc-acb6-8c36e9e2e86c None None] Loaded extension: port-device-profile
Aug 02 12:21:02.954534 np0000187843 devstack@neutron-api.service[101559]: DEBUG neutron.api.extensions [None req-830a7034-c273-45cc-acb6-8c36e9e2e86c None None] Loading extension file: port_hardware_offload_type.py {{(pid=101559) _load_all_extensions_from_path /opt/stack/neutron/neutron/api/extensions.py:449}}
Aug 02 12:21:02.954534 np0000187843 devstack@neutron-api.service[101559]: DEBUG neutron.api.extensions [None req-830a7034-c273-45cc-acb6-8c36e9e2e86c None None] Ext name="Port hardware offload" alias="port-hardware-offload-type" description="Expose port hardware offload extension" updated="2023-05-09T10:00:00-00:00" {{(pid=101559) _check_extension /opt/stack/neutron/neutron/api/extensions.py:415}}
Aug 02 12:21:02.954534 np0000187843 devstack@neutron-api.service[101559]: INFO neutron.api.extensions [None req-830a7034-c273-45cc-acb6-8c36e9e2e86c None None] Extension port-hardware-offload-type not supported by any of loaded plugins
Aug 02 12:21:02.954534 np0000187843 devstack@neutron-api.service[101559]: DEBUG neutron.api.extensions [None req-830a7034-c273-45cc-acb6-8c36e9e2e86c None None] Loading extension file: port_hint_ovs_tx_steering.py {{(pid=101559) _load_all_extensions_from_path /opt/stack/neutron/neutron/api/extensions.py:449}}
Aug 02 12:21:02.954534 np0000187843 devstack@neutron-api.service[101559]: DEBUG neutron.api.extensions [None req-830a7034-c273-45cc-acb6-8c36e9e2e86c None None] Ext name="Port hint: Open vSwitch Tx steering" alias="port-hint-ovs-tx-steering" description="Enable Port hint: Open vSwitch Tx steering" updated="2023-01-01T00:00:00-00:00" {{(pid=101559) _check_extension /opt/stack/neutron/neutron/api/extensions.py:415}}
Aug 02 12:21:02.954862 np0000187843 devstack@neutron-api.service[101559]: INFO neutron.api.extensions [None req-830a7034-c273-45cc-acb6-8c36e9e2e86c None None] Extension port-hint-ovs-tx-steering not supported by any of loaded plugins
Aug 02 12:21:02.954862 np0000187843 devstack@neutron-api.service[101559]: DEBUG neutron.api.extensions [None req-830a7034-c273-45cc-acb6-8c36e9e2e86c None None] Loading extension file: port_hints.py {{(pid=101559) _load_all_extensions_from_path /opt/stack/neutron/neutron/api/extensions.py:449}}
Aug 02 12:21:02.954862 np0000187843 devstack@neutron-api.service[101559]: DEBUG neutron.api.extensions [None req-830a7034-c273-45cc-acb6-8c36e9e2e86c None None] Ext name="Port hints" alias="port-hints" description="Backend specific port hints to allow backend specific tuning" updated="2023-01-01T00:00:00-00:00" {{(pid=101559) _check_extension /opt/stack/neutron/neutron/api/extensions.py:415}}
Aug 02 12:21:02.954862 np0000187843 devstack@neutron-api.service[101559]: INFO neutron.api.extensions [None req-830a7034-c273-45cc-acb6-8c36e9e2e86c None None] Extension port-hints not supported by any of loaded plugins
Aug 02 12:21:02.954862 np0000187843 devstack@neutron-api.service[101559]: DEBUG neutron.api.extensions [None req-830a7034-c273-45cc-acb6-8c36e9e2e86c None None] Loading extension file: port_mac_address_override.py {{(pid=101559) _load_all_extensions_from_path /opt/stack/neutron/neutron/api/extensions.py:449}}
Aug 02 12:21:02.954862 np0000187843 devstack@neutron-api.service[101559]: DEBUG neutron.api.extensions [None req-830a7034-c273-45cc-acb6-8c36e9e2e86c None None] Ext name="Neutron Port MAC address override" alias="port-mac-override" description="Allow overriding the MAC address of a direct-physical Port via the active binding profile" updated="2022-03-18T10:00:00-00:00" {{(pid=101559) _check_extension /opt/stack/neutron/neutron/api/extensions.py:415}}
Aug 02 12:21:02.954862 np0000187843 devstack@neutron-api.service[101559]: INFO neutron.api.extensions [None req-830a7034-c273-45cc-acb6-8c36e9e2e86c None None] Extension port-mac-override not supported by any of loaded plugins
Aug 02 12:21:02.955147 np0000187843 devstack@neutron-api.service[101559]: DEBUG neutron.api.extensions [None req-830a7034-c273-45cc-acb6-8c36e9e2e86c None None] Loading extension file: port_mac_address_regenerate.py {{(pid=101559) _load_all_extensions_from_path /opt/stack/neutron/neutron/api/extensions.py:449}}
Aug 02 12:21:02.955147 np0000187843 devstack@neutron-api.service[101559]: DEBUG neutron.api.extensions [None req-830a7034-c273-45cc-acb6-8c36e9e2e86c None None] Ext name="Neutron Port MAC address regenerate" alias="port-mac-address-regenerate" description="Network port MAC address regenerate" updated="2018-05-03T10:00:00-00:00" {{(pid=101559) _check_extension /opt/stack/neutron/neutron/api/extensions.py:415}}
Aug 02 12:21:02.955147 np0000187843 devstack@neutron-api.service[101559]: INFO neutron.api.extensions [None req-830a7034-c273-45cc-acb6-8c36e9e2e86c None None] Loaded extension: port-mac-address-regenerate
Aug 02 12:21:02.955147 np0000187843 devstack@neutron-api.service[101559]: DEBUG neutron.api.extensions [None req-830a7034-c273-45cc-acb6-8c36e9e2e86c None None] Loading extension file: port_numa_affinity_policy.py {{(pid=101559) _load_all_extensions_from_path /opt/stack/neutron/neutron/api/extensions.py:449}}
Aug 02 12:21:02.955147 np0000187843 devstack@neutron-api.service[101559]: DEBUG neutron.api.extensions [None req-830a7034-c273-45cc-acb6-8c36e9e2e86c None None] Ext name="Port NUMA affinity policy" alias="port-numa-affinity-policy" description="Expose the port NUMA affinity policy" updated="2020-07-08T10:00:00-00:00" {{(pid=101559) _check_extension /opt/stack/neutron/neutron/api/extensions.py:415}}
Aug 02 12:21:02.955147 np0000187843 devstack@neutron-api.service[101559]: INFO neutron.api.extensions [None req-830a7034-c273-45cc-acb6-8c36e9e2e86c None None] Loaded extension: port-numa-affinity-policy
Aug 02 12:21:02.955147 np0000187843 devstack@neutron-api.service[101559]: DEBUG neutron.api.extensions [None req-830a7034-c273-45cc-acb6-8c36e9e2e86c None None] Loading extension file: port_numa_affinity_policy_socket.py {{(pid=101559) _load_all_extensions_from_path /opt/stack/neutron/neutron/api/extensions.py:449}}
Aug 02 12:21:02.955657 np0000187843 devstack@neutron-api.service[101559]: DEBUG neutron.api.extensions [None req-830a7034-c273-45cc-acb6-8c36e9e2e86c None None] Ext name="Port NUMA affinity policy "socket"" alias="port-numa-affinity-policy-socket" description="Adds "socket" to the supported port NUMA affinity policies" updated="2024-02-09T10:00:00-00:00" {{(pid=101559) _check_extension /opt/stack/neutron/neutron/api/extensions.py:415}}
Aug 02 12:21:02.955742 np0000187843 devstack@neutron-api.service[101558]: DEBUG neutron_lib.callbacks.manager [None req-1003ed27-6c14-4938-93a9-26424bd6d409 None None] Subscribe: > router before_delete 55550000, False {{(pid=101558) subscribe /opt/stack/data/venv/lib/python3.12/site-packages/neutron_lib/callbacks/manager.py:52}}
Aug 02 12:21:02.955850 np0000187843 devstack@neutron-api.service[101559]: INFO neutron.api.extensions [None req-830a7034-c273-45cc-acb6-8c36e9e2e86c None None] Loaded extension: port-numa-affinity-policy-socket
Aug 02 12:21:02.955950 np0000187843 devstack@neutron-api.service[101558]: DEBUG neutron_lib.callbacks.manager [None req-1003ed27-6c14-4938-93a9-26424bd6d409 None None] Subscribe: port before_update 55550000, False {{(pid=101558) subscribe /opt/stack/data/venv/lib/python3.12/site-packages/neutron_lib/callbacks/manager.py:52}}
Aug 02 12:21:02.955950 np0000187843 devstack@neutron-api.service[101558]: DEBUG neutron_lib.callbacks.manager [None req-1003ed27-6c14-4938-93a9-26424bd6d409 None None] Subscribe: port after_update 55550000, False {{(pid=101558) subscribe /opt/stack/data/venv/lib/python3.12/site-packages/neutron_lib/callbacks/manager.py:52}}
Aug 02 12:21:02.955950 np0000187843 devstack@neutron-api.service[101558]: DEBUG neutron_lib.callbacks.manager [None req-1003ed27-6c14-4938-93a9-26424bd6d409 None None] Subscribe: > port precommit_delete 55550000, False {{(pid=101558) subscribe /opt/stack/data/venv/lib/python3.12/site-packages/neutron_lib/callbacks/manager.py:52}}
Aug 02 12:21:02.956076 np0000187843 devstack@neutron-api.service[101559]: DEBUG neutron.api.extensions [None req-830a7034-c273-45cc-acb6-8c36e9e2e86c None None] Loading extension file: port_resource_request.py {{(pid=101559) _load_all_extensions_from_path /opt/stack/neutron/neutron/api/extensions.py:449}}
Aug 02 12:21:02.956180 np0000187843 devstack@neutron-api.service[101558]: DEBUG neutron_lib.callbacks.manager [None req-1003ed27-6c14-4938-93a9-26424bd6d409 None None] Subscribe: port before_update 55550000, False {{(pid=101558) subscribe /opt/stack/data/venv/lib/python3.12/site-packages/neutron_lib/callbacks/manager.py:52}}
Aug 02 12:21:02.956180 np0000187843 devstack@neutron-api.service[101558]: DEBUG neutron_lib.callbacks.manager [None req-1003ed27-6c14-4938-93a9-26424bd6d409 None None] Subscribe: port before_delete 55550000, False {{(pid=101558) subscribe /opt/stack/data/venv/lib/python3.12/site-packages/neutron_lib/callbacks/manager.py:52}}
Aug 02 12:21:02.956180 np0000187843 devstack@neutron-api.service[101558]: DEBUG neutron_lib.callbacks.manager [None req-1003ed27-6c14-4938-93a9-26424bd6d409 None None] Subscribe: > router precommit_create 55550000, False {{(pid=101558) subscribe /opt/stack/data/venv/lib/python3.12/site-packages/neutron_lib/callbacks/manager.py:52}}
Aug 02 12:21:02.956180 np0000187843 devstack@neutron-api.service[101558]: DEBUG neutron_lib.callbacks.manager [None req-1003ed27-6c14-4938-93a9-26424bd6d409 None None] Subscribe: > router precommit_create 55550000, False {{(pid=101558) subscribe /opt/stack/data/venv/lib/python3.12/site-packages/neutron_lib/callbacks/manager.py:52}}
Aug 02 12:21:02.956357 np0000187843 devstack@neutron-api.service[101558]: DEBUG neutron_lib.callbacks.manager [None req-1003ed27-6c14-4938-93a9-26424bd6d409 None None] Subscribe: > router precommit_update 55550000, False {{(pid=101558) subscribe /opt/stack/data/venv/lib/python3.12/site-packages/neutron_lib/callbacks/manager.py:52}}
Aug 02 12:21:02.956357 np0000187843 devstack@neutron-api.service[101558]: DEBUG neutron_lib.callbacks.manager [None req-1003ed27-6c14-4938-93a9-26424bd6d409 None None] Subscribe: subnet after_update 55550000, False {{(pid=101558) subscribe /opt/stack/data/venv/lib/python3.12/site-packages/neutron_lib/callbacks/manager.py:52}}
Aug 02 12:21:02.956471 np0000187843 devstack@neutron-api.service[101559]: DEBUG neutron.api.extensions [None req-830a7034-c273-45cc-acb6-8c36e9e2e86c None None] Ext name="Port Resource Request" alias="port-resource-request" description="Expose resource request to Port" updated="2018-05-08T10:00:00-00:00" {{(pid=101559) _check_extension /opt/stack/neutron/neutron/api/extensions.py:415}}
Aug 02 12:21:02.956577 np0000187843 devstack@neutron-api.service[101558]: DEBUG neutron.quota.resource_registry [None req-1003ed27-6c14-4938-93a9-26424bd6d409 None None] Tracking information for resource: router configured {{(pid=101558) set_tracked_resource /opt/stack/neutron/neutron/quota/resource_registry.py:203}}
Aug 02 12:21:02.956577 np0000187843 devstack@neutron-api.service[101558]: DEBUG neutron.quota.resource_registry [None req-1003ed27-6c14-4938-93a9-26424bd6d409 None None] Tracking information for resource: floatingip configured {{(pid=101558) set_tracked_resource /opt/stack/neutron/neutron/quota/resource_registry.py:203}}
Aug 02 12:21:02.956577 np0000187843 devstack@neutron-api.service[101558]: INFO neutron.services.ovn_l3.plugin [None req-1003ed27-6c14-4938-93a9-26424bd6d409 None None] Starting OVNL3RouterPlugin
Aug 02 12:21:02.956702 np0000187843 devstack@neutron-api.service[101559]: INFO neutron.api.extensions [None req-830a7034-c273-45cc-acb6-8c36e9e2e86c None None] Extension port-resource-request not supported by any of loaded plugins
Aug 02 12:21:02.956803 np0000187843 devstack@neutron-api.service[101558]: DEBUG neutron_lib.callbacks.manager [None req-1003ed27-6c14-4938-93a9-26424bd6d409 None None] Subscribe: > port_forwarding_plugin after_init 55550000, False {{(pid=101558) subscribe /opt/stack/data/venv/lib/python3.12/site-packages/neutron_lib/callbacks/manager.py:52}}
