May 26 04:16:08.675449 np0000176392 devstack@g-api.service[115177]: DEBUG glance.image_cache.drivers.centralized_db [None req-477e40f9-f9cd-4b82-b08e-b876b49ebabc None None] Node reference is already recorded, ignoring it {{(pid=115177) configure /opt/stack/glance/glance/image_cache/drivers/centralized_db.py:71}}
May 26 04:16:08.675585 np0000176392 devstack@g-api.service[115178]: INFO glance.image_cache [None req-5c3765d1-1106-41b3-b5d9-1ceb10c41538 None None] Image cache loaded driver 'centralized_db'.
May 26 04:16:08.678043 np0000176392 devstack@g-api.service[115176]: DEBUG glance.image_cache.drivers.centralized_db [None req-0e137325-ccfd-4d06-a857-f3ec534d33f2 None None] Node reference is already recorded, ignoring it {{(pid=115176) configure /opt/stack/glance/glance/image_cache/drivers/centralized_db.py:71}}
May 26 04:16:08.680105 np0000176392 devstack@g-api.service[115175]: INFO glance.image_cache [None req-608f2788-52c7-4205-8669-1d1b263ffffd None None] Image cache loaded driver 'centralized_db'.
May 26 04:16:08.681644 np0000176392 devstack@g-api.service[115177]: INFO glance.image_cache [None req-477e40f9-f9cd-4b82-b08e-b876b49ebabc None None] Image cache loaded driver 'centralized_db'.
May 26 04:16:08.683579 np0000176392 devstack@g-api.service[115176]: DEBUG glance.api.v2.cached_images [None req-0e137325-ccfd-4d06-a857-f3ec534d33f2 None None] Started cache worker thread {{(pid=115176) __init__ /opt/stack/glance/glance/api/v2/cached_images.py:69}}
May 26 04:16:08.684290 np0000176392 devstack@g-api.service[115176]: INFO glance.image_cache [None req-0e137325-ccfd-4d06-a857-f3ec534d33f2 None None] Image cache loaded driver 'centralized_db'.
May 26 04:16:08.685560 np0000176392 devstack@g-api.service[115178]: DEBUG glance.image_cache.drivers.centralized_db [None req-5c3765d1-1106-41b3-b5d9-1ceb10c41538 None None] Node reference is already recorded, ignoring it {{(pid=115178) configure /opt/stack/glance/glance/image_cache/drivers/centralized_db.py:71}}
May 26 04:16:08.688957 np0000176392 devstack@g-api.service[115175]: DEBUG glance.image_cache.drivers.centralized_db [None req-608f2788-52c7-4205-8669-1d1b263ffffd None None] Node reference is already recorded, ignoring it {{(pid=115175) configure /opt/stack/glance/glance/image_cache/drivers/centralized_db.py:71}}
May 26 04:16:08.691835 np0000176392 devstack@g-api.service[115177]: DEBUG glance.image_cache.drivers.centralized_db [None req-477e40f9-f9cd-4b82-b08e-b876b49ebabc None None] Node reference is already recorded, ignoring it {{(pid=115177) configure /opt/stack/glance/glance/image_cache/drivers/centralized_db.py:71}}
May 26 04:16:08.692197 np0000176392 devstack@g-api.service[115176]: DEBUG glance.image_cache.drivers.centralized_db [None req-0e137325-ccfd-4d06-a857-f3ec534d33f2 None None] Node reference is already recorded, ignoring it {{(pid=115176) configure /opt/stack/glance/glance/image_cache/drivers/centralized_db.py:71}}
May 26 04:16:08.694299 np0000176392 devstack@g-api.service[115175]: DEBUG glance.api.v2.cached_images [None req-608f2788-52c7-4205-8669-1d1b263ffffd None None] Started cache worker thread {{(pid=115175) __init__ /opt/stack/glance/glance/api/v2/cached_images.py:69}}
May 26 04:16:08.694563 np0000176392 devstack@g-api.service[115178]: DEBUG glance.api.v2.cached_images [None req-5c3765d1-1106-41b3-b5d9-1ceb10c41538 None None] Started cache worker thread {{(pid=115178) __init__ /opt/stack/glance/glance/api/v2/cached_images.py:69}}
May 26 04:16:08.695028 np0000176392 devstack@g-api.service[115175]: INFO glance.image_cache [None req-608f2788-52c7-4205-8669-1d1b263ffffd None None] Image cache loaded driver 'centralized_db'.
May 26 04:16:08.695488 np0000176392 devstack@g-api.service[115178]: INFO glance.image_cache [None req-5c3765d1-1106-41b3-b5d9-1ceb10c41538 None None] Image cache loaded driver 'centralized_db'.
May 26 04:16:08.697290 np0000176392 devstack@g-api.service[115176]: INFO glance.api.middleware.cache_manage [None req-0e137325-ccfd-4d06-a857-f3ec534d33f2 None None] Initialized image cache management middleware
May 26 04:16:08.697411 np0000176392 devstack@g-api.service[115176]: INFO glance.image_cache [None req-0e137325-ccfd-4d06-a857-f3ec534d33f2 None None] Image cache loaded driver 'centralized_db'.
May 26 04:16:08.699301 np0000176392 devstack@g-api.service[115177]: DEBUG glance.api.v2.cached_images [None req-477e40f9-f9cd-4b82-b08e-b876b49ebabc None None] Started cache worker thread {{(pid=115177) __init__ /opt/stack/glance/glance/api/v2/cached_images.py:69}}
May 26 04:16:08.700303 np0000176392 devstack@g-api.service[115177]: INFO glance.image_cache [None req-477e40f9-f9cd-4b82-b08e-b876b49ebabc None None] Image cache loaded driver 'centralized_db'.
May 26 04:16:08.702607 np0000176392 devstack@g-api.service[115175]: DEBUG glance.image_cache.drivers.centralized_db [None req-608f2788-52c7-4205-8669-1d1b263ffffd None None] Node reference is already recorded, ignoring it {{(pid=115175) configure /opt/stack/glance/glance/image_cache/drivers/centralized_db.py:71}}
May 26 04:16:08.704521 np0000176392 devstack@g-api.service[115178]: DEBUG glance.image_cache.drivers.centralized_db [None req-5c3765d1-1106-41b3-b5d9-1ceb10c41538 None None] Node reference is already recorded, ignoring it {{(pid=115178) configure /opt/stack/glance/glance/image_cache/drivers/centralized_db.py:71}}
May 26 04:16:08.704996 np0000176392 devstack@g-api.service[115176]: DEBUG glance.image_cache.drivers.centralized_db [None req-0e137325-ccfd-4d06-a857-f3ec534d33f2 None None] Node reference is already recorded, ignoring it {{(pid=115176) configure /opt/stack/glance/glance/image_cache/drivers/centralized_db.py:71}}
May 26 04:16:08.707639 np0000176392 devstack@g-api.service[115175]: INFO glance.api.middleware.cache_manage [None req-608f2788-52c7-4205-8669-1d1b263ffffd None None] Initialized image cache management middleware
May 26 04:16:08.707764 np0000176392 devstack@g-api.service[115175]: INFO glance.image_cache [None req-608f2788-52c7-4205-8669-1d1b263ffffd None None] Image cache loaded driver 'centralized_db'.
May 26 04:16:08.709040 np0000176392 devstack@g-api.service[115176]: INFO glance.api.middleware.cache [None req-0e137325-ccfd-4d06-a857-f3ec534d33f2 None None] Initialized image cache middleware
May 26 04:16:08.710941 np0000176392 devstack@g-api.service[115177]: DEBUG glance.image_cache.drivers.centralized_db [None req-477e40f9-f9cd-4b82-b08e-b876b49ebabc None None] Node reference is already recorded, ignoring it {{(pid=115177) configure /opt/stack/glance/glance/image_cache/drivers/centralized_db.py:71}}
May 26 04:16:08.711717 np0000176392 devstack@g-api.service[115178]: INFO glance.api.middleware.cache_manage [None req-5c3765d1-1106-41b3-b5d9-1ceb10c41538 None None] Initialized image cache management middleware
May 26 04:16:08.711949 np0000176392 devstack@g-api.service[115178]: INFO glance.image_cache [None req-5c3765d1-1106-41b3-b5d9-1ceb10c41538 None None] Image cache loaded driver 'centralized_db'.
May 26 04:16:08.716045 np0000176392 devstack@g-api.service[115177]: INFO glance.api.middleware.cache_manage [None req-477e40f9-f9cd-4b82-b08e-b876b49ebabc None None] Initialized image cache management middleware
May 26 04:16:08.716232 np0000176392 devstack@g-api.service[115177]: INFO glance.image_cache [None req-477e40f9-f9cd-4b82-b08e-b876b49ebabc None None] Image cache loaded driver 'centralized_db'.
May 26 04:16:08.716281 np0000176392 devstack@g-api.service[115175]: DEBUG glance.image_cache.drivers.centralized_db [None req-608f2788-52c7-4205-8669-1d1b263ffffd None None] Node reference is already recorded, ignoring it {{(pid=115175) configure /opt/stack/glance/glance/image_cache/drivers/centralized_db.py:71}}
May 26 04:16:08.722042 np0000176392 devstack@g-api.service[115176]: DEBUG glance.common.config [None req-0e137325-ccfd-4d06-a857-f3ec534d33f2 None None] ******************************************************************************** {{(pid=115176) log_opt_values /opt/stack/data/venv/lib/python3.12/site-packages/oslo_config/cfg.py:3229}}
May 26 04:16:08.722118 np0000176392 devstack@g-api.service[115176]: DEBUG glance.common.config [None req-0e137325-ccfd-4d06-a857-f3ec534d33f2 None None] Configuration options gathered from: {{(pid=115176) log_opt_values /opt/stack/data/venv/lib/python3.12/site-packages/oslo_config/cfg.py:3230}}
May 26 04:16:08.722444 np0000176392 devstack@g-api.service[115176]: DEBUG glance.common.config [None req-0e137325-ccfd-4d06-a857-f3ec534d33f2 None None] command line args: [] {{(pid=115176) log_opt_values /opt/stack/data/venv/lib/python3.12/site-packages/oslo_config/cfg.py:3231}}
May 26 04:16:08.722506 np0000176392 devstack@g-api.service[115178]: DEBUG glance.image_cache.drivers.centralized_db [None req-5c3765d1-1106-41b3-b5d9-1ceb10c41538 None None] Node reference is already recorded, ignoring it {{(pid=115178) configure /opt/stack/glance/glance/image_cache/drivers/centralized_db.py:71}}
May 26 04:16:08.722604 np0000176392 devstack@g-api.service[115176]: DEBUG glance.common.config [None req-0e137325-ccfd-4d06-a857-f3ec534d33f2 None None] config files: ['/etc/glance/glance-image-import.conf', '/etc/glance/glance-api.conf'] {{(pid=115176) log_opt_values /opt/stack/data/venv/lib/python3.12/site-packages/oslo_config/cfg.py:3232}}
May 26 04:16:08.722662 np0000176392 devstack@g-api.service[115176]: DEBUG glance.common.config [None req-0e137325-ccfd-4d06-a857-f3ec534d33f2 None None] ================================================================================ {{(pid=115176) log_opt_values /opt/stack/data/venv/lib/python3.12/site-packages/oslo_config/cfg.py:3237}}
May 26 04:16:08.723019 np0000176392 devstack@g-api.service[115176]: DEBUG glance.common.config [None req-0e137325-ccfd-4d06-a857-f3ec534d33f2 None None] allow_anonymous_access = False {{(pid=115176) log_opt_values /opt/stack/data/venv/lib/python3.12/site-packages/oslo_config/cfg.py:3245}}
May 26 04:16:08.723019 np0000176392 devstack@g-api.service[115176]: DEBUG glance.common.config [None req-0e137325-ccfd-4d06-a857-f3ec534d33f2 None None] api_limit_max = 1000 {{(pid=115176) log_opt_values /opt/stack/data/venv/lib/python3.12/site-packages/oslo_config/cfg.py:3245}}
May 26 04:16:08.723019 np0000176392 devstack@g-api.service[115176]: DEBUG glance.common.config [None req-0e137325-ccfd-4d06-a857-f3ec534d33f2 None None] backlog = 4096 {{(pid=115176) log_opt_values /opt/stack/data/venv/lib/python3.12/site-packages/oslo_config/cfg.py:3245}}
May 26 04:16:08.723159 np0000176392 devstack@g-api.service[115176]: DEBUG glance.common.config [None req-0e137325-ccfd-4d06-a857-f3ec534d33f2 None None] bind_host = 0.0.0.0 {{(pid=115176) log_opt_values /opt/stack/data/venv/lib/python3.12/site-packages/oslo_config/cfg.py:3245}}
May 26 04:16:08.723268 np0000176392 devstack@g-api.service[115176]: DEBUG glance.common.config [None req-0e137325-ccfd-4d06-a857-f3ec534d33f2 None None] bind_port = 19292 {{(pid=115176) log_opt_values /opt/stack/data/venv/lib/python3.12/site-packages/oslo_config/cfg.py:3245}}
May 26 04:16:08.723426 np0000176392 devstack@g-api.service[115176]: DEBUG glance.common.config [None req-0e137325-ccfd-4d06-a857-f3ec534d33f2 None None] client_socket_timeout = 900 {{(pid=115176) log_opt_values /opt/stack/data/venv/lib/python3.12/site-packages/oslo_config/cfg.py:3245}}
May 26 04:16:08.723537 np0000176392 devstack@g-api.service[115176]: DEBUG glance.common.config [None req-0e137325-ccfd-4d06-a857-f3ec534d33f2 None None] config_dir = [] {{(pid=115176) log_opt_values /opt/stack/data/venv/lib/python3.12/site-packages/oslo_config/cfg.py:3245}}
May 26 04:16:08.723617 np0000176392 devstack@g-api.service[115176]: DEBUG glance.common.config [None req-0e137325-ccfd-4d06-a857-f3ec534d33f2 None None] config_file = ['/etc/glance/glance-image-import.conf', '/etc/glance/glance-api.conf'] {{(pid=115176) log_opt_values /opt/stack/data/venv/lib/python3.12/site-packages/oslo_config/cfg.py:3245}}
May 26 04:16:08.723721 np0000176392 devstack@g-api.service[115176]: DEBUG glance.common.config [None req-0e137325-ccfd-4d06-a857-f3ec534d33f2 None None] config_source = [] {{(pid=115176) log_opt_values /opt/stack/data/venv/lib/python3.12/site-packages/oslo_config/cfg.py:3245}}
May 26 04:16:08.723828 np0000176392 devstack@g-api.service[115176]: DEBUG glance.common.config [None req-0e137325-ccfd-4d06-a857-f3ec534d33f2 None None] control_exchange = glance {{(pid=115176) log_opt_values /opt/stack/data/venv/lib/python3.12/site-packages/oslo_config/cfg.py:3245}}
May 26 04:16:08.723906 np0000176392 devstack@g-api.service[115176]: DEBUG glance.common.config [None req-0e137325-ccfd-4d06-a857-f3ec534d33f2 None None] debug = True {{(pid=115176) log_opt_values /opt/stack/data/venv/lib/python3.12/site-packages/oslo_config/cfg.py:3245}}
May 26 04:16:08.724092 np0000176392 devstack@g-api.service[115176]: DEBUG glance.common.config [None req-0e137325-ccfd-4d06-a857-f3ec534d33f2 None None] default_log_levels = ['amqp=WARN', 'boto=WARN', 'sqlalchemy=WARN', 'suds=INFO', 'oslo.messaging=INFO', 'oslo_messaging=INFO', 'iso8601=WARN', 'requests.packages.urllib3.connectionpool=WARN', 'urllib3.connectionpool=WARN', 'websocket=WARN', 'requests.packages.urllib3.util.retry=WARN', 'urllib3.util.retry=WARN', 'keystonemiddleware=WARN', 'routes.middleware=WARN', 'stevedore=WARN', 'taskflow=WARN', 'keystoneauth=WARN', 'oslo.cache=INFO', 'oslo_policy=INFO', 'dogpile.core.dogpile=INFO'] {{(pid=115176) log_opt_values /opt/stack/data/venv/lib/python3.12/site-packages/oslo_config/cfg.py:3245}}
May 26 04:16:08.724206 np0000176392 devstack@g-api.service[115176]: DEBUG glance.common.config [None req-0e137325-ccfd-4d06-a857-f3ec534d33f2 None None] default_publisher_id = image.localhost {{(pid=115176) log_opt_values /opt/stack/data/venv/lib/python3.12/site-packages/oslo_config/cfg.py:3245}}
May 26 04:16:08.724351 np0000176392 devstack@g-api.service[115176]: DEBUG glance.common.config [None req-0e137325-ccfd-4d06-a857-f3ec534d33f2 None None] delayed_delete = False {{(pid=115176) log_opt_values /opt/stack/data/venv/lib/python3.12/site-packages/oslo_config/cfg.py:3245}}
May 26 04:16:08.724426 np0000176392 devstack@g-api.service[115176]: DEBUG glance.common.config [None req-0e137325-ccfd-4d06-a857-f3ec534d33f2 None None] digest_algorithm = sha256 {{(pid=115176) log_opt_values /opt/stack/data/venv/lib/python3.12/site-packages/oslo_config/cfg.py:3245}}
May 26 04:16:08.724536 np0000176392 devstack@g-api.service[115176]: DEBUG glance.common.config [None req-0e137325-ccfd-4d06-a857-f3ec534d33f2 None None] disabled_notifications = [] {{(pid=115176) log_opt_values /opt/stack/data/venv/lib/python3.12/site-packages/oslo_config/cfg.py:3245}}
May 26 04:16:08.724646 np0000176392 devstack@g-api.service[115176]: DEBUG glance.common.config [None req-0e137325-ccfd-4d06-a857-f3ec534d33f2 None None] do_secure_hash = True {{(pid=115176) log_opt_values /opt/stack/data/venv/lib/python3.12/site-packages/oslo_config/cfg.py:3245}}
May 26 04:16:08.724747 np0000176392 devstack@g-api.service[115176]: DEBUG glance.common.config [None req-0e137325-ccfd-4d06-a857-f3ec534d33f2 None None] enabled_backends = None {{(pid=115176) log_opt_values /opt/stack/data/venv/lib/python3.12/site-packages/oslo_config/cfg.py:3245}}
May 26 04:16:08.724867 np0000176392 devstack@g-api.service[115176]: DEBUG glance.common.config [None req-0e137325-ccfd-4d06-a857-f3ec534d33f2 None None] enabled_import_methods = ['glance-direct', 'web-download', 'copy-image'] {{(pid=115176) log_opt_values /opt/stack/data/venv/lib/python3.12/site-packages/oslo_config/cfg.py:3245}}
May 26 04:16:08.724976 np0000176392 devstack@g-api.service[115176]: DEBUG glance.common.config [None req-0e137325-ccfd-4d06-a857-f3ec534d33f2 None None] hashing_algorithm = sha512 {{(pid=115176) log_opt_values /opt/stack/data/venv/lib/python3.12/site-packages/oslo_config/cfg.py:3245}}
May 26 04:16:08.725107 np0000176392 devstack@g-api.service[115176]: DEBUG glance.common.config [None req-0e137325-ccfd-4d06-a857-f3ec534d33f2 None None] http_keepalive = True {{(pid=115176) log_opt_values /opt/stack/data/venv/lib/python3.12/site-packages/oslo_config/cfg.py:3245}}
May 26 04:16:08.725168 np0000176392 devstack@g-api.service[115176]: DEBUG glance.common.config [None req-0e137325-ccfd-4d06-a857-f3ec534d33f2 None None] http_retries = 3 {{(pid=115176) log_opt_values /opt/stack/data/venv/lib/python3.12/site-packages/oslo_config/cfg.py:3245}}
May 26 04:16:08.725340 np0000176392 devstack@g-api.service[115176]: DEBUG glance.common.config [None req-0e137325-ccfd-4d06-a857-f3ec534d33f2 None None] image_cache_dir = /opt/stack/data/glance/cache/ {{(pid=115176) log_opt_values /opt/stack/data/venv/lib/python3.12/site-packages/oslo_config/cfg.py:3245}}
May 26 04:16:08.725413 np0000176392 devstack@g-api.service[115176]: DEBUG glance.common.config [None req-0e137325-ccfd-4d06-a857-f3ec534d33f2 None None] image_cache_driver = centralized_db {{(pid=115176) log_opt_values /opt/stack/data/venv/lib/python3.12/site-packages/oslo_config/cfg.py:3245}}
May 26 04:16:08.725497 np0000176392 devstack@g-api.service[115176]: DEBUG glance.common.config [None req-0e137325-ccfd-4d06-a857-f3ec534d33f2 None None] image_cache_max_size = 10737418240 {{(pid=115176) log_opt_values /opt/stack/data/venv/lib/python3.12/site-packages/oslo_config/cfg.py:3245}}
May 26 04:16:08.725632 np0000176392 devstack@g-api.service[115176]: DEBUG glance.common.config [None req-0e137325-ccfd-4d06-a857-f3ec534d33f2 None None] image_cache_sqlite_db = cache.db {{(pid=115176) log_opt_values /opt/stack/data/venv/lib/python3.12/site-packages/oslo_config/cfg.py:3245}}
May 26 04:16:08.725708 np0000176392 devstack@g-api.service[115177]: DEBUG glance.image_cache.drivers.centralized_db [None req-477e40f9-f9cd-4b82-b08e-b876b49ebabc None None] Node reference is already recorded, ignoring it {{(pid=115177) configure /opt/stack/glance/glance/image_cache/drivers/centralized_db.py:71}}
May 26 04:16:08.725754 np0000176392 devstack@g-api.service[115176]: DEBUG glance.common.config [None req-0e137325-ccfd-4d06-a857-f3ec534d33f2 None None] image_cache_stall_time = 86400 {{(pid=115176) log_opt_values /opt/stack/data/venv/lib/python3.12/site-packages/oslo_config/cfg.py:3245}}
May 26 04:16:08.725839 np0000176392 devstack@g-api.service[115176]: DEBUG glance.common.config [None req-0e137325-ccfd-4d06-a857-f3ec534d33f2 None None] image_location_quota = 10 {{(pid=115176) log_opt_values /opt/stack/data/venv/lib/python3.12/site-packages/oslo_config/cfg.py:3245}}
May 26 04:16:08.725939 np0000176392 devstack@g-api.service[115176]: DEBUG glance.common.config [None req-0e137325-ccfd-4d06-a857-f3ec534d33f2 None None] image_member_quota = 128 {{(pid=115176) log_opt_values /opt/stack/data/venv/lib/python3.12/site-packages/oslo_config/cfg.py:3245}}
May 26 04:16:08.726036 np0000176392 devstack@g-api.service[115176]: DEBUG glance.common.config [None req-0e137325-ccfd-4d06-a857-f3ec534d33f2 None None] image_property_quota = 128 {{(pid=115176) log_opt_values /opt/stack/data/venv/lib/python3.12/site-packages/oslo_config/cfg.py:3245}}
May 26 04:16:08.726136 np0000176392 devstack@g-api.service[115176]: DEBUG glance.common.config [None req-0e137325-ccfd-4d06-a857-f3ec534d33f2 None None] image_size_cap = 1099511627776 {{(pid=115176) log_opt_values /opt/stack/data/venv/lib/python3.12/site-packages/oslo_config/cfg.py:3245}}
May 26 04:16:08.726235 np0000176392 devstack@g-api.service[115176]: DEBUG glance.common.config [None req-0e137325-ccfd-4d06-a857-f3ec534d33f2 None None] image_tag_quota = 128 {{(pid=115176) log_opt_values /opt/stack/data/venv/lib/python3.12/site-packages/oslo_config/cfg.py:3245}}
May 26 04:16:08.726278 np0000176392 devstack@g-api.service[115175]: INFO glance.api.middleware.cache [None req-608f2788-52c7-4205-8669-1d1b263ffffd None None] Initialized image cache middleware
May 26 04:16:08.726326 np0000176392 devstack@g-api.service[115176]: DEBUG glance.common.config [None req-0e137325-ccfd-4d06-a857-f3ec534d33f2 None None] instance_format = [instance: %(uuid)s] {{(pid=115176) log_opt_values /opt/stack/data/venv/lib/python3.12/site-packages/oslo_config/cfg.py:3245}}
May 26 04:16:08.726459 np0000176392 devstack@g-api.service[115176]: DEBUG glance.common.config [None req-0e137325-ccfd-4d06-a857-f3ec534d33f2 None None] instance_uuid_format = [instance: %(uuid)s] {{(pid=115176) log_opt_values /opt/stack/data/venv/lib/python3.12/site-packages/oslo_config/cfg.py:3245}}
May 26 04:16:08.726557 np0000176392 devstack@g-api.service[115176]: DEBUG glance.common.config [None req-0e137325-ccfd-4d06-a857-f3ec534d33f2 None None] limit_param_default = 25 {{(pid=115176) log_opt_values /opt/stack/data/venv/lib/python3.12/site-packages/oslo_config/cfg.py:3245}}
May 26 04:16:08.726698 np0000176392 devstack@g-api.service[115176]: DEBUG glance.common.config [None req-0e137325-ccfd-4d06-a857-f3ec534d33f2 None None] log_color = False {{(pid=115176) log_opt_values /opt/stack/data/venv/lib/python3.12/site-packages/oslo_config/cfg.py:3245}}
May 26 04:16:08.726807 np0000176392 devstack@g-api.service[115176]: DEBUG glance.common.config [None req-0e137325-ccfd-4d06-a857-f3ec534d33f2 None None] log_config_append = None {{(pid=115176) log_opt_values /opt/stack/data/venv/lib/python3.12/site-packages/oslo_config/cfg.py:3245}}
May 26 04:16:08.726947 np0000176392 devstack@g-api.service[115176]: DEBUG glance.common.config [None req-0e137325-ccfd-4d06-a857-f3ec534d33f2 None None] log_date_format = %Y-%m-%d %H:%M:%S {{(pid=115176) log_opt_values /opt/stack/data/venv/lib/python3.12/site-packages/oslo_config/cfg.py:3245}}
May 26 04:16:08.726991 np0000176392 devstack@g-api.service[115178]: INFO glance.api.middleware.cache [None req-5c3765d1-1106-41b3-b5d9-1ceb10c41538 None None] Initialized image cache middleware
May 26 04:16:08.727040 np0000176392 devstack@g-api.service[115176]: DEBUG glance.common.config [None req-0e137325-ccfd-4d06-a857-f3ec534d33f2 None None] log_dir = None {{(pid=115176) log_opt_values /opt/stack/data/venv/lib/python3.12/site-packages/oslo_config/cfg.py:3245}}
May 26 04:16:08.727149 np0000176392 devstack@g-api.service[115176]: DEBUG glance.common.config [None req-0e137325-ccfd-4d06-a857-f3ec534d33f2 None None] log_file = None {{(pid=115176) log_opt_values /opt/stack/data/venv/lib/python3.12/site-packages/oslo_config/cfg.py:3245}}
May 26 04:16:08.727251 np0000176392 devstack@g-api.service[115176]: DEBUG glance.common.config [None req-0e137325-ccfd-4d06-a857-f3ec534d33f2 None None] log_rotate_interval = 1 {{(pid=115176) log_opt_values /opt/stack/data/venv/lib/python3.12/site-packages/oslo_config/cfg.py:3245}}
May 26 04:16:08.727358 np0000176392 devstack@g-api.service[115176]: DEBUG glance.common.config [None req-0e137325-ccfd-4d06-a857-f3ec534d33f2 None None] log_rotate_interval_type = days {{(pid=115176) log_opt_values /opt/stack/data/venv/lib/python3.12/site-packages/oslo_config/cfg.py:3245}}
May 26 04:16:08.727485 np0000176392 devstack@g-api.service[115176]: DEBUG glance.common.config [None req-0e137325-ccfd-4d06-a857-f3ec534d33f2 None None] log_rotation_type = none {{(pid=115176) log_opt_values /opt/stack/data/venv/lib/python3.12/site-packages/oslo_config/cfg.py:3245}}
May 26 04:16:08.727562 np0000176392 devstack@g-api.service[115176]: DEBUG glance.common.config [None req-0e137325-ccfd-4d06-a857-f3ec534d33f2 None None] logging_context_format_string = %(color)s%(levelname)s %(name)s [%(global_request_id)s %(request_id)s %(project_name)s %(user_name)s%(color)s] %(instance)s%(color)s%(message)s {{(pid=115176) log_opt_values /opt/stack/data/venv/lib/python3.12/site-packages/oslo_config/cfg.py:3245}}
May 26 04:16:08.727637 np0000176392 devstack@g-api.service[115176]: DEBUG glance.common.config [None req-0e137325-ccfd-4d06-a857-f3ec534d33f2 None None] logging_debug_format_suffix = {{(pid=%(process)d) %(funcName)s %(pathname)s:%(lineno)d}} {{(pid=115176) log_opt_values /opt/stack/data/venv/lib/python3.12/site-packages/oslo_config/cfg.py:3245}}
May 26 04:16:08.727746 np0000176392 devstack@g-api.service[115176]: DEBUG glance.common.config [None req-0e137325-ccfd-4d06-a857-f3ec534d33f2 None None] logging_default_format_string = %(color)s%(levelname)s %(name)s [-%(color)s] %(instance)s%(color)s%(message)s {{(pid=115176) log_opt_values /opt/stack/data/venv/lib/python3.12/site-packages/oslo_config/cfg.py:3245}}
May 26 04:16:08.727849 np0000176392 devstack@g-api.service[115176]: DEBUG glance.common.config [None req-0e137325-ccfd-4d06-a857-f3ec534d33f2 None None] logging_exception_prefix = ERROR %(name)s %(instance)s {{(pid=115176) log_opt_values /opt/stack/data/venv/lib/python3.12/site-packages/oslo_config/cfg.py:3245}}
May 26 04:16:08.727924 np0000176392 devstack@g-api.service[115176]: DEBUG glance.common.config [None req-0e137325-ccfd-4d06-a857-f3ec534d33f2 None None] logging_user_identity_format = %(user)s %(project)s %(domain)s %(system_scope)s %(user_domain)s %(project_domain)s {{(pid=115176) log_opt_values /opt/stack/data/venv/lib/python3.12/site-packages/oslo_config/cfg.py:3245}}
May 26 04:16:08.728024 np0000176392 devstack@g-api.service[115176]: DEBUG glance.common.config [None req-0e137325-ccfd-4d06-a857-f3ec534d33f2 None None] max_header_line = 16384 {{(pid=115176) log_opt_values /opt/stack/data/venv/lib/python3.12/site-packages/oslo_config/cfg.py:3245}}
May 26 04:16:08.728123 np0000176392 devstack@g-api.service[115176]: DEBUG glance.common.config [None req-0e137325-ccfd-4d06-a857-f3ec534d33f2 None None] max_logfile_count = 30 {{(pid=115176) log_opt_values /opt/stack/data/venv/lib/python3.12/site-packages/oslo_config/cfg.py:3245}}
May 26 04:16:08.728223 np0000176392 devstack@g-api.service[115176]: DEBUG glance.common.config [None req-0e137325-ccfd-4d06-a857-f3ec534d33f2 None None] max_logfile_size_mb = 200 {{(pid=115176) log_opt_values /opt/stack/data/venv/lib/python3.12/site-packages/oslo_config/cfg.py:3245}}
May 26 04:16:08.728322 np0000176392 devstack@g-api.service[115176]: DEBUG glance.common.config [None req-0e137325-ccfd-4d06-a857-f3ec534d33f2 None None] max_request_id_length = 64 {{(pid=115176) log_opt_values /opt/stack/data/venv/lib/python3.12/site-packages/oslo_config/cfg.py:3245}}
May 26 04:16:08.728439 np0000176392 devstack@g-api.service[115176]: DEBUG glance.common.config [None req-0e137325-ccfd-4d06-a857-f3ec534d33f2 None None] metadata_encryption_key = **** {{(pid=115176) log_opt_values /opt/stack/data/venv/lib/python3.12/site-packages/oslo_config/cfg.py:3245}}
May 26 04:16:08.728544 np0000176392 devstack@g-api.service[115176]: DEBUG glance.common.config [None req-0e137325-ccfd-4d06-a857-f3ec534d33f2 None None] node_staging_uri = file:///tmp/staging/ {{(pid=115176) log_opt_values /opt/stack/data/venv/lib/python3.12/site-packages/oslo_config/cfg.py:3245}}
May 26 04:16:08.728640 np0000176392 devstack@g-api.service[115176]: DEBUG glance.common.config [None req-0e137325-ccfd-4d06-a857-f3ec534d33f2 None None] property_protection_file = None {{(pid=115176) log_opt_values /opt/stack/data/venv/lib/python3.12/site-packages/oslo_config/cfg.py:3245}}
May 26 04:16:08.728775 np0000176392 devstack@g-api.service[115176]: DEBUG glance.common.config [None req-0e137325-ccfd-4d06-a857-f3ec534d33f2 None None] property_protection_rule_format = roles {{(pid=115176) log_opt_values /opt/stack/data/venv/lib/python3.12/site-packages/oslo_config/cfg.py:3245}}
May 26 04:16:08.728890 np0000176392 devstack@g-api.service[115176]: DEBUG glance.common.config [None req-0e137325-ccfd-4d06-a857-f3ec534d33f2 None None] public_endpoint = https://199.204.45.70/image {{(pid=115176) log_opt_values /opt/stack/data/venv/lib/python3.12/site-packages/oslo_config/cfg.py:3245}}
May 26 04:16:08.728988 np0000176392 devstack@g-api.service[115176]: DEBUG glance.common.config [None req-0e137325-ccfd-4d06-a857-f3ec534d33f2 None None] publish_errors = False {{(pid=115176) log_opt_values /opt/stack/data/venv/lib/python3.12/site-packages/oslo_config/cfg.py:3245}}
May 26 04:16:08.729085 np0000176392 devstack@g-api.service[115176]: DEBUG glance.common.config [None req-0e137325-ccfd-4d06-a857-f3ec534d33f2 None None] pydev_worker_debug_host = None {{(pid=115176) log_opt_values /opt/stack/data/venv/lib/python3.12/site-packages/oslo_config/cfg.py:3245}}
May 26 04:16:08.729186 np0000176392 devstack@g-api.service[115176]: DEBUG glance.common.config [None req-0e137325-ccfd-4d06-a857-f3ec534d33f2 None None] pydev_worker_debug_port = 5678 {{(pid=115176) log_opt_values /opt/stack/data/venv/lib/python3.12/site-packages/oslo_config/cfg.py:3245}}
May 26 04:16:08.729285 np0000176392 devstack@g-api.service[115176]: DEBUG glance.common.config [None req-0e137325-ccfd-4d06-a857-f3ec534d33f2 None None] rate_limit_burst = 0 {{(pid=115176) log_opt_values /opt/stack/data/venv/lib/python3.12/site-packages/oslo_config/cfg.py:3245}}
May 26 04:16:08.729409 np0000176392 devstack@g-api.service[115176]: DEBUG glance.common.config [None req-0e137325-ccfd-4d06-a857-f3ec534d33f2 None None] rate_limit_except_level = CRITICAL {{(pid=115176) log_opt_values /opt/stack/data/venv/lib/python3.12/site-packages/oslo_config/cfg.py:3245}}
May 26 04:16:08.729510 np0000176392 devstack@g-api.service[115176]: DEBUG glance.common.config [None req-0e137325-ccfd-4d06-a857-f3ec534d33f2 None None] rate_limit_interval = 0 {{(pid=115176) log_opt_values /opt/stack/data/venv/lib/python3.12/site-packages/oslo_config/cfg.py:3245}}
May 26 04:16:08.729608 np0000176392 devstack@g-api.service[115176]: DEBUG glance.common.config [None req-0e137325-ccfd-4d06-a857-f3ec534d33f2 None None] scrub_pool_size = 1 {{(pid=115176) log_opt_values /opt/stack/data/venv/lib/python3.12/site-packages/oslo_config/cfg.py:3245}}
May 26 04:16:08.729706 np0000176392 devstack@g-api.service[115176]: DEBUG glance.common.config [None req-0e137325-ccfd-4d06-a857-f3ec534d33f2 None None] scrub_time = 0 {{(pid=115176) log_opt_values /opt/stack/data/venv/lib/python3.12/site-packages/oslo_config/cfg.py:3245}}
May 26 04:16:08.729802 np0000176392 devstack@g-api.service[115176]: DEBUG glance.common.config [None req-0e137325-ccfd-4d06-a857-f3ec534d33f2 None None] shell_completion = None {{(pid=115176) log_opt_values /opt/stack/data/venv/lib/python3.12/site-packages/oslo_config/cfg.py:3245}}
May 26 04:16:08.729859 np0000176392 devstack@g-api.service[115177]: INFO glance.api.middleware.cache [None req-477e40f9-f9cd-4b82-b08e-b876b49ebabc None None] Initialized image cache middleware
May 26 04:16:08.729904 np0000176392 devstack@g-api.service[115176]: DEBUG glance.common.config [None req-0e137325-ccfd-4d06-a857-f3ec534d33f2 None None] show_image_direct_url = False {{(pid=115176) log_opt_values /opt/stack/data/venv/lib/python3.12/site-packages/oslo_config/cfg.py:3245}}
May 26 04:16:08.730109 np0000176392 devstack@g-api.service[115176]: WARNING oslo_config.cfg [None req-0e137325-ccfd-4d06-a857-f3ec534d33f2 None None] Deprecated: Option "show_multiple_locations" from group "DEFAULT" is deprecated for removal (Use of this option, deprecated since Newton, is a security risk and will be removed once we figure out a way to satisfy those use cases that currently require it. An earlier announcement that the same functionality can be achieved with greater granularity by using policies is incorrect. You cannot work around this option via policy configuration at the present time, though that is the direction we believe the fix will take. Please keep an eye on the Glance release notes to stay up to date on progress in addressing this issue.). Its value may be silently ignored in the future.
May 26 04:16:08.730208 np0000176392 devstack@g-api.service[115176]: DEBUG glance.common.config [None req-0e137325-ccfd-4d06-a857-f3ec534d33f2 None None] show_multiple_locations = False {{(pid=115176) log_opt_values /opt/stack/data/venv/lib/python3.12/site-packages/oslo_config/cfg.py:3245}}
May 26 04:16:08.730326 np0000176392 devstack@g-api.service[115176]: DEBUG glance.common.config [None req-0e137325-ccfd-4d06-a857-f3ec534d33f2 None None] syslog_log_facility = LOG_USER {{(pid=115176) log_opt_values /opt/stack/data/venv/lib/python3.12/site-packages/oslo_config/cfg.py:3245}}
May 26 04:16:08.730443 np0000176392 devstack@g-api.service[115176]: DEBUG glance.common.config [None req-0e137325-ccfd-4d06-a857-f3ec534d33f2 None None] tcp_keepidle = 600 {{(pid=115176) log_opt_values /opt/stack/data/venv/lib/python3.12/site-packages/oslo_config/cfg.py:3245}}
May 26 04:16:08.730549 np0000176392 devstack@g-api.service[115176]: DEBUG glance.common.config [None req-0e137325-ccfd-4d06-a857-f3ec534d33f2 None None] transport_url = **** {{(pid=115176) log_opt_values /opt/stack/data/venv/lib/python3.12/site-packages/oslo_config/cfg.py:3245}}
May 26 04:16:08.730649 np0000176392 devstack@g-api.service[115176]: DEBUG glance.common.config [None req-0e137325-ccfd-4d06-a857-f3ec534d33f2 None None] use_journal = False {{(pid=115176) log_opt_values /opt/stack/data/venv/lib/python3.12/site-packages/oslo_config/cfg.py:3245}}
May 26 04:16:08.730749 np0000176392 devstack@g-api.service[115176]: DEBUG glance.common.config [None req-0e137325-ccfd-4d06-a857-f3ec534d33f2 None None] use_json = False {{(pid=115176) log_opt_values /opt/stack/data/venv/lib/python3.12/site-packages/oslo_config/cfg.py:3245}}
May 26 04:16:08.730913 np0000176392 devstack@g-api.service[115176]: DEBUG glance.common.config [None req-0e137325-ccfd-4d06-a857-f3ec534d33f2 None None] use_keystone_limits = True {{(pid=115176) log_opt_values /opt/stack/data/venv/lib/python3.12/site-packages/oslo_config/cfg.py:3245}}
May 26 04:16:08.731011 np0000176392 devstack@g-api.service[115176]: DEBUG glance.common.config [None req-0e137325-ccfd-4d06-a857-f3ec534d33f2 None None] use_stderr = False {{(pid=115176) log_opt_values /opt/stack/data/venv/lib/python3.12/site-packages/oslo_config/cfg.py:3245}}
May 26 04:16:08.731114 np0000176392 devstack@g-api.service[115176]: DEBUG glance.common.config [None req-0e137325-ccfd-4d06-a857-f3ec534d33f2 None None] use_syslog = False {{(pid=115176) log_opt_values /opt/stack/data/venv/lib/python3.12/site-packages/oslo_config/cfg.py:3245}}
May 26 04:16:08.731219 np0000176392 devstack@g-api.service[115176]: DEBUG glance.common.config [None req-0e137325-ccfd-4d06-a857-f3ec534d33f2 None None] user_storage_quota = 0 {{(pid=115176) log_opt_values /opt/stack/data/venv/lib/python3.12/site-packages/oslo_config/cfg.py:3245}}
May 26 04:16:08.731322 np0000176392 devstack@g-api.service[115176]: DEBUG glance.common.config [None req-0e137325-ccfd-4d06-a857-f3ec534d33f2 None None] worker_self_reference_url = http://127.0.0.1:60999 {{(pid=115176) log_opt_values /opt/stack/data/venv/lib/python3.12/site-packages/oslo_config/cfg.py:3245}}
May 26 04:16:08.731438 np0000176392 devstack@g-api.service[115176]: DEBUG glance.common.config [None req-0e137325-ccfd-4d06-a857-f3ec534d33f2 None None] workers = None {{(pid=115176) log_opt_values /opt/stack/data/venv/lib/python3.12/site-packages/oslo_config/cfg.py:3245}}
May 26 04:16:08.731556 np0000176392 devstack@g-api.service[115176]: DEBUG glance.common.config [None req-0e137325-ccfd-4d06-a857-f3ec534d33f2 None None] oslo_concurrency.disable_process_locking = False {{(pid=115176) log_opt_values /opt/stack/data/venv/lib/python3.12/site-packages/oslo_config/cfg.py:3256}}
May 26 04:16:08.731662 np0000176392 devstack@g-api.service[115176]: DEBUG glance.common.config [None req-0e137325-ccfd-4d06-a857-f3ec534d33f2 None None] oslo_concurrency.lock_path = /opt/stack/data/glance/locks {{(pid=115176) log_opt_values /opt/stack/data/venv/lib/python3.12/site-packages/oslo_config/cfg.py:3256}}
May 26 04:16:08.731767 np0000176392 devstack@g-api.service[115176]: DEBUG glance.common.config [None req-0e137325-ccfd-4d06-a857-f3ec534d33f2 None None] oslo_middleware.enable_proxy_headers_parsing = False {{(pid=115176) log_opt_values /opt/stack/data/venv/lib/python3.12/site-packages/oslo_config/cfg.py:3256}}
May 26 04:16:08.731877 np0000176392 devstack@g-api.service[115176]: DEBUG glance.common.config [None req-0e137325-ccfd-4d06-a857-f3ec534d33f2 None None] oslo_middleware.http_basic_auth_user_file = /etc/htpasswd {{(pid=115176) log_opt_values /opt/stack/data/venv/lib/python3.12/site-packages/oslo_config/cfg.py:3256}}
May 26 04:16:08.731980 np0000176392 devstack@g-api.service[115176]: DEBUG glance.common.config [None req-0e137325-ccfd-4d06-a857-f3ec534d33f2 None None] paste_deploy.config_file = None {{(pid=115176) log_opt_values /opt/stack/data/venv/lib/python3.12/site-packages/oslo_config/cfg.py:3256}}
May 26 04:16:08.732087 np0000176392 devstack@g-api.service[115176]: DEBUG glance.common.config [None req-0e137325-ccfd-4d06-a857-f3ec534d33f2 None None] paste_deploy.flavor = keystone+cachemanagement {{(pid=115176) log_opt_values /opt/stack/data/venv/lib/python3.12/site-packages/oslo_config/cfg.py:3256}}
May 26 04:16:08.732232 np0000176392 devstack@g-api.service[115176]: DEBUG glance.common.config [None req-0e137325-ccfd-4d06-a857-f3ec534d33f2 None None] image_format.container_formats = ['ami', 'ari', 'aki', 'bare', 'ovf', 'ova', 'docker', 'compressed'] {{(pid=115176) log_opt_values /opt/stack/data/venv/lib/python3.12/site-packages/oslo_config/cfg.py:3256}}
May 26 04:16:08.732394 np0000176392 devstack@g-api.service[115176]: DEBUG glance.common.config [None req-0e137325-ccfd-4d06-a857-f3ec534d33f2 None None] image_format.disk_formats = ['ami', 'ari', 'aki', 'vhd', 'vhdx', 'vmdk', 'raw', 'qcow2', 'vdi', 'iso', 'ploop'] {{(pid=115176) log_opt_values /opt/stack/data/venv/lib/python3.12/site-packages/oslo_config/cfg.py:3256}}
May 26 04:16:08.732503 np0000176392 devstack@g-api.service[115176]: DEBUG glance.common.config [None req-0e137325-ccfd-4d06-a857-f3ec534d33f2 None None] image_format.gpt_safety_checks_nonfatal = [] {{(pid=115176) log_opt_values /opt/stack/data/venv/lib/python3.12/site-packages/oslo_config/cfg.py:3256}}
May 26 04:16:08.732610 np0000176392 devstack@g-api.service[115176]: DEBUG glance.common.config [None req-0e137325-ccfd-4d06-a857-f3ec534d33f2 None None] image_format.require_image_format_match = True {{(pid=115176) log_opt_values /opt/stack/data/venv/lib/python3.12/site-packages/oslo_config/cfg.py:3256}}
May 26 04:16:08.732725 np0000176392 devstack@g-api.service[115176]: DEBUG glance.common.config [None req-0e137325-ccfd-4d06-a857-f3ec534d33f2 None None] image_format.vmdk_allowed_types = ['streamOptimized', 'monolithicSparse'] {{(pid=115176) log_opt_values /opt/stack/data/venv/lib/python3.12/site-packages/oslo_config/cfg.py:3256}}
May 26 04:16:08.732838 np0000176392 devstack@g-api.service[115176]: DEBUG glance.common.config [None req-0e137325-ccfd-4d06-a857-f3ec534d33f2 None None] task.task_executor = taskflow {{(pid=115176) log_opt_values /opt/stack/data/venv/lib/python3.12/site-packages/oslo_config/cfg.py:3256}}
May 26 04:16:08.732976 np0000176392 devstack@g-api.service[115176]: DEBUG glance.common.config [None req-0e137325-ccfd-4d06-a857-f3ec534d33f2 None None] task.task_time_to_live = 48 {{(pid=115176) log_opt_values /opt/stack/data/venv/lib/python3.12/site-packages/oslo_config/cfg.py:3256}}
May 26 04:16:08.733079 np0000176392 devstack@g-api.service[115176]: DEBUG glance.common.config [None req-0e137325-ccfd-4d06-a857-f3ec534d33f2 None None] task.work_dir = None {{(pid=115176) log_opt_values /opt/stack/data/venv/lib/python3.12/site-packages/oslo_config/cfg.py:3256}}
May 26 04:16:08.733193 np0000176392 devstack@g-api.service[115176]: DEBUG glance.common.config [None req-0e137325-ccfd-4d06-a857-f3ec534d33f2 None None] wsgi.python_interpreter = /opt/stack/data/venv/bin/python3 {{(pid=115176) log_opt_values /opt/stack/data/venv/lib/python3.12/site-packages/oslo_config/cfg.py:3256}}
May 26 04:16:08.733295 np0000176392 devstack@g-api.service[115176]: DEBUG glance.common.config [None req-0e137325-ccfd-4d06-a857-f3ec534d33f2 None None] wsgi.task_pool_threads = 16 {{(pid=115176) log_opt_values /opt/stack/data/venv/lib/python3.12/site-packages/oslo_config/cfg.py:3256}}
May 26 04:16:08.733428 np0000176392 devstack@g-api.service[115176]: DEBUG glance.common.config [None req-0e137325-ccfd-4d06-a857-f3ec534d33f2 None None] profiler.connection_string = messaging:// {{(pid=115176) log_opt_values /opt/stack/data/venv/lib/python3.12/site-packages/oslo_config/cfg.py:3256}}
May 26 04:16:08.733532 np0000176392 devstack@g-api.service[115176]: DEBUG glance.common.config [None req-0e137325-ccfd-4d06-a857-f3ec534d33f2 None None] profiler.enabled = False {{(pid=115176) log_opt_values /opt/stack/data/venv/lib/python3.12/site-packages/oslo_config/cfg.py:3256}}
May 26 04:16:08.733639 np0000176392 devstack@g-api.service[115176]: DEBUG glance.common.config [None req-0e137325-ccfd-4d06-a857-f3ec534d33f2 None None] profiler.es_doc_type = notification {{(pid=115176) log_opt_values /opt/stack/data/venv/lib/python3.12/site-packages/oslo_config/cfg.py:3256}}
May 26 04:16:08.733742 np0000176392 devstack@g-api.service[115176]: DEBUG glance.common.config [None req-0e137325-ccfd-4d06-a857-f3ec534d33f2 None None] profiler.es_scroll_size = 10000 {{(pid=115176) log_opt_values /opt/stack/data/venv/lib/python3.12/site-packages/oslo_config/cfg.py:3256}}
May 26 04:16:08.733847 np0000176392 devstack@g-api.service[115176]: DEBUG glance.common.config [None req-0e137325-ccfd-4d06-a857-f3ec534d33f2 None None] profiler.es_scroll_time = 2m {{(pid=115176) log_opt_values /opt/stack/data/venv/lib/python3.12/site-packages/oslo_config/cfg.py:3256}}
May 26 04:16:08.733948 np0000176392 devstack@g-api.service[115176]: DEBUG glance.common.config [None req-0e137325-ccfd-4d06-a857-f3ec534d33f2 None None] profiler.filter_error_trace = False {{(pid=115176) log_opt_values /opt/stack/data/venv/lib/python3.12/site-packages/oslo_config/cfg.py:3256}}
May 26 04:16:08.734056 np0000176392 devstack@g-api.service[115176]: DEBUG glance.common.config [None req-0e137325-ccfd-4d06-a857-f3ec534d33f2 None None] profiler.hmac_keys = **** {{(pid=115176) log_opt_values /opt/stack/data/venv/lib/python3.12/site-packages/oslo_config/cfg.py:3256}}
May 26 04:16:08.734162 np0000176392 devstack@g-api.service[115176]: DEBUG glance.common.config [None req-0e137325-ccfd-4d06-a857-f3ec534d33f2 None None] profiler.sentinel_service_name = mymaster {{(pid=115176) log_opt_values /opt/stack/data/venv/lib/python3.12/site-packages/oslo_config/cfg.py:3256}}
May 26 04:16:08.734278 np0000176392 devstack@g-api.service[115176]: DEBUG glance.common.config [None req-0e137325-ccfd-4d06-a857-f3ec534d33f2 None None] profiler.socket_timeout = 0.1 {{(pid=115176) log_opt_values /opt/stack/data/venv/lib/python3.12/site-packages/oslo_config/cfg.py:3256}}
May 26 04:16:08.734397 np0000176392 devstack@g-api.service[115176]: DEBUG glance.common.config [None req-0e137325-ccfd-4d06-a857-f3ec534d33f2 None None] profiler.trace_requests = False {{(pid=115176) log_opt_values /opt/stack/data/venv/lib/python3.12/site-packages/oslo_config/cfg.py:3256}}
May 26 04:16:08.734501 np0000176392 devstack@g-api.service[115176]: DEBUG glance.common.config [None req-0e137325-ccfd-4d06-a857-f3ec534d33f2 None None] profiler.trace_sqlalchemy = False {{(pid=115176) log_opt_values /opt/stack/data/venv/lib/python3.12/site-packages/oslo_config/cfg.py:3256}}
May 26 04:16:08.734610 np0000176392 devstack@g-api.service[115176]: DEBUG glance.common.config [None req-0e137325-ccfd-4d06-a857-f3ec534d33f2 None None] profiler_jaeger.process_tags = {} {{(pid=115176) log_opt_values /opt/stack/data/venv/lib/python3.12/site-packages/oslo_config/cfg.py:3256}}
May 26 04:16:08.734709 np0000176392 devstack@g-api.service[115176]: DEBUG glance.common.config [None req-0e137325-ccfd-4d06-a857-f3ec534d33f2 None None] profiler_jaeger.service_name_prefix = None {{(pid=115176) log_opt_values /opt/stack/data/venv/lib/python3.12/site-packages/oslo_config/cfg.py:3256}}
May 26 04:16:08.734809 np0000176392 devstack@g-api.service[115176]: DEBUG glance.common.config [None req-0e137325-ccfd-4d06-a857-f3ec534d33f2 None None] profiler_otlp.service_name_prefix = None {{(pid=115176) log_opt_values /opt/stack/data/venv/lib/python3.12/site-packages/oslo_config/cfg.py:3256}}
May 26 04:16:08.734960 np0000176392 devstack@g-api.service[115176]: DEBUG glance.common.config [None req-0e137325-ccfd-4d06-a857-f3ec534d33f2 None None] import_filtering_opts.allowed_hosts = [] {{(pid=115176) log_opt_values /opt/stack/data/venv/lib/python3.12/site-packages/oslo_config/cfg.py:3256}}
May 26 04:16:08.735077 np0000176392 devstack@g-api.service[115176]: DEBUG glance.common.config [None req-0e137325-ccfd-4d06-a857-f3ec534d33f2 None None] import_filtering_opts.allowed_ports = [80, 443] {{(pid=115176) log_opt_values /opt/stack/data/venv/lib/python3.12/site-packages/oslo_config/cfg.py:3256}}
May 26 04:16:08.735195 np0000176392 devstack@g-api.service[115176]: DEBUG glance.common.config [None req-0e137325-ccfd-4d06-a857-f3ec534d33f2 None None] import_filtering_opts.allowed_schemes = ['http', 'https'] {{(pid=115176) log_opt_values /opt/stack/data/venv/lib/python3.12/site-packages/oslo_config/cfg.py:3256}}
May 26 04:16:08.735294 np0000176392 devstack@g-api.service[115176]: DEBUG glance.common.config [None req-0e137325-ccfd-4d06-a857-f3ec534d33f2 None None] import_filtering_opts.disallowed_hosts = [] {{(pid=115176) log_opt_values /opt/stack/data/venv/lib/python3.12/site-packages/oslo_config/cfg.py:3256}}
May 26 04:16:08.735410 np0000176392 devstack@g-api.service[115176]: DEBUG glance.common.config [None req-0e137325-ccfd-4d06-a857-f3ec534d33f2 None None] import_filtering_opts.disallowed_ports = [] {{(pid=115176) log_opt_values /opt/stack/data/venv/lib/python3.12/site-packages/oslo_config/cfg.py:3256}}
May 26 04:16:08.735515 np0000176392 devstack@g-api.service[115176]: DEBUG glance.common.config [None req-0e137325-ccfd-4d06-a857-f3ec534d33f2 None None] import_filtering_opts.disallowed_schemes = [] {{(pid=115176) log_opt_values /opt/stack/data/venv/lib/python3.12/site-packages/oslo_config/cfg.py:3256}}
May 26 04:16:08.735621 np0000176392 devstack@g-api.service[115176]: DEBUG glance.common.config [None req-0e137325-ccfd-4d06-a857-f3ec534d33f2 None None] oslo_messaging_metrics.metrics_buffer_size = 1000 {{(pid=115176) log_opt_values /opt/stack/data/venv/lib/python3.12/site-packages/oslo_config/cfg.py:3256}}
May 26 04:16:08.735722 np0000176392 devstack@g-api.service[115176]: DEBUG glance.common.config [None req-0e137325-ccfd-4d06-a857-f3ec534d33f2 None None] oslo_messaging_metrics.metrics_enabled = False {{(pid=115176) log_opt_values /opt/stack/data/venv/lib/python3.12/site-packages/oslo_config/cfg.py:3256}}
May 26 04:16:08.735827 np0000176392 devstack@g-api.service[115176]: DEBUG glance.common.config [None req-0e137325-ccfd-4d06-a857-f3ec534d33f2 None None] oslo_messaging_metrics.metrics_process_name = {{(pid=115176) log_opt_values /opt/stack/data/venv/lib/python3.12/site-packages/oslo_config/cfg.py:3256}}
May 26 04:16:08.735933 np0000176392 devstack@g-api.service[115176]: DEBUG glance.common.config [None req-0e137325-ccfd-4d06-a857-f3ec534d33f2 None None] oslo_messaging_metrics.metrics_socket_file = /var/tmp/metrics_collector.sock {{(pid=115176) log_opt_values /opt/stack/data/venv/lib/python3.12/site-packages/oslo_config/cfg.py:3256}}
May 26 04:16:08.736033 np0000176392 devstack@g-api.service[115176]: DEBUG glance.common.config [None req-0e137325-ccfd-4d06-a857-f3ec534d33f2 None None] oslo_messaging_metrics.metrics_thread_stop_timeout = 10 {{(pid=115176) log_opt_values /opt/stack/data/venv/lib/python3.12/site-packages/oslo_config/cfg.py:3256}}
May 26 04:16:08.736186 np0000176392 devstack@g-api.service[115176]: DEBUG glance.common.config [None req-0e137325-ccfd-4d06-a857-f3ec534d33f2 None None] os_brick.lightos_discovery_client_address = localhost {{(pid=115176) log_opt_values /opt/stack/data/venv/lib/python3.12/site-packages/oslo_config/cfg.py:3256}}
May 26 04:16:08.736294 np0000176392 devstack@g-api.service[115176]: DEBUG glance.common.config [None req-0e137325-ccfd-4d06-a857-f3ec534d33f2 None None] os_brick.lightos_discovery_client_dir_path = /etc/discovery-client/discovery.d/ {{(pid=115176) log_opt_values /opt/stack/data/venv/lib/python3.12/site-packages/oslo_config/cfg.py:3256}}
May 26 04:16:08.736426 np0000176392 devstack@g-api.service[115176]: DEBUG glance.common.config [None req-0e137325-ccfd-4d06-a857-f3ec534d33f2 None None] os_brick.lightos_discovery_client_port = 6060 {{(pid=115176) log_opt_values /opt/stack/data/venv/lib/python3.12/site-packages/oslo_config/cfg.py:3256}}
May 26 04:16:08.736533 np0000176392 devstack@g-api.service[115176]: DEBUG glance.common.config [None req-0e137325-ccfd-4d06-a857-f3ec534d33f2 None None] os_brick.lock_path = /opt/stack/data/os_brick {{(pid=115176) log_opt_values /opt/stack/data/venv/lib/python3.12/site-packages/oslo_config/cfg.py:3256}}
May 26 04:16:08.736637 np0000176392 devstack@g-api.service[115176]: DEBUG glance.common.config [None req-0e137325-ccfd-4d06-a857-f3ec534d33f2 None None] os_brick.wait_mpath_device_attempts = 4 {{(pid=115176) log_opt_values /opt/stack/data/venv/lib/python3.12/site-packages/oslo_config/cfg.py:3256}}
May 26 04:16:08.736738 np0000176392 devstack@g-api.service[115176]: DEBUG glance.common.config [None req-0e137325-ccfd-4d06-a857-f3ec534d33f2 None None] os_brick.wait_mpath_device_interval = 1 {{(pid=115176) log_opt_values /opt/stack/data/venv/lib/python3.12/site-packages/oslo_config/cfg.py:3256}}
May 26 04:16:08.736848 np0000176392 devstack@g-api.service[115176]: DEBUG glance.common.config [None req-0e137325-ccfd-4d06-a857-f3ec534d33f2 None None] privsep_osbrick.capabilities = [21, 2] {{(pid=115176) log_opt_values /opt/stack/data/venv/lib/python3.12/site-packages/oslo_config/cfg.py:3256}}
May 26 04:16:08.736949 np0000176392 devstack@g-api.service[115176]: DEBUG glance.common.config [None req-0e137325-ccfd-4d06-a857-f3ec534d33f2 None None] privsep_osbrick.group = None {{(pid=115176) log_opt_values /opt/stack/data/venv/lib/python3.12/site-packages/oslo_config/cfg.py:3256}}
