Jul 31 09:49:55.513061 np0000187790 nova-scheduler[106909]: DEBUG cotyledon.oslo_config_glue [-] vmware.datastore_regex = None {{(pid=106909) log_opt_values /opt/stack/data/venv/lib/python3.12/site-packages/oslo_config/cfg.py:3253}}
Jul 31 09:49:55.513061 np0000187790 nova-scheduler[106909]: DEBUG cotyledon.oslo_config_glue [-] vmware.host_ip = None {{(pid=106909) log_opt_values /opt/stack/data/venv/lib/python3.12/site-packages/oslo_config/cfg.py:3253}}
Jul 31 09:49:55.513268 np0000187790 nova-scheduler[106909]: DEBUG cotyledon.oslo_config_glue [-] vmware.host_password = **** {{(pid=106909) log_opt_values /opt/stack/data/venv/lib/python3.12/site-packages/oslo_config/cfg.py:3253}}
Jul 31 09:49:55.513268 np0000187790 nova-scheduler[106909]: DEBUG cotyledon.oslo_config_glue [-] vmware.host_port = 443 {{(pid=106909) log_opt_values /opt/stack/data/venv/lib/python3.12/site-packages/oslo_config/cfg.py:3253}}
Jul 31 09:49:55.513268 np0000187790 nova-scheduler[106909]: DEBUG cotyledon.oslo_config_glue [-] vmware.host_username = None {{(pid=106909) log_opt_values /opt/stack/data/venv/lib/python3.12/site-packages/oslo_config/cfg.py:3253}}
Jul 31 09:49:55.513268 np0000187790 nova-scheduler[106909]: DEBUG cotyledon.oslo_config_glue [-] vmware.insecure = False {{(pid=106909) log_opt_values /opt/stack/data/venv/lib/python3.12/site-packages/oslo_config/cfg.py:3253}}
Jul 31 09:49:55.513268 np0000187790 nova-scheduler[106909]: DEBUG cotyledon.oslo_config_glue [-] vmware.integration_bridge = None {{(pid=106909) log_opt_values /opt/stack/data/venv/lib/python3.12/site-packages/oslo_config/cfg.py:3253}}
Jul 31 09:49:55.513268 np0000187790 nova-scheduler[106909]: DEBUG cotyledon.oslo_config_glue [-] vmware.maximum_objects = 100 {{(pid=106909) log_opt_values /opt/stack/data/venv/lib/python3.12/site-packages/oslo_config/cfg.py:3253}}
Jul 31 09:49:55.513268 np0000187790 nova-scheduler[106909]: DEBUG cotyledon.oslo_config_glue [-] vmware.pbm_default_policy = None {{(pid=106909) log_opt_values /opt/stack/data/venv/lib/python3.12/site-packages/oslo_config/cfg.py:3253}}
Jul 31 09:49:55.513268 np0000187790 nova-scheduler[106909]: DEBUG cotyledon.oslo_config_glue [-] vmware.pbm_enabled = False {{(pid=106909) log_opt_values /opt/stack/data/venv/lib/python3.12/site-packages/oslo_config/cfg.py:3253}}
Jul 31 09:49:55.513268 np0000187790 nova-scheduler[106909]: DEBUG cotyledon.oslo_config_glue [-] vmware.pbm_wsdl_location = None {{(pid=106909) log_opt_values /opt/stack/data/venv/lib/python3.12/site-packages/oslo_config/cfg.py:3253}}
Jul 31 09:49:55.513640 np0000187790 nova-scheduler[106909]: DEBUG cotyledon.oslo_config_glue [-] vmware.serial_log_dir = /opt/vmware/vspc {{(pid=106909) log_opt_values /opt/stack/data/venv/lib/python3.12/site-packages/oslo_config/cfg.py:3253}}
Jul 31 09:49:55.513640 np0000187790 nova-scheduler[106909]: DEBUG cotyledon.oslo_config_glue [-] vmware.serial_port_proxy_uri = None {{(pid=106909) log_opt_values /opt/stack/data/venv/lib/python3.12/site-packages/oslo_config/cfg.py:3253}}
Jul 31 09:49:55.513640 np0000187790 nova-scheduler[106909]: DEBUG cotyledon.oslo_config_glue [-] vmware.serial_port_service_uri = None {{(pid=106909) log_opt_values /opt/stack/data/venv/lib/python3.12/site-packages/oslo_config/cfg.py:3253}}
Jul 31 09:49:55.513640 np0000187790 nova-scheduler[106909]: DEBUG cotyledon.oslo_config_glue [-] vmware.task_poll_interval = 0.5 {{(pid=106909) log_opt_values /opt/stack/data/venv/lib/python3.12/site-packages/oslo_config/cfg.py:3253}}
Jul 31 09:49:55.513640 np0000187790 nova-scheduler[106909]: DEBUG cotyledon.oslo_config_glue [-] vmware.use_linked_clone = True {{(pid=106909) log_opt_values /opt/stack/data/venv/lib/python3.12/site-packages/oslo_config/cfg.py:3253}}
Jul 31 09:49:55.513640 np0000187790 nova-scheduler[106909]: DEBUG cotyledon.oslo_config_glue [-] vmware.vnc_keymap = en-us {{(pid=106909) log_opt_values /opt/stack/data/venv/lib/python3.12/site-packages/oslo_config/cfg.py:3253}}
Jul 31 09:49:55.513808 np0000187790 nova-scheduler[106898]: INFO nova.service [-] Starting scheduler node (version 33.1.0)
Jul 31 09:49:55.513841 np0000187790 nova-scheduler[106909]: DEBUG cotyledon.oslo_config_glue [-] vmware.vnc_port = 5900 {{(pid=106909) log_opt_values /opt/stack/data/venv/lib/python3.12/site-packages/oslo_config/cfg.py:3253}}
Jul 31 09:49:55.513841 np0000187790 nova-scheduler[106909]: DEBUG cotyledon.oslo_config_glue [-] vmware.vnc_port_total = 10000 {{(pid=106909) log_opt_values /opt/stack/data/venv/lib/python3.12/site-packages/oslo_config/cfg.py:3253}}
Jul 31 09:49:55.513841 np0000187790 nova-scheduler[106909]: DEBUG cotyledon.oslo_config_glue [-] vnc.auth_schemes = ['none'] {{(pid=106909) log_opt_values /opt/stack/data/venv/lib/python3.12/site-packages/oslo_config/cfg.py:3253}}
Jul 31 09:49:55.513841 np0000187790 nova-scheduler[106909]: DEBUG cotyledon.oslo_config_glue [-] vnc.enabled = True {{(pid=106909) log_opt_values /opt/stack/data/venv/lib/python3.12/site-packages/oslo_config/cfg.py:3253}}
Jul 31 09:49:55.513841 np0000187790 nova-scheduler[106909]: DEBUG cotyledon.oslo_config_glue [-] vnc.novncproxy_base_url = http://127.0.0.1:6080/vnc_auto.html {{(pid=106909) log_opt_values /opt/stack/data/venv/lib/python3.12/site-packages/oslo_config/cfg.py:3253}}
Jul 31 09:49:55.513841 np0000187790 nova-scheduler[106909]: DEBUG cotyledon.oslo_config_glue [-] vnc.novncproxy_host = 0.0.0.0 {{(pid=106909) log_opt_values /opt/stack/data/venv/lib/python3.12/site-packages/oslo_config/cfg.py:3253}}
Jul 31 09:49:55.513841 np0000187790 nova-scheduler[106909]: DEBUG cotyledon.oslo_config_glue [-] vnc.novncproxy_port = 6080 {{(pid=106909) log_opt_values /opt/stack/data/venv/lib/python3.12/site-packages/oslo_config/cfg.py:3253}}
Jul 31 09:49:55.513841 np0000187790 nova-scheduler[106909]: DEBUG cotyledon.oslo_config_glue [-] vnc.server_listen = 127.0.0.1 {{(pid=106909) log_opt_values /opt/stack/data/venv/lib/python3.12/site-packages/oslo_config/cfg.py:3253}}
Jul 31 09:49:55.513841 np0000187790 nova-scheduler[106909]: DEBUG cotyledon.oslo_config_glue [-] vnc.server_proxyclient_address = 127.0.0.1 {{(pid=106909) log_opt_values /opt/stack/data/venv/lib/python3.12/site-packages/oslo_config/cfg.py:3253}}
Jul 31 09:49:55.514233 np0000187790 nova-scheduler[106909]: DEBUG cotyledon.oslo_config_glue [-] vnc.vencrypt_ca_certs = None {{(pid=106909) log_opt_values /opt/stack/data/venv/lib/python3.12/site-packages/oslo_config/cfg.py:3253}}
Jul 31 09:49:55.514233 np0000187790 nova-scheduler[106909]: DEBUG cotyledon.oslo_config_glue [-] vnc.vencrypt_client_cert = None {{(pid=106909) log_opt_values /opt/stack/data/venv/lib/python3.12/site-packages/oslo_config/cfg.py:3253}}
Jul 31 09:49:55.514233 np0000187790 nova-scheduler[106909]: DEBUG cotyledon.oslo_config_glue [-] vnc.vencrypt_client_key = None {{(pid=106909) log_opt_values /opt/stack/data/venv/lib/python3.12/site-packages/oslo_config/cfg.py:3253}}
Jul 31 09:49:55.514233 np0000187790 nova-scheduler[106909]: DEBUG cotyledon.oslo_config_glue [-] workarounds.disable_compute_service_check_for_ffu = False {{(pid=106909) log_opt_values /opt/stack/data/venv/lib/python3.12/site-packages/oslo_config/cfg.py:3253}}
Jul 31 09:49:55.514233 np0000187790 nova-scheduler[106909]: DEBUG cotyledon.oslo_config_glue [-] workarounds.disable_deep_image_inspection = False {{(pid=106909) log_opt_values /opt/stack/data/venv/lib/python3.12/site-packages/oslo_config/cfg.py:3253}}
Jul 31 09:49:55.514233 np0000187790 nova-scheduler[106909]: DEBUG cotyledon.oslo_config_glue [-] workarounds.disable_fallback_pcpu_query = False {{(pid=106909) log_opt_values /opt/stack/data/venv/lib/python3.12/site-packages/oslo_config/cfg.py:3253}}
Jul 31 09:49:55.514233 np0000187790 nova-scheduler[106909]: DEBUG cotyledon.oslo_config_glue [-] workarounds.disable_group_policy_check_upcall = False {{(pid=106909) log_opt_values /opt/stack/data/venv/lib/python3.12/site-packages/oslo_config/cfg.py:3253}}
Jul 31 09:49:55.514233 np0000187790 nova-scheduler[106909]: DEBUG cotyledon.oslo_config_glue [-] workarounds.disable_libvirt_livesnapshot = False {{(pid=106909) log_opt_values /opt/stack/data/venv/lib/python3.12/site-packages/oslo_config/cfg.py:3253}}
Jul 31 09:49:55.514233 np0000187790 nova-scheduler[106909]: DEBUG cotyledon.oslo_config_glue [-] workarounds.disable_rootwrap = False {{(pid=106909) log_opt_values /opt/stack/data/venv/lib/python3.12/site-packages/oslo_config/cfg.py:3253}}
Jul 31 09:49:55.514521 np0000187790 nova-scheduler[106909]: DEBUG cotyledon.oslo_config_glue [-] workarounds.enable_numa_live_migration = False {{(pid=106909) log_opt_values /opt/stack/data/venv/lib/python3.12/site-packages/oslo_config/cfg.py:3253}}
Jul 31 09:49:55.514521 np0000187790 nova-scheduler[106909]: DEBUG cotyledon.oslo_config_glue [-] workarounds.enable_qemu_monitor_announce_self = False {{(pid=106909) log_opt_values /opt/stack/data/venv/lib/python3.12/site-packages/oslo_config/cfg.py:3253}}
Jul 31 09:49:55.514521 np0000187790 nova-scheduler[106909]: DEBUG cotyledon.oslo_config_glue [-] workarounds.ensure_libvirt_rbd_instance_dir_cleanup = False {{(pid=106909) log_opt_values /opt/stack/data/venv/lib/python3.12/site-packages/oslo_config/cfg.py:3253}}
Jul 31 09:49:55.514521 np0000187790 nova-scheduler[106909]: DEBUG cotyledon.oslo_config_glue [-] workarounds.handle_virt_lifecycle_events = True {{(pid=106909) log_opt_values /opt/stack/data/venv/lib/python3.12/site-packages/oslo_config/cfg.py:3253}}
Jul 31 09:49:55.514521 np0000187790 nova-scheduler[106909]: DEBUG cotyledon.oslo_config_glue [-] workarounds.libvirt_disable_apic = False {{(pid=106909) log_opt_values /opt/stack/data/venv/lib/python3.12/site-packages/oslo_config/cfg.py:3253}}
Jul 31 09:49:55.514521 np0000187790 nova-scheduler[106909]: DEBUG cotyledon.oslo_config_glue [-] workarounds.never_download_image_if_on_rbd = False {{(pid=106909) log_opt_values /opt/stack/data/venv/lib/python3.12/site-packages/oslo_config/cfg.py:3253}}
Jul 31 09:49:55.514521 np0000187790 nova-scheduler[106909]: DEBUG cotyledon.oslo_config_glue [-] workarounds.qemu_monitor_announce_self_count = 3 {{(pid=106909) log_opt_values /opt/stack/data/venv/lib/python3.12/site-packages/oslo_config/cfg.py:3253}}
Jul 31 09:49:55.514521 np0000187790 nova-scheduler[106909]: DEBUG cotyledon.oslo_config_glue [-] workarounds.qemu_monitor_announce_self_interval = 1 {{(pid=106909) log_opt_values /opt/stack/data/venv/lib/python3.12/site-packages/oslo_config/cfg.py:3253}}
Jul 31 09:49:55.514521 np0000187790 nova-scheduler[106909]: DEBUG cotyledon.oslo_config_glue [-] workarounds.reserve_disk_resource_for_image_cache = False {{(pid=106909) log_opt_values /opt/stack/data/venv/lib/python3.12/site-packages/oslo_config/cfg.py:3253}}
Jul 31 09:49:55.514773 np0000187790 nova-scheduler[106909]: DEBUG cotyledon.oslo_config_glue [-] workarounds.skip_cpu_compare_at_startup = False {{(pid=106909) log_opt_values /opt/stack/data/venv/lib/python3.12/site-packages/oslo_config/cfg.py:3253}}
Jul 31 09:49:55.514773 np0000187790 nova-scheduler[106909]: DEBUG cotyledon.oslo_config_glue [-] workarounds.skip_cpu_compare_on_dest = False {{(pid=106909) log_opt_values /opt/stack/data/venv/lib/python3.12/site-packages/oslo_config/cfg.py:3253}}
Jul 31 09:49:55.514773 np0000187790 nova-scheduler[106909]: DEBUG cotyledon.oslo_config_glue [-] workarounds.skip_hypervisor_version_check_on_lm = False {{(pid=106909) log_opt_values /opt/stack/data/venv/lib/python3.12/site-packages/oslo_config/cfg.py:3253}}
Jul 31 09:49:55.514773 np0000187790 nova-scheduler[106909]: DEBUG cotyledon.oslo_config_glue [-] workarounds.skip_reserve_in_use_ironic_nodes = False {{(pid=106909) log_opt_values /opt/stack/data/venv/lib/python3.12/site-packages/oslo_config/cfg.py:3253}}
Jul 31 09:49:55.514773 np0000187790 nova-scheduler[106909]: DEBUG cotyledon.oslo_config_glue [-] workarounds.unified_limits_count_pcpu_as_vcpu = False {{(pid=106909) log_opt_values /opt/stack/data/venv/lib/python3.12/site-packages/oslo_config/cfg.py:3253}}
Jul 31 09:49:55.514773 np0000187790 nova-scheduler[106909]: DEBUG cotyledon.oslo_config_glue [-] workarounds.wait_for_vif_plugged_event_during_hard_reboot = [] {{(pid=106909) log_opt_values /opt/stack/data/venv/lib/python3.12/site-packages/oslo_config/cfg.py:3253}}
Jul 31 09:49:55.514773 np0000187790 nova-scheduler[106909]: DEBUG cotyledon.oslo_config_glue [-] wsgi.api_paste_config = /etc/nova/api-paste.ini {{(pid=106909) log_opt_values /opt/stack/data/venv/lib/python3.12/site-packages/oslo_config/cfg.py:3253}}
Jul 31 09:49:55.514773 np0000187790 nova-scheduler[106909]: DEBUG cotyledon.oslo_config_glue [-] wsgi.secure_proxy_ssl_header = None {{(pid=106909) log_opt_values /opt/stack/data/venv/lib/python3.12/site-packages/oslo_config/cfg.py:3253}}
Jul 31 09:49:55.514773 np0000187790 nova-scheduler[106909]: DEBUG cotyledon.oslo_config_glue [-] zvm.ca_file = None {{(pid=106909) log_opt_values /opt/stack/data/venv/lib/python3.12/site-packages/oslo_config/cfg.py:3253}}
Jul 31 09:49:55.515033 np0000187790 nova-scheduler[106909]: DEBUG cotyledon.oslo_config_glue [-] zvm.cloud_connector_url = None {{(pid=106909) log_opt_values /opt/stack/data/venv/lib/python3.12/site-packages/oslo_config/cfg.py:3253}}
Jul 31 09:49:55.515033 np0000187790 nova-scheduler[106909]: DEBUG cotyledon.oslo_config_glue [-] zvm.image_tmp_path = /opt/stack/data/nova/images {{(pid=106909) log_opt_values /opt/stack/data/venv/lib/python3.12/site-packages/oslo_config/cfg.py:3253}}
Jul 31 09:49:55.515033 np0000187790 nova-scheduler[106909]: DEBUG cotyledon.oslo_config_glue [-] zvm.reachable_timeout = 300 {{(pid=106909) log_opt_values /opt/stack/data/venv/lib/python3.12/site-packages/oslo_config/cfg.py:3253}}
Jul 31 09:49:55.515033 np0000187790 nova-scheduler[106909]: DEBUG cotyledon.oslo_config_glue [-] oslo_versionedobjects.fatal_exception_format_errors = False {{(pid=106909) log_opt_values /opt/stack/data/venv/lib/python3.12/site-packages/oslo_config/cfg.py:3253}}
Jul 31 09:49:55.515033 np0000187790 nova-scheduler[106909]: DEBUG cotyledon.oslo_config_glue [-] oslo_middleware.http_basic_auth_user_file = /etc/htpasswd {{(pid=106909) log_opt_values /opt/stack/data/venv/lib/python3.12/site-packages/oslo_config/cfg.py:3253}}
Jul 31 09:49:55.515033 np0000187790 nova-scheduler[106909]: DEBUG cotyledon.oslo_config_glue [-] oslo_messaging_metrics.metrics_buffer_size = 1000 {{(pid=106909) log_opt_values /opt/stack/data/venv/lib/python3.12/site-packages/oslo_config/cfg.py:3253}}
Jul 31 09:49:55.515033 np0000187790 nova-scheduler[106909]: DEBUG cotyledon.oslo_config_glue [-] oslo_messaging_metrics.metrics_enabled = False {{(pid=106909) log_opt_values /opt/stack/data/venv/lib/python3.12/site-packages/oslo_config/cfg.py:3253}}
Jul 31 09:49:55.515033 np0000187790 nova-scheduler[106909]: DEBUG cotyledon.oslo_config_glue [-] oslo_messaging_metrics.metrics_process_name = {{(pid=106909) log_opt_values /opt/stack/data/venv/lib/python3.12/site-packages/oslo_config/cfg.py:3253}}
Jul 31 09:49:55.515261 np0000187790 nova-scheduler[106909]: DEBUG cotyledon.oslo_config_glue [-] oslo_messaging_metrics.metrics_socket_file = /var/tmp/metrics_collector.sock {{(pid=106909) log_opt_values /opt/stack/data/venv/lib/python3.12/site-packages/oslo_config/cfg.py:3253}}
Jul 31 09:49:55.515261 np0000187790 nova-scheduler[106909]: DEBUG cotyledon.oslo_config_glue [-] oslo_messaging_metrics.metrics_thread_stop_timeout = 10 {{(pid=106909) log_opt_values /opt/stack/data/venv/lib/python3.12/site-packages/oslo_config/cfg.py:3253}}
Jul 31 09:49:55.515261 np0000187790 nova-scheduler[106909]: DEBUG cotyledon.oslo_config_glue [-] profiler.connection_string = messaging:// {{(pid=106909) log_opt_values /opt/stack/data/venv/lib/python3.12/site-packages/oslo_config/cfg.py:3253}}
Jul 31 09:49:55.515261 np0000187790 nova-scheduler[106909]: DEBUG cotyledon.oslo_config_glue [-] profiler.enabled = False {{(pid=106909) log_opt_values /opt/stack/data/venv/lib/python3.12/site-packages/oslo_config/cfg.py:3253}}
Jul 31 09:49:55.515261 np0000187790 nova-scheduler[106909]: DEBUG cotyledon.oslo_config_glue [-] profiler.es_doc_type = notification {{(pid=106909) log_opt_values /opt/stack/data/venv/lib/python3.12/site-packages/oslo_config/cfg.py:3253}}
Jul 31 09:49:55.515261 np0000187790 nova-scheduler[106909]: DEBUG cotyledon.oslo_config_glue [-] profiler.es_scroll_size = 10000 {{(pid=106909) log_opt_values /opt/stack/data/venv/lib/python3.12/site-packages/oslo_config/cfg.py:3253}}
Jul 31 09:49:55.515261 np0000187790 nova-scheduler[106909]: DEBUG cotyledon.oslo_config_glue [-] profiler.es_scroll_time = 2m {{(pid=106909) log_opt_values /opt/stack/data/venv/lib/python3.12/site-packages/oslo_config/cfg.py:3253}}
Jul 31 09:49:55.515261 np0000187790 nova-scheduler[106909]: DEBUG cotyledon.oslo_config_glue [-] profiler.filter_error_trace = False {{(pid=106909) log_opt_values /opt/stack/data/venv/lib/python3.12/site-packages/oslo_config/cfg.py:3253}}
Jul 31 09:49:55.515261 np0000187790 nova-scheduler[106909]: DEBUG cotyledon.oslo_config_glue [-] profiler.hmac_keys = **** {{(pid=106909) log_opt_values /opt/stack/data/venv/lib/python3.12/site-packages/oslo_config/cfg.py:3253}}
Jul 31 09:49:55.515518 np0000187790 nova-scheduler[106909]: DEBUG cotyledon.oslo_config_glue [-] profiler.sentinel_service_name = mymaster {{(pid=106909) log_opt_values /opt/stack/data/venv/lib/python3.12/site-packages/oslo_config/cfg.py:3253}}
Jul 31 09:49:55.515518 np0000187790 nova-scheduler[106909]: DEBUG cotyledon.oslo_config_glue [-] profiler.socket_timeout = 0.1 {{(pid=106909) log_opt_values /opt/stack/data/venv/lib/python3.12/site-packages/oslo_config/cfg.py:3253}}
Jul 31 09:49:55.515518 np0000187790 nova-scheduler[106909]: DEBUG cotyledon.oslo_config_glue [-] profiler.trace_requests = False {{(pid=106909) log_opt_values /opt/stack/data/venv/lib/python3.12/site-packages/oslo_config/cfg.py:3253}}
Jul 31 09:49:55.515518 np0000187790 nova-scheduler[106909]: DEBUG cotyledon.oslo_config_glue [-] profiler.trace_sqlalchemy = False {{(pid=106909) log_opt_values /opt/stack/data/venv/lib/python3.12/site-packages/oslo_config/cfg.py:3253}}
Jul 31 09:49:55.515518 np0000187790 nova-scheduler[106909]: DEBUG cotyledon.oslo_config_glue [-] profiler_jaeger.process_tags = {} {{(pid=106909) log_opt_values /opt/stack/data/venv/lib/python3.12/site-packages/oslo_config/cfg.py:3253}}
Jul 31 09:49:55.515518 np0000187790 nova-scheduler[106909]: DEBUG cotyledon.oslo_config_glue [-] profiler_jaeger.service_name_prefix = None {{(pid=106909) log_opt_values /opt/stack/data/venv/lib/python3.12/site-packages/oslo_config/cfg.py:3253}}
Jul 31 09:49:55.515518 np0000187790 nova-scheduler[106909]: DEBUG cotyledon.oslo_config_glue [-] profiler_otlp.service_name_prefix = None {{(pid=106909) log_opt_values /opt/stack/data/venv/lib/python3.12/site-packages/oslo_config/cfg.py:3253}}
Jul 31 09:49:55.515518 np0000187790 nova-scheduler[106909]: DEBUG cotyledon.oslo_config_glue [-] oslo_messaging_rabbit.amqp_auto_delete = False {{(pid=106909) log_opt_values /opt/stack/data/venv/lib/python3.12/site-packages/oslo_config/cfg.py:3253}}
Jul 31 09:49:55.515518 np0000187790 nova-scheduler[106909]: DEBUG cotyledon.oslo_config_glue [-] oslo_messaging_rabbit.amqp_durable_queues = False {{(pid=106909) log_opt_values /opt/stack/data/venv/lib/python3.12/site-packages/oslo_config/cfg.py:3253}}
Jul 31 09:49:55.515774 np0000187790 nova-scheduler[106909]: DEBUG cotyledon.oslo_config_glue [-] oslo_messaging_rabbit.conn_pool_min_size = 2 {{(pid=106909) log_opt_values /opt/stack/data/venv/lib/python3.12/site-packages/oslo_config/cfg.py:3253}}
Jul 31 09:49:55.515774 np0000187790 nova-scheduler[106909]: DEBUG cotyledon.oslo_config_glue [-] oslo_messaging_rabbit.conn_pool_ttl = 1200 {{(pid=106909) log_opt_values /opt/stack/data/venv/lib/python3.12/site-packages/oslo_config/cfg.py:3253}}
Jul 31 09:49:55.515774 np0000187790 nova-scheduler[106909]: DEBUG cotyledon.oslo_config_glue [-] oslo_messaging_rabbit.direct_mandatory_flag = True {{(pid=106909) log_opt_values /opt/stack/data/venv/lib/python3.12/site-packages/oslo_config/cfg.py:3253}}
Jul 31 09:49:55.515774 np0000187790 nova-scheduler[106909]: DEBUG cotyledon.oslo_config_glue [-] oslo_messaging_rabbit.enable_cancel_on_failover = False {{(pid=106909) log_opt_values /opt/stack/data/venv/lib/python3.12/site-packages/oslo_config/cfg.py:3253}}
Jul 31 09:49:55.515774 np0000187790 nova-scheduler[106909]: DEBUG cotyledon.oslo_config_glue [-] oslo_messaging_rabbit.heartbeat_rate = 3 {{(pid=106909) log_opt_values /opt/stack/data/venv/lib/python3.12/site-packages/oslo_config/cfg.py:3253}}
Jul 31 09:49:55.515774 np0000187790 nova-scheduler[106909]: DEBUG cotyledon.oslo_config_glue [-] oslo_messaging_rabbit.heartbeat_timeout_threshold = 60 {{(pid=106909) log_opt_values /opt/stack/data/venv/lib/python3.12/site-packages/oslo_config/cfg.py:3253}}
Jul 31 09:49:55.515774 np0000187790 nova-scheduler[106909]: DEBUG cotyledon.oslo_config_glue [-] oslo_messaging_rabbit.hostname = np0000187790 {{(pid=106909) log_opt_values /opt/stack/data/venv/lib/python3.12/site-packages/oslo_config/cfg.py:3253}}
Jul 31 09:49:55.515774 np0000187790 nova-scheduler[106909]: DEBUG cotyledon.oslo_config_glue [-] oslo_messaging_rabbit.kombu_compression = None {{(pid=106909) log_opt_values /opt/stack/data/venv/lib/python3.12/site-packages/oslo_config/cfg.py:3253}}
Jul 31 09:49:55.515774 np0000187790 nova-scheduler[106909]: DEBUG cotyledon.oslo_config_glue [-] oslo_messaging_rabbit.kombu_failover_strategy = round-robin {{(pid=106909) log_opt_values /opt/stack/data/venv/lib/python3.12/site-packages/oslo_config/cfg.py:3253}}
Jul 31 09:49:55.516045 np0000187790 nova-scheduler[106909]: DEBUG cotyledon.oslo_config_glue [-] oslo_messaging_rabbit.kombu_missing_consumer_retry_timeout = 60 {{(pid=106909) log_opt_values /opt/stack/data/venv/lib/python3.12/site-packages/oslo_config/cfg.py:3253}}
Jul 31 09:49:55.516045 np0000187790 nova-scheduler[106909]: DEBUG cotyledon.oslo_config_glue [-] oslo_messaging_rabbit.kombu_reconnect_delay = 1.0 {{(pid=106909) log_opt_values /opt/stack/data/venv/lib/python3.12/site-packages/oslo_config/cfg.py:3253}}
Jul 31 09:49:55.516045 np0000187790 nova-scheduler[106909]: DEBUG cotyledon.oslo_config_glue [-] oslo_messaging_rabbit.kombu_reconnect_splay = 0.0 {{(pid=106909) log_opt_values /opt/stack/data/venv/lib/python3.12/site-packages/oslo_config/cfg.py:3253}}
Jul 31 09:49:55.516045 np0000187790 nova-scheduler[106909]: DEBUG cotyledon.oslo_config_glue [-] oslo_messaging_rabbit.processname = nova-scheduler {{(pid=106909) log_opt_values /opt/stack/data/venv/lib/python3.12/site-packages/oslo_config/cfg.py:3253}}
Jul 31 09:49:55.516045 np0000187790 nova-scheduler[106909]: DEBUG cotyledon.oslo_config_glue [-] oslo_messaging_rabbit.rabbit_ha_queues = False {{(pid=106909) log_opt_values /opt/stack/data/venv/lib/python3.12/site-packages/oslo_config/cfg.py:3253}}
Jul 31 09:49:55.516045 np0000187790 nova-scheduler[106909]: DEBUG cotyledon.oslo_config_glue [-] oslo_messaging_rabbit.rabbit_interval_max = 30 {{(pid=106909) log_opt_values /opt/stack/data/venv/lib/python3.12/site-packages/oslo_config/cfg.py:3253}}
Jul 31 09:49:55.516045 np0000187790 nova-scheduler[106909]: DEBUG cotyledon.oslo_config_glue [-] oslo_messaging_rabbit.rabbit_login_method = AMQPLAIN {{(pid=106909) log_opt_values /opt/stack/data/venv/lib/python3.12/site-packages/oslo_config/cfg.py:3253}}
Jul 31 09:49:55.516045 np0000187790 nova-scheduler[106909]: DEBUG cotyledon.oslo_config_glue [-] oslo_messaging_rabbit.rabbit_qos_prefetch_count = 0 {{(pid=106909) log_opt_values /opt/stack/data/venv/lib/python3.12/site-packages/oslo_config/cfg.py:3253}}
Jul 31 09:49:55.516286 np0000187790 nova-scheduler[106909]: DEBUG cotyledon.oslo_config_glue [-] oslo_messaging_rabbit.rabbit_quorum_delivery_limit = 0 {{(pid=106909) log_opt_values /opt/stack/data/venv/lib/python3.12/site-packages/oslo_config/cfg.py:3253}}
Jul 31 09:49:55.516286 np0000187790 nova-scheduler[106909]: DEBUG cotyledon.oslo_config_glue [-] oslo_messaging_rabbit.rabbit_quorum_max_memory_bytes = 0 {{(pid=106909) log_opt_values /opt/stack/data/venv/lib/python3.12/site-packages/oslo_config/cfg.py:3253}}
Jul 31 09:49:55.516286 np0000187790 nova-scheduler[106909]: DEBUG cotyledon.oslo_config_glue [-] oslo_messaging_rabbit.rabbit_quorum_max_memory_length = 0 {{(pid=106909) log_opt_values /opt/stack/data/venv/lib/python3.12/site-packages/oslo_config/cfg.py:3253}}
Jul 31 09:49:55.516286 np0000187790 nova-scheduler[106909]: DEBUG cotyledon.oslo_config_glue [-] oslo_messaging_rabbit.rabbit_quorum_queue = False {{(pid=106909) log_opt_values /opt/stack/data/venv/lib/python3.12/site-packages/oslo_config/cfg.py:3253}}
Jul 31 09:49:55.516286 np0000187790 nova-scheduler[106909]: DEBUG cotyledon.oslo_config_glue [-] oslo_messaging_rabbit.rabbit_retry_backoff = 2 {{(pid=106909) log_opt_values /opt/stack/data/venv/lib/python3.12/site-packages/oslo_config/cfg.py:3253}}
Jul 31 09:49:55.516286 np0000187790 nova-scheduler[106909]: DEBUG cotyledon.oslo_config_glue [-] oslo_messaging_rabbit.rabbit_retry_interval = 1 {{(pid=106909) log_opt_values /opt/stack/data/venv/lib/python3.12/site-packages/oslo_config/cfg.py:3253}}
Jul 31 09:49:55.516286 np0000187790 nova-scheduler[106909]: DEBUG cotyledon.oslo_config_glue [-] oslo_messaging_rabbit.rabbit_stream_fanout = False {{(pid=106909) log_opt_values /opt/stack/data/venv/lib/python3.12/site-packages/oslo_config/cfg.py:3253}}
Jul 31 09:49:55.516286 np0000187790 nova-scheduler[106909]: DEBUG cotyledon.oslo_config_glue [-] oslo_messaging_rabbit.rabbit_transient_queues_ttl = 1800 {{(pid=106909) log_opt_values /opt/stack/data/venv/lib/python3.12/site-packages/oslo_config/cfg.py:3253}}
Jul 31 09:49:55.516506 np0000187790 nova-scheduler[106909]: DEBUG cotyledon.oslo_config_glue [-] oslo_messaging_rabbit.rabbit_transient_quorum_queue = False {{(pid=106909) log_opt_values /opt/stack/data/venv/lib/python3.12/site-packages/oslo_config/cfg.py:3253}}
Jul 31 09:49:55.516506 np0000187790 nova-scheduler[106909]: DEBUG cotyledon.oslo_config_glue [-] oslo_messaging_rabbit.rpc_conn_pool_size = 30 {{(pid=106909) log_opt_values /opt/stack/data/venv/lib/python3.12/site-packages/oslo_config/cfg.py:3253}}
Jul 31 09:49:55.516506 np0000187790 nova-scheduler[106909]: DEBUG cotyledon.oslo_config_glue [-] oslo_messaging_rabbit.ssl = False {{(pid=106909) log_opt_values /opt/stack/data/venv/lib/python3.12/site-packages/oslo_config/cfg.py:3253}}
Jul 31 09:49:55.516506 np0000187790 nova-scheduler[106909]: DEBUG cotyledon.oslo_config_glue [-] oslo_messaging_rabbit.ssl_ca_file = {{(pid=106909) log_opt_values /opt/stack/data/venv/lib/python3.12/site-packages/oslo_config/cfg.py:3253}}
Jul 31 09:49:55.516506 np0000187790 nova-scheduler[106909]: DEBUG cotyledon.oslo_config_glue [-] oslo_messaging_rabbit.ssl_cert_file = {{(pid=106909) log_opt_values /opt/stack/data/venv/lib/python3.12/site-packages/oslo_config/cfg.py:3253}}
Jul 31 09:49:55.516506 np0000187790 nova-scheduler[106909]: DEBUG cotyledon.oslo_config_glue [-] oslo_messaging_rabbit.ssl_enforce_fips_mode = False {{(pid=106909) log_opt_values /opt/stack/data/venv/lib/python3.12/site-packages/oslo_config/cfg.py:3253}}
Jul 31 09:49:55.516506 np0000187790 nova-scheduler[106909]: DEBUG cotyledon.oslo_config_glue [-] oslo_messaging_rabbit.ssl_enforce_hostname_verification = True {{(pid=106909) log_opt_values /opt/stack/data/venv/lib/python3.12/site-packages/oslo_config/cfg.py:3253}}
Jul 31 09:49:55.516506 np0000187790 nova-scheduler[106909]: DEBUG cotyledon.oslo_config_glue [-] oslo_messaging_rabbit.ssl_key_file = {{(pid=106909) log_opt_values /opt/stack/data/venv/lib/python3.12/site-packages/oslo_config/cfg.py:3253}}
Jul 31 09:49:55.516506 np0000187790 nova-scheduler[106909]: DEBUG cotyledon.oslo_config_glue [-] oslo_messaging_rabbit.ssl_version = {{(pid=106909) log_opt_values /opt/stack/data/venv/lib/python3.12/site-packages/oslo_config/cfg.py:3253}}
Jul 31 09:49:55.516775 np0000187790 nova-scheduler[106909]: DEBUG cotyledon.oslo_config_glue [-] oslo_messaging_rabbit.use_queue_manager = False {{(pid=106909) log_opt_values /opt/stack/data/venv/lib/python3.12/site-packages/oslo_config/cfg.py:3253}}
Jul 31 09:49:55.516775 np0000187790 nova-scheduler[106909]: DEBUG cotyledon.oslo_config_glue [-] oslo_messaging_notifications.driver = ['messagingv2'] {{(pid=106909) log_opt_values /opt/stack/data/venv/lib/python3.12/site-packages/oslo_config/cfg.py:3253}}
Jul 31 09:49:55.516838 np0000187790 nova-scheduler[106898]: INFO dbcounter [None req-8e15e1be-e083-4c1e-b030-31c693ecdd67 None None] Registered counter for database nova_cell0
Jul 31 09:49:55.516869 np0000187790 nova-scheduler[106909]: DEBUG cotyledon.oslo_config_glue [-] oslo_messaging_notifications.retry = -1 {{(pid=106909) log_opt_values /opt/stack/data/venv/lib/python3.12/site-packages/oslo_config/cfg.py:3253}}
Jul 31 09:49:55.516869 np0000187790 nova-scheduler[106909]: DEBUG cotyledon.oslo_config_glue [-] oslo_messaging_notifications.topics = ['notifications'] {{(pid=106909) log_opt_values /opt/stack/data/venv/lib/python3.12/site-packages/oslo_config/cfg.py:3253}}
Jul 31 09:49:55.516869 np0000187790 nova-scheduler[106909]: DEBUG cotyledon.oslo_config_glue [-] oslo_messaging_notifications.transport_url = **** {{(pid=106909) log_opt_values /opt/stack/data/venv/lib/python3.12/site-packages/oslo_config/cfg.py:3253}}
Jul 31 09:49:55.516869 np0000187790 nova-scheduler[106909]: DEBUG cotyledon.oslo_config_glue [-] oslo_limit.auth_section = None {{(pid=106909) log_opt_values /opt/stack/data/venv/lib/python3.12/site-packages/oslo_config/cfg.py:3253}}
Jul 31 09:49:55.516869 np0000187790 nova-scheduler[106909]: DEBUG cotyledon.oslo_config_glue [-] oslo_limit.auth_type = None {{(pid=106909) log_opt_values /opt/stack/data/venv/lib/python3.12/site-packages/oslo_config/cfg.py:3253}}
Jul 31 09:49:55.516869 np0000187790 nova-scheduler[106909]: DEBUG cotyledon.oslo_config_glue [-] oslo_limit.cafile = None {{(pid=106909) log_opt_values /opt/stack/data/venv/lib/python3.12/site-packages/oslo_config/cfg.py:3253}}
Jul 31 09:49:55.516869 np0000187790 nova-scheduler[106909]: DEBUG cotyledon.oslo_config_glue [-] oslo_limit.certfile = None {{(pid=106909) log_opt_values /opt/stack/data/venv/lib/python3.12/site-packages/oslo_config/cfg.py:3253}}
Jul 31 09:49:55.516869 np0000187790 nova-scheduler[106909]: DEBUG cotyledon.oslo_config_glue [-] oslo_limit.collect_timing = False {{(pid=106909) log_opt_values /opt/stack/data/venv/lib/python3.12/site-packages/oslo_config/cfg.py:3253}}
Jul 31 09:49:55.516869 np0000187790 nova-scheduler[106909]: DEBUG cotyledon.oslo_config_glue [-] oslo_limit.connect_retries = None {{(pid=106909) log_opt_values /opt/stack/data/venv/lib/python3.12/site-packages/oslo_config/cfg.py:3253}}
Jul 31 09:49:55.517153 np0000187790 nova-scheduler[106909]: DEBUG cotyledon.oslo_config_glue [-] oslo_limit.connect_retry_delay = None {{(pid=106909) log_opt_values /opt/stack/data/venv/lib/python3.12/site-packages/oslo_config/cfg.py:3253}}
Jul 31 09:49:55.517153 np0000187790 nova-scheduler[106909]: DEBUG cotyledon.oslo_config_glue [-] oslo_limit.endpoint_id = None {{(pid=106909) log_opt_values /opt/stack/data/venv/lib/python3.12/site-packages/oslo_config/cfg.py:3253}}
Jul 31 09:49:55.517153 np0000187790 nova-scheduler[106909]: DEBUG cotyledon.oslo_config_glue [-] oslo_limit.endpoint_interface = public {{(pid=106909) log_opt_values /opt/stack/data/venv/lib/python3.12/site-packages/oslo_config/cfg.py:3253}}
Jul 31 09:49:55.517153 np0000187790 nova-scheduler[106909]: DEBUG cotyledon.oslo_config_glue [-] oslo_limit.endpoint_override = None {{(pid=106909) log_opt_values /opt/stack/data/venv/lib/python3.12/site-packages/oslo_config/cfg.py:3253}}
Jul 31 09:49:55.517153 np0000187790 nova-scheduler[106909]: DEBUG cotyledon.oslo_config_glue [-] oslo_limit.endpoint_region_name = None {{(pid=106909) log_opt_values /opt/stack/data/venv/lib/python3.12/site-packages/oslo_config/cfg.py:3253}}
Jul 31 09:49:55.517153 np0000187790 nova-scheduler[106909]: DEBUG cotyledon.oslo_config_glue [-] oslo_limit.endpoint_service_name = None {{(pid=106909) log_opt_values /opt/stack/data/venv/lib/python3.12/site-packages/oslo_config/cfg.py:3253}}
Jul 31 09:49:55.517153 np0000187790 nova-scheduler[106909]: DEBUG cotyledon.oslo_config_glue [-] oslo_limit.endpoint_service_type = None {{(pid=106909) log_opt_values /opt/stack/data/venv/lib/python3.12/site-packages/oslo_config/cfg.py:3253}}
Jul 31 09:49:55.517153 np0000187790 nova-scheduler[106909]: DEBUG cotyledon.oslo_config_glue [-] oslo_limit.insecure = False {{(pid=106909) log_opt_values /opt/stack/data/venv/lib/python3.12/site-packages/oslo_config/cfg.py:3253}}
Jul 31 09:49:55.517153 np0000187790 nova-scheduler[106909]: DEBUG cotyledon.oslo_config_glue [-] oslo_limit.keyfile = None {{(pid=106909) log_opt_values /opt/stack/data/venv/lib/python3.12/site-packages/oslo_config/cfg.py:3253}}
Jul 31 09:49:55.517411 np0000187790 nova-scheduler[106909]: DEBUG cotyledon.oslo_config_glue [-] oslo_limit.max_version = None {{(pid=106909) log_opt_values /opt/stack/data/venv/lib/python3.12/site-packages/oslo_config/cfg.py:3253}}
Jul 31 09:49:55.517411 np0000187790 nova-scheduler[106909]: DEBUG cotyledon.oslo_config_glue [-] oslo_limit.min_version = None {{(pid=106909) log_opt_values /opt/stack/data/venv/lib/python3.12/site-packages/oslo_config/cfg.py:3253}}
Jul 31 09:49:55.517411 np0000187790 nova-scheduler[106909]: DEBUG cotyledon.oslo_config_glue [-] oslo_limit.region_name = None {{(pid=106909) log_opt_values /opt/stack/data/venv/lib/python3.12/site-packages/oslo_config/cfg.py:3253}}
Jul 31 09:49:55.517411 np0000187790 nova-scheduler[106909]: DEBUG cotyledon.oslo_config_glue [-] oslo_limit.retriable_status_codes = None {{(pid=106909) log_opt_values /opt/stack/data/venv/lib/python3.12/site-packages/oslo_config/cfg.py:3253}}
Jul 31 09:49:55.517411 np0000187790 nova-scheduler[106909]: DEBUG cotyledon.oslo_config_glue [-] oslo_limit.service_name = None {{(pid=106909) log_opt_values /opt/stack/data/venv/lib/python3.12/site-packages/oslo_config/cfg.py:3253}}
Jul 31 09:49:55.517411 np0000187790 nova-scheduler[106909]: DEBUG cotyledon.oslo_config_glue [-] oslo_limit.service_type = None {{(pid=106909) log_opt_values /opt/stack/data/venv/lib/python3.12/site-packages/oslo_config/cfg.py:3253}}
Jul 31 09:49:55.517411 np0000187790 nova-scheduler[106909]: DEBUG cotyledon.oslo_config_glue [-] oslo_limit.split_loggers = False {{(pid=106909) log_opt_values /opt/stack/data/venv/lib/python3.12/site-packages/oslo_config/cfg.py:3253}}
Jul 31 09:49:55.517411 np0000187790 nova-scheduler[106909]: DEBUG cotyledon.oslo_config_glue [-] oslo_limit.status_code_retries = None {{(pid=106909) log_opt_values /opt/stack/data/venv/lib/python3.12/site-packages/oslo_config/cfg.py:3253}}
Jul 31 09:49:55.517411 np0000187790 nova-scheduler[106909]: DEBUG cotyledon.oslo_config_glue [-] oslo_limit.status_code_retry_delay = None {{(pid=106909) log_opt_values /opt/stack/data/venv/lib/python3.12/site-packages/oslo_config/cfg.py:3253}}
Jul 31 09:49:55.517676 np0000187790 nova-scheduler[106909]: DEBUG cotyledon.oslo_config_glue [-] oslo_limit.timeout = None {{(pid=106909) log_opt_values /opt/stack/data/venv/lib/python3.12/site-packages/oslo_config/cfg.py:3253}}
Jul 31 09:49:55.517676 np0000187790 nova-scheduler[106909]: DEBUG cotyledon.oslo_config_glue [-] oslo_limit.valid_interfaces = None {{(pid=106909) log_opt_values /opt/stack/data/venv/lib/python3.12/site-packages/oslo_config/cfg.py:3253}}
Jul 31 09:49:55.517676 np0000187790 nova-scheduler[106909]: DEBUG cotyledon.oslo_config_glue [-] oslo_limit.version = None {{(pid=106909) log_opt_values /opt/stack/data/venv/lib/python3.12/site-packages/oslo_config/cfg.py:3253}}
Jul 31 09:49:55.517676 np0000187790 nova-scheduler[106909]: DEBUG cotyledon.oslo_config_glue [-] oslo_reports.file_event_handler = None {{(pid=106909) log_opt_values /opt/stack/data/venv/lib/python3.12/site-packages/oslo_config/cfg.py:3253}}
Jul 31 09:49:55.517676 np0000187790 nova-scheduler[106909]: DEBUG cotyledon.oslo_config_glue [-] oslo_reports.file_event_handler_interval = 1 {{(pid=106909) log_opt_values /opt/stack/data/venv/lib/python3.12/site-packages/oslo_config/cfg.py:3253}}
Jul 31 09:49:55.517676 np0000187790 nova-scheduler[106909]: DEBUG cotyledon.oslo_config_glue [-] oslo_reports.log_dir = None {{(pid=106909) log_opt_values /opt/stack/data/venv/lib/python3.12/site-packages/oslo_config/cfg.py:3253}}
Jul 31 09:49:55.517676 np0000187790 nova-scheduler[106909]: DEBUG cotyledon.oslo_config_glue [-] ******************************************************************************** {{(pid=106909) log_opt_values /opt/stack/data/venv/lib/python3.12/site-packages/oslo_config/cfg.py:3260}}
Jul 31 09:49:55.517676 np0000187790 nova-scheduler[106909]: DEBUG cotyledon._service_worker [-] Run service ServiceWrapper(3) [106909] {{(pid=106909) wait_forever /opt/stack/data/venv/lib/python3.12/site-packages/cotyledon/_service_worker.py:218}}
Jul 31 09:49:55.517676 np0000187790 nova-scheduler[106909]: INFO nova.service [-] Starting scheduler node (version 33.1.0)
Jul 31 09:49:55.517920 np0000187790 nova-scheduler[106885]: DEBUG oslo_db.sqlalchemy.engines [None req-052f06af-ffb5-46b4-bf4d-ca899d13b708 None None] MySQL server mode set to STRICT_TRANS_TABLES,STRICT_ALL_TABLES,NO_ZERO_IN_DATE,NO_ZERO_DATE,ERROR_FOR_DIVISION_BY_ZERO,TRADITIONAL,NO_ENGINE_SUBSTITUTION {{(pid=106885) _check_effective_sql_mode /opt/stack/data/venv/lib/python3.12/site-packages/oslo_db/sqlalchemy/engines.py:325}}
Jul 31 09:49:55.517985 np0000187790 nova-scheduler[106909]: INFO dbcounter [None req-8560afc8-ee41-4cca-a855-2c5c935dffe5 None None] Registered counter for database nova_cell0
Jul 31 09:49:55.518019 np0000187790 nova-scheduler[106892]: DEBUG oslo_db.sqlalchemy.engines [None req-b4104724-150a-4897-b1e0-0cb166b92c0a None None] MySQL server mode set to STRICT_TRANS_TABLES,STRICT_ALL_TABLES,NO_ZERO_IN_DATE,NO_ZERO_DATE,ERROR_FOR_DIVISION_BY_ZERO,TRADITIONAL,NO_ENGINE_SUBSTITUTION {{(pid=106892) _check_effective_sql_mode /opt/stack/data/venv/lib/python3.12/site-packages/oslo_db/sqlalchemy/engines.py:325}}
Jul 31 09:49:55.524206 np0000187790 nova-scheduler[106885]: DEBUG dbcounter [-] [106885] Writer thread running {{(pid=106885) stat_writer /opt/stack/data/venv/lib/python3.12/site-packages/dbcounter.py:102}}
Jul 31 09:49:55.525544 np0000187790 nova-scheduler[106892]: DEBUG dbcounter [-] [106892] Writer thread running {{(pid=106892) stat_writer /opt/stack/data/venv/lib/python3.12/site-packages/dbcounter.py:102}}
Jul 31 09:49:55.541976 np0000187790 nova-scheduler[106885]: DEBUG nova.service [None req-052f06af-ffb5-46b4-bf4d-ca899d13b708 None None] Creating RPC server for service: nova-scheduler on topic: scheduler {{(pid=106885) start /opt/stack/nova/nova/service.py:196}}
Jul 31 09:49:55.546625 np0000187790 nova-scheduler[106898]: DEBUG oslo_db.sqlalchemy.engines [None req-8e15e1be-e083-4c1e-b030-31c693ecdd67 None None] MySQL server mode set to STRICT_TRANS_TABLES,STRICT_ALL_TABLES,NO_ZERO_IN_DATE,NO_ZERO_DATE,ERROR_FOR_DIVISION_BY_ZERO,TRADITIONAL,NO_ENGINE_SUBSTITUTION {{(pid=106898) _check_effective_sql_mode /opt/stack/data/venv/lib/python3.12/site-packages/oslo_db/sqlalchemy/engines.py:325}}
Jul 31 09:49:55.552423 np0000187790 nova-scheduler[106909]: DEBUG oslo_db.sqlalchemy.engines [None req-8560afc8-ee41-4cca-a855-2c5c935dffe5 None None] MySQL server mode set to STRICT_TRANS_TABLES,STRICT_ALL_TABLES,NO_ZERO_IN_DATE,NO_ZERO_DATE,ERROR_FOR_DIVISION_BY_ZERO,TRADITIONAL,NO_ENGINE_SUBSTITUTION {{(pid=106909) _check_effective_sql_mode /opt/stack/data/venv/lib/python3.12/site-packages/oslo_db/sqlalchemy/engines.py:325}}
Jul 31 09:49:55.553882 np0000187790 nova-scheduler[106892]: DEBUG nova.service [None req-b4104724-150a-4897-b1e0-0cb166b92c0a None None] Creating RPC server for service: nova-scheduler on topic: scheduler {{(pid=106892) start /opt/stack/nova/nova/service.py:196}}
Jul 31 09:49:55.563002 np0000187790 nova-scheduler[106898]: DEBUG dbcounter [-] [106898] Writer thread running {{(pid=106898) stat_writer /opt/stack/data/venv/lib/python3.12/site-packages/dbcounter.py:102}}
Jul 31 09:49:55.566225 np0000187790 nova-scheduler[106898]: DEBUG nova.service [None req-8e15e1be-e083-4c1e-b030-31c693ecdd67 None None] Creating RPC server for service: nova-scheduler on topic: scheduler {{(pid=106898) start /opt/stack/nova/nova/service.py:196}}
Jul 31 09:49:55.569410 np0000187790 nova-scheduler[106909]: DEBUG dbcounter [-] [106909] Writer thread running {{(pid=106909) stat_writer /opt/stack/data/venv/lib/python3.12/site-packages/dbcounter.py:102}}
Jul 31 09:49:55.572640 np0000187790 nova-scheduler[106909]: DEBUG nova.service [None req-8560afc8-ee41-4cca-a855-2c5c935dffe5 None None] Creating RPC server for service: nova-scheduler on topic: scheduler {{(pid=106909) start /opt/stack/nova/nova/service.py:196}}
Jul 31 09:49:55.578762 np0000187790 nova-scheduler[106885]: DEBUG nova.service [None req-052f06af-ffb5-46b4-bf4d-ca899d13b708 None None] Join ServiceGroup membership for this service scheduler {{(pid=106885) start /opt/stack/nova/nova/service.py:222}}
Jul 31 09:49:55.579014 np0000187790 nova-scheduler[106885]: DEBUG nova.servicegroup.drivers.db [None req-052f06af-ffb5-46b4-bf4d-ca899d13b708 None None] DB_Driver: join new ServiceGroup member np0000187790 to the scheduler group, service = {{(pid=106885) join /opt/stack/nova/nova/servicegroup/drivers/db.py:44}}
Jul 31 09:49:55.583807 np0000187790 nova-scheduler[106898]: DEBUG nova.service [None req-8e15e1be-e083-4c1e-b030-31c693ecdd67 None None] Join ServiceGroup membership for this service scheduler {{(pid=106898) start /opt/stack/nova/nova/service.py:222}}
Jul 31 09:49:55.584316 np0000187790 nova-scheduler[106898]: DEBUG nova.servicegroup.drivers.db [None req-8e15e1be-e083-4c1e-b030-31c693ecdd67 None None] DB_Driver: join new ServiceGroup member np0000187790 to the scheduler group, service = {{(pid=106898) join /opt/stack/nova/nova/servicegroup/drivers/db.py:44}}
Jul 31 09:49:55.590354 np0000187790 nova-scheduler[106892]: DEBUG nova.service [None req-b4104724-150a-4897-b1e0-0cb166b92c0a None None] Join ServiceGroup membership for this service scheduler {{(pid=106892) start /opt/stack/nova/nova/service.py:222}}
Jul 31 09:49:55.590599 np0000187790 nova-scheduler[106892]: DEBUG nova.servicegroup.drivers.db [None req-b4104724-150a-4897-b1e0-0cb166b92c0a None None] DB_Driver: join new ServiceGroup member np0000187790 to the scheduler group, service = {{(pid=106892) join /opt/stack/nova/nova/servicegroup/drivers/db.py:44}}
Jul 31 09:49:55.591573 np0000187790 nova-scheduler[106909]: DEBUG nova.service [None req-8560afc8-ee41-4cca-a855-2c5c935dffe5 None None] Join ServiceGroup membership for this service scheduler {{(pid=106909) start /opt/stack/nova/nova/service.py:222}}
Jul 31 09:49:55.591757 np0000187790 nova-scheduler[106909]: DEBUG nova.servicegroup.drivers.db [None req-8560afc8-ee41-4cca-a855-2c5c935dffe5 None None] DB_Driver: join new ServiceGroup member np0000187790 to the scheduler group, service = {{(pid=106909) join /opt/stack/nova/nova/servicegroup/drivers/db.py:44}}
Jul 31 09:50:00.599422 np0000187790 nova-scheduler[106885]: DEBUG oslo.service.backend._threading.loopingcall [-] Fixed interval looping call 'nova.servicegroup.drivers.db.DbDriver._report_state' sleeping for 119.98 seconds {{(pid=106885) _run_loop /opt/stack/data/venv/lib/python3.12/site-packages/oslo_service/backend/_threading/loopingcall.py:125}}
Jul 31 09:50:00.601623 np0000187790 nova-scheduler[106898]: DEBUG oslo.service.backend._threading.loopingcall [-] Fixed interval looping call 'nova.servicegroup.drivers.db.DbDriver._report_state' sleeping for 119.98 seconds {{(pid=106898) _run_loop /opt/stack/data/venv/lib/python3.12/site-packages/oslo_service/backend/_threading/loopingcall.py:125}}
Jul 31 09:50:00.603652 np0000187790 nova-scheduler[106892]: DEBUG oslo.service.backend._threading.loopingcall [-] Fixed interval looping call 'nova.servicegroup.drivers.db.DbDriver._report_state' sleeping for 119.99 seconds {{(pid=106892) _run_loop /opt/stack/data/venv/lib/python3.12/site-packages/oslo_service/backend/_threading/loopingcall.py:125}}
Jul 31 09:50:00.606568 np0000187790 nova-scheduler[106909]: DEBUG oslo.service.backend._threading.loopingcall [-] Fixed interval looping call 'nova.servicegroup.drivers.db.DbDriver._report_state' sleeping for 119.99 seconds {{(pid=106909) _run_loop /opt/stack/data/venv/lib/python3.12/site-packages/oslo_service/backend/_threading/loopingcall.py:125}}
Jul 31 09:50:04.092255 np0000187790 nova-scheduler[106155]: DEBUG dbcounter [-] [106155] Writing DB stats nova_api:SELECT=3 {{(pid=106155) stat_writer /opt/stack/data/venv/lib/python3.12/site-packages/dbcounter.py:115}}
Jul 31 09:50:04.241978 np0000187790 nova-scheduler[106155]: DEBUG dbcounter [-] [106155] Writing DB stats nova_cell0:SELECT=1 {{(pid=106155) stat_writer /opt/stack/data/venv/lib/python3.12/site-packages/dbcounter.py:115}}
Jul 31 09:50:04.248712 np0000187790 nova-scheduler[106155]: DEBUG dbcounter [-] [106155] Writing DB stats nova_cell1:SELECT=1 {{(pid=106155) stat_writer /opt/stack/data/venv/lib/python3.12/site-packages/dbcounter.py:115}}
Jul 31 09:50:06.587713 np0000187790 nova-scheduler[106898]: DEBUG oslo.service.backend._threading.loopingcall [None req-88c63ed6-9d59-479d-bfb6-c88ebf2663ff None None] Dynamic interval looping call 'nova.service.Service.periodic_tasks' sleeping for 60.00 seconds {{(pid=106898) _run_loop /opt/stack/data/venv/lib/python3.12/site-packages/oslo_service/backend/_threading/loopingcall.py:125}}
Jul 31 09:50:10.592288 np0000187790 nova-scheduler[106885]: DEBUG dbcounter [-] [106885] Writing DB stats nova_cell0:SELECT=4,nova_cell0:INSERT=1,nova_cell0:UPDATE=1 {{(pid=106885) stat_writer /opt/stack/data/venv/lib/python3.12/site-packages/dbcounter.py:115}}
Jul 31 09:50:10.599855 np0000187790 nova-scheduler[106892]: DEBUG dbcounter [-] [106892] Writing DB stats nova_cell0:SELECT=5,nova_cell0:INSERT=1 {{(pid=106892) stat_writer /opt/stack/data/venv/lib/python3.12/site-packages/dbcounter.py:115}}
Jul 31 09:50:10.600475 np0000187790 nova-scheduler[106898]: DEBUG dbcounter [-] [106898] Writing DB stats nova_cell0:SELECT=3,nova_cell0:UPDATE=1 {{(pid=106898) stat_writer /opt/stack/data/venv/lib/python3.12/site-packages/dbcounter.py:115}}
Jul 31 09:50:10.607437 np0000187790 nova-scheduler[106909]: DEBUG dbcounter [-] [106909] Writing DB stats nova_cell0:SELECT=3 {{(pid=106909) stat_writer /opt/stack/data/venv/lib/python3.12/site-packages/dbcounter.py:115}}
Jul 31 09:50:17.595471 np0000187790 nova-scheduler[106909]: DEBUG oslo.service.backend._threading.loopingcall [None req-b15fec8d-4c1a-4116-a279-e18ba1fa125b None None] Dynamic interval looping call 'nova.service.Service.periodic_tasks' sleeping for 60.00 seconds {{(pid=106909) _run_loop /opt/stack/data/venv/lib/python3.12/site-packages/oslo_service/backend/_threading/loopingcall.py:125}}
Jul 31 09:50:35.583346 np0000187790 nova-scheduler[106885]: DEBUG oslo.service.backend._threading.loopingcall [None req-c6ee0ee3-2f3b-4867-a431-dc23854f0d79 None None] Dynamic interval looping call 'nova.service.Service.periodic_tasks' sleeping for 60.00 seconds {{(pid=106885) _run_loop /opt/stack/data/venv/lib/python3.12/site-packages/oslo_service/backend/_threading/loopingcall.py:125}}
Jul 31 09:50:39.595156 np0000187790 nova-scheduler[106892]: DEBUG oslo.service.backend._threading.loopingcall [None req-ea7d7b38-4413-4009-b250-7bce5f99c350 None None] Dynamic interval looping call 'nova.service.Service.periodic_tasks' sleeping for 60.00 seconds {{(pid=106892) _run_loop /opt/stack/data/venv/lib/python3.12/site-packages/oslo_service/backend/_threading/loopingcall.py:125}}
Jul 31 09:51:06.588483 np0000187790 nova-scheduler[106898]: DEBUG oslo.service.backend._threading.loopingcall [None req-88c63ed6-9d59-479d-bfb6-c88ebf2663ff None None] Dynamic interval looping call 'nova.service.Service.periodic_tasks' sleeping for 60.00 seconds {{(pid=106898) _run_loop /opt/stack/data/venv/lib/python3.12/site-packages/oslo_service/backend/_threading/loopingcall.py:125}}
Jul 31 09:51:17.596377 np0000187790 nova-scheduler[106909]: DEBUG oslo.service.backend._threading.loopingcall [None req-b15fec8d-4c1a-4116-a279-e18ba1fa125b None None] Dynamic interval looping call 'nova.service.Service.periodic_tasks' sleeping for 60.00 seconds {{(pid=106909) _run_loop /opt/stack/data/venv/lib/python3.12/site-packages/oslo_service/backend/_threading/loopingcall.py:125}}
Jul 31 09:51:35.584399 np0000187790 nova-scheduler[106885]: DEBUG oslo.service.backend._threading.loopingcall [None req-c6ee0ee3-2f3b-4867-a431-dc23854f0d79 None None] Dynamic interval looping call 'nova.service.Service.periodic_tasks' sleeping for 60.00 seconds {{(pid=106885) _run_loop /opt/stack/data/venv/lib/python3.12/site-packages/oslo_service/backend/_threading/loopingcall.py:125}}
Jul 31 09:51:39.595905 np0000187790 nova-scheduler[106892]: DEBUG oslo.service.backend._threading.loopingcall [None req-ea7d7b38-4413-4009-b250-7bce5f99c350 None None] Dynamic interval looping call 'nova.service.Service.periodic_tasks' sleeping for 60.00 seconds {{(pid=106892) _run_loop /opt/stack/data/venv/lib/python3.12/site-packages/oslo_service/backend/_threading/loopingcall.py:125}}
Jul 31 09:52:00.589600 np0000187790 nova-scheduler[106885]: DEBUG oslo.service.backend._threading.loopingcall [-] Fixed interval looping call 'nova.servicegroup.drivers.db.DbDriver._report_state' sleeping for 119.99 seconds {{(pid=106885) _run_loop /opt/stack/data/venv/lib/python3.12/site-packages/oslo_service/backend/_threading/loopingcall.py:125}}
