2026-04-23 10:28:30.524 8 INFO placement.requestlog [None req-d6aa87c4-4081-4e0f-aa0a-2c8e34dad3c4 - - - - - -] 10.0.0.105 "GET /" status: 200 len: 136 microversion: 1.0
2026-04-23 10:28:31.310 7 INFO placement.requestlog [req-c3e8082a-7e76-42a1-b458-1cb8b2295e8f req-fa8f1b9f-dc0c-409f-8cc2-75451aaff311 9bb6652f41524f2f90763f239feed813 5845ea596698468faae07569ab98b703 - - 6fd0900e218548c38758367947849f45 6fd0900e218548c38758367947849f45] 199.19.213.150 "GET /allocations/d41c753b-f533-420a-8b24-0e2446144055" status: 200 len: 243 microversion: 1.28 [pid: 7|app: 0|req: 187/372] 199.19.213.150 () {34 vars in 863 bytes} [Thu Apr 23 10:28:31 2026] GET /allocations/d41c753b-f533-420a-8b24-0e2446144055 => generated 243 bytes in 13 msecs (HTTP/1.1 200) 8 headers in 296 bytes (1 switches on core 0)
2026-04-23 10:28:32.351 8 INFO placement.requestlog [req-c3e8082a-7e76-42a1-b458-1cb8b2295e8f req-3e0e4bfe-23f5-4090-a3e0-d5a24e056290 9bb6652f41524f2f90763f239feed813 5845ea596698468faae07569ab98b703 - - 6fd0900e218548c38758367947849f45 6fd0900e218548c38758367947849f45] 199.19.213.150 "GET /resource_providers/45eabaf1-ed77-4b3c-a86f-27c6aacf01db/allocations" status: 200 len: 238 microversion: 1.0 [pid: 8|app: 0|req: 186/373] 199.19.213.150 () {32 vars in 857 bytes} [Thu Apr 23 10:28:32 2026] GET /resource_providers/45eabaf1-ed77-4b3c-a86f-27c6aacf01db/allocations => generated 238 bytes in 18 msecs (HTTP/1.1 200) 6 headers in 224 bytes (1 switches on core 0)
2026-04-23 10:28:32.376 7 INFO placement.requestlog [req-c3e8082a-7e76-42a1-b458-1cb8b2295e8f req-e25d9627-482a-47aa-a105-a78a0524fb42 9bb6652f41524f2f90763f239feed813 5845ea596698468faae07569ab98b703 - - 6fd0900e218548c38758367947849f45 6fd0900e218548c38758367947849f45] 199.19.213.150 "GET /allocations/50bde389-edd5-4ba1-a075-96bc3e86fc70" status: 200 len: 257 microversion: 1.28 [pid: 7|app: 0|req: 188/374] 199.19.213.150 () {34 vars in 863 bytes} [Thu Apr 23 10:28:32 2026] GET /allocations/50bde389-edd5-4ba1-a075-96bc3e86fc70 => generated 257 bytes in 19 msecs (HTTP/1.1 200) 8 headers in 296 bytes (1 switches on core 0)
2026-04-23 10:28:32.394 8 INFO placement.requestlog [req-c3e8082a-7e76-42a1-b458-1cb8b2295e8f req-344621e2-fde0-4b1d-8f07-eabca7992128 9bb6652f41524f2f90763f239feed813 5845ea596698468faae07569ab98b703 - - 6fd0900e218548c38758367947849f45 6fd0900e218548c38758367947849f45] 199.19.213.150 "GET /allocations/d41c753b-f533-420a-8b24-0e2446144055" status: 200 len: 243 microversion: 1.28 [pid: 8|app: 0|req: 187/375] 199.19.213.150 () {34 vars in 863 bytes} [Thu Apr 23 10:28:32 2026] GET /allocations/d41c753b-f533-420a-8b24-0e2446144055 => generated 243 bytes in 11 msecs (HTTP/1.1 200) 8 headers in 296 bytes (1 switches on core 0)
2026-04-23 10:28:38.900 7 INFO placement.requestlog [None req-ec40327a-fbad-40c2-8a66-411820b7c537 c85941178e78478395d908e77feb4e2e 5845ea596698468faae07569ab98b703 - - 6fd0900e218548c38758367947849f45 6fd0900e218548c38758367947849f45] 10.0.0.188 "GET /resource_providers/3578e8f3-4df6-4566-b4fd-58e2838b3dd8/aggregates" status: 404 len: 235 microversion: 1.1
2026-04-23 10:28:38.901 8 INFO placement.requestlog [None req-0b5290e0-14c1-47e7-87f0-486bb7685860 c85941178e78478395d908e77feb4e2e 5845ea596698468faae07569ab98b703 - - 6fd0900e218548c38758367947849f45 6fd0900e218548c38758367947849f45] 10.0.0.188 "GET /resource_providers/3578e8f3-4df6-4566-b4fd-58e2838b3dd8/aggregates" status: 404 len: 235 microversion: 1.1 [pid: 8|app: 0|req: 188/376] 10.0.0.188 () {32 vars in 816 bytes} [Thu Apr 23 10:28:38 2026] GET /resource_providers/3578e8f3-4df6-4566-b4fd-58e2838b3dd8/aggregates => generated 235 bytes in 9 msecs (HTTP/1.1 404) 5 headers in 202 bytes (1 switches on core 0) [pid: 7|app: 0|req: 189/377] 10.0.0.188 () {32 vars in 816 bytes} [Thu Apr 23 10:28:38 2026] GET /resource_providers/3578e8f3-4df6-4566-b4fd-58e2838b3dd8/aggregates => generated 235 bytes in 13 msecs (HTTP/1.1 404) 5 headers in 202 bytes (1 switches on core 0)
2026-04-23 10:28:38.927 8 INFO placement.requestlog [None req-559d2f4f-f572-4a24-83ff-ca836098dc8f c85941178e78478395d908e77feb4e2e 5845ea596698468faae07569ab98b703 - - 6fd0900e218548c38758367947849f45 6fd0900e218548c38758367947849f45] 10.0.0.188 "DELETE /resource_providers/3578e8f3-4df6-4566-b4fd-58e2838b3dd8" status: 404 len: 246 microversion: 1.1 [pid: 8|app: 0|req: 189/378] 10.0.0.188 () {34 vars in 816 bytes} [Thu Apr 23 10:28:38 2026] DELETE /resource_providers/3578e8f3-4df6-4566-b4fd-58e2838b3dd8 => generated 246 bytes in 10 msecs (HTTP/1.1 404) 6 headers in 231 bytes (1 switches on core 0)
2026-04-23 10:28:38.933 7 INFO placement.requestlog [None req-c7da0220-f70b-4a1f-920e-77145c116c2c c85941178e78478395d908e77feb4e2e 5845ea596698468faae07569ab98b703 - - 6fd0900e218548c38758367947849f45 6fd0900e218548c38758367947849f45] 10.0.0.188 "DELETE /resource_providers/3578e8f3-4df6-4566-b4fd-58e2838b3dd8" status: 404 len: 246 microversion: 1.1 [pid: 7|app: 0|req: 190/379] 10.0.0.188 () {34 vars in 816 bytes} [Thu Apr 23 10:28:38 2026] DELETE /resource_providers/3578e8f3-4df6-4566-b4fd-58e2838b3dd8 => generated 246 bytes in 16 msecs (HTTP/1.1 404) 6 headers in 231 bytes (1 switches on core 0)
2026-04-23 10:28:40.099 7 INFO placement.requestlog [None req-cce5159d-9f0c-4d4c-bec9-efd7dc631a09 c85941178e78478395d908e77feb4e2e 5845ea596698468faae07569ab98b703 - - 6fd0900e218548c38758367947849f45 6fd0900e218548c38758367947849f45] 10.0.0.188 "GET /resource_providers/dc0bc2db-8d62-4d7f-a7a6-1d8784393325/aggregates" status: 404 len: 235 microversion: 1.1 [pid: 7|app: 0|req: 191/380] 10.0.0.188 () {32 vars in 816 bytes} [Thu Apr 23 10:28:39 2026] GET /resource_providers/dc0bc2db-8d62-4d7f-a7a6-1d8784393325/aggregates => generated 235 bytes in 168 msecs (HTTP/1.1 404) 5 headers in 202 bytes (1 switches on core 0)
2026-04-23 10:28:40.116 7 INFO placement.requestlog [None req-a6d4d98c-e1de-4ae6-a09c-ef4cc3002e73 c85941178e78478395d908e77feb4e2e 5845ea596698468faae07569ab98b703 - - 6fd0900e218548c38758367947849f45 6fd0900e218548c38758367947849f45] 10.0.0.188 "DELETE /resource_providers/dc0bc2db-8d62-4d7f-a7a6-1d8784393325" status: 404 len: 246 microversion: 1.1 [pid: 7|app: 0|req: 192/381] 10.0.0.188 () {34 vars in 816 bytes} [Thu Apr 23 10:28:40 2026] DELETE /resource_providers/dc0bc2db-8d62-4d7f-a7a6-1d8784393325 => generated 246 bytes in 9 msecs (HTTP/1.1 404) 6 headers in 231 bytes (1 switches on core 0)
2026-04-23 10:28:40.156 8 INFO placement.requestlog [None req-7981f9ba-d8c5-46c2-8a2a-38dca1484618 c85941178e78478395d908e77feb4e2e 5845ea596698468faae07569ab98b703 - - 6fd0900e218548c38758367947849f45 6fd0900e218548c38758367947849f45] 10.0.0.188 "GET /resource_providers/dc0bc2db-8d62-4d7f-a7a6-1d8784393325/aggregates" status: 404 len: 235 microversion: 1.1 [pid: 8|app: 0|req: 190/382] 10.0.0.188 () {32 vars in 816 bytes} [Thu Apr 23 10:28:39 2026] GET /resource_providers/dc0bc2db-8d62-4d7f-a7a6-1d8784393325/aggregates => generated 235 bytes in 238 msecs (HTTP/1.1 404) 5 headers in 202 bytes (1 switches on core 0)
2026-04-23 10:28:40.175 7 INFO placement.requestlog [None req-ef3eb9e9-6f21-4168-9267-7c5100694f79 c85941178e78478395d908e77feb4e2e 5845ea596698468faae07569ab98b703 - - 6fd0900e218548c38758367947849f45 6fd0900e218548c38758367947849f45] 10.0.0.188 "DELETE /resource_providers/dc0bc2db-8d62-4d7f-a7a6-1d8784393325" status: 404 len: 246 microversion: 1.1 [pid: 7|app: 0|req: 193/383] 10.0.0.188 () {34 vars in 816 bytes} [Thu Apr 23 10:28:40 2026] DELETE /resource_providers/dc0bc2db-8d62-4d7f-a7a6-1d8784393325 => generated 246 bytes in 12 msecs (HTTP/1.1 404) 6 headers in 231 bytes (1 switches on core 0)
2026-04-23 10:28:40.524 7 INFO placement.requestlog [None req-5875bb42-8d85-444c-9bf7-06963cc153e2 - - - - - -] 10.0.0.105 "GET /" status: 200 len: 136 microversion: 1.0
2026-04-23 10:28:40.524 8 INFO placement.requestlog [None req-ad47a415-be7e-4e9c-9c85-f6d9d8f9802f - - - - - -] 10.0.0.105 "GET /" status: 200 len: 136 microversion: 1.0
2026-04-23 10:28:48.971 7 INFO placement.requestlog [req-019df138-2f31-4888-865e-490768d32928 req-073575dd-1dd9-4295-9fbe-73a1250b4c4e 9bb6652f41524f2f90763f239feed813 5845ea596698468faae07569ab98b703 - - 6fd0900e218548c38758367947849f45 6fd0900e218548c38758367947849f45] 10.0.0.20 "GET /allocation_candidates?limit=1000&resources=DISK_GB%3A1%2CMEMORY_MB%3A512%2CVCPU%3A1&root_required=%21COMPUTE_STATUS_DISABLED" status: 200 len: 2784 microversion: 1.36 [pid: 7|app: 0|req: 195/386] 10.0.0.20 () {34 vars in 1011 bytes} [Thu Apr 23 10:28:48 2026] GET /allocation_candidates?limit=1000&resources=DISK_GB%3A1%2CMEMORY_MB%3A512%2CVCPU%3A1&root_required=%21COMPUTE_STATUS_DISABLED => generated 2784 bytes in 40 msecs (HTTP/1.1 200) 8 headers in 297 bytes (1 switches on core 0)
2026-04-23 10:28:49.015 8 INFO placement.requestlog [req-019df138-2f31-4888-865e-490768d32928 req-fad68fa1-18e2-4254-8db4-76461f5a29f1 9bb6652f41524f2f90763f239feed813 5845ea596698468faae07569ab98b703 - - 6fd0900e218548c38758367947849f45 6fd0900e218548c38758367947849f45] 10.0.0.20 "GET /allocations/e224f952-c4fa-4d96-9d52-6817171b8314" status: 200 len: 19 microversion: 1.28 [pid: 8|app: 0|req: 192/387] 10.0.0.20 () {34 vars in 860 bytes} [Thu Apr 23 10:28:48 2026] GET /allocations/e224f952-c4fa-4d96-9d52-6817171b8314 => generated 19 bytes in 16 msecs (HTTP/1.1 200) 8 headers in 295 bytes (1 switches on core 0)
2026-04-23 10:28:49.124 7 INFO placement.requestlog [req-019df138-2f31-4888-865e-490768d32928 req-faae4ab3-7f62-4778-b249-c1042da6015b 9bb6652f41524f2f90763f239feed813 5845ea596698468faae07569ab98b703 - - 6fd0900e218548c38758367947849f45 6fd0900e218548c38758367947849f45] 10.0.0.20 "PUT /allocations/e224f952-c4fa-4d96-9d52-6817171b8314" status: 204 len: 0 microversion: 1.36 [pid: 7|app: 0|req: 196/388] 10.0.0.20 () {38 vars in 913 bytes} [Thu Apr 23 10:28:49 2026] PUT /allocations/e224f952-c4fa-4d96-9d52-6817171b8314 => generated 0 bytes in 99 msecs (HTTP/1.1 204) 5 headers in 199 bytes (1 switches on core 0)
2026-04-23 10:28:50.523 7 INFO placement.requestlog [None req-6e646069-aaf5-457d-bd0a-de25efa937d7 - - - - - -] 10.0.0.105 "GET /" status: 200 len: 136 microversion: 1.0
2026-04-23 10:28:50.523 8 INFO placement.requestlog [None req-0ab1c451-27b0-4936-8a2c-46316957f29f - - - - - -] 10.0.0.105 "GET /" status: 200 len: 136 microversion: 1.0
2026-04-23 10:28:50.742 7 INFO placement.requestlog [req-019df138-2f31-4888-865e-490768d32928 req-de513dd0-4fdf-4e2f-abee-19c69054dd17 9bb6652f41524f2f90763f239feed813 5845ea596698468faae07569ab98b703 - - 6fd0900e218548c38758367947849f45 6fd0900e218548c38758367947849f45] 199.19.213.150 "GET /allocations/e224f952-c4fa-4d96-9d52-6817171b8314" status: 200 len: 257 microversion: 1.28 [pid: 7|app: 0|req: 198/391] 199.19.213.150 () {34 vars in 863 bytes} [Thu Apr 23 10:28:50 2026] GET /allocations/e224f952-c4fa-4d96-9d52-6817171b8314 => generated 257 bytes in 24 msecs (HTTP/1.1 200) 8 headers in 296 bytes (1 switches on core 0)
2026-04-23 10:28:50.972 8 INFO placement.requestlog [None req-a1870323-648a-4880-b222-8af67f498148 c85941178e78478395d908e77feb4e2e 5845ea596698468faae07569ab98b703 - - 6fd0900e218548c38758367947849f45 6fd0900e218548c38758367947849f45] 10.0.0.188 "GET /resource_providers/53e61a4a-87db-4476-b1d9-fa293ee6c21b/aggregates" status: 404 len: 235 microversion: 1.1 [pid: 8|app: 0|req: 194/392] 10.0.0.188 () {32 vars in 816 bytes} [Thu Apr 23 10:28:50 2026] GET /resource_providers/53e61a4a-87db-4476-b1d9-fa293ee6c21b/aggregates => generated 235 bytes in 7 msecs (HTTP/1.1 404) 5 headers in 202 bytes (1 switches on core 0)
2026-04-23 10:28:50.973 7 INFO placement.requestlog [None req-afa28043-9312-4fd1-ae5f-1ba434a57323 c85941178e78478395d908e77feb4e2e 5845ea596698468faae07569ab98b703 - - 6fd0900e218548c38758367947849f45 6fd0900e218548c38758367947849f45] 10.0.0.188 "GET /resource_providers/53e61a4a-87db-4476-b1d9-fa293ee6c21b/aggregates" status: 404 len: 235 microversion: 1.1 [pid: 7|app: 0|req: 199/393] 10.0.0.188 () {32 vars in 816 bytes} [Thu Apr 23 10:28:50 2026] GET /resource_providers/53e61a4a-87db-4476-b1d9-fa293ee6c21b/aggregates => generated 235 bytes in 9 msecs (HTTP/1.1 404) 5 headers in 202 bytes (1 switches on core 0)
2026-04-23 10:28:50.990 8 INFO placement.requestlog [None req-d6027506-6b00-4792-afd9-654ff0b3b8a6 c85941178e78478395d908e77feb4e2e 5845ea596698468faae07569ab98b703 - - 6fd0900e218548c38758367947849f45 6fd0900e218548c38758367947849f45] 10.0.0.188 "DELETE /resource_providers/53e61a4a-87db-4476-b1d9-fa293ee6c21b" status: 404 len: 246 microversion: 1.1 [pid: 8|app: 0|req: 195/394] 10.0.0.188 () {34 vars in 816 bytes} [Thu Apr 23 10:28:50 2026] DELETE /resource_providers/53e61a4a-87db-4476-b1d9-fa293ee6c21b => generated 246 bytes in 7 msecs (HTTP/1.1 404) 6 headers in 231 bytes (1 switches on core 0)
2026-04-23 10:28:50.998 7 INFO placement.requestlog [None req-99ad70cd-afe7-4d9b-8288-a1b2d91254bd c85941178e78478395d908e77feb4e2e 5845ea596698468faae07569ab98b703 - - 6fd0900e218548c38758367947849f45 6fd0900e218548c38758367947849f45] 10.0.0.188 "DELETE /resource_providers/53e61a4a-87db-4476-b1d9-fa293ee6c21b" status: 404 len: 246 microversion: 1.1 [pid: 7|app: 0|req: 200/395] 10.0.0.188 () {34 vars in 816 bytes} [Thu Apr 23 10:28:50 2026] DELETE /resource_providers/53e61a4a-87db-4476-b1d9-fa293ee6c21b => generated 246 bytes in 9 msecs (HTTP/1.1 404) 6 headers in 231 bytes (1 switches on core 0)
2026-04-23 10:28:51.157 8 INFO placement.requestlog [None req-8c957ab1-bba5-42ab-a900-d4c73ea26002 c85941178e78478395d908e77feb4e2e 5845ea596698468faae07569ab98b703 - - 6fd0900e218548c38758367947849f45 6fd0900e218548c38758367947849f45] 10.0.0.188 "GET /resource_providers/f50cad24-0a66-4131-b529-117c56690996/aggregates" status: 404 len: 235 microversion: 1.1 [pid: 8|app: 0|req: 196/396] 10.0.0.188 () {32 vars in 816 bytes} [Thu Apr 23 10:28:51 2026] GET /resource_providers/f50cad24-0a66-4131-b529-117c56690996/aggregates => generated 235 bytes in 8 msecs (HTTP/1.1 404) 5 headers in 202 bytes (1 switches on core 0)
2026-04-23 10:28:51.169 7 INFO placement.requestlog [None req-0f94ec2a-83d8-4faf-925d-223efb7a5d70 c85941178e78478395d908e77feb4e2e 5845ea596698468faae07569ab98b703 - - 6fd0900e218548c38758367947849f45 6fd0900e218548c38758367947849f45] 10.0.0.188 "GET /resource_providers/f50cad24-0a66-4131-b529-117c56690996/aggregates" status: 404 len: 235 microversion: 1.1 [pid: 7|app: 0|req: 201/397] 10.0.0.188 () {32 vars in 816 bytes} [Thu Apr 23 10:28:51 2026] GET /resource_providers/f50cad24-0a66-4131-b529-117c56690996/aggregates => generated 235 bytes in 12 msecs (HTTP/1.1 404) 5 headers in 202 bytes (1 switches on core 0)
2026-04-23 10:28:51.175 8 INFO placement.requestlog [None req-78c53004-303b-4699-9de1-b469dc4421f3 c85941178e78478395d908e77feb4e2e 5845ea596698468faae07569ab98b703 - - 6fd0900e218548c38758367947849f45 6fd0900e218548c38758367947849f45] 10.0.0.188 "DELETE /resource_providers/f50cad24-0a66-4131-b529-117c56690996" status: 404 len: 246 microversion: 1.1 [pid: 8|app: 0|req: 197/398] 10.0.0.188 () {34 vars in 816 bytes} [Thu Apr 23 10:28:51 2026] DELETE /resource_providers/f50cad24-0a66-4131-b529-117c56690996 => generated 246 bytes in 7 msecs (HTTP/1.1 404) 6 headers in 231 bytes (1 switches on core 0)
2026-04-23 10:28:51.187 7 INFO placement.requestlog [None req-370c0dc4-5373-421b-8fba-54e6a1db4137 c85941178e78478395d908e77feb4e2e 5845ea596698468faae07569ab98b703 - - 6fd0900e218548c38758367947849f45 6fd0900e218548c38758367947849f45] 10.0.0.188 "DELETE /resource_providers/f50cad24-0a66-4131-b529-117c56690996" status: 404 len: 246 microversion: 1.1 [pid: 7|app: 0|req: 202/399] 10.0.0.188 () {34 vars in 816 bytes} [Thu Apr 23 10:28:51 2026] DELETE /resource_providers/f50cad24-0a66-4131-b529-117c56690996 => generated 246 bytes in 9 msecs (HTTP/1.1 404) 6 headers in 231 bytes (1 switches on core 0)
2026-04-23 10:28:51.788 8 INFO placement.requestlog [req-019df138-2f31-4888-865e-490768d32928 req-cd62b82f-111e-418c-9ef4-a09785d995c8 9bb6652f41524f2f90763f239feed813 5845ea596698468faae07569ab98b703 - - 6fd0900e218548c38758367947849f45 6fd0900e218548c38758367947849f45] 199.19.213.150 "GET /resource_providers/45eabaf1-ed77-4b3c-a86f-27c6aacf01db/allocations" status: 200 len: 338 microversion: 1.0 [pid: 8|app: 0|req: 198/400] 199.19.213.150 () {32 vars in 857 bytes} [Thu Apr 23 10:28:51 2026] GET /resource_providers/45eabaf1-ed77-4b3c-a86f-27c6aacf01db/allocations => generated 338 bytes in 21 msecs (HTTP/1.1 200) 6 headers in 224 bytes (1 switches on core 0)
2026-04-23 10:28:51.814 7 INFO placement.requestlog [req-019df138-2f31-4888-865e-490768d32928 req-1906650d-1848-4777-9d54-8df63da9a99f 9bb6652f41524f2f90763f239feed813 5845ea596698468faae07569ab98b703 - - 6fd0900e218548c38758367947849f45 6fd0900e218548c38758367947849f45] 199.19.213.150 "GET /allocations/50bde389-edd5-4ba1-a075-96bc3e86fc70" status: 200 len: 257 microversion: 1.28 [pid: 7|app: 0|req: 203/401] 199.19.213.150 () {34 vars in 863 bytes} [Thu Apr 23 10:28:51 2026] GET /allocations/50bde389-edd5-4ba1-a075-96bc3e86fc70 => generated 257 bytes in 18 msecs (HTTP/1.1 200) 8 headers in 296 bytes (1 switches on core 0)
2026-04-23 10:28:51.834 8 INFO placement.requestlog [req-019df138-2f31-4888-865e-490768d32928 req-47295226-d4a0-4dd4-8e46-6d1a74e21335 9bb6652f41524f2f90763f239feed813 5845ea596698468faae07569ab98b703 - - 6fd0900e218548c38758367947849f45 6fd0900e218548c38758367947849f45] 199.19.213.150 "GET /allocations/d41c753b-f533-420a-8b24-0e2446144055" status: 200 len: 243 microversion: 1.28 [pid: 8|app: 0|req: 199/402] 199.19.213.150 () {34 vars in 863 bytes} [Thu Apr 23 10:28:51 2026] GET /allocations/d41c753b-f533-420a-8b24-0e2446144055 => generated 243 bytes in 15 msecs (HTTP/1.1 200) 8 headers in 296 bytes (1 switches on core 0)
2026-04-23 10:28:51.859 7 INFO placement.requestlog [req-019df138-2f31-4888-865e-490768d32928 req-bd78be20-aa2d-4388-b919-920a5f221b30 9bb6652f41524f2f90763f239feed813 5845ea596698468faae07569ab98b703 - - 6fd0900e218548c38758367947849f45 6fd0900e218548c38758367947849f45] 199.19.213.150 "GET /allocations/e224f952-c4fa-4d96-9d52-6817171b8314" status: 200 len: 257 microversion: 1.28 [pid: 7|app: 0|req: 204/403] 199.19.213.150 () {34 vars in 863 bytes} [Thu Apr 23 10:28:51 2026] GET /allocations/e224f952-c4fa-4d96-9d52-6817171b8314 => generated 257 bytes in 18 msecs (HTTP/1.1 200) 8 headers in 296 bytes (1 switches on core 0)
2026-04-23 10:28:54.269 8 INFO placement.requestlog [req-4a8be292-b6c6-47a1-a438-0b4d3c79ed1b req-262e9605-44e0-4b63-8eaf-e9f492fd7d94 9bb6652f41524f2f90763f239feed813 5845ea596698468faae07569ab98b703 - - 6fd0900e218548c38758367947849f45 6fd0900e218548c38758367947849f45] 199.19.213.150 "GET /resource_providers/45eabaf1-ed77-4b3c-a86f-27c6aacf01db/allocations" status: 200 len: 338 microversion: 1.0 [pid: 8|app: 0|req: 200/404] 199.19.213.150 () {32 vars in 857 bytes} [Thu Apr 23 10:28:54 2026] GET /resource_providers/45eabaf1-ed77-4b3c-a86f-27c6aacf01db/allocations => generated 338 bytes in 16 msecs (HTTP/1.1 200) 6 headers in 224 bytes (1 switches on core 0)
2026-04-23 10:28:54.287 7 INFO placement.requestlog [req-4a8be292-b6c6-47a1-a438-0b4d3c79ed1b req-fb2d094d-2200-4452-8a8c-9eed94502e8a 9bb6652f41524f2f90763f239feed813 5845ea596698468faae07569ab98b703 - - 6fd0900e218548c38758367947849f45 6fd0900e218548c38758367947849f45] 199.19.213.150 "GET /allocations/50bde389-edd5-4ba1-a075-96bc3e86fc70" status: 200 len: 257 microversion: 1.28 [pid: 7|app: 0|req: 205/405] 199.19.213.150 () {34 vars in 863 bytes} [Thu Apr 23 10:28:54 2026] GET /allocations/50bde389-edd5-4ba1-a075-96bc3e86fc70 => generated 257 bytes in 12 msecs (HTTP/1.1 200) 8 headers in 296 bytes (1 switches on core 0)
2026-04-23 10:28:54.306 8 INFO placement.requestlog [req-4a8be292-b6c6-47a1-a438-0b4d3c79ed1b req-b75c83d2-2957-4ae0-bc76-ddae8921dae9 9bb6652f41524f2f90763f239feed813 5845ea596698468faae07569ab98b703 - - 6fd0900e218548c38758367947849f45 6fd0900e218548c38758367947849f45] 199.19.213.150 "GET /allocations/d41c753b-f533-420a-8b24-0e2446144055" status: 200 len: 243 microversion: 1.28 [pid: 8|app: 0|req: 201/406] 199.19.213.150 () {34 vars in 863 bytes} [Thu Apr 23 10:28:54 2026] GET /allocations/d41c753b-f533-420a-8b24-0e2446144055 => generated 243 bytes in 12 msecs (HTTP/1.1 200) 8 headers in 296 bytes (1 switches on core 0)
2026-04-23 10:28:54.324 7 INFO placement.requestlog [req-4a8be292-b6c6-47a1-a438-0b4d3c79ed1b req-181a2ea7-de75-4a38-8f67-356167ff12cf 9bb6652f41524f2f90763f239feed813 5845ea596698468faae07569ab98b703 - - 6fd0900e218548c38758367947849f45 6fd0900e218548c38758367947849f45] 199.19.213.150 "GET /allocations/e224f952-c4fa-4d96-9d52-6817171b8314" status: 200 len: 257 microversion: 1.28 [pid: 7|app: 0|req: 206/407] 199.19.213.150 () {34 vars in 863 bytes} [Thu Apr 23 10:28:54 2026] GET /allocations/e224f952-c4fa-4d96-9d52-6817171b8314 => generated 257 bytes in 13 msecs (HTTP/1.1 200) 8 headers in 296 bytes (1 switches on core 0)
2026-04-23 10:28:54.609 8 INFO placement.requestlog [None req-3ea50f4a-59c5-4873-bcad-56138170bcac c85941178e78478395d908e77feb4e2e 5845ea596698468faae07569ab98b703 - - 6fd0900e218548c38758367947849f45 6fd0900e218548c38758367947849f45] 10.0.0.188 "GET /resource_providers/921e2ac7-6093-4fcd-811f-317c18fa4970/aggregates" status: 404 len: 235 microversion: 1.1 [pid: 8|app: 0|req: 202/408] 10.0.0.188 () {32 vars in 816 bytes} [Thu Apr 23 10:28:54 2026] GET /resource_providers/921e2ac7-6093-4fcd-811f-317c18fa4970/aggregates => generated 235 bytes in 9 msecs (HTTP/1.1 404) 5 headers in 202 bytes (1 switches on core 0)
2026-04-23 10:28:54.616 7 INFO placement.requestlog [None req-13295e04-94d5-4af8-9977-3e29fd6a28ef c85941178e78478395d908e77feb4e2e 5845ea596698468faae07569ab98b703 - - 6fd0900e218548c38758367947849f45 6fd0900e218548c38758367947849f45] 10.0.0.188 "GET /resource_providers/921e2ac7-6093-4fcd-811f-317c18fa4970/aggregates" status: 404 len: 235 microversion: 1.1 [pid: 7|app: 0|req: 207/409] 10.0.0.188 () {32 vars in 816 bytes} [Thu Apr 23 10:28:54 2026] GET /resource_providers/921e2ac7-6093-4fcd-811f-317c18fa4970/aggregates => generated 235 bytes in 11 msecs (HTTP/1.1 404) 5 headers in 202 bytes (1 switches on core 0)
2026-04-23 10:28:54.632 8 INFO placement.requestlog [None req-fa761b32-2285-48b3-ac67-783f27992049 c85941178e78478395d908e77feb4e2e 5845ea596698468faae07569ab98b703 - - 6fd0900e218548c38758367947849f45 6fd0900e218548c38758367947849f45] 10.0.0.188 "DELETE /resource_providers/921e2ac7-6093-4fcd-811f-317c18fa4970" status: 404 len: 246 microversion: 1.1 [pid: 8|app: 0|req: 203/410] 10.0.0.188 () {34 vars in 816 bytes} [Thu Apr 23 10:28:54 2026] DELETE /resource_providers/921e2ac7-6093-4fcd-811f-317c18fa4970 => generated 246 bytes in 10 msecs (HTTP/1.1 404) 6 headers in 231 bytes (1 switches on core 0)
2026-04-23 10:28:54.638 7 INFO placement.requestlog [None req-7a4dbc4c-561a-4ede-aa69-9331eb80b8e3 c85941178e78478395d908e77feb4e2e 5845ea596698468faae07569ab98b703 - - 6fd0900e218548c38758367947849f45 6fd0900e218548c38758367947849f45] 10.0.0.188 "DELETE /resource_providers/921e2ac7-6093-4fcd-811f-317c18fa4970" status: 404 len: 246 microversion: 1.1 [pid: 7|app: 0|req: 208/411] 10.0.0.188 () {34 vars in 816 bytes} [Thu Apr 23 10:28:54 2026] DELETE /resource_providers/921e2ac7-6093-4fcd-811f-317c18fa4970 => generated 246 bytes in 12 msecs (HTTP/1.1 404) 6 headers in 231 bytes (1 switches on core 0)
2026-04-23 10:28:54.772 8 INFO placement.requestlog [None req-714a0e4c-37ee-4e39-aa56-dff92ab81cba c85941178e78478395d908e77feb4e2e 5845ea596698468faae07569ab98b703 - - 6fd0900e218548c38758367947849f45 6fd0900e218548c38758367947849f45] 10.0.0.188 "GET /resource_providers/d976a8bf-0c32-4043-8791-72e626368c55/aggregates" status: 404 len: 235 microversion: 1.1 [pid: 8|app: 0|req: 204/412] 10.0.0.188 () {32 vars in 816 bytes} [Thu Apr 23 10:28:54 2026] GET /resource_providers/d976a8bf-0c32-4043-8791-72e626368c55/aggregates => generated 235 bytes in 12 msecs (HTTP/1.1 404) 5 headers in 202 bytes (1 switches on core 0)
2026-04-23 10:28:54.780 7 INFO placement.requestlog [None req-9e0e26db-e9b9-46a8-8e0c-cd9748f67f0d c85941178e78478395d908e77feb4e2e 5845ea596698468faae07569ab98b703 - - 6fd0900e218548c38758367947849f45 6fd0900e218548c38758367947849f45] 10.0.0.188 "GET /resource_providers/d976a8bf-0c32-4043-8791-72e626368c55/aggregates" status: 404 len: 235 microversion: 1.1 [pid: 7|app: 0|req: 209/413] 10.0.0.188 () {32 vars in 816 bytes} [Thu Apr 23 10:28:54 2026] GET /resource_providers/d976a8bf-0c32-4043-8791-72e626368c55/aggregates => generated 235 bytes in 13 msecs (HTTP/1.1 404) 5 headers in 202 bytes (1 switches on core 0)
2026-04-23 10:28:54.795 8 INFO placement.requestlog [None req-e0c436c9-df5c-452b-b8c9-4c6c035ec103 c85941178e78478395d908e77feb4e2e 5845ea596698468faae07569ab98b703 - - 6fd0900e218548c38758367947849f45 6fd0900e218548c38758367947849f45] 10.0.0.188 "DELETE /resource_providers/d976a8bf-0c32-4043-8791-72e626368c55" status: 404 len: 246 microversion: 1.1 [pid: 8|app: 0|req: 205/414] 10.0.0.188 () {34 vars in 816 bytes} [Thu Apr 23 10:28:54 2026] DELETE /resource_providers/d976a8bf-0c32-4043-8791-72e626368c55 => generated 246 bytes in 11 msecs (HTTP/1.1 404) 6 headers in 231 bytes (1 switches on core 0)
2026-04-23 10:28:54.810 7 INFO placement.requestlog [None req-6f1b7f1b-7ed0-4ecf-ae5f-9792fa5bccb8 c85941178e78478395d908e77feb4e2e 5845ea596698468faae07569ab98b703 - - 6fd0900e218548c38758367947849f45 6fd0900e218548c38758367947849f45] 10.0.0.188 "DELETE /resource_providers/d976a8bf-0c32-4043-8791-72e626368c55" status: 404 len: 246 microversion: 1.1 [pid: 7|app: 0|req: 210/415] 10.0.0.188 () {34 vars in 816 bytes} [Thu Apr 23 10:28:54 2026] DELETE /resource_providers/d976a8bf-0c32-4043-8791-72e626368c55 => generated 246 bytes in 9 msecs (HTTP/1.1 404) 6 headers in 231 bytes (1 switches on core 0)
2026-04-23 10:28:55.372 8 INFO placement.requestlog [req-4a8be292-b6c6-47a1-a438-0b4d3c79ed1b req-97e0066b-0fd0-42c1-8a63-f9779fea3f30 9bb6652f41524f2f90763f239feed813 5845ea596698468faae07569ab98b703 - - 6fd0900e218548c38758367947849f45 6fd0900e218548c38758367947849f45] 199.19.213.150 "DELETE /allocations/d41c753b-f533-420a-8b24-0e2446144055" status: 204 len: 0 microversion: 1.0 [pid: 8|app: 0|req: 206/416] 199.19.213.150 () {34 vars in 841 bytes} [Thu Apr 23 10:28:55 2026] DELETE /allocations/d41c753b-f533-420a-8b24-0e2446144055 => generated 0 bytes in 23 msecs (HTTP/1.1 204) 5 headers in 198 bytes (1 switches on core 0)
2026-04-23 10:28:56.657 8 INFO placement.requestlog [None req-e21c3360-9e6e-4821-b148-36eb65beb607 c85941178e78478395d908e77feb4e2e 5845ea596698468faae07569ab98b703 - - 6fd0900e218548c38758367947849f45 6fd0900e218548c38758367947849f45] 10.0.0.188 "GET /resource_providers/4b66c213-e6ea-421d-87b3-19c2d9c34c67/aggregates" status: 404 len: 235 microversion: 1.1 [pid: 8|app: 0|req: 207/417] 10.0.0.188 () {32 vars in 816 bytes} [Thu Apr 23 10:28:56 2026] GET /resource_providers/4b66c213-e6ea-421d-87b3-19c2d9c34c67/aggregates => generated 235 bytes in 10 msecs (HTTP/1.1 404) 5 headers in 202 bytes (1 switches on core 0)
2026-04-23 10:28:56.658 7 INFO placement.requestlog [None req-d781ea9f-6663-4f02-a171-6d4b3b99bce7 c85941178e78478395d908e77feb4e2e 5845ea596698468faae07569ab98b703 - - 6fd0900e218548c38758367947849f45 6fd0900e218548c38758367947849f45] 10.0.0.188 "GET /resource_providers/4b66c213-e6ea-421d-87b3-19c2d9c34c67/aggregates" status: 404 len: 235 microversion: 1.1 [pid: 7|app: 0|req: 211/418] 10.0.0.188 () {32 vars in 816 bytes} [Thu Apr 23 10:28:56 2026] GET /resource_providers/4b66c213-e6ea-421d-87b3-19c2d9c34c67/aggregates => generated 235 bytes in 11 msecs (HTTP/1.1 404) 5 headers in 202 bytes (1 switches on core 0)
2026-04-23 10:28:56.679 7 INFO placement.requestlog [None req-fd9d6602-4f01-4ed8-ac61-b60efdec9aaa c85941178e78478395d908e77feb4e2e 5845ea596698468faae07569ab98b703 - - 6fd0900e218548c38758367947849f45 6fd0900e218548c38758367947849f45] 10.0.0.188 "DELETE /resource_providers/4b66c213-e6ea-421d-87b3-19c2d9c34c67" status: 404 len: 246 microversion: 1.1 [pid: 7|app: 0|req: 212/419] 10.0.0.188 () {34 vars in 816 bytes} [Thu Apr 23 10:28:56 2026] DELETE /resource_providers/4b66c213-e6ea-421d-87b3-19c2d9c34c67 => generated 246 bytes in 8 msecs (HTTP/1.1 404) 6 headers in 231 bytes (1 switches on core 0)
2026-04-23 10:28:56.680 8 INFO placement.requestlog [None req-c9675b53-b440-498f-a3bc-cc86d867be54 c85941178e78478395d908e77feb4e2e 5845ea596698468faae07569ab98b703 - - 6fd0900e218548c38758367947849f45 6fd0900e218548c38758367947849f45] 10.0.0.188 "DELETE /resource_providers/4b66c213-e6ea-421d-87b3-19c2d9c34c67" status: 404 len: 246 microversion: 1.1 [pid: 8|app: 0|req: 208/420] 10.0.0.188 () {34 vars in 816 bytes} [Thu Apr 23 10:28:56 2026] DELETE /resource_providers/4b66c213-e6ea-421d-87b3-19c2d9c34c67 => generated 246 bytes in 10 msecs (HTTP/1.1 404) 6 headers in 231 bytes (1 switches on core 0)
2026-04-23 10:28:56.706 7 INFO placement.requestlog [None req-9159b3ab-8805-45e4-bdca-81abe41714ce c85941178e78478395d908e77feb4e2e 5845ea596698468faae07569ab98b703 - - 6fd0900e218548c38758367947849f45 6fd0900e218548c38758367947849f45] 10.0.0.188 "GET /resource_providers/2acd00a8-5fb6-4918-92a8-900ac74ba9bd/aggregates" status: 404 len: 235 microversion: 1.1 [pid: 7|app: 0|req: 213/421] 10.0.0.188 () {32 vars in 816 bytes} [Thu Apr 23 10:28:56 2026] GET /resource_providers/2acd00a8-5fb6-4918-92a8-900ac74ba9bd/aggregates => generated 235 bytes in 15 msecs (HTTP/1.1 404) 5 headers in 202 bytes (1 switches on core 0)
2026-04-23 10:28:56.707 8 INFO placement.requestlog [None req-7b376a15-0f22-43e2-ba6a-2c7f582249f9 c85941178e78478395d908e77feb4e2e 5845ea596698468faae07569ab98b703 - - 6fd0900e218548c38758367947849f45 6fd0900e218548c38758367947849f45] 10.0.0.188 "GET /resource_providers/2acd00a8-5fb6-4918-92a8-900ac74ba9bd/aggregates" status: 404 len: 235 microversion: 1.1 [pid: 8|app: 0|req: 209/422] 10.0.0.188 () {32 vars in 816 bytes} [Thu Apr 23 10:28:56 2026] GET /resource_providers/2acd00a8-5fb6-4918-92a8-900ac74ba9bd/aggregates => generated 235 bytes in 13 msecs (HTTP/1.1 404) 5 headers in 202 bytes (1 switches on core 0)
2026-04-23 10:28:56.725 8 INFO placement.requestlog [None req-6d84bd75-ea66-42a8-aa00-677f2421f423 c85941178e78478395d908e77feb4e2e 5845ea596698468faae07569ab98b703 - - 6fd0900e218548c38758367947849f45 6fd0900e218548c38758367947849f45] 10.0.0.188 "DELETE /resource_providers/2acd00a8-5fb6-4918-92a8-900ac74ba9bd" status: 404 len: 246 microversion: 1.1 [pid: 8|app: 0|req: 210/423] 10.0.0.188 () {34 vars in 816 bytes} [Thu Apr 23 10:28:56 2026] DELETE /resource_providers/2acd00a8-5fb6-4918-92a8-900ac74ba9bd => generated 246 bytes in 8 msecs (HTTP/1.1 404) 6 headers in 231 bytes (1 switches on core 0)
2026-04-23 10:28:56.727 7 INFO placement.requestlog [None req-5ab9cf87-4e20-4973-a634-49c308be3b7e c85941178e78478395d908e77feb4e2e 5845ea596698468faae07569ab98b703 - - 6fd0900e218548c38758367947849f45 6fd0900e218548c38758367947849f45] 10.0.0.188 "DELETE /resource_providers/2acd00a8-5fb6-4918-92a8-900ac74ba9bd" status: 404 len: 246 microversion: 1.1 [pid: 7|app: 0|req: 214/424] 10.0.0.188 () {34 vars in 816 bytes} [Thu Apr 23 10:28:56 2026] DELETE /resource_providers/2acd00a8-5fb6-4918-92a8-900ac74ba9bd => generated 246 bytes in 12 msecs (HTTP/1.1 404) 6 headers in 231 bytes (1 switches on core 0)
2026-04-23 10:28:59.237 7 INFO placement.requestlog [None req-c3afcefd-5747-4850-815a-303b27f3dd64 c85941178e78478395d908e77feb4e2e 5845ea596698468faae07569ab98b703 - - 6fd0900e218548c38758367947849f45 6fd0900e218548c38758367947849f45] 10.0.0.188 "GET /resource_providers/088798bd-c51b-4835-909b-7ce91c273088/aggregates" status: 404 len: 235 microversion: 1.1 [pid: 7|app: 0|req: 215/425] 10.0.0.188 () {32 vars in 816 bytes} [Thu Apr 23 10:28:59 2026] GET /resource_providers/088798bd-c51b-4835-909b-7ce91c273088/aggregates => generated 235 bytes in 11 msecs (HTTP/1.1 404) 5 headers in 202 bytes (1 switches on core 0)
2026-04-23 10:28:59.244 8 INFO placement.requestlog [None req-bbc314e4-6af0-481e-922f-7590b89584c7 c85941178e78478395d908e77feb4e2e 5845ea596698468faae07569ab98b703 - - 6fd0900e218548c38758367947849f45 6fd0900e218548c38758367947849f45] 10.0.0.188 "GET /resource_providers/088798bd-c51b-4835-909b-7ce91c273088/aggregates" status: 404 len: 235 microversion: 1.1 [pid: 8|app: 0|req: 211/426] 10.0.0.188 () {32 vars in 816 bytes} [Thu Apr 23 10:28:59 2026] GET /resource_providers/088798bd-c51b-4835-909b-7ce91c273088/aggregates => generated 235 bytes in 19 msecs (HTTP/1.1 404) 5 headers in 202 bytes (1 switches on core 0)
2026-04-23 10:28:59.265 7 INFO placement.requestlog [None req-869dfe37-ece0-4b32-933c-6cafd3eee181 c85941178e78478395d908e77feb4e2e 5845ea596698468faae07569ab98b703 - - 6fd0900e218548c38758367947849f45 6fd0900e218548c38758367947849f45] 10.0.0.188 "DELETE /resource_providers/088798bd-c51b-4835-909b-7ce91c273088" status: 404 len: 246 microversion: 1.1 [pid: 7|app: 0|req: 216/427] 10.0.0.188 () {34 vars in 816 bytes} [Thu Apr 23 10:28:59 2026] DELETE /resource_providers/088798bd-c51b-4835-909b-7ce91c273088 => generated 246 bytes in 15 msecs (HTTP/1.1 404) 6 headers in 231 bytes (1 switches on core 0)
2026-04-23 10:28:59.270 8 INFO placement.requestlog [None req-eaeb2ea9-9e1f-4423-966c-d6f9ef803a5e c85941178e78478395d908e77feb4e2e 5845ea596698468faae07569ab98b703 - - 6fd0900e218548c38758367947849f45 6fd0900e218548c38758367947849f45] 10.0.0.188 "DELETE /resource_providers/088798bd-c51b-4835-909b-7ce91c273088" status: 404 len: 246 microversion: 1.1 [pid: 8|app: 0|req: 212/428] 10.0.0.188 () {34 vars in 816 bytes} [Thu Apr 23 10:28:59 2026] DELETE /resource_providers/088798bd-c51b-4835-909b-7ce91c273088 => generated 246 bytes in 11 msecs (HTTP/1.1 404) 6 headers in 231 bytes (1 switches on core 0)
2026-04-23 10:29:00.210 7 INFO placement.requestlog [None req-3e5964c3-58ec-43ee-a47b-332d41eb0a3a c85941178e78478395d908e77feb4e2e 5845ea596698468faae07569ab98b703 - - 6fd0900e218548c38758367947849f45 6fd0900e218548c38758367947849f45] 10.0.0.188 "GET /resource_providers/f68eb928-0232-4ebc-90c6-e5a56dd7d705/aggregates" status: 404 len: 235 microversion: 1.1 [pid: 7|app: 0|req: 217/429] 10.0.0.188 () {32 vars in 816 bytes} [Thu Apr 23 10:29:00 2026] GET /resource_providers/f68eb928-0232-4ebc-90c6-e5a56dd7d705/aggregates => generated 235 bytes in 13 msecs (HTTP/1.1 404) 5 headers in 202 bytes (1 switches on core 0)
2026-04-23 10:29:00.216 8 INFO placement.requestlog [None req-8a5b1449-7fcf-42fa-81a1-83a4a530e16c c85941178e78478395d908e77feb4e2e 5845ea596698468faae07569ab98b703 - - 6fd0900e218548c38758367947849f45 6fd0900e218548c38758367947849f45] 10.0.0.188 "GET /resource_providers/f68eb928-0232-4ebc-90c6-e5a56dd7d705/aggregates" status: 404 len: 235 microversion: 1.1 [pid: 8|app: 0|req: 213/430] 10.0.0.188 () {32 vars in 816 bytes} [Thu Apr 23 10:29:00 2026] GET /resource_providers/f68eb928-0232-4ebc-90c6-e5a56dd7d705/aggregates => generated 235 bytes in 15 msecs (HTTP/1.1 404) 5 headers in 202 bytes (1 switches on core 0)
2026-04-23 10:29:00.237 7 INFO placement.requestlog [None req-136a3e1c-3ff8-4df6-8f50-3603f7ce7b9b c85941178e78478395d908e77feb4e2e 5845ea596698468faae07569ab98b703 - - 6fd0900e218548c38758367947849f45 6fd0900e218548c38758367947849f45] 10.0.0.188 "DELETE /resource_providers/f68eb928-0232-4ebc-90c6-e5a56dd7d705" status: 404 len: 246 microversion: 1.1 [pid: 7|app: 0|req: 218/431] 10.0.0.188 () {34 vars in 816 bytes} [Thu Apr 23 10:29:00 2026] DELETE /resource_providers/f68eb928-0232-4ebc-90c6-e5a56dd7d705 => generated 246 bytes in 12 msecs (HTTP/1.1 404) 6 headers in 231 bytes (1 switches on core 0)
2026-04-23 10:29:00.240 8 INFO placement.requestlog [None req-83baf470-daae-4300-b7b7-41de462ac63f c85941178e78478395d908e77feb4e2e 5845ea596698468faae07569ab98b703 - - 6fd0900e218548c38758367947849f45 6fd0900e218548c38758367947849f45] 10.0.0.188 "DELETE /resource_providers/f68eb928-0232-4ebc-90c6-e5a56dd7d705" status: 404 len: 246 microversion: 1.1 [pid: 8|app: 0|req: 214/432] 10.0.0.188 () {34 vars in 816 bytes} [Thu Apr 23 10:29:00 2026] DELETE /resource_providers/f68eb928-0232-4ebc-90c6-e5a56dd7d705 => generated 246 bytes in 13 msecs (HTTP/1.1 404) 6 headers in 231 bytes (1 switches on core 0)
2026-04-23 10:29:00.523 8 INFO placement.requestlog [None req-f8acdc7a-e964-4013-910c-bad4ab0665ce - - - - - -] 10.0.0.105 "GET /" status: 200 len: 136 microversion: 1.0
2026-04-23 10:29:00.525 7 INFO placement.requestlog [None req-4c72ad24-8dcc-4d45-bcff-7c397002762c - - - - - -] 10.0.0.105 "GET /" status: 200 len: 136 microversion: 1.0
2026-04-23 10:29:01.285 8 INFO placement.requestlog [None req-fdc93e34-8826-453e-a47b-4addc78ece27 c85941178e78478395d908e77feb4e2e 5845ea596698468faae07569ab98b703 - - 6fd0900e218548c38758367947849f45 6fd0900e218548c38758367947849f45] 10.0.0.188 "GET /resource_providers/fe86cd8c-a113-406b-8b2e-1c036c806431/aggregates" status: 404 len: 235 microversion: 1.1 [pid: 8|app: 0|req: 216/435] 10.0.0.188 () {32 vars in 816 bytes} [Thu Apr 23 10:29:01 2026] GET /resource_providers/fe86cd8c-a113-406b-8b2e-1c036c806431/aggregates => generated 235 bytes in 8 msecs (HTTP/1.1 404) 5 headers in 202 bytes (1 switches on core 0)
2026-04-23 10:29:01.294 7 INFO placement.requestlog [None req-5142ceae-bc51-49b8-99fe-9745ace369b3 c85941178e78478395d908e77feb4e2e 5845ea596698468faae07569ab98b703 - - 6fd0900e218548c38758367947849f45 6fd0900e218548c38758367947849f45] 10.0.0.188 "GET /resource_providers/fe86cd8c-a113-406b-8b2e-1c036c806431/aggregates" status: 404 len: 235 microversion: 1.1 [pid: 7|app: 0|req: 220/436] 10.0.0.188 () {32 vars in 816 bytes} [Thu Apr 23 10:29:01 2026] GET /resource_providers/fe86cd8c-a113-406b-8b2e-1c036c806431/aggregates => generated 235 bytes in 10 msecs (HTTP/1.1 404) 5 headers in 202 bytes (1 switches on core 0)
2026-04-23 10:29:01.302 8 INFO placement.requestlog [None req-f730c844-5f5f-4c51-90a8-5324f5fd9218 c85941178e78478395d908e77feb4e2e 5845ea596698468faae07569ab98b703 - - 6fd0900e218548c38758367947849f45 6fd0900e218548c38758367947849f45] 10.0.0.188 "DELETE /resource_providers/fe86cd8c-a113-406b-8b2e-1c036c806431" status: 404 len: 246 microversion: 1.1 [pid: 8|app: 0|req: 217/437] 10.0.0.188 () {34 vars in 816 bytes} [Thu Apr 23 10:29:01 2026] DELETE /resource_providers/fe86cd8c-a113-406b-8b2e-1c036c806431 => generated 246 bytes in 11 msecs (HTTP/1.1 404) 6 headers in 231 bytes (1 switches on core 0)
2026-04-23 10:29:01.316 7 INFO placement.requestlog [None req-07bcaaca-fc6f-44c8-b76e-cc1ec0ca7161 c85941178e78478395d908e77feb4e2e 5845ea596698468faae07569ab98b703 - - 6fd0900e218548c38758367947849f45 6fd0900e218548c38758367947849f45] 10.0.0.188 "DELETE /resource_providers/fe86cd8c-a113-406b-8b2e-1c036c806431" status: 404 len: 246 microversion: 1.1 [pid: 7|app: 0|req: 221/438] 10.0.0.188 () {34 vars in 816 bytes} [Thu Apr 23 10:29:01 2026] DELETE /resource_providers/fe86cd8c-a113-406b-8b2e-1c036c806431 => generated 246 bytes in 10 msecs (HTTP/1.1 404) 6 headers in 231 bytes (1 switches on core 0)
2026-04-23 10:29:02.267 8 INFO placement.requestlog [None req-3955117a-d083-4e62-9a6f-a95903ce4ac2 c85941178e78478395d908e77feb4e2e 5845ea596698468faae07569ab98b703 - - 6fd0900e218548c38758367947849f45 6fd0900e218548c38758367947849f45] 10.0.0.188 "GET /resource_providers/f7bf26c6-2942-4d93-8db2-6c79e3aa2d61/aggregates" status: 404 len: 235 microversion: 1.1 [pid: 8|app: 0|req: 218/439] 10.0.0.188 () {32 vars in 816 bytes} [Thu Apr 23 10:29:02 2026] GET /resource_providers/f7bf26c6-2942-4d93-8db2-6c79e3aa2d61/aggregates => generated 235 bytes in 16 msecs (HTTP/1.1 404) 5 headers in 202 bytes (1 switches on core 0)
2026-04-23 10:29:02.271 7 INFO placement.requestlog [None req-6b08dddf-ddf0-4487-a031-0e56e5c544da c85941178e78478395d908e77feb4e2e 5845ea596698468faae07569ab98b703 - - 6fd0900e218548c38758367947849f45 6fd0900e218548c38758367947849f45] 10.0.0.188 "GET /resource_providers/f7bf26c6-2942-4d93-8db2-6c79e3aa2d61/aggregates" status: 404 len: 235 microversion: 1.1 [pid: 7|app: 0|req: 222/440] 10.0.0.188 () {32 vars in 816 bytes} [Thu Apr 23 10:29:02 2026] GET /resource_providers/f7bf26c6-2942-4d93-8db2-6c79e3aa2d61/aggregates => generated 235 bytes in 17 msecs (HTTP/1.1 404) 5 headers in 202 bytes (1 switches on core 0)
2026-04-23 10:29:02.287 8 INFO placement.requestlog [None req-63f7614a-f043-4db5-8da7-045bc4960174 c85941178e78478395d908e77feb4e2e 5845ea596698468faae07569ab98b703 - - 6fd0900e218548c38758367947849f45 6fd0900e218548c38758367947849f45] 10.0.0.188 "DELETE /resource_providers/f7bf26c6-2942-4d93-8db2-6c79e3aa2d61" status: 404 len: 246 microversion: 1.1 [pid: 8|app: 0|req: 219/441] 10.0.0.188 () {34 vars in 816 bytes} [Thu Apr 23 10:29:02 2026] DELETE /resource_providers/f7bf26c6-2942-4d93-8db2-6c79e3aa2d61 => generated 246 bytes in 10 msecs (HTTP/1.1 404) 6 headers in 231 bytes (1 switches on core 0)
2026-04-23 10:29:02.299 7 INFO placement.requestlog [None req-a91b3812-ad14-4f13-b565-7eb7b07f22c9 c85941178e78478395d908e77feb4e2e 5845ea596698468faae07569ab98b703 - - 6fd0900e218548c38758367947849f45 6fd0900e218548c38758367947849f45] 10.0.0.188 "DELETE /resource_providers/f7bf26c6-2942-4d93-8db2-6c79e3aa2d61" status: 404 len: 246 microversion: 1.1 [pid: 7|app: 0|req: 223/442] 10.0.0.188 () {34 vars in 816 bytes} [Thu Apr 23 10:29:02 2026] DELETE /resource_providers/f7bf26c6-2942-4d93-8db2-6c79e3aa2d61 => generated 246 bytes in 17 msecs (HTTP/1.1 404) 6 headers in 231 bytes (1 switches on core 0)
2026-04-23 10:29:06.049 7 INFO placement.requestlog [None req-1a0f7577-75d2-4194-a140-e861ec680ab4 c85941178e78478395d908e77feb4e2e 5845ea596698468faae07569ab98b703 - - 6fd0900e218548c38758367947849f45 6fd0900e218548c38758367947849f45] 10.0.0.188 "GET /resource_providers/9d10f059-e7a0-448a-a176-adc41ed59068/aggregates" status: 404 len: 235 microversion: 1.1 [pid: 7|app: 0|req: 224/443] 10.0.0.188 () {32 vars in 816 bytes} [Thu Apr 23 10:29:06 2026] GET /resource_providers/9d10f059-e7a0-448a-a176-adc41ed59068/aggregates => generated 235 bytes in 9 msecs (HTTP/1.1 404) 5 headers in 202 bytes (1 switches on core 0)
2026-04-23 10:29:06.051 8 INFO placement.requestlog [None req-31bb56b0-cdf4-4f23-aadf-ca0ace4c094b c85941178e78478395d908e77feb4e2e 5845ea596698468faae07569ab98b703 - - 6fd0900e218548c38758367947849f45 6fd0900e218548c38758367947849f45] 10.0.0.188 "GET /resource_providers/9d10f059-e7a0-448a-a176-adc41ed59068/aggregates" status: 404 len: 235 microversion: 1.1 [pid: 8|app: 0|req: 220/444] 10.0.0.188 () {32 vars in 816 bytes} [Thu Apr 23 10:29:06 2026] GET /resource_providers/9d10f059-e7a0-448a-a176-adc41ed59068/aggregates => generated 235 bytes in 12 msecs (HTTP/1.1 404) 5 headers in 202 bytes (1 switches on core 0)
2026-04-23 10:29:06.074 7 INFO placement.requestlog [None req-4cf46677-8db4-4956-bd58-741a0f39c1c7 c85941178e78478395d908e77feb4e2e 5845ea596698468faae07569ab98b703 - - 6fd0900e218548c38758367947849f45 6fd0900e218548c38758367947849f45] 10.0.0.188 "DELETE /resource_providers/9d10f059-e7a0-448a-a176-adc41ed59068" status: 404 len: 246 microversion: 1.1 [pid: 7|app: 0|req: 225/445] 10.0.0.188 () {34 vars in 816 bytes} [Thu Apr 23 10:29:06 2026] DELETE /resource_providers/9d10f059-e7a0-448a-a176-adc41ed59068 => generated 246 bytes in 8 msecs (HTTP/1.1 404) 6 headers in 231 bytes (1 switches on core 0)
2026-04-23 10:29:06.078 8 INFO placement.requestlog [None req-96cd9850-e108-4bd4-943a-cf5cb43668f5 c85941178e78478395d908e77feb4e2e 5845ea596698468faae07569ab98b703 - - 6fd0900e218548c38758367947849f45 6fd0900e218548c38758367947849f45] 10.0.0.188 "DELETE /resource_providers/9d10f059-e7a0-448a-a176-adc41ed59068" status: 404 len: 246 microversion: 1.1 [pid: 8|app: 0|req: 221/446] 10.0.0.188 () {34 vars in 816 bytes} [Thu Apr 23 10:29:06 2026] DELETE /resource_providers/9d10f059-e7a0-448a-a176-adc41ed59068 => generated 246 bytes in 12 msecs (HTTP/1.1 404) 6 headers in 231 bytes (1 switches on core 0)
2026-04-23 10:29:07.578 7 INFO placement.requestlog [None req-b7def44c-0e70-4163-988a-630aa5eb6c7c c85941178e78478395d908e77feb4e2e 5845ea596698468faae07569ab98b703 - - 6fd0900e218548c38758367947849f45 6fd0900e218548c38758367947849f45] 10.0.0.188 "GET /resource_providers/4491ea82-ca2a-430d-8c15-cb9f6db80fa1/aggregates" status: 404 len: 235 microversion: 1.1 [pid: 7|app: 0|req: 226/447] 10.0.0.188 () {32 vars in 816 bytes} [Thu Apr 23 10:29:07 2026] GET /resource_providers/4491ea82-ca2a-430d-8c15-cb9f6db80fa1/aggregates => generated 235 bytes in 15 msecs (HTTP/1.1 404) 5 headers in 202 bytes (1 switches on core 0)
2026-04-23 10:29:07.580 8 INFO placement.requestlog [None req-a47c4389-b12d-492c-a241-da559a7037b8 c85941178e78478395d908e77feb4e2e 5845ea596698468faae07569ab98b703 - - 6fd0900e218548c38758367947849f45 6fd0900e218548c38758367947849f45] 10.0.0.188 "GET /resource_providers/4491ea82-ca2a-430d-8c15-cb9f6db80fa1/aggregates" status: 404 len: 235 microversion: 1.1 [pid: 8|app: 0|req: 222/448] 10.0.0.188 () {32 vars in 816 bytes} [Thu Apr 23 10:29:07 2026] GET /resource_providers/4491ea82-ca2a-430d-8c15-cb9f6db80fa1/aggregates => generated 235 bytes in 14 msecs (HTTP/1.1 404) 5 headers in 202 bytes (1 switches on core 0)
2026-04-23 10:29:07.600 8 INFO placement.requestlog [None req-5da3d0f8-6e14-48df-a166-8728800b7377 c85941178e78478395d908e77feb4e2e 5845ea596698468faae07569ab98b703 - - 6fd0900e218548c38758367947849f45 6fd0900e218548c38758367947849f45] 10.0.0.188 "DELETE /resource_providers/4491ea82-ca2a-430d-8c15-cb9f6db80fa1" status: 404 len: 246 microversion: 1.1
2026-04-23 10:29:07.600 7 INFO placement.requestlog [None req-c8d4591c-e9f0-44f2-b9ae-b95e5a67a806 c85941178e78478395d908e77feb4e2e 5845ea596698468faae07569ab98b703 - - 6fd0900e218548c38758367947849f45 6fd0900e218548c38758367947849f45] 10.0.0.188 "DELETE /resource_providers/4491ea82-ca2a-430d-8c15-cb9f6db80fa1" status: 404 len: 246 microversion: 1.1 [pid: 8|app: 0|req: 223/449] 10.0.0.188 () {34 vars in 816 bytes} [Thu Apr 23 10:29:07 2026] DELETE /resource_providers/4491ea82-ca2a-430d-8c15-cb9f6db80fa1 => generated 246 bytes in 11 msecs (HTTP/1.1 404) 6 headers in 231 bytes (1 switches on core 0) [pid: 7|app: 0|req: 227/450] 10.0.0.188 () {34 vars in 816 bytes} [Thu Apr 23 10:29:07 2026] DELETE /resource_providers/4491ea82-ca2a-430d-8c15-cb9f6db80fa1 => generated 246 bytes in 13 msecs (HTTP/1.1 404) 6 headers in 231 bytes (1 switches on core 0)
2026-04-23 10:29:09.109 8 INFO placement.requestlog [None req-36e5c927-ddb5-42b1-940f-376fa66d1925 c85941178e78478395d908e77feb4e2e 5845ea596698468faae07569ab98b703 - - 6fd0900e218548c38758367947849f45 6fd0900e218548c38758367947849f45] 10.0.0.188 "GET /resource_providers/e57215df-2eda-439a-94a8-07d3ec41e60d/aggregates" status: 404 len: 235 microversion: 1.1 [pid: 8|app: 0|req: 224/451] 10.0.0.188 () {32 vars in 816 bytes} [Thu Apr 23 10:29:09 2026] GET /resource_providers/e57215df-2eda-439a-94a8-07d3ec41e60d/aggregates => generated 235 bytes in 13 msecs (HTTP/1.1 404) 5 headers in 202 bytes (1 switches on core 0)
2026-04-23 10:29:09.111 7 INFO placement.requestlog [None req-8889d340-12e7-4b44-8add-ef513d66fd62 c85941178e78478395d908e77feb4e2e 5845ea596698468faae07569ab98b703 - - 6fd0900e218548c38758367947849f45 6fd0900e218548c38758367947849f45] 10.0.0.188 "GET /resource_providers/e57215df-2eda-439a-94a8-07d3ec41e60d/aggregates" status: 404 len: 235 microversion: 1.1 [pid: 7|app: 0|req: 228/452] 10.0.0.188 () {32 vars in 816 bytes} [Thu Apr 23 10:29:09 2026] GET /resource_providers/e57215df-2eda-439a-94a8-07d3ec41e60d/aggregates => generated 235 bytes in 11 msecs (HTTP/1.1 404) 5 headers in 202 bytes (1 switches on core 0)
2026-04-23 10:29:09.127 7 INFO placement.requestlog [None req-313bcc3b-b4f9-4f8f-bee6-2a9fd8881e1e c85941178e78478395d908e77feb4e2e 5845ea596698468faae07569ab98b703 - - 6fd0900e218548c38758367947849f45 6fd0900e218548c38758367947849f45] 10.0.0.188 "DELETE /resource_providers/e57215df-2eda-439a-94a8-07d3ec41e60d" status: 404 len: 246 microversion: 1.1 [pid: 7|app: 0|req: 229/453] 10.0.0.188 () {34 vars in 816 bytes} [Thu Apr 23 10:29:09 2026] DELETE /resource_providers/e57215df-2eda-439a-94a8-07d3ec41e60d => generated 246 bytes in 9 msecs (HTTP/1.1 404) 6 headers in 231 bytes (1 switches on core 0)
2026-04-23 10:29:09.135 7 INFO placement.requestlog [None req-e84ce5e9-55e1-44b2-94f3-3de4e91ab400 c85941178e78478395d908e77feb4e2e 5845ea596698468faae07569ab98b703 - - 6fd0900e218548c38758367947849f45 6fd0900e218548c38758367947849f45] 10.0.0.188 "DELETE /resource_providers/e57215df-2eda-439a-94a8-07d3ec41e60d" status: 404 len: 246 microversion: 1.1 [pid: 7|app: 0|req: 230/454] 10.0.0.188 () {34 vars in 816 bytes} [Thu Apr 23 10:29:09 2026] DELETE /resource_providers/e57215df-2eda-439a-94a8-07d3ec41e60d => generated 246 bytes in 8 msecs (HTTP/1.1 404) 6 headers in 231 bytes (1 switches on core 0)
2026-04-23 10:29:09.171 8 INFO placement.requestlog [req-bcca2a25-6953-4b00-b698-e1ec567814bb req-fafcf01b-1a40-4dae-b1f7-a5e677ec2d5d 9bb6652f41524f2f90763f239feed813 5845ea596698468faae07569ab98b703 - - 6fd0900e218548c38758367947849f45 6fd0900e218548c38758367947849f45] 10.0.0.20 "GET /allocation_candidates?limit=1000&resources=DISK_GB%3A1%2CMEMORY_MB%3A512%2CVCPU%3A1&root_required=%21COMPUTE_STATUS_DISABLED" status: 200 len: 2784 microversion: 1.36 [pid: 8|app: 0|req: 225/455] 10.0.0.20 () {34 vars in 1011 bytes} [Thu Apr 23 10:29:09 2026] GET /allocation_candidates?limit=1000&resources=DISK_GB%3A1%2CMEMORY_MB%3A512%2CVCPU%3A1&root_required=%21COMPUTE_STATUS_DISABLED => generated 2784 bytes in 61 msecs (HTTP/1.1 200) 8 headers in 297 bytes (1 switches on core 0)
