May 05 01:31:29.227129 np0000171616 nova-scheduler[108700]: DEBUG cotyledon.oslo_config_glue [-] vnc.server_proxyclient_address = 127.0.0.1 {{(pid=108700) log_opt_values /opt/stack/data/venv/lib/python3.12/site-packages/oslo_config/cfg.py:3006}}
May 05 01:31:29.227129 np0000171616 nova-scheduler[108700]: DEBUG cotyledon.oslo_config_glue [-] vnc.vencrypt_ca_certs = None {{(pid=108700) log_opt_values /opt/stack/data/venv/lib/python3.12/site-packages/oslo_config/cfg.py:3006}}
May 05 01:31:29.227344 np0000171616 nova-scheduler[108700]: DEBUG cotyledon.oslo_config_glue [-] vnc.vencrypt_client_cert = None {{(pid=108700) log_opt_values /opt/stack/data/venv/lib/python3.12/site-packages/oslo_config/cfg.py:3006}}
May 05 01:31:29.227344 np0000171616 nova-scheduler[108700]: DEBUG cotyledon.oslo_config_glue [-] vnc.vencrypt_client_key = None {{(pid=108700) log_opt_values /opt/stack/data/venv/lib/python3.12/site-packages/oslo_config/cfg.py:3006}}
May 05 01:31:29.227344 np0000171616 nova-scheduler[108700]: DEBUG cotyledon.oslo_config_glue [-] workarounds.disable_compute_service_check_for_ffu = False {{(pid=108700) log_opt_values /opt/stack/data/venv/lib/python3.12/site-packages/oslo_config/cfg.py:3006}}
May 05 01:31:29.227344 np0000171616 nova-scheduler[108700]: DEBUG cotyledon.oslo_config_glue [-] workarounds.disable_deep_image_inspection = False {{(pid=108700) log_opt_values /opt/stack/data/venv/lib/python3.12/site-packages/oslo_config/cfg.py:3006}}
May 05 01:31:29.227344 np0000171616 nova-scheduler[108700]: DEBUG cotyledon.oslo_config_glue [-] workarounds.disable_fallback_pcpu_query = False {{(pid=108700) log_opt_values /opt/stack/data/venv/lib/python3.12/site-packages/oslo_config/cfg.py:3006}}
May 05 01:31:29.227344 np0000171616 nova-scheduler[108700]: DEBUG cotyledon.oslo_config_glue [-] workarounds.disable_group_policy_check_upcall = False {{(pid=108700) log_opt_values /opt/stack/data/venv/lib/python3.12/site-packages/oslo_config/cfg.py:3006}}
May 05 01:31:29.227344 np0000171616 nova-scheduler[108700]: DEBUG cotyledon.oslo_config_glue [-] workarounds.disable_libvirt_livesnapshot = False {{(pid=108700) log_opt_values /opt/stack/data/venv/lib/python3.12/site-packages/oslo_config/cfg.py:3006}}
May 05 01:31:29.227344 np0000171616 nova-scheduler[108700]: DEBUG cotyledon.oslo_config_glue [-] workarounds.disable_rootwrap = False {{(pid=108700) log_opt_values /opt/stack/data/venv/lib/python3.12/site-packages/oslo_config/cfg.py:3006}}
May 05 01:31:29.227344 np0000171616 nova-scheduler[108700]: DEBUG cotyledon.oslo_config_glue [-] workarounds.enable_numa_live_migration = False {{(pid=108700) log_opt_values /opt/stack/data/venv/lib/python3.12/site-packages/oslo_config/cfg.py:3006}}
May 05 01:31:29.227550 np0000171616 nova-scheduler[108700]: DEBUG cotyledon.oslo_config_glue [-] workarounds.enable_qemu_monitor_announce_self = False {{(pid=108700) log_opt_values /opt/stack/data/venv/lib/python3.12/site-packages/oslo_config/cfg.py:3006}}
May 05 01:31:29.227550 np0000171616 nova-scheduler[108700]: DEBUG cotyledon.oslo_config_glue [-] workarounds.ensure_libvirt_rbd_instance_dir_cleanup = False {{(pid=108700) log_opt_values /opt/stack/data/venv/lib/python3.12/site-packages/oslo_config/cfg.py:3006}}
May 05 01:31:29.227550 np0000171616 nova-scheduler[108700]: DEBUG cotyledon.oslo_config_glue [-] workarounds.handle_virt_lifecycle_events = True {{(pid=108700) log_opt_values /opt/stack/data/venv/lib/python3.12/site-packages/oslo_config/cfg.py:3006}}
May 05 01:31:29.227550 np0000171616 nova-scheduler[108700]: DEBUG cotyledon.oslo_config_glue [-] workarounds.libvirt_disable_apic = False {{(pid=108700) log_opt_values /opt/stack/data/venv/lib/python3.12/site-packages/oslo_config/cfg.py:3006}}
May 05 01:31:29.227550 np0000171616 nova-scheduler[108700]: DEBUG cotyledon.oslo_config_glue [-] workarounds.never_download_image_if_on_rbd = False {{(pid=108700) log_opt_values /opt/stack/data/venv/lib/python3.12/site-packages/oslo_config/cfg.py:3006}}
May 05 01:31:29.227550 np0000171616 nova-scheduler[108700]: DEBUG cotyledon.oslo_config_glue [-] workarounds.qemu_monitor_announce_self_count = 3 {{(pid=108700) log_opt_values /opt/stack/data/venv/lib/python3.12/site-packages/oslo_config/cfg.py:3006}}
May 05 01:31:29.227550 np0000171616 nova-scheduler[108700]: DEBUG cotyledon.oslo_config_glue [-] workarounds.qemu_monitor_announce_self_interval = 1 {{(pid=108700) log_opt_values /opt/stack/data/venv/lib/python3.12/site-packages/oslo_config/cfg.py:3006}}
May 05 01:31:29.227550 np0000171616 nova-scheduler[108700]: DEBUG cotyledon.oslo_config_glue [-] workarounds.reserve_disk_resource_for_image_cache = False {{(pid=108700) log_opt_values /opt/stack/data/venv/lib/python3.12/site-packages/oslo_config/cfg.py:3006}}
May 05 01:31:29.227550 np0000171616 nova-scheduler[108700]: DEBUG cotyledon.oslo_config_glue [-] workarounds.skip_cpu_compare_at_startup = False {{(pid=108700) log_opt_values /opt/stack/data/venv/lib/python3.12/site-packages/oslo_config/cfg.py:3006}}
May 05 01:31:29.228059 np0000171616 nova-scheduler[108700]: DEBUG cotyledon.oslo_config_glue [-] workarounds.skip_cpu_compare_on_dest = False {{(pid=108700) log_opt_values /opt/stack/data/venv/lib/python3.12/site-packages/oslo_config/cfg.py:3006}}
May 05 01:31:29.228059 np0000171616 nova-scheduler[108700]: DEBUG cotyledon.oslo_config_glue [-] workarounds.skip_hypervisor_version_check_on_lm = False {{(pid=108700) log_opt_values /opt/stack/data/venv/lib/python3.12/site-packages/oslo_config/cfg.py:3006}}
May 05 01:31:29.228059 np0000171616 nova-scheduler[108700]: DEBUG cotyledon.oslo_config_glue [-] workarounds.skip_reserve_in_use_ironic_nodes = False {{(pid=108700) log_opt_values /opt/stack/data/venv/lib/python3.12/site-packages/oslo_config/cfg.py:3006}}
May 05 01:31:29.228059 np0000171616 nova-scheduler[108700]: DEBUG cotyledon.oslo_config_glue [-] workarounds.unified_limits_count_pcpu_as_vcpu = False {{(pid=108700) log_opt_values /opt/stack/data/venv/lib/python3.12/site-packages/oslo_config/cfg.py:3006}}
May 05 01:31:29.228059 np0000171616 nova-scheduler[108700]: DEBUG cotyledon.oslo_config_glue [-] workarounds.wait_for_vif_plugged_event_during_hard_reboot = [] {{(pid=108700) log_opt_values /opt/stack/data/venv/lib/python3.12/site-packages/oslo_config/cfg.py:3006}}
May 05 01:31:29.228059 np0000171616 nova-scheduler[108700]: DEBUG cotyledon.oslo_config_glue [-] wsgi.api_paste_config = /etc/nova/api-paste.ini {{(pid=108700) log_opt_values /opt/stack/data/venv/lib/python3.12/site-packages/oslo_config/cfg.py:3006}}
May 05 01:31:29.228059 np0000171616 nova-scheduler[108700]: DEBUG cotyledon.oslo_config_glue [-] wsgi.secure_proxy_ssl_header = None {{(pid=108700) log_opt_values /opt/stack/data/venv/lib/python3.12/site-packages/oslo_config/cfg.py:3006}}
May 05 01:31:29.228059 np0000171616 nova-scheduler[108700]: DEBUG cotyledon.oslo_config_glue [-] zvm.ca_file = None {{(pid=108700) log_opt_values /opt/stack/data/venv/lib/python3.12/site-packages/oslo_config/cfg.py:3006}}
May 05 01:31:29.228059 np0000171616 nova-scheduler[108700]: DEBUG cotyledon.oslo_config_glue [-] zvm.cloud_connector_url = None {{(pid=108700) log_opt_values /opt/stack/data/venv/lib/python3.12/site-packages/oslo_config/cfg.py:3006}}
May 05 01:31:29.228385 np0000171616 nova-scheduler[108700]: DEBUG cotyledon.oslo_config_glue [-] zvm.image_tmp_path = /opt/stack/data/nova/images {{(pid=108700) log_opt_values /opt/stack/data/venv/lib/python3.12/site-packages/oslo_config/cfg.py:3006}}
May 05 01:31:29.228385 np0000171616 nova-scheduler[108700]: DEBUG cotyledon.oslo_config_glue [-] zvm.reachable_timeout = 300 {{(pid=108700) log_opt_values /opt/stack/data/venv/lib/python3.12/site-packages/oslo_config/cfg.py:3006}}
May 05 01:31:29.228385 np0000171616 nova-scheduler[108700]: DEBUG cotyledon.oslo_config_glue [-] oslo_versionedobjects.fatal_exception_format_errors = False {{(pid=108700) log_opt_values /opt/stack/data/venv/lib/python3.12/site-packages/oslo_config/cfg.py:3006}}
May 05 01:31:29.228385 np0000171616 nova-scheduler[108700]: DEBUG cotyledon.oslo_config_glue [-] oslo_middleware.http_basic_auth_user_file = /etc/htpasswd {{(pid=108700) log_opt_values /opt/stack/data/venv/lib/python3.12/site-packages/oslo_config/cfg.py:3006}}
May 05 01:31:29.228385 np0000171616 nova-scheduler[108700]: DEBUG cotyledon.oslo_config_glue [-] oslo_messaging_metrics.metrics_buffer_size = 1000 {{(pid=108700) log_opt_values /opt/stack/data/venv/lib/python3.12/site-packages/oslo_config/cfg.py:3006}}
May 05 01:31:29.228385 np0000171616 nova-scheduler[108700]: DEBUG cotyledon.oslo_config_glue [-] oslo_messaging_metrics.metrics_enabled = False {{(pid=108700) log_opt_values /opt/stack/data/venv/lib/python3.12/site-packages/oslo_config/cfg.py:3006}}
May 05 01:31:29.228385 np0000171616 nova-scheduler[108700]: DEBUG cotyledon.oslo_config_glue [-] oslo_messaging_metrics.metrics_process_name = {{(pid=108700) log_opt_values /opt/stack/data/venv/lib/python3.12/site-packages/oslo_config/cfg.py:3006}}
May 05 01:31:29.228385 np0000171616 nova-scheduler[108700]: DEBUG cotyledon.oslo_config_glue [-] oslo_messaging_metrics.metrics_socket_file = /var/tmp/metrics_collector.sock {{(pid=108700) log_opt_values /opt/stack/data/venv/lib/python3.12/site-packages/oslo_config/cfg.py:3006}}
May 05 01:31:29.228715 np0000171616 nova-scheduler[108700]: DEBUG cotyledon.oslo_config_glue [-] oslo_messaging_metrics.metrics_thread_stop_timeout = 10 {{(pid=108700) log_opt_values /opt/stack/data/venv/lib/python3.12/site-packages/oslo_config/cfg.py:3006}}
May 05 01:31:29.228789 np0000171616 nova-scheduler[108678]: DEBUG nova.service [None req-b8e86ae8-3a90-4dae-92a6-4f6a7fd9e93f None None] Creating RPC server for service: nova-scheduler on topic: scheduler {{(pid=108678) start /opt/stack/nova/nova/service.py:195}}
May 05 01:31:29.228826 np0000171616 nova-scheduler[108700]: DEBUG cotyledon.oslo_config_glue [-] profiler.connection_string = messaging:// {{(pid=108700) log_opt_values /opt/stack/data/venv/lib/python3.12/site-packages/oslo_config/cfg.py:3006}}
May 05 01:31:29.228826 np0000171616 nova-scheduler[108700]: DEBUG cotyledon.oslo_config_glue [-] profiler.enabled = False {{(pid=108700) log_opt_values /opt/stack/data/venv/lib/python3.12/site-packages/oslo_config/cfg.py:3006}}
May 05 01:31:29.228826 np0000171616 nova-scheduler[108700]: DEBUG cotyledon.oslo_config_glue [-] profiler.es_doc_type = notification {{(pid=108700) log_opt_values /opt/stack/data/venv/lib/python3.12/site-packages/oslo_config/cfg.py:3006}}
May 05 01:31:29.228826 np0000171616 nova-scheduler[108700]: DEBUG cotyledon.oslo_config_glue [-] profiler.es_scroll_size = 10000 {{(pid=108700) log_opt_values /opt/stack/data/venv/lib/python3.12/site-packages/oslo_config/cfg.py:3006}}
May 05 01:31:29.228826 np0000171616 nova-scheduler[108700]: DEBUG cotyledon.oslo_config_glue [-] profiler.es_scroll_time = 2m {{(pid=108700) log_opt_values /opt/stack/data/venv/lib/python3.12/site-packages/oslo_config/cfg.py:3006}}
May 05 01:31:29.228826 np0000171616 nova-scheduler[108700]: DEBUG cotyledon.oslo_config_glue [-] profiler.filter_error_trace = False {{(pid=108700) log_opt_values /opt/stack/data/venv/lib/python3.12/site-packages/oslo_config/cfg.py:3006}}
May 05 01:31:29.228826 np0000171616 nova-scheduler[108700]: DEBUG cotyledon.oslo_config_glue [-] profiler.hmac_keys = **** {{(pid=108700) log_opt_values /opt/stack/data/venv/lib/python3.12/site-packages/oslo_config/cfg.py:3006}}
May 05 01:31:29.228826 np0000171616 nova-scheduler[108700]: DEBUG cotyledon.oslo_config_glue [-] profiler.sentinel_service_name = mymaster {{(pid=108700) log_opt_values /opt/stack/data/venv/lib/python3.12/site-packages/oslo_config/cfg.py:3006}}
May 05 01:31:29.228826 np0000171616 nova-scheduler[108700]: DEBUG cotyledon.oslo_config_glue [-] profiler.socket_timeout = 0.1 {{(pid=108700) log_opt_values /opt/stack/data/venv/lib/python3.12/site-packages/oslo_config/cfg.py:3006}}
May 05 01:31:29.229170 np0000171616 nova-scheduler[108700]: DEBUG cotyledon.oslo_config_glue [-] profiler.trace_requests = False {{(pid=108700) log_opt_values /opt/stack/data/venv/lib/python3.12/site-packages/oslo_config/cfg.py:3006}}
May 05 01:31:29.229170 np0000171616 nova-scheduler[108700]: DEBUG cotyledon.oslo_config_glue [-] profiler.trace_sqlalchemy = False {{(pid=108700) log_opt_values /opt/stack/data/venv/lib/python3.12/site-packages/oslo_config/cfg.py:3006}}
May 05 01:31:29.229170 np0000171616 nova-scheduler[108700]: DEBUG cotyledon.oslo_config_glue [-] profiler_jaeger.process_tags = {} {{(pid=108700) log_opt_values /opt/stack/data/venv/lib/python3.12/site-packages/oslo_config/cfg.py:3006}}
May 05 01:31:29.229170 np0000171616 nova-scheduler[108700]: DEBUG cotyledon.oslo_config_glue [-] profiler_jaeger.service_name_prefix = None {{(pid=108700) log_opt_values /opt/stack/data/venv/lib/python3.12/site-packages/oslo_config/cfg.py:3006}}
May 05 01:31:29.229170 np0000171616 nova-scheduler[108700]: DEBUG cotyledon.oslo_config_glue [-] profiler_otlp.service_name_prefix = None {{(pid=108700) log_opt_values /opt/stack/data/venv/lib/python3.12/site-packages/oslo_config/cfg.py:3006}}
May 05 01:31:29.229170 np0000171616 nova-scheduler[108700]: DEBUG cotyledon.oslo_config_glue [-] oslo_messaging_rabbit.amqp_auto_delete = False {{(pid=108700) log_opt_values /opt/stack/data/venv/lib/python3.12/site-packages/oslo_config/cfg.py:3006}}
May 05 01:31:29.229170 np0000171616 nova-scheduler[108700]: DEBUG cotyledon.oslo_config_glue [-] oslo_messaging_rabbit.amqp_durable_queues = False {{(pid=108700) log_opt_values /opt/stack/data/venv/lib/python3.12/site-packages/oslo_config/cfg.py:3006}}
May 05 01:31:29.229170 np0000171616 nova-scheduler[108700]: DEBUG cotyledon.oslo_config_glue [-] oslo_messaging_rabbit.conn_pool_min_size = 2 {{(pid=108700) log_opt_values /opt/stack/data/venv/lib/python3.12/site-packages/oslo_config/cfg.py:3006}}
May 05 01:31:29.229170 np0000171616 nova-scheduler[108700]: DEBUG cotyledon.oslo_config_glue [-] oslo_messaging_rabbit.conn_pool_ttl = 1200 {{(pid=108700) log_opt_values /opt/stack/data/venv/lib/python3.12/site-packages/oslo_config/cfg.py:3006}}
May 05 01:31:29.229436 np0000171616 nova-scheduler[108700]: DEBUG cotyledon.oslo_config_glue [-] oslo_messaging_rabbit.direct_mandatory_flag = True {{(pid=108700) log_opt_values /opt/stack/data/venv/lib/python3.12/site-packages/oslo_config/cfg.py:3006}}
May 05 01:31:29.229436 np0000171616 nova-scheduler[108700]: DEBUG cotyledon.oslo_config_glue [-] oslo_messaging_rabbit.enable_cancel_on_failover = False {{(pid=108700) log_opt_values /opt/stack/data/venv/lib/python3.12/site-packages/oslo_config/cfg.py:3006}}
May 05 01:31:29.229436 np0000171616 nova-scheduler[108700]: DEBUG cotyledon.oslo_config_glue [-] oslo_messaging_rabbit.heartbeat_in_pthread = False {{(pid=108700) log_opt_values /opt/stack/data/venv/lib/python3.12/site-packages/oslo_config/cfg.py:3006}}
May 05 01:31:29.229436 np0000171616 nova-scheduler[108700]: DEBUG cotyledon.oslo_config_glue [-] oslo_messaging_rabbit.heartbeat_rate = 3 {{(pid=108700) log_opt_values /opt/stack/data/venv/lib/python3.12/site-packages/oslo_config/cfg.py:3006}}
May 05 01:31:29.229436 np0000171616 nova-scheduler[108700]: DEBUG cotyledon.oslo_config_glue [-] oslo_messaging_rabbit.heartbeat_timeout_threshold = 60 {{(pid=108700) log_opt_values /opt/stack/data/venv/lib/python3.12/site-packages/oslo_config/cfg.py:3006}}
May 05 01:31:29.229436 np0000171616 nova-scheduler[108700]: DEBUG cotyledon.oslo_config_glue [-] oslo_messaging_rabbit.hostname = np0000171616 {{(pid=108700) log_opt_values /opt/stack/data/venv/lib/python3.12/site-packages/oslo_config/cfg.py:3006}}
May 05 01:31:29.229436 np0000171616 nova-scheduler[108700]: DEBUG cotyledon.oslo_config_glue [-] oslo_messaging_rabbit.kombu_compression = None {{(pid=108700) log_opt_values /opt/stack/data/venv/lib/python3.12/site-packages/oslo_config/cfg.py:3006}}
May 05 01:31:29.229436 np0000171616 nova-scheduler[108700]: DEBUG cotyledon.oslo_config_glue [-] oslo_messaging_rabbit.kombu_failover_strategy = round-robin {{(pid=108700) log_opt_values /opt/stack/data/venv/lib/python3.12/site-packages/oslo_config/cfg.py:3006}}
May 05 01:31:29.229615 np0000171616 nova-scheduler[108700]: DEBUG cotyledon.oslo_config_glue [-] oslo_messaging_rabbit.kombu_missing_consumer_retry_timeout = 60 {{(pid=108700) log_opt_values /opt/stack/data/venv/lib/python3.12/site-packages/oslo_config/cfg.py:3006}}
May 05 01:31:29.229615 np0000171616 nova-scheduler[108700]: DEBUG cotyledon.oslo_config_glue [-] oslo_messaging_rabbit.kombu_reconnect_delay = 1.0 {{(pid=108700) log_opt_values /opt/stack/data/venv/lib/python3.12/site-packages/oslo_config/cfg.py:3006}}
May 05 01:31:29.229615 np0000171616 nova-scheduler[108700]: DEBUG cotyledon.oslo_config_glue [-] oslo_messaging_rabbit.kombu_reconnect_splay = 0.0 {{(pid=108700) log_opt_values /opt/stack/data/venv/lib/python3.12/site-packages/oslo_config/cfg.py:3006}}
May 05 01:31:29.229615 np0000171616 nova-scheduler[108700]: DEBUG cotyledon.oslo_config_glue [-] oslo_messaging_rabbit.processname = nova-scheduler {{(pid=108700) log_opt_values /opt/stack/data/venv/lib/python3.12/site-packages/oslo_config/cfg.py:3006}}
May 05 01:31:29.229615 np0000171616 nova-scheduler[108700]: DEBUG cotyledon.oslo_config_glue [-] oslo_messaging_rabbit.rabbit_ha_queues = False {{(pid=108700) log_opt_values /opt/stack/data/venv/lib/python3.12/site-packages/oslo_config/cfg.py:3006}}
May 05 01:31:29.229615 np0000171616 nova-scheduler[108700]: DEBUG cotyledon.oslo_config_glue [-] oslo_messaging_rabbit.rabbit_interval_max = 30 {{(pid=108700) log_opt_values /opt/stack/data/venv/lib/python3.12/site-packages/oslo_config/cfg.py:3006}}
May 05 01:31:29.229615 np0000171616 nova-scheduler[108700]: DEBUG cotyledon.oslo_config_glue [-] oslo_messaging_rabbit.rabbit_login_method = AMQPLAIN {{(pid=108700) log_opt_values /opt/stack/data/venv/lib/python3.12/site-packages/oslo_config/cfg.py:3006}}
May 05 01:31:29.229615 np0000171616 nova-scheduler[108700]: DEBUG cotyledon.oslo_config_glue [-] oslo_messaging_rabbit.rabbit_qos_prefetch_count = 0 {{(pid=108700) log_opt_values /opt/stack/data/venv/lib/python3.12/site-packages/oslo_config/cfg.py:3006}}
May 05 01:31:29.229816 np0000171616 nova-scheduler[108700]: DEBUG cotyledon.oslo_config_glue [-] oslo_messaging_rabbit.rabbit_quorum_delivery_limit = 0 {{(pid=108700) log_opt_values /opt/stack/data/venv/lib/python3.12/site-packages/oslo_config/cfg.py:3006}}
May 05 01:31:29.229816 np0000171616 nova-scheduler[108700]: DEBUG cotyledon.oslo_config_glue [-] oslo_messaging_rabbit.rabbit_quorum_max_memory_bytes = 0 {{(pid=108700) log_opt_values /opt/stack/data/venv/lib/python3.12/site-packages/oslo_config/cfg.py:3006}}
May 05 01:31:29.229816 np0000171616 nova-scheduler[108700]: DEBUG cotyledon.oslo_config_glue [-] oslo_messaging_rabbit.rabbit_quorum_max_memory_length = 0 {{(pid=108700) log_opt_values /opt/stack/data/venv/lib/python3.12/site-packages/oslo_config/cfg.py:3006}}
May 05 01:31:29.229816 np0000171616 nova-scheduler[108700]: DEBUG cotyledon.oslo_config_glue [-] oslo_messaging_rabbit.rabbit_quorum_queue = False {{(pid=108700) log_opt_values /opt/stack/data/venv/lib/python3.12/site-packages/oslo_config/cfg.py:3006}}
May 05 01:31:29.229816 np0000171616 nova-scheduler[108700]: DEBUG cotyledon.oslo_config_glue [-] oslo_messaging_rabbit.rabbit_retry_backoff = 2 {{(pid=108700) log_opt_values /opt/stack/data/venv/lib/python3.12/site-packages/oslo_config/cfg.py:3006}}
May 05 01:31:29.229816 np0000171616 nova-scheduler[108700]: DEBUG cotyledon.oslo_config_glue [-] oslo_messaging_rabbit.rabbit_retry_interval = 1 {{(pid=108700) log_opt_values /opt/stack/data/venv/lib/python3.12/site-packages/oslo_config/cfg.py:3006}}
May 05 01:31:29.229816 np0000171616 nova-scheduler[108700]: DEBUG cotyledon.oslo_config_glue [-] oslo_messaging_rabbit.rabbit_stream_fanout = False {{(pid=108700) log_opt_values /opt/stack/data/venv/lib/python3.12/site-packages/oslo_config/cfg.py:3006}}
May 05 01:31:29.229816 np0000171616 nova-scheduler[108700]: DEBUG cotyledon.oslo_config_glue [-] oslo_messaging_rabbit.rabbit_transient_queues_ttl = 1800 {{(pid=108700) log_opt_values /opt/stack/data/venv/lib/python3.12/site-packages/oslo_config/cfg.py:3006}}
May 05 01:31:29.229991 np0000171616 nova-scheduler[108700]: DEBUG cotyledon.oslo_config_glue [-] oslo_messaging_rabbit.rabbit_transient_quorum_queue = False {{(pid=108700) log_opt_values /opt/stack/data/venv/lib/python3.12/site-packages/oslo_config/cfg.py:3006}}
May 05 01:31:29.229991 np0000171616 nova-scheduler[108700]: DEBUG cotyledon.oslo_config_glue [-] oslo_messaging_rabbit.rpc_conn_pool_size = 30 {{(pid=108700) log_opt_values /opt/stack/data/venv/lib/python3.12/site-packages/oslo_config/cfg.py:3006}}
May 05 01:31:29.229991 np0000171616 nova-scheduler[108700]: DEBUG cotyledon.oslo_config_glue [-] oslo_messaging_rabbit.ssl = False {{(pid=108700) log_opt_values /opt/stack/data/venv/lib/python3.12/site-packages/oslo_config/cfg.py:3006}}
May 05 01:31:29.229991 np0000171616 nova-scheduler[108700]: DEBUG cotyledon.oslo_config_glue [-] oslo_messaging_rabbit.ssl_ca_file = {{(pid=108700) log_opt_values /opt/stack/data/venv/lib/python3.12/site-packages/oslo_config/cfg.py:3006}}
May 05 01:31:29.229991 np0000171616 nova-scheduler[108700]: DEBUG cotyledon.oslo_config_glue [-] oslo_messaging_rabbit.ssl_cert_file = {{(pid=108700) log_opt_values /opt/stack/data/venv/lib/python3.12/site-packages/oslo_config/cfg.py:3006}}
May 05 01:31:29.229991 np0000171616 nova-scheduler[108700]: DEBUG cotyledon.oslo_config_glue [-] oslo_messaging_rabbit.ssl_enforce_fips_mode = False {{(pid=108700) log_opt_values /opt/stack/data/venv/lib/python3.12/site-packages/oslo_config/cfg.py:3006}}
May 05 01:31:29.229991 np0000171616 nova-scheduler[108700]: DEBUG cotyledon.oslo_config_glue [-] oslo_messaging_rabbit.ssl_key_file = {{(pid=108700) log_opt_values /opt/stack/data/venv/lib/python3.12/site-packages/oslo_config/cfg.py:3006}}
May 05 01:31:29.229991 np0000171616 nova-scheduler[108700]: DEBUG cotyledon.oslo_config_glue [-] oslo_messaging_rabbit.ssl_version = {{(pid=108700) log_opt_values /opt/stack/data/venv/lib/python3.12/site-packages/oslo_config/cfg.py:3006}}
May 05 01:31:29.229991 np0000171616 nova-scheduler[108700]: DEBUG cotyledon.oslo_config_glue [-] oslo_messaging_rabbit.use_queue_manager = False {{(pid=108700) log_opt_values /opt/stack/data/venv/lib/python3.12/site-packages/oslo_config/cfg.py:3006}}
May 05 01:31:29.230192 np0000171616 nova-scheduler[108700]: DEBUG cotyledon.oslo_config_glue [-] oslo_messaging_notifications.driver = ['messagingv2'] {{(pid=108700) log_opt_values /opt/stack/data/venv/lib/python3.12/site-packages/oslo_config/cfg.py:3006}}
May 05 01:31:29.230192 np0000171616 nova-scheduler[108700]: DEBUG cotyledon.oslo_config_glue [-] oslo_messaging_notifications.retry = -1 {{(pid=108700) log_opt_values /opt/stack/data/venv/lib/python3.12/site-packages/oslo_config/cfg.py:3006}}
May 05 01:31:29.230192 np0000171616 nova-scheduler[108700]: DEBUG cotyledon.oslo_config_glue [-] oslo_messaging_notifications.topics = ['notifications'] {{(pid=108700) log_opt_values /opt/stack/data/venv/lib/python3.12/site-packages/oslo_config/cfg.py:3006}}
May 05 01:31:29.230192 np0000171616 nova-scheduler[108700]: DEBUG cotyledon.oslo_config_glue [-] oslo_messaging_notifications.transport_url = **** {{(pid=108700) log_opt_values /opt/stack/data/venv/lib/python3.12/site-packages/oslo_config/cfg.py:3006}}
May 05 01:31:29.230192 np0000171616 nova-scheduler[108700]: DEBUG cotyledon.oslo_config_glue [-] oslo_limit.auth_section = None {{(pid=108700) log_opt_values /opt/stack/data/venv/lib/python3.12/site-packages/oslo_config/cfg.py:3006}}
May 05 01:31:29.230192 np0000171616 nova-scheduler[108700]: DEBUG cotyledon.oslo_config_glue [-] oslo_limit.auth_type = None {{(pid=108700) log_opt_values /opt/stack/data/venv/lib/python3.12/site-packages/oslo_config/cfg.py:3006}}
May 05 01:31:29.230192 np0000171616 nova-scheduler[108700]: DEBUG cotyledon.oslo_config_glue [-] oslo_limit.cafile = None {{(pid=108700) log_opt_values /opt/stack/data/venv/lib/python3.12/site-packages/oslo_config/cfg.py:3006}}
May 05 01:31:29.230192 np0000171616 nova-scheduler[108700]: DEBUG cotyledon.oslo_config_glue [-] oslo_limit.certfile = None {{(pid=108700) log_opt_values /opt/stack/data/venv/lib/python3.12/site-packages/oslo_config/cfg.py:3006}}
May 05 01:31:29.230192 np0000171616 nova-scheduler[108700]: DEBUG cotyledon.oslo_config_glue [-] oslo_limit.collect_timing = False {{(pid=108700) log_opt_values /opt/stack/data/venv/lib/python3.12/site-packages/oslo_config/cfg.py:3006}}
May 05 01:31:29.230382 np0000171616 nova-scheduler[108700]: DEBUG cotyledon.oslo_config_glue [-] oslo_limit.connect_retries = None {{(pid=108700) log_opt_values /opt/stack/data/venv/lib/python3.12/site-packages/oslo_config/cfg.py:3006}}
May 05 01:31:29.230382 np0000171616 nova-scheduler[108700]: DEBUG cotyledon.oslo_config_glue [-] oslo_limit.connect_retry_delay = None {{(pid=108700) log_opt_values /opt/stack/data/venv/lib/python3.12/site-packages/oslo_config/cfg.py:3006}}
May 05 01:31:29.230382 np0000171616 nova-scheduler[108700]: DEBUG cotyledon.oslo_config_glue [-] oslo_limit.endpoint_id = None {{(pid=108700) log_opt_values /opt/stack/data/venv/lib/python3.12/site-packages/oslo_config/cfg.py:3006}}
May 05 01:31:29.230382 np0000171616 nova-scheduler[108700]: DEBUG cotyledon.oslo_config_glue [-] oslo_limit.endpoint_interface = public {{(pid=108700) log_opt_values /opt/stack/data/venv/lib/python3.12/site-packages/oslo_config/cfg.py:3006}}
May 05 01:31:29.230382 np0000171616 nova-scheduler[108700]: DEBUG cotyledon.oslo_config_glue [-] oslo_limit.endpoint_override = None {{(pid=108700) log_opt_values /opt/stack/data/venv/lib/python3.12/site-packages/oslo_config/cfg.py:3006}}
May 05 01:31:29.230382 np0000171616 nova-scheduler[108700]: DEBUG cotyledon.oslo_config_glue [-] oslo_limit.endpoint_region_name = None {{(pid=108700) log_opt_values /opt/stack/data/venv/lib/python3.12/site-packages/oslo_config/cfg.py:3006}}
May 05 01:31:29.230382 np0000171616 nova-scheduler[108700]: DEBUG cotyledon.oslo_config_glue [-] oslo_limit.endpoint_service_name = None {{(pid=108700) log_opt_values /opt/stack/data/venv/lib/python3.12/site-packages/oslo_config/cfg.py:3006}}
May 05 01:31:29.230382 np0000171616 nova-scheduler[108700]: DEBUG cotyledon.oslo_config_glue [-] oslo_limit.endpoint_service_type = None {{(pid=108700) log_opt_values /opt/stack/data/venv/lib/python3.12/site-packages/oslo_config/cfg.py:3006}}
May 05 01:31:29.230382 np0000171616 nova-scheduler[108700]: DEBUG cotyledon.oslo_config_glue [-] oslo_limit.insecure = False {{(pid=108700) log_opt_values /opt/stack/data/venv/lib/python3.12/site-packages/oslo_config/cfg.py:3006}}
May 05 01:31:29.230591 np0000171616 nova-scheduler[108700]: DEBUG cotyledon.oslo_config_glue [-] oslo_limit.keyfile = None {{(pid=108700) log_opt_values /opt/stack/data/venv/lib/python3.12/site-packages/oslo_config/cfg.py:3006}}
May 05 01:31:29.230591 np0000171616 nova-scheduler[108700]: DEBUG cotyledon.oslo_config_glue [-] oslo_limit.max_version = None {{(pid=108700) log_opt_values /opt/stack/data/venv/lib/python3.12/site-packages/oslo_config/cfg.py:3006}}
May 05 01:31:29.230591 np0000171616 nova-scheduler[108700]: DEBUG cotyledon.oslo_config_glue [-] oslo_limit.min_version = None {{(pid=108700) log_opt_values /opt/stack/data/venv/lib/python3.12/site-packages/oslo_config/cfg.py:3006}}
May 05 01:31:29.230591 np0000171616 nova-scheduler[108700]: DEBUG cotyledon.oslo_config_glue [-] oslo_limit.region_name = None {{(pid=108700) log_opt_values /opt/stack/data/venv/lib/python3.12/site-packages/oslo_config/cfg.py:3006}}
May 05 01:31:29.230591 np0000171616 nova-scheduler[108700]: DEBUG cotyledon.oslo_config_glue [-] oslo_limit.retriable_status_codes = None {{(pid=108700) log_opt_values /opt/stack/data/venv/lib/python3.12/site-packages/oslo_config/cfg.py:3006}}
May 05 01:31:29.230591 np0000171616 nova-scheduler[108700]: DEBUG cotyledon.oslo_config_glue [-] oslo_limit.service_name = None {{(pid=108700) log_opt_values /opt/stack/data/venv/lib/python3.12/site-packages/oslo_config/cfg.py:3006}}
May 05 01:31:29.230591 np0000171616 nova-scheduler[108700]: DEBUG cotyledon.oslo_config_glue [-] oslo_limit.service_type = None {{(pid=108700) log_opt_values /opt/stack/data/venv/lib/python3.12/site-packages/oslo_config/cfg.py:3006}}
May 05 01:31:29.230591 np0000171616 nova-scheduler[108700]: DEBUG cotyledon.oslo_config_glue [-] oslo_limit.split_loggers = False {{(pid=108700) log_opt_values /opt/stack/data/venv/lib/python3.12/site-packages/oslo_config/cfg.py:3006}}
May 05 01:31:29.230591 np0000171616 nova-scheduler[108700]: DEBUG cotyledon.oslo_config_glue [-] oslo_limit.status_code_retries = None {{(pid=108700) log_opt_values /opt/stack/data/venv/lib/python3.12/site-packages/oslo_config/cfg.py:3006}}
May 05 01:31:29.230814 np0000171616 nova-scheduler[108700]: DEBUG cotyledon.oslo_config_glue [-] oslo_limit.status_code_retry_delay = None {{(pid=108700) log_opt_values /opt/stack/data/venv/lib/python3.12/site-packages/oslo_config/cfg.py:3006}}
May 05 01:31:29.230814 np0000171616 nova-scheduler[108700]: DEBUG cotyledon.oslo_config_glue [-] oslo_limit.timeout = None {{(pid=108700) log_opt_values /opt/stack/data/venv/lib/python3.12/site-packages/oslo_config/cfg.py:3006}}
May 05 01:31:29.230814 np0000171616 nova-scheduler[108700]: DEBUG cotyledon.oslo_config_glue [-] oslo_limit.valid_interfaces = None {{(pid=108700) log_opt_values /opt/stack/data/venv/lib/python3.12/site-packages/oslo_config/cfg.py:3006}}
May 05 01:31:29.230814 np0000171616 nova-scheduler[108700]: DEBUG cotyledon.oslo_config_glue [-] oslo_limit.version = None {{(pid=108700) log_opt_values /opt/stack/data/venv/lib/python3.12/site-packages/oslo_config/cfg.py:3006}}
May 05 01:31:29.230814 np0000171616 nova-scheduler[108700]: DEBUG cotyledon.oslo_config_glue [-] oslo_reports.file_event_handler = None {{(pid=108700) log_opt_values /opt/stack/data/venv/lib/python3.12/site-packages/oslo_config/cfg.py:3006}}
May 05 01:31:29.230814 np0000171616 nova-scheduler[108700]: DEBUG cotyledon.oslo_config_glue [-] oslo_reports.file_event_handler_interval = 1 {{(pid=108700) log_opt_values /opt/stack/data/venv/lib/python3.12/site-packages/oslo_config/cfg.py:3006}}
May 05 01:31:29.230814 np0000171616 nova-scheduler[108700]: DEBUG cotyledon.oslo_config_glue [-] oslo_reports.log_dir = None {{(pid=108700) log_opt_values /opt/stack/data/venv/lib/python3.12/site-packages/oslo_config/cfg.py:3006}}
May 05 01:31:29.230814 np0000171616 nova-scheduler[108700]: DEBUG cotyledon.oslo_config_glue [-] ******************************************************************************** {{(pid=108700) log_opt_values /opt/stack/data/venv/lib/python3.12/site-packages/oslo_config/cfg.py:3013}}
May 05 01:31:29.230999 np0000171616 nova-scheduler[108692]: DEBUG oslo_db.sqlalchemy.engines [None req-084625cd-0f5b-4077-abb3-2c689c3c8e42 None None] MySQL server mode set to STRICT_TRANS_TABLES,STRICT_ALL_TABLES,NO_ZERO_IN_DATE,NO_ZERO_DATE,ERROR_FOR_DIVISION_BY_ZERO,TRADITIONAL,NO_ENGINE_SUBSTITUTION {{(pid=108692) _check_effective_sql_mode /opt/stack/data/venv/lib/python3.12/site-packages/oslo_db/sqlalchemy/engines.py:325}}
May 05 01:31:29.231032 np0000171616 nova-scheduler[108700]: DEBUG cotyledon._service_worker [-] Run service ServiceWrapper(3) [108700] {{(pid=108700) wait_forever /opt/stack/data/venv/lib/python3.12/site-packages/cotyledon/_service_worker.py:218}}
May 05 01:31:29.231032 np0000171616 nova-scheduler[108700]: INFO nova.service [-] Starting scheduler node (version 33.1.0)
May 05 01:31:29.231078 np0000171616 nova-scheduler[108687]: DEBUG dbcounter [-] [108687] Writer thread running {{(pid=108687) stat_writer /opt/stack/data/venv/lib/python3.12/site-packages/dbcounter.py:102}}
May 05 01:31:29.231108 np0000171616 nova-scheduler[108700]: INFO dbcounter [None req-e540016b-f138-47b6-8bfb-39fa21036ee7 None None] Registered counter for database nova_cell0
May 05 01:31:29.231131 np0000171616 nova-scheduler[108687]: DEBUG nova.service [None req-90b4b7b1-ccab-473d-9a67-3341b90e12b6 None None] Creating RPC server for service: nova-scheduler on topic: scheduler {{(pid=108687) start /opt/stack/nova/nova/service.py:195}}
May 05 01:31:29.231158 np0000171616 nova-scheduler[108692]: DEBUG dbcounter [-] [108692] Writer thread running {{(pid=108692) stat_writer /opt/stack/data/venv/lib/python3.12/site-packages/dbcounter.py:102}}
May 05 01:31:29.231158 np0000171616 nova-scheduler[108692]: DEBUG nova.service [None req-084625cd-0f5b-4077-abb3-2c689c3c8e42 None None] Creating RPC server for service: nova-scheduler on topic: scheduler {{(pid=108692) start /opt/stack/nova/nova/service.py:195}}
May 05 01:31:29.231202 np0000171616 nova-scheduler[108700]: DEBUG oslo_db.sqlalchemy.engines [None req-e540016b-f138-47b6-8bfb-39fa21036ee7 None None] MySQL server mode set to STRICT_TRANS_TABLES,STRICT_ALL_TABLES,NO_ZERO_IN_DATE,NO_ZERO_DATE,ERROR_FOR_DIVISION_BY_ZERO,TRADITIONAL,NO_ENGINE_SUBSTITUTION {{(pid=108700) _check_effective_sql_mode /opt/stack/data/venv/lib/python3.12/site-packages/oslo_db/sqlalchemy/engines.py:325}}
May 05 01:31:29.233538 np0000171616 nova-scheduler[108687]: DEBUG nova.service [None req-90b4b7b1-ccab-473d-9a67-3341b90e12b6 None None] Join ServiceGroup membership for this service scheduler {{(pid=108687) start /opt/stack/nova/nova/service.py:221}}
May 05 01:31:29.233948 np0000171616 nova-scheduler[108687]: DEBUG nova.servicegroup.drivers.db [None req-90b4b7b1-ccab-473d-9a67-3341b90e12b6 None None] DB_Driver: join new ServiceGroup member np0000171616 to the scheduler group, service = {{(pid=108687) join /opt/stack/nova/nova/servicegroup/drivers/db.py:44}}
May 05 01:31:29.234176 np0000171616 nova-scheduler[108700]: DEBUG dbcounter [-] [108700] Writer thread running {{(pid=108700) stat_writer /opt/stack/data/venv/lib/python3.12/site-packages/dbcounter.py:102}}
May 05 01:31:29.237811 np0000171616 nova-scheduler[108700]: DEBUG nova.service [None req-e540016b-f138-47b6-8bfb-39fa21036ee7 None None] Creating RPC server for service: nova-scheduler on topic: scheduler {{(pid=108700) start /opt/stack/nova/nova/service.py:195}}
May 05 01:31:29.238300 np0000171616 nova-scheduler[108692]: DEBUG nova.service [None req-084625cd-0f5b-4077-abb3-2c689c3c8e42 None None] Join ServiceGroup membership for this service scheduler {{(pid=108692) start /opt/stack/nova/nova/service.py:221}}
May 05 01:31:29.238504 np0000171616 nova-scheduler[108692]: DEBUG nova.servicegroup.drivers.db [None req-084625cd-0f5b-4077-abb3-2c689c3c8e42 None None] DB_Driver: join new ServiceGroup member np0000171616 to the scheduler group, service = {{(pid=108692) join /opt/stack/nova/nova/servicegroup/drivers/db.py:44}}
May 05 01:31:29.241036 np0000171616 nova-scheduler[108678]: DEBUG nova.service [None req-b8e86ae8-3a90-4dae-92a6-4f6a7fd9e93f None None] Join ServiceGroup membership for this service scheduler {{(pid=108678) start /opt/stack/nova/nova/service.py:221}}
May 05 01:31:29.241228 np0000171616 nova-scheduler[108678]: DEBUG nova.servicegroup.drivers.db [None req-b8e86ae8-3a90-4dae-92a6-4f6a7fd9e93f None None] DB_Driver: join new ServiceGroup member np0000171616 to the scheduler group, service = {{(pid=108678) join /opt/stack/nova/nova/servicegroup/drivers/db.py:44}}
May 05 01:31:29.263187 np0000171616 nova-scheduler[108700]: DEBUG nova.service [None req-e540016b-f138-47b6-8bfb-39fa21036ee7 None None] Join ServiceGroup membership for this service scheduler {{(pid=108700) start /opt/stack/nova/nova/service.py:221}}
May 05 01:31:29.263550 np0000171616 nova-scheduler[108700]: DEBUG nova.servicegroup.drivers.db [None req-e540016b-f138-47b6-8bfb-39fa21036ee7 None None] DB_Driver: join new ServiceGroup member np0000171616 to the scheduler group, service = {{(pid=108700) join /opt/stack/nova/nova/servicegroup/drivers/db.py:44}}
May 05 01:31:34.254621 np0000171616 nova-scheduler[108687]: DEBUG oslo.service.backend._threading.loopingcall [-] Fixed interval looping call 'nova.servicegroup.drivers.db.DbDriver._report_state' sleeping for 119.98 seconds {{(pid=108687) _run_loop /opt/stack/data/venv/lib/python3.12/site-packages/oslo_service/backend/_threading/loopingcall.py:125}}
May 05 01:31:34.255321 np0000171616 nova-scheduler[108678]: DEBUG oslo.service.backend._threading.loopingcall [-] Fixed interval looping call 'nova.servicegroup.drivers.db.DbDriver._report_state' sleeping for 119.99 seconds {{(pid=108678) _run_loop /opt/stack/data/venv/lib/python3.12/site-packages/oslo_service/backend/_threading/loopingcall.py:125}}
May 05 01:31:34.257111 np0000171616 nova-scheduler[108692]: DEBUG oslo.service.backend._threading.loopingcall [-] Fixed interval looping call 'nova.servicegroup.drivers.db.DbDriver._report_state' sleeping for 119.98 seconds {{(pid=108692) _run_loop /opt/stack/data/venv/lib/python3.12/site-packages/oslo_service/backend/_threading/loopingcall.py:125}}
May 05 01:31:34.281073 np0000171616 nova-scheduler[108700]: DEBUG oslo.service.backend._threading.loopingcall [-] Fixed interval looping call 'nova.servicegroup.drivers.db.DbDriver._report_state' sleeping for 119.99 seconds {{(pid=108700) _run_loop /opt/stack/data/venv/lib/python3.12/site-packages/oslo_service/backend/_threading/loopingcall.py:125}}
May 05 01:31:37.856796 np0000171616 nova-scheduler[107962]: DEBUG dbcounter [-] [107962] Writing DB stats nova_api:SELECT=3 {{(pid=107962) stat_writer /opt/stack/data/venv/lib/python3.12/site-packages/dbcounter.py:115}}
May 05 01:31:37.950386 np0000171616 nova-scheduler[107962]: DEBUG dbcounter [-] [107962] Writing DB stats nova_cell0:SELECT=1 {{(pid=107962) stat_writer /opt/stack/data/venv/lib/python3.12/site-packages/dbcounter.py:115}}
May 05 01:31:37.955731 np0000171616 nova-scheduler[107962]: DEBUG dbcounter [-] [107962] Writing DB stats nova_cell1:SELECT=1 {{(pid=107962) stat_writer /opt/stack/data/venv/lib/python3.12/site-packages/dbcounter.py:115}}
May 05 01:31:41.267488 np0000171616 nova-scheduler[108700]: DEBUG oslo.service.backend._threading.loopingcall [None req-81f5e347-ef86-4034-bd85-5efd4e07a77e None None] Dynamic interval looping call 'nova.service.Service.periodic_tasks' sleeping for 60.00 seconds {{(pid=108700) _run_loop /opt/stack/data/venv/lib/python3.12/site-packages/oslo_service/backend/_threading/loopingcall.py:125}}
May 05 01:31:44.248571 np0000171616 nova-scheduler[108687]: DEBUG dbcounter [-] [108687] Writing DB stats nova_cell0:SELECT=3,nova_cell0:UPDATE=1 {{(pid=108687) stat_writer /opt/stack/data/venv/lib/python3.12/site-packages/dbcounter.py:115}}
May 05 01:31:44.254549 np0000171616 nova-scheduler[108678]: DEBUG dbcounter [-] [108678] Writing DB stats nova_cell0:SELECT=4,nova_cell0:INSERT=1,nova_cell0:UPDATE=1 {{(pid=108678) stat_writer /opt/stack/data/venv/lib/python3.12/site-packages/dbcounter.py:115}}
May 05 01:31:44.256092 np0000171616 nova-scheduler[108692]: DEBUG dbcounter [-] [108692] Writing DB stats nova_cell0:SELECT=3,nova_cell0:UPDATE=1 {{(pid=108692) stat_writer /opt/stack/data/venv/lib/python3.12/site-packages/dbcounter.py:115}}
May 05 01:31:44.277681 np0000171616 nova-scheduler[108700]: DEBUG dbcounter [-] [108700] Writing DB stats nova_cell0:SELECT=3 {{(pid=108700) stat_writer /opt/stack/data/venv/lib/python3.12/site-packages/dbcounter.py:115}}
May 05 01:32:00.244283 np0000171616 nova-scheduler[108678]: DEBUG oslo.service.backend._threading.loopingcall [None req-d2787343-c5ba-4dd7-b556-9edc52b90b1c None None] Dynamic interval looping call 'nova.service.Service.periodic_tasks' sleeping for 60.00 seconds {{(pid=108678) _run_loop /opt/stack/data/venv/lib/python3.12/site-packages/oslo_service/backend/_threading/loopingcall.py:125}}
May 05 01:32:01.236695 np0000171616 nova-scheduler[108687]: DEBUG oslo.service.backend._threading.loopingcall [None req-2de7351f-addc-4cdb-9ea3-959bb2567718 None None] Dynamic interval looping call 'nova.service.Service.periodic_tasks' sleeping for 60.00 seconds {{(pid=108687) _run_loop /opt/stack/data/venv/lib/python3.12/site-packages/oslo_service/backend/_threading/loopingcall.py:125}}
May 05 01:32:06.243046 np0000171616 nova-scheduler[108692]: DEBUG oslo.service.backend._threading.loopingcall [None req-af66b8a9-260a-43ec-894f-2128fe41db55 None None] Dynamic interval looping call 'nova.service.Service.periodic_tasks' sleeping for 60.00 seconds {{(pid=108692) _run_loop /opt/stack/data/venv/lib/python3.12/site-packages/oslo_service/backend/_threading/loopingcall.py:125}}
May 05 01:32:41.268305 np0000171616 nova-scheduler[108700]: DEBUG oslo.service.backend._threading.loopingcall [None req-81f5e347-ef86-4034-bd85-5efd4e07a77e None None] Dynamic interval looping call 'nova.service.Service.periodic_tasks' sleeping for 60.00 seconds {{(pid=108700) _run_loop /opt/stack/data/venv/lib/python3.12/site-packages/oslo_service/backend/_threading/loopingcall.py:125}}
May 05 01:33:00.246062 np0000171616 nova-scheduler[108678]: DEBUG oslo.service.backend._threading.loopingcall [None req-d2787343-c5ba-4dd7-b556-9edc52b90b1c None None] Dynamic interval looping call 'nova.service.Service.periodic_tasks' sleeping for 60.00 seconds {{(pid=108678) _run_loop /opt/stack/data/venv/lib/python3.12/site-packages/oslo_service/backend/_threading/loopingcall.py:125}}
May 05 01:33:01.237444 np0000171616 nova-scheduler[108687]: DEBUG oslo.service.backend._threading.loopingcall [None req-2de7351f-addc-4cdb-9ea3-959bb2567718 None None] Dynamic interval looping call 'nova.service.Service.periodic_tasks' sleeping for 60.00 seconds {{(pid=108687) _run_loop /opt/stack/data/venv/lib/python3.12/site-packages/oslo_service/backend/_threading/loopingcall.py:125}}
May 05 01:33:06.243901 np0000171616 nova-scheduler[108692]: DEBUG oslo.service.backend._threading.loopingcall [None req-af66b8a9-260a-43ec-894f-2128fe41db55 None None] Dynamic interval looping call 'nova.service.Service.periodic_tasks' sleeping for 60.00 seconds {{(pid=108692) _run_loop /opt/stack/data/venv/lib/python3.12/site-packages/oslo_service/backend/_threading/loopingcall.py:125}}
May 05 01:33:34.246315 np0000171616 nova-scheduler[108692]: DEBUG oslo.service.backend._threading.loopingcall [-] Fixed interval looping call 'nova.servicegroup.drivers.db.DbDriver._report_state' sleeping for 119.99 seconds {{(pid=108692) _run_loop /opt/stack/data/venv/lib/python3.12/site-packages/oslo_service/backend/_threading/loopingcall.py:125}}
May 05 01:33:34.247316 np0000171616 nova-scheduler[108687]: DEBUG oslo.service.backend._threading.loopingcall [-] Fixed interval looping call 'nova.servicegroup.drivers.db.DbDriver._report_state' sleeping for 119.99 seconds {{(pid=108687) _run_loop /opt/stack/data/venv/lib/python3.12/site-packages/oslo_service/backend/_threading/loopingcall.py:125}}
May 05 01:33:34.251287 np0000171616 nova-scheduler[108678]: DEBUG oslo.service.backend._threading.loopingcall [-] Fixed interval looping call 'nova.servicegroup.drivers.db.DbDriver._report_state' sleeping for 119.99 seconds {{(pid=108678) _run_loop /opt/stack/data/venv/lib/python3.12/site-packages/oslo_service/backend/_threading/loopingcall.py:125}}
May 05 01:33:34.276652 np0000171616 nova-scheduler[108700]: DEBUG oslo.service.backend._threading.loopingcall [-] Fixed interval looping call 'nova.servicegroup.drivers.db.DbDriver._report_state' sleeping for 119.99 seconds {{(pid=108700) _run_loop /opt/stack/data/venv/lib/python3.12/site-packages/oslo_service/backend/_threading/loopingcall.py:125}}
May 05 01:33:41.269718 np0000171616 nova-scheduler[108700]: DEBUG oslo.service.backend._threading.loopingcall [None req-81f5e347-ef86-4034-bd85-5efd4e07a77e None None] Dynamic interval looping call 'nova.service.Service.periodic_tasks' sleeping for 60.00 seconds {{(pid=108700) _run_loop /opt/stack/data/venv/lib/python3.12/site-packages/oslo_service/backend/_threading/loopingcall.py:125}}
May 05 01:33:44.240390 np0000171616 nova-scheduler[108687]: DEBUG dbcounter [-] [108687] Writing DB stats nova_cell0:SELECT=1,nova_cell0:UPDATE=1 {{(pid=108687) stat_writer /opt/stack/data/venv/lib/python3.12/site-packages/dbcounter.py:115}}
May 05 01:33:44.242895 np0000171616 nova-scheduler[108692]: DEBUG dbcounter [-] [108692] Writing DB stats nova_cell0:SELECT=1,nova_cell0:UPDATE=1 {{(pid=108692) stat_writer /opt/stack/data/venv/lib/python3.12/site-packages/dbcounter.py:115}}
May 05 01:33:44.248718 np0000171616 nova-scheduler[108678]: DEBUG dbcounter [-] [108678] Writing DB stats nova_cell0:SELECT=1 {{(pid=108678) stat_writer /opt/stack/data/venv/lib/python3.12/site-packages/dbcounter.py:115}}
May 05 01:33:44.273773 np0000171616 nova-scheduler[108700]: DEBUG dbcounter [-] [108700] Writing DB stats nova_cell0:SELECT=1 {{(pid=108700) stat_writer /opt/stack/data/venv/lib/python3.12/site-packages/dbcounter.py:115}}
May 05 01:34:00.280076 np0000171616 nova-scheduler[108678]: DEBUG oslo.service.backend._threading.loopingcall [None req-d2787343-c5ba-4dd7-b556-9edc52b90b1c None None] Dynamic interval looping call 'nova.service.Service.periodic_tasks' sleeping for 60.00 seconds {{(pid=108678) _run_loop /opt/stack/data/venv/lib/python3.12/site-packages/oslo_service/backend/_threading/loopingcall.py:125}}
May 05 01:34:01.238224 np0000171616 nova-scheduler[108687]: DEBUG oslo.service.backend._threading.loopingcall [None req-2de7351f-addc-4cdb-9ea3-959bb2567718 None None] Dynamic interval looping call 'nova.service.Service.periodic_tasks' sleeping for 60.00 seconds {{(pid=108687) _run_loop /opt/stack/data/venv/lib/python3.12/site-packages/oslo_service/backend/_threading/loopingcall.py:125}}
May 05 01:34:06.247353 np0000171616 nova-scheduler[108692]: DEBUG oslo.service.backend._threading.loopingcall [None req-af66b8a9-260a-43ec-894f-2128fe41db55 None None] Dynamic interval looping call 'nova.service.Service.periodic_tasks' sleeping for 60.00 seconds {{(pid=108692) _run_loop /opt/stack/data/venv/lib/python3.12/site-packages/oslo_service/backend/_threading/loopingcall.py:125}}
May 05 01:34:41.270447 np0000171616 nova-scheduler[108700]: DEBUG oslo.service.backend._threading.loopingcall [None req-81f5e347-ef86-4034-bd85-5efd4e07a77e None None] Dynamic interval looping call 'nova.service.Service.periodic_tasks' sleeping for 60.00 seconds {{(pid=108700) _run_loop /opt/stack/data/venv/lib/python3.12/site-packages/oslo_service/backend/_threading/loopingcall.py:125}}
May 05 01:35:00.247627 np0000171616 nova-scheduler[108678]: DEBUG oslo.service.backend._threading.loopingcall [None req-d2787343-c5ba-4dd7-b556-9edc52b90b1c None None] Dynamic interval looping call 'nova.service.Service.periodic_tasks' sleeping for 60.00 seconds {{(pid=108678) _run_loop /opt/stack/data/venv/lib/python3.12/site-packages/oslo_service/backend/_threading/loopingcall.py:125}}
May 05 01:35:01.238865 np0000171616 nova-scheduler[108687]: DEBUG oslo.service.backend._threading.loopingcall [None req-2de7351f-addc-4cdb-9ea3-959bb2567718 None None] Dynamic interval looping call 'nova.service.Service.periodic_tasks' sleeping for 60.00 seconds {{(pid=108687) _run_loop /opt/stack/data/venv/lib/python3.12/site-packages/oslo_service/backend/_threading/loopingcall.py:125}}
May 05 01:35:06.248112 np0000171616 nova-scheduler[108692]: DEBUG oslo.service.backend._threading.loopingcall [None req-af66b8a9-260a-43ec-894f-2128fe41db55 None None] Dynamic interval looping call 'nova.service.Service.periodic_tasks' sleeping for 60.00 seconds {{(pid=108692) _run_loop /opt/stack/data/venv/lib/python3.12/site-packages/oslo_service/backend/_threading/loopingcall.py:125}}
May 05 01:35:29.785098 np0000171616 nova-scheduler[108687]: DEBUG nova.scheduler.manager [None req-b078048c-6901-4e71-b5ba-ebee44fde63f demo demo] Starting to schedule for instances: ['ba297707-7813-4e67-b185-d438225167fe'] {{(pid=108687) select_destinations /opt/stack/nova/nova/scheduler/manager.py:210}}
May 05 01:35:29.787552 np0000171616 nova-scheduler[108687]: DEBUG oslo_db.sqlalchemy.engines [None req-b078048c-6901-4e71-b5ba-ebee44fde63f demo demo] Parent process 107962 forked (108687) with an open database connection, which is being discarded and recreated. {{(pid=108687) checkout /opt/stack/data/venv/lib/python3.12/site-packages/oslo_db/sqlalchemy/engines.py:402}}
May 05 01:35:29.795185 np0000171616 nova-scheduler[108687]: DEBUG dbcounter [-] [108687] Writer thread running {{(pid=108687) stat_writer /opt/stack/data/venv/lib/python3.12/site-packages/dbcounter.py:102}}
May 05 01:35:29.797821 np0000171616 nova-scheduler[108687]: DEBUG nova.scheduler.request_filter [None req-b078048c-6901-4e71-b5ba-ebee44fde63f demo demo] Request filter 'map_az_to_placement_aggregate' took 0.0 seconds {{(pid=108687) wrapper /opt/stack/nova/nova/scheduler/request_filter.py:46}}
May 05 01:35:29.798124 np0000171616 nova-scheduler[108687]: DEBUG nova.scheduler.request_filter [None req-b078048c-6901-4e71-b5ba-ebee44fde63f demo demo] compute_status_filter request filter added forbidden trait COMPUTE_STATUS_DISABLED {{(pid=108687) compute_status_filter /opt/stack/nova/nova/scheduler/request_filter.py:253}}
May 05 01:35:29.798207 np0000171616 nova-scheduler[108687]: DEBUG nova.scheduler.request_filter [None req-b078048c-6901-4e71-b5ba-ebee44fde63f demo demo] Request filter 'compute_status_filter' took 0.0 seconds {{(pid=108687) wrapper /opt/stack/nova/nova/scheduler/request_filter.py:46}}
May 05 01:35:29.798386 np0000171616 nova-scheduler[108687]: DEBUG nova.scheduler.request_filter [None req-b078048c-6901-4e71-b5ba-ebee44fde63f demo demo] Request filter 'accelerators_filter' took 0.0 seconds {{(pid=108687) wrapper /opt/stack/nova/nova/scheduler/request_filter.py:46}}
May 05 01:35:29.798539 np0000171616 nova-scheduler[108687]: DEBUG nova.scheduler.request_filter [None req-b078048c-6901-4e71-b5ba-ebee44fde63f demo demo] Request filter 'packed_virtqueue_filter' took 0.0 seconds {{(pid=108687) wrapper /opt/stack/nova/nova/scheduler/request_filter.py:46}}
