+ COMMAND=start + start + exec neutron-rpc-server --config-file /etc/neutron/neutron.conf --config-file /etc/neutron/plugins/ml2/ml2_conf.ini /var/lib/openstack/lib/python3.10/site-packages/neutron/common/utils.py:55: UserWarning: pkg_resources is deprecated as an API. See https://setuptools.pypa.io/en/latest/pkg_resources.html. The pkg_resources package is slated for removal as early as 2025-11-30. Refrain from using this package or pin to Setuptools<81. import pkg_resources
2026-05-18 01:14:36.323 1 INFO neutron.common.config [-] Logging enabled!
2026-05-18 01:14:36.323 1 INFO neutron.common.config [-] /var/lib/openstack/bin/neutron-rpc-server version 24.2.2.dev7
2026-05-18 01:14:36.323 1 INFO neutron.server.rpc_eventlet [-] Eventlet based AMQP RPC server starting...
2026-05-18 01:14:36.323 1 INFO neutron.manager [-] Loading core plugin: ml2
2026-05-18 01:14:37.236 1 INFO neutron.plugins.ml2.managers [-] Configured type driver names: ['flat', 'gre', 'vlan', 'vxlan']
2026-05-18 01:14:37.238 1 INFO neutron.plugins.ml2.drivers.type_flat [-] Arbitrary flat physical_network names allowed
2026-05-18 01:14:37.240 1 INFO neutron.plugins.ml2.drivers.type_vlan [-] Network VLAN ranges: OrderedDict([('external', [(1, 4094)])])
2026-05-18 01:14:37.241 1 INFO neutron.plugins.ml2.managers [-] Loaded type driver names: ['flat', 'gre', 'vlan', 'vxlan']
2026-05-18 01:14:37.241 1 INFO neutron.plugins.ml2.managers [-] Registered types: dict_keys(['flat', 'gre', 'vlan', 'vxlan'])
2026-05-18 01:14:37.242 1 INFO neutron.plugins.ml2.managers [-] Tenant network_types: ['vxlan']
2026-05-18 01:14:37.242 1 INFO neutron.plugins.ml2.managers [-] Configured extension driver names: ['dns_domain_ports', 'port_security', 'qos']
2026-05-18 01:14:37.247 1 INFO neutron.plugins.ml2.managers [-] Loaded extension driver names: ['dns_domain_ports', 'port_security', 'qos']
2026-05-18 01:14:37.247 1 INFO neutron.plugins.ml2.managers [-] Registered extension drivers: ['dns_domain_ports', 'port_security', 'qos']
2026-05-18 01:14:37.247 1 INFO neutron.plugins.ml2.managers [-] Configured mechanism driver names: ['openvswitch', 'l2population']
2026-05-18 01:14:37.262 1 INFO neutron.plugins.ml2.drivers.mech_agent [-] Open vSwitch agent's supported_vnic_types: ['normal', 'direct', 'smart-nic', 'vdpa']
2026-05-18 01:14:37.263 1 INFO neutron.plugins.ml2.managers [-] Loaded mechanism driver names: ['openvswitch', 'l2population']
2026-05-18 01:14:37.263 1 INFO neutron.plugins.ml2.managers [-] Registered mechanism drivers: ['openvswitch', 'l2population']
2026-05-18 01:14:37.291 1 INFO neutron.plugins.ml2.managers [-] Initializing driver for type 'flat'
2026-05-18 01:14:37.291 1 INFO neutron.plugins.ml2.drivers.type_flat [-] ML2 FlatTypeDriver initialization complete
2026-05-18 01:14:37.292 1 INFO neutron.plugins.ml2.managers [-] Initializing driver for type 'gre'
2026-05-18 01:14:37.292 1 INFO neutron.plugins.ml2.drivers.type_tunnel [-] gre ID ranges: [(1, 1000)]
2026-05-18 01:14:37.297 1 WARNING oslo_policy.policy [None req-80e5ace0-9ddd-4765-be7a-e03082681e95 - - - - - -] Policies ['delete_port', 'update_port:allowed_address_pairs', 'update_port:allowed_address_pairs:ip_address', 'update_port:allowed_address_pairs:mac_address', 'update_port:fixed_ips', 'update_port:mac_address'] reference a rule that is not defined.
2026-05-18 01:14:37.552 1 INFO neutron.plugins.ml2.managers [None req-80e5ace0-9ddd-4765-be7a-e03082681e95 - - - - - -] Initializing driver for type 'vlan'
2026-05-18 01:14:37.708 1 INFO neutron.plugins.ml2.drivers.type_vlan [None req-80e5ace0-9ddd-4765-be7a-e03082681e95 - - - - - -] VlanTypeDriver initialization complete
2026-05-18 01:14:37.708 1 INFO neutron.plugins.ml2.managers [None req-80e5ace0-9ddd-4765-be7a-e03082681e95 - - - - - -] Initializing driver for type 'vxlan'
2026-05-18 01:14:37.708 1 INFO neutron.plugins.ml2.drivers.type_tunnel [None req-80e5ace0-9ddd-4765-be7a-e03082681e95 - - - - - -] vxlan ID ranges: [(1, 1000)]
2026-05-18 01:14:37.748 1 INFO neutron.plugins.ml2.managers [None req-80e5ace0-9ddd-4765-be7a-e03082681e95 - - - - - -] Initializing extension driver 'dns_domain_ports'
2026-05-18 01:14:37.748 1 INFO neutron.plugins.ml2.extensions.dns_integration [None req-80e5ace0-9ddd-4765-be7a-e03082681e95 - - - - - -] DNSDomainPortsExtensionDriver initialization complete
2026-05-18 01:14:37.748 1 INFO neutron.plugins.ml2.managers [None req-80e5ace0-9ddd-4765-be7a-e03082681e95 - - - - - -] Initializing extension driver 'port_security'
2026-05-18 01:14:37.749 1 INFO neutron.plugins.ml2.extensions.port_security [None req-80e5ace0-9ddd-4765-be7a-e03082681e95 - - - - - -] PortSecurityExtensionDriver initialization complete
2026-05-18 01:14:37.749 1 INFO neutron.plugins.ml2.managers [None req-80e5ace0-9ddd-4765-be7a-e03082681e95 - - - - - -] Initializing extension driver 'qos'
2026-05-18 01:14:37.749 1 INFO neutron.plugins.ml2.managers [None req-80e5ace0-9ddd-4765-be7a-e03082681e95 - - - - - -] Initializing mechanism driver 'openvswitch'
2026-05-18 01:14:37.749 1 INFO neutron.plugins.ml2.managers [None req-80e5ace0-9ddd-4765-be7a-e03082681e95 - - - - - -] Initializing mechanism driver 'l2population'
2026-05-18 01:14:37.762 1 INFO neutron.quota [None req-2fd76b27-2a9b-415d-99e4-72a17c8c65c5 - - - - - -] Loaded quota_driver: .
2026-05-18 01:14:37.762 1 INFO neutron.plugins.ml2.plugin [None req-2fd76b27-2a9b-415d-99e4-72a17c8c65c5 - - - - - -] Modular L2 Plugin initialization complete
2026-05-18 01:14:37.762 1 INFO neutron.plugins.ml2.managers [None req-2fd76b27-2a9b-415d-99e4-72a17c8c65c5 - - - - - -] Got dns-integration extension from driver 'dns_domain_ports'
2026-05-18 01:14:37.763 1 INFO neutron.plugins.ml2.managers [None req-2fd76b27-2a9b-415d-99e4-72a17c8c65c5 - - - - - -] Got dns-domain-ports extension from driver 'dns_domain_ports'
2026-05-18 01:14:37.763 1 INFO neutron.plugins.ml2.managers [None req-2fd76b27-2a9b-415d-99e4-72a17c8c65c5 - - - - - -] Got port-security extension from driver 'port_security'
2026-05-18 01:14:37.763 1 INFO neutron.extensions.vlantransparent [None req-2fd76b27-2a9b-415d-99e4-72a17c8c65c5 - - - - - -] Disabled vlantransparent extension.
2026-05-18 01:14:37.763 1 INFO neutron.manager [None req-2fd76b27-2a9b-415d-99e4-72a17c8c65c5 - - - - - -] Loading Plugin: qos
2026-05-18 01:14:37.772 1 INFO neutron.manager [None req-2fd76b27-2a9b-415d-99e4-72a17c8c65c5 - - - - - -] Loading Plugin: router
2026-05-18 01:14:37.800 1 INFO neutron.services.service_base [None req-2fd76b27-2a9b-415d-99e4-72a17c8c65c5 - - - - - -] Default provider is not specified for service type L3_ROUTER_NAT
2026-05-18 01:14:37.800 1 INFO neutron.manager [None req-2fd76b27-2a9b-415d-99e4-72a17c8c65c5 - - - - - -] Loading Plugin: segments
2026-05-18 01:14:37.859 1 INFO neutron.manager [None req-2fd76b27-2a9b-415d-99e4-72a17c8c65c5 - - - - - -] Loading Plugin: trunk
2026-05-18 01:14:37.908 1 INFO neutron.manager [None req-2fd76b27-2a9b-415d-99e4-72a17c8c65c5 - - - - - -] Loading Plugin: vpnaas
2026-05-18 01:14:37.943 1 WARNING stevedore.named [None req-2fd76b27-2a9b-415d-99e4-72a17c8c65c5 - - - - - -] Could not load neutron_vpnaas.services.vpn.service_drivers.ipsec.IPsecVPNDriver
2026-05-18 01:14:37.993 1 INFO neutron_vpnaas.services.vpn.plugin [None req-2fd76b27-2a9b-415d-99e4-72a17c8c65c5 - - - - - -] VPN plugin using service drivers: dict_keys(['strongswan']), default: strongswan
2026-05-18 01:14:37.994 1 INFO neutron.common.utils [None req-2fd76b27-2a9b-415d-99e4-72a17c8c65c5 - - - - - -] Disable filter validation extension by service plugin VPNDriverPlugin.
2026-05-18 01:14:37.994 1 INFO neutron.manager [None req-2fd76b27-2a9b-415d-99e4-72a17c8c65c5 - - - - - -] Loading Plugin: auto_allocate
2026-05-18 01:14:37.997 1 INFO neutron.manager [None req-2fd76b27-2a9b-415d-99e4-72a17c8c65c5 - - - - - -] Loading Plugin: tag
2026-05-18 01:14:38.002 1 INFO neutron.manager [None req-2fd76b27-2a9b-415d-99e4-72a17c8c65c5 - - - - - -] Loading Plugin: timestamp
2026-05-18 01:14:38.004 1 INFO neutron.manager [None req-2fd76b27-2a9b-415d-99e4-72a17c8c65c5 - - - - - -] Loading Plugin: network_ip_availability
2026-05-18 01:14:38.007 1 INFO neutron.manager [None req-2fd76b27-2a9b-415d-99e4-72a17c8c65c5 - - - - - -] Loading Plugin: flavors
2026-05-18 01:14:38.010 1 INFO neutron.manager [None req-2fd76b27-2a9b-415d-99e4-72a17c8c65c5 - - - - - -] Loading Plugin: revisions
2026-05-18 01:14:38.013 1 INFO neutron.api.extensions [None req-2fd76b27-2a9b-415d-99e4-72a17c8c65c5 - - - - - -] Initializing extension manager.
2026-05-18 01:14:38.014 1 INFO neutron.api.extensions [None req-2fd76b27-2a9b-415d-99e4-72a17c8c65c5 - - - - - -] Loaded extension: address-group
2026-05-18 01:14:38.014 1 INFO neutron.api.extensions [None req-2fd76b27-2a9b-415d-99e4-72a17c8c65c5 - - - - - -] Loaded extension: address-scope
2026-05-18 01:14:38.015 1 INFO neutron.api.extensions [None req-2fd76b27-2a9b-415d-99e4-72a17c8c65c5 - - - - - -] Loaded extension: router-admin-state-down-before-update
2026-05-18 01:14:38.016 1 INFO neutron.api.extensions [None req-2fd76b27-2a9b-415d-99e4-72a17c8c65c5 - - - - - -] Loaded extension: agent
2026-05-18 01:14:38.016 1 INFO neutron.api.extensions [None req-2fd76b27-2a9b-415d-99e4-72a17c8c65c5 - - - - - -] Loaded extension: agent-resources-synced
2026-05-18 01:14:38.017 1 INFO neutron.api.extensions [None req-2fd76b27-2a9b-415d-99e4-72a17c8c65c5 - - - - - -] Loaded extension: allowed-address-pairs
2026-05-18 01:14:38.018 1 INFO neutron.api.extensions [None req-2fd76b27-2a9b-415d-99e4-72a17c8c65c5 - - - - - -] Loaded extension: auto-allocated-topology
2026-05-18 01:14:38.018 1 INFO neutron.api.extensions [None req-2fd76b27-2a9b-415d-99e4-72a17c8c65c5 - - - - - -] Loaded extension: availability_zone
2026-05-18 01:14:38.019 1 INFO neutron.api.extensions [None req-2fd76b27-2a9b-415d-99e4-72a17c8c65c5 - - - - - -] Loaded extension: availability_zone_filter
2026-05-18 01:14:38.019 1 INFO neutron.api.extensions [None req-2fd76b27-2a9b-415d-99e4-72a17c8c65c5 - - - - - -] Extension data-plane-status not supported by any of loaded plugins
2026-05-18 01:14:38.020 1 INFO neutron.api.extensions [None req-2fd76b27-2a9b-415d-99e4-72a17c8c65c5 - - - - - -] Loaded extension: default-subnetpools
2026-05-18 01:14:38.021 1 INFO neutron.api.extensions [None req-2fd76b27-2a9b-415d-99e4-72a17c8c65c5 - - - - - -] Loaded extension: dhcp_agent_scheduler
2026-05-18 01:14:38.021 1 INFO neutron.api.extensions [None req-2fd76b27-2a9b-415d-99e4-72a17c8c65c5 - - - - - -] Loaded extension: dns-integration
2026-05-18 01:14:38.021 1 INFO neutron.api.extensions [None req-2fd76b27-2a9b-415d-99e4-72a17c8c65c5 - - - - - -] Loaded extension: dns-domain-ports
2026-05-18 01:14:38.022 1 INFO neutron.api.extensions [None req-2fd76b27-2a9b-415d-99e4-72a17c8c65c5 - - - - - -] Extension dns-integration-domain-keywords not supported by any of loaded plugins
2026-05-18 01:14:38.022 1 INFO neutron.api.extensions [None req-2fd76b27-2a9b-415d-99e4-72a17c8c65c5 - - - - - -] Loaded extension: dvr
2026-05-18 01:14:38.023 1 INFO neutron.api.extensions [None req-2fd76b27-2a9b-415d-99e4-72a17c8c65c5 - - - - - -] Extension ecmp_routes not supported by any of loaded plugins
2026-05-18 01:14:38.023 1 INFO neutron.api.extensions [None req-2fd76b27-2a9b-415d-99e4-72a17c8c65c5 - - - - - -] Loaded extension: empty-string-filtering
2026-05-18 01:14:38.024 1 INFO neutron.api.extensions [None req-2fd76b27-2a9b-415d-99e4-72a17c8c65c5 - - - - - -] Extension expose-l3-conntrack-helper not supported by any of loaded plugins
2026-05-18 01:14:38.024 1 INFO neutron.api.extensions [None req-2fd76b27-2a9b-415d-99e4-72a17c8c65c5 - - - - - -] Extension expose-port-forwarding-in-fip not supported by any of loaded plugins
2026-05-18 01:14:38.025 1 INFO neutron.api.extensions [None req-2fd76b27-2a9b-415d-99e4-72a17c8c65c5 - - - - - -] Loaded extension: external-net
2026-05-18 01:14:38.025 1 INFO neutron.api.extensions [None req-2fd76b27-2a9b-415d-99e4-72a17c8c65c5 - - - - - -] Loaded extension: extra_dhcp_opt
2026-05-18 01:14:38.026 1 INFO neutron.api.extensions [None req-2fd76b27-2a9b-415d-99e4-72a17c8c65c5 - - - - - -] Loaded extension: extraroute
2026-05-18 01:14:38.026 1 INFO neutron.api.extensions [None req-2fd76b27-2a9b-415d-99e4-72a17c8c65c5 - - - - - -] Loaded extension: extraroute-atomic
2026-05-18 01:14:38.027 1 INFO neutron.api.extensions [None req-2fd76b27-2a9b-415d-99e4-72a17c8c65c5 - - - - - -] Extension filter-validation not supported by any of loaded plugins
2026-05-18 01:14:38.027 1 INFO neutron.api.extensions [None req-2fd76b27-2a9b-415d-99e4-72a17c8c65c5 - - - - - -] Extension floating-ip-port-forwarding-description not supported by any of loaded plugins
2026-05-18 01:14:38.027 1 INFO neutron.api.extensions [None req-2fd76b27-2a9b-415d-99e4-72a17c8c65c5 - - - - - -] Loaded extension: floating-ip-port-forwarding-detail
2026-05-18 01:14:38.028 1 INFO neutron.api.extensions [None req-2fd76b27-2a9b-415d-99e4-72a17c8c65c5 - - - - - -] Extension floating-ip-port-forwarding-port-ranges not supported by any of loaded plugins
2026-05-18 01:14:38.028 1 INFO neutron.api.extensions [None req-2fd76b27-2a9b-415d-99e4-72a17c8c65c5 - - - - - -] Loaded extension: fip-port-details
2026-05-18 01:14:38.029 1 INFO neutron.api.extensions [None req-2fd76b27-2a9b-415d-99e4-72a17c8c65c5 - - - - - -] Loaded extension: flavors
2026-05-18 01:14:38.030 1 INFO neutron.api.extensions [None req-2fd76b27-2a9b-415d-99e4-72a17c8c65c5 - - - - - -] Extension floating-ip-port-forwarding not supported by any of loaded plugins
2026-05-18 01:14:38.031 1 INFO neutron.api.extensions [None req-2fd76b27-2a9b-415d-99e4-72a17c8c65c5 - - - - - -] Loaded extension: floatingip-pools
2026-05-18 01:14:38.031 1 INFO neutron.api.extensions [None req-2fd76b27-2a9b-415d-99e4-72a17c8c65c5 - - - - - -] Loaded extension: ip_allocation
2026-05-18 01:14:38.031 1 INFO neutron.api.extensions [None req-2fd76b27-2a9b-415d-99e4-72a17c8c65c5 - - - - - -] Loaded extension: ip-substring-filtering
2026-05-18 01:14:38.032 1 INFO neutron.api.extensions [None req-2fd76b27-2a9b-415d-99e4-72a17c8c65c5 - - - - - -] Loaded extension: l2_adjacency
2026-05-18 01:14:38.033 1 INFO neutron.api.extensions [None req-2fd76b27-2a9b-415d-99e4-72a17c8c65c5 - - - - - -] Loaded extension: router
2026-05-18 01:14:38.034 1 INFO neutron.api.extensions [None req-2fd76b27-2a9b-415d-99e4-72a17c8c65c5 - - - - - -] Extension l3-conntrack-helper not supported by any of loaded plugins
2026-05-18 01:14:38.035 1 INFO neutron.api.extensions [None req-2fd76b27-2a9b-415d-99e4-72a17c8c65c5 - - - - - -] Extension enable-default-route-bfd not supported by any of loaded plugins
2026-05-18 01:14:38.035 1 INFO neutron.api.extensions [None req-2fd76b27-2a9b-415d-99e4-72a17c8c65c5 - - - - - -] Extension enable-default-route-ecmp not supported by any of loaded plugins
2026-05-18 01:14:38.035 1 INFO neutron.api.extensions [None req-2fd76b27-2a9b-415d-99e4-72a17c8c65c5 - - - - - -] Loaded extension: ext-gw-mode
2026-05-18 01:14:38.036 1 INFO neutron.api.extensions [None req-2fd76b27-2a9b-415d-99e4-72a17c8c65c5 - - - - - -] Loaded extension: l3-ha
2026-05-18 01:14:38.036 1 INFO neutron.api.extensions [None req-2fd76b27-2a9b-415d-99e4-72a17c8c65c5 - - - - - -] Extension l3-ext-ndp-proxy not supported by any of loaded plugins
2026-05-18 01:14:38.037 1 INFO neutron.api.extensions [None req-2fd76b27-2a9b-415d-99e4-72a17c8c65c5 - - - - - -] Extension external-gateway-multihoming not supported by any of loaded plugins
2026-05-18 01:14:38.037 1 INFO neutron.api.extensions [None req-2fd76b27-2a9b-415d-99e4-72a17c8c65c5 - - - - - -] Loaded extension: l3-flavors
2026-05-18 01:14:38.038 1 INFO neutron.api.extensions [None req-2fd76b27-2a9b-415d-99e4-72a17c8c65c5 - - - - - -] Extension l3-ndp-proxy not supported by any of loaded plugins
2026-05-18 01:14:38.038 1 INFO neutron.api.extensions [None req-2fd76b27-2a9b-415d-99e4-72a17c8c65c5 - - - - - -] Loaded extension: l3-port-ip-change-not-allowed
2026-05-18 01:14:38.040 1 INFO neutron.api.extensions [None req-2fd76b27-2a9b-415d-99e4-72a17c8c65c5 - - - - - -] Loaded extension: l3_agent_scheduler
2026-05-18 01:14:38.041 1 INFO neutron.api.extensions [None req-2fd76b27-2a9b-415d-99e4-72a17c8c65c5 - - - - - -] Extension local_ip not supported by any of loaded plugins
2026-05-18 01:14:38.041 1 INFO neutron.api.extensions [None req-2fd76b27-2a9b-415d-99e4-72a17c8c65c5 - - - - - -] Extension logging not supported by any of loaded plugins
2026-05-18 01:14:38.042 1 INFO neutron.api.extensions [None req-2fd76b27-2a9b-415d-99e4-72a17c8c65c5 - - - - - -] Extension metering not supported by any of loaded plugins
2026-05-18 01:14:38.043 1 INFO neutron.api.extensions [None req-2fd76b27-2a9b-415d-99e4-72a17c8c65c5 - - - - - -] Extension metering_source_and_destination_fields not supported by any of loaded plugins
2026-05-18 01:14:38.043 1 INFO neutron.api.extensions [None req-2fd76b27-2a9b-415d-99e4-72a17c8c65c5 - - - - - -] Loaded extension: multi-provider
2026-05-18 01:14:38.044 1 INFO neutron.api.extensions [None req-2fd76b27-2a9b-415d-99e4-72a17c8c65c5 - - - - - -] Loaded extension: net-mtu
2026-05-18 01:14:38.044 1 INFO neutron.api.extensions [None req-2fd76b27-2a9b-415d-99e4-72a17c8c65c5 - - - - - -] Loaded extension: net-mtu-writable
2026-05-18 01:14:38.045 1 INFO neutron.api.extensions [None req-2fd76b27-2a9b-415d-99e4-72a17c8c65c5 - - - - - -] Loaded extension: network_availability_zone
2026-05-18 01:14:38.045 1 INFO neutron.api.extensions [None req-2fd76b27-2a9b-415d-99e4-72a17c8c65c5 - - - - - -] Loaded extension: network_ha
2026-05-18 01:14:38.046 1 INFO neutron.api.extensions [None req-2fd76b27-2a9b-415d-99e4-72a17c8c65c5 - - - - - -] Loaded extension: network-ip-availability
2026-05-18 01:14:38.046 1 INFO neutron.api.extensions [None req-2fd76b27-2a9b-415d-99e4-72a17c8c65c5 - - - - - -] Extension network-segment-range not supported by any of loaded plugins
2026-05-18 01:14:38.047 1 INFO neutron.api.extensions [None req-2fd76b27-2a9b-415d-99e4-72a17c8c65c5 - - - - - -] Loaded extension: pagination
2026-05-18 01:14:38.047 1 INFO neutron.api.extensions [None req-2fd76b27-2a9b-415d-99e4-72a17c8c65c5 - - - - - -] Loaded extension: port-device-profile
2026-05-18 01:14:38.048 1 INFO neutron.api.extensions [None req-2fd76b27-2a9b-415d-99e4-72a17c8c65c5 - - - - - -] Extension port-hardware-offload-type not supported by any of loaded plugins
2026-05-18 01:14:38.048 1 INFO neutron.api.extensions [None req-2fd76b27-2a9b-415d-99e4-72a17c8c65c5 - - - - - -] Extension port-hint-ovs-tx-steering not supported by any of loaded plugins
2026-05-18 01:14:38.049 1 INFO neutron.api.extensions [None req-2fd76b27-2a9b-415d-99e4-72a17c8c65c5 - - - - - -] Extension port-hints not supported by any of loaded plugins
2026-05-18 01:14:38.049 1 INFO neutron.api.extensions [None req-2fd76b27-2a9b-415d-99e4-72a17c8c65c5 - - - - - -] Loaded extension: port-mac-override
2026-05-18 01:14:38.050 1 INFO neutron.api.extensions [None req-2fd76b27-2a9b-415d-99e4-72a17c8c65c5 - - - - - -] Loaded extension: port-mac-address-regenerate
2026-05-18 01:14:38.050 1 INFO neutron.api.extensions [None req-2fd76b27-2a9b-415d-99e4-72a17c8c65c5 - - - - - -] Loaded extension: port-numa-affinity-policy
2026-05-18 01:14:38.050 1 INFO neutron.api.extensions [None req-2fd76b27-2a9b-415d-99e4-72a17c8c65c5 - - - - - -] Loaded extension: port-resource-request
2026-05-18 01:14:38.051 1 INFO neutron.api.extensions [None req-2fd76b27-2a9b-415d-99e4-72a17c8c65c5 - - - - - -] Loaded extension: port-resource-request-groups
2026-05-18 01:14:38.051 1 INFO neutron.api.extensions [None req-2fd76b27-2a9b-415d-99e4-72a17c8c65c5 - - - - - -] Loaded extension: binding
2026-05-18 01:14:38.052 1 INFO neutron.api.extensions [None req-2fd76b27-2a9b-415d-99e4-72a17c8c65c5 - - - - - -] Loaded extension: binding-extended
2026-05-18 01:14:38.052 1 INFO neutron.api.extensions [None req-2fd76b27-2a9b-415d-99e4-72a17c8c65c5 - - - - - -] Loaded extension: port-security
2026-05-18 01:14:38.053 1 INFO neutron.api.extensions [None req-2fd76b27-2a9b-415d-99e4-72a17c8c65c5 - - - - - -] Loaded extension: project-id
2026-05-18 01:14:38.053 1 INFO neutron.api.extensions [None req-2fd76b27-2a9b-415d-99e4-72a17c8c65c5 - - - - - -] Loaded extension: provider
2026-05-18 01:14:38.055 1 INFO neutron.api.extensions [None req-2fd76b27-2a9b-415d-99e4-72a17c8c65c5 - - - - - -] Loaded extension: qos
2026-05-18 01:14:38.055 1 INFO neutron.api.extensions [None req-2fd76b27-2a9b-415d-99e4-72a17c8c65c5 - - - - - -] Loaded extension: qos-bw-limit-direction
2026-05-18 01:14:38.056 1 INFO neutron.api.extensions [None req-2fd76b27-2a9b-415d-99e4-72a17c8c65c5 - - - - - -] Loaded extension: qos-bw-minimum-ingress
2026-05-18 01:14:38.056 1 INFO neutron.api.extensions [None req-2fd76b27-2a9b-415d-99e4-72a17c8c65c5 - - - - - -] Loaded extension: qos-default
2026-05-18 01:14:38.057 1 INFO neutron.api.extensions [None req-2fd76b27-2a9b-415d-99e4-72a17c8c65c5 - - - - - -] Loaded extension: qos-fip
2026-05-18 01:14:38.057 1 INFO neutron.api.extensions [None req-2fd76b27-2a9b-415d-99e4-72a17c8c65c5 - - - - - -] Extension qos-fip-network-policy not supported by any of loaded plugins
2026-05-18 01:14:38.058 1 INFO neutron.api.extensions [None req-2fd76b27-2a9b-415d-99e4-72a17c8c65c5 - - - - - -] Loaded extension: qos-gateway-ip
2026-05-18 01:14:38.058 1 INFO neutron.api.extensions [None req-2fd76b27-2a9b-415d-99e4-72a17c8c65c5 - - - - - -] Loaded extension: qos-port-network-policy
2026-05-18 01:14:38.059 1 INFO neutron.api.extensions [None req-2fd76b27-2a9b-415d-99e4-72a17c8c65c5 - - - - - -] Loaded extension: qos-pps-minimum
2026-05-18 01:14:38.059 1 INFO neutron.api.extensions [None req-2fd76b27-2a9b-415d-99e4-72a17c8c65c5 - - - - - -] Loaded extension: qos-pps-minimum-rule-alias
2026-05-18 01:14:38.060 1 INFO neutron.api.extensions [None req-2fd76b27-2a9b-415d-99e4-72a17c8c65c5 - - - - - -] Loaded extension: qos-pps
2026-05-18 01:14:38.060 1 INFO neutron.api.extensions [None req-2fd76b27-2a9b-415d-99e4-72a17c8c65c5 - - - - - -] Loaded extension: qos-rule-type-details
2026-05-18 01:14:38.061 1 INFO neutron.api.extensions [None req-2fd76b27-2a9b-415d-99e4-72a17c8c65c5 - - - - - -] Loaded extension: qos-rule-type-filter
2026-05-18 01:14:38.061 1 INFO neutron.api.extensions [None req-2fd76b27-2a9b-415d-99e4-72a17c8c65c5 - - - - - -] Loaded extension: qos-rules-alias
2026-05-18 01:14:38.062 1 INFO neutron.api.extensions [None req-2fd76b27-2a9b-415d-99e4-72a17c8c65c5 - - - - - -] Loaded extension: quota-check-limit
2026-05-18 01:14:38.063 1 INFO neutron.api.extensions [None req-2fd76b27-2a9b-415d-99e4-72a17c8c65c5 - - - - - -] Loaded extension: quotas
2026-05-18 01:14:38.065 1 INFO neutron.api.extensions [None req-2fd76b27-2a9b-415d-99e4-72a17c8c65c5 - - - - - -] Loaded extension: quota_details
2026-05-18 01:14:38.066 1 INFO neutron.api.extensions [None req-2fd76b27-2a9b-415d-99e4-72a17c8c65c5 - - - - - -] Loaded extension: rbac-policies
2026-05-18 01:14:38.067 1 INFO neutron.api.extensions [None req-2fd76b27-2a9b-415d-99e4-72a17c8c65c5 - - - - - -] Loaded extension: rbac-address-group
2026-05-18 01:14:38.067 1 INFO neutron.api.extensions [None req-2fd76b27-2a9b-415d-99e4-72a17c8c65c5 - - - - - -] Loaded extension: rbac-address-scope
2026-05-18 01:14:38.068 1 INFO neutron.api.extensions [None req-2fd76b27-2a9b-415d-99e4-72a17c8c65c5 - - - - - -] Loaded extension: rbac-security-groups
2026-05-18 01:14:38.068 1 INFO neutron.api.extensions [None req-2fd76b27-2a9b-415d-99e4-72a17c8c65c5 - - - - - -] Loaded extension: rbac-subnetpool
2026-05-18 01:14:38.068 1 INFO neutron.api.extensions [None req-2fd76b27-2a9b-415d-99e4-72a17c8c65c5 - - - - - -] Loaded extension: revision-if-match
2026-05-18 01:14:38.069 1 INFO neutron.api.extensions [None req-2fd76b27-2a9b-415d-99e4-72a17c8c65c5 - - - - - -] Loaded extension: standard-attr-revisions
2026-05-18 01:14:38.070 1 INFO neutron.api.extensions [None req-2fd76b27-2a9b-415d-99e4-72a17c8c65c5 - - - - - -] Loaded extension: router_availability_zone
2026-05-18 01:14:38.070 1 INFO neutron.api.extensions [None req-2fd76b27-2a9b-415d-99e4-72a17c8c65c5 - - - - - -] Extension router-service-type not supported by any of loaded plugins
2026-05-18 01:14:38.071 1 INFO neutron.api.extensions [None req-2fd76b27-2a9b-415d-99e4-72a17c8c65c5 - - - - - -] Loaded extension: security-groups-default-rules
2026-05-18 01:14:38.072 1 INFO neutron.api.extensions [None req-2fd76b27-2a9b-415d-99e4-72a17c8c65c5 - - - - - -] Loaded extension: security-groups-normalized-cidr
2026-05-18 01:14:38.072 1 INFO neutron.api.extensions [None req-2fd76b27-2a9b-415d-99e4-72a17c8c65c5 - - - - - -] Loaded extension: port-security-groups-filtering
2026-05-18 01:14:38.072 1 INFO neutron.api.extensions [None req-2fd76b27-2a9b-415d-99e4-72a17c8c65c5 - - - - - -] Loaded extension: security-groups-remote-address-group
2026-05-18 01:14:38.073 1 INFO neutron.api.extensions [None req-2fd76b27-2a9b-415d-99e4-72a17c8c65c5 - - - - - -] Loaded extension: security-groups-rules-belongs-to-default-sg
2026-05-18 01:14:38.073 1 INFO neutron.api.extensions [None req-2fd76b27-2a9b-415d-99e4-72a17c8c65c5 - - - - - -] Loaded extension: security-groups-shared-filtering
2026-05-18 01:14:38.079 1 INFO neutron.api.extensions [None req-2fd76b27-2a9b-415d-99e4-72a17c8c65c5 - - - - - -] Loaded extension: security-group
2026-05-18 01:14:38.080 1 INFO neutron.api.extensions [None req-2fd76b27-2a9b-415d-99e4-72a17c8c65c5 - - - - - -] Loaded extension: segment
2026-05-18 01:14:38.081 1 INFO neutron.api.extensions [None req-2fd76b27-2a9b-415d-99e4-72a17c8c65c5 - - - - - -] Loaded extension: segments-peer-subnet-host-routes
2026-05-18 01:14:38.081 1 INFO neutron.api.extensions [None req-2fd76b27-2a9b-415d-99e4-72a17c8c65c5 - - - - - -] Loaded extension: service-type
2026-05-18 01:14:38.082 1 INFO neutron.api.extensions [None req-2fd76b27-2a9b-415d-99e4-72a17c8c65c5 - - - - - -] Loaded extension: sorting
2026-05-18 01:14:38.082 1 INFO neutron.api.extensions [None req-2fd76b27-2a9b-415d-99e4-72a17c8c65c5 - - - - - -] Loaded extension: standard-attr-segment
2026-05-18 01:14:38.083 1 INFO neutron.api.extensions [None req-2fd76b27-2a9b-415d-99e4-72a17c8c65c5 - - - - - -] Loaded extension: standard-attr-description
2026-05-18 01:14:38.083 1 INFO neutron.api.extensions [None req-2fd76b27-2a9b-415d-99e4-72a17c8c65c5 - - - - - -] Loaded extension: stateful-security-group
2026-05-18 01:14:38.083 1 WARNING neutron.api.extensions [None req-2fd76b27-2a9b-415d-99e4-72a17c8c65c5 - - - - - -] Did not find expected name "Stdattrs_common" in /var/lib/openstack/lib/python3.10/site-packages/neutron/extensions/stdattrs_common.py
2026-05-18 01:14:38.084 1 INFO neutron.api.extensions [None req-2fd76b27-2a9b-415d-99e4-72a17c8c65c5 - - - - - -] Extension subnet-dns-publish-fixed-ip not supported by any of loaded plugins
2026-05-18 01:14:38.084 1 INFO neutron.api.extensions [None req-2fd76b27-2a9b-415d-99e4-72a17c8c65c5 - - - - - -] Loaded extension: subnet_onboard
2026-05-18 01:14:38.085 1 INFO neutron.api.extensions [None req-2fd76b27-2a9b-415d-99e4-72a17c8c65c5 - - - - - -] Loaded extension: subnet-segmentid-writable
2026-05-18 01:14:38.085 1 INFO neutron.api.extensions [None req-2fd76b27-2a9b-415d-99e4-72a17c8c65c5 - - - - - -] Loaded extension: subnet-service-types
2026-05-18 01:14:38.086 1 INFO neutron.api.extensions [None req-2fd76b27-2a9b-415d-99e4-72a17c8c65c5 - - - - - -] Loaded extension: subnet_allocation
2026-05-18 01:14:38.086 1 INFO neutron.api.extensions [None req-2fd76b27-2a9b-415d-99e4-72a17c8c65c5 - - - - - -] Loaded extension: subnetpool-prefix-ops
2026-05-18 01:14:38.087 1 INFO neutron.api.extensions [None req-2fd76b27-2a9b-415d-99e4-72a17c8c65c5 - - - - - -] Extension tag-ports-during-bulk-creation not supported by any of loaded plugins
2026-05-18 01:14:38.089 1 INFO neutron.api.extensions [None req-2fd76b27-2a9b-415d-99e4-72a17c8c65c5 - - - - - -] Loaded extension: standard-attr-tag
2026-05-18 01:14:38.090 1 INFO neutron.api.extensions [None req-2fd76b27-2a9b-415d-99e4-72a17c8c65c5 - - - - - -] Loaded extension: standard-attr-timestamp
2026-05-18 01:14:38.090 1 INFO neutron.api.extensions [None req-2fd76b27-2a9b-415d-99e4-72a17c8c65c5 - - - - - -] Loaded extension: trunk
2026-05-18 01:14:38.091 1 INFO neutron.api.extensions [None req-2fd76b27-2a9b-415d-99e4-72a17c8c65c5 - - - - - -] Loaded extension: trunk-details
2026-05-18 01:14:38.091 1 INFO neutron.api.extensions [None req-2fd76b27-2a9b-415d-99e4-72a17c8c65c5 - - - - - -] Extension uplink-status-propagation not supported by any of loaded plugins
2026-05-18 01:14:38.092 1 INFO neutron.api.extensions [None req-2fd76b27-2a9b-415d-99e4-72a17c8c65c5 - - - - - -] Extension vlan-transparent not supported by any of loaded plugins
2026-05-18 01:14:38.093 1 INFO neutron.api.extensions [None req-2fd76b27-2a9b-415d-99e4-72a17c8c65c5 - - - - - -] Extension vpn-agent-scheduler not supported by any of loaded plugins
2026-05-18 01:14:38.094 1 INFO neutron.api.extensions [None req-2fd76b27-2a9b-415d-99e4-72a17c8c65c5 - - - - - -] Loaded extension: vpn-endpoint-groups
2026-05-18 01:14:38.094 1 INFO neutron.api.extensions [None req-2fd76b27-2a9b-415d-99e4-72a17c8c65c5 - - - - - -] Loaded extension: vpn-flavors
2026-05-18 01:14:38.095 1 INFO neutron.api.extensions [None req-2fd76b27-2a9b-415d-99e4-72a17c8c65c5 - - - - - -] Loaded extension: vpnaas
2026-05-18 01:14:38.098 1 INFO oslo_service.service [None req-2fd76b27-2a9b-415d-99e4-72a17c8c65c5 - - - - - -] Starting 2 workers
2026-05-18 01:14:38.102 1 INFO oslo_service.service [None req-2fd76b27-2a9b-415d-99e4-72a17c8c65c5 - - - - - -] Starting 1 workers
2026-05-18 01:15:14.497 11 INFO neutron.db.l3_hamode_db [None req-407efe7b-613f-477b-95a6-8de7b2c1aab4 - - - - - -] Number of active agents lower than max_l3_agents_per_router. L3 agents available: 1
2026-05-18 01:15:26.515 10 INFO neutron.plugins.ml2.plugin [None req-fb35c6b2-2caf-4b17-833e-b7feba7469c6 - - - - - -] Attempt 1 to provision port eca01050-d94e-4d06-9f05-2019db317e3b
2026-05-18 01:15:27.153 11 INFO neutron.plugins.ml2.plugin [None req-49dd5b03-a4a1-415e-8dee-fd5701ddc43d - - - - - -] Attempt 1 to provision port eca01050-d94e-4d06-9f05-2019db317e3b
2026-05-18 01:15:28.419 10 INFO neutron.plugins.ml2.plugin [None req-fb35c6b2-2caf-4b17-833e-b7feba7469c6 - - - - - -] Attempt 1 to provision port eca01050-d94e-4d06-9f05-2019db317e3b
2026-05-18 01:19:42.431 11 INFO neutron.plugins.ml2.plugin [None req-6ad676ed-0418-4942-ad4f-7d2cea8ba032 - - - - - -] Attempt 1 to provision port 98643c3a-003c-4423-9f95-70fb5c8e3646
2026-05-18 01:19:42.618 10 INFO neutron.plugins.ml2.plugin [None req-fb35c6b2-2caf-4b17-833e-b7feba7469c6 - - - - - -] Attempt 1 to provision port 98643c3a-003c-4423-9f95-70fb5c8e3646
2026-05-18 01:19:44.594 11 INFO neutron.plugins.ml2.plugin [None req-fb35c6b2-2caf-4b17-833e-b7feba7469c6 - - - - - -] Attempt 1 to provision port 98643c3a-003c-4423-9f95-70fb5c8e3646
2026-05-18 01:19:49.618 11 INFO neutron.plugins.ml2.plugin [None req-263b9156-a5fa-4e0f-83c6-0d7508feea69 - - - - - -] Attempt 1 to provision port 5f06daf4-485d-4b14-bcc3-f083ce324b29
2026-05-18 01:23:32.851 11 INFO neutron.plugins.ml2.plugin [None req-fb35c6b2-2caf-4b17-833e-b7feba7469c6 - - - - - -] Attempt 1 to provision port 5f06daf4-485d-4b14-bcc3-f083ce324b29
2026-05-18 01:23:34.751 10 INFO neutron.plugins.ml2.plugin [None req-fb35c6b2-2caf-4b17-833e-b7feba7469c6 - - - - - -] Attempt 1 to provision port 5f06daf4-485d-4b14-bcc3-f083ce324b29
2026-05-18 01:32:19.143 11 INFO neutron.plugins.ml2.plugin [None req-fb35c6b2-2caf-4b17-833e-b7feba7469c6 - - - - - -] Attempt 1 to provision port 8bcee978-a10b-4284-867f-744dd1a62090
2026-05-18 01:32:21.107 10 INFO neutron.plugins.ml2.plugin [None req-fb35c6b2-2caf-4b17-833e-b7feba7469c6 - - - - - -] Attempt 1 to provision port 8bcee978-a10b-4284-867f-744dd1a62090
2026-05-18 01:46:59.667 11 INFO neutron.plugins.ml2.plugin [None req-12406731-c371-4f99-af85-29b7ab36d60d - - - - - -] Attempt 1 to provision port a8ea8e4f-6b67-4c24-ade7-708ce101594d
2026-05-18 01:46:59.892 11 INFO neutron.plugins.ml2.plugin [None req-fb35c6b2-2caf-4b17-833e-b7feba7469c6 - - - - - -] Attempt 1 to provision port 9be53246-145b-4370-b769-a07ec9f4d932
2026-05-18 01:47:00.014 11 INFO neutron.plugins.ml2.plugin [None req-9d78e440-2b16-4e1f-95ab-a59ca9784c2c - - - - - -] Attempt 1 to provision port 26e9bba9-4c8e-456e-aad9-e426383eeeef
2026-05-18 01:47:00.176 11 INFO neutron.plugins.ml2.plugin [None req-bbe92e81-75ca-4cca-a03e-1e4897d1f39a - - - - - -] Attempt 1 to provision port 9be53246-145b-4370-b769-a07ec9f4d932
2026-05-18 01:47:00.384 10 INFO neutron.plugins.ml2.plugin [None req-509a77a0-8914-4f4b-a5d1-f7d33aa4dff6 - - - - - -] Attempt 1 to provision port 0d4f4185-eeb0-4e94-a0f2-aa7d1417b31a
2026-05-18 01:47:00.441 11 INFO neutron.plugins.ml2.plugin [None req-fb35c6b2-2caf-4b17-833e-b7feba7469c6 - - - - - -] Attempt 1 to provision port 350f416d-b887-4b47-8a49-4fa7ba2e3d17
2026-05-18 01:47:00.754 10 INFO neutron.plugins.ml2.plugin [None req-8eac0892-61cb-4ecf-9073-7de618de1371 - - - - - -] Attempt 1 to provision port 350f416d-b887-4b47-8a49-4fa7ba2e3d17
2026-05-18 01:47:00.911 11 INFO neutron.plugins.ml2.plugin [None req-fb35c6b2-2caf-4b17-833e-b7feba7469c6 - - - - - -] Attempt 1 to provision port 0d4f4185-eeb0-4e94-a0f2-aa7d1417b31a
2026-05-18 01:47:01.755 11 INFO neutron.plugins.ml2.plugin [None req-fb35c6b2-2caf-4b17-833e-b7feba7469c6 - - - - - -] Attempt 1 to provision port 9be53246-145b-4370-b769-a07ec9f4d932
2026-05-18 01:47:02.318 11 INFO neutron.plugins.ml2.plugin [None req-fb35c6b2-2caf-4b17-833e-b7feba7469c6 - - - - - -] Attempt 1 to provision port 0d4f4185-eeb0-4e94-a0f2-aa7d1417b31a
2026-05-18 01:47:02.675 11 INFO neutron.plugins.ml2.plugin [None req-b2c0289f-037e-4f80-9eb3-40d6d34112ee - - - - - -] Attempt 1 to provision port d61dc2ae-a7bd-434c-a03a-ed27cbbd318e
2026-05-18 01:47:02.772 11 INFO neutron.plugins.ml2.plugin [None req-fb35c6b2-2caf-4b17-833e-b7feba7469c6 - - - - - -] Attempt 1 to provision port 350f416d-b887-4b47-8a49-4fa7ba2e3d17
2026-05-18 01:47:02.863 10 INFO neutron.plugins.ml2.plugin [None req-9b5fb9c4-9ceb-4f17-af11-334d525e455b - - - - - -] Attempt 1 to provision port c0f8bd7a-a9c1-4f63-80c3-3c5b5169e531
2026-05-18 01:47:03.509 10 INFO neutron.plugins.ml2.plugin [None req-ad59e768-f163-42ad-a8ef-bb1c1aecfe68 - - - - - -] Attempt 1 to provision port c0f8bd7a-a9c1-4f63-80c3-3c5b5169e531
2026-05-18 01:47:04.151 10 INFO neutron.plugins.ml2.plugin [None req-5a59ecee-7361-4f46-86ac-6a720c5f1802 - - - - - -] Attempt 1 to provision port 5390c720-d27e-4db6-8d4f-07e5212af127
2026-05-18 01:47:04.793 11 INFO neutron.plugins.ml2.plugin [None req-5cf7d22e-1293-453a-b5c9-93f4f4b873e1 - - - - - -] Attempt 1 to provision port 5390c720-d27e-4db6-8d4f-07e5212af127
2026-05-18 01:47:05.537 10 INFO neutron.plugins.ml2.plugin [None req-b6f3a81b-b2c8-47c8-9f4f-68a5ce7c0f42 - - - - - -] Attempt 1 to provision port dfa0d5e5-ecb1-4fd6-a6bf-3972fe787922
2026-05-18 01:47:06.189 10 INFO neutron.plugins.ml2.plugin [None req-818b777a-e83f-480f-887a-9ac3a8f866a7 - - - - - -] Attempt 1 to provision port dfa0d5e5-ecb1-4fd6-a6bf-3972fe787922
2026-05-18 01:47:06.767 10 INFO neutron.plugins.ml2.plugin [None req-25a66382-7286-44dd-9eea-857ec1cbecde - - - - - -] Attempt 1 to provision port c129bc50-a5c1-4e09-ac4f-94e62c4ce87e
2026-05-18 01:47:07.429 10 INFO neutron.plugins.ml2.plugin [None req-76c75b1c-65f4-42a7-b3e6-a5e55051f0a0 - - - - - -] Attempt 1 to provision port 79309d38-3885-4311-96a0-ef055dc4c8e8
2026-05-18 01:47:07.706 11 INFO neutron.plugins.ml2.plugin [None req-fb35c6b2-2caf-4b17-833e-b7feba7469c6 - - - - - -] Attempt 1 to provision port 79309d38-3885-4311-96a0-ef055dc4c8e8
2026-05-18 01:47:09.332 11 INFO neutron.plugins.ml2.plugin [None req-83ca0206-009e-420c-ab3c-c255a1d0f843 - - - - - -] Attempt 1 to provision port 5bb8a374-ffb1-4174-abaf-4ad97a6f9a20
2026-05-18 01:47:09.729 10 INFO neutron.plugins.ml2.plugin [None req-fb35c6b2-2caf-4b17-833e-b7feba7469c6 - - - - - -] Attempt 1 to provision port 79309d38-3885-4311-96a0-ef055dc4c8e8
2026-05-18 01:47:09.986 10 INFO neutron.plugins.ml2.plugin [None req-32288f62-08f5-4d7d-86c8-1b59e3da037c - - - - - -] Attempt 1 to provision port 5bb8a374-ffb1-4174-abaf-4ad97a6f9a20
2026-05-18 01:47:11.860 11 INFO neutron.plugins.ml2.plugin [None req-fb35c6b2-2caf-4b17-833e-b7feba7469c6 - - - - - -] Attempt 1 to provision port a1fe8533-b17a-41b0-9369-6a29b927b4d3
2026-05-18 01:47:12.370 11 INFO neutron.plugins.ml2.plugin [None req-fb35c6b2-2caf-4b17-833e-b7feba7469c6 - - - - - -] Attempt 1 to provision port 27712574-94ce-4b96-8077-9da5f4aded55
2026-05-18 01:47:12.816 11 INFO neutron.plugins.ml2.plugin [None req-fb35c6b2-2caf-4b17-833e-b7feba7469c6 - - - - - -] Attempt 1 to provision port a185dd3d-4019-494b-9439-f826cb18fcab
2026-05-18 01:47:13.811 10 INFO neutron.plugins.ml2.plugin [None req-fb35c6b2-2caf-4b17-833e-b7feba7469c6 - - - - - -] Attempt 1 to provision port 27712574-94ce-4b96-8077-9da5f4aded55
2026-05-18 01:47:14.180 10 INFO neutron.plugins.ml2.plugin [None req-fb35c6b2-2caf-4b17-833e-b7feba7469c6 - - - - - -] Attempt 1 to provision port a185dd3d-4019-494b-9439-f826cb18fcab
2026-05-18 01:47:14.890 10 INFO neutron.plugins.ml2.plugin [None req-7a5db978-8794-496f-8543-aaf17f14b85a - - - - - -] Attempt 1 to provision port b8e70a93-2ae8-48ee-844e-f5ee9b7dd765
2026-05-18 01:47:19.578 11 INFO neutron.plugins.ml2.plugin [None req-f431c0b5-1f5d-477a-83c3-dc9b43901acd - - - - - -] Attempt 1 to provision port cf758acc-c5d0-4f48-9fbe-f6e59c3a03cb
2026-05-18 01:47:19.821 10 INFO neutron.plugins.ml2.plugin [None req-fb35c6b2-2caf-4b17-833e-b7feba7469c6 - - - - - -] Attempt 1 to provision port 17c0cdea-3fd4-4c1b-af79-02cc6facf505
2026-05-18 01:47:20.044 11 INFO neutron.plugins.ml2.plugin [None req-b5acf293-8bc3-4f79-9d8d-6ebcda5fac79 - - - - - -] Attempt 1 to provision port 441b8002-506d-48a4-8320-8c490966bf74
2026-05-18 01:47:20.197 11 INFO neutron.plugins.ml2.plugin [None req-e967622a-2d52-4623-9cfc-e6a59f96905b - - - - - -] Attempt 1 to provision port 387eb956-496f-4f3a-9e88-26c46ed7a76a
2026-05-18 01:47:20.406 10 INFO neutron.plugins.ml2.plugin [None req-fb35c6b2-2caf-4b17-833e-b7feba7469c6 - - - - - -] Attempt 1 to provision port b8e70a93-2ae8-48ee-844e-f5ee9b7dd765
2026-05-18 01:47:20.602 11 INFO neutron.plugins.ml2.plugin [None req-b8c0944d-4200-4bc3-a4b6-58d9cd56cc49 - - - - - -] Attempt 1 to provision port 17c0cdea-3fd4-4c1b-af79-02cc6facf505
2026-05-18 01:47:21.036 10 INFO neutron.plugins.ml2.plugin [None req-fb35c6b2-2caf-4b17-833e-b7feba7469c6 - - - - - -] Attempt 1 to provision port 387eb956-496f-4f3a-9e88-26c46ed7a76a
2026-05-18 01:47:21.187 10 INFO neutron.notifiers.nova [-] Nova event matching ['req-22fb7feb-c988-479e-9ac8-1d9929bd6c35'] response: {'server_uuid': '1df9a7bb-ca3f-4fb5-8fdc-c107f667e546', 'name': 'network-vif-plugged', 'status': 'completed', 'tag': 'b8e70a93-2ae8-48ee-844e-f5ee9b7dd765', 'code': 200}
2026-05-18 01:47:22.192 11 INFO neutron.plugins.ml2.plugin [None req-600e57a6-913c-4feb-809b-d1169d78818b - - - - - -] Attempt 1 to provision port 3b0c012b-9f79-4985-b433-b45e6dc16594
2026-05-18 01:47:22.332 10 INFO neutron.plugins.ml2.plugin [None req-fb35c6b2-2caf-4b17-833e-b7feba7469c6 - - - - - -] Attempt 1 to provision port 387eb956-496f-4f3a-9e88-26c46ed7a76a
2026-05-18 01:47:22.375 11 INFO neutron.plugins.ml2.plugin [None req-e05bb971-1c1b-4b12-a871-b0b63086f5bb - - - - - -] Attempt 1 to provision port d3f4c958-09d8-4087-90b7-a68e53625f08
2026-05-18 01:47:22.711 10 INFO neutron.plugins.ml2.plugin [None req-fb35c6b2-2caf-4b17-833e-b7feba7469c6 - - - - - -] Attempt 1 to provision port 17c0cdea-3fd4-4c1b-af79-02cc6facf505
2026-05-18 01:47:23.033 10 INFO neutron.plugins.ml2.plugin [None req-2ef6095c-f682-4845-8fc4-144889a30865 - - - - - -] Attempt 1 to provision port 3b0c012b-9f79-4985-b433-b45e6dc16594
2026-05-18 01:47:23.067 10 INFO neutron.plugins.ml2.plugin [None req-fb35c6b2-2caf-4b17-833e-b7feba7469c6 - - - - - -] Attempt 1 to provision port b8e70a93-2ae8-48ee-844e-f5ee9b7dd765
2026-05-18 01:47:23.215 11 INFO neutron.plugins.ml2.plugin [None req-55214cbd-34eb-46ad-aac4-9618e20f893f - - - - - -] Attempt 1 to provision port d3f4c958-09d8-4087-90b7-a68e53625f08
2026-05-18 01:47:23.888 11 INFO neutron.plugins.ml2.plugin [None req-e5319a13-cc55-4554-b3dc-a5b431730b99 - - - - - -] Attempt 1 to provision port 6f4e8aad-86aa-4d6a-9eea-9c287009f941
2026-05-18 01:47:23.996 10 INFO neutron.plugins.ml2.plugin [None req-fb35c6b2-2caf-4b17-833e-b7feba7469c6 - - - - - -] Attempt 1 to provision port 17d5ddc2-4ed3-4fc5-9d89-894fd20adeec
2026-05-18 01:47:24.468 10 INFO neutron.plugins.ml2.plugin [None req-fb35c6b2-2caf-4b17-833e-b7feba7469c6 - - - - - -] Attempt 1 to provision port 0e4686ae-63c9-4d40-be1b-b94e64c145bd
2026-05-18 01:47:26.188 11 INFO neutron.plugins.ml2.plugin [None req-fb35c6b2-2caf-4b17-833e-b7feba7469c6 - - - - - -] Attempt 1 to provision port 17d5ddc2-4ed3-4fc5-9d89-894fd20adeec
2026-05-18 01:47:26.552 11 INFO neutron.plugins.ml2.plugin [None req-fb35c6b2-2caf-4b17-833e-b7feba7469c6 - - - - - -] Attempt 1 to provision port 0e4686ae-63c9-4d40-be1b-b94e64c145bd
2026-05-18 01:47:28.083 11 INFO neutron.plugins.ml2.plugin [None req-fb35c6b2-2caf-4b17-833e-b7feba7469c6 - - - - - -] Attempt 1 to provision port 6f4e8aad-86aa-4d6a-9eea-9c287009f941
2026-05-18 01:47:28.651 11 INFO neutron.notifiers.nova [-] Nova event matching ['req-faca6d13-9fd0-4440-8be2-c8f8dced8e1a'] response: {'server_uuid': '5e65676d-150d-483d-bfb9-966084a7e4f5', 'name': 'network-vif-plugged', 'status': 'completed', 'tag': '6f4e8aad-86aa-4d6a-9eea-9c287009f941', 'code': 200}
2026-05-18 01:47:30.091 11 INFO neutron.plugins.ml2.plugin [None req-e6fa9c50-e3b3-4a5d-9746-314da1b5164b - - - - - -] Attempt 1 to provision port bee2dfcc-49ae-4746-abe2-d8251c1cec63
2026-05-18 01:47:30.164 10 INFO neutron.plugins.ml2.plugin [None req-fb35c6b2-2caf-4b17-833e-b7feba7469c6 - - - - - -] Attempt 1 to provision port 6f4e8aad-86aa-4d6a-9eea-9c287009f941
2026-05-18 01:47:34.124 11 INFO neutron.plugins.ml2.plugin [None req-fb35c6b2-2caf-4b17-833e-b7feba7469c6 - - - - - -] Attempt 1 to provision port bee2dfcc-49ae-4746-abe2-d8251c1cec63
2026-05-18 01:47:34.296 11 INFO neutron.notifiers.nova [-] Nova event matching ['req-263d5f3e-f675-491b-9d13-94c0bd7fdf12'] response: {'server_uuid': '6b5feff0-c53e-4d01-afe2-3ee8d3bb93b7', 'name': 'network-vif-plugged', 'status': 'completed', 'tag': 'bee2dfcc-49ae-4746-abe2-d8251c1cec63', 'code': 200}
2026-05-18 01:47:34.886 11 INFO neutron.plugins.ml2.plugin [None req-0db689db-40a8-4962-8c25-05f0c53e19cd - - - - - -] Attempt 1 to provision port abb514da-8f7d-46c9-a924-8da736cf7648
2026-05-18 01:47:36.112 11 INFO neutron.plugins.ml2.plugin [None req-fb35c6b2-2caf-4b17-833e-b7feba7469c6 - - - - - -] Attempt 1 to provision port 5bb8a374-ffb1-4174-abaf-4ad97a6f9a20
2026-05-18 01:47:36.590 11 INFO neutron.plugins.ml2.plugin [None req-fb35c6b2-2caf-4b17-833e-b7feba7469c6 - - - - - -] Attempt 1 to provision port c129bc50-a5c1-4e09-ac4f-94e62c4ce87e
2026-05-18 01:47:36.937 11 INFO neutron.plugins.ml2.plugin [None req-fb35c6b2-2caf-4b17-833e-b7feba7469c6 - - - - - -] Attempt 1 to provision port bee2dfcc-49ae-4746-abe2-d8251c1cec63
2026-05-18 01:47:38.110 11 INFO neutron.plugins.ml2.plugin [None req-fb35c6b2-2caf-4b17-833e-b7feba7469c6 - - - - - -] Attempt 1 to provision port 5bb8a374-ffb1-4174-abaf-4ad97a6f9a20
2026-05-18 01:47:38.397 11 INFO neutron.plugins.ml2.plugin [None req-fb35c6b2-2caf-4b17-833e-b7feba7469c6 - - - - - -] Attempt 1 to provision port c129bc50-a5c1-4e09-ac4f-94e62c4ce87e
2026-05-18 01:47:38.606 11 INFO neutron.plugins.ml2.plugin [None req-fb35c6b2-2caf-4b17-833e-b7feba7469c6 - - - - - -] Attempt 1 to provision port abb514da-8f7d-46c9-a924-8da736cf7648
2026-05-18 01:47:38.737 11 INFO neutron.notifiers.nova [-] Nova event matching ['req-a2ffc67a-af6f-44ae-a114-7fcf21d96b13'] response: {'server_uuid': 'fd4d6e6c-2617-4704-aad0-d2c1d9a01724', 'name': 'network-vif-plugged', 'status': 'completed', 'tag': 'abb514da-8f7d-46c9-a924-8da736cf7648', 'code': 200}
2026-05-18 01:47:40.014 10 INFO neutron.plugins.ml2.plugin [None req-fb35c6b2-2caf-4b17-833e-b7feba7469c6 - - - - - -] Attempt 1 to provision port abb514da-8f7d-46c9-a924-8da736cf7648
2026-05-18 01:47:42.214 10 INFO neutron.notifiers.nova [-] Nova event matching ['req-16ee9883-915b-4d78-9d6b-2bb1c7badafa'] response: {'server_uuid': 'fd4d6e6c-2617-4704-aad0-d2c1d9a01724', 'name': 'network-vif-unplugged', 'status': 'completed', 'tag': 'abb514da-8f7d-46c9-a924-8da736cf7648', 'code': 200}
2026-05-18 01:47:44.083 10 INFO neutron.plugins.ml2.plugin [None req-fb35c6b2-2caf-4b17-833e-b7feba7469c6 - - - - - -] Attempt 1 to provision port 3b0c012b-9f79-4985-b433-b45e6dc16594
2026-05-18 01:47:44.438 10 INFO neutron.plugins.ml2.plugin [None req-fb35c6b2-2caf-4b17-833e-b7feba7469c6 - - - - - -] Attempt 1 to provision port 441b8002-506d-48a4-8320-8c490966bf74
2026-05-18 01:47:46.079 10 INFO neutron.plugins.ml2.plugin [None req-fb35c6b2-2caf-4b17-833e-b7feba7469c6 - - - - - -] Attempt 1 to provision port 3b0c012b-9f79-4985-b433-b45e6dc16594
2026-05-18 01:47:46.108 10 INFO neutron.plugins.ml2.db [None req-fb35c6b2-2caf-4b17-833e-b7feba7469c6 - - - - - -] No ports have port_id starting with 3b0c012b-9f79-4985-b433-b45e6dc16594
2026-05-18 01:47:46.150 10 INFO neutron.plugins.ml2.plugin [None req-fb35c6b2-2caf-4b17-833e-b7feba7469c6 - - - - - -] Attempt 1 to provision port 441b8002-506d-48a4-8320-8c490966bf74
2026-05-18 01:47:48.013 11 INFO neutron.plugins.ml2.plugin [None req-fb35c6b2-2caf-4b17-833e-b7feba7469c6 - - - - - -] Attempt 1 to provision port cf758acc-c5d0-4f48-9fbe-f6e59c3a03cb /var/lib/openstack/lib/python3.10/site-packages/oslo_db/sqlalchemy/enginefacade.py:664: SAWarning: DELETE statement on table 'portsecuritybindings' expected to delete 1 row(s); 0 were matched. Please set confirm_deleted_rows=False within the mapper configuration to prevent this warning. self.session.flush() /var/lib/openstack/lib/python3.10/site-packages/oslo_db/sqlalchemy/enginefacade.py:664: SAWarning: DELETE statement on table 'ml2_port_bindings' expected to delete 1 row(s); 0 were matched. Please set confirm_deleted_rows=False within the mapper configuration to prevent this warning. self.session.flush() /var/lib/openstack/lib/python3.10/site-packages/oslo_db/sqlalchemy/enginefacade.py:664: SAWarning: DELETE statement on table 'ml2_port_binding_levels' expected to delete 1 row(s); 0 were matched. Please set confirm_deleted_rows=False within the mapper configuration to prevent this warning. self.session.flush() /var/lib/openstack/lib/python3.10/site-packages/oslo_db/sqlalchemy/enginefacade.py:664: SAWarning: DELETE statement on table 'ports' expected to delete 1 row(s); 0 were matched. Please set confirm_deleted_rows=False within the mapper configuration to prevent this warning. self.session.flush()
2026-05-18 01:47:49.294 10 INFO neutron.plugins.ml2.plugin [None req-75ebdece-e1b1-42ad-80e7-05d1d2b19a59 - - - - - -] Attempt 1 to provision port 6f4e8aad-86aa-4d6a-9eea-9c287009f941
2026-05-18 01:47:50.240 11 INFO neutron.plugins.ml2.plugin [None req-fb35c6b2-2caf-4b17-833e-b7feba7469c6 - - - - - -] Attempt 1 to provision port cf758acc-c5d0-4f48-9fbe-f6e59c3a03cb
2026-05-18 01:47:50.457 11 INFO neutron.plugins.ml2.plugin [None req-fb35c6b2-2caf-4b17-833e-b7feba7469c6 - - - - - -] Attempt 1 to provision port d3f4c958-09d8-4087-90b7-a68e53625f08
2026-05-18 01:47:50.958 11 INFO neutron.plugins.ml2.plugin [None req-fb35c6b2-2caf-4b17-833e-b7feba7469c6 - - - - - -] Attempt 1 to provision port 6f4e8aad-86aa-4d6a-9eea-9c287009f941
2026-05-18 01:47:52.020 10 INFO neutron.plugins.ml2.plugin [None req-fb35c6b2-2caf-4b17-833e-b7feba7469c6 - - - - - -] Attempt 1 to provision port d3f4c958-09d8-4087-90b7-a68e53625f08
2026-05-18 01:47:52.114 11 INFO neutron.plugins.ml2.plugin [None req-1d594b18-c8fe-4ff9-a031-8291befe2347 - - - - - -] Attempt 1 to provision port 6f4e8aad-86aa-4d6a-9eea-9c287009f941
2026-05-18 01:47:54.001 10 INFO neutron.notifiers.nova [-] Nova event matching ['req-364075a1-e7a6-40a1-8530-034bef057940'] response: {'server_uuid': '6b5feff0-c53e-4d01-afe2-3ee8d3bb93b7', 'name': 'network-vif-unplugged', 'status': 'completed', 'tag': 'bee2dfcc-49ae-4746-abe2-d8251c1cec63', 'code': 200}
2026-05-18 01:47:54.666 10 INFO neutron.plugins.ml2.plugin [None req-fb35c6b2-2caf-4b17-833e-b7feba7469c6 - - - - - -] Attempt 1 to provision port bee2dfcc-49ae-4746-abe2-d8251c1cec63
2026-05-18 01:47:56.045 10 INFO neutron.notifiers.nova [-] Nova event matching ['req-049b3cb9-fd8f-4736-8cbe-ac47ce8b788a'] response: {'server_uuid': '6b5feff0-c53e-4d01-afe2-3ee8d3bb93b7', 'name': 'network-vif-plugged', 'status': 'completed', 'tag': 'bee2dfcc-49ae-4746-abe2-d8251c1cec63', 'code': 200}
2026-05-18 01:47:56.055 10 INFO neutron.plugins.ml2.plugin [None req-fb35c6b2-2caf-4b17-833e-b7feba7469c6 - - - - - -] Attempt 1 to provision port bee2dfcc-49ae-4746-abe2-d8251c1cec63
2026-05-18 01:48:03.528 10 INFO neutron.plugins.ml2.plugin [None req-068e76c1-48c0-4dbe-93f1-c2b6751ae2b1 - - - - - -] Attempt 1 to provision port 70adac07-9c89-467e-ad21-b1fd5dc0166b
2026-05-18 01:48:03.969 11 INFO neutron.plugins.ml2.plugin [None req-1e261bb4-7ad2-4a22-a252-7771980254fa - - - - - -] Attempt 1 to provision port 41bad5ca-86d0-47bf-9e20-75609198e5ee
2026-05-18 01:48:04.037 10 INFO neutron.plugins.ml2.plugin [None req-fb35c6b2-2caf-4b17-833e-b7feba7469c6 - - - - - -] Attempt 1 to provision port 41bad5ca-86d0-47bf-9e20-75609198e5ee
2026-05-18 01:48:04.742 11 INFO neutron.plugins.ml2.plugin [None req-2b84a61d-4f19-4d08-96ec-3d928022ef49 - - - - - -] Attempt 1 to provision port 1455247a-8cad-4bb0-a714-ec5487e02af6
2026-05-18 01:48:04.887 10 INFO neutron.plugins.ml2.plugin [None req-fb35c6b2-2caf-4b17-833e-b7feba7469c6 - - - - - -] Attempt 1 to provision port 1455247a-8cad-4bb0-a714-ec5487e02af6
