May 20 01:49:58.365289 np0000175161 devstack@neutron-api.service[103127]: DEBUG neutron.plugins.ml2.drivers.ovn.mech_driver.ovsdb.ovsdb_monitor [None req-8c9ed825-21c3-46cc-9ffb-056c34e6d3f5 None None] Hash Ring: Node 051141b446db54e9a70be1f66c2873f3 (host: np0000175161) handling event "create" for row 46c0222e-bfc8-416f-a205-0997a07e5344 (table: Chassis) {{(pid=103127) notify /opt/stack/neutron/neutron/plugins/ml2/drivers/ovn/mech_driver/ovsdb/ovsdb_monitor.py:942}}
May 20 01:49:58.366037 np0000175161 devstack@neutron-api.service[103127]: DEBUG ovsdbapp.backend.ovs_idl.event [None req-8c9ed825-21c3-46cc-9ffb-056c34e6d3f5 None None] Matched CREATE: ChassisBandwidthConfigEvent(events=('create', 'update'), table='Chassis', conditions=None, old_conditions=None), priority=20 to row=Chassis(uuid=46c0222e-bfc8-416f-a205-0997a07e5344, encaps=[43fbc8de-dbbc-47d4-8c35-fc56cbb93334], external_ids={}, hostname='np0000175161', name='f8988c6d-a5c4-4cd8-898b-97a27854f9d3', nb_cfg=0, other_config={'ct-commit-nat-v2': 'true', 'ct-commit-to-zone': 'true', 'ct-next-zone': 'true', 'ct-no-masked-label': 'true', 'ct-state-save': 'true', 'datapath-type': 'system', 'fdb-timestamp': 'true', 'iface-types': 'afxdp,afxdp-nonpmd,bareudp,erspan,geneve,gre,gtpu,internal,ip6erspan,ip6gre,lisp,patch,srv6,stt,system,tap,vxlan', 'is-interconn': 'false', 'ls-dpg-column': 'true', 'mac-binding-timestamp': 'true', 'ovn-bridge-mappings': 'public:br-ex', 'ovn-chassis-mac-mappings': '', 'ovn-cms-options': 'enable-chassis-as-gw', 'ovn-ct-lb-related': 'true', 'ovn-enable-lflow-cache': 'true', 'ovn-limit-lflow-cache': '', 'ovn-memlimit-lflow-cache-kb': '', 'ovn-monitor-all': 'false', 'ovn-trim-limit-lflow-cache': '', 'ovn-trim-timeout-ms': '', 'ovn-trim-wmark-perc-lflow-cache': '', 'port-up-notif': 'true'}, transport_zones=[], vtep_logical_switches=[]) old= {{(pid=103127) matches /opt/stack/data/venv/lib/python3.12/site-packages/ovsdbapp/backend/ovs_idl/event.py:55}}
May 20 01:49:58.366514 np0000175161 devstack@neutron-api.service[103127]: DEBUG neutron.plugins.ml2.drivers.ovn.mech_driver.ovsdb.ovsdb_monitor [None req-8c9ed825-21c3-46cc-9ffb-056c34e6d3f5 None None] ChassisAgentWriteEvent : Matched Chassis_Private, create, None None {{(pid=103127) matches /opt/stack/neutron/neutron/plugins/ml2/drivers/ovn/mech_driver/ovsdb/ovsdb_monitor.py:64}}
May 20 01:49:58.366658 np0000175161 devstack@neutron-api.service[103127]: DEBUG neutron.plugins.ml2.drivers.ovn.mech_driver.ovsdb.ovsdb_monitor [None req-8c9ed825-21c3-46cc-9ffb-056c34e6d3f5 None None] ChassisOVNAgentWriteEvent : Matched Chassis_Private, create, None None {{(pid=103127) matches /opt/stack/neutron/neutron/plugins/ml2/drivers/ovn/mech_driver/ovsdb/ovsdb_monitor.py:64}}
May 20 01:49:58.367973 np0000175161 devstack@neutron-api.service[103127]: INFO neutron.plugins.ml2.drivers.ovn.mech_driver.mech_driver [None req-8c9ed825-21c3-46cc-9ffb-056c34e6d3f5 None None] WorkerService process has finished the post initialization
May 20 01:49:58.369878 np0000175161 devstack@neutron-api.service[103127]: INFO neutron.plugins.ml2.drivers.ovn.mech_driver.ovsdb.extensions.qos [-] Starting OVNClientQosExtension
May 20 01:49:58.371075 np0000175161 devstack@neutron-api.service[103127]: WSGI app 0 (mountpoint='') ready in 8 seconds on interpreter 0x7c7c9a4a3668 pid: 103127 (default app)
May 20 01:49:58.371075 np0000175161 devstack@neutron-api.service[103127]: INFO neutron.plugins.ml2.drivers.ovn.mech_driver.ovsdb.extensions.placement [-] Starting OVNClientPlacementExtension
May 20 01:49:58.387300 np0000175161 devstack@neutron-api.service[103125]: DEBUG neutron.common.ovn.hash_ring_manager [None req-62b69d38-30dd-49e4-b556-e6b58ce61821 None None] Allow caching, nodes 4>=4 {{(pid=103125) _wait_startup_before_caching /opt/stack/neutron/neutron/common/ovn/hash_ring_manager.py:65}}
May 20 01:49:58.392133 np0000175161 devstack@neutron-api.service[103125]: DEBUG neutron.common.ovn.hash_ring_manager [None req-62b69d38-30dd-49e4-b556-e6b58ce61821 None None] Hash Ring loaded. 4 active nodes. 0 offline nodes {{(pid=103125) _load_hash_ring /opt/stack/neutron/neutron/common/ovn/hash_ring_manager.py:102}}
May 20 01:49:58.392387 np0000175161 devstack@neutron-api.service[103125]: DEBUG neutron.plugins.ml2.drivers.ovn.mech_driver.ovsdb.ovsdb_monitor [None req-62b69d38-30dd-49e4-b556-e6b58ce61821 None None] ChassisOVNAgentWriteEvent : Matched Chassis_Private, create, None None {{(pid=103125) matches /opt/stack/neutron/neutron/plugins/ml2/drivers/ovn/mech_driver/ovsdb/ovsdb_monitor.py:64}}
May 20 01:49:58.392509 np0000175161 devstack@neutron-api.service[103125]: DEBUG neutron.plugins.ml2.drivers.ovn.mech_driver.ovsdb.ovsdb_monitor [None req-62b69d38-30dd-49e4-b556-e6b58ce61821 None None] ChassisAgentWriteEvent : Matched Chassis_Private, create, None None {{(pid=103125) matches /opt/stack/neutron/neutron/plugins/ml2/drivers/ovn/mech_driver/ovsdb/ovsdb_monitor.py:64}}
May 20 01:49:58.395302 np0000175161 devstack@neutron-api.service[103125]: INFO neutron.plugins.ml2.drivers.ovn.mech_driver.mech_driver [None req-62b69d38-30dd-49e4-b556-e6b58ce61821 None None] WorkerService process has finished the post initialization
May 20 01:49:58.397272 np0000175161 devstack@neutron-api.service[103125]: WSGI app 0 (mountpoint='') ready in 8 seconds on interpreter 0x7c7c9a4a3668 pid: 103125 (default app)
May 20 01:49:59.627186 np0000175161 devstack@neutron-api.service[103126]: DEBUG neutron.plugins.ml2.drivers.ovn.mech_driver.ovsdb.ovsdb_monitor [-] Hash Ring: Node 5a1db5b8f7305635816f505667f557a9 (host: np0000175161) handling event "update" for row 4d7daa7d-4967-4aba-9476-e2b6a965dc64 (table: Connection) {{(pid=103126) notify /opt/stack/neutron/neutron/plugins/ml2/drivers/ovn/mech_driver/ovsdb/ovsdb_monitor.py:942}}
May 20 01:49:59.632523 np0000175161 devstack@neutron-api.service[103124]: DEBUG neutron.common.ovn.hash_ring_manager [-] Allow caching, nodes 4>=4 {{(pid=103124) _wait_startup_before_caching /opt/stack/neutron/neutron/common/ovn/hash_ring_manager.py:65}}
May 20 01:49:59.633074 np0000175161 devstack@neutron-api.service[103124]: DEBUG neutron.plugins.ml2.drivers.ovn.mech_driver.ovsdb.ovsdb_monitor [-] Hash Ring: Node 40b5e9dcd08152dd8b71c6fef99b337c (host: np0000175161) handling event "update" for row 4d7daa7d-4967-4aba-9476-e2b6a965dc64 (table: Connection) {{(pid=103124) notify /opt/stack/neutron/neutron/plugins/ml2/drivers/ovn/mech_driver/ovsdb/ovsdb_monitor.py:942}}
May 20 01:50:04.602332 np0000175161 devstack@neutron-api.service[103124]: DEBUG neutron.api.wsgi [None req-99b1a89e-3cc4-4790-af13-58453eac758b admin admin] Missing Content-Type {{(pid=103124) get_content_type /opt/stack/neutron/neutron/api/wsgi.py:80}}
May 20 01:50:04.603094 np0000175161 devstack@neutron-api.service[103124]: DEBUG neutron.api.wsgi [None req-99b1a89e-3cc4-4790-af13-58453eac758b admin admin] https://199.204.45.223/networking/v2.0/extensions returned with HTTP 200 {{(pid=103124) __call__ /opt/stack/neutron/neutron/api/wsgi.py:540}}
May 20 01:50:04.603193 np0000175161 devstack@neutron-api.service[103124]: [pid: 103124|app: 0|req: 2/2] 199.204.45.223 () {64 vars in 1323 bytes} [Wed May 20 01:50:04 2026] GET /networking/v2.0/extensions => generated 15209 bytes in 554 msecs (HTTP/1.1 200) 4 headers in 159 bytes (1 switches on core 0)
May 20 01:50:05.007553 np0000175161 devstack@neutron-api.service[103126]: DEBUG neutron.api.v2.base [None req-a9674bbe-9bc8-4b08-9735-27122755a597 admin admin] Request body: {'subnetpool': {'is_default': True, 'prefixes': ['10.1.0.0/20'], 'shared': True, 'default_prefixlen': 26, 'name': 'shared-default-subnetpool-v4'}} {{(pid=103126) prepare_request_body /opt/stack/neutron/neutron/api/v2/base.py:727}}
May 20 01:50:05.217446 np0000175161 devstack@neutron-api.service[103126]: DEBUG neutron.policy [None req-a9674bbe-9bc8-4b08-9735-27122755a597 admin admin] Loaded default policies from ['neutron'] under neutron.policies entry points {{(pid=103126) register_rules /opt/stack/neutron/neutron/policy.py:65}}
May 20 01:50:05.371210 np0000175161 devstack@neutron-api.service[103126]: DEBUG neutron_lib.callbacks.manager [None req-a9674bbe-9bc8-4b08-9735-27122755a597 admin admin] Publish callbacks ['neutron.objects.securitygroup.RbacNeutronDbObjectMixin.validate_rbac_policy_change-2140840138022', 'neutron.objects.address_group.RbacNeutronDbObjectMixin.validate_rbac_policy_change-2140840164473', 'neutron.objects.network.RbacNeutronDbObjectMixin.validate_rbac_policy_change-2140840174600', 'neutron.objects.qos.policy.RbacNeutronDbObjectMixin.validate_rbac_policy_change-2140840180483', 'neutron.objects.subnetpool.RbacNeutronDbObjectMixin.validate_rbac_policy_change-2140840069918', 'neutron.objects.address_scope.RbacNeutronDbObjectMixin.validate_rbac_policy_change-2140840068555', 'neutron.plugins.ml2.plugin.External_net_db_mixin._process_ext_policy_create-7385938', 'neutron.plugins.ml2.plugin.NeutronDbPluginV2.validate_network_rbac_policy_change-7366506'] for rbac-policy (None), before_create {{(pid=103126) _notify_loop /opt/stack/data/venv/lib/python3.12/site-packages/neutron_lib/callbacks/manager.py:184}}
May 20 01:50:05.421746 np0000175161 devstack@neutron-api.service[103126]: DEBUG neutron_lib.callbacks.manager [None req-a9674bbe-9bc8-4b08-9735-27122755a597 admin admin] Publish callbacks [] for subnetpool (None), before_response {{(pid=103126) _notify_loop /opt/stack/data/venv/lib/python3.12/site-packages/neutron_lib/callbacks/manager.py:184}}
May 20 01:50:05.422496 np0000175161 devstack@neutron-api.service[103126]: [pid: 103126|app: 0|req: 1/3] 199.204.45.223 () {68 vars in 1367 bytes} [Wed May 20 01:50:04 2026] POST /networking/v2.0/subnetpools => generated 533 bytes in 528 msecs (HTTP/1.1 201) 4 headers in 162 bytes (1 switches on core 0)
May 20 01:50:05.751707 np0000175161 devstack@neutron-api.service[103127]: DEBUG neutron.api.v2.base [None req-b5a1939d-958d-4678-bb96-060069d12807 admin admin] Request body: {'subnetpool': {'is_default': True, 'prefixes': ['fd7b:35dc:f97f::/56'], 'shared': True, 'default_prefixlen': 64, 'name': 'shared-default-subnetpool-v6'}} {{(pid=103127) prepare_request_body /opt/stack/neutron/neutron/api/v2/base.py:727}}
May 20 01:50:05.935077 np0000175161 devstack@neutron-api.service[103127]: DEBUG neutron.policy [None req-b5a1939d-958d-4678-bb96-060069d12807 admin admin] Loaded default policies from ['neutron'] under neutron.policies entry points {{(pid=103127) register_rules /opt/stack/neutron/neutron/policy.py:65}}
May 20 01:50:06.077086 np0000175161 devstack@neutron-api.service[103127]: DEBUG neutron_lib.callbacks.manager [None req-b5a1939d-958d-4678-bb96-060069d12807 admin admin] Publish callbacks ['neutron.objects.securitygroup.RbacNeutronDbObjectMixin.validate_rbac_policy_change-2140840322291', 'neutron.objects.address_group.RbacNeutronDbObjectMixin.validate_rbac_policy_change-2140840264591', 'neutron.objects.network.RbacNeutronDbObjectMixin.validate_rbac_policy_change-2140840161739', 'neutron.objects.qos.policy.RbacNeutronDbObjectMixin.validate_rbac_policy_change-2140840164477', 'neutron.objects.subnetpool.RbacNeutronDbObjectMixin.validate_rbac_policy_change-2140840152302', 'neutron.objects.address_scope.RbacNeutronDbObjectMixin.validate_rbac_policy_change-2140840112691', 'neutron.plugins.ml2.plugin.External_net_db_mixin._process_ext_policy_create-111446', 'neutron.plugins.ml2.plugin.NeutronDbPluginV2.validate_network_rbac_policy_change-28526'] for rbac-policy (None), before_create {{(pid=103127) _notify_loop /opt/stack/data/venv/lib/python3.12/site-packages/neutron_lib/callbacks/manager.py:184}}
May 20 01:50:06.115016 np0000175161 devstack@neutron-api.service[103127]: DEBUG neutron_lib.callbacks.manager [None req-b5a1939d-958d-4678-bb96-060069d12807 admin admin] Publish callbacks [] for subnetpool (None), before_response {{(pid=103127) _notify_loop /opt/stack/data/venv/lib/python3.12/site-packages/neutron_lib/callbacks/manager.py:184}}
May 20 01:50:06.115587 np0000175161 devstack@neutron-api.service[103127]: [pid: 103127|app: 0|req: 1/4] 199.204.45.223 () {68 vars in 1367 bytes} [Wed May 20 01:50:05 2026] POST /networking/v2.0/subnetpools => generated 543 bytes in 479 msecs (HTTP/1.1 201) 4 headers in 162 bytes (1 switches on core 0)
May 20 01:50:06.517753 np0000175161 devstack@neutron-api.service[103125]: DEBUG neutron.api.v2.base [None req-20218fc0-36d0-47e1-9ab6-a2aef228b4b4 admin admin] Request body: {'network': {'admin_state_up': True, 'name': 'private'}} {{(pid=103125) prepare_request_body /opt/stack/neutron/neutron/api/v2/base.py:727}}
May 20 01:50:06.548007 np0000175161 devstack@neutron-api.service[103125]: DEBUG neutron.pecan_wsgi.hooks.quota_enforcement [None req-20218fc0-36d0-47e1-9ab6-a2aef228b4b4 admin admin] Made reservation on behalf of c7ec713a52364d089c00613d449c052b for: {'network': 1} {{(pid=103125) before /opt/stack/neutron/neutron/pecan_wsgi/hooks/quota_enforcement.py:66}}
May 20 01:50:06.719760 np0000175161 devstack@neutron-api.service[103125]: DEBUG neutron.policy [None req-20218fc0-36d0-47e1-9ab6-a2aef228b4b4 admin admin] Loaded default policies from ['neutron'] under neutron.policies entry points {{(pid=103125) register_rules /opt/stack/neutron/neutron/policy.py:65}}
May 20 01:50:06.824551 np0000175161 devstack@neutron-api.service[103125]: DEBUG neutron_lib.callbacks.manager [None req-20218fc0-36d0-47e1-9ab6-a2aef228b4b4 admin admin] Publish callbacks ['neutron.plugins.ml2.plugin.SecurityGroupDbMixin._ensure_default_security_group_handler-979126'] for network (None), before_create {{(pid=103125) _notify_loop /opt/stack/data/venv/lib/python3.12/site-packages/neutron_lib/callbacks/manager.py:184}}
May 20 01:50:06.845145 np0000175161 devstack@neutron-api.service[103125]: DEBUG neutron_lib.callbacks.manager [None req-20218fc0-36d0-47e1-9ab6-a2aef228b4b4 admin admin] Publish callbacks [] for security_group (None), before_create {{(pid=103125) _notify_loop /opt/stack/data/venv/lib/python3.12/site-packages/neutron_lib/callbacks/manager.py:184}}
May 20 01:50:06.944854 np0000175161 devstack@neutron-api.service[103125]: DEBUG neutron_lib.callbacks.manager [None req-20218fc0-36d0-47e1-9ab6-a2aef228b4b4 admin admin] Publish callbacks ['neutron.plugins.ml2.drivers.ovn.mech_driver.mech_driver.OVNMechanismDriver._create_security_group_precommit-445011'] for security_group (d45a292b-2cd8-4b2c-a652-880c4368242b), precommit_create {{(pid=103125) _notify_loop /opt/stack/data/venv/lib/python3.12/site-packages/neutron_lib/callbacks/manager.py:184}}
May 20 01:50:06.945085 np0000175161 devstack@neutron-api.service[103125]: DEBUG neutron.db.ovn_revision_numbers_db [None req-20218fc0-36d0-47e1-9ab6-a2aef228b4b4 admin admin] create_initial_revision uuid=d45a292b-2cd8-4b2c-a652-880c4368242b, type=security_groups, rev=-1 {{(pid=103125) create_initial_revision /opt/stack/neutron/neutron/db/ovn_revision_numbers_db.py:98}}
May 20 01:50:06.947142 np0000175161 devstack@neutron-api.service[103125]: DEBUG neutron.db.ovn_revision_numbers_db [None req-20218fc0-36d0-47e1-9ab6-a2aef228b4b4 admin admin] create_initial_revision uuid=4bd7f2d4-7e84-4936-956c-7fcdfabc79a8, type=security_group_rules, rev=-1 {{(pid=103125) create_initial_revision /opt/stack/neutron/neutron/db/ovn_revision_numbers_db.py:98}}
May 20 01:50:06.948172 np0000175161 devstack@neutron-api.service[103125]: DEBUG neutron.db.ovn_revision_numbers_db [None req-20218fc0-36d0-47e1-9ab6-a2aef228b4b4 admin admin] create_initial_revision uuid=811e5a55-8985-4a4b-8e95-af500972b086, type=security_group_rules, rev=-1 {{(pid=103125) create_initial_revision /opt/stack/neutron/neutron/db/ovn_revision_numbers_db.py:98}}
May 20 01:50:06.949164 np0000175161 devstack@neutron-api.service[103125]: DEBUG neutron.db.ovn_revision_numbers_db [None req-20218fc0-36d0-47e1-9ab6-a2aef228b4b4 admin admin] create_initial_revision uuid=d13a6008-e46c-4b38-9243-5bf0470d9442, type=security_group_rules, rev=-1 {{(pid=103125) create_initial_revision /opt/stack/neutron/neutron/db/ovn_revision_numbers_db.py:98}}
May 20 01:50:06.950129 np0000175161 devstack@neutron-api.service[103125]: DEBUG neutron.db.ovn_revision_numbers_db [None req-20218fc0-36d0-47e1-9ab6-a2aef228b4b4 admin admin] create_initial_revision uuid=d17ee7f8-d112-415a-8b58-6bda3bb9ead8, type=security_group_rules, rev=-1 {{(pid=103125) create_initial_revision /opt/stack/neutron/neutron/db/ovn_revision_numbers_db.py:98}}
May 20 01:50:06.958422 np0000175161 devstack@neutron-api.service[103125]: DEBUG neutron_lib.callbacks.manager [None req-20218fc0-36d0-47e1-9ab6-a2aef228b4b4 admin admin] Publish callbacks ['neutron.plugins.ml2.drivers.ovn.mech_driver.mech_driver.OVNMechanismDriver._create_security_group-445033', 'neutron.plugins.ml2.ovo_rpc._ObjectChangeHandler.handle_event-2611739'] for security_group (d45a292b-2cd8-4b2c-a652-880c4368242b), after_create {{(pid=103125) _notify_loop /opt/stack/data/venv/lib/python3.12/site-packages/neutron_lib/callbacks/manager.py:184}}
May 20 01:50:06.958741 np0000175161 devstack@neutron-api.service[103125]: INFO neutron.plugins.ml2.drivers.ovn.mech_driver.ovsdb.extensions.qos [None req-20218fc0-36d0-47e1-9ab6-a2aef228b4b4 admin admin] Starting OVNClientQosExtension
May 20 01:50:06.958901 np0000175161 devstack@neutron-api.service[103125]: INFO neutron.plugins.ml2.drivers.ovn.mech_driver.ovsdb.extensions.placement [None req-20218fc0-36d0-47e1-9ab6-a2aef228b4b4 admin admin] Starting OVNClientPlacementExtension
May 20 01:50:06.960411 np0000175161 devstack@neutron-api.service[103125]: DEBUG ovsdbapp.backend.ovs_idl.transaction [-] Running txn n=1 command(idx=0): PgAddCommand(_result=None, name=pg_d45a292b_2cd8_4b2c_a652_880c4368242b, may_exist=False, columns={'acls': [], 'external_ids': {'neutron:security_group_id': 'd45a292b-2cd8-4b2c-a652-880c4368242b'}}) {{(pid=103125) do_commit /opt/stack/data/venv/lib/python3.12/site-packages/ovsdbapp/backend/ovs_idl/transaction.py:89}}
May 20 01:50:06.963289 np0000175161 devstack@neutron-api.service[103125]: DEBUG ovsdbapp.backend.ovs_idl.transaction [-] Running txn n=1 command(idx=1): PgAclAddCommand(_result=None, entity=pg_d45a292b_2cd8_4b2c_a652_880c4368242b, direction=to-lport, priority=1002, match=outport == @pg_d45a292b_2cd8_4b2c_a652_880c4368242b && ip6 && ip6.src == $pg_d45a292b_2cd8_4b2c_a652_880c4368242b_ip6, action=allow-related, log=False, may_exist=True, severity=[], name=[], meter=[], external_ids={'neutron:security_group_rule_id': '4bd7f2d4-7e84-4936-956c-7fcdfabc79a8'}) {{(pid=103125) do_commit /opt/stack/data/venv/lib/python3.12/site-packages/ovsdbapp/backend/ovs_idl/transaction.py:89}}
May 20 01:50:06.964055 np0000175161 devstack@neutron-api.service[103125]: DEBUG ovsdbapp.backend.ovs_idl.transaction [-] Running txn n=1 command(idx=2): PgAclAddCommand(_result=None, entity=pg_d45a292b_2cd8_4b2c_a652_880c4368242b, direction=from-lport, priority=1002, match=inport == @pg_d45a292b_2cd8_4b2c_a652_880c4368242b && ip6, action=allow-related, log=False, may_exist=True, severity=[], name=[], meter=[], external_ids={'neutron:security_group_rule_id': '811e5a55-8985-4a4b-8e95-af500972b086'}) {{(pid=103125) do_commit /opt/stack/data/venv/lib/python3.12/site-packages/ovsdbapp/backend/ovs_idl/transaction.py:89}}
May 20 01:50:06.964564 np0000175161 devstack@neutron-api.service[103125]: DEBUG ovsdbapp.backend.ovs_idl.transaction [-] Running txn n=1 command(idx=3): PgAclAddCommand(_result=None, entity=pg_d45a292b_2cd8_4b2c_a652_880c4368242b, direction=from-lport, priority=1002, match=inport == @pg_d45a292b_2cd8_4b2c_a652_880c4368242b && ip4, action=allow-related, log=False, may_exist=True, severity=[], name=[], meter=[], external_ids={'neutron:security_group_rule_id': 'd13a6008-e46c-4b38-9243-5bf0470d9442'}) {{(pid=103125) do_commit /opt/stack/data/venv/lib/python3.12/site-packages/ovsdbapp/backend/ovs_idl/transaction.py:89}}
May 20 01:50:06.965046 np0000175161 devstack@neutron-api.service[103125]: DEBUG ovsdbapp.backend.ovs_idl.transaction [-] Running txn n=1 command(idx=4): PgAclAddCommand(_result=None, entity=pg_d45a292b_2cd8_4b2c_a652_880c4368242b, direction=to-lport, priority=1002, match=outport == @pg_d45a292b_2cd8_4b2c_a652_880c4368242b && ip4 && ip4.src == $pg_d45a292b_2cd8_4b2c_a652_880c4368242b_ip4, action=allow-related, log=False, may_exist=True, severity=[], name=[], meter=[], external_ids={'neutron:security_group_rule_id': 'd17ee7f8-d112-415a-8b58-6bda3bb9ead8'}) {{(pid=103125) do_commit /opt/stack/data/venv/lib/python3.12/site-packages/ovsdbapp/backend/ovs_idl/transaction.py:89}}
May 20 01:50:06.971023 np0000175161 devstack@neutron-api.service[103125]: DEBUG neutron.plugins.ml2.drivers.ovn.mech_driver.ovsdb.ovsdb_monitor [-] Hash Ring: Node d9e05d8b2ba3545b864003874996682c (host: np0000175161) handling event "create" for row 7bc2e568-237a-4a08-a81f-ba2941296f62 (table: ACL) {{(pid=103125) notify /opt/stack/neutron/neutron/plugins/ml2/drivers/ovn/mech_driver/ovsdb/ovsdb_monitor.py:942}}
May 20 01:50:06.972491 np0000175161 devstack@neutron-api.service[103124]: DEBUG neutron.plugins.ml2.drivers.ovn.mech_driver.ovsdb.ovsdb_monitor [-] Hash Ring: Node 40b5e9dcd08152dd8b71c6fef99b337c (host: np0000175161) handling event "create" for row 28a16922-f7b7-4fa1-baf4-9fdc44323c12 (table: ACL) {{(pid=103124) notify /opt/stack/neutron/neutron/plugins/ml2/drivers/ovn/mech_driver/ovsdb/ovsdb_monitor.py:942}}
May 20 01:50:06.972777 np0000175161 devstack@neutron-api.service[103124]: DEBUG neutron.plugins.ml2.drivers.ovn.mech_driver.ovsdb.ovsdb_monitor [-] Hash Ring: Node 40b5e9dcd08152dd8b71c6fef99b337c (host: np0000175161) handling event "create" for row 7bc2e568-237a-4a08-a81f-ba2941296f62 (table: ACL) {{(pid=103124) notify /opt/stack/neutron/neutron/plugins/ml2/drivers/ovn/mech_driver/ovsdb/ovsdb_monitor.py:942}}
May 20 01:50:06.972869 np0000175161 devstack@neutron-api.service[103124]: DEBUG neutron.plugins.ml2.drivers.ovn.mech_driver.ovsdb.ovsdb_monitor [-] Hash Ring: Node 40b5e9dcd08152dd8b71c6fef99b337c (host: np0000175161) handling event "create" for row 9377f4aa-a970-42fc-affb-1ff90d275a1e (table: ACL) {{(pid=103124) notify /opt/stack/neutron/neutron/plugins/ml2/drivers/ovn/mech_driver/ovsdb/ovsdb_monitor.py:942}}
May 20 01:50:06.973068 np0000175161 devstack@neutron-api.service[103124]: DEBUG neutron.plugins.ml2.drivers.ovn.mech_driver.ovsdb.ovsdb_monitor [-] Hash Ring: Node 40b5e9dcd08152dd8b71c6fef99b337c (host: np0000175161) handling event "create" for row eef54bbd-6f6b-4010-b847-799714427a03 (table: ACL) {{(pid=103124) notify /opt/stack/neutron/neutron/plugins/ml2/drivers/ovn/mech_driver/ovsdb/ovsdb_monitor.py:942}}
May 20 01:50:06.973241 np0000175161 devstack@neutron-api.service[103124]: DEBUG neutron.plugins.ml2.drivers.ovn.mech_driver.ovsdb.ovsdb_monitor [-] Hash Ring: Node 40b5e9dcd08152dd8b71c6fef99b337c (host: np0000175161) handling event "create" for row 19cc0bdd-e0eb-4e79-a300-ae351291600c (table: Port_Group) {{(pid=103124) notify /opt/stack/neutron/neutron/plugins/ml2/drivers/ovn/mech_driver/ovsdb/ovsdb_monitor.py:942}}
May 20 01:50:06.974853 np0000175161 devstack@neutron-api.service[103127]: DEBUG neutron.plugins.ml2.drivers.ovn.mech_driver.ovsdb.ovsdb_monitor [-] Hash Ring: Node 051141b446db54e9a70be1f66c2873f3 (host: np0000175161) handling event "create" for row 28a16922-f7b7-4fa1-baf4-9fdc44323c12 (table: ACL) {{(pid=103127) notify /opt/stack/neutron/neutron/plugins/ml2/drivers/ovn/mech_driver/ovsdb/ovsdb_monitor.py:942}}
May 20 01:50:06.975153 np0000175161 devstack@neutron-api.service[103127]: DEBUG neutron.plugins.ml2.drivers.ovn.mech_driver.ovsdb.ovsdb_monitor [-] Hash Ring: Node 051141b446db54e9a70be1f66c2873f3 (host: np0000175161) handling event "create" for row 19cc0bdd-e0eb-4e79-a300-ae351291600c (table: Port_Group) {{(pid=103127) notify /opt/stack/neutron/neutron/plugins/ml2/drivers/ovn/mech_driver/ovsdb/ovsdb_monitor.py:942}}
May 20 01:50:06.975648 np0000175161 devstack@neutron-api.service[103126]: DEBUG neutron.plugins.ml2.drivers.ovn.mech_driver.ovsdb.ovsdb_monitor [-] Hash Ring: Node 5a1db5b8f7305635816f505667f557a9 (host: np0000175161) handling event "create" for row eef54bbd-6f6b-4010-b847-799714427a03 (table: ACL) {{(pid=103126) notify /opt/stack/neutron/neutron/plugins/ml2/drivers/ovn/mech_driver/ovsdb/ovsdb_monitor.py:942}}
May 20 01:50:07.000573 np0000175161 devstack@neutron-api.service[103125]: INFO neutron.db.ovn_revision_numbers_db [None req-20218fc0-36d0-47e1-9ab6-a2aef228b4b4 admin admin] Successfully bumped revision number for resource d45a292b-2cd8-4b2c-a652-880c4368242b (type: security_groups) to 1
May 20 01:50:07.018159 np0000175161 devstack@neutron-api.service[103125]: INFO neutron.db.ovn_revision_numbers_db [None req-20218fc0-36d0-47e1-9ab6-a2aef228b4b4 admin admin] Successfully bumped revision number for resource 4bd7f2d4-7e84-4936-956c-7fcdfabc79a8 (type: security_group_rules) to 0
May 20 01:50:07.030769 np0000175161 devstack@neutron-api.service[103125]: INFO neutron.db.ovn_revision_numbers_db [None req-20218fc0-36d0-47e1-9ab6-a2aef228b4b4 admin admin] Successfully bumped revision number for resource 811e5a55-8985-4a4b-8e95-af500972b086 (type: security_group_rules) to 0
May 20 01:50:07.044574 np0000175161 devstack@neutron-api.service[103125]: INFO neutron.db.ovn_revision_numbers_db [None req-20218fc0-36d0-47e1-9ab6-a2aef228b4b4 admin admin] Successfully bumped revision number for resource d13a6008-e46c-4b38-9243-5bf0470d9442 (type: security_group_rules) to 0
May 20 01:50:07.057307 np0000175161 devstack@neutron-api.service[103125]: INFO neutron.db.ovn_revision_numbers_db [None req-20218fc0-36d0-47e1-9ab6-a2aef228b4b4 admin admin] Successfully bumped revision number for resource d17ee7f8-d112-415a-8b58-6bda3bb9ead8 (type: security_group_rules) to 0
May 20 01:50:07.085366 np0000175161 devstack@neutron-api.service[103125]: DEBUG neutron.api.rpc.handlers.resources_rpc [None req-20218fc0-36d0-47e1-9ab6-a2aef228b4b4 admin admin] Pushing event updated for resources: {'SecurityGroup': ['ID=d45a292b-2cd8-4b2c-a652-880c4368242b,revision_number=1']} {{(pid=103125) push /opt/stack/neutron/neutron/api/rpc/handlers/resources_rpc.py:237}}
May 20 01:50:07.094139 np0000175161 devstack@neutron-api.service[103125]: DEBUG ovsdbapp.backend.ovs_idl.transaction [-] Running txn n=1 command(idx=0): CheckLivenessCommand(_result=None) {{(pid=103125) do_commit /opt/stack/data/venv/lib/python3.12/site-packages/ovsdbapp/backend/ovs_idl/transaction.py:89}}
May 20 01:50:07.098288 np0000175161 devstack@neutron-api.service[103124]: DEBUG neutron.plugins.ml2.drivers.ovn.mech_driver.ovsdb.ovsdb_monitor [-] Hash Ring: Node 40b5e9dcd08152dd8b71c6fef99b337c (host: np0000175161) handling event "update" for row d4649ddf-2c24-4e34-8d2b-2d9d8e691037 (table: NB_Global) {{(pid=103124) notify /opt/stack/neutron/neutron/plugins/ml2/drivers/ovn/mech_driver/ovsdb/ovsdb_monitor.py:942}}
May 20 01:50:07.100149 np0000175161 devstack@neutron-api.service[103124]: DEBUG neutron.plugins.ml2.drivers.ovn.mech_driver.ovsdb.ovsdb_monitor [-] Hash Ring: Node 40b5e9dcd08152dd8b71c6fef99b337c (host: np0000175161) handling event "update" for row d4649ddf-2c24-4e34-8d2b-2d9d8e691037 (table: NB_Global) {{(pid=103124) notify /opt/stack/neutron/neutron/plugins/ml2/drivers/ovn/mech_driver/ovsdb/ovsdb_monitor.py:942}}
May 20 01:50:07.102415 np0000175161 devstack@neutron-api.service[103127]: DEBUG neutron.plugins.ml2.drivers.ovn.mech_driver.ovsdb.ovsdb_monitor [-] Hash Ring: Node 051141b446db54e9a70be1f66c2873f3 (host: np0000175161) handling event "update" for row d4649ddf-2c24-4e34-8d2b-2d9d8e691037 (table: NB_Global) {{(pid=103127) notify /opt/stack/neutron/neutron/plugins/ml2/drivers/ovn/mech_driver/ovsdb/ovsdb_monitor.py:942}}
May 20 01:50:07.102821 np0000175161 devstack@neutron-api.service[103124]: DEBUG neutron.plugins.ml2.drivers.ovn.mech_driver.ovsdb.ovsdb_monitor [-] Hash Ring: Node 40b5e9dcd08152dd8b71c6fef99b337c (host: np0000175161) handling event "update" for row d4649ddf-2c24-4e34-8d2b-2d9d8e691037 (table: NB_Global) {{(pid=103124) notify /opt/stack/neutron/neutron/plugins/ml2/drivers/ovn/mech_driver/ovsdb/ovsdb_monitor.py:942}}
May 20 01:50:07.103016 np0000175161 devstack@neutron-api.service[103125]: DEBUG neutron.api.rpc.callbacks.version_manager [None req-20218fc0-36d0-47e1-9ab6-a2aef228b4b4 admin admin] Tracked resource versions report:
May 20 01:50:07.103016 np0000175161 devstack@neutron-api.service[103125]: pushed versions:
May 20 01:50:07.103016 np0000175161 devstack@neutron-api.service[103125]: { 'AddressGroup': {'1.2'},
May 20 01:50:07.103016 np0000175161 devstack@neutron-api.service[103125]: 'Agent': {'1.1'},
May 20 01:50:07.103016 np0000175161 devstack@neutron-api.service[103125]: 'ConntrackHelper': {'1.0'},
May 20 01:50:07.103016 np0000175161 devstack@neutron-api.service[103125]: 'LocalIPAssociation': {'1.0'},
May 20 01:50:07.103016 np0000175161 devstack@neutron-api.service[103125]: 'Log': {'1.0'},
May 20 01:50:07.103016 np0000175161 devstack@neutron-api.service[103125]: 'NDPProxy': {'1.0'},
May 20 01:50:07.103016 np0000175161 devstack@neutron-api.service[103125]: 'Network': {'1.2'},
May 20 01:50:07.103016 np0000175161 devstack@neutron-api.service[103125]: 'Port': {'1.10'},
May 20 01:50:07.103016 np0000175161 devstack@neutron-api.service[103125]: 'PortForwarding': {'1.3'},
May 20 01:50:07.103016 np0000175161 devstack@neutron-api.service[103125]: 'QosPolicy': {'1.10'},
May 20 01:50:07.103016 np0000175161 devstack@neutron-api.service[103125]: 'SecurityGroup': {'1.6'},
May 20 01:50:07.103016 np0000175161 devstack@neutron-api.service[103125]: 'SecurityGroupRule': {'1.3'},
May 20 01:50:07.103016 np0000175161 devstack@neutron-api.service[103125]: 'SubPort': {'1.0'},
May 20 01:50:07.103016 np0000175161 devstack@neutron-api.service[103125]: 'Subnet': {'1.2'},
May 20 01:50:07.103016 np0000175161 devstack@neutron-api.service[103125]: 'Trunk': {'1.1'}}
May 20 01:50:07.103016 np0000175161 devstack@neutron-api.service[103125]: consumer versions:
May 20 01:50:07.103016 np0000175161 devstack@neutron-api.service[103125]: {}
May 20 01:50:07.103016 np0000175161 devstack@neutron-api.service[103125]: {{(pid=103125) report /opt/stack/neutron/neutron/api/rpc/callbacks/version_manager.py:183}}
May 20 01:50:07.104040 np0000175161 devstack@neutron-api.service[103127]: DEBUG neutron.plugins.ml2.drivers.ovn.mech_driver.ovsdb.ovsdb_monitor [-] Hash Ring: Node 051141b446db54e9a70be1f66c2873f3 (host: np0000175161) handling event "update" for row d4649ddf-2c24-4e34-8d2b-2d9d8e691037 (table: NB_Global) {{(pid=103127) notify /opt/stack/neutron/neutron/plugins/ml2/drivers/ovn/mech_driver/ovsdb/ovsdb_monitor.py:942}}
May 20 01:50:07.104179 np0000175161 devstack@neutron-api.service[103124]: DEBUG neutron.plugins.ml2.drivers.ovn.mech_driver.ovsdb.ovsdb_monitor [-] ChassisAgentWriteEvent : Matched Chassis_Private, update, None None {{(pid=103124) matches /opt/stack/neutron/neutron/plugins/ml2/drivers/ovn/mech_driver/ovsdb/ovsdb_monitor.py:64}}
May 20 01:50:07.104303 np0000175161 devstack@neutron-api.service[103126]: DEBUG neutron.plugins.ml2.drivers.ovn.mech_driver.ovsdb.ovsdb_monitor [-] ChassisAgentWriteEvent : Matched Chassis_Private, update, None None {{(pid=103126) matches /opt/stack/neutron/neutron/plugins/ml2/drivers/ovn/mech_driver/ovsdb/ovsdb_monitor.py:64}}
May 20 01:50:07.104448 np0000175161 devstack@neutron-api.service[103127]: DEBUG neutron.plugins.ml2.drivers.ovn.mech_driver.ovsdb.ovsdb_monitor [-] ChassisAgentWriteEvent : Matched Chassis_Private, update, None None {{(pid=103127) matches /opt/stack/neutron/neutron/plugins/ml2/drivers/ovn/mech_driver/ovsdb/ovsdb_monitor.py:64}}
May 20 01:50:07.104591 np0000175161 devstack@neutron-api.service[103124]: DEBUG neutron.plugins.ml2.drivers.ovn.mech_driver.ovsdb.ovsdb_monitor [-] Hash Ring: Node 40b5e9dcd08152dd8b71c6fef99b337c (host: np0000175161) handling event "update" for row d4649ddf-2c24-4e34-8d2b-2d9d8e691037 (table: NB_Global) {{(pid=103124) notify /opt/stack/neutron/neutron/plugins/ml2/drivers/ovn/mech_driver/ovsdb/ovsdb_monitor.py:942}}
May 20 01:50:07.105065 np0000175161 devstack@neutron-api.service[103127]: DEBUG neutron.plugins.ml2.drivers.ovn.mech_driver.ovsdb.ovsdb_monitor [-] Hash Ring: Node 051141b446db54e9a70be1f66c2873f3 (host: np0000175161) handling event "update" for row d4649ddf-2c24-4e34-8d2b-2d9d8e691037 (table: NB_Global) {{(pid=103127) notify /opt/stack/neutron/neutron/plugins/ml2/drivers/ovn/mech_driver/ovsdb/ovsdb_monitor.py:942}}
May 20 01:50:07.105822 np0000175161 devstack@neutron-api.service[103127]: DEBUG neutron.plugins.ml2.drivers.ovn.mech_driver.ovsdb.ovsdb_monitor [-] Hash Ring: Node 051141b446db54e9a70be1f66c2873f3 (host: np0000175161) handling event "update" for row d4649ddf-2c24-4e34-8d2b-2d9d8e691037 (table: NB_Global) {{(pid=103127) notify /opt/stack/neutron/neutron/plugins/ml2/drivers/ovn/mech_driver/ovsdb/ovsdb_monitor.py:942}}
May 20 01:50:07.106926 np0000175161 devstack@neutron-api.service[103127]: DEBUG neutron.plugins.ml2.drivers.ovn.mech_driver.ovsdb.ovsdb_monitor [-] ChassisOVNAgentWriteEvent : Matched Chassis_Private, update, None None {{(pid=103127) matches /opt/stack/neutron/neutron/plugins/ml2/drivers/ovn/mech_driver/ovsdb/ovsdb_monitor.py:64}}
May 20 01:50:07.107425 np0000175161 devstack@neutron-api.service[103126]: DEBUG neutron.plugins.ml2.drivers.ovn.mech_driver.ovsdb.ovsdb_monitor [-] ChassisOVNAgentWriteEvent : Matched Chassis_Private, update, None None {{(pid=103126) matches /opt/stack/neutron/neutron/plugins/ml2/drivers/ovn/mech_driver/ovsdb/ovsdb_monitor.py:64}}
May 20 01:50:07.108676 np0000175161 devstack@neutron-api.service[103125]: DEBUG neutron.plugins.ml2.drivers.ovn.mech_driver.ovsdb.ovsdb_monitor [-] ChassisAgentWriteEvent : Matched Chassis_Private, update, None None {{(pid=103125) matches /opt/stack/neutron/neutron/plugins/ml2/drivers/ovn/mech_driver/ovsdb/ovsdb_monitor.py:64}}
May 20 01:50:07.109684 np0000175161 devstack@neutron-api.service[103124]: DEBUG neutron.common.ovn.hash_ring_manager [-] Allow caching, nodes 4>=4 {{(pid=103124) _wait_startup_before_caching /opt/stack/neutron/neutron/common/ovn/hash_ring_manager.py:65}}
May 20 01:50:07.109860 np0000175161 devstack@neutron-api.service[103124]: DEBUG neutron.plugins.ml2.drivers.ovn.mech_driver.ovsdb.ovsdb_monitor [-] Hash Ring: Node 40b5e9dcd08152dd8b71c6fef99b337c (host: np0000175161) handling event "update" for row 204bba8b-5c81-4eb0-93ea-0017eab8ed83 (table: Chassis_Private) {{(pid=103124) notify /opt/stack/neutron/neutron/plugins/ml2/drivers/ovn/mech_driver/ovsdb/ovsdb_monitor.py:942}}
May 20 01:50:07.110908 np0000175161 devstack@neutron-api.service[103124]: DEBUG neutron.plugins.ml2.drivers.ovn.mech_driver.ovsdb.ovsdb_monitor [-] ChassisOVNAgentWriteEvent : Matched Chassis_Private, update, None None {{(pid=103124) matches /opt/stack/neutron/neutron/plugins/ml2/drivers/ovn/mech_driver/ovsdb/ovsdb_monitor.py:64}}
May 20 01:50:07.111205 np0000175161 devstack@neutron-api.service[103124]: DEBUG neutron.plugins.ml2.drivers.ovn.mech_driver.ovsdb.ovsdb_monitor [-] Hash Ring: Node 40b5e9dcd08152dd8b71c6fef99b337c (host: np0000175161) handling event "update" for row 204bba8b-5c81-4eb0-93ea-0017eab8ed83 (table: Chassis_Private) {{(pid=103124) notify /opt/stack/neutron/neutron/plugins/ml2/drivers/ovn/mech_driver/ovsdb/ovsdb_monitor.py:942}}
May 20 01:50:07.111852 np0000175161 devstack@neutron-api.service[103125]: DEBUG neutron.plugins.ml2.drivers.ovn.mech_driver.ovsdb.ovsdb_monitor [-] ChassisOVNAgentWriteEvent : Matched Chassis_Private, update, None None {{(pid=103125) matches /opt/stack/neutron/neutron/plugins/ml2/drivers/ovn/mech_driver/ovsdb/ovsdb_monitor.py:64}}
May 20 01:50:07.168841 np0000175161 devstack@neutron-api.service[103125]: DEBUG neutron.plugins.ml2.drivers.helpers [None req-20218fc0-36d0-47e1-9ab6-a2aef228b4b4 admin admin] geneve segment allocate from pool success with {'geneve_vni': 23351} {{(pid=103125) allocate_partially_specified_segment /opt/stack/neutron/neutron/plugins/ml2/drivers/helpers.py:142}}
May 20 01:50:07.183018 np0000175161 devstack@neutron-api.service[103125]: DEBUG neutron_lib.callbacks.manager [None req-20218fc0-36d0-47e1-9ab6-a2aef228b4b4 admin admin] Publish callbacks ['neutron.services.segments.db._add_segment_host_mapping_for_segment-8554655825100', 'neutron.plugins.ml2.plugin.Ml2Plugin._handle_segment_change-192362'] for segment (a825edce-9ec5-4760-83e8-8e85590f3a41), precommit_create {{(pid=103125) _notify_loop /opt/stack/data/venv/lib/python3.12/site-packages/neutron_lib/callbacks/manager.py:184}}
May 20 01:50:07.183230 np0000175161 devstack@neutron-api.service[103125]: INFO neutron.db.segments_db [None req-20218fc0-36d0-47e1-9ab6-a2aef228b4b4 admin admin] Added segment a825edce-9ec5-4760-83e8-8e85590f3a41 of type geneve for network ac144007-b5bb-446e-b65b-c9e270335f4c
May 20 01:50:07.233768 np0000175161 devstack@neutron-api.service[103125]: DEBUG neutron_lib.callbacks.manager [None req-20218fc0-36d0-47e1-9ab6-a2aef228b4b4 admin admin] Publish callbacks ['neutron.services.auto_allocate.db._ensure_external_network_default_value_callback-8554654584876'] for network (ac144007-b5bb-446e-b65b-c9e270335f4c), precommit_create {{(pid=103125) _notify_loop /opt/stack/data/venv/lib/python3.12/site-packages/neutron_lib/callbacks/manager.py:184}}
May 20 01:50:07.251359 np0000175161 devstack@neutron-api.service[103125]: DEBUG neutron.plugins.ml2.drivers.ovn.mech_driver.mech_driver [None req-20218fc0-36d0-47e1-9ab6-a2aef228b4b4 admin admin] Validating network segment with type geneve, segmentation ID 23351, physical network None {{(pid=103125) _validate_network_segments /opt/stack/neutron/neutron/plugins/ml2/drivers/ovn/mech_driver/mech_driver.py:641}}
May 20 01:50:07.251579 np0000175161 devstack@neutron-api.service[103125]: DEBUG neutron.db.ovn_revision_numbers_db [None req-20218fc0-36d0-47e1-9ab6-a2aef228b4b4 admin admin] create_initial_revision uuid=ac144007-b5bb-446e-b65b-c9e270335f4c, type=networks, rev=-1 {{(pid=103125) create_initial_revision /opt/stack/neutron/neutron/db/ovn_revision_numbers_db.py:98}}
May 20 01:50:07.269500 np0000175161 devstack@neutron-api.service[103125]: DEBUG neutron_lib.callbacks.manager [None req-20218fc0-36d0-47e1-9ab6-a2aef228b4b4 admin admin] Publish callbacks ['neutron.plugins.ml2.ovo_rpc._ObjectChangeHandler.handle_event-2612196'] for network (ac144007-b5bb-446e-b65b-c9e270335f4c), after_create {{(pid=103125) _notify_loop /opt/stack/data/venv/lib/python3.12/site-packages/neutron_lib/callbacks/manager.py:184}}
May 20 01:50:07.316087 np0000175161 devstack@neutron-api.service[103125]: DEBUG neutron.api.rpc.handlers.resources_rpc [None req-20218fc0-36d0-47e1-9ab6-a2aef228b4b4 admin admin] Pushing event updated for resources: {'Network': ['ID=ac144007-b5bb-446e-b65b-c9e270335f4c,revision_number=1']} {{(pid=103125) push /opt/stack/neutron/neutron/api/rpc/handlers/resources_rpc.py:237}}
May 20 01:50:07.325486 np0000175161 devstack@neutron-api.service[103125]: DEBUG ovsdbapp.backend.ovs_idl.transaction [-] Running txn n=1 command(idx=0): AddNetworkCommand(_result=None, network_uuid=ac144007-b5bb-446e-b65b-c9e270335f4c, may_exist=True, columns={'external_ids': {'neutron:network_name': 'private', 'neutron:mtu': '1372', 'neutron:revision_number': '1', 'neutron:availability_zone_hints': '', 'neutron:provnet-network-type': 'geneve'}, 'other_config': {'mcast_snoop': 'false', 'mcast_flood_unregistered': 'false', 'vlan-passthru': 'false'}}) {{(pid=103125) do_commit /opt/stack/data/venv/lib/python3.12/site-packages/ovsdbapp/backend/ovs_idl/transaction.py:89}}
May 20 01:50:07.326288 np0000175161 devstack@neutron-api.service[103125]: DEBUG neutron.common.ovn.utils [-] OVS persist_uuid supported=True {{(pid=103125) ovs_persist_uuid_supported /opt/stack/neutron/neutron/common/ovn/utils.py:1537}}
May 20 01:50:07.330899 np0000175161 devstack@neutron-api.service[103126]: DEBUG neutron.plugins.ml2.drivers.ovn.mech_driver.ovsdb.ovsdb_monitor [-] Hash Ring: Node 5a1db5b8f7305635816f505667f557a9 (host: np0000175161) handling event "create" for row ac144007-b5bb-446e-b65b-c9e270335f4c (table: Logical_Switch) {{(pid=103126) notify /opt/stack/neutron/neutron/plugins/ml2/drivers/ovn/mech_driver/ovsdb/ovsdb_monitor.py:942}}
May 20 01:50:07.333131 np0000175161 devstack@neutron-api.service[103124]: DEBUG neutron.plugins.ml2.drivers.ovn.mech_driver.ovsdb.ovsdb_monitor [-] Hash Ring: Node 40b5e9dcd08152dd8b71c6fef99b337c (host: np0000175161) handling event "create" for row ac144007-b5bb-446e-b65b-c9e270335f4c (table: Logical_Switch) {{(pid=103124) notify /opt/stack/neutron/neutron/plugins/ml2/drivers/ovn/mech_driver/ovsdb/ovsdb_monitor.py:942}}
May 20 01:50:07.339802 np0000175161 devstack@neutron-api.service[103124]: DEBUG neutron.plugins.ml2.drivers.ovn.mech_driver.ovsdb.ovsdb_monitor [-] Hash Ring: Node 40b5e9dcd08152dd8b71c6fef99b337c (host: np0000175161) handling event "create" for row 3f43a92b-ac4b-451f-80c7-e16d39dffda6 (table: Datapath_Binding) {{(pid=103124) notify /opt/stack/neutron/neutron/plugins/ml2/drivers/ovn/mech_driver/ovsdb/ovsdb_monitor.py:942}}
May 20 01:50:07.340420 np0000175161 devstack@neutron-api.service[103126]: DEBUG neutron.plugins.ml2.drivers.ovn.mech_driver.ovsdb.ovsdb_monitor [-] Hash Ring: Node 5a1db5b8f7305635816f505667f557a9 (host: np0000175161) handling event "create" for row 3f43a92b-ac4b-451f-80c7-e16d39dffda6 (table: Datapath_Binding) {{(pid=103126) notify /opt/stack/neutron/neutron/plugins/ml2/drivers/ovn/mech_driver/ovsdb/ovsdb_monitor.py:942}}
May 20 01:50:07.367126 np0000175161 devstack@neutron-api.service[103125]: INFO neutron.db.ovn_revision_numbers_db [None req-20218fc0-36d0-47e1-9ab6-a2aef228b4b4 admin admin] Successfully bumped revision number for resource ac144007-b5bb-446e-b65b-c9e270335f4c (type: networks) to 1
May 20 01:50:07.441215 np0000175161 devstack@neutron-api.service[103125]: DEBUG neutron_lib.callbacks.manager [None req-20218fc0-36d0-47e1-9ab6-a2aef228b4b4 admin admin] Publish callbacks ['neutron.plugins.ml2.plugin.SecurityGroupDbMixin._ensure_default_security_group_handler-979126'] for port (None), before_create {{(pid=103125) _notify_loop /opt/stack/data/venv/lib/python3.12/site-packages/neutron_lib/callbacks/manager.py:184}}
May 20 01:50:07.562755 np0000175161 devstack@neutron-api.service[103125]: DEBUG neutron_lib.callbacks.manager [None req-20218fc0-36d0-47e1-9ab6-a2aef228b4b4 admin admin] Publish callbacks ['neutron.plugins.ml2.drivers.ovn.mech_driver.mech_driver.OVNMechanismDriver._validate_allowed_address_pairs-445403'] for allowed_address_pair (0123f366-1569-46c5-bacd-8ecd761d54eb), before_create {{(pid=103125) _notify_loop /opt/stack/data/venv/lib/python3.12/site-packages/neutron_lib/callbacks/manager.py:184}}
May 20 01:50:07.563467 np0000175161 devstack@neutron-api.service[103125]: DEBUG neutron_lib.callbacks.manager [None req-20218fc0-36d0-47e1-9ab6-a2aef228b4b4 admin admin] Publish callbacks [] for port (0123f366-1569-46c5-bacd-8ecd761d54eb), precommit_create {{(pid=103125) _notify_loop /opt/stack/data/venv/lib/python3.12/site-packages/neutron_lib/callbacks/manager.py:184}}
May 20 01:50:07.564150 np0000175161 devstack@neutron-api.service[103125]: DEBUG neutron.plugins.ml2.drivers.ovn.mech_driver.mech_driver [None req-20218fc0-36d0-47e1-9ab6-a2aef228b4b4 admin admin] No provisioning block for port 0123f366-1569-46c5-bacd-8ecd761d54eb since it does not have a host {{(pid=103125) _is_port_provisioning_required /opt/stack/neutron/neutron/plugins/ml2/drivers/ovn/mech_driver/mech_driver.py:894}}
May 20 01:50:07.564813 np0000175161 devstack@neutron-api.service[103125]: DEBUG neutron.db.ovn_revision_numbers_db [None req-20218fc0-36d0-47e1-9ab6-a2aef228b4b4 admin admin] create_initial_revision uuid=0123f366-1569-46c5-bacd-8ecd761d54eb, type=ports, rev=-1 {{(pid=103125) create_initial_revision /opt/stack/neutron/neutron/db/ovn_revision_numbers_db.py:98}}
May 20 01:50:07.639722 np0000175161 devstack@neutron-api.service[103125]: DEBUG neutron_lib.callbacks.manager [None req-20218fc0-36d0-47e1-9ab6-a2aef228b4b4 admin admin] Publish callbacks ['neutron.plugins.ml2.ovo_rpc._ObjectChangeHandler.handle_event-2611735'] for port (0123f366-1569-46c5-bacd-8ecd761d54eb), after_create {{(pid=103125) _notify_loop /opt/stack/data/venv/lib/python3.12/site-packages/neutron_lib/callbacks/manager.py:184}}
May 20 01:50:08.031220 np0000175161 devstack@neutron-api.service[103125]: DEBUG neutron.api.rpc.handlers.resources_rpc [None req-20218fc0-36d0-47e1-9ab6-a2aef228b4b4 admin admin] Pushing event updated for resources: {'Port': ['ID=0123f366-1569-46c5-bacd-8ecd761d54eb,revision_number=1']} {{(pid=103125) push /opt/stack/neutron/neutron/api/rpc/handlers/resources_rpc.py:237}}
May 20 01:50:08.074808 np0000175161 devstack@neutron-api.service[103125]: DEBUG ovsdbapp.backend.ovs_idl.transaction [-] Running txn n=1 command(idx=0): AddLSwitchPortCommand(_result=None, lport=0123f366-1569-46c5-bacd-8ecd761d54eb, lswitch=neutron-ac144007-b5bb-446e-b65b-c9e270335f4c, may_exist=True, network_uuid=ac144007-b5bb-446e-b65b-c9e270335f4c, columns={'addresses': ['fa:16:3e:a8:04:c5'], 'external_ids': {'neutron:port_name': '', 'neutron:device_id': 'ovnmeta-ac144007-b5bb-446e-b65b-c9e270335f4c', 'neutron:project_id': 'c7ec713a52364d089c00613d449c052b', 'neutron:cidrs': '', 'neutron:device_owner': 'network:distributed', 'neutron:subnet_pool_addr_scope4': '', 'neutron:subnet_pool_addr_scope6': '', 'neutron:network_name': 'neutron-ac144007-b5bb-446e-b65b-c9e270335f4c', 'neutron:security_group_ids': '', 'neutron:revision_number': '1', 'neutron:vnic_type': 'normal', 'neutron:port_capabilities': '', 'neutron:mtu': ''}, 'parent_name': [], 'tag': [], 'enabled': True, 'options': {}, 'type': 'localport', 'port_security': [], 'dhcpv4_options': [], 'dhcpv6_options': []}) {{(pid=103125) do_commit /opt/stack/data/venv/lib/python3.12/site-packages/ovsdbapp/backend/ovs_idl/transaction.py:89}}
May 20 01:50:08.075820 np0000175161 devstack@neutron-api.service[103125]: DEBUG ovsdbapp.backend.ovs_idl.transaction [-] Running txn n=1 command(idx=1): QoSDelCommand(_result=None, switch=neutron-ac144007-b5bb-446e-b65b-c9e270335f4c, conditions=[('direction', '=', 'to-lport'), ('priority', '=', 2002), ('match', '=', 'outport == "0123f366-1569-46c5-bacd-8ecd761d54eb"')], if_exists=True) {{(pid=103125) do_commit /opt/stack/data/venv/lib/python3.12/site-packages/ovsdbapp/backend/ovs_idl/transaction.py:89}}
May 20 01:50:08.076127 np0000175161 devstack@neutron-api.service[103125]: DEBUG ovsdbapp.backend.ovs_idl.transaction [-] Running txn n=1 command(idx=2): QoSDelCommand(_result=None, switch=neutron-ac144007-b5bb-446e-b65b-c9e270335f4c, conditions=[('direction', '=', 'from-lport'), ('priority', '=', 2002), ('match', '=', 'inport == "0123f366-1569-46c5-bacd-8ecd761d54eb"')], if_exists=True) {{(pid=103125) do_commit /opt/stack/data/venv/lib/python3.12/site-packages/ovsdbapp/backend/ovs_idl/transaction.py:89}}
May 20 01:50:08.081254 np0000175161 devstack@neutron-api.service[103126]: DEBUG neutron.plugins.ml2.drivers.ovn.mech_driver.ovsdb.ovsdb_monitor [-] Hash Ring: Node 5a1db5b8f7305635816f505667f557a9 (host: np0000175161) handling event "update" for row ac144007-b5bb-446e-b65b-c9e270335f4c (table: Logical_Switch) {{(pid=103126) notify /opt/stack/neutron/neutron/plugins/ml2/drivers/ovn/mech_driver/ovsdb/ovsdb_monitor.py:942}}
May 20 01:50:08.082091 np0000175161 devstack@neutron-api.service[103126]: DEBUG neutron.plugins.ml2.drivers.ovn.mech_driver.ovsdb.ovsdb_monitor [-] Hash Ring: Node 5a1db5b8f7305635816f505667f557a9 (host: np0000175161) handling event "create" for row 9a142ec6-a4e9-4d6f-a960-da04f4fd5eb9 (table: Logical_Switch_Port) {{(pid=103126) notify /opt/stack/neutron/neutron/plugins/ml2/drivers/ovn/mech_driver/ovsdb/ovsdb_monitor.py:942}}
May 20 01:50:08.083870 np0000175161 devstack@neutron-api.service[103126]: DEBUG ovsdbapp.backend.ovs_idl.event [-] Matched CREATE: LogicalSwitchPortCreateEvent(events=('create',), table='Logical_Switch_Port', conditions=[], old_conditions=None), priority=20 to row=Logical_Switch_Port(uuid=9a142ec6-a4e9-4d6f-a960-da04f4fd5eb9, addresses=['fa:16:3e:a8:04:c5'], dhcpv4_options=[], dhcpv6_options=[], dynamic_addresses=[], enabled=True, external_ids={'neutron:cidrs': '', 'neutron:device_id': 'ovnmeta-ac144007-b5bb-446e-b65b-c9e270335f4c', 'neutron:device_owner': 'network:distributed', 'neutron:mtu': '', 'neutron:network_name': 'neutron-ac144007-b5bb-446e-b65b-c9e270335f4c', 'neutron:port_capabilities': '', 'neutron:port_name': '', 'neutron:project_id': 'c7ec713a52364d089c00613d449c052b', 'neutron:revision_number': '1', 'neutron:security_group_ids': '', 'neutron:subnet_pool_addr_scope4': '', 'neutron:subnet_pool_addr_scope6': '', 'neutron:vnic_type': 'normal'}, ha_chassis_group=[], mirror_rules=[], name='0123f366-1569-46c5-bacd-8ecd761d54eb', options={}, parent_name=[], port_security=[], tag=[], tag_request=[], type='localport', up=[]) old= {{(pid=103126) matches /opt/stack/data/venv/lib/python3.12/site-packages/ovsdbapp/backend/ovs_idl/event.py:55}}
May 20 01:50:08.084302 np0000175161 devstack@neutron-api.service[103124]: DEBUG neutron.plugins.ml2.drivers.ovn.mech_driver.ovsdb.ovsdb_monitor [-] Hash Ring: Node 40b5e9dcd08152dd8b71c6fef99b337c (host: np0000175161) handling event "create" for row 518d1466-3b9d-40d0-b38f-2bafc2ae60fb (table: Port_Binding) {{(pid=103124) notify /opt/stack/neutron/neutron/plugins/ml2/drivers/ovn/mech_driver/ovsdb/ovsdb_monitor.py:942}}
May 20 01:50:08.085386 np0000175161 devstack@neutron-api.service[103126]: INFO neutron.plugins.ml2.drivers.ovn.mech_driver.mech_driver [-] OVN reports status down for port: 0123f366-1569-46c5-bacd-8ecd761d54eb
