+ COMMAND=start + start + for KEYSTONE_WSGI_SCRIPT in keystone-wsgi-public ++ type -p keystone-wsgi-public + cp -a /var/lib/openstack/bin/keystone-wsgi-public /var/www/cgi-bin/keystone/ + '[' -f /etc/apache2/envvars ']' + source /etc/apache2/envvars ++ unset HOME ++ '[' '' '!=' '' ']' ++ SUFFIX= ++ export APACHE_RUN_USER=www-data ++ APACHE_RUN_USER=www-data ++ export APACHE_RUN_GROUP=www-data ++ APACHE_RUN_GROUP=www-data ++ export APACHE_PID_FILE=/var/run/apache2/apache2.pid ++ APACHE_PID_FILE=/var/run/apache2/apache2.pid ++ export APACHE_RUN_DIR=/var/run/apache2 ++ APACHE_RUN_DIR=/var/run/apache2 ++ export APACHE_LOCK_DIR=/var/lock/apache2 ++ APACHE_LOCK_DIR=/var/lock/apache2 ++ export APACHE_LOG_DIR=/var/log/apache2 ++ APACHE_LOG_DIR=/var/log/apache2 ++ export LANG=C ++ LANG=C ++ export LANG + '[' -f /var/run/apache2/apache2.pid ']' + exec apache2 -DFOREGROUND AH00558: apache2: Could not reliably determine the server's fully qualified domain name, using 10.0.0.75. Set the 'ServerName' directive globally to suppress this message AH00558: apache2: Could not reliably determine the server's fully qualified domain name, using 10.0.0.75. Set the 'ServerName' directive globally to suppress this message
[Thu May 21 13:24:55.030445 2026] [mpm_event:notice] [pid 1:tid 140204495988608] AH00489: Apache/2.4.58 (Ubuntu) mod_wsgi/5.0.0 Python/3.12 configured -- resuming normal operations
[Thu May 21 13:24:55.030593 2026] [core:notice] [pid 1:tid 140204495988608] AH00094: Command line: 'apache2 -D FOREGROUND'
[Thu May 21 13:25:58.214720 2026] [wsgi:error] [pid 12:tid 140203859216064] /var/lib/openstack/lib/python3.12/site-packages/oslo_utils/importutils.py:77: EventletDeprecationWarning:
[Thu May 21 13:25:58.214758 2026] [wsgi:error] [pid 12:tid 140203859216064] Eventlet is deprecated. It is currently being maintained in bugfix mode, and
[Thu May 21 13:25:58.214760 2026] [wsgi:error] [pid 12:tid 140203859216064] we strongly recommend against using it for new projects.
[Thu May 21 13:25:58.214761 2026] [wsgi:error] [pid 12:tid 140203859216064]
[Thu May 21 13:25:58.214762 2026] [wsgi:error] [pid 12:tid 140203859216064] If you are already using Eventlet, we recommend migrating to a different
[Thu May 21 13:25:58.214764 2026] [wsgi:error] [pid 12:tid 140203859216064] framework. For more detail see
[Thu May 21 13:25:58.214765 2026] [wsgi:error] [pid 12:tid 140203859216064] https://eventlet.readthedocs.io/en/latest/asyncio/migration.html
[Thu May 21 13:25:58.214766 2026] [wsgi:error] [pid 12:tid 140203859216064]
[Thu May 21 13:25:58.214767 2026] [wsgi:error] [pid 12:tid 140203859216064] __import__(import_str)
[Thu May 21 13:25:58.235023 2026] [wsgi:error] [pid 10:tid 140203859216064] /var/lib/openstack/lib/python3.12/site-packages/oslo_utils/importutils.py:77: EventletDeprecationWarning:
[Thu May 21 13:25:58.235077 2026] [wsgi:error] [pid 10:tid 140203859216064] Eventlet is deprecated. It is currently being maintained in bugfix mode, and
[Thu May 21 13:25:58.235079 2026] [wsgi:error] [pid 10:tid 140203859216064] we strongly recommend against using it for new projects.
[Thu May 21 13:25:58.235080 2026] [wsgi:error] [pid 10:tid 140203859216064]
[Thu May 21 13:25:58.235081 2026] [wsgi:error] [pid 10:tid 140203859216064] If you are already using Eventlet, we recommend migrating to a different
[Thu May 21 13:25:58.235082 2026] [wsgi:error] [pid 10:tid 140203859216064] framework. For more detail see
[Thu May 21 13:25:58.235084 2026] [wsgi:error] [pid 10:tid 140203859216064] https://eventlet.readthedocs.io/en/latest/asyncio/migration.html
[Thu May 21 13:25:58.235085 2026] [wsgi:error] [pid 10:tid 140203859216064]
[Thu May 21 13:25:58.235086 2026] [wsgi:error] [pid 10:tid 140203859216064] __import__(import_str) 10.0.0.150 - - [21/May/2026:13:25:57 +0000] "GET /v3/ HTTP/1.1" 200 249 10.0.0.150 - - [21/May/2026:13:25:57 +0000] "GET /v3/ HTTP/1.1" 200 249
[Thu May 21 13:26:10.674201 2026] [wsgi:error] [pid 9:tid 140203859216064] /var/lib/openstack/lib/python3.12/site-packages/oslo_utils/importutils.py:77: EventletDeprecationWarning:
[Thu May 21 13:26:10.674239 2026] [wsgi:error] [pid 9:tid 140203859216064] Eventlet is deprecated. It is currently being maintained in bugfix mode, and
[Thu May 21 13:26:10.674240 2026] [wsgi:error] [pid 9:tid 140203859216064] we strongly recommend against using it for new projects.
[Thu May 21 13:26:10.674242 2026] [wsgi:error] [pid 9:tid 140203859216064]
[Thu May 21 13:26:10.674243 2026] [wsgi:error] [pid 9:tid 140203859216064] If you are already using Eventlet, we recommend migrating to a different
[Thu May 21 13:26:10.674244 2026] [wsgi:error] [pid 9:tid 140203859216064] framework. For more detail see
[Thu May 21 13:26:10.674245 2026] [wsgi:error] [pid 9:tid 140203859216064] https://eventlet.readthedocs.io/en/latest/asyncio/migration.html
[Thu May 21 13:26:10.674246 2026] [wsgi:error] [pid 9:tid 140203859216064]
[Thu May 21 13:26:10.674247 2026] [wsgi:error] [pid 9:tid 140203859216064] __import__(import_str) 10.0.0.84 - - [21/May/2026:13:26:09 +0000] "GET / HTTP/1.1" 300 295
[Thu May 21 13:26:16.032677 2026] [wsgi:error] [pid 11:tid 140203859216064] /var/lib/openstack/lib/python3.12/site-packages/oslo_utils/importutils.py:77: EventletDeprecationWarning:
[Thu May 21 13:26:16.032712 2026] [wsgi:error] [pid 11:tid 140203859216064] Eventlet is deprecated. It is currently being maintained in bugfix mode, and
[Thu May 21 13:26:16.032714 2026] [wsgi:error] [pid 11:tid 140203859216064] we strongly recommend against using it for new projects.
[Thu May 21 13:26:16.032715 2026] [wsgi:error] [pid 11:tid 140203859216064]
[Thu May 21 13:26:16.032716 2026] [wsgi:error] [pid 11:tid 140203859216064] If you are already using Eventlet, we recommend migrating to a different
[Thu May 21 13:26:16.032717 2026] [wsgi:error] [pid 11:tid 140203859216064] framework. For more detail see
[Thu May 21 13:26:16.032719 2026] [wsgi:error] [pid 11:tid 140203859216064] https://eventlet.readthedocs.io/en/latest/asyncio/migration.html
[Thu May 21 13:26:16.032720 2026] [wsgi:error] [pid 11:tid 140203859216064]
[Thu May 21 13:26:16.032721 2026] [wsgi:error] [pid 11:tid 140203859216064] __import__(import_str)
[Thu May 21 13:26:20.624403 2026] [wsgi:error] [pid 11:tid 140203859216064] [remote 10.0.0.84:46094] 2026-05-21 13:26:20.621 11 WARNING keystone.identity.core [None req-074261f9-7b8c-46be-bb70-47a1ddc377f6 - - - - - -] Invalid domain name (atmosphere) found in config file name: keystone.exception.DomainNotFound: Could not find domain: atmosphere.
[Thu May 21 13:26:20.678539 2026] [wsgi:error] [pid 11:tid 140203859216064] [remote 10.0.0.84:46094] 2026-05-21 13:26:20.678 11 WARNING keystone.common.password_hashing [None req-074261f9-7b8c-46be-bb70-47a1ddc377f6 - - - - - -] Truncating password to algorithm specific maximum length 72 characters.
[Thu May 21 13:26:20.962545 2026] [wsgi:error] [pid 11:tid 140203859216064] [remote 10.0.0.84:46094] 2026-05-21 13:26:20.962 11 WARNING keystone.common.fernet_utils [None req-074261f9-7b8c-46be-bb70-47a1ddc377f6 - - - - - -] key_repository is world readable: /etc/keystone/fernet-keys/ 10.0.0.84 - - [21/May/2026:13:26:15 +0000] "POST /v3/auth/tokens HTTP/1.1" 201 1358
[Thu May 21 13:26:21.292447 2026] [wsgi:error] [pid 12:tid 140203859216064] [remote 10.0.0.84:46094] 2026-05-21 13:26:21.290 12 WARNING keystone.identity.core [None req-1b9c9153-b9cf-4187-a01b-7104bbfda617 - - - - - -] Invalid domain name (atmosphere) found in config file name: keystone.exception.DomainNotFound: Could not find domain: atmosphere. 10.0.0.84 - - [21/May/2026:13:26:21 +0000] "POST /v3/domains HTTP/1.1" 201 261 10.0.0.61 - - [21/May/2026:13:26:32 +0000] "GET / HTTP/1.1" 300 295
[Thu May 21 13:26:32.390882 2026] [wsgi:error] [pid 9:tid 140203859216064] [remote 10.0.0.61:32982] 2026-05-21 13:26:32.390 9 WARNING keystone.common.password_hashing [None req-2337dc12-863f-409b-b39b-c9d38e19509e - - - - - -] Truncating password to algorithm specific maximum length 72 characters.
[Thu May 21 13:26:32.660448 2026] [wsgi:error] [pid 9:tid 140203859216064] [remote 10.0.0.61:32982] 2026-05-21 13:26:32.660 9 WARNING keystone.common.fernet_utils [None req-2337dc12-863f-409b-b39b-c9d38e19509e - - - - - -] key_repository is world readable: /etc/keystone/fernet-keys/ 10.0.0.61 - - [21/May/2026:13:26:32 +0000] "POST /v3/auth/tokens HTTP/1.1" 201 1358 10.0.0.61 - - [21/May/2026:13:26:32 +0000] "GET /v3/roles/admin HTTP/1.1" 404 83
[Thu May 21 13:26:32.875682 2026] [wsgi:error] [pid 12:tid 140203859216064] [remote 10.0.0.61:32982] 2026-05-21 13:26:32.875 12 WARNING keystone.common.rbac_enforcer.enforcer [None req-cc7aaa17-3de5-4678-9257-d600d716e0e1 6286dc2e3e85405d8e3a77cb062e6c2a 004c898ab22c4afdb4fa907eb0f50430 - - default default] Deprecated policy rules found. Use oslopolicy-policy-generator and oslopolicy-policy-upgrade to detect and resolve deprecated policies in your configuration. 10.0.0.61 - - [21/May/2026:13:26:32 +0000] "GET /v3/roles?name=admin HTTP/1.1" 200 389
[Thu May 21 13:26:33.254208 2026] [wsgi:error] [pid 10:tid 140203859216064] [remote 10.0.0.61:32982] 2026-05-21 13:26:33.253 10 WARNING keystone.common.rbac_enforcer.enforcer [None req-87aba037-2451-4970-b419-dbc114031794 6286dc2e3e85405d8e3a77cb062e6c2a 004c898ab22c4afdb4fa907eb0f50430 - - default default] Deprecated policy rules found. Use oslopolicy-policy-generator and oslopolicy-policy-upgrade to detect and resolve deprecated policies in your configuration. 10.0.0.61 - - [21/May/2026:13:26:32 +0000] "GET /v3/users/admin-RegionOne HTTP/1.1" 404 93
[Thu May 21 13:26:33.409681 2026] [wsgi:error] [pid 9:tid 140203859216064] [remote 10.0.0.61:32982] 2026-05-21 13:26:33.409 9 WARNING keystone.common.rbac_enforcer.enforcer [None req-e09a1e78-f223-464b-acdf-8c2fe4c91ad7 6286dc2e3e85405d8e3a77cb062e6c2a 004c898ab22c4afdb4fa907eb0f50430 - - default default] Deprecated policy rules found. Use oslopolicy-policy-generator and oslopolicy-policy-upgrade to detect and resolve deprecated policies in your configuration. 10.0.0.61 - - [21/May/2026:13:26:33 +0000] "GET /v3/users?name=admin-RegionOne HTTP/1.1" 200 422
[Thu May 21 13:26:33.573102 2026] [wsgi:error] [pid 11:tid 140203859216064] [remote 10.0.0.61:32982] 2026-05-21 13:26:33.572 11 WARNING keystone.common.rbac_enforcer.enforcer [None req-a8b41990-d951-462a-921c-ca99a874c041 6286dc2e3e85405d8e3a77cb062e6c2a 004c898ab22c4afdb4fa907eb0f50430 - - default default] Deprecated policy rules found. Use oslopolicy-policy-generator and oslopolicy-policy-upgrade to detect and resolve deprecated policies in your configuration. 10.0.0.61 - - [21/May/2026:13:26:33 +0000] "GET /v3/domains/default HTTP/1.1" 200 224 10.0.0.61 - - [21/May/2026:13:26:33 +0000] "PUT /v3/domains/default/users/6286dc2e3e85405d8e3a77cb062e6c2a/roles/070b0599239a4045973fc1cb1cb891b4 HTTP/1.1" 204 - 10.0.0.150 - - [21/May/2026:13:26:43 +0000] "GET / HTTP/1.1" 300 279 10.0.0.150 - - [21/May/2026:13:26:44 +0000] "GET /v3 HTTP/1.1" 200 264
[Thu May 21 13:26:44.812751 2026] [wsgi:error] [pid 11:tid 140203859216064] [remote 10.0.0.150:38942] 2026-05-21 13:26:44.812 11 WARNING keystone.common.password_hashing [None req-54f6ee09-270f-4bb1-a807-b34b83cd2954 - - - - - -] Truncating password to algorithm specific maximum length 72 characters.
[Thu May 21 13:26:45.087904 2026] [wsgi:error] [pid 11:tid 140203859216064] [remote 10.0.0.150:38942] 2026-05-21 13:26:45.087 11 WARNING keystone.common.fernet_utils [None req-54f6ee09-270f-4bb1-a807-b34b83cd2954 - - - - - -] key_repository is world readable: /etc/keystone/fernet-keys/ 10.0.0.150 - - [21/May/2026:13:26:44 +0000] "POST /v3/auth/tokens HTTP/1.1" 201 1358 10.0.0.150 - - [21/May/2026:13:26:45 +0000] "GET / HTTP/1.1" 300 279 10.0.0.150 - - [21/May/2026:13:26:45 +0000] "GET /v3/domains/atmosphere HTTP/1.1" 404 90 10.0.0.150 - - [21/May/2026:13:26:45 +0000] "GET /v3/domains?name=atmosphere HTTP/1.1" 200 366 10.0.0.150 - - [21/May/2026:13:26:45 +0000] "GET /v3/domains/c13d97c1300d4135a98885fce314ddee HTTP/1.1" 200 245 10.0.0.150 - - [21/May/2026:13:26:45 +0000] "GET /v3 HTTP/1.1" 200 264
[Thu May 21 13:26:46.167696 2026] [wsgi:error] [pid 10:tid 140203859216064] [remote 10.0.0.150:38942] 2026-05-21 13:26:46.167 10 WARNING keystone.common.password_hashing [None req-c2cc26a6-5e23-463d-a23b-7ebf8d7e56c3 - - - - - -] Truncating password to algorithm specific maximum length 72 characters.
[Thu May 21 13:26:46.436013 2026] [wsgi:error] [pid 10:tid 140203859216064] [remote 10.0.0.150:38942] 2026-05-21 13:26:46.435 10 WARNING keystone.common.fernet_utils [None req-c2cc26a6-5e23-463d-a23b-7ebf8d7e56c3 - - - - - -] key_repository is world readable: /etc/keystone/fernet-keys/ 10.0.0.150 - - [21/May/2026:13:26:45 +0000] "POST /v3/auth/tokens HTTP/1.1" 201 1358 10.0.0.150 - - [21/May/2026:13:26:46 +0000] "GET / HTTP/1.1" 300 279 10.0.0.150 - - [21/May/2026:13:26:46 +0000] "GET /v3/OS-FEDERATION/identity_providers/atmosphere HTTP/1.1" 404 101 10.0.0.150 - - [21/May/2026:13:26:46 +0000] "GET /v3/OS-FEDERATION/identity_providers HTTP/1.1" 200 154 10.0.0.150 - - [21/May/2026:13:26:46 +0000] "PUT /v3/OS-FEDERATION/identity_providers/atmosphere HTTP/1.1" 201 338 10.0.0.150 - - [21/May/2026:13:26:47 +0000] "GET /v3 HTTP/1.1" 200 264
[Thu May 21 13:26:47.234814 2026] [wsgi:error] [pid 11:tid 140203859216064] [remote 10.0.0.150:38942] 2026-05-21 13:26:47.234 11 WARNING keystone.common.password_hashing [None req-e5512e66-21f9-42a2-8f5c-82e64482a189 - - - - - -] Truncating password to algorithm specific maximum length 72 characters.
[Thu May 21 13:26:47.505134 2026] [wsgi:error] [pid 11:tid 140203859216064] [remote 10.0.0.150:38942] 2026-05-21 13:26:47.505 11 WARNING keystone.common.fernet_utils [None req-e5512e66-21f9-42a2-8f5c-82e64482a189 - - - - - -] key_repository is world readable: /etc/keystone/fernet-keys/ 10.0.0.150 - - [21/May/2026:13:26:47 +0000] "POST /v3/auth/tokens HTTP/1.1" 201 1358 10.0.0.150 - - [21/May/2026:13:26:47 +0000] "GET / HTTP/1.1" 300 279 10.0.0.150 - - [21/May/2026:13:26:47 +0000] "GET /v3/OS-FEDERATION/mappings/atmosphere-openid HTTP/1.1" 404 98 10.0.0.150 - - [21/May/2026:13:26:47 +0000] "GET /v3/OS-FEDERATION/mappings HTTP/1.1" 200 134 10.0.0.150 - - [21/May/2026:13:26:47 +0000] "PUT /v3/OS-FEDERATION/mappings/atmosphere-openid HTTP/1.1" 201 355 10.0.0.150 - - [21/May/2026:13:26:48 +0000] "GET /v3 HTTP/1.1" 200 264
[Thu May 21 13:26:48.287730 2026] [wsgi:error] [pid 10:tid 140203859216064] [remote 10.0.0.150:38940] 2026-05-21 13:26:48.287 10 WARNING keystone.common.password_hashing [None req-a5dbdb4f-ce73-4716-b93b-396ea71a186e - - - - - -] Truncating password to algorithm specific maximum length 72 characters.
[Thu May 21 13:26:48.568211 2026] [wsgi:error] [pid 10:tid 140203859216064] [remote 10.0.0.150:38940] 2026-05-21 13:26:48.568 10 WARNING keystone.common.fernet_utils [None req-a5dbdb4f-ce73-4716-b93b-396ea71a186e - - - - - -] key_repository is world readable: /etc/keystone/fernet-keys/ 10.0.0.150 - - [21/May/2026:13:26:48 +0000] "POST /v3/auth/tokens HTTP/1.1" 201 1358 10.0.0.150 - - [21/May/2026:13:26:48 +0000] "GET / HTTP/1.1" 300 279 10.0.0.150 - - [21/May/2026:13:26:48 +0000] "GET /v3/OS-FEDERATION/identity_providers/atmosphere/protocols/openid?idp_id=atmosphere HTTP/1.1" 404 131 10.0.0.150 - - [21/May/2026:13:26:48 +0000] "GET /v3/OS-FEDERATION/identity_providers/atmosphere/protocols HTTP/1.1" 200 166 10.0.0.150 - - [21/May/2026:13:26:48 +0000] "PUT /v3/OS-FEDERATION/identity_providers/atmosphere/protocols/openid HTTP/1.1" 201 220 10.0.0.150 - - [21/May/2026:13:26:57 +0000] "GET /v3/ HTTP/1.1" 200 249 10.0.0.150 - - [21/May/2026:13:26:57 +0000] "GET /v3/ HTTP/1.1" 200 249 10.0.0.150 - - [21/May/2026:13:27:57 +0000] "GET /v3/ HTTP/1.1" 200 249 10.0.0.150 - - [21/May/2026:13:27:57 +0000] "GET /v3/ HTTP/1.1" 200 249 10.0.0.27 - - [21/May/2026:13:28:10 +0000] "GET / HTTP/1.1" 300 295
[Thu May 21 13:28:10.901561 2026] [wsgi:error] [pid 9:tid 140203859216064] [remote 10.0.0.27:33290] 2026-05-21 13:28:10.901 9 WARNING keystone.common.password_hashing [None req-c356418b-8648-4927-96fd-df972480108d - - - - - -] Truncating password to algorithm specific maximum length 72 characters.
[Thu May 21 13:28:11.173469 2026] [wsgi:error] [pid 9:tid 140203859216064] [remote 10.0.0.27:33290] 2026-05-21 13:28:11.173 9 WARNING keystone.common.fernet_utils [None req-c356418b-8648-4927-96fd-df972480108d - - - - - -] key_repository is world readable: /etc/keystone/fernet-keys/ 10.0.0.27 - - [21/May/2026:13:28:10 +0000] "POST /v3/auth/tokens HTTP/1.1" 201 1358 10.0.0.27 - - [21/May/2026:13:28:11 +0000] "GET /v3/services HTTP/1.1" 200 355 10.0.0.27 - - [21/May/2026:13:28:14 +0000] "GET / HTTP/1.1" 300 295
[Thu May 21 13:28:14.615796 2026] [wsgi:error] [pid 10:tid 140203859216064] [remote 10.0.0.27:33292] 2026-05-21 13:28:14.615 10 WARNING keystone.common.password_hashing [None req-3bae64c3-f209-42de-b01a-f2a1350db341 - - - - - -] Truncating password to algorithm specific maximum length 72 characters.
[Thu May 21 13:28:14.883200 2026] [wsgi:error] [pid 10:tid 140203859216064] [remote 10.0.0.27:33292] 2026-05-21 13:28:14.883 10 WARNING keystone.common.fernet_utils [None req-3bae64c3-f209-42de-b01a-f2a1350db341 - - - - - -] key_repository is world readable: /etc/keystone/fernet-keys/ 10.0.0.27 - - [21/May/2026:13:28:14 +0000] "POST /v3/auth/tokens HTTP/1.1" 201 1358 10.0.0.27 - - [21/May/2026:13:28:14 +0000] "GET /v3/services HTTP/1.1" 200 355 10.0.0.27 - - [21/May/2026:13:28:18 +0000] "GET / HTTP/1.1" 300 295
[Thu May 21 13:28:18.321031 2026] [wsgi:error] [pid 12:tid 140203859216064] [remote 10.0.0.27:33308] 2026-05-21 13:28:18.320 12 WARNING keystone.common.password_hashing [None req-a8d4d5ec-4855-49d7-85e3-77833f500e54 - - - - - -] Truncating password to algorithm specific maximum length 72 characters.
[Thu May 21 13:28:18.593348 2026] [wsgi:error] [pid 12:tid 140203859216064] [remote 10.0.0.27:33308] 2026-05-21 13:28:18.593 12 WARNING keystone.common.fernet_utils [None req-a8d4d5ec-4855-49d7-85e3-77833f500e54 - - - - - -] key_repository is world readable: /etc/keystone/fernet-keys/ 10.0.0.27 - - [21/May/2026:13:28:18 +0000] "POST /v3/auth/tokens HTTP/1.1" 201 1358 10.0.0.27 - - [21/May/2026:13:28:18 +0000] "GET /v3/services HTTP/1.1" 200 355 10.0.0.27 - - [21/May/2026:13:28:21 +0000] "GET / HTTP/1.1" 300 295
[Thu May 21 13:28:22.014496 2026] [wsgi:error] [pid 11:tid 140203859216064] [remote 10.0.0.27:57392] 2026-05-21 13:28:22.014 11 WARNING keystone.common.password_hashing [None req-351f532b-cede-46e5-9152-ee4acbe8d8bb - - - - - -] Truncating password to algorithm specific maximum length 72 characters.
[Thu May 21 13:28:22.285409 2026] [wsgi:error] [pid 11:tid 140203859216064] [remote 10.0.0.27:57392] 2026-05-21 13:28:22.285 11 WARNING keystone.common.fernet_utils [None req-351f532b-cede-46e5-9152-ee4acbe8d8bb - - - - - -] key_repository is world readable: /etc/keystone/fernet-keys/ 10.0.0.27 - - [21/May/2026:13:28:21 +0000] "POST /v3/auth/tokens HTTP/1.1" 201 1358 10.0.0.27 - - [21/May/2026:13:28:22 +0000] "POST /v3/services HTTP/1.1" 201 296 10.0.0.189 - - [21/May/2026:13:28:33 +0000] "GET / HTTP/1.1" 300 295
[Thu May 21 13:28:33.068007 2026] [wsgi:error] [pid 9:tid 140203859216064] [remote 10.0.0.189:51466] 2026-05-21 13:28:33.067 9 WARNING keystone.common.password_hashing [None req-bb5f1060-0da3-43fd-b364-aef4ec4bf716 - - - - - -] Truncating password to algorithm specific maximum length 72 characters. 10.0.0.189 - - [21/May/2026:13:28:33 +0000] "GET / HTTP/1.1" 300 295
[Thu May 21 13:28:33.112337 2026] [wsgi:error] [pid 12:tid 140203859216064] [remote 10.0.0.189:51470] 2026-05-21 13:28:33.112 12 WARNING keystone.common.password_hashing [None req-4d7c9289-01a7-4293-bc51-2d54f63df8ee - - - - - -] Truncating password to algorithm specific maximum length 72 characters. 10.0.0.189 - - [21/May/2026:13:28:33 +0000] "GET / HTTP/1.1" 300 295
[Thu May 21 13:28:33.192316 2026] [wsgi:error] [pid 11:tid 140203859216064] [remote 10.0.0.189:51476] 2026-05-21 13:28:33.192 11 WARNING keystone.common.password_hashing [None req-a9de737c-f999-4078-a1fe-c15f000e2b13 - - - - - -] Truncating password to algorithm specific maximum length 72 characters.
[Thu May 21 13:28:33.346090 2026] [wsgi:error] [pid 9:tid 140203859216064] [remote 10.0.0.189:51466] 2026-05-21 13:28:33.345 9 WARNING keystone.common.fernet_utils [None req-bb5f1060-0da3-43fd-b364-aef4ec4bf716 - - - - - -] key_repository is world readable: /etc/keystone/fernet-keys/ 10.0.0.189 - - [21/May/2026:13:28:33 +0000] "POST /v3/auth/tokens HTTP/1.1" 201 1462
[Thu May 21 13:28:33.381973 2026] [wsgi:error] [pid 12:tid 140203859216064] [remote 10.0.0.189:51470] 2026-05-21 13:28:33.381 12 WARNING keystone.common.fernet_utils [None req-4d7c9289-01a7-4293-bc51-2d54f63df8ee - - - - - -] key_repository is world readable: /etc/keystone/fernet-keys/ 10.0.0.189 - - [21/May/2026:13:28:33 +0000] "POST /v3/auth/tokens HTTP/1.1" 201 1462
[Thu May 21 13:28:33.466767 2026] [wsgi:error] [pid 11:tid 140203859216064] [remote 10.0.0.189:51476] 2026-05-21 13:28:33.466 11 WARNING keystone.common.fernet_utils [None req-a9de737c-f999-4078-a1fe-c15f000e2b13 - - - - - -] key_repository is world readable: /etc/keystone/fernet-keys/ 10.0.0.189 - - [21/May/2026:13:28:33 +0000] "POST /v3/auth/tokens HTTP/1.1" 201 1462 10.0.0.189 - - [21/May/2026:13:28:33 +0000] "GET /v3/services HTTP/1.1" 200 639 10.0.0.189 - - [21/May/2026:13:28:33 +0000] "GET /v3/services HTTP/1.1" 200 639 10.0.0.189 - - [21/May/2026:13:28:33 +0000] "GET /v3/services HTTP/1.1" 200 639 10.0.0.189 - - [21/May/2026:13:28:34 +0000] "GET / HTTP/1.1" 300 295
[Thu May 21 13:28:34.850810 2026] [wsgi:error] [pid 10:tid 140203859216064] [remote 10.0.0.189:51482] 2026-05-21 13:28:34.850 10 WARNING keystone.common.password_hashing [None req-84de9fdf-04b8-4ee9-b86c-7bd2908ab336 - - - - - -] Truncating password to algorithm specific maximum length 72 characters. 10.0.0.189 - - [21/May/2026:13:28:34 +0000] "GET / HTTP/1.1" 300 295
[Thu May 21 13:28:34.912768 2026] [wsgi:error] [pid 12:tid 140203859216064] [remote 10.0.0.189:51498] 2026-05-21 13:28:34.912 12 WARNING keystone.common.password_hashing [None req-f2290ffa-94a9-4d5c-876d-c5675d2c81a6 - - - - - -] Truncating password to algorithm specific maximum length 72 characters. 10.0.0.189 - - [21/May/2026:13:28:34 +0000] "GET / HTTP/1.1" 300 295
[Thu May 21 13:28:34.963341 2026] [wsgi:error] [pid 9:tid 140203859216064] [remote 10.0.0.189:51512] 2026-05-21 13:28:34.963 9 WARNING keystone.common.password_hashing [None req-962b1d22-41c2-4e92-92a4-17ef761ea159 - - - - - -] Truncating password to algorithm specific maximum length 72 characters.
[Thu May 21 13:28:35.125652 2026] [wsgi:error] [pid 10:tid 140203859216064] [remote 10.0.0.189:51482] 2026-05-21 13:28:35.125 10 WARNING keystone.common.fernet_utils [None req-84de9fdf-04b8-4ee9-b86c-7bd2908ab336 - - - - - -] key_repository is world readable: /etc/keystone/fernet-keys/ 10.0.0.189 - - [21/May/2026:13:28:34 +0000] "POST /v3/auth/tokens HTTP/1.1" 201 1462
[Thu May 21 13:28:35.186475 2026] [wsgi:error] [pid 12:tid 140203859216064] [remote 10.0.0.189:51498] 2026-05-21 13:28:35.186 12 WARNING keystone.common.fernet_utils [None req-f2290ffa-94a9-4d5c-876d-c5675d2c81a6 - - - - - -] key_repository is world readable: /etc/keystone/fernet-keys/ 10.0.0.189 - - [21/May/2026:13:28:34 +0000] "POST /v3/auth/tokens HTTP/1.1" 201 1462
[Thu May 21 13:28:35.240527 2026] [wsgi:error] [pid 9:tid 140203859216064] [remote 10.0.0.189:51512] 2026-05-21 13:28:35.240 9 WARNING keystone.common.fernet_utils [None req-962b1d22-41c2-4e92-92a4-17ef761ea159 - - - - - -] key_repository is world readable: /etc/keystone/fernet-keys/ 10.0.0.189 - - [21/May/2026:13:28:34 +0000] "POST /v3/auth/tokens HTTP/1.1" 201 1462 10.0.0.189 - - [21/May/2026:13:28:35 +0000] "GET /v3/endpoints HTTP/1.1" 200 1225 10.0.0.189 - - [21/May/2026:13:28:35 +0000] "GET /v3/services/aba0aecdd2e94ee9aac1413da74ef635 HTTP/1.1" 200 233 10.0.0.189 - - [21/May/2026:13:28:35 +0000] "GET /v3/services/aba0aecdd2e94ee9aac1413da74ef635 HTTP/1.1" 200 233 10.0.0.189 - - [21/May/2026:13:28:35 +0000] "GET /v3/endpoints HTTP/1.1" 200 1225 10.0.0.189 - - [21/May/2026:13:28:35 +0000] "GET /v3/services/aba0aecdd2e94ee9aac1413da74ef635 HTTP/1.1" 200 233 10.0.0.189 - - [21/May/2026:13:28:35 +0000] "GET /v3/services/aba0aecdd2e94ee9aac1413da74ef635 HTTP/1.1" 200 233 10.0.0.189 - - [21/May/2026:13:28:35 +0000] "GET /v3/services/aba0aecdd2e94ee9aac1413da74ef635 HTTP/1.1" 200 233 10.0.0.189 - - [21/May/2026:13:28:35 +0000] "GET /v3/services/aba0aecdd2e94ee9aac1413da74ef635 HTTP/1.1" 200 233 10.0.0.189 - - [21/May/2026:13:28:35 +0000] "GET /v3/endpoints HTTP/1.1" 200 1225 10.0.0.189 - - [21/May/2026:13:28:35 +0000] "GET /v3/services/aba0aecdd2e94ee9aac1413da74ef635 HTTP/1.1" 200 233 10.0.0.189 - - [21/May/2026:13:28:35 +0000] "GET /v3/services/aba0aecdd2e94ee9aac1413da74ef635 HTTP/1.1" 200 233 10.0.0.189 - - [21/May/2026:13:28:35 +0000] "GET /v3/services/aba0aecdd2e94ee9aac1413da74ef635 HTTP/1.1" 200 233 10.0.0.189 - - [21/May/2026:13:28:36 +0000] "GET / HTTP/1.1" 300 295
[Thu May 21 13:28:36.587469 2026] [wsgi:error] [pid 10:tid 140203859216064] [remote 10.0.0.189:51528] 2026-05-21 13:28:36.587 10 WARNING keystone.common.password_hashing [None req-1018538f-edf1-4dc3-8dbf-a5eb80dde64b - - - - - -] Truncating password to algorithm specific maximum length 72 characters. 10.0.0.189 - - [21/May/2026:13:28:36 +0000] "GET / HTTP/1.1" 300 295
[Thu May 21 13:28:36.647051 2026] [wsgi:error] [pid 11:tid 140203859216064] [remote 10.0.0.189:51534] 2026-05-21 13:28:36.646 11 WARNING keystone.common.password_hashing [None req-eb3c645d-0024-4cd3-9fb4-41d4fcfb835d - - - - - -] Truncating password to algorithm specific maximum length 72 characters. 10.0.0.189 - - [21/May/2026:13:28:36 +0000] "GET / HTTP/1.1" 300 295
[Thu May 21 13:28:36.740469 2026] [wsgi:error] [pid 12:tid 140203859216064] [remote 10.0.0.189:51550] 2026-05-21 13:28:36.740 12 WARNING keystone.common.password_hashing [None req-b6d439c6-07fd-4a99-8815-aa430a64af78 - - - - - -] Truncating password to algorithm specific maximum length 72 characters.
[Thu May 21 13:28:36.865483 2026] [wsgi:error] [pid 10:tid 140203859216064] [remote 10.0.0.189:51528] 2026-05-21 13:28:36.865 10 WARNING keystone.common.fernet_utils [None req-1018538f-edf1-4dc3-8dbf-a5eb80dde64b - - - - - -] key_repository is world readable: /etc/keystone/fernet-keys/ 10.0.0.189 - - [21/May/2026:13:28:36 +0000] "POST /v3/auth/tokens HTTP/1.1" 201 1462
[Thu May 21 13:28:36.923670 2026] [wsgi:error] [pid 11:tid 140203859216064] [remote 10.0.0.189:51534] 2026-05-21 13:28:36.923 11 WARNING keystone.common.fernet_utils [None req-eb3c645d-0024-4cd3-9fb4-41d4fcfb835d - - - - - -] key_repository is world readable: /etc/keystone/fernet-keys/ 10.0.0.189 - - [21/May/2026:13:28:36 +0000] "POST /v3/auth/tokens HTTP/1.1" 201 1462 10.0.0.189 - - [21/May/2026:13:28:36 +0000] "GET /v3/services/bfa41c04c8f243e78e000a828e405fe9 HTTP/1.1" 200 296
[Thu May 21 13:28:37.010872 2026] [wsgi:error] [pid 12:tid 140203859216064] [remote 10.0.0.189:51550] 2026-05-21 13:28:37.010 12 WARNING keystone.common.fernet_utils [None req-b6d439c6-07fd-4a99-8815-aa430a64af78 - - - - - -] key_repository is world readable: /etc/keystone/fernet-keys/ 10.0.0.189 - - [21/May/2026:13:28:36 +0000] "GET /v3/regions/RegionOne HTTP/1.1" 200 173 10.0.0.189 - - [21/May/2026:13:28:36 +0000] "POST /v3/auth/tokens HTTP/1.1" 201 1462 10.0.0.189 - - [21/May/2026:13:28:37 +0000] "GET /v3/services/bfa41c04c8f243e78e000a828e405fe9 HTTP/1.1" 200 296 10.0.0.189 - - [21/May/2026:13:28:37 +0000] "GET /v3/regions/RegionOne HTTP/1.1" 200 173 10.0.0.189 - - [21/May/2026:13:28:37 +0000] "POST /v3/endpoints HTTP/1.1" 201 380 10.0.0.189 - - [21/May/2026:13:28:37 +0000] "GET /v3/services/bfa41c04c8f243e78e000a828e405fe9 HTTP/1.1" 200 296 10.0.0.189 - - [21/May/2026:13:28:37 +0000] "GET /v3/regions/RegionOne HTTP/1.1" 200 173 10.0.0.189 - - [21/May/2026:13:28:37 +0000] "POST /v3/endpoints HTTP/1.1" 201 383 10.0.0.189 - - [21/May/2026:13:28:37 +0000] "POST /v3/endpoints HTTP/1.1" 201 368 10.0.0.189 - - [21/May/2026:13:28:38 +0000] "GET / HTTP/1.1" 300 295
[Thu May 21 13:28:38.357667 2026] [wsgi:error] [pid 10:tid 140203859216064] [remote 10.0.0.189:51560] 2026-05-21 13:28:38.357 10 WARNING keystone.common.password_hashing [None req-6c901055-0747-40ac-87e2-cdd41df91bb0 - - - - - -] Truncating password to algorithm specific maximum length 72 characters. 10.0.0.189 - - [21/May/2026:13:28:38 +0000] "GET / HTTP/1.1" 300 295
[Thu May 21 13:28:38.525486 2026] [wsgi:error] [pid 12:tid 140203859216064] [remote 10.0.0.189:51562] 2026-05-21 13:28:38.525 12 WARNING keystone.common.password_hashing [None req-56d5ebd0-a0c9-4d96-a83b-b5f927364fdc - - - - - -] Truncating password to algorithm specific maximum length 72 characters.
[Thu May 21 13:28:38.627014 2026] [wsgi:error] [pid 10:tid 140203859216064] [remote 10.0.0.189:51560] 2026-05-21 13:28:38.626 10 WARNING keystone.common.fernet_utils [None req-6c901055-0747-40ac-87e2-cdd41df91bb0 - - - - - -] key_repository is world readable: /etc/keystone/fernet-keys/ 10.0.0.189 - - [21/May/2026:13:28:38 +0000] "POST /v3/auth/tokens HTTP/1.1" 201 1988 10.0.0.189 - - [21/May/2026:13:28:38 +0000] "GET / HTTP/1.1" 300 295
[Thu May 21 13:28:38.681545 2026] [wsgi:error] [pid 11:tid 140203859216064] [remote 10.0.0.189:51564] 2026-05-21 13:28:38.681 11 WARNING keystone.common.password_hashing [None req-efefd26b-cb7e-462f-896c-f4f7a5dfa9a3 - - - - - -] Truncating password to algorithm specific maximum length 72 characters. 10.0.0.189 - - [21/May/2026:13:28:38 +0000] "GET /v3/endpoints/8d1e3c36583542bea79c8794200922b6 HTTP/1.1" 200 380 10.0.0.189 - - [21/May/2026:13:28:38 +0000] "GET /v3/services/bfa41c04c8f243e78e000a828e405fe9 HTTP/1.1" 200 296
[Thu May 21 13:28:38.795792 2026] [wsgi:error] [pid 12:tid 140203859216064] [remote 10.0.0.189:51562] 2026-05-21 13:28:38.795 12 WARNING keystone.common.fernet_utils [None req-56d5ebd0-a0c9-4d96-a83b-b5f927364fdc - - - - - -] key_repository is world readable: /etc/keystone/fernet-keys/ 10.0.0.189 - - [21/May/2026:13:28:38 +0000] "POST /v3/auth/tokens HTTP/1.1" 201 1988 10.0.0.189 - - [21/May/2026:13:28:38 +0000] "GET /v3/endpoints/23360ee323704380bebb18a2b240b92c HTTP/1.1" 200 368 10.0.0.189 - - [21/May/2026:13:28:38 +0000] "GET /v3/services/bfa41c04c8f243e78e000a828e405fe9 HTTP/1.1" 200 296
[Thu May 21 13:28:38.960477 2026] [wsgi:error] [pid 11:tid 140203859216064] [remote 10.0.0.189:51564] 2026-05-21 13:28:38.960 11 WARNING keystone.common.fernet_utils [None req-efefd26b-cb7e-462f-896c-f4f7a5dfa9a3 - - - - - -] key_repository is world readable: /etc/keystone/fernet-keys/ 10.0.0.189 - - [21/May/2026:13:28:38 +0000] "POST /v3/auth/tokens HTTP/1.1" 201 1988 10.0.0.189 - - [21/May/2026:13:28:39 +0000] "GET /v3/endpoints/e55aa3411bf84378851914b39fbe91cc HTTP/1.1" 200 383 10.0.0.189 - - [21/May/2026:13:28:39 +0000] "GET /v3/services/bfa41c04c8f243e78e000a828e405fe9 HTTP/1.1" 200 296 10.0.0.97 - - [21/May/2026:13:28:51 +0000] "GET / HTTP/1.1" 300 295
[Thu May 21 13:28:51.250365 2026] [wsgi:error] [pid 11:tid 140203859216064] [remote 10.0.0.97:47402] 2026-05-21 13:28:51.250 11 WARNING keystone.common.password_hashing [None req-90dd8fd3-7c9b-4e63-a8cd-721105ec3131 - - - - - -] Truncating password to algorithm specific maximum length 72 characters.
[Thu May 21 13:28:51.547461 2026] [wsgi:error] [pid 11:tid 140203859216064] [remote 10.0.0.97:47402] 2026-05-21 13:28:51.542 11 WARNING keystone.common.fernet_utils [None req-90dd8fd3-7c9b-4e63-a8cd-721105ec3131 - - - - - -] key_repository is world readable: /etc/keystone/fernet-keys/ 10.0.0.97 - - [21/May/2026:13:28:51 +0000] "POST /v3/auth/tokens HTTP/1.1" 201 1988 10.0.0.97 - - [21/May/2026:13:28:51 +0000] "POST /v3/domains HTTP/1.1" 201 284 10.0.0.97 - - [21/May/2026:13:28:53 +0000] "GET / HTTP/1.1" 300 295
[Thu May 21 13:28:53.024938 2026] [wsgi:error] [pid 9:tid 140203859216064] [remote 10.0.0.97:47412] 2026-05-21 13:28:53.024 9 WARNING keystone.common.password_hashing [None req-6a3e041b-e52d-4220-b6eb-e518ca47e0d8 - - - - - -] Truncating password to algorithm specific maximum length 72 characters.
[Thu May 21 13:28:53.296423 2026] [wsgi:error] [pid 9:tid 140203859216064] [remote 10.0.0.97:47412] 2026-05-21 13:28:53.296 9 WARNING keystone.common.fernet_utils [None req-6a3e041b-e52d-4220-b6eb-e518ca47e0d8 - - - - - -] key_repository is world readable: /etc/keystone/fernet-keys/ 10.0.0.97 - - [21/May/2026:13:28:53 +0000] "POST /v3/auth/tokens HTTP/1.1" 201 1988
[Thu May 21 13:28:53.480840 2026] [wsgi:error] [pid 11:tid 140203859216064] [remote 10.0.0.97:47412] 2026-05-21 13:28:53.466 11 ERROR keystone.server.flask.application [None req-ddb560a0-31ac-4872-a449-7cc4690e5def 6286dc2e3e85405d8e3a77cb062e6c2a 004c898ab22c4afdb4fa907eb0f50430 - - default default] Conflict occurred attempting to store project - it is not permitted to have two projects acting as domains with the same name: service.: keystone.exception.Conflict: Conflict occurred attempting to store project - it is not permitted to have two projects acting as domains with the same name: service.
[Thu May 21 13:28:53.480860 2026] [wsgi:error] [pid 11:tid 140203859216064] [remote 10.0.0.97:47412] 2026-05-21 13:28:53.466 11 ERROR keystone.server.flask.application
Traceback (most recent call last):
[Thu May 21 13:28:53.480862 2026] [wsgi:error] [pid 11:tid 140203859216064] [remote 10.0.0.97:47412] 2026-05-21 13:28:53.466 11 ERROR keystone.server.flask.application
File "/var/lib/openstack/lib/python3.12/site-packages/sqlalchemy/engine/base.py", line 1967, in _exec_single_context
[Thu May 21 13:28:53.480864 2026] [wsgi:error] [pid 11:tid 140203859216064] [remote 10.0.0.97:47412] 2026-05-21 13:28:53.466 11 ERROR keystone.server.flask.application self.dialect.do_execute(
[Thu May 21 13:28:53.480866 2026] [wsgi:error] [pid 11:tid 140203859216064] [remote 10.0.0.97:47412] 2026-05-21 13:28:53.466 11 ERROR keystone.server.flask.application
File "/var/lib/openstack/lib/python3.12/site-packages/sqlalchemy/engine/default.py", line 952, in do_execute
[Thu May 21 13:28:53.480868 2026] [wsgi:error] [pid 11:tid 140203859216064] [remote 10.0.0.97:47412] 2026-05-21 13:28:53.466 11 ERROR keystone.server.flask.application cursor.execute(statement, parameters)
[Thu May 21 13:28:53.480869 2026] [wsgi:error] [pid 11:tid 140203859216064] [remote 10.0.0.97:47412] 2026-05-21 13:28:53.466 11 ERROR keystone.server.flask.application
File "/var/lib/openstack/lib/python3.12/site-packages/pymysql/cursors.py", line 157, in execute
[Thu May 21 13:28:53.480871 2026] [wsgi:error] [pid 11:tid 140203859216064] [remote 10.0.0.97:47412] 2026-05-21 13:28:53.466 11 ERROR keystone.server.flask.application result = self._query(query)
[Thu May 21 13:28:53.480872 2026] [wsgi:error] [pid 11:tid 140203859216064] [remote 10.0.0.97:47412] 2026-05-21 13:28:53.466 11 ERROR keystone.server.flask.application ^^^^^^^^^^^^^^^^^^
[Thu May 21 13:28:53.480874 2026] [wsgi:error] [pid 11:tid 140203859216064] [remote 10.0.0.97:47412] 2026-05-21 13:28:53.466 11 ERROR keystone.server.flask.application
File "/var/lib/openstack/lib/python3.12/site-packages/pymysql/cursors.py", line 328, in _query
[Thu May 21 13:28:53.480875 2026] [wsgi:error] [pid 11:tid 140203859216064] [remote 10.0.0.97:47412] 2026-05-21 13:28:53.466 11 ERROR keystone.server.flask.application conn.query(q)
[Thu May 21 13:28:53.480876 2026] [wsgi:error] [pid 11:tid 140203859216064] [remote 10.0.0.97:47412] 2026-05-21 13:28:53.466 11 ERROR keystone.server.flask.application
File "/var/lib/openstack/lib/python3.12/site-packages/pymysql/connections.py", line 575, in query
[Thu May 21 13:28:53.480878 2026] [wsgi:error] [pid 11:tid 140203859216064] [remote 10.0.0.97:47412] 2026-05-21 13:28:53.466 11 ERROR keystone.server.flask.application self._affected_rows = self._read_query_result(unbuffered=unbuffered)
[Thu May 21 13:28:53.480880 2026] [wsgi:error] [pid 11:tid 140203859216064] [remote 10.0.0.97:47412] 2026-05-21 13:28:53.466 11 ERROR keystone.server.flask.application ^^^^^^^^^^^^^^^^^^^^^^^^^^^^^^^^^^^^^^^^^^^^^^
[Thu May 21 13:28:53.480881 2026] [wsgi:error] [pid 11:tid 140203859216064] [remote 10.0.0.97:47412] 2026-05-21 13:28:53.466 11 ERROR keystone.server.flask.application
File "/var/lib/openstack/lib/python3.12/site-packages/pymysql/connections.py", line 826, in _read_query_result
[Thu May 21 13:28:53.480883 2026] [wsgi:error] [pid 11:tid 140203859216064] [remote 10.0.0.97:47412] 2026-05-21 13:28:53.466 11 ERROR keystone.server.flask.application result.read()
[Thu May 21 13:28:53.480885 2026] [wsgi:error] [pid 11:tid 140203859216064] [remote 10.0.0.97:47412] 2026-05-21 13:28:53.466 11 ERROR keystone.server.flask.application
File "/var/lib/openstack/lib/python3.12/site-packages/pymysql/connections.py", line 1203, in read
[Thu May 21 13:28:53.480887 2026] [wsgi:error] [pid 11:tid 140203859216064] [remote 10.0.0.97:47412] 2026-05-21 13:28:53.466 11 ERROR keystone.server.flask.application first_packet = self.connection._read_packet()
[Thu May 21 13:28:53.480888 2026] [wsgi:error] [pid 11:tid 140203859216064] [remote 10.0.0.97:47412] 2026-05-21 13:28:53.466 11 ERROR keystone.server.flask.application ^^^^^^^^^^^^^^^^^^^^^^^^^^^^^^
[Thu May 21 13:28:53.480889 2026] [wsgi:error] [pid 11:tid 140203859216064] [remote 10.0.0.97:47412] 2026-05-21 13:28:53.466 11 ERROR keystone.server.flask.application
File "/var/lib/openstack/lib/python3.12/site-packages/pymysql/connections.py", line 782, in _read_packet
[Thu May 21 13:28:53.480891 2026] [wsgi:error] [pid 11:tid 140203859216064] [remote 10.0.0.97:47412] 2026-05-21 13:28:53.466 11 ERROR keystone.server.flask.application packet.raise_for_error()
[Thu May 21 13:28:53.480892 2026] [wsgi:error] [pid 11:tid 140203859216064] [remote 10.0.0.97:47412] 2026-05-21 13:28:53.466 11 ERROR keystone.server.flask.application
File "/var/lib/openstack/lib/python3.12/site-packages/pymysql/protocol.py", line 219, in raise_for_error
[Thu May 21 13:28:53.480894 2026] [wsgi:error] [pid 11:tid 140203859216064] [remote 10.0.0.97:47412] 2026-05-21 13:28:53.466 11 ERROR keystone.server.flask.application err.raise_mysql_exception(self._data)
[Thu May 21 13:28:53.480895 2026] [wsgi:error] [pid 11:tid 140203859216064] [remote 10.0.0.97:47412] 2026-05-21 13:28:53.466 11 ERROR keystone.server.flask.application
File "/var/lib/openstack/lib/python3.12/site-packages/pymysql/err.py", line 150, in raise_mysql_exception
[Thu May 21 13:28:53.480896 2026] [wsgi:error] [pid 11:tid 140203859216064] [remote 10.0.0.97:47412] 2026-05-21 13:28:53.466 11 ERROR keystone.server.flask.application raise errorclass(errno, errval)
[Thu May 21 13:28:53.480898 2026] [wsgi:error] [pid 11:tid 140203859216064] [remote 10.0.0.97:47412] 2026-05-21 13:28:53.466 11 ERROR keystone.server.flask.application pymysql.err.IntegrityError: (1062, "Duplicate entry '<>-service' for key 'project.ixu_project_name_domain_id'")
[Thu May 21 13:28:53.480899 2026] [wsgi:error] [pid 11:tid 140203859216064] [remote 10.0.0.97:47412] 2026-05-21 13:28:53.466 11 ERROR keystone.server.flask.application
[Thu May 21 13:28:53.480901 2026] [wsgi:error] [pid 11:tid 140203859216064] [remote 10.0.0.97:47412] 2026-05-21 13:28:53.466 11 ERROR keystone.server.flask.application The above exception was the direct cause of the following exception:
[Thu May 21 13:28:53.480902 2026] [wsgi:error] [pid 11:tid 140203859216064] [remote 10.0.0.97:47412] 2026-05-21 13:28:53.466 11 ERROR keystone.server.flask.application
[Thu May 21 13:28:53.480903 2026] [wsgi:error] [pid 11:tid 140203859216064] [remote 10.0.0.97:47412] 2026-05-21 13:28:53.466 11 ERROR keystone.server.flask.application
Traceback (most recent call last):
[Thu May 21 13:28:53.480905 2026] [wsgi:error] [pid 11:tid 140203859216064] [remote 10.0.0.97:47412] 2026-05-21 13:28:53.466 11 ERROR keystone.server.flask.application
File "/var/lib/openstack/lib/python3.12/site-packages/keystone/common/sql/core.py", line 575, in wrapper
[Thu May 21 13:28:53.480906 2026] [wsgi:error] [pid 11:tid 140203859216064] [remote 10.0.0.97:47412] 2026-05-21 13:28:53.466 11 ERROR keystone.server.flask.application return method(*args, **kwargs)
[Thu May 21 13:28:53.480907 2026] [wsgi:error] [pid 11:tid 140203859216064] [remote 10.0.0.97:47412] 2026-05-21 13:28:53.466 11 ERROR keystone.server.flask.application ^^^^^^^^^^^^^^^^^^^^^^^
[Thu May 21 13:28:53.480909 2026] [wsgi:error] [pid 11:tid 140203859216064] [remote 10.0.0.97:47412] 2026-05-21 13:28:53.466 11 ERROR keystone.server.flask.application
File "/var/lib/openstack/lib/python3.12/site-packages/keystone/resource/backends/sql.py", line 278, in create_project
[Thu May 21 13:28:53.480915 2026] [wsgi:error] [pid 11:tid 140203859216064] [remote 10.0.0.97:47412] 2026-05-21 13:28:53.466 11 ERROR keystone.server.flask.application with sql.session_for_write() as session:
[Thu May 21 13:28:53.480916 2026] [wsgi:error] [pid 11:tid 140203859216064] [remote 10.0.0.97:47412] 2026-05-21 13:28:53.466 11 ERROR keystone.server.flask.application
File "/usr/lib/python3.12/contextlib.py", line 144, in __exit__
[Thu May 21 13:28:53.480917 2026] [wsgi:error] [pid 11:tid 140203859216064] [remote 10.0.0.97:47412] 2026-05-21 13:28:53.466 11 ERROR keystone.server.flask.application next(self.gen)
[Thu May 21 13:28:53.480919 2026] [wsgi:error] [pid 11:tid 140203859216064] [remote 10.0.0.97:47412] 2026-05-21 13:28:53.466 11 ERROR keystone.server.flask.application
File "/var/lib/openstack/lib/python3.12/site-packages/oslo_db/sqlalchemy/enginefacade.py", line 1175, in _transaction_scope
[Thu May 21 13:28:53.480920 2026] [wsgi:error] [pid 11:tid 140203859216064] [remote 10.0.0.97:47412] 2026-05-21 13:28:53.466 11 ERROR keystone.server.flask.application with current._produce_block(
[Thu May 21 13:28:53.480922 2026] [wsgi:error] [pid 11:tid 140203859216064] [remote 10.0.0.97:47412] 2026-05-21 13:28:53.466 11 ERROR keystone.server.flask.application
File "/usr/lib/python3.12/contextlib.py", line 144, in __exit__
[Thu May 21 13:28:53.480923 2026] [wsgi:error] [pid 11:tid 140203859216064] [remote 10.0.0.97:47412] 2026-05-21 13:28:53.466 11 ERROR keystone.server.flask.application next(self.gen)
[Thu May 21 13:28:53.480924 2026] [wsgi:error] [pid 11:tid 140203859216064] [remote 10.0.0.97:47412] 2026-05-21 13:28:53.466 11 ERROR keystone.server.flask.application
File "/var/lib/openstack/lib/python3.12/site-packages/oslo_db/sqlalchemy/enginefacade.py", line 837, in _session
[Thu May 21 13:28:53.480926 2026] [wsgi:error] [pid 11:tid 140203859216064] [remote 10.0.0.97:47412] 2026-05-21 13:28:53.466 11 ERROR keystone.server.flask.application with excutils.save_and_reraise_exception():
[Thu May 21 13:28:53.480927 2026] [wsgi:error] [pid 11:tid 140203859216064] [remote 10.0.0.97:47412] 2026-05-21 13:28:53.466 11 ERROR keystone.server.flask.application
File "/var/lib/openstack/lib/python3.12/site-packages/oslo_utils/excutils.py", line 271, in __exit__
[Thu May 21 13:28:53.480929 2026] [wsgi:error] [pid 11:tid 140203859216064] [remote 10.0.0.97:47412] 2026-05-21 13:28:53.466 11 ERROR keystone.server.flask.application self.force_reraise()
[Thu May 21 13:28:53.480930 2026] [wsgi:error] [pid 11:tid 140203859216064] [remote 10.0.0.97:47412] 2026-05-21 13:28:53.466 11 ERROR keystone.server.flask.application
File "/var/lib/openstack/lib/python3.12/site-packages/oslo_utils/excutils.py", line 233, in force_reraise
[Thu May 21 13:28:53.480931 2026] [wsgi:error] [pid 11:tid 140203859216064] [remote 10.0.0.97:47412] 2026-05-21 13:28:53.466 11 ERROR keystone.server.flask.application raise self.value
[Thu May 21 13:28:53.480933 2026] [wsgi:error] [pid 11:tid 140203859216064] [remote 10.0.0.97:47412] 2026-05-21 13:28:53.466 11 ERROR keystone.server.flask.application
File "/var/lib/openstack/lib/python3.12/site-packages/oslo_db/sqlalchemy/enginefacade.py", line 835, in _session
[Thu May 21 13:28:53.480934 2026] [wsgi:error] [pid 11:tid 140203859216064] [remote 10.0.0.97:47412] 2026-05-21 13:28:53.466 11 ERROR keystone.server.flask.application self._end_session_transaction(self.session)
[Thu May 21 13:28:53.480936 2026] [wsgi:error] [pid 11:tid 140203859216064] [remote 10.0.0.97:47412] 2026-05-21 13:28:53.466 11 ERROR keystone.server.flask.application
File "/var/lib/openstack/lib/python3.12/site-packages/oslo_db/sqlalchemy/enginefacade.py", line 748, in _end_session_transaction
[Thu May 21 13:28:53.480938 2026] [wsgi:error] [pid 11:tid 140203859216064] [remote 10.0.0.97:47412] 2026-05-21 13:28:53.466 11 ERROR keystone.server.flask.application session.commit()
[Thu May 21 13:28:53.480941 2026] [wsgi:error] [pid 11:tid 140203859216064] [remote 10.0.0.97:47412] 2026-05-21 13:28:53.466 11 ERROR keystone.server.flask.application
File "/var/lib/openstack/lib/python3.12/site-packages/sqlalchemy/orm/session.py", line 2030, in commit
[Thu May 21 13:28:53.480944 2026] [wsgi:error] [pid 11:tid 140203859216064] [remote 10.0.0.97:47412] 2026-05-21 13:28:53.466 11 ERROR keystone.server.flask.application trans.commit(_to_root=True)
[Thu May 21 13:28:53.480946 2026] [wsgi:error] [pid 11:tid 140203859216064] [remote 10.0.0.97:47412] 2026-05-21 13:28:53.466 11 ERROR keystone.server.flask.application File "", line 2, in commit
[Thu May 21 13:28:53.480948 2026] [wsgi:error] [pid 11:tid 140203859216064] [remote 10.0.0.97:47412] 2026-05-21 13:28:53.466 11 ERROR keystone.server.flask.application
File "/var/lib/openstack/lib/python3.12/site-packages/sqlalchemy/orm/state_changes.py", line 137, in _go
[Thu May 21 13:28:53.480950 2026] [wsgi:error] [pid 11:tid 140203859216064] [remote 10.0.0.97:47412] 2026-05-21 13:28:53.466 11 ERROR keystone.server.flask.application ret_value = fn(self, *arg, **kw)
[Thu May 21 13:28:53.480952 2026] [wsgi:error] [pid 11:tid 140203859216064] [remote 10.0.0.97:47412] 2026-05-21 13:28:53.466 11 ERROR keystone.server.flask.application ^^^^^^^^^^^^^^^^^^^^
[Thu May 21 13:28:53.480954 2026] [wsgi:error] [pid 11:tid 140203859216064] [remote 10.0.0.97:47412] 2026-05-21 13:28:53.466 11 ERROR keystone.server.flask.application
File "/var/lib/openstack/lib/python3.12/site-packages/sqlalchemy/orm/session.py", line 1311, in commit
[Thu May 21 13:28:53.480957 2026] [wsgi:error] [pid 11:tid 140203859216064] [remote 10.0.0.97:47412] 2026-05-21 13:28:53.466 11 ERROR keystone.server.flask.application self._prepare_impl()
[Thu May 21 13:28:53.480958 2026] [wsgi:error] [pid 11:tid 140203859216064] [remote 10.0.0.97:47412] 2026-05-21 13:28:53.466 11 ERROR keystone.server.flask.application File "", line 2, in _prepare_impl
[Thu May 21 13:28:53.480960 2026] [wsgi:error] [pid 11:tid 140203859216064] [remote 10.0.0.97:47412] 2026-05-21 13:28:53.466 11 ERROR keystone.server.flask.application
File "/var/lib/openstack/lib/python3.12/site-packages/sqlalchemy/orm/state_changes.py", line 137, in _go
[Thu May 21 13:28:53.480962 2026] [wsgi:error] [pid 11:tid 140203859216064] [remote 10.0.0.97:47412] 2026-05-21 13:28:53.466 11 ERROR keystone.server.flask.application ret_value = fn(self, *arg, **kw)
[Thu May 21 13:28:53.480964 2026] [wsgi:error] [pid 11:tid 140203859216064] [remote 10.0.0.97:47412] 2026-05-21 13:28:53.466 11 ERROR keystone.server.flask.application ^^^^^^^^^^^^^^^^^^^^
[Thu May 21 13:28:53.480966 2026] [wsgi:error] [pid 11:tid 140203859216064] [remote 10.0.0.97:47412] 2026-05-21 13:28:53.466 11 ERROR keystone.server.flask.application
File "/var/lib/openstack/lib/python3.12/site-packages/sqlalchemy/orm/session.py", line 1286, in _prepare_impl
[Thu May 21 13:28:53.480968 2026] [wsgi:error] [pid 11:tid 140203859216064] [remote 10.0.0.97:47412] 2026-05-21 13:28:53.466 11 ERROR keystone.server.flask.application self.session.flush()
[Thu May 21 13:28:53.480970 2026] [wsgi:error] [pid 11:tid 140203859216064] [remote 10.0.0.97:47412] 2026-05-21 13:28:53.466 11 ERROR keystone.server.flask.application
File "/var/lib/openstack/lib/python3.12/site-packages/sqlalchemy/orm/session.py", line 4331, in flush
[Thu May 21 13:28:53.480972 2026] [wsgi:error] [pid 11:tid 140203859216064] [remote 10.0.0.97:47412] 2026-05-21 13:28:53.466 11 ERROR keystone.server.flask.application self._flush(objects)
[Thu May 21 13:28:53.480974 2026] [wsgi:error] [pid 11:tid 140203859216064] [remote 10.0.0.97:47412] 2026-05-21 13:28:53.466 11 ERROR keystone.server.flask.application
File "/var/lib/openstack/lib/python3.12/site-packages/sqlalchemy/orm/session.py", line 4466, in _flush
[Thu May 21 13:28:53.480976 2026] [wsgi:error] [pid 11:tid 140203859216064] [remote 10.0.0.97:47412] 2026-05-21 13:28:53.466 11 ERROR keystone.server.flask.application with util.safe_reraise():
[Thu May 21 13:28:53.480978 2026] [wsgi:error] [pid 11:tid 140203859216064] [remote 10.0.0.97:47412] 2026-05-21 13:28:53.466 11 ERROR keystone.server.flask.application
File "/var/lib/openstack/lib/python3.12/site-packages/sqlalchemy/util/langhelpers.py", line 121, in __exit__
[Thu May 21 13:28:53.480981 2026] [wsgi:error] [pid 11:tid 140203859216064] [remote 10.0.0.97:47412] 2026-05-21 13:28:53.466 11 ERROR keystone.server.flask.application raise exc_value.with_traceback(exc_tb)
[Thu May 21 13:28:53.480983 2026] [wsgi:error] [pid 11:tid 140203859216064] [remote 10.0.0.97:47412] 2026-05-21 13:28:53.466 11 ERROR keystone.server.flask.application
File "/var/lib/openstack/lib/python3.12/site-packages/sqlalchemy/orm/session.py", line 4427, in _flush
[Thu May 21 13:28:53.480985 2026] [wsgi:error] [pid 11:tid 140203859216064] [remote 10.0.0.97:47412] 2026-05-21 13:28:53.466 11 ERROR keystone.server.flask.application flush_context.execute()
[Thu May 21 13:28:53.480987 2026] [wsgi:error] [pid 11:tid 140203859216064] [remote 10.0.0.97:47412] 2026-05-21 13:28:53.466 11 ERROR keystone.server.flask.application
File "/var/lib/openstack/lib/python3.12/site-packages/sqlalchemy/orm/unitofwork.py", line 466, in execute
