2026-05-27 07:22:51.828 7 INFO neutron.pecan_wsgi.hooks.translation [None req-8841b7d5-c493-4ec3-8ad8-d4f7ac1051f3 7ac9b6ddd1a54bb0b8154a5a21c10551 3e6c33ef869a405dac219ca1cb269a65 - - default default] DELETE failed (client error): The resource could not be found. [pid: 7|app: 0|req: 893/1661] 10.0.0.180 () {32 vars in 724 bytes} [Wed May 27 07:22:51 2026] DELETE /v2.0/subnets/85e3a038-337d-4634-971a-1f01cbd0e01e => generated 136 bytes in 15 msecs (HTTP/1.1 404) 4 headers in 164 bytes (1 switches on core 0)
2026-05-27 07:22:51.846 7 INFO neutron.pecan_wsgi.hooks.translation [None req-8114d111-b414-4a4b-b5e9-561292f00a2f 7ac9b6ddd1a54bb0b8154a5a21c10551 3e6c33ef869a405dac219ca1cb269a65 - - default default] DELETE failed (client error): The resource could not be found. [pid: 7|app: 0|req: 894/1662] 10.0.0.180 () {32 vars in 724 bytes} [Wed May 27 07:22:51 2026] DELETE /v2.0/subnets/9dcdfeec-5707-4c8d-bdad-9c6fcf0d15a2 => generated 136 bytes in 14 msecs (HTTP/1.1 404) 4 headers in 164 bytes (1 switches on core 0)
2026-05-27 07:22:51.866 8 INFO neutron.db.segments_db [None req-14e40326-fa2f-4d6e-99be-94f2711f66be 719c53635bca474785f7ff11e3161007 d36abbb3d1174cffb73150a46708fdf8 - - default default] Added segment 58ebdd3e-df29-4af7-9be3-90a6fc390555 of type geneve for network ad571b63-37e2-46b2-a2e4-c23ae6ced320
2026-05-27 07:22:52.013 7 INFO neutron_taas.services.taas.taas_plugin [None req-9699a0cd-6f50-4db0-88d8-a8ab5b506d73 7ac9b6ddd1a54bb0b8154a5a21c10551 3e6c33ef869a405dac219ca1cb269a65 - - default default] TaaS: Handle Delete Port: f88ad34d-929a-4623-9005-793d94fda0b4
2026-05-27 07:22:52.017 7 INFO neutron_taas.services.taas.tap_mirror_plugin [None req-9699a0cd-6f50-4db0-88d8-a8ab5b506d73 7ac9b6ddd1a54bb0b8154a5a21c10551 3e6c33ef869a405dac219ca1cb269a65 - - default default] Tap Mirror: Handle Delete Port: f88ad34d-929a-4623-9005-793d94fda0b4
2026-05-27 07:22:52.017 8 INFO neutron.db.ovn_revision_numbers_db [None req-14e40326-fa2f-4d6e-99be-94f2711f66be 719c53635bca474785f7ff11e3161007 d36abbb3d1174cffb73150a46708fdf8 - - default default] Successfully bumped revision number for resource ad571b63-37e2-46b2-a2e4-c23ae6ced320 (type: networks) to 1 [pid: 7|app: 0|req: 895/1663] 10.0.0.180 () {32 vars in 720 bytes} [Wed May 27 07:22:51 2026] DELETE /v2.0/ports/f88ad34d-929a-4623-9005-793d94fda0b4 => generated 0 bytes in 334 msecs (HTTP/1.1 204) 3 headers in 131 bytes (1 switches on core 0)
2026-05-27 07:22:52.290 8 WARNING neutron.scheduler.dhcp_agent_scheduler [None req-14e40326-fa2f-4d6e-99be-94f2711f66be 719c53635bca474785f7ff11e3161007 d36abbb3d1174cffb73150a46708fdf8 - - default default] No more DHCP agents
2026-05-27 07:22:52.292 8 WARNING neutron.api.rpc.agentnotifiers.dhcp_rpc_agent_api [None req-14e40326-fa2f-4d6e-99be-94f2711f66be 719c53635bca474785f7ff11e3161007 d36abbb3d1174cffb73150a46708fdf8 - - default default] Unable to schedule network ad571b63-37e2-46b2-a2e4-c23ae6ced320: no agents available; will retry on subsequent port and subnet creation events.
2026-05-27 07:22:52.362 8 INFO neutron.plugins.ml2.drivers.ovn.mech_driver.mech_driver [None req-589e2f06-d0b5-4912-b945-29b9b4d0830a - - - - - -] OVN reports status down for port: 4edfbebc-db73-44a6-adb9-c452628226b9
2026-05-27 07:22:52.424 8 INFO neutron.db.ovn_revision_numbers_db [None req-14e40326-fa2f-4d6e-99be-94f2711f66be 719c53635bca474785f7ff11e3161007 d36abbb3d1174cffb73150a46708fdf8 - - default default] Successfully bumped revision number for resource 4edfbebc-db73-44a6-adb9-c452628226b9 (type: ports) to 1 [pid: 8|app: 0|req: 769/1664] 10.0.0.180 () {34 vars in 670 bytes} [Wed May 27 07:22:51 2026] POST /v2.0/networks => generated 644 bytes in 1209 msecs (HTTP/1.1 201) 4 headers in 162 bytes (1 switches on core 0)
2026-05-27 07:22:52.551 7 INFO neutron.db.ovn_revision_numbers_db [None req-ad5d2b15-5551-4003-8bb9-f2e8aa284191 8867f87c05844c53b509a5522a2356a3 3e2ead8ce49d40fd896b7472c849f088 - - default default] Successfully bumped revision number for resource e98016e9-a5d4-4a84-896b-ac620ce04b98 (type: security_groups) to 1
2026-05-27 07:22:52.568 7 INFO neutron.db.ovn_revision_numbers_db [None req-ad5d2b15-5551-4003-8bb9-f2e8aa284191 8867f87c05844c53b509a5522a2356a3 3e2ead8ce49d40fd896b7472c849f088 - - default default] Successfully bumped revision number for resource 3d535294-04a1-4680-80ef-71da7b00f88a (type: security_group_rules) to 0
2026-05-27 07:22:52.590 7 INFO neutron.db.ovn_revision_numbers_db [None req-ad5d2b15-5551-4003-8bb9-f2e8aa284191 8867f87c05844c53b509a5522a2356a3 3e2ead8ce49d40fd896b7472c849f088 - - default default] Successfully bumped revision number for resource 6ad17aa3-5714-4927-83cc-3bca92943ed0 (type: security_group_rules) to 0
2026-05-27 07:22:52.603 7 INFO neutron.db.ovn_revision_numbers_db [None req-ad5d2b15-5551-4003-8bb9-f2e8aa284191 8867f87c05844c53b509a5522a2356a3 3e2ead8ce49d40fd896b7472c849f088 - - default default] Successfully bumped revision number for resource 8cad0af6-3da1-451c-a916-7f3f2987bf98 (type: security_group_rules) to 0
2026-05-27 07:22:52.616 7 INFO neutron.db.ovn_revision_numbers_db [None req-ad5d2b15-5551-4003-8bb9-f2e8aa284191 8867f87c05844c53b509a5522a2356a3 3e2ead8ce49d40fd896b7472c849f088 - - default default] Successfully bumped revision number for resource 99765577-e7c1-412d-8865-925b9ebdca4f (type: security_group_rules) to 0
2026-05-27 07:22:52.683 8 INFO neutron_taas.services.taas.taas_plugin [None req-d1f5de68-7496-407d-b635-549981d6c49f 7ac9b6ddd1a54bb0b8154a5a21c10551 3e6c33ef869a405dac219ca1cb269a65 - - default default] TaaS: Handle Delete Port: df2ff65f-e037-478b-9bb2-02ef81c7b9b1
2026-05-27 07:22:52.686 8 INFO neutron_taas.services.taas.tap_mirror_plugin [None req-d1f5de68-7496-407d-b635-549981d6c49f 7ac9b6ddd1a54bb0b8154a5a21c10551 3e6c33ef869a405dac219ca1cb269a65 - - default default] Tap Mirror: Handle Delete Port: df2ff65f-e037-478b-9bb2-02ef81c7b9b1
2026-05-27 07:22:52.714 7 INFO neutron.db.segments_db [None req-ad5d2b15-5551-4003-8bb9-f2e8aa284191 8867f87c05844c53b509a5522a2356a3 3e2ead8ce49d40fd896b7472c849f088 - - default default] Added segment d6a5cf81-4cf8-468e-9d27-b720bf10c39a of type geneve for network 0a1c921d-e9de-4ae6-aee8-3cb89cf6f10b
2026-05-27 07:22:52.880 7 INFO neutron.db.ovn_revision_numbers_db [None req-ad5d2b15-5551-4003-8bb9-f2e8aa284191 8867f87c05844c53b509a5522a2356a3 3e2ead8ce49d40fd896b7472c849f088 - - default default] Successfully bumped revision number for resource 0a1c921d-e9de-4ae6-aee8-3cb89cf6f10b (type: networks) to 1 [pid: 8|app: 0|req: 770/1665] 10.0.0.180 () {32 vars in 726 bytes} [Wed May 27 07:22:52 2026] DELETE /v2.0/networks/ddb45a7b-daf8-4063-be9f-6e9623b02141 => generated 0 bytes in 488 msecs (HTTP/1.1 204) 3 headers in 131 bytes (1 switches on core 0)
2026-05-27 07:22:53.095 7 WARNING neutron.scheduler.dhcp_agent_scheduler [None req-ad5d2b15-5551-4003-8bb9-f2e8aa284191 8867f87c05844c53b509a5522a2356a3 3e2ead8ce49d40fd896b7472c849f088 - - default default] No more DHCP agents
2026-05-27 07:22:53.097 7 WARNING neutron.api.rpc.agentnotifiers.dhcp_rpc_agent_api [None req-ad5d2b15-5551-4003-8bb9-f2e8aa284191 8867f87c05844c53b509a5522a2356a3 3e2ead8ce49d40fd896b7472c849f088 - - default default] Unable to schedule network 0a1c921d-e9de-4ae6-aee8-3cb89cf6f10b: no agents available; will retry on subsequent port and subnet creation events.
2026-05-27 07:22:53.201 8 INFO neutron.plugins.ml2.drivers.ovn.mech_driver.mech_driver [None req-589e2f06-d0b5-4912-b945-29b9b4d0830a - - - - - -] OVN reports status down for port: fda6c30b-da3c-44fb-a109-6df7cb23311d
2026-05-27 07:22:53.214 7 INFO neutron.db.ovn_revision_numbers_db [None req-ad5d2b15-5551-4003-8bb9-f2e8aa284191 8867f87c05844c53b509a5522a2356a3 3e2ead8ce49d40fd896b7472c849f088 - - default default] Successfully bumped revision number for resource fda6c30b-da3c-44fb-a109-6df7cb23311d (type: ports) to 1 [pid: 7|app: 0|req: 896/1666] 10.0.0.180 () {34 vars in 670 bytes} [Wed May 27 07:22:52 2026] POST /v2.0/networks => generated 634 bytes in 1067 msecs (HTTP/1.1 201) 4 headers in 162 bytes (1 switches on core 0)
2026-05-27 07:22:53.307 8 WARNING neutron.scheduler.dhcp_agent_scheduler [None req-e264fe1b-a35e-439d-ac8b-4ffad19ef1fd 719c53635bca474785f7ff11e3161007 d36abbb3d1174cffb73150a46708fdf8 - - default default] No more DHCP agents
2026-05-27 07:22:53.312 8 WARNING neutron.api.rpc.agentnotifiers.dhcp_rpc_agent_api [None req-e264fe1b-a35e-439d-ac8b-4ffad19ef1fd 719c53635bca474785f7ff11e3161007 d36abbb3d1174cffb73150a46708fdf8 - - default default] Unable to schedule network ad571b63-37e2-46b2-a2e4-c23ae6ced320: no agents available; will retry on subsequent port and subnet creation events.
2026-05-27 07:22:53.656 7 INFO neutron.db.ovn_revision_numbers_db [None req-0bee0f58-16ac-45a9-b1ba-b7d2d7d50b6b 87db2ab79fd4478993968e810a2536ca 5c1fc7e06d8b4d19b6bce2a1fb5c74d3 - - default default] Successfully bumped revision number for resource 00484956-c523-484a-858a-e41025f8a090 (type: security_groups) to 1
2026-05-27 07:22:53.669 7 INFO neutron.db.ovn_revision_numbers_db [None req-0bee0f58-16ac-45a9-b1ba-b7d2d7d50b6b 87db2ab79fd4478993968e810a2536ca 5c1fc7e06d8b4d19b6bce2a1fb5c74d3 - - default default] Successfully bumped revision number for resource 0c14d827-b44a-4d4c-8676-a32d0c26eb2d (type: security_group_rules) to 0
2026-05-27 07:22:53.684 7 INFO neutron.db.ovn_revision_numbers_db [None req-0bee0f58-16ac-45a9-b1ba-b7d2d7d50b6b 87db2ab79fd4478993968e810a2536ca 5c1fc7e06d8b4d19b6bce2a1fb5c74d3 - - default default] Successfully bumped revision number for resource 3d9a4162-4d7f-462a-99af-07f5e0061282 (type: security_group_rules) to 0
2026-05-27 07:22:53.697 7 INFO neutron.db.ovn_revision_numbers_db [None req-0bee0f58-16ac-45a9-b1ba-b7d2d7d50b6b 87db2ab79fd4478993968e810a2536ca 5c1fc7e06d8b4d19b6bce2a1fb5c74d3 - - default default] Successfully bumped revision number for resource 4511a0de-898e-41ad-969c-31e9e8fbb914 (type: security_group_rules) to 0
2026-05-27 07:22:53.711 7 INFO neutron.db.ovn_revision_numbers_db [None req-0bee0f58-16ac-45a9-b1ba-b7d2d7d50b6b 87db2ab79fd4478993968e810a2536ca 5c1fc7e06d8b4d19b6bce2a1fb5c74d3 - - default default] Successfully bumped revision number for resource dad29478-7d5f-42a3-a8b3-cbb7b2adbead (type: security_group_rules) to 0 [pid: 7|app: 0|req: 897/1667] 10.0.0.180 () {32 vars in 774 bytes} [Wed May 27 07:22:53 2026] GET /v2.0/security-groups?tenant_id=b30787e037a442588834dfc598f11dc0&name=default => generated 2925 bytes in 503 msecs (HTTP/1.1 200) 4 headers in 158 bytes (1 switches on core 0)
2026-05-27 07:22:53.759 8 INFO neutron.services.segments.plugin [-] Segment d86a16fe-ccb6-4714-8423-c70997200b7d resource provider aggregate not found
2026-05-27 07:22:53.780 8 INFO neutron.services.segments.plugin [-] Segment d86a16fe-ccb6-4714-8423-c70997200b7d resource provider aggregate not found
2026-05-27 07:22:53.784 8 INFO neutron.services.segments.plugin [-] Segment d86a16fe-ccb6-4714-8423-c70997200b7d resource provider not found; error: Placement Client Error (4xx): {"errors": [{"status": 404, "title": "Not Found", "detail": "The resource could not be found.\n\n No resource provider with uuid d86a16fe-ccb6-4714-8423-c70997200b7d found for delete ", "request_id": "req-b061d314-2c1e-499f-83d3-642b9fa1561d"}]}
2026-05-27 07:22:53.806 8 INFO neutron.services.segments.plugin [-] Segment d86a16fe-ccb6-4714-8423-c70997200b7d resource provider not found; error: Placement Client Error (4xx): {"errors": [{"status": 404, "title": "Not Found", "detail": "The resource could not be found.\n\n No resource provider with uuid d86a16fe-ccb6-4714-8423-c70997200b7d found for delete ", "request_id": "req-0f7fc9cc-5af1-4a9f-b0d9-73d964832e6f"}]}
2026-05-27 07:22:53.853 7 INFO neutron.db.segments_db [None req-7890b47f-066f-4622-a9e4-7376767d0d88 8867f87c05844c53b509a5522a2356a3 3e2ead8ce49d40fd896b7472c849f088 - - default default] Added segment 366a7fc7-91e9-40ba-ad5e-874ef3cf90c9 of type geneve for network 3d8bf264-7179-4321-8785-0b0b2b731ee7
2026-05-27 07:22:53.921 8 INFO neutron.db.ovn_revision_numbers_db [None req-dbca599e-b552-4a59-8788-4ab829979c3d - - - - - -] Successfully bumped revision number for resource 4edfbebc-db73-44a6-adb9-c452628226b9 (type: ports) to 2
2026-05-27 07:22:53.955 8 INFO neutron.db.ovn_revision_numbers_db [None req-dbca599e-b552-4a59-8788-4ab829979c3d - - - - - -] Successfully bumped revision number for resource bd08ce25-5b60-4e76-b2f2-60fc8650cc02 (type: subnets) to 0 [pid: 8|app: 0|req: 771/1668] 10.0.0.180 () {34 vars in 669 bytes} [Wed May 27 07:22:52 2026] POST /v2.0/subnets => generated 641 bytes in 1003 msecs (HTTP/1.1 201) 4 headers in 162 bytes (1 switches on core 0)
2026-05-27 07:22:54.027 7 INFO neutron.db.ovn_revision_numbers_db [None req-7890b47f-066f-4622-a9e4-7376767d0d88 8867f87c05844c53b509a5522a2356a3 3e2ead8ce49d40fd896b7472c849f088 - - default default] Successfully bumped revision number for resource 3d8bf264-7179-4321-8785-0b0b2b731ee7 (type: networks) to 1 [pid: 8|app: 0|req: 772/1669] 10.0.0.180 () {32 vars in 774 bytes} [Wed May 27 07:22:53 2026] GET /v2.0/security-groups?tenant_id=3e6c33ef869a405dac219ca1cb269a65&name=default => generated 2925 bytes in 85 msecs (HTTP/1.1 200) 4 headers in 158 bytes (1 switches on core 0)
2026-05-27 07:22:54.230 7 WARNING neutron.scheduler.dhcp_agent_scheduler [None req-7890b47f-066f-4622-a9e4-7376767d0d88 8867f87c05844c53b509a5522a2356a3 3e2ead8ce49d40fd896b7472c849f088 - - default default] No more DHCP agents
2026-05-27 07:22:54.234 7 WARNING neutron.api.rpc.agentnotifiers.dhcp_rpc_agent_api [None req-7890b47f-066f-4622-a9e4-7376767d0d88 8867f87c05844c53b509a5522a2356a3 3e2ead8ce49d40fd896b7472c849f088 - - default default] Unable to schedule network 3d8bf264-7179-4321-8785-0b0b2b731ee7: no agents available; will retry on subsequent port and subnet creation events.
2026-05-27 07:22:54.332 8 INFO neutron.plugins.ml2.drivers.ovn.mech_driver.mech_driver [None req-589e2f06-d0b5-4912-b945-29b9b4d0830a - - - - - -] OVN reports status down for port: dd5d20ae-2594-4b9c-9c24-861f3289bfb1
2026-05-27 07:22:54.375 7 INFO neutron.db.ovn_revision_numbers_db [None req-7890b47f-066f-4622-a9e4-7376767d0d88 8867f87c05844c53b509a5522a2356a3 3e2ead8ce49d40fd896b7472c849f088 - - default default] Successfully bumped revision number for resource dd5d20ae-2594-4b9c-9c24-861f3289bfb1 (type: ports) to 1 [pid: 7|app: 0|req: 898/1670] 10.0.0.180 () {34 vars in 670 bytes} [Wed May 27 07:22:53 2026] POST /v2.0/networks => generated 634 bytes in 643 msecs (HTTP/1.1 201) 4 headers in 162 bytes (1 switches on core 0) [pid: 8|app: 0|req: 773/1671] 10.0.0.180 () {32 vars in 740 bytes} [Wed May 27 07:22:54 2026] DELETE /v2.0/security-groups/00484956-c523-484a-858a-e41025f8a090 => generated 0 bytes in 378 msecs (HTTP/1.1 204) 2 headers in 112 bytes (1 switches on core 0)
2026-05-27 07:22:54.497 7 INFO neutron.db.segments_db [None req-335ab61c-13a7-4a3b-8272-3d81fb918f76 719c53635bca474785f7ff11e3161007 d36abbb3d1174cffb73150a46708fdf8 - - default default] Added segment 6f61872b-1314-4b7d-9f4f-506e01bdeddc of type geneve for network 3acc8f8c-d3fb-4db6-9102-ecdd3874a2be
2026-05-27 07:22:54.662 7 INFO neutron.db.ovn_revision_numbers_db [None req-335ab61c-13a7-4a3b-8272-3d81fb918f76 719c53635bca474785f7ff11e3161007 d36abbb3d1174cffb73150a46708fdf8 - - default default] Successfully bumped revision number for resource 3acc8f8c-d3fb-4db6-9102-ecdd3874a2be (type: networks) to 1 [pid: 8|app: 0|req: 774/1672] 10.0.0.180 () {32 vars in 740 bytes} [Wed May 27 07:22:54 2026] DELETE /v2.0/security-groups/8d8884ea-75dd-43d8-981c-6265049d4a45 => generated 0 bytes in 334 msecs (HTTP/1.1 204) 2 headers in 112 bytes (1 switches on core 0)
2026-05-27 07:22:54.886 7 WARNING neutron.scheduler.dhcp_agent_scheduler [None req-335ab61c-13a7-4a3b-8272-3d81fb918f76 719c53635bca474785f7ff11e3161007 d36abbb3d1174cffb73150a46708fdf8 - - default default] No more DHCP agents
2026-05-27 07:22:54.887 7 WARNING neutron.api.rpc.agentnotifiers.dhcp_rpc_agent_api [None req-335ab61c-13a7-4a3b-8272-3d81fb918f76 719c53635bca474785f7ff11e3161007 d36abbb3d1174cffb73150a46708fdf8 - - default default] Unable to schedule network 3acc8f8c-d3fb-4db6-9102-ecdd3874a2be: no agents available; will retry on subsequent port and subnet creation events.
2026-05-27 07:22:54.984 8 INFO neutron.plugins.ml2.drivers.ovn.mech_driver.mech_driver [None req-589e2f06-d0b5-4912-b945-29b9b4d0830a - - - - - -] OVN reports status down for port: 8ea52da0-a997-42c5-b26b-4df6129ef8a0
2026-05-27 07:22:55.005 7 INFO neutron.db.ovn_revision_numbers_db [None req-335ab61c-13a7-4a3b-8272-3d81fb918f76 719c53635bca474785f7ff11e3161007 d36abbb3d1174cffb73150a46708fdf8 - - default default] Successfully bumped revision number for resource 8ea52da0-a997-42c5-b26b-4df6129ef8a0 (type: ports) to 1 [pid: 7|app: 0|req: 899/1673] 10.0.0.180 () {34 vars in 670 bytes} [Wed May 27 07:22:54 2026] POST /v2.0/networks => generated 643 bytes in 635 msecs (HTTP/1.1 201) 4 headers in 162 bytes (1 switches on core 0)
2026-05-27 07:22:55.100 8 WARNING neutron.scheduler.dhcp_agent_scheduler [None req-3d0435a0-12b8-4fa5-b3e8-17d05fe1c8d4 8867f87c05844c53b509a5522a2356a3 3e2ead8ce49d40fd896b7472c849f088 - - default default] No more DHCP agents
2026-05-27 07:22:55.103 8 WARNING neutron.api.rpc.agentnotifiers.dhcp_rpc_agent_api [None req-3d0435a0-12b8-4fa5-b3e8-17d05fe1c8d4 8867f87c05844c53b509a5522a2356a3 3e2ead8ce49d40fd896b7472c849f088 - - default default] Unable to schedule network 0a1c921d-e9de-4ae6-aee8-3cb89cf6f10b: no agents available; will retry on subsequent port and subnet creation events.
2026-05-27 07:22:55.143 8 INFO neutron.db.ovn_revision_numbers_db [None req-3d0435a0-12b8-4fa5-b3e8-17d05fe1c8d4 8867f87c05844c53b509a5522a2356a3 3e2ead8ce49d40fd896b7472c849f088 - - default default] Successfully bumped revision number for resource 3f43acd2-c2b2-45ac-b19e-c15f9d023dd9 (type: subnets) to 0 [pid: 8|app: 0|req: 775/1674] 10.0.0.180 () {34 vars in 669 bytes} [Wed May 27 07:22:54 2026] POST /v2.0/subnets => generated 646 bytes in 389 msecs (HTTP/1.1 201) 4 headers in 162 bytes (1 switches on core 0)
2026-05-27 07:22:55.225 7 INFO neutron.db.ovn_revision_numbers_db [None req-20068f52-8bed-436b-bdf1-5af4f25be244 719c53635bca474785f7ff11e3161007 d36abbb3d1174cffb73150a46708fdf8 - - default default] Successfully bumped revision number for resource 3acc8f8c-d3fb-4db6-9102-ecdd3874a2be (type: networks) to 2 [pid: 7|app: 0|req: 900/1675] 10.0.0.180 () {34 vars in 743 bytes} [Wed May 27 07:22:55 2026] PUT /v2.0/networks/3acc8f8c-d3fb-4db6-9102-ecdd3874a2be => generated 598 bytes in 185 msecs (HTTP/1.1 200) 4 headers in 157 bytes (1 switches on core 0)
2026-05-27 07:22:55.366 8 WARNING neutron.scheduler.dhcp_agent_scheduler [None req-fdb9cff9-c386-4f89-a34f-680342a7fe2a 8867f87c05844c53b509a5522a2356a3 3e2ead8ce49d40fd896b7472c849f088 - - default default] No more DHCP agents
2026-05-27 07:22:55.368 8 WARNING neutron.api.rpc.agentnotifiers.dhcp_rpc_agent_api [None req-fdb9cff9-c386-4f89-a34f-680342a7fe2a 8867f87c05844c53b509a5522a2356a3 3e2ead8ce49d40fd896b7472c849f088 - - default default] Unable to schedule network 3d8bf264-7179-4321-8785-0b0b2b731ee7: no agents available; will retry on subsequent port and subnet creation events.
2026-05-27 07:22:55.410 8 INFO neutron.db.ovn_revision_numbers_db [None req-fdb9cff9-c386-4f89-a34f-680342a7fe2a 8867f87c05844c53b509a5522a2356a3 3e2ead8ce49d40fd896b7472c849f088 - - default default] Successfully bumped revision number for resource e010dc6f-a32e-4213-bcbe-6073bb626bac (type: subnets) to 0 [pid: 8|app: 0|req: 776/1676] 10.0.0.180 () {34 vars in 669 bytes} [Wed May 27 07:22:55 2026] POST /v2.0/subnets => generated 655 bytes in 256 msecs (HTTP/1.1 201) 4 headers in 162 bytes (1 switches on core 0)
2026-05-27 07:22:55.443 7 WARNING neutron.scheduler.dhcp_agent_scheduler [None req-56312388-83ba-428a-9a57-91c9d4e49401 719c53635bca474785f7ff11e3161007 d36abbb3d1174cffb73150a46708fdf8 - - default default] No more DHCP agents
2026-05-27 07:22:55.444 7 WARNING neutron.api.rpc.agentnotifiers.dhcp_rpc_agent_api [None req-56312388-83ba-428a-9a57-91c9d4e49401 719c53635bca474785f7ff11e3161007 d36abbb3d1174cffb73150a46708fdf8 - - default default] Unable to schedule network 3acc8f8c-d3fb-4db6-9102-ecdd3874a2be: no agents available; will retry on subsequent port and subnet creation events.
2026-05-27 07:22:55.588 8 INFO neutron.db.ovn_revision_numbers_db [None req-60f0bb4e-a19d-42a3-82ed-0f8b35de5040 8867f87c05844c53b509a5522a2356a3 3e2ead8ce49d40fd896b7472c849f088 - - default default] Successfully bumped revision number for resource 53dca865-5cfa-4204-8256-5ff877128ecc (type: routers) to 1 [pid: 8|app: 0|req: 777/1677] 10.0.0.180 () {34 vars in 669 bytes} [Wed May 27 07:22:55 2026] POST /v2.0/routers => generated 607 bytes in 171 msecs (HTTP/1.1 201) 4 headers in 162 bytes (1 switches on core 0)
2026-05-27 07:22:55.992 7 INFO neutron.db.ovn_revision_numbers_db [None req-7c314ca2-5296-45da-b536-bb7f67dea7c0 - - - - - -] Successfully bumped revision number for resource 8ea52da0-a997-42c5-b26b-4df6129ef8a0 (type: ports) to 2
2026-05-27 07:22:56.057 7 INFO neutron.db.ovn_revision_numbers_db [None req-7c314ca2-5296-45da-b536-bb7f67dea7c0 - - - - - -] Successfully bumped revision number for resource 4fa06f8f-622b-4542-8351-302b395b88ab (type: subnets) to 0 [pid: 7|app: 0|req: 901/1678] 10.0.0.180 () {34 vars in 669 bytes} [Wed May 27 07:22:55 2026] POST /v2.0/subnets => generated 626 bytes in 851 msecs (HTTP/1.1 201) 4 headers in 162 bytes (1 switches on core 0)
2026-05-27 07:22:56.165 8 WARNING neutron.scheduler.dhcp_agent_scheduler [None req-34a40765-5d3c-4a3e-af3c-91ff5c19135d 8867f87c05844c53b509a5522a2356a3 3e2ead8ce49d40fd896b7472c849f088 - - default default] No more DHCP agents
2026-05-27 07:22:56.167 8 WARNING neutron.api.rpc.agentnotifiers.dhcp_rpc_agent_api [None req-34a40765-5d3c-4a3e-af3c-91ff5c19135d 8867f87c05844c53b509a5522a2356a3 3e2ead8ce49d40fd896b7472c849f088 - - default default] Unable to schedule network 0a1c921d-e9de-4ae6-aee8-3cb89cf6f10b: no agents available; will retry on subsequent port and subnet creation events.
2026-05-27 07:22:56.275 8 INFO neutron.plugins.ml2.drivers.ovn.mech_driver.mech_driver [None req-589e2f06-d0b5-4912-b945-29b9b4d0830a - - - - - -] OVN reports status down for port: 38d174c0-4097-452f-a979-ceb2bf8c5dda
2026-05-27 07:22:56.349 8 INFO neutron.db.ovn_revision_numbers_db [None req-34a40765-5d3c-4a3e-af3c-91ff5c19135d 8867f87c05844c53b509a5522a2356a3 3e2ead8ce49d40fd896b7472c849f088 - - default default] Successfully bumped revision number for resource 38d174c0-4097-452f-a979-ceb2bf8c5dda (type: ports) to 1
2026-05-27 07:22:56.435 7 INFO neutron.db.ovn_revision_numbers_db [None req-40c6b98f-61f5-4d38-9b7f-6c5fd9338da1 719c53635bca474785f7ff11e3161007 d36abbb3d1174cffb73150a46708fdf8 - - default default] Successfully bumped revision number for resource 4fa06f8f-622b-4542-8351-302b395b88ab (type: subnets) to 1 [pid: 7|app: 0|req: 902/1679] 10.0.0.180 () {34 vars in 741 bytes} [Wed May 27 07:22:56 2026] PUT /v2.0/subnets/4fa06f8f-622b-4542-8351-302b395b88ab => generated 636 bytes in 348 msecs (HTTP/1.1 200) 4 headers in 157 bytes (1 switches on core 0)
2026-05-27 07:22:56.598 7 INFO neutron_taas.services.taas.taas_plugin [None req-7be11ba9-6e10-435c-a76f-44b4f614fce5 719c53635bca474785f7ff11e3161007 d36abbb3d1174cffb73150a46708fdf8 - - default default] TaaS: Handle Delete Port: 8ea52da0-a997-42c5-b26b-4df6129ef8a0
2026-05-27 07:22:56.600 7 INFO neutron_taas.services.taas.tap_mirror_plugin [None req-7be11ba9-6e10-435c-a76f-44b4f614fce5 719c53635bca474785f7ff11e3161007 d36abbb3d1174cffb73150a46708fdf8 - - default default] Tap Mirror: Handle Delete Port: 8ea52da0-a997-42c5-b26b-4df6129ef8a0
2026-05-27 07:22:57.013 7 INFO neutron.services.segments.plugin [-] Segment 6f61872b-1314-4b7d-9f4f-506e01bdeddc resource provider aggregate not found
2026-05-27 07:22:57.016 7 INFO neutron.services.segments.plugin [-] Segment 6f61872b-1314-4b7d-9f4f-506e01bdeddc resource provider aggregate not found
2026-05-27 07:22:57.041 7 INFO neutron.services.segments.plugin [-] Segment 6f61872b-1314-4b7d-9f4f-506e01bdeddc resource provider not found; error: Placement Client Error (4xx): {"errors": [{"status": 404, "title": "Not Found", "detail": "The resource could not be found.\n\n No resource provider with uuid 6f61872b-1314-4b7d-9f4f-506e01bdeddc found for delete ", "request_id": "req-7c4821da-087d-425f-bb1d-3cd22172fcca"}]}
2026-05-27 07:22:57.045 7 INFO neutron.services.segments.plugin [-] Segment 6f61872b-1314-4b7d-9f4f-506e01bdeddc resource provider not found; error: Placement Client Error (4xx): {"errors": [{"status": 404, "title": "Not Found", "detail": "The resource could not be found.\n\n No resource provider with uuid 6f61872b-1314-4b7d-9f4f-506e01bdeddc found for delete ", "request_id": "req-27e4cce8-d51d-4672-88ed-aa180503d914"}]}
2026-05-27 07:22:57.078 8 INFO neutron.plugins.ml2.drivers.ovn.mech_driver.mech_driver [None req-589e2f06-d0b5-4912-b945-29b9b4d0830a - - - - - -] OVN reports status up for port: 38d174c0-4097-452f-a979-ceb2bf8c5dda
2026-05-27 07:22:57.128 8 INFO neutron.plugins.ml2.plugin [None req-589e2f06-d0b5-4912-b945-29b9b4d0830a - - - - - -] Attempt 1 to provision port 38d174c0-4097-452f-a979-ceb2bf8c5dda [pid: 7|app: 0|req: 903/1680] 10.0.0.180 () {32 vars in 726 bytes} [Wed May 27 07:22:56 2026] DELETE /v2.0/networks/3acc8f8c-d3fb-4db6-9102-ecdd3874a2be => generated 0 bytes in 706 msecs (HTTP/1.1 204) 3 headers in 131 bytes (1 switches on core 0)
2026-05-27 07:22:57.307 8 WARNING neutron.scheduler.dhcp_agent_scheduler [None req-34a40765-5d3c-4a3e-af3c-91ff5c19135d 8867f87c05844c53b509a5522a2356a3 3e2ead8ce49d40fd896b7472c849f088 - - default default] No more DHCP agents
2026-05-27 07:22:57.312 8 WARNING neutron.api.rpc.agentnotifiers.dhcp_rpc_agent_api [None req-34a40765-5d3c-4a3e-af3c-91ff5c19135d 8867f87c05844c53b509a5522a2356a3 3e2ead8ce49d40fd896b7472c849f088 - - default default] Unable to schedule network 0a1c921d-e9de-4ae6-aee8-3cb89cf6f10b: no agents available; will retry on subsequent port and subnet creation events.
2026-05-27 07:22:57.540 7 INFO neutron.db.ovn_revision_numbers_db [None req-d3cf07e8-e022-4451-87dc-372cca533578 203360988d1b4224969da5b39a1212d1 ecf7e7df6ac34aa28e5ef74028773ce7 - - default default] Successfully bumped revision number for resource 59f2aa8d-f52e-4a09-9e2f-29d733c70b76 (type: security_groups) to 1
2026-05-27 07:22:57.555 7 INFO neutron.db.ovn_revision_numbers_db [None req-d3cf07e8-e022-4451-87dc-372cca533578 203360988d1b4224969da5b39a1212d1 ecf7e7df6ac34aa28e5ef74028773ce7 - - default default] Successfully bumped revision number for resource 0c73e267-c856-4375-b28d-fb83a2dfe863 (type: security_group_rules) to 0
2026-05-27 07:22:57.569 7 INFO neutron.db.ovn_revision_numbers_db [None req-d3cf07e8-e022-4451-87dc-372cca533578 203360988d1b4224969da5b39a1212d1 ecf7e7df6ac34aa28e5ef74028773ce7 - - default default] Successfully bumped revision number for resource a3970426-bc9d-4d6a-ad9e-4d1ffaf97e59 (type: security_group_rules) to 0
2026-05-27 07:22:57.601 7 INFO neutron.db.ovn_revision_numbers_db [None req-d3cf07e8-e022-4451-87dc-372cca533578 203360988d1b4224969da5b39a1212d1 ecf7e7df6ac34aa28e5ef74028773ce7 - - default default] Successfully bumped revision number for resource b0cba5c0-6184-4b8a-a02d-a81a7ffe827b (type: security_group_rules) to 0
2026-05-27 07:22:57.615 7 INFO neutron.db.ovn_revision_numbers_db [None req-d3cf07e8-e022-4451-87dc-372cca533578 203360988d1b4224969da5b39a1212d1 ecf7e7df6ac34aa28e5ef74028773ce7 - - default default] Successfully bumped revision number for resource ebf1f37f-5cc6-4acd-90ce-5b74605e257b (type: security_group_rules) to 0
2026-05-27 07:22:57.815 7 INFO neutron.db.ovn_revision_numbers_db [None req-d3cf07e8-e022-4451-87dc-372cca533578 203360988d1b4224969da5b39a1212d1 ecf7e7df6ac34aa28e5ef74028773ce7 - - default default] Successfully bumped revision number for resource 3269a97a-70d7-4e07-b36c-fcf193b067d2 (type: security_groups) to 1
2026-05-27 07:22:57.827 7 INFO neutron.db.ovn_revision_numbers_db [None req-d3cf07e8-e022-4451-87dc-372cca533578 203360988d1b4224969da5b39a1212d1 ecf7e7df6ac34aa28e5ef74028773ce7 - - default default] Successfully bumped revision number for resource 8e6d9f1c-ce48-4071-8e0c-4e4c380be5c0 (type: security_group_rules) to 0
2026-05-27 07:22:57.851 7 INFO neutron.db.ovn_revision_numbers_db [None req-d3cf07e8-e022-4451-87dc-372cca533578 203360988d1b4224969da5b39a1212d1 ecf7e7df6ac34aa28e5ef74028773ce7 - - default default] Successfully bumped revision number for resource 8eea759e-de2e-4eb5-9757-ba250c35b3f5 (type: security_group_rules) to 0
2026-05-27 07:22:57.923 8 INFO neutron.db.ovn_revision_numbers_db [None req-34a40765-5d3c-4a3e-af3c-91ff5c19135d 8867f87c05844c53b509a5522a2356a3 3e2ead8ce49d40fd896b7472c849f088 - - default default] Successfully bumped revision number for resource 38d174c0-4097-452f-a979-ceb2bf8c5dda (type: router_ports) to 1 [pid: 7|app: 0|req: 904/1681] 10.0.0.180 () {34 vars in 684 bytes} [Wed May 27 07:22:57 2026] POST /v2.0/security-groups => generated 1625 bytes in 779 msecs (HTTP/1.1 201) 4 headers in 163 bytes (1 switches on core 0) [pid: 8|app: 0|req: 778/1682] 10.0.0.180 () {34 vars in 783 bytes} [Wed May 27 07:22:55 2026] PUT /v2.0/routers/53dca865-5cfa-4204-8256-5ff877128ecc/add_router_interface => generated 309 bytes in 2334 msecs (HTTP/1.1 200) 4 headers in 157 bytes (1 switches on core 0)
2026-05-27 07:22:57.988 7 INFO neutron.pecan_wsgi.hooks.translation [None req-1b341e6b-6829-4ac0-8f5e-2e4a8ef37fa5 719c53635bca474785f7ff11e3161007 d36abbb3d1174cffb73150a46708fdf8 - - default default] DELETE failed (client error): The resource could not be found. [pid: 7|app: 0|req: 905/1683] 10.0.0.180 () {32 vars in 726 bytes} [Wed May 27 07:22:57 2026] DELETE /v2.0/networks/3acc8f8c-d3fb-4db6-9102-ecdd3874a2be => generated 138 bytes in 54 msecs (HTTP/1.1 404) 4 headers in 164 bytes (1 switches on core 0) [pid: 7|app: 0|req: 906/1684] 10.0.0.180 () {32 vars in 663 bytes} [Wed May 27 07:22:57 2026] GET /v2.0/security-groups => generated 4530 bytes in 54 msecs (HTTP/1.1 200) 4 headers in 158 bytes (1 switches on core 0)
2026-05-27 07:22:58.095 8 INFO neutron.db.ovn_revision_numbers_db [None req-589e2f06-d0b5-4912-b945-29b9b4d0830a - - - - - -] Successfully bumped revision number for resource 38d174c0-4097-452f-a979-ceb2bf8c5dda (type: ports) to 2 [pid: 7|app: 0|req: 907/1685] 10.0.0.180 () {32 vars in 717 bytes} [Wed May 27 07:22:58 2026] GET /v2.0/ports/38d174c0-4097-452f-a979-ceb2bf8c5dda => generated 947 bytes in 95 msecs (HTTP/1.1 200) 4 headers in 157 bytes (1 switches on core 0) [pid: 7|app: 0|req: 908/1686] 10.0.0.180 () {32 vars in 694 bytes} [Wed May 27 07:22:58 2026] GET /v2.0/networks?router%3Aexternal=True => generated 651 bytes in 52 msecs (HTTP/1.1 200) 4 headers in 157 bytes (1 switches on core 0)
2026-05-27 07:22:58.281 7 INFO neutron.db.ovn_revision_numbers_db [None req-c4cd0014-1ee2-48a4-bdf7-49f5b556eb5c 203360988d1b4224969da5b39a1212d1 ecf7e7df6ac34aa28e5ef74028773ce7 - - default default] Successfully bumped revision number for resource 3269a97a-70d7-4e07-b36c-fcf193b067d2 (type: security_groups) to 2
2026-05-27 07:22:58.297 8 INFO neutron.db.ovn_revision_numbers_db [None req-f0ad39f3-c295-4383-a2b8-79c6b42f0679 87db2ab79fd4478993968e810a2536ca 5c1fc7e06d8b4d19b6bce2a1fb5c74d3 - - default default] Successfully bumped revision number for resource aaefb15e-1e93-4b53-895f-9b1143a41fe9 (type: security_groups) to 1
2026-05-27 07:22:58.312 8 INFO neutron.db.ovn_revision_numbers_db [None req-f0ad39f3-c295-4383-a2b8-79c6b42f0679 87db2ab79fd4478993968e810a2536ca 5c1fc7e06d8b4d19b6bce2a1fb5c74d3 - - default default] Successfully bumped revision number for resource 1a02af2e-752f-4251-b170-bdbab8b1b757 (type: security_group_rules) to 0 [pid: 7|app: 0|req: 909/1687] 10.0.0.180 () {34 vars in 758 bytes} [Wed May 27 07:22:58 2026] PUT /v2.0/security-groups/3269a97a-70d7-4e07-b36c-fcf193b067d2 => generated 1664 bytes in 118 msecs (HTTP/1.1 200) 4 headers in 158 bytes (1 switches on core 0)
2026-05-27 07:22:58.326 8 INFO neutron.db.ovn_revision_numbers_db [None req-f0ad39f3-c295-4383-a2b8-79c6b42f0679 87db2ab79fd4478993968e810a2536ca 5c1fc7e06d8b4d19b6bce2a1fb5c74d3 - - default default] Successfully bumped revision number for resource 203a2bc6-c7cc-46e5-a4ae-34c8921238a9 (type: security_group_rules) to 0
2026-05-27 07:22:58.339 8 INFO neutron.db.ovn_revision_numbers_db [None req-f0ad39f3-c295-4383-a2b8-79c6b42f0679 87db2ab79fd4478993968e810a2536ca 5c1fc7e06d8b4d19b6bce2a1fb5c74d3 - - default default] Successfully bumped revision number for resource b918e7e4-3f16-4ea5-97e9-97da5411596c (type: security_group_rules) to 0
2026-05-27 07:22:58.353 8 INFO neutron.db.ovn_revision_numbers_db [None req-f0ad39f3-c295-4383-a2b8-79c6b42f0679 87db2ab79fd4478993968e810a2536ca 5c1fc7e06d8b4d19b6bce2a1fb5c74d3 - - default default] Successfully bumped revision number for resource be24ed19-053e-449d-a188-5490c3c06082 (type: security_group_rules) to 0 [pid: 8|app: 0|req: 779/1688] 10.0.0.180 () {32 vars in 774 bytes} [Wed May 27 07:22:57 2026] GET /v2.0/security-groups?tenant_id=879d932723e54b5bb82a18d5ecd49a77&name=default => generated 2925 bytes in 444 msecs (HTTP/1.1 200) 4 headers in 158 bytes (1 switches on core 0) [pid: 8|app: 0|req: 780/1689] 10.0.0.180 () {32 vars in 742 bytes} [Wed May 27 07:22:58 2026] GET /v2.0/subnets?network_id=8e808ff0-e4e0-4e70-9bc8-45a143354ef0 => generated 649 bytes in 32 msecs (HTTP/1.1 200) 4 headers in 157 bytes (1 switches on core 0) [pid: 8|app: 0|req: 781/1690] 10.0.0.180 () {32 vars in 737 bytes} [Wed May 27 07:22:58 2026] GET /v2.0/security-groups/3269a97a-70d7-4e07-b36c-fcf193b067d2 => generated 1664 bytes in 23 msecs (HTTP/1.1 200) 4 headers in 158 bytes (1 switches on core 0) [pid: 8|app: 0|req: 782/1691] 10.0.0.180 () {32 vars in 740 bytes} [Wed May 27 07:22:58 2026] DELETE /v2.0/security-groups/aaefb15e-1e93-4b53-895f-9b1143a41fe9 => generated 0 bytes in 285 msecs (HTTP/1.1 204) 2 headers in 112 bytes (1 switches on core 0) [pid: 8|app: 0|req: 783/1692] 10.0.0.180 () {32 vars in 653 bytes} [Wed May 27 07:22:58 2026] GET /v2.0/extensions => generated 20118 bytes in 7 msecs (HTTP/1.1 200) 4 headers in 159 bytes (1 switches on core 0)
2026-05-27 07:22:58.833 7 WARNING neutron.scheduler.dhcp_agent_scheduler [None req-cfd30c80-2bb9-42e3-b74e-ad1e6fa516be 8867f87c05844c53b509a5522a2356a3 3e2ead8ce49d40fd896b7472c849f088 - - default default] No more DHCP agents
2026-05-27 07:22:58.837 7 WARNING neutron.api.rpc.agentnotifiers.dhcp_rpc_agent_api [None req-cfd30c80-2bb9-42e3-b74e-ad1e6fa516be 8867f87c05844c53b509a5522a2356a3 3e2ead8ce49d40fd896b7472c849f088 - - default default] Unable to schedule network 3d8bf264-7179-4321-8785-0b0b2b731ee7: no agents available; will retry on subsequent port and subnet creation events. [pid: 8|app: 0|req: 784/1693] 10.0.0.180 () {32 vars in 740 bytes} [Wed May 27 07:22:58 2026] DELETE /v2.0/security-groups/3269a97a-70d7-4e07-b36c-fcf193b067d2 => generated 0 bytes in 151 msecs (HTTP/1.1 204) 2 headers in 112 bytes (1 switches on core 0)
2026-05-27 07:22:59.019 7 INFO neutron.db.ovn_revision_numbers_db [None req-cfd30c80-2bb9-42e3-b74e-ad1e6fa516be 8867f87c05844c53b509a5522a2356a3 3e2ead8ce49d40fd896b7472c849f088 - - default default] Successfully bumped revision number for resource 842998f5-838d-4785-bccb-3b5ebc69cdb6 (type: ports) to 1 [pid: 8|app: 0|req: 785/1694] 10.0.0.180 () {32 vars in 649 bytes} [Wed May 27 07:22:58 2026] GET /v2.0/networks => generated 1309 bytes in 127 msecs (HTTP/1.1 200) 4 headers in 158 bytes (1 switches on core 0) [pid: 8|app: 0|req: 786/1695] 10.0.0.180 () {32 vars in 663 bytes} [Wed May 27 07:22:59 2026] GET /v2.0/security-groups => generated 2925 bytes in 35 msecs (HTTP/1.1 200) 4 headers in 158 bytes (1 switches on core 0) [pid: 8|app: 0|req: 787/1696] 10.0.0.180 () {32 vars in 647 bytes} [Wed May 27 07:22:59 2026] GET /v2.0/subnets => generated 1280 bytes in 29 msecs (HTTP/1.1 200) 4 headers in 158 bytes (1 switches on core 0)
2026-05-27 07:22:59.102 8 INFO neutron.api.v2.resource [None req-956230fc-e3ca-44f9-9e6a-84b564cf4b94 203360988d1b4224969da5b39a1212d1 ecf7e7df6ac34aa28e5ef74028773ce7 - - default default] delete failed (client error): The resource could not be found. [pid: 8|app: 0|req: 788/1697] 10.0.0.180 () {32 vars in 740 bytes} [Wed May 27 07:22:59 2026] DELETE /v2.0/security-groups/3269a97a-70d7-4e07-b36c-fcf193b067d2 => generated 146 bytes in 9 msecs (HTTP/1.1 404) 4 headers in 164 bytes (1 switches on core 0) [pid: 8|app: 0|req: 789/1698] 10.0.0.180 () {32 vars in 723 bytes} [Wed May 27 07:22:59 2026] GET /v2.0/networks/ad571b63-37e2-46b2-a2e4-c23ae6ced320 => generated 669 bytes in 49 msecs (HTTP/1.1 200) 4 headers in 157 bytes (1 switches on core 0)
2026-05-27 07:22:59.299 8 INFO neutron.db.ovn_revision_numbers_db [None req-b69c93c0-19bc-459f-9d72-1dec751e2f43 203360988d1b4224969da5b39a1212d1 ecf7e7df6ac34aa28e5ef74028773ce7 - - default default] Successfully bumped revision number for resource 66dde461-79ce-43b8-938f-293e1d8e0c68 (type: security_groups) to 1
2026-05-27 07:22:59.313 8 INFO neutron.db.ovn_revision_numbers_db [None req-b69c93c0-19bc-459f-9d72-1dec751e2f43 203360988d1b4224969da5b39a1212d1 ecf7e7df6ac34aa28e5ef74028773ce7 - - default default] Successfully bumped revision number for resource 7593986e-ad91-48b2-82cd-0af974132264 (type: security_group_rules) to 0
2026-05-27 07:22:59.326 8 INFO neutron.db.ovn_revision_numbers_db [None req-b69c93c0-19bc-459f-9d72-1dec751e2f43 203360988d1b4224969da5b39a1212d1 ecf7e7df6ac34aa28e5ef74028773ce7 - - default default] Successfully bumped revision number for resource a78723e3-512f-4399-871d-fa98530d1805 (type: security_group_rules) to 0 [pid: 8|app: 0|req: 790/1699] 10.0.0.180 () {34 vars in 684 bytes} [Wed May 27 07:22:59 2026] POST /v2.0/security-groups => generated 1624 bytes in 215 msecs (HTTP/1.1 201) 4 headers in 163 bytes (1 switches on core 0) [pid: 8|app: 0|req: 791/1700] 10.0.0.180 () {32 vars in 721 bytes} [Wed May 27 07:22:59 2026] GET /v2.0/subnets/bd08ce25-5b60-4e76-b2f2-60fc8650cc02 => generated 641 bytes in 24 msecs (HTTP/1.1 200) 4 headers in 157 bytes (1 switches on core 0)
2026-05-27 07:22:59.549 8 INFO neutron.db.ovn_revision_numbers_db [None req-8cf9c074-6092-4506-903a-71bfaf6b7f53 203360988d1b4224969da5b39a1212d1 ecf7e7df6ac34aa28e5ef74028773ce7 - - default default] Successfully bumped revision number for resource 64f68976-fa02-4903-8046-f0f72b20b470 (type: security_group_rules) to 0 [pid: 8|app: 0|req: 792/1701] 10.0.0.180 () {34 vars in 695 bytes} [Wed May 27 07:22:59 2026] POST /v2.0/security-group-rules => generated 601 bytes in 190 msecs (HTTP/1.1 201) 4 headers in 162 bytes (1 switches on core 0)
2026-05-27 07:22:59.599 8 INFO neutron.pecan_wsgi.hooks.translation [None req-ecdcc8f0-8b3b-4d55-a408-795a9f6c6336 719c53635bca474785f7ff11e3161007 d36abbb3d1174cffb73150a46708fdf8 - - default default] DELETE failed (client error): The resource could not be found. [pid: 8|app: 0|req: 793/1702] 10.0.0.180 () {32 vars in 724 bytes} [Wed May 27 07:22:59 2026] DELETE /v2.0/subnets/4fa06f8f-622b-4542-8351-302b395b88ab => generated 136 bytes in 20 msecs (HTTP/1.1 404) 4 headers in 164 bytes (1 switches on core 0) [pid: 8|app: 0|req: 794/1703] 10.0.0.180 () {32 vars in 747 bytes} [Wed May 27 07:22:59 2026] GET /v2.0/security-group-rules/64f68976-fa02-4903-8046-f0f72b20b470 => generated 601 bytes in 24 msecs (HTTP/1.1 200) 4 headers in 157 bytes (1 switches on core 0)
2026-05-27 07:22:59.643 8 INFO neutron.pecan_wsgi.hooks.translation [None req-b0789155-c569-4de9-b304-908d6c2d24f5 719c53635bca474785f7ff11e3161007 d36abbb3d1174cffb73150a46708fdf8 - - default default] DELETE failed (client error): The resource could not be found. [pid: 8|app: 0|req: 795/1704] 10.0.0.180 () {32 vars in 726 bytes} [Wed May 27 07:22:59 2026] DELETE /v2.0/networks/3acc8f8c-d3fb-4db6-9102-ecdd3874a2be => generated 138 bytes in 16 msecs (HTTP/1.1 404) 4 headers in 164 bytes (1 switches on core 0) [pid: 8|app: 0|req: 796/1705] 10.0.0.180 () {32 vars in 673 bytes} [Wed May 27 07:22:59 2026] GET /v2.0/security-group-rules => generated 4138 bytes in 115 msecs (HTTP/1.1 200) 4 headers in 158 bytes (1 switches on core 0)
2026-05-27 07:22:59.802 7 WARNING neutron.scheduler.dhcp_agent_scheduler [None req-cfd30c80-2bb9-42e3-b74e-ad1e6fa516be 8867f87c05844c53b509a5522a2356a3 3e2ead8ce49d40fd896b7472c849f088 - - default default] No more DHCP agents
2026-05-27 07:22:59.804 7 WARNING neutron.api.rpc.agentnotifiers.dhcp_rpc_agent_api [None req-cfd30c80-2bb9-42e3-b74e-ad1e6fa516be 8867f87c05844c53b509a5522a2356a3 3e2ead8ce49d40fd896b7472c849f088 - - default default] Unable to schedule network 3d8bf264-7179-4321-8785-0b0b2b731ee7: no agents available; will retry on subsequent port and subnet creation events. [pid: 8|app: 0|req: 797/1706] 10.0.0.180 () {32 vars in 724 bytes} [Wed May 27 07:22:59 2026] DELETE /v2.0/subnets/bd08ce25-5b60-4e76-b2f2-60fc8650cc02 => generated 0 bytes in 231 msecs (HTTP/1.1 204) 3 headers in 131 bytes (1 switches on core 0)
2026-05-27 07:23:00.030 7 INFO neutron.db.ovn_revision_numbers_db [None req-cfd30c80-2bb9-42e3-b74e-ad1e6fa516be 8867f87c05844c53b509a5522a2356a3 3e2ead8ce49d40fd896b7472c849f088 - - default default] Successfully bumped revision number for resource 842998f5-838d-4785-bccb-3b5ebc69cdb6 (type: router_ports) to 1 [pid: 7|app: 0|req: 910/1707] 10.0.0.180 () {34 vars in 783 bytes} [Wed May 27 07:22:58 2026] PUT /v2.0/routers/53dca865-5cfa-4204-8256-5ff877128ecc/add_router_interface => generated 309 bytes in 1726 msecs (HTTP/1.1 200) 4 headers in 157 bytes (1 switches on core 0)
2026-05-27 07:23:00.178 7 INFO neutron_taas.services.taas.taas_plugin [None req-50aad9a8-5021-4b2e-92df-75933c80fdee 719c53635bca474785f7ff11e3161007 d36abbb3d1174cffb73150a46708fdf8 - - default default] TaaS: Handle Delete Port: 4edfbebc-db73-44a6-adb9-c452628226b9 [pid: 8|app: 0|req: 798/1708] 10.0.0.180 () {32 vars in 750 bytes} [Wed May 27 07:22:59 2026] DELETE /v2.0/security-group-rules/64f68976-fa02-4903-8046-f0f72b20b470 => generated 0 bytes in 185 msecs (HTTP/1.1 204) 2 headers in 112 bytes (1 switches on core 0)
2026-05-27 07:23:00.181 7 INFO neutron_taas.services.taas.tap_mirror_plugin [None req-50aad9a8-5021-4b2e-92df-75933c80fdee 719c53635bca474785f7ff11e3161007 d36abbb3d1174cffb73150a46708fdf8 - - default default] Tap Mirror: Handle Delete Port: 4edfbebc-db73-44a6-adb9-c452628226b9 [pid: 8|app: 0|req: 799/1709] 10.0.0.180 () {32 vars in 717 bytes} [Wed May 27 07:23:00 2026] GET /v2.0/ports/842998f5-838d-4785-bccb-3b5ebc69cdb6 => generated 953 bytes in 40 msecs (HTTP/1.1 200) 4 headers in 157 bytes (1 switches on core 0) [pid: 8|app: 0|req: 800/1710] 10.0.0.180 () {32 vars in 673 bytes} [Wed May 27 07:23:00 2026] GET /v2.0/security-group-rules => generated 3560 bytes in 56 msecs (HTTP/1.1 200) 4 headers in 158 bytes (1 switches on core 0) [pid: 8|app: 0|req: 801/1711] 10.0.0.180 () {32 vars in 717 bytes} [Wed May 27 07:23:00 2026] GET /v2.0/ports/842998f5-838d-4785-bccb-3b5ebc69cdb6 => generated 953 bytes in 121 msecs (HTTP/1.1 200) 4 headers in 157 bytes (1 switches on core 0)
2026-05-27 07:23:00.406 7 INFO neutron.services.segments.plugin [-] Segment 58ebdd3e-df29-4af7-9be3-90a6fc390555 resource provider aggregate not found
2026-05-27 07:23:00.414 7 INFO neutron.services.segments.plugin [-] Segment 58ebdd3e-df29-4af7-9be3-90a6fc390555 resource provider aggregate not found
2026-05-27 07:23:00.431 7 INFO neutron.services.segments.plugin [-] Segment 58ebdd3e-df29-4af7-9be3-90a6fc390555 resource provider not found; error: Placement Client Error (4xx): {"errors": [{"status": 404, "title": "Not Found", "detail": "The resource could not be found.\n\n No resource provider with uuid 58ebdd3e-df29-4af7-9be3-90a6fc390555 found for delete ", "request_id": "req-8f3cca02-8c41-4db9-92dd-055b5d140985"}]}
2026-05-27 07:23:00.432 7 INFO neutron.services.segments.plugin [-] Segment 58ebdd3e-df29-4af7-9be3-90a6fc390555 resource provider not found; error: Placement Client Error (4xx): {"errors": [{"status": 404, "title": "Not Found", "detail": "The resource could not be found.\n\n No resource provider with uuid 58ebdd3e-df29-4af7-9be3-90a6fc390555 found for delete ", "request_id": "req-7227b65a-890c-4a92-9df1-3620cd6b10af"}]} [pid: 7|app: 0|req: 911/1712] 10.0.0.180 () {32 vars in 726 bytes} [Wed May 27 07:23:00 2026] DELETE /v2.0/networks/ad571b63-37e2-46b2-a2e4-c23ae6ced320 => generated 0 bytes in 445 msecs (HTTP/1.1 204) 3 headers in 131 bytes (1 switches on core 0)
2026-05-27 07:23:00.582 8 INFO neutron.db.ovn_revision_numbers_db [None req-2b5d3a90-4d03-4d00-88ee-ea3c50dc668e 203360988d1b4224969da5b39a1212d1 ecf7e7df6ac34aa28e5ef74028773ce7 - - default default] Successfully bumped revision number for resource 1369040e-750f-47f1-bef9-0feb07cccd03 (type: security_group_rules) to 0 [pid: 8|app: 0|req: 802/1713] 10.0.0.180 () {34 vars in 695 bytes} [Wed May 27 07:23:00 2026] POST /v2.0/security-group-rules => generated 601 bytes in 219 msecs (HTTP/1.1 201) 4 headers in 162 bytes (1 switches on core 0) [pid: 7|app: 0|req: 912/1714] 10.0.0.180 () {32 vars in 747 bytes} [Wed May 27 07:23:00 2026] GET /v2.0/security-group-rules/1369040e-750f-47f1-bef9-0feb07cccd03 => generated 601 bytes in 32 msecs (HTTP/1.1 200) 4 headers in 157 bytes (1 switches on core 0) [pid: 8|app: 0|req: 803/1715] 10.0.0.180 () {32 vars in 673 bytes} [Wed May 27 07:23:00 2026] GET /v2.0/security-group-rules => generated 4138 bytes in 57 msecs (HTTP/1.1 200) 4 headers in 158 bytes (1 switches on core 0) [pid: 7|app: 0|req: 913/1716] 10.0.0.180 () {32 vars in 750 bytes} [Wed May 27 07:23:00 2026] DELETE /v2.0/security-group-rules/1369040e-750f-47f1-bef9-0feb07cccd03 => generated 0 bytes in 351 msecs (HTTP/1.1 204) 2 headers in 112 bytes (1 switches on core 0) [pid: 7|app: 0|req: 914/1717] 10.0.0.180 () {32 vars in 673 bytes} [Wed May 27 07:23:01 2026] GET /v2.0/security-group-rules => generated 3560 bytes in 76 msecs (HTTP/1.1 200) 4 headers in 158 bytes (1 switches on core 0) [pid: 8|app: 0|req: 804/1718] 10.0.0.180 () {32 vars in 774 bytes} [Wed May 27 07:23:01 2026] GET /v2.0/security-groups?tenant_id=d36abbb3d1174cffb73150a46708fdf8&name=default => generated 2925 bytes in 202 msecs (HTTP/1.1 200) 4 headers in 158 bytes (1 switches on core 0)
2026-05-27 07:23:01.294 7 INFO neutron.db.ovn_revision_numbers_db [None req-17887bd8-bddd-4a7a-b4e7-daef45aa62de 203360988d1b4224969da5b39a1212d1 ecf7e7df6ac34aa28e5ef74028773ce7 - - default default] Successfully bumped revision number for resource 93af5769-e987-4e17-ba1a-3464e82d3fc1 (type: security_group_rules) to 0 [pid: 7|app: 0|req: 915/1719] 10.0.0.180 () {34 vars in 695 bytes} [Wed May 27 07:23:01 2026] POST /v2.0/security-group-rules => generated 602 bytes in 170 msecs (HTTP/1.1 201) 4 headers in 162 bytes (1 switches on core 0) [pid: 7|app: 0|req: 916/1720] 10.0.0.180 () {32 vars in 747 bytes} [Wed May 27 07:23:01 2026] GET /v2.0/security-group-rules/93af5769-e987-4e17-ba1a-3464e82d3fc1 => generated 602 bytes in 20 msecs (HTTP/1.1 200) 4 headers in 157 bytes (1 switches on core 0) [pid: 7|app: 0|req: 917/1721] 10.0.0.180 () {32 vars in 673 bytes} [Wed May 27 07:23:01 2026] GET /v2.0/security-group-rules => generated 4139 bytes in 95 msecs (HTTP/1.1 200) 4 headers in 158 bytes (1 switches on core 0) [pid: 8|app: 0|req: 805/1722] 10.0.0.180 () {32 vars in 740 bytes} [Wed May 27 07:23:01 2026] DELETE /v2.0/security-groups/3829758d-24fc-4433-87f0-44cce6845c34 => generated 0 bytes in 331 msecs (HTTP/1.1 204) 2 headers in 112 bytes (1 switches on core 0) [pid: 7|app: 0|req: 918/1723] 10.0.0.180 () {32 vars in 717 bytes} [Wed May 27 07:23:01 2026] GET /v2.0/ports/842998f5-838d-4785-bccb-3b5ebc69cdb6 => generated 953 bytes in 118 msecs (HTTP/1.1 200) 4 headers in 157 bytes (1 switches on core 0) [pid: 8|app: 0|req: 806/1724] 10.0.0.180 () {32 vars in 750 bytes} [Wed May 27 07:23:01 2026] DELETE /v2.0/security-group-rules/93af5769-e987-4e17-ba1a-3464e82d3fc1 => generated 0 bytes in 143 msecs (HTTP/1.1 204) 2 headers in 112 bytes (1 switches on core 0) [pid: 7|app: 0|req: 919/1725] 10.0.0.180 () {32 vars in 673 bytes} [Wed May 27 07:23:01 2026] GET /v2.0/security-group-rules => generated 3560 bytes in 71 msecs (HTTP/1.1 200) 4 headers in 158 bytes (1 switches on core 0) [pid: 8|app: 0|req: 807/1726] 10.0.0.180 () {32 vars in 740 bytes} [Wed May 27 07:23:01 2026] DELETE /v2.0/security-groups/66dde461-79ce-43b8-938f-293e1d8e0c68 => generated 0 bytes in 200 msecs (HTTP/1.1 204) 2 headers in 112 bytes (1 switches on core 0) [pid: 7|app: 0|req: 920/1727] 10.0.0.180 () {32 vars in 663 bytes} [Wed May 27 07:23:01 2026] GET /v2.0/security-groups => generated 2925 bytes in 33 msecs (HTTP/1.1 200) 4 headers in 158 bytes (1 switches on core 0) [pid: 8|app: 0|req: 808/1728] 10.0.0.180 () {32 vars in 663 bytes} [Wed May 27 07:23:02 2026] GET /v2.0/security-groups => generated 2925 bytes in 36 msecs (HTTP/1.1 200) 4 headers in 158 bytes (1 switches on core 0) [pid: 8|app: 0|req: 809/1729] 10.0.0.180 () {32 vars in 717 bytes} [Wed May 27 07:23:02 2026] GET /v2.0/ports/842998f5-838d-4785-bccb-3b5ebc69cdb6 => generated 953 bytes in 57 msecs (HTTP/1.1 200) 4 headers in 157 bytes (1 switches on core 0) [pid: 7|app: 0|req: 921/1730] 10.0.0.180 () {32 vars in 774 bytes} [Wed May 27 07:23:02 2026] GET /v2.0/security-groups?tenant_id=ecf7e7df6ac34aa28e5ef74028773ce7&name=default => generated 2925 bytes in 165 msecs (HTTP/1.1 200) 4 headers in 158 bytes (1 switches on core 0)
