2026-05-27 07:25:48.394 7 INFO neutron_taas.services.taas.tap_mirror_plugin [None req-d7aa0521-275f-4e3b-ba8d-237d8cdde4e1 87db2ab79fd4478993968e810a2536ca 5c1fc7e06d8b4d19b6bce2a1fb5c74d3 - - default default] Tap Mirror: Handle Delete Port: 8c74357a-7c59-45f1-a586-462796b92438 [pid: 8|app: 0|req: 1256/2720] 10.0.0.180 () {32 vars in 731 bytes} [Wed May 27 07:25:48 2026] GET /v2.0/subnets/18ed593d-9986-4dba-a615-40205dbe1fc4/tags => generated 30 bytes in 37 msecs (HTTP/1.1 200) 4 headers in 156 bytes (1 switches on core 0) [pid: 8|app: 0|req: 1257/2721] 10.0.0.180 () {32 vars in 680 bytes} [Wed May 27 07:25:48 2026] GET /v2.0/subnetpools?not-tags=red => generated 1028 bytes in 23 msecs (HTTP/1.1 200) 4 headers in 158 bytes (1 switches on core 0)
2026-05-27 07:25:48.461 8 INFO neutron.api.v2.resource [None req-785e5102-f178-4f2e-b3a9-553153654f5b e3e6079f4c24426ea18ba0d6534b81dd 71f0e38a16654ffd9b58b7d072416aaa - - default default] delete failed (client error): The resource could not be found. [pid: 8|app: 0|req: 1258/2722] 10.0.0.180 () {32 vars in 746 bytes} [Wed May 27 07:25:48 2026] DELETE /v2.0/subnets/18ed593d-9986-4dba-a615-40205dbe1fc4/tags/green => generated 99 bytes in 44 msecs (HTTP/1.1 404) 4 headers in 163 bytes (1 switches on core 0) [pid: 8|app: 0|req: 1259/2723] 10.0.0.180 () {32 vars in 694 bytes} [Wed May 27 07:25:48 2026] GET /v2.0/subnetpools?not-tags=red%2Cblue => generated 1535 bytes in 29 msecs (HTTP/1.1 200) 4 headers in 158 bytes (1 switches on core 0) [pid: 8|app: 0|req: 1260/2724] 10.0.0.180 () {32 vars in 734 bytes} [Wed May 27 07:25:48 2026] DELETE /v2.0/subnets/18ed593d-9986-4dba-a615-40205dbe1fc4/tags => generated 0 bytes in 54 msecs (HTTP/1.1 204) 2 headers in 112 bytes (1 switches on core 0) [pid: 8|app: 0|req: 1261/2725] 10.0.0.180 () {32 vars in 690 bytes} [Wed May 27 07:25:48 2026] GET /v2.0/subnetpools?not-tags-any=blue => generated 1535 bytes in 31 msecs (HTTP/1.1 200) 4 headers in 158 bytes (1 switches on core 0) [pid: 8|app: 0|req: 1262/2726] 10.0.0.180 () {32 vars in 731 bytes} [Wed May 27 07:25:48 2026] GET /v2.0/subnets/18ed593d-9986-4dba-a615-40205dbe1fc4/tags => generated 12 bytes in 71 msecs (HTTP/1.1 200) 4 headers in 156 bytes (1 switches on core 0) [pid: 8|app: 0|req: 1263/2727] 10.0.0.180 () {32 vars in 702 bytes} [Wed May 27 07:25:48 2026] GET /v2.0/subnetpools?not-tags-any=red%2Cblue => generated 1028 bytes in 27 msecs (HTTP/1.1 200) 4 headers in 158 bytes (1 switches on core 0) [pid: 7|app: 0|req: 1465/2728] 10.0.0.180 () {32 vars in 724 bytes} [Wed May 27 07:25:47 2026] DELETE /v2.0/routers/bf408da7-656f-4677-a6dc-cc8c974b3233 => generated 0 bytes in 921 msecs (HTTP/1.1 204) 2 headers in 112 bytes (1 switches on core 0) [pid: 8|app: 0|req: 1264/2729] 10.0.0.180 () {32 vars in 724 bytes} [Wed May 27 07:25:48 2026] DELETE /v2.0/subnets/18ed593d-9986-4dba-a615-40205dbe1fc4 => generated 0 bytes in 256 msecs (HTTP/1.1 204) 3 headers in 131 bytes (1 switches on core 0) [pid: 7|app: 0|req: 1466/2730] 10.0.0.180 () {32 vars in 732 bytes} [Wed May 27 07:25:48 2026] DELETE /v2.0/subnetpools/be7c1a67-349b-4dbb-9f65-0aacf2126d45 => generated 0 bytes in 77 msecs (HTTP/1.1 204) 2 headers in 112 bytes (1 switches on core 0)
2026-05-27 07:25:49.112 7 INFO neutron_taas.services.taas.taas_plugin [None req-ba7509ce-f479-40da-8d5d-7e6739968d7c e3e6079f4c24426ea18ba0d6534b81dd 71f0e38a16654ffd9b58b7d072416aaa - - default default] TaaS: Handle Delete Port: 19e2b8d9-97e0-4dfa-8c57-84861788e09c
2026-05-27 07:25:49.115 7 INFO neutron_taas.services.taas.tap_mirror_plugin [None req-ba7509ce-f479-40da-8d5d-7e6739968d7c e3e6079f4c24426ea18ba0d6534b81dd 71f0e38a16654ffd9b58b7d072416aaa - - default default] Tap Mirror: Handle Delete Port: 19e2b8d9-97e0-4dfa-8c57-84861788e09c [pid: 8|app: 0|req: 1265/2731] 10.0.0.180 () {32 vars in 724 bytes} [Wed May 27 07:25:48 2026] DELETE /v2.0/subnets/06a8b386-2665-4d7c-9e05-f613eaec6afb => generated 0 bytes in 180 msecs (HTTP/1.1 204) 3 headers in 131 bytes (1 switches on core 0) [pid: 8|app: 0|req: 1266/2732] 10.0.0.180 () {32 vars in 732 bytes} [Wed May 27 07:25:49 2026] DELETE /v2.0/subnetpools/eebaba79-b296-4609-a034-be897088c702 => generated 0 bytes in 50 msecs (HTTP/1.1 204) 2 headers in 112 bytes (1 switches on core 0)
2026-05-27 07:25:49.310 8 INFO neutron_taas.services.taas.taas_plugin [None req-0eebcb7b-ccf2-4c9f-a112-e51a3a89815f 87db2ab79fd4478993968e810a2536ca 5c1fc7e06d8b4d19b6bce2a1fb5c74d3 - - default default] TaaS: Handle Delete Port: 31091f34-bb69-4ad3-a053-629a644303c9
2026-05-27 07:25:49.314 8 INFO neutron_taas.services.taas.tap_mirror_plugin [None req-0eebcb7b-ccf2-4c9f-a112-e51a3a89815f 87db2ab79fd4478993968e810a2536ca 5c1fc7e06d8b4d19b6bce2a1fb5c74d3 - - default default] Tap Mirror: Handle Delete Port: 31091f34-bb69-4ad3-a053-629a644303c9 [pid: 7|app: 0|req: 1467/2733] 10.0.0.180 () {32 vars in 726 bytes} [Wed May 27 07:25:48 2026] DELETE /v2.0/networks/c202a4a8-f96a-4720-aa87-9a6442d8efda => generated 0 bytes in 427 msecs (HTTP/1.1 204) 3 headers in 131 bytes (1 switches on core 0)
2026-05-27 07:25:49.445 7 INFO neutron.services.segments.plugin [-] Segment f2fe93d0-a219-4427-8739-c92bf16bfd43 resource provider aggregate not found
2026-05-27 07:25:49.447 7 INFO neutron.services.segments.plugin [-] Segment f2fe93d0-a219-4427-8739-c92bf16bfd43 resource provider aggregate not found
2026-05-27 07:25:49.467 7 INFO neutron.services.segments.plugin [-] Segment f2fe93d0-a219-4427-8739-c92bf16bfd43 resource provider not found; error: Placement Client Error (4xx): {"errors": [{"status": 404, "title": "Not Found", "detail": "The resource could not be found.\n\n No resource provider with uuid f2fe93d0-a219-4427-8739-c92bf16bfd43 found for delete ", "request_id": "req-892e92a6-a716-4e21-a5d4-4197572b2051"}]} [pid: 7|app: 0|req: 1468/2734] 10.0.0.180 () {32 vars in 732 bytes} [Wed May 27 07:25:49 2026] DELETE /v2.0/subnetpools/8e966bc1-965b-4df9-bc6a-440ff4aba4bb => generated 0 bytes in 81 msecs (HTTP/1.1 204) 2 headers in 112 bytes (1 switches on core 0)
2026-05-27 07:25:49.479 7 INFO neutron.services.segments.plugin [-] Segment f2fe93d0-a219-4427-8739-c92bf16bfd43 resource provider not found; error: Placement Client Error (4xx): {"errors": [{"status": 404, "title": "Not Found", "detail": "The resource could not be found.\n\n No resource provider with uuid f2fe93d0-a219-4427-8739-c92bf16bfd43 found for delete ", "request_id": "req-22be5cc1-ab1b-41fc-a1e2-0d738cd3e86d"}]} [pid: 7|app: 0|req: 1469/2735] 10.0.0.180 () {32 vars in 732 bytes} [Wed May 27 07:25:49 2026] DELETE /v2.0/subnetpools/c9009a39-a793-4784-a38a-a0c339881267 => generated 0 bytes in 72 msecs (HTTP/1.1 204) 2 headers in 112 bytes (1 switches on core 0)
2026-05-27 07:25:49.558 8 INFO neutron.services.segments.plugin [-] Segment cfcc6368-a0e3-4d6b-b74a-19cbff40392a resource provider aggregate not found
2026-05-27 07:25:49.562 8 INFO neutron.services.segments.plugin [-] Segment cfcc6368-a0e3-4d6b-b74a-19cbff40392a resource provider aggregate not found
2026-05-27 07:25:49.584 8 INFO neutron.services.segments.plugin [-] Segment cfcc6368-a0e3-4d6b-b74a-19cbff40392a resource provider not found; error: Placement Client Error (4xx): {"errors": [{"status": 404, "title": "Not Found", "detail": "The resource could not be found.\n\n No resource provider with uuid cfcc6368-a0e3-4d6b-b74a-19cbff40392a found for delete ", "request_id": "req-e8913955-6c93-415a-8458-1b2765a663d4"}]}
2026-05-27 07:25:49.586 8 INFO neutron.services.segments.plugin [-] Segment cfcc6368-a0e3-4d6b-b74a-19cbff40392a resource provider not found; error: Placement Client Error (4xx): {"errors": [{"status": 404, "title": "Not Found", "detail": "The resource could not be found.\n\n No resource provider with uuid cfcc6368-a0e3-4d6b-b74a-19cbff40392a found for delete ", "request_id": "req-272c7d49-c84e-4472-8e5c-35d8db3d39b5"}]} [pid: 8|app: 0|req: 1267/2736] 10.0.0.180 () {32 vars in 726 bytes} [Wed May 27 07:25:49 2026] DELETE /v2.0/networks/89e8d30a-0dde-45f8-9b02-56b7823d8d5f => generated 0 bytes in 457 msecs (HTTP/1.1 204) 3 headers in 131 bytes (1 switches on core 0) [pid: 7|app: 0|req: 1470/2737] 10.0.0.180 () {32 vars in 732 bytes} [Wed May 27 07:25:49 2026] DELETE /v2.0/subnetpools/6bec5631-60bb-4c5e-9ebc-05ef7ae3e652 => generated 0 bytes in 78 msecs (HTTP/1.1 204) 2 headers in 112 bytes (1 switches on core 0) [pid: 8|app: 0|req: 1268/2738] 10.0.0.180 () {32 vars in 774 bytes} [Wed May 27 07:25:50 2026] GET /v2.0/security-groups?tenant_id=383b5b2fb64a4d8cbcc4f17c6f63b6d2&name=default => generated 2925 bytes in 32 msecs (HTTP/1.1 200) 4 headers in 158 bytes (1 switches on core 0) [pid: 7|app: 0|req: 1471/2739] 10.0.0.180 () {32 vars in 774 bytes} [Wed May 27 07:25:50 2026] GET /v2.0/security-groups?tenant_id=71f0e38a16654ffd9b58b7d072416aaa&name=default => generated 2925 bytes in 219 msecs (HTTP/1.1 200) 4 headers in 158 bytes (1 switches on core 0) [pid: 8|app: 0|req: 1269/2740] 10.0.0.180 () {32 vars in 740 bytes} [Wed May 27 07:25:50 2026] DELETE /v2.0/security-groups/1165b9e4-f26b-44f9-942f-86d851fce298 => generated 0 bytes in 567 msecs (HTTP/1.1 204) 2 headers in 112 bytes (1 switches on core 0) [pid: 7|app: 0|req: 1472/2741] 10.0.0.180 () {32 vars in 740 bytes} [Wed May 27 07:25:50 2026] DELETE /v2.0/security-groups/4dac139a-651e-45b7-80fa-2ef977823135 => generated 0 bytes in 421 msecs (HTTP/1.1 204) 2 headers in 112 bytes (1 switches on core 0) [pid: 7|app: 0|req: 1473/2742] 10.0.0.180 () {32 vars in 774 bytes} [Wed May 27 07:25:50 2026] GET /v2.0/security-groups?tenant_id=a3a4b9d22dad49ca81bd60e991c7200b&name=default => generated 2925 bytes in 37 msecs (HTTP/1.1 200) 4 headers in 158 bytes (1 switches on core 0)
2026-05-27 07:25:50.872 8 INFO neutron.db.ovn_revision_numbers_db [None req-176fd683-1c5e-456d-bd98-f255ccd22192 87db2ab79fd4478993968e810a2536ca 5c1fc7e06d8b4d19b6bce2a1fb5c74d3 - - default default] Successfully bumped revision number for resource 4ba17fd4-9371-4ebb-9bcf-47d3feacc517 (type: security_groups) to 1
2026-05-27 07:25:50.885 8 INFO neutron.db.ovn_revision_numbers_db [None req-176fd683-1c5e-456d-bd98-f255ccd22192 87db2ab79fd4478993968e810a2536ca 5c1fc7e06d8b4d19b6bce2a1fb5c74d3 - - default default] Successfully bumped revision number for resource 88a55532-aacf-4b92-a57a-86bb50ae4f64 (type: security_group_rules) to 0
2026-05-27 07:25:50.901 8 INFO neutron.db.ovn_revision_numbers_db [None req-176fd683-1c5e-456d-bd98-f255ccd22192 87db2ab79fd4478993968e810a2536ca 5c1fc7e06d8b4d19b6bce2a1fb5c74d3 - - default default] Successfully bumped revision number for resource 8edbd532-fbb4-4ac6-832a-b4fc7e94e56e (type: security_group_rules) to 0
2026-05-27 07:25:50.919 8 INFO neutron.db.ovn_revision_numbers_db [None req-176fd683-1c5e-456d-bd98-f255ccd22192 87db2ab79fd4478993968e810a2536ca 5c1fc7e06d8b4d19b6bce2a1fb5c74d3 - - default default] Successfully bumped revision number for resource ac742321-c950-4f61-a92a-77a2b15ac9d8 (type: security_group_rules) to 0
2026-05-27 07:25:50.935 8 INFO neutron.db.ovn_revision_numbers_db [None req-176fd683-1c5e-456d-bd98-f255ccd22192 87db2ab79fd4478993968e810a2536ca 5c1fc7e06d8b4d19b6bce2a1fb5c74d3 - - default default] Successfully bumped revision number for resource bbc8e86e-85c9-434c-a19d-49d2c0b36e5b (type: security_group_rules) to 0 [pid: 8|app: 0|req: 1270/2743] 10.0.0.180 () {32 vars in 774 bytes} [Wed May 27 07:25:50 2026] GET /v2.0/security-groups?tenant_id=f30ed62d4a294406a86d0ad8ab902197&name=default => generated 2925 bytes in 362 msecs (HTTP/1.1 200) 4 headers in 158 bytes (1 switches on core 0) [pid: 7|app: 0|req: 1474/2744] 10.0.0.180 () {32 vars in 740 bytes} [Wed May 27 07:25:50 2026] DELETE /v2.0/security-groups/49f4bc2b-d362-4d93-9e22-5670dcbb2115 => generated 0 bytes in 392 msecs (HTTP/1.1 204) 2 headers in 112 bytes (1 switches on core 0)
2026-05-27 07:25:51.196 8 INFO neutron.db.ovn_revision_numbers_db [None req-82af05c1-5939-4d5f-b7b0-8058655bc0bc 87db2ab79fd4478993968e810a2536ca 5c1fc7e06d8b4d19b6bce2a1fb5c74d3 - - default default] Successfully bumped revision number for resource c7c5fb2c-1802-43c5-8fff-0049f79cda9a (type: security_groups) to 1
2026-05-27 07:25:51.211 8 INFO neutron.db.ovn_revision_numbers_db [None req-82af05c1-5939-4d5f-b7b0-8058655bc0bc 87db2ab79fd4478993968e810a2536ca 5c1fc7e06d8b4d19b6bce2a1fb5c74d3 - - default default] Successfully bumped revision number for resource 3589166d-dbe6-4834-a504-97df564bba9f (type: security_group_rules) to 0
2026-05-27 07:25:51.225 8 INFO neutron.db.ovn_revision_numbers_db [None req-82af05c1-5939-4d5f-b7b0-8058655bc0bc 87db2ab79fd4478993968e810a2536ca 5c1fc7e06d8b4d19b6bce2a1fb5c74d3 - - default default] Successfully bumped revision number for resource 6517b407-e8af-4cb6-bd69-cfa717465009 (type: security_group_rules) to 0
2026-05-27 07:25:51.238 8 INFO neutron.db.ovn_revision_numbers_db [None req-82af05c1-5939-4d5f-b7b0-8058655bc0bc 87db2ab79fd4478993968e810a2536ca 5c1fc7e06d8b4d19b6bce2a1fb5c74d3 - - default default] Successfully bumped revision number for resource 6e240893-2b5f-46c3-8aed-9acb6af45eec (type: security_group_rules) to 0
2026-05-27 07:25:51.249 8 INFO neutron.db.ovn_revision_numbers_db [None req-82af05c1-5939-4d5f-b7b0-8058655bc0bc 87db2ab79fd4478993968e810a2536ca 5c1fc7e06d8b4d19b6bce2a1fb5c74d3 - - default default] Successfully bumped revision number for resource 8facac6e-5291-434d-8ced-77c447372ad2 (type: security_group_rules) to 0 [pid: 8|app: 0|req: 1271/2745] 10.0.0.180 () {32 vars in 774 bytes} [Wed May 27 07:25:50 2026] GET /v2.0/security-groups?tenant_id=2ae9cbe82d584d18b1ff22c962c93934&name=default => generated 2925 bytes in 303 msecs (HTTP/1.1 200) 4 headers in 158 bytes (1 switches on core 0) [pid: 7|app: 0|req: 1475/2746] 10.0.0.180 () {32 vars in 740 bytes} [Wed May 27 07:25:51 2026] DELETE /v2.0/security-groups/4ba17fd4-9371-4ebb-9bcf-47d3feacc517 => generated 0 bytes in 354 msecs (HTTP/1.1 204) 2 headers in 112 bytes (1 switches on core 0) [pid: 8|app: 0|req: 1272/2749] 10.0.0.180 () {32 vars in 740 bytes} [Wed May 27 07:25:51 2026] DELETE /v2.0/security-groups/c7c5fb2c-1802-43c5-8fff-0049f79cda9a => generated 0 bytes in 392 msecs (HTTP/1.1 204) 2 headers in 112 bytes (1 switches on core 0)
2026-05-27 07:25:51.917 7 INFO neutron.db.ovn_revision_numbers_db [None req-b23fe261-0f1b-43d6-9938-d54a787b0e2c 87db2ab79fd4478993968e810a2536ca 5c1fc7e06d8b4d19b6bce2a1fb5c74d3 - - default default] Successfully bumped revision number for resource 45fa0f4c-b47e-46c5-a4c4-7c2c96f2656e (type: security_groups) to 1
2026-05-27 07:25:51.937 7 INFO neutron.db.ovn_revision_numbers_db [None req-b23fe261-0f1b-43d6-9938-d54a787b0e2c 87db2ab79fd4478993968e810a2536ca 5c1fc7e06d8b4d19b6bce2a1fb5c74d3 - - default default] Successfully bumped revision number for resource 2b9827d0-8a61-45a0-a46c-855d7a6535db (type: security_group_rules) to 0
2026-05-27 07:25:51.950 7 INFO neutron.db.ovn_revision_numbers_db [None req-b23fe261-0f1b-43d6-9938-d54a787b0e2c 87db2ab79fd4478993968e810a2536ca 5c1fc7e06d8b4d19b6bce2a1fb5c74d3 - - default default] Successfully bumped revision number for resource 60a0268f-0012-48a5-a424-40c73b69dfa9 (type: security_group_rules) to 0
2026-05-27 07:25:51.974 7 INFO neutron.db.ovn_revision_numbers_db [None req-b23fe261-0f1b-43d6-9938-d54a787b0e2c 87db2ab79fd4478993968e810a2536ca 5c1fc7e06d8b4d19b6bce2a1fb5c74d3 - - default default] Successfully bumped revision number for resource a54e770e-6a63-4aae-8393-79cd9d21bce4 (type: security_group_rules) to 0
2026-05-27 07:25:51.999 7 INFO neutron.db.ovn_revision_numbers_db [None req-b23fe261-0f1b-43d6-9938-d54a787b0e2c 87db2ab79fd4478993968e810a2536ca 5c1fc7e06d8b4d19b6bce2a1fb5c74d3 - - default default] Successfully bumped revision number for resource e33015bf-58d4-49b2-8036-ca7ca5cf72da (type: security_group_rules) to 0 [pid: 7|app: 0|req: 1478/2750] 10.0.0.180 () {32 vars in 774 bytes} [Wed May 27 07:25:51 2026] GET /v2.0/security-groups?tenant_id=d04579d6654942e48fa6dff760196b12&name=default => generated 2925 bytes in 349 msecs (HTTP/1.1 200) 4 headers in 158 bytes (1 switches on core 0) [pid: 8|app: 0|req: 1273/2751] 10.0.0.180 () {32 vars in 740 bytes} [Wed May 27 07:25:52 2026] DELETE /v2.0/security-groups/45fa0f4c-b47e-46c5-a4c4-7c2c96f2656e => generated 0 bytes in 312 msecs (HTTP/1.1 204) 2 headers in 112 bytes (1 switches on core 0)
2026-05-27 07:25:52.670 7 INFO neutron.db.ovn_revision_numbers_db [None req-4898afd4-2c20-473b-b3ef-3cd7c6278af1 87db2ab79fd4478993968e810a2536ca 5c1fc7e06d8b4d19b6bce2a1fb5c74d3 - - default default] Successfully bumped revision number for resource 7ebbf3b5-86c7-4e22-bce3-0447f94e8b90 (type: security_groups) to 1
2026-05-27 07:25:52.693 7 INFO neutron.db.ovn_revision_numbers_db [None req-4898afd4-2c20-473b-b3ef-3cd7c6278af1 87db2ab79fd4478993968e810a2536ca 5c1fc7e06d8b4d19b6bce2a1fb5c74d3 - - default default] Successfully bumped revision number for resource 3972f600-bd14-4a9b-8b7e-e7d08e1fdfd4 (type: security_group_rules) to 0
2026-05-27 07:25:52.712 7 INFO neutron.db.ovn_revision_numbers_db [None req-4898afd4-2c20-473b-b3ef-3cd7c6278af1 87db2ab79fd4478993968e810a2536ca 5c1fc7e06d8b4d19b6bce2a1fb5c74d3 - - default default] Successfully bumped revision number for resource a45c75b8-2769-4b02-9def-4e5f68c13912 (type: security_group_rules) to 0
2026-05-27 07:25:52.724 7 INFO neutron.db.ovn_revision_numbers_db [None req-4898afd4-2c20-473b-b3ef-3cd7c6278af1 87db2ab79fd4478993968e810a2536ca 5c1fc7e06d8b4d19b6bce2a1fb5c74d3 - - default default] Successfully bumped revision number for resource aaa3f300-1493-48d2-9b86-0b570dd21721 (type: security_group_rules) to 0
2026-05-27 07:25:52.738 7 INFO neutron.db.ovn_revision_numbers_db [None req-4898afd4-2c20-473b-b3ef-3cd7c6278af1 87db2ab79fd4478993968e810a2536ca 5c1fc7e06d8b4d19b6bce2a1fb5c74d3 - - default default] Successfully bumped revision number for resource d4fbac49-f03d-42c3-8fc0-28bdcaba43a5 (type: security_group_rules) to 0 [pid: 7|app: 0|req: 1479/2752] 10.0.0.180 () {32 vars in 774 bytes} [Wed May 27 07:25:52 2026] GET /v2.0/security-groups?tenant_id=e1bb6223d58245868e2ccd867c69940a&name=default => generated 2928 bytes in 327 msecs (HTTP/1.1 200) 4 headers in 158 bytes (1 switches on core 0) [pid: 8|app: 0|req: 1274/2753] 10.0.0.180 () {32 vars in 740 bytes} [Wed May 27 07:25:52 2026] DELETE /v2.0/security-groups/7ebbf3b5-86c7-4e22-bce3-0447f94e8b90 => generated 0 bytes in 383 msecs (HTTP/1.1 204) 2 headers in 112 bytes (1 switches on core 0)
2026-05-27 07:25:55.613 7 INFO neutron.db.ovn_revision_numbers_db [None req-0a211a95-2027-454a-9cb1-d587312bdc2f edc39202c55149a9a2d2ae82ae195283 63e1c8b4e5aa4311870002ae188abd74 - - default default] Successfully bumped revision number for resource b65f7303-6313-4cf5-a1d3-361e2ae20a0b (type: security_groups) to 1
2026-05-27 07:25:55.634 7 INFO neutron.db.ovn_revision_numbers_db [None req-0a211a95-2027-454a-9cb1-d587312bdc2f edc39202c55149a9a2d2ae82ae195283 63e1c8b4e5aa4311870002ae188abd74 - - default default] Successfully bumped revision number for resource 5a3d80d0-66cb-4ac3-9029-2bda1d1ec33c (type: security_group_rules) to 0
2026-05-27 07:25:55.648 7 INFO neutron.db.ovn_revision_numbers_db [None req-0a211a95-2027-454a-9cb1-d587312bdc2f edc39202c55149a9a2d2ae82ae195283 63e1c8b4e5aa4311870002ae188abd74 - - default default] Successfully bumped revision number for resource 5c6ed3e4-7cfb-4abc-b969-358c599ac3be (type: security_group_rules) to 0
2026-05-27 07:25:55.665 7 INFO neutron.db.ovn_revision_numbers_db [None req-0a211a95-2027-454a-9cb1-d587312bdc2f edc39202c55149a9a2d2ae82ae195283 63e1c8b4e5aa4311870002ae188abd74 - - default default] Successfully bumped revision number for resource 7fc7db8f-8c7e-44f0-8543-3b9eabcdf305 (type: security_group_rules) to 0
2026-05-27 07:25:55.683 7 INFO neutron.db.ovn_revision_numbers_db [None req-0a211a95-2027-454a-9cb1-d587312bdc2f edc39202c55149a9a2d2ae82ae195283 63e1c8b4e5aa4311870002ae188abd74 - - default default] Successfully bumped revision number for resource c1ac39e0-17b5-4cdc-8606-57dd28b1ce32 (type: security_group_rules) to 0
2026-05-27 07:25:55.773 7 INFO neutron.db.segments_db [None req-0a211a95-2027-454a-9cb1-d587312bdc2f edc39202c55149a9a2d2ae82ae195283 63e1c8b4e5aa4311870002ae188abd74 - - default default] Added segment 01bcef19-bdf7-4e8f-886f-15e8043792aa of type geneve for network 2e7590db-78d8-4085-a4a5-62c276e70c16
2026-05-27 07:25:55.949 7 INFO neutron.db.ovn_revision_numbers_db [None req-0a211a95-2027-454a-9cb1-d587312bdc2f edc39202c55149a9a2d2ae82ae195283 63e1c8b4e5aa4311870002ae188abd74 - - default default] Successfully bumped revision number for resource 2e7590db-78d8-4085-a4a5-62c276e70c16 (type: networks) to 1
2026-05-27 07:25:56.187 7 WARNING neutron.scheduler.dhcp_agent_scheduler [None req-0a211a95-2027-454a-9cb1-d587312bdc2f edc39202c55149a9a2d2ae82ae195283 63e1c8b4e5aa4311870002ae188abd74 - - default default] No more DHCP agents
2026-05-27 07:25:56.188 7 WARNING neutron.api.rpc.agentnotifiers.dhcp_rpc_agent_api [None req-0a211a95-2027-454a-9cb1-d587312bdc2f edc39202c55149a9a2d2ae82ae195283 63e1c8b4e5aa4311870002ae188abd74 - - default default] Unable to schedule network 2e7590db-78d8-4085-a4a5-62c276e70c16: no agents available; will retry on subsequent port and subnet creation events.
2026-05-27 07:25:56.339 8 INFO neutron.plugins.ml2.drivers.ovn.mech_driver.mech_driver [None req-40f33729-1a56-43d2-afde-9c9d21a5425d - - - - - -] OVN reports status down for port: ddb2d448-a0e5-4703-8d1c-4134f8199c54
2026-05-27 07:25:56.349 7 INFO neutron.db.ovn_revision_numbers_db [None req-0a211a95-2027-454a-9cb1-d587312bdc2f edc39202c55149a9a2d2ae82ae195283 63e1c8b4e5aa4311870002ae188abd74 - - default default] Successfully bumped revision number for resource ddb2d448-a0e5-4703-8d1c-4134f8199c54 (type: ports) to 1 [pid: 7|app: 0|req: 1480/2754] 10.0.0.180 () {34 vars in 670 bytes} [Wed May 27 07:25:55 2026] POST /v2.0/networks => generated 626 bytes in 1285 msecs (HTTP/1.1 201) 4 headers in 162 bytes (1 switches on core 0)
2026-05-27 07:25:56.402 8 WARNING neutron.scheduler.dhcp_agent_scheduler [None req-96691609-3549-45f4-90a3-7d2e6c73f44f eb9027a47f2a4e79a56ea1cdeaf3ccff 74a5c8c6584e44b3ba85ec03a1d7cf33 - - default default] No more DHCP agents
2026-05-27 07:25:56.406 8 WARNING neutron.api.rpc.agentnotifiers.dhcp_rpc_agent_api [None req-96691609-3549-45f4-90a3-7d2e6c73f44f eb9027a47f2a4e79a56ea1cdeaf3ccff 74a5c8c6584e44b3ba85ec03a1d7cf33 - - default default] Unable to schedule network 8e808ff0-e4e0-4e70-9bc8-45a143354ef0: no agents available; will retry on subsequent port and subnet creation events.
2026-05-27 07:25:56.634 7 WARNING neutron.scheduler.dhcp_agent_scheduler [None req-e69eb6f5-9d71-46db-8a64-01305a6c4897 edc39202c55149a9a2d2ae82ae195283 63e1c8b4e5aa4311870002ae188abd74 - - default default] No more DHCP agents
2026-05-27 07:25:56.636 7 WARNING neutron.api.rpc.agentnotifiers.dhcp_rpc_agent_api [None req-e69eb6f5-9d71-46db-8a64-01305a6c4897 edc39202c55149a9a2d2ae82ae195283 63e1c8b4e5aa4311870002ae188abd74 - - default default] Unable to schedule network 2e7590db-78d8-4085-a4a5-62c276e70c16: no agents available; will retry on subsequent port and subnet creation events. [pid: 8|app: 0|req: 1275/2755] 10.0.0.180 () {34 vars in 676 bytes} [Wed May 27 07:25:55 2026] POST /v2.0/floatingips => generated 552 bytes in 914 msecs (HTTP/1.1 201) 4 headers in 162 bytes (1 switches on core 0)
2026-05-27 07:25:57.042 8 WARNING neutron.scheduler.dhcp_agent_scheduler [None req-1e8888ec-89f1-4e95-ad46-ac797196614f eb9027a47f2a4e79a56ea1cdeaf3ccff 74a5c8c6584e44b3ba85ec03a1d7cf33 - - default default] No more DHCP agents
2026-05-27 07:25:57.053 8 WARNING neutron.api.rpc.agentnotifiers.dhcp_rpc_agent_api [None req-1e8888ec-89f1-4e95-ad46-ac797196614f eb9027a47f2a4e79a56ea1cdeaf3ccff 74a5c8c6584e44b3ba85ec03a1d7cf33 - - default default] Unable to schedule network 8e808ff0-e4e0-4e70-9bc8-45a143354ef0: no agents available; will retry on subsequent port and subnet creation events.
2026-05-27 07:25:57.106 7 INFO neutron.db.ovn_revision_numbers_db [None req-24e16ab0-a1e5-4472-8af5-19aa56196d92 - - - - - -] Successfully bumped revision number for resource ddb2d448-a0e5-4703-8d1c-4134f8199c54 (type: ports) to 2
2026-05-27 07:25:57.143 7 INFO neutron.db.ovn_revision_numbers_db [None req-24e16ab0-a1e5-4472-8af5-19aa56196d92 - - - - - -] Successfully bumped revision number for resource ce2779d8-12de-4cc3-9bea-10b6b3b94b91 (type: subnets) to 0 [pid: 7|app: 0|req: 1481/2756] 10.0.0.180 () {34 vars in 669 bytes} [Wed May 27 07:25:56 2026] POST /v2.0/subnets => generated 626 bytes in 766 msecs (HTTP/1.1 201) 4 headers in 162 bytes (1 switches on core 0) [pid: 8|app: 0|req: 1276/2757] 10.0.0.180 () {34 vars in 676 bytes} [Wed May 27 07:25:56 2026] POST /v2.0/floatingips => generated 552 bytes in 606 msecs (HTTP/1.1 201) 4 headers in 162 bytes (1 switches on core 0)
2026-05-27 07:25:57.780 7 WARNING neutron.scheduler.dhcp_agent_scheduler [None req-3e0496ae-54c9-4fd7-8054-bf290987c58b edc39202c55149a9a2d2ae82ae195283 63e1c8b4e5aa4311870002ae188abd74 - - default default] No more DHCP agents
2026-05-27 07:25:57.782 7 WARNING neutron.api.rpc.agentnotifiers.dhcp_rpc_agent_api [None req-3e0496ae-54c9-4fd7-8054-bf290987c58b edc39202c55149a9a2d2ae82ae195283 63e1c8b4e5aa4311870002ae188abd74 - - default default] Unable to schedule network 8e808ff0-e4e0-4e70-9bc8-45a143354ef0: no agents available; will retry on subsequent port and subnet creation events.
2026-05-27 07:25:57.804 8 WARNING neutron.scheduler.dhcp_agent_scheduler [None req-dd5249f6-1eec-4021-a952-d07a985b30ee eb9027a47f2a4e79a56ea1cdeaf3ccff 74a5c8c6584e44b3ba85ec03a1d7cf33 - - default default] No more DHCP agents
2026-05-27 07:25:57.806 8 WARNING neutron.api.rpc.agentnotifiers.dhcp_rpc_agent_api [None req-dd5249f6-1eec-4021-a952-d07a985b30ee eb9027a47f2a4e79a56ea1cdeaf3ccff 74a5c8c6584e44b3ba85ec03a1d7cf33 - - default default] Unable to schedule network 8e808ff0-e4e0-4e70-9bc8-45a143354ef0: no agents available; will retry on subsequent port and subnet creation events.
2026-05-27 07:25:57.939 8 INFO neutron.plugins.ml2.drivers.ovn.mech_driver.mech_driver [None req-40f33729-1a56-43d2-afde-9c9d21a5425d - - - - - -] OVN reports status down for port: ed103774-661f-4054-8f0a-9b59cb3c5079
2026-05-27 07:25:58.239 7 INFO neutron.db.ovn_revision_numbers_db [None req-3e0496ae-54c9-4fd7-8054-bf290987c58b edc39202c55149a9a2d2ae82ae195283 63e1c8b4e5aa4311870002ae188abd74 - - default default] Successfully bumped revision number for resource ed103774-661f-4054-8f0a-9b59cb3c5079 (type: ports) to 1 [pid: 8|app: 0|req: 1277/2758] 10.0.0.180 () {34 vars in 676 bytes} [Wed May 27 07:25:57 2026] POST /v2.0/floatingips => generated 552 bytes in 1083 msecs (HTTP/1.1 201) 4 headers in 162 bytes (1 switches on core 0)
2026-05-27 07:25:58.800 8 INFO neutron.db.ovn_revision_numbers_db [None req-ef806d78-aa12-4067-9fe3-0ef21f7f53b1 7a4ff32d49c5424a91636f00cbfa010d 7a5aafd8d5114ca5a6c1cda2c8916180 - - default default] Successfully bumped revision number for resource 853898c9-42e0-4d2e-a03d-6fa0a82afd9c (type: security_groups) to 1
2026-05-27 07:25:58.816 8 INFO neutron.db.ovn_revision_numbers_db [None req-ef806d78-aa12-4067-9fe3-0ef21f7f53b1 7a4ff32d49c5424a91636f00cbfa010d 7a5aafd8d5114ca5a6c1cda2c8916180 - - default default] Successfully bumped revision number for resource 8b4e87e4-16df-4bae-a677-6e0090c7fec3 (type: security_group_rules) to 0
2026-05-27 07:25:58.830 8 INFO neutron.db.ovn_revision_numbers_db [None req-ef806d78-aa12-4067-9fe3-0ef21f7f53b1 7a4ff32d49c5424a91636f00cbfa010d 7a5aafd8d5114ca5a6c1cda2c8916180 - - default default] Successfully bumped revision number for resource af5324f9-946e-4eb9-85ea-664f62b836a2 (type: security_group_rules) to 0
2026-05-27 07:25:58.847 8 INFO neutron.db.ovn_revision_numbers_db [None req-ef806d78-aa12-4067-9fe3-0ef21f7f53b1 7a4ff32d49c5424a91636f00cbfa010d 7a5aafd8d5114ca5a6c1cda2c8916180 - - default default] Successfully bumped revision number for resource c4c63293-e641-473b-91aa-f2acd70e3d06 (type: security_group_rules) to 0
2026-05-27 07:25:58.866 8 INFO neutron.db.ovn_revision_numbers_db [None req-ef806d78-aa12-4067-9fe3-0ef21f7f53b1 7a4ff32d49c5424a91636f00cbfa010d 7a5aafd8d5114ca5a6c1cda2c8916180 - - default default] Successfully bumped revision number for resource d3d231c3-a198-465f-9949-41ee090a8315 (type: security_group_rules) to 0
2026-05-27 07:25:58.946 7 INFO neutron.plugins.ml2.drivers.ovn.mech_driver.ovsdb.commands [-] Schedule LRP lrp-ed103774-661f-4054-8f0a-9b59cb3c5079 on gateway 56a7c457-5b12-459a-835a-00c5d39983e6 with priority 1
2026-05-27 07:25:58.986 8 INFO neutron.db.segments_db [None req-ef806d78-aa12-4067-9fe3-0ef21f7f53b1 7a4ff32d49c5424a91636f00cbfa010d 7a5aafd8d5114ca5a6c1cda2c8916180 - - default default] Added segment 56d9a345-f921-4a77-aea1-37be531d2776 of type geneve for network 8292edd1-44b3-41fd-9180-d52ca7a5dc68
2026-05-27 07:25:59.066 7 INFO neutron.db.ovn_revision_numbers_db [None req-3e0496ae-54c9-4fd7-8054-bf290987c58b edc39202c55149a9a2d2ae82ae195283 63e1c8b4e5aa4311870002ae188abd74 - - default default] Successfully bumped revision number for resource ed103774-661f-4054-8f0a-9b59cb3c5079 (type: router_ports) to 1
2026-05-27 07:25:59.079 8 INFO neutron.plugins.ml2.drivers.ovn.mech_driver.mech_driver [None req-40f33729-1a56-43d2-afde-9c9d21a5425d - - - - - -] OVN reports status up for port: ed103774-661f-4054-8f0a-9b59cb3c5079
2026-05-27 07:25:59.102 8 INFO neutron.plugins.ml2.plugin [None req-40f33729-1a56-43d2-afde-9c9d21a5425d - - - - - -] Attempt 1 to provision port ed103774-661f-4054-8f0a-9b59cb3c5079
2026-05-27 07:25:59.142 7 INFO neutron.db.ovn_revision_numbers_db [None req-3e0496ae-54c9-4fd7-8054-bf290987c58b edc39202c55149a9a2d2ae82ae195283 63e1c8b4e5aa4311870002ae188abd74 - - default default] Successfully bumped revision number for resource 9b0896f5-f35f-4d5e-8da2-c7f87f176934 (type: routers) to 2 [pid: 7|app: 0|req: 1482/2759] 10.0.0.180 () {34 vars in 669 bytes} [Wed May 27 07:25:57 2026] POST /v2.0/routers => generated 935 bytes in 2019 msecs (HTTP/1.1 201) 4 headers in 162 bytes (1 switches on core 0)
2026-05-27 07:25:59.243 8 INFO neutron.db.ovn_revision_numbers_db [None req-ef806d78-aa12-4067-9fe3-0ef21f7f53b1 7a4ff32d49c5424a91636f00cbfa010d 7a5aafd8d5114ca5a6c1cda2c8916180 - - default default] Successfully bumped revision number for resource 8292edd1-44b3-41fd-9180-d52ca7a5dc68 (type: networks) to 1
2026-05-27 07:25:59.433 8 WARNING neutron.scheduler.dhcp_agent_scheduler [None req-ef806d78-aa12-4067-9fe3-0ef21f7f53b1 7a4ff32d49c5424a91636f00cbfa010d 7a5aafd8d5114ca5a6c1cda2c8916180 - - default default] No more DHCP agents
2026-05-27 07:25:59.434 8 WARNING neutron.api.rpc.agentnotifiers.dhcp_rpc_agent_api [None req-ef806d78-aa12-4067-9fe3-0ef21f7f53b1 7a4ff32d49c5424a91636f00cbfa010d 7a5aafd8d5114ca5a6c1cda2c8916180 - - default default] Unable to schedule network 8292edd1-44b3-41fd-9180-d52ca7a5dc68: no agents available; will retry on subsequent port and subnet creation events.
2026-05-27 07:25:59.495 7 WARNING neutron.scheduler.dhcp_agent_scheduler [None req-386b2413-c6be-462a-b670-a89790b4cf18 eb9027a47f2a4e79a56ea1cdeaf3ccff 74a5c8c6584e44b3ba85ec03a1d7cf33 - - default default] No more DHCP agents
2026-05-27 07:25:59.506 7 WARNING neutron.api.rpc.agentnotifiers.dhcp_rpc_agent_api [None req-386b2413-c6be-462a-b670-a89790b4cf18 eb9027a47f2a4e79a56ea1cdeaf3ccff 74a5c8c6584e44b3ba85ec03a1d7cf33 - - default default] Unable to schedule network 8e808ff0-e4e0-4e70-9bc8-45a143354ef0: no agents available; will retry on subsequent port and subnet creation events.
2026-05-27 07:25:59.563 8 INFO neutron.db.ovn_revision_numbers_db [None req-ef806d78-aa12-4067-9fe3-0ef21f7f53b1 7a4ff32d49c5424a91636f00cbfa010d 7a5aafd8d5114ca5a6c1cda2c8916180 - - default default] Successfully bumped revision number for resource 3dcf9576-8105-4e9d-863d-4fab1482f25b (type: ports) to 1 [pid: 8|app: 0|req: 1278/2760] 10.0.0.180 () {34 vars in 670 bytes} [Wed May 27 07:25:58 2026] POST /v2.0/networks => generated 632 bytes in 1130 msecs (HTTP/1.1 201) 4 headers in 162 bytes (1 switches on core 0) [pid: 7|app: 0|req: 1483/2761] 10.0.0.180 () {34 vars in 676 bytes} [Wed May 27 07:25:59 2026] POST /v2.0/floatingips => generated 552 bytes in 655 msecs (HTTP/1.1 201) 4 headers in 162 bytes (1 switches on core 0)
2026-05-27 07:26:00.074 7 WARNING neutron.scheduler.dhcp_agent_scheduler [None req-328f0ae9-9399-4e50-936c-39e88314340c 7a4ff32d49c5424a91636f00cbfa010d 7a5aafd8d5114ca5a6c1cda2c8916180 - - default default] No more DHCP agents
2026-05-27 07:26:00.075 7 WARNING neutron.api.rpc.agentnotifiers.dhcp_rpc_agent_api [None req-328f0ae9-9399-4e50-936c-39e88314340c 7a4ff32d49c5424a91636f00cbfa010d 7a5aafd8d5114ca5a6c1cda2c8916180 - - default default] Unable to schedule network 8292edd1-44b3-41fd-9180-d52ca7a5dc68: no agents available; will retry on subsequent port and subnet creation events.
2026-05-27 07:26:00.178 8 WARNING neutron.scheduler.dhcp_agent_scheduler [None req-c40bb6de-a72b-4161-8668-85076637b394 edc39202c55149a9a2d2ae82ae195283 63e1c8b4e5aa4311870002ae188abd74 - - default default] No more DHCP agents
2026-05-27 07:26:00.181 8 WARNING neutron.api.rpc.agentnotifiers.dhcp_rpc_agent_api [None req-c40bb6de-a72b-4161-8668-85076637b394 edc39202c55149a9a2d2ae82ae195283 63e1c8b4e5aa4311870002ae188abd74 - - default default] Unable to schedule network 2e7590db-78d8-4085-a4a5-62c276e70c16: no agents available; will retry on subsequent port and subnet creation events.
2026-05-27 07:26:00.214 7 INFO neutron.db.ovn_revision_numbers_db [None req-328f0ae9-9399-4e50-936c-39e88314340c 7a4ff32d49c5424a91636f00cbfa010d 7a5aafd8d5114ca5a6c1cda2c8916180 - - default default] Successfully bumped revision number for resource 7c13456c-1ab5-49ba-a96d-37d2af22a3d2 (type: ports) to 1 [pid: 7|app: 0|req: 1484/2762] 10.0.0.180 () {34 vars in 664 bytes} [Wed May 27 07:25:59 2026] POST /v2.0/ports => generated 743 bytes in 435 msecs (HTTP/1.1 201) 4 headers in 162 bytes (1 switches on core 0) /var/lib/openstack/lib/python3.12/site-packages/pycadf/identifier.py:70: UserWarning: Invalid uuid: neutron. To ensure interoperability, identifiers should be a valid uuid. warnings.warn(('Invalid uuid: %s. To ensure interoperability, '
2026-05-27 07:26:01.317 8 INFO neutron.db.ovn_revision_numbers_db [None req-c40bb6de-a72b-4161-8668-85076637b394 edc39202c55149a9a2d2ae82ae195283 63e1c8b4e5aa4311870002ae188abd74 - - default default] Successfully bumped revision number for resource 4e4bb485-75f7-4a03-b1c2-ebd6db400742 (type: ports) to 1
2026-05-27 07:26:01.369 7 WARNING neutron.scheduler.dhcp_agent_scheduler [None req-65b89dd2-6d7f-4981-8c08-cce07dc4788e eb9027a47f2a4e79a56ea1cdeaf3ccff 74a5c8c6584e44b3ba85ec03a1d7cf33 - - default default] No more DHCP agents
2026-05-27 07:26:01.371 7 WARNING neutron.api.rpc.agentnotifiers.dhcp_rpc_agent_api [None req-65b89dd2-6d7f-4981-8c08-cce07dc4788e eb9027a47f2a4e79a56ea1cdeaf3ccff 74a5c8c6584e44b3ba85ec03a1d7cf33 - - default default] Unable to schedule network 8e808ff0-e4e0-4e70-9bc8-45a143354ef0: no agents available; will retry on subsequent port and subnet creation events. [pid: 7|app: 0|req: 1485/2763] 10.0.0.180 () {34 vars in 676 bytes} [Wed May 27 07:26:00 2026] POST /v2.0/floatingips => generated 552 bytes in 1423 msecs (HTTP/1.1 201) 4 headers in 162 bytes (1 switches on core 0) [pid: 7|app: 0|req: 1486/2764] 10.0.0.180 () {34 vars in 666 bytes} [Wed May 27 07:26:01 2026] POST /v2.0/trunks => generated 409 bytes in 253 msecs (HTTP/1.1 201) 4 headers in 162 bytes (1 switches on core 0) [pid: 7|app: 0|req: 1487/2765] 10.0.0.180 () {34 vars in 759 bytes} [Wed May 27 07:26:01 2026] PUT /v2.0/floatingips/0bbc9181-18e8-4c96-b774-07b6de809b4c/tags => generated 17 bytes in 81 msecs (HTTP/1.1 200) 4 headers in 156 bytes (1 switches on core 0)
2026-05-27 07:26:02.098 8 WARNING neutron.scheduler.dhcp_agent_scheduler [None req-c40bb6de-a72b-4161-8668-85076637b394 edc39202c55149a9a2d2ae82ae195283 63e1c8b4e5aa4311870002ae188abd74 - - default default] No more DHCP agents
2026-05-27 07:26:02.099 8 WARNING neutron.api.rpc.agentnotifiers.dhcp_rpc_agent_api [None req-c40bb6de-a72b-4161-8668-85076637b394 edc39202c55149a9a2d2ae82ae195283 63e1c8b4e5aa4311870002ae188abd74 - - default default] Unable to schedule network 2e7590db-78d8-4085-a4a5-62c276e70c16: no agents available; will retry on subsequent port and subnet creation events.
2026-05-27 07:26:02.142 7 INFO neutron.db.segments_db [None req-81f4633f-b727-4f92-acc6-d5a304d08e9a 7a4ff32d49c5424a91636f00cbfa010d 7a5aafd8d5114ca5a6c1cda2c8916180 - - default default] Added segment 533dbcf3-27c8-4b79-87a9-19a14c0d054a of type geneve for network b79efd95-eaa1-4a06-8626-6fb902967d7a
2026-05-27 07:26:02.293 7 INFO neutron.db.ovn_revision_numbers_db [None req-81f4633f-b727-4f92-acc6-d5a304d08e9a 7a4ff32d49c5424a91636f00cbfa010d 7a5aafd8d5114ca5a6c1cda2c8916180 - - default default] Successfully bumped revision number for resource b79efd95-eaa1-4a06-8626-6fb902967d7a (type: networks) to 1
2026-05-27 07:26:02.468 7 WARNING neutron.scheduler.dhcp_agent_scheduler [None req-81f4633f-b727-4f92-acc6-d5a304d08e9a 7a4ff32d49c5424a91636f00cbfa010d 7a5aafd8d5114ca5a6c1cda2c8916180 - - default default] No more DHCP agents
2026-05-27 07:26:02.470 7 WARNING neutron.api.rpc.agentnotifiers.dhcp_rpc_agent_api [None req-81f4633f-b727-4f92-acc6-d5a304d08e9a 7a4ff32d49c5424a91636f00cbfa010d 7a5aafd8d5114ca5a6c1cda2c8916180 - - default default] Unable to schedule network b79efd95-eaa1-4a06-8626-6fb902967d7a: no agents available; will retry on subsequent port and subnet creation events.
2026-05-27 07:26:02.654 7 INFO neutron.db.ovn_revision_numbers_db [None req-81f4633f-b727-4f92-acc6-d5a304d08e9a 7a4ff32d49c5424a91636f00cbfa010d 7a5aafd8d5114ca5a6c1cda2c8916180 - - default default] Successfully bumped revision number for resource afc701cb-4ce4-4f56-9182-258ca679143c (type: ports) to 1
2026-05-27 07:26:02.681 8 INFO neutron.db.ovn_revision_numbers_db [None req-c40bb6de-a72b-4161-8668-85076637b394 edc39202c55149a9a2d2ae82ae195283 63e1c8b4e5aa4311870002ae188abd74 - - default default] Successfully bumped revision number for resource 4e4bb485-75f7-4a03-b1c2-ebd6db400742 (type: router_ports) to 1 [pid: 7|app: 0|req: 1488/2766] 10.0.0.180 () {34 vars in 670 bytes} [Wed May 27 07:26:02 2026] POST /v2.0/networks => generated 632 bytes in 646 msecs (HTTP/1.1 201) 4 headers in 162 bytes (1 switches on core 0) [pid: 8|app: 0|req: 1279/2767] 10.0.0.180 () {34 vars in 783 bytes} [Wed May 27 07:25:59 2026] PUT /v2.0/routers/9b0896f5-f35f-4d5e-8da2-c7f87f176934/add_router_interface => generated 309 bytes in 3085 msecs (HTTP/1.1 200) 4 headers in 157 bytes (1 switches on core 0) [pid: 7|app: 0|req: 1489/2768] 10.0.0.180 () {34 vars in 759 bytes} [Wed May 27 07:26:02 2026] PUT /v2.0/floatingips/03c5ae36-a14e-46c6-ac82-378a76bfac38/tags => generated 25 bytes in 58 msecs (HTTP/1.1 200) 4 headers in 156 bytes (1 switches on core 0)
2026-05-27 07:26:02.981 8 WARNING neutron.scheduler.dhcp_agent_scheduler [None req-cfb2e23d-5e02-4cf8-b6a2-5a6fc9f89ec2 7a4ff32d49c5424a91636f00cbfa010d 7a5aafd8d5114ca5a6c1cda2c8916180 - - default default] No more DHCP agents
2026-05-27 07:26:02.982 8 WARNING neutron.api.rpc.agentnotifiers.dhcp_rpc_agent_api [None req-cfb2e23d-5e02-4cf8-b6a2-5a6fc9f89ec2 7a4ff32d49c5424a91636f00cbfa010d 7a5aafd8d5114ca5a6c1cda2c8916180 - - default default] Unable to schedule network b79efd95-eaa1-4a06-8626-6fb902967d7a: no agents available; will retry on subsequent port and subnet creation events.
2026-05-27 07:26:03.138 8 INFO neutron.db.ovn_revision_numbers_db [None req-cfb2e23d-5e02-4cf8-b6a2-5a6fc9f89ec2 7a4ff32d49c5424a91636f00cbfa010d 7a5aafd8d5114ca5a6c1cda2c8916180 - - default default] Successfully bumped revision number for resource 0d94d493-edb7-4928-84e4-6fd3945d4015 (type: ports) to 1 [pid: 8|app: 0|req: 1280/2769] 10.0.0.180 () {34 vars in 664 bytes} [Wed May 27 07:26:02 2026] POST /v2.0/ports => generated 743 bytes in 499 msecs (HTTP/1.1 201) 4 headers in 162 bytes (1 switches on core 0) /var/lib/openstack/lib/python3.12/site-packages/pycadf/identifier.py:70: UserWarning: Invalid uuid: neutron. To ensure interoperability, identifiers should be a valid uuid. warnings.warn(('Invalid uuid: %s. To ensure interoperability, ' [pid: 8|app: 0|req: 1281/2770] 10.0.0.180 () {34 vars in 759 bytes} [Wed May 27 07:26:03 2026] PUT /v2.0/floatingips/6b054a0f-dc39-45d1-b386-1b7a04ecddcf/tags => generated 34 bytes in 54 msecs (HTTP/1.1 200) 4 headers in 156 bytes (1 switches on core 0) [pid: 8|app: 0|req: 1282/2771] 10.0.0.180 () {34 vars in 666 bytes} [Wed May 27 07:26:03 2026] POST /v2.0/trunks => generated 409 bytes in 217 msecs (HTTP/1.1 201) 4 headers in 162 bytes (1 switches on core 0) [pid: 8|app: 0|req: 1283/2772] 10.0.0.180 () {34 vars in 759 bytes} [Wed May 27 07:26:03 2026] PUT /v2.0/floatingips/0bc9ac76-e259-4ed9-b70e-c56685304b8c/tags => generated 19 bytes in 47 msecs (HTTP/1.1 200) 4 headers in 156 bytes (1 switches on core 0)
2026-05-27 07:26:03.604 8 INFO neutron.db.segments_db [None req-718ce3a2-4d8d-414f-a78c-c5509d05bdf4 7a4ff32d49c5424a91636f00cbfa010d 7a5aafd8d5114ca5a6c1cda2c8916180 - - default default] Added segment 43aa1fbf-237a-4af5-9b14-cba3ba41e661 of type geneve for network 727da9e8-a234-40ca-b0a7-b290d7bae09a
2026-05-27 07:26:03.605 7 WARNING neutron.scheduler.dhcp_agent_scheduler [None req-d97f4600-a341-4114-90e8-90f864fb54c5 - - - - - -] No more DHCP agents
2026-05-27 07:26:03.606 7 WARNING neutron.api.rpc.agentnotifiers.dhcp_rpc_agent_api [None req-d97f4600-a341-4114-90e8-90f864fb54c5 - - - - - -] Unable to schedule network 8e808ff0-e4e0-4e70-9bc8-45a143354ef0: no agents available; will retry on subsequent port and subnet creation events.
2026-05-27 07:26:03.899 7 INFO neutron.db.ovn_revision_numbers_db [None req-d97f4600-a341-4114-90e8-90f864fb54c5 - - - - - -] Successfully bumped revision number for resource 0ae4bfe7-daed-41aa-ba8a-a74f9be1ae00 (type: ports) to 1
2026-05-27 07:26:03.933 8 INFO neutron.db.ovn_revision_numbers_db [None req-718ce3a2-4d8d-414f-a78c-c5509d05bdf4 7a4ff32d49c5424a91636f00cbfa010d 7a5aafd8d5114ca5a6c1cda2c8916180 - - default default] Successfully bumped revision number for resource 727da9e8-a234-40ca-b0a7-b290d7bae09a (type: networks) to 1
2026-05-27 07:26:04.330 7 INFO neutron.db.ovn_revision_numbers_db [None req-d97f4600-a341-4114-90e8-90f864fb54c5 - - - - - -] Successfully bumped revision number for resource 0ae4bfe7-daed-41aa-ba8a-a74f9be1ae00 (type: ports) to 3
2026-05-27 07:26:04.398 7 INFO neutron.db.segments_db [None req-d97f4600-a341-4114-90e8-90f864fb54c5 - - - - - -] Added segment d878b383-4160-4179-a9cc-748f0d4b1952 of type geneve for network a83bef7c-2459-4f9c-bba0-2677ba14ec02
2026-05-27 07:26:04.451 8 WARNING neutron.scheduler.dhcp_agent_scheduler [None req-718ce3a2-4d8d-414f-a78c-c5509d05bdf4 7a4ff32d49c5424a91636f00cbfa010d 7a5aafd8d5114ca5a6c1cda2c8916180 - - default default] No more DHCP agents
2026-05-27 07:26:04.453 8 WARNING neutron.api.rpc.agentnotifiers.dhcp_rpc_agent_api [None req-718ce3a2-4d8d-414f-a78c-c5509d05bdf4 7a4ff32d49c5424a91636f00cbfa010d 7a5aafd8d5114ca5a6c1cda2c8916180 - - default default] Unable to schedule network 727da9e8-a234-40ca-b0a7-b290d7bae09a: no agents available; will retry on subsequent port and subnet creation events.
2026-05-27 07:26:04.597 8 INFO neutron.db.ovn_revision_numbers_db [None req-718ce3a2-4d8d-414f-a78c-c5509d05bdf4 7a4ff32d49c5424a91636f00cbfa010d 7a5aafd8d5114ca5a6c1cda2c8916180 - - default default] Successfully bumped revision number for resource 6925f3cd-bec7-4407-a5cd-428a44e88ade (type: ports) to 1
2026-05-27 07:26:04.622 7 INFO neutron.db.ovn_revision_numbers_db [None req-fcf4894a-4818-4285-b911-9d06dce50fde - - - - - -] Successfully bumped revision number for resource a83bef7c-2459-4f9c-bba0-2677ba14ec02 (type: networks) to 1 [pid: 8|app: 0|req: 1284/2773] 10.0.0.180 () {34 vars in 670 bytes} [Wed May 27 07:26:03 2026] POST /v2.0/networks => generated 631 bytes in 1121 msecs (HTTP/1.1 201) 4 headers in 162 bytes (1 switches on core 0) [pid: 8|app: 0|req: 1285/2774] 10.0.0.180 () {32 vars in 672 bytes} [Wed May 27 07:26:04 2026] GET /v2.0/floatingips?tags=red => generated 1671 bytes in 53 msecs (HTTP/1.1 200) 4 headers in 158 bytes (1 switches on core 0)
2026-05-27 07:26:04.792 7 WARNING neutron.scheduler.dhcp_agent_scheduler [None req-fcf4894a-4818-4285-b911-9d06dce50fde - - - - - -] No more DHCP agents
2026-05-27 07:26:04.793 7 WARNING neutron.api.rpc.agentnotifiers.dhcp_rpc_agent_api [None req-fcf4894a-4818-4285-b911-9d06dce50fde - - - - - -] Unable to schedule network a83bef7c-2459-4f9c-bba0-2677ba14ec02: no agents available; will retry on subsequent port and subnet creation events.
2026-05-27 07:26:04.945 8 WARNING neutron.scheduler.dhcp_agent_scheduler [None req-0300b32e-24f3-4679-b2ca-35b87d4da81f 7a4ff32d49c5424a91636f00cbfa010d 7a5aafd8d5114ca5a6c1cda2c8916180 - - default default] No more DHCP agents
2026-05-27 07:26:04.946 8 WARNING neutron.api.rpc.agentnotifiers.dhcp_rpc_agent_api [None req-0300b32e-24f3-4679-b2ca-35b87d4da81f 7a4ff32d49c5424a91636f00cbfa010d 7a5aafd8d5114ca5a6c1cda2c8916180 - - default default] Unable to schedule network 727da9e8-a234-40ca-b0a7-b290d7bae09a: no agents available; will retry on subsequent port and subnet creation events.
2026-05-27 07:26:05.087 8 INFO neutron.db.ovn_revision_numbers_db [None req-0300b32e-24f3-4679-b2ca-35b87d4da81f 7a4ff32d49c5424a91636f00cbfa010d 7a5aafd8d5114ca5a6c1cda2c8916180 - - default default] Successfully bumped revision number for resource 1f4912c1-ba6f-4070-bb00-dcc2c156c091 (type: ports) to 1 [pid: 8|app: 0|req: 1286/2775] 10.0.0.180 () {34 vars in 664 bytes} [Wed May 27 07:26:04 2026] POST /v2.0/ports => generated 743 bytes in 468 msecs (HTTP/1.1 201) 4 headers in 162 bytes (1 switches on core 0) /var/lib/openstack/lib/python3.12/site-packages/pycadf/identifier.py:70: UserWarning: Invalid uuid: neutron. To ensure interoperability, identifiers should be a valid uuid. warnings.warn(('Invalid uuid: %s. To ensure interoperability, '
2026-05-27 07:26:05.235 8 WARNING neutron.plugins.ml2.drivers.ovn.mech_driver.ovsdb.ovn_client [None req-40f33729-1a56-43d2-afde-9c9d21a5425d - - - - - -] No hosting information found for port ed103774-661f-4054-8f0a-9b59cb3c5079: RuntimeError: No hosting information found for port ed103774-661f-4054-8f0a-9b59cb3c5079
2026-05-27 07:26:05.236 8 INFO neutron.plugins.ml2.drivers.ovn.mech_driver.mech_driver [None req-40f33729-1a56-43d2-afde-9c9d21a5425d - - - - - -] OVN reports status down for port: 3dcf9576-8105-4e9d-863d-4fab1482f25b [pid: 8|app: 0|req: 1287/2776] 10.0.0.180 () {32 vars in 686 bytes} [Wed May 27 07:26:05 2026] GET /v2.0/floatingips?tags=red%2Cblue => generated 1128 bytes in 95 msecs (HTTP/1.1 200) 4 headers in 158 bytes (1 switches on core 0)
2026-05-27 07:26:05.357 8 INFO neutron.plugins.ml2.drivers.ovn.mech_driver.mech_driver [None req-40f33729-1a56-43d2-afde-9c9d21a5425d - - - - - -] OVN reports status down for port: 7c13456c-1ab5-49ba-a96d-37d2af22a3d2
2026-05-27 07:26:05.492 8 INFO neutron.plugins.ml2.drivers.ovn.mech_driver.mech_driver [None req-40f33729-1a56-43d2-afde-9c9d21a5425d - - - - - -] OVN reports status down for port: 4e4bb485-75f7-4a03-b1c2-ebd6db400742 [pid: 8|app: 0|req: 1288/2777] 10.0.0.180 () {34 vars in 666 bytes} [Wed May 27 07:26:05 2026] POST /v2.0/trunks => generated 409 bytes in 305 msecs (HTTP/1.1 201) 4 headers in 162 bytes (1 switches on core 0) [pid: 8|app: 0|req: 1289/2778] 10.0.0.180 () {32 vars in 682 bytes} [Wed May 27 07:26:05 2026] GET /v2.0/floatingips?tags-any=blue => generated 1128 bytes in 83 msecs (HTTP/1.1 200) 4 headers in 158 bytes (1 switches on core 0)
2026-05-27 07:26:05.651 8 WARNING neutron.plugins.ml2.drivers.ovn.mech_driver.ovsdb.ovn_client [None req-40f33729-1a56-43d2-afde-9c9d21a5425d - - - - - -] Logical_Switch_Port 4e4bb485-75f7-4a03-b1c2-ebd6db400742 host information not removed, the port state is up
2026-05-27 07:26:05.651 8 INFO neutron.plugins.ml2.drivers.ovn.mech_driver.mech_driver [None req-40f33729-1a56-43d2-afde-9c9d21a5425d - - - - - -] OVN reports status up for port: 4e4bb485-75f7-4a03-b1c2-ebd6db400742
2026-05-27 07:26:05.676 8 INFO neutron.plugins.ml2.plugin [None req-40f33729-1a56-43d2-afde-9c9d21a5425d - - - - - -] Attempt 1 to provision port 4e4bb485-75f7-4a03-b1c2-ebd6db400742
2026-05-27 07:26:05.773 7 INFO neutron.db.ovn_revision_numbers_db [None req-fcf4894a-4818-4285-b911-9d06dce50fde - - - - - -] Successfully bumped revision number for resource e332c132-c580-4962-83b9-b0102abba9d8 (type: ports) to 1
2026-05-27 07:26:05.863 8 INFO neutron.db.segments_db [None req-bd1f7cdb-1199-4a06-8cc0-019c6a83b112 7a4ff32d49c5424a91636f00cbfa010d 7a5aafd8d5114ca5a6c1cda2c8916180 - - default default] Added segment 8bd04ee0-3df2-4681-9ec2-088e8306bb64 of type geneve for network 23d4c7f9-7fc2-43fc-939c-92632d22a702
2026-05-27 07:26:05.934 7 WARNING neutron.scheduler.dhcp_agent_scheduler [None req-fcf4894a-4818-4285-b911-9d06dce50fde - - - - - -] No more DHCP agents
2026-05-27 07:26:05.936 7 WARNING neutron.api.rpc.agentnotifiers.dhcp_rpc_agent_api [None req-fcf4894a-4818-4285-b911-9d06dce50fde - - - - - -] Unable to schedule network a83bef7c-2459-4f9c-bba0-2677ba14ec02: no agents available; will retry on subsequent port and subnet creation events.
2026-05-27 07:26:05.962 7 INFO neutron.db.ovn_revision_numbers_db [None req-fcf4894a-4818-4285-b911-9d06dce50fde - - - - - -] Successfully bumped revision number for resource 75e1768f-e3c3-4098-8a4d-a709ca365819 (type: subnets) to 0
2026-05-27 07:26:06.114 8 INFO neutron.db.ovn_revision_numbers_db [None req-bd1f7cdb-1199-4a06-8cc0-019c6a83b112 7a4ff32d49c5424a91636f00cbfa010d 7a5aafd8d5114ca5a6c1cda2c8916180 - - default default] Successfully bumped revision number for resource 23d4c7f9-7fc2-43fc-939c-92632d22a702 (type: networks) to 1
