2026-05-27 07:26:20.626 8 INFO neutron.services.segments.plugin [-] Segment 43aa1fbf-237a-4af5-9b14-cba3ba41e661 resource provider not found; error: Placement Client Error (4xx): {"errors": [{"status": 404, "title": "Not Found", "detail": "The resource could not be found.\n\n No resource provider with uuid 43aa1fbf-237a-4af5-9b14-cba3ba41e661 found for delete ", "request_id": "req-1ac5e586-9e13-4620-8784-68175bd9b81d"}]}
2026-05-27 07:26:20.644 8 INFO neutron.services.segments.plugin [-] Segment 8bd04ee0-3df2-4681-9ec2-088e8306bb64 resource provider aggregate not found
2026-05-27 07:26:20.661 8 INFO neutron.services.segments.plugin [-] Segment 8bd04ee0-3df2-4681-9ec2-088e8306bb64 resource provider not found; error: Placement Client Error (4xx): {"errors": [{"status": 404, "title": "Not Found", "detail": "The resource could not be found.\n\n No resource provider with uuid 8bd04ee0-3df2-4681-9ec2-088e8306bb64 found for delete ", "request_id": "req-242eedf1-aabe-476a-aef2-625530cbfbfc"}]}
2026-05-27 07:26:20.677 8 INFO neutron.services.segments.plugin [-] Segment ac030203-17ca-4bd1-a8e1-8d29519d0b23 resource provider aggregate not found
2026-05-27 07:26:20.691 8 INFO neutron.services.segments.plugin [-] Segment ac030203-17ca-4bd1-a8e1-8d29519d0b23 resource provider not found; error: Placement Client Error (4xx): {"errors": [{"status": 404, "title": "Not Found", "detail": "The resource could not be found.\n\n No resource provider with uuid ac030203-17ca-4bd1-a8e1-8d29519d0b23 found for delete ", "request_id": "req-7c852890-343a-4e2d-ae98-2cfdc6a62b29"}]}
2026-05-27 07:26:20.695 8 INFO neutron.services.segments.plugin [-] Segment 43aa1fbf-237a-4af5-9b14-cba3ba41e661 resource provider aggregate not found
2026-05-27 07:26:20.714 8 INFO neutron.services.segments.plugin [-] Segment 43aa1fbf-237a-4af5-9b14-cba3ba41e661 resource provider not found; error: Placement Client Error (4xx): {"errors": [{"status": 404, "title": "Not Found", "detail": "The resource could not be found.\n\n No resource provider with uuid 43aa1fbf-237a-4af5-9b14-cba3ba41e661 found for delete ", "request_id": "req-0edefae7-8f04-4b95-8f2c-7c001724598e"}]}
2026-05-27 07:26:20.732 8 INFO neutron.services.segments.plugin [-] Segment 8bd04ee0-3df2-4681-9ec2-088e8306bb64 resource provider aggregate not found
2026-05-27 07:26:20.747 8 INFO neutron.services.segments.plugin [-] Segment 8bd04ee0-3df2-4681-9ec2-088e8306bb64 resource provider not found; error: Placement Client Error (4xx): {"errors": [{"status": 404, "title": "Not Found", "detail": "The resource could not be found.\n\n No resource provider with uuid 8bd04ee0-3df2-4681-9ec2-088e8306bb64 found for delete ", "request_id": "req-bd253748-0fc6-4f0c-a80b-d1ef049dc5c3"}]}
2026-05-27 07:26:20.764 8 INFO neutron.services.segments.plugin [-] Segment ac030203-17ca-4bd1-a8e1-8d29519d0b23 resource provider aggregate not found
2026-05-27 07:26:20.776 8 INFO neutron.services.segments.plugin [-] Segment ac030203-17ca-4bd1-a8e1-8d29519d0b23 resource provider not found; error: Placement Client Error (4xx): {"errors": [{"status": 404, "title": "Not Found", "detail": "The resource could not be found.\n\n No resource provider with uuid ac030203-17ca-4bd1-a8e1-8d29519d0b23 found for delete ", "request_id": "req-8c95d696-62c1-4fca-9e86-6a76debb351f"}]}
2026-05-27 07:26:20.921 7 INFO neutron.plugins.ml2.drivers.ovn.mech_driver.ovsdb.commands [-] Schedule LRP lrp-1a38635e-f26f-49d7-a34b-44b47d7de9ba on gateway 56a7c457-5b12-459a-835a-00c5d39983e6 with priority 1
2026-05-27 07:26:21.006 8 INFO neutron.plugins.ml2.drivers.ovn.mech_driver.mech_driver [None req-b6e42be4-741a-4f27-a9e5-2f2d95555b55 - - - - - -] OVN reports status up for port: 1a38635e-f26f-49d7-a34b-44b47d7de9ba
2026-05-27 07:26:21.018 8 INFO neutron.plugins.ml2.plugin [None req-b6e42be4-741a-4f27-a9e5-2f2d95555b55 - - - - - -] Attempt 1 to provision port 1a38635e-f26f-49d7-a34b-44b47d7de9ba
2026-05-27 07:26:21.045 7 INFO neutron.db.ovn_revision_numbers_db [None req-1b0542e7-f76a-4cc8-8253-d6e04b519226 edc39202c55149a9a2d2ae82ae195283 63e1c8b4e5aa4311870002ae188abd74 - - default default] Successfully bumped revision number for resource 1a38635e-f26f-49d7-a34b-44b47d7de9ba (type: router_ports) to 1
2026-05-27 07:26:21.127 7 INFO neutron.db.ovn_revision_numbers_db [None req-1b0542e7-f76a-4cc8-8253-d6e04b519226 edc39202c55149a9a2d2ae82ae195283 63e1c8b4e5aa4311870002ae188abd74 - - default default] Successfully bumped revision number for resource b0ead79f-5954-4551-a25a-6ca5d1add7e6 (type: routers) to 2 [pid: 7|app: 0|req: 1535/2859] 10.0.0.180 () {34 vars in 669 bytes} [Wed May 27 07:26:19 2026] POST /v2.0/routers => generated 936 bytes in 1728 msecs (HTTP/1.1 201) 4 headers in 162 bytes (1 switches on core 0)
2026-05-27 07:26:21.449 8 INFO neutron.db.ovn_revision_numbers_db [None req-285b4d12-c238-4f0a-8156-3d091847e0f7 87db2ab79fd4478993968e810a2536ca 5c1fc7e06d8b4d19b6bce2a1fb5c74d3 - - default default] Successfully bumped revision number for resource d85254bf-9876-446c-97c3-6260941b144a (type: security_groups) to 1
2026-05-27 07:26:21.463 8 INFO neutron.db.ovn_revision_numbers_db [None req-285b4d12-c238-4f0a-8156-3d091847e0f7 87db2ab79fd4478993968e810a2536ca 5c1fc7e06d8b4d19b6bce2a1fb5c74d3 - - default default] Successfully bumped revision number for resource 16027e95-12ce-470a-a4fc-305b0e10e146 (type: security_group_rules) to 0
2026-05-27 07:26:21.481 8 INFO neutron.db.ovn_revision_numbers_db [None req-285b4d12-c238-4f0a-8156-3d091847e0f7 87db2ab79fd4478993968e810a2536ca 5c1fc7e06d8b4d19b6bce2a1fb5c74d3 - - default default] Successfully bumped revision number for resource a57af16a-202d-4e70-9517-825d8fa82967 (type: security_group_rules) to 0
2026-05-27 07:26:21.498 8 INFO neutron.db.ovn_revision_numbers_db [None req-285b4d12-c238-4f0a-8156-3d091847e0f7 87db2ab79fd4478993968e810a2536ca 5c1fc7e06d8b4d19b6bce2a1fb5c74d3 - - default default] Successfully bumped revision number for resource e1a6a90b-f7b3-4705-afea-cee39de95486 (type: security_group_rules) to 0
2026-05-27 07:26:21.512 8 INFO neutron.db.ovn_revision_numbers_db [None req-285b4d12-c238-4f0a-8156-3d091847e0f7 87db2ab79fd4478993968e810a2536ca 5c1fc7e06d8b4d19b6bce2a1fb5c74d3 - - default default] Successfully bumped revision number for resource e68c0546-2344-46e4-a192-bc0010abaf55 (type: security_group_rules) to 0 [pid: 8|app: 0|req: 1325/2860] 10.0.0.180 () {32 vars in 774 bytes} [Wed May 27 07:26:21 2026] GET /v2.0/security-groups?tenant_id=1c4c2ea951a84c4fad9f9a3d0e879690&name=default => generated 2929 bytes in 427 msecs (HTTP/1.1 200) 4 headers in 158 bytes (1 switches on core 0)
2026-05-27 07:26:21.854 7 WARNING neutron.scheduler.dhcp_agent_scheduler [None req-691fb2ca-bb5c-4d74-8e29-bb531d4e6ae2 edc39202c55149a9a2d2ae82ae195283 63e1c8b4e5aa4311870002ae188abd74 - - default default] No more DHCP agents
2026-05-27 07:26:21.857 7 WARNING neutron.api.rpc.agentnotifiers.dhcp_rpc_agent_api [None req-691fb2ca-bb5c-4d74-8e29-bb531d4e6ae2 edc39202c55149a9a2d2ae82ae195283 63e1c8b4e5aa4311870002ae188abd74 - - default default] Unable to schedule network 036a5f9a-9294-44bc-ac4f-69f1e01768af: no agents available; will retry on subsequent port and subnet creation events. [pid: 8|app: 0|req: 1326/2861] 10.0.0.180 () {32 vars in 740 bytes} [Wed May 27 07:26:21 2026] DELETE /v2.0/security-groups/d85254bf-9876-446c-97c3-6260941b144a => generated 0 bytes in 308 msecs (HTTP/1.1 204) 2 headers in 112 bytes (1 switches on core 0)
2026-05-27 07:26:22.069 7 INFO neutron.db.ovn_revision_numbers_db [None req-691fb2ca-bb5c-4d74-8e29-bb531d4e6ae2 edc39202c55149a9a2d2ae82ae195283 63e1c8b4e5aa4311870002ae188abd74 - - default default] Successfully bumped revision number for resource cdc47cb0-14e3-47c2-a5d0-0981c937f25f (type: ports) to 1
2026-05-27 07:26:22.237 8 INFO neutron.db.ovn_revision_numbers_db [None req-357fcebe-2604-413c-92e7-cfc9d7bb89a3 87db2ab79fd4478993968e810a2536ca 5c1fc7e06d8b4d19b6bce2a1fb5c74d3 - - default default] Successfully bumped revision number for resource 7550d026-7359-45cb-956e-984bf55f09ef (type: security_groups) to 1
2026-05-27 07:26:22.251 8 INFO neutron.db.ovn_revision_numbers_db [None req-357fcebe-2604-413c-92e7-cfc9d7bb89a3 87db2ab79fd4478993968e810a2536ca 5c1fc7e06d8b4d19b6bce2a1fb5c74d3 - - default default] Successfully bumped revision number for resource 086721dc-e42a-4324-9a53-dd17d9a2a948 (type: security_group_rules) to 0
2026-05-27 07:26:22.266 8 INFO neutron.db.ovn_revision_numbers_db [None req-357fcebe-2604-413c-92e7-cfc9d7bb89a3 87db2ab79fd4478993968e810a2536ca 5c1fc7e06d8b4d19b6bce2a1fb5c74d3 - - default default] Successfully bumped revision number for resource 408fb291-c3b7-4443-9aca-38832e77f805 (type: security_group_rules) to 0
2026-05-27 07:26:22.280 8 INFO neutron.db.ovn_revision_numbers_db [None req-357fcebe-2604-413c-92e7-cfc9d7bb89a3 87db2ab79fd4478993968e810a2536ca 5c1fc7e06d8b4d19b6bce2a1fb5c74d3 - - default default] Successfully bumped revision number for resource 7970cef1-96cb-4292-bf78-7c958c3985c2 (type: security_group_rules) to 0
2026-05-27 07:26:22.294 8 INFO neutron.db.ovn_revision_numbers_db [None req-357fcebe-2604-413c-92e7-cfc9d7bb89a3 87db2ab79fd4478993968e810a2536ca 5c1fc7e06d8b4d19b6bce2a1fb5c74d3 - - default default] Successfully bumped revision number for resource d9cf8c4e-ef6e-404d-a538-cc63d7c6e923 (type: security_group_rules) to 0 [pid: 8|app: 0|req: 1329/2864] 10.0.0.180 () {32 vars in 774 bytes} [Wed May 27 07:26:22 2026] GET /v2.0/security-groups?tenant_id=6c26849c7bda4fb3b4f8d0696b15b92b&name=default => generated 2929 bytes in 328 msecs (HTTP/1.1 200) 4 headers in 158 bytes (1 switches on core 0) [pid: 8|app: 0|req: 1330/2865] 10.0.0.180 () {32 vars in 740 bytes} [Wed May 27 07:26:22 2026] DELETE /v2.0/security-groups/7550d026-7359-45cb-956e-984bf55f09ef => generated 0 bytes in 409 msecs (HTTP/1.1 204) 2 headers in 112 bytes (1 switches on core 0)
2026-05-27 07:26:23.067 7 WARNING neutron.scheduler.dhcp_agent_scheduler [None req-691fb2ca-bb5c-4d74-8e29-bb531d4e6ae2 edc39202c55149a9a2d2ae82ae195283 63e1c8b4e5aa4311870002ae188abd74 - - default default] No more DHCP agents
2026-05-27 07:26:23.070 7 WARNING neutron.api.rpc.agentnotifiers.dhcp_rpc_agent_api [None req-691fb2ca-bb5c-4d74-8e29-bb531d4e6ae2 edc39202c55149a9a2d2ae82ae195283 63e1c8b4e5aa4311870002ae188abd74 - - default default] Unable to schedule network 036a5f9a-9294-44bc-ac4f-69f1e01768af: no agents available; will retry on subsequent port and subnet creation events.
2026-05-27 07:26:23.178 8 INFO neutron.db.ovn_revision_numbers_db [None req-fc8843a8-212f-4f83-9b1d-67dd32dc50b1 95ffa179a3664255bdaf04781a5683a7 3ec257c745c843079d439892ee5bc667 - - default default] Successfully bumped revision number for resource a5becb04-d805-4ae2-96ff-a9737fafa961 (type: security_groups) to 1
2026-05-27 07:26:23.191 8 INFO neutron.db.ovn_revision_numbers_db [None req-fc8843a8-212f-4f83-9b1d-67dd32dc50b1 95ffa179a3664255bdaf04781a5683a7 3ec257c745c843079d439892ee5bc667 - - default default] Successfully bumped revision number for resource 57ad62f2-4089-4def-a7d1-bc3bfb76c310 (type: security_group_rules) to 0
2026-05-27 07:26:23.207 8 INFO neutron.db.ovn_revision_numbers_db [None req-fc8843a8-212f-4f83-9b1d-67dd32dc50b1 95ffa179a3664255bdaf04781a5683a7 3ec257c745c843079d439892ee5bc667 - - default default] Successfully bumped revision number for resource 6c550d8a-78e9-4f03-b944-717e788a02f4 (type: security_group_rules) to 0
2026-05-27 07:26:23.225 8 INFO neutron.db.ovn_revision_numbers_db [None req-fc8843a8-212f-4f83-9b1d-67dd32dc50b1 95ffa179a3664255bdaf04781a5683a7 3ec257c745c843079d439892ee5bc667 - - default default] Successfully bumped revision number for resource ed8cd236-ee43-4067-b9bb-fe3a31a0cace (type: security_group_rules) to 0
2026-05-27 07:26:23.242 8 INFO neutron.db.ovn_revision_numbers_db [None req-fc8843a8-212f-4f83-9b1d-67dd32dc50b1 95ffa179a3664255bdaf04781a5683a7 3ec257c745c843079d439892ee5bc667 - - default default] Successfully bumped revision number for resource fd40cad9-6603-4954-a8ed-704612f9cf4f (type: security_group_rules) to 0
2026-05-27 07:26:23.373 8 INFO neutron.db.segments_db [None req-fc8843a8-212f-4f83-9b1d-67dd32dc50b1 95ffa179a3664255bdaf04781a5683a7 3ec257c745c843079d439892ee5bc667 - - default default] Added segment 3ad33881-a457-479c-bd7f-ba9616bade4f of type geneve for network 1d1dbed2-da73-4c3a-9bc2-b434bc51e6f5
2026-05-27 07:26:23.535 8 INFO neutron.db.ovn_revision_numbers_db [None req-fc8843a8-212f-4f83-9b1d-67dd32dc50b1 95ffa179a3664255bdaf04781a5683a7 3ec257c745c843079d439892ee5bc667 - - default default] Successfully bumped revision number for resource 1d1dbed2-da73-4c3a-9bc2-b434bc51e6f5 (type: networks) to 1
2026-05-27 07:26:23.562 7 INFO neutron.db.ovn_revision_numbers_db [None req-691fb2ca-bb5c-4d74-8e29-bb531d4e6ae2 edc39202c55149a9a2d2ae82ae195283 63e1c8b4e5aa4311870002ae188abd74 - - default default] Successfully bumped revision number for resource cdc47cb0-14e3-47c2-a5d0-0981c937f25f (type: router_ports) to 1 [pid: 7|app: 0|req: 1536/2866] 10.0.0.180 () {34 vars in 783 bytes} [Wed May 27 07:26:21 2026] PUT /v2.0/routers/b0ead79f-5954-4551-a25a-6ca5d1add7e6/add_router_interface => generated 309 bytes in 2415 msecs (HTTP/1.1 200) 4 headers in 157 bytes (1 switches on core 0) [pid: 7|app: 0|req: 1537/2867] 10.0.0.180 () {32 vars in 774 bytes} [Wed May 27 07:26:23 2026] GET /v2.0/security-groups?tenant_id=7a5aafd8d5114ca5a6c1cda2c8916180&name=default => generated 2929 bytes in 29 msecs (HTTP/1.1 200) 4 headers in 158 bytes (1 switches on core 0)
2026-05-27 07:26:23.807 8 WARNING neutron.scheduler.dhcp_agent_scheduler [None req-fc8843a8-212f-4f83-9b1d-67dd32dc50b1 95ffa179a3664255bdaf04781a5683a7 3ec257c745c843079d439892ee5bc667 - - default default] No more DHCP agents
2026-05-27 07:26:23.809 8 WARNING neutron.api.rpc.agentnotifiers.dhcp_rpc_agent_api [None req-fc8843a8-212f-4f83-9b1d-67dd32dc50b1 95ffa179a3664255bdaf04781a5683a7 3ec257c745c843079d439892ee5bc667 - - default default] Unable to schedule network 1d1dbed2-da73-4c3a-9bc2-b434bc51e6f5: no agents available; will retry on subsequent port and subnet creation events.
2026-05-27 07:26:23.937 8 INFO neutron.db.ovn_revision_numbers_db [None req-fc8843a8-212f-4f83-9b1d-67dd32dc50b1 95ffa179a3664255bdaf04781a5683a7 3ec257c745c843079d439892ee5bc667 - - default default] Successfully bumped revision number for resource 981cac3f-e9a1-42b9-9133-da7c13aa4df6 (type: ports) to 1 [pid: 8|app: 0|req: 1331/2868] 10.0.0.180 () {34 vars in 670 bytes} [Wed May 27 07:26:22 2026] POST /v2.0/networks => generated 632 bytes in 1214 msecs (HTTP/1.1 201) 4 headers in 162 bytes (1 switches on core 0) [pid: 8|app: 0|req: 1332/2869] 10.0.0.180 () {32 vars in 740 bytes} [Wed May 27 07:26:23 2026] DELETE /v2.0/security-groups/853898c9-42e0-4d2e-a03d-6fa0a82afd9c => generated 0 bytes in 285 msecs (HTTP/1.1 204) 2 headers in 112 bytes (1 switches on core 0)
2026-05-27 07:26:24.282 7 WARNING neutron.scheduler.dhcp_agent_scheduler [None req-e1bb377c-8c72-47ca-9a32-d1b616bf8e92 - - - - - -] No more DHCP agents
2026-05-27 07:26:24.284 7 WARNING neutron.api.rpc.agentnotifiers.dhcp_rpc_agent_api [None req-e1bb377c-8c72-47ca-9a32-d1b616bf8e92 - - - - - -] Unable to schedule network 8e808ff0-e4e0-4e70-9bc8-45a143354ef0: no agents available; will retry on subsequent port and subnet creation events.
2026-05-27 07:26:24.471 7 INFO neutron.db.ovn_revision_numbers_db [None req-e1bb377c-8c72-47ca-9a32-d1b616bf8e92 - - - - - -] Successfully bumped revision number for resource f86e405f-c1c5-46a3-975c-2fa56b115163 (type: ports) to 1
2026-05-27 07:26:24.536 8 WARNING neutron.scheduler.dhcp_agent_scheduler [None req-3657aa43-c4ee-4f2e-baff-4769346adb90 95ffa179a3664255bdaf04781a5683a7 3ec257c745c843079d439892ee5bc667 - - default default] No more DHCP agents
2026-05-27 07:26:24.539 8 WARNING neutron.api.rpc.agentnotifiers.dhcp_rpc_agent_api [None req-3657aa43-c4ee-4f2e-baff-4769346adb90 95ffa179a3664255bdaf04781a5683a7 3ec257c745c843079d439892ee5bc667 - - default default] Unable to schedule network 1d1dbed2-da73-4c3a-9bc2-b434bc51e6f5: no agents available; will retry on subsequent port and subnet creation events.
2026-05-27 07:26:24.771 7 INFO neutron.db.ovn_revision_numbers_db [None req-e1bb377c-8c72-47ca-9a32-d1b616bf8e92 - - - - - -] Successfully bumped revision number for resource f86e405f-c1c5-46a3-975c-2fa56b115163 (type: ports) to 3
2026-05-27 07:26:24.852 7 INFO neutron.db.segments_db [None req-e1bb377c-8c72-47ca-9a32-d1b616bf8e92 - - - - - -] Added segment 6652d4c5-fa87-4fc3-a47c-051a5664c40c of type geneve for network 0726c0cb-5e42-4852-8ee9-19b6a067d5ed
2026-05-27 07:26:25.008 7 INFO neutron.db.ovn_revision_numbers_db [None req-a3ccaa44-5f6f-4353-812a-42c6961c4620 - - - - - -] Successfully bumped revision number for resource 0726c0cb-5e42-4852-8ee9-19b6a067d5ed (type: networks) to 1
2026-05-27 07:26:25.183 8 INFO neutron.db.ovn_revision_numbers_db [None req-d905e703-0fec-4919-9c13-3b28cc5bac5f - - - - - -] Successfully bumped revision number for resource 981cac3f-e9a1-42b9-9133-da7c13aa4df6 (type: ports) to 2
2026-05-27 07:26:25.212 7 WARNING neutron.scheduler.dhcp_agent_scheduler [None req-a3ccaa44-5f6f-4353-812a-42c6961c4620 - - - - - -] No more DHCP agents
2026-05-27 07:26:25.215 8 INFO neutron.db.ovn_revision_numbers_db [None req-d905e703-0fec-4919-9c13-3b28cc5bac5f - - - - - -] Successfully bumped revision number for resource d326f800-6c09-41a8-a812-a542c4424b8d (type: subnets) to 0
2026-05-27 07:26:25.215 7 WARNING neutron.api.rpc.agentnotifiers.dhcp_rpc_agent_api [None req-a3ccaa44-5f6f-4353-812a-42c6961c4620 - - - - - -] Unable to schedule network 0726c0cb-5e42-4852-8ee9-19b6a067d5ed: no agents available; will retry on subsequent port and subnet creation events. [pid: 8|app: 0|req: 1333/2870] 10.0.0.180 () {34 vars in 669 bytes} [Wed May 27 07:26:24 2026] POST /v2.0/subnets => generated 626 bytes in 969 msecs (HTTP/1.1 201) 4 headers in 162 bytes (1 switches on core 0)
2026-05-27 07:26:25.335 7 INFO neutron.db.ovn_revision_numbers_db [None req-a3ccaa44-5f6f-4353-812a-42c6961c4620 - - - - - -] Successfully bumped revision number for resource 5347d409-df58-4d24-8d5b-8ea920ed5db4 (type: ports) to 1
2026-05-27 07:26:25.384 8 INFO neutron.db.segments_db [None req-b3b58269-25fd-4ea5-85d8-aa9afadc9c3d 95ffa179a3664255bdaf04781a5683a7 3ec257c745c843079d439892ee5bc667 - - default default] Added segment 450f09d3-06f8-498b-b33b-be9c44f829ac of type geneve for network 5af5b479-635d-44a1-bd07-c2dddd73156d
2026-05-27 07:26:25.395 8 WARNING neutron.plugins.ml2.drivers.ovn.mech_driver.ovsdb.ovn_client [None req-b6e42be4-741a-4f27-a9e5-2f2d95555b55 - - - - - -] No hosting information found for port 1a38635e-f26f-49d7-a34b-44b47d7de9ba: RuntimeError: No hosting information found for port 1a38635e-f26f-49d7-a34b-44b47d7de9ba
2026-05-27 07:26:25.398 8 INFO neutron.plugins.ml2.drivers.ovn.mech_driver.mech_driver [None req-b6e42be4-741a-4f27-a9e5-2f2d95555b55 - - - - - -] OVN reports status down for port: cdc47cb0-14e3-47c2-a5d0-0981c937f25f
2026-05-27 07:26:25.475 7 WARNING neutron.scheduler.dhcp_agent_scheduler [None req-a3ccaa44-5f6f-4353-812a-42c6961c4620 - - - - - -] No more DHCP agents
2026-05-27 07:26:25.476 7 WARNING neutron.api.rpc.agentnotifiers.dhcp_rpc_agent_api [None req-a3ccaa44-5f6f-4353-812a-42c6961c4620 - - - - - -] Unable to schedule network 0726c0cb-5e42-4852-8ee9-19b6a067d5ed: no agents available; will retry on subsequent port and subnet creation events.
2026-05-27 07:26:25.512 7 INFO neutron.db.ovn_revision_numbers_db [None req-a3ccaa44-5f6f-4353-812a-42c6961c4620 - - - - - -] Successfully bumped revision number for resource 9ece3859-8671-4327-aeb3-019b1c6cd476 (type: subnets) to 0
2026-05-27 07:26:25.525 8 WARNING neutron.plugins.ml2.drivers.ovn.mech_driver.ovsdb.ovn_client [None req-b6e42be4-741a-4f27-a9e5-2f2d95555b55 - - - - - -] Logical_Switch_Port cdc47cb0-14e3-47c2-a5d0-0981c937f25f host information not removed, the port state is up
2026-05-27 07:26:25.525 8 INFO neutron.plugins.ml2.drivers.ovn.mech_driver.mech_driver [None req-b6e42be4-741a-4f27-a9e5-2f2d95555b55 - - - - - -] OVN reports status up for port: cdc47cb0-14e3-47c2-a5d0-0981c937f25f
2026-05-27 07:26:25.553 8 INFO neutron.plugins.ml2.plugin [None req-b6e42be4-741a-4f27-a9e5-2f2d95555b55 - - - - - -] Attempt 1 to provision port cdc47cb0-14e3-47c2-a5d0-0981c937f25f
2026-05-27 07:26:25.595 8 INFO neutron.db.ovn_revision_numbers_db [None req-b3b58269-25fd-4ea5-85d8-aa9afadc9c3d 95ffa179a3664255bdaf04781a5683a7 3ec257c745c843079d439892ee5bc667 - - default default] Successfully bumped revision number for resource 5af5b479-635d-44a1-bd07-c2dddd73156d (type: networks) to 1
2026-05-27 07:26:25.917 8 WARNING neutron.scheduler.dhcp_agent_scheduler [None req-b3b58269-25fd-4ea5-85d8-aa9afadc9c3d 95ffa179a3664255bdaf04781a5683a7 3ec257c745c843079d439892ee5bc667 - - default default] No more DHCP agents
2026-05-27 07:26:25.919 8 WARNING neutron.api.rpc.agentnotifiers.dhcp_rpc_agent_api [None req-b3b58269-25fd-4ea5-85d8-aa9afadc9c3d 95ffa179a3664255bdaf04781a5683a7 3ec257c745c843079d439892ee5bc667 - - default default] Unable to schedule network 5af5b479-635d-44a1-bd07-c2dddd73156d: no agents available; will retry on subsequent port and subnet creation events.
2026-05-27 07:26:26.033 7 WARNING neutron.scheduler.dhcp_agent_scheduler [None req-a3ccaa44-5f6f-4353-812a-42c6961c4620 - - - - - -] No more DHCP agents
2026-05-27 07:26:26.036 7 WARNING neutron.api.rpc.agentnotifiers.dhcp_rpc_agent_api [None req-a3ccaa44-5f6f-4353-812a-42c6961c4620 - - - - - -] Unable to schedule network 0726c0cb-5e42-4852-8ee9-19b6a067d5ed: no agents available; will retry on subsequent port and subnet creation events.
2026-05-27 07:26:26.103 8 INFO neutron.db.ovn_revision_numbers_db [None req-b3b58269-25fd-4ea5-85d8-aa9afadc9c3d 95ffa179a3664255bdaf04781a5683a7 3ec257c745c843079d439892ee5bc667 - - default default] Successfully bumped revision number for resource 6de21175-11df-4288-9f8d-b9ee3e137f3f (type: ports) to 1 [pid: 8|app: 0|req: 1334/2871] 10.0.0.180 () {34 vars in 670 bytes} [Wed May 27 07:26:25 2026] POST /v2.0/networks => generated 632 bytes in 929 msecs (HTTP/1.1 201) 4 headers in 162 bytes (1 switches on core 0)
2026-05-27 07:26:26.229 7 INFO neutron.db.ovn_revision_numbers_db [None req-a3ccaa44-5f6f-4353-812a-42c6961c4620 - - - - - -] Successfully bumped revision number for resource 2f840300-421a-4de1-b434-b4004d9671be (type: ports) to 1
2026-05-27 07:26:26.472 8 INFO neutron.db.ovn_revision_numbers_db [None req-b6e42be4-741a-4f27-a9e5-2f2d95555b55 - - - - - -] Successfully bumped revision number for resource cdc47cb0-14e3-47c2-a5d0-0981c937f25f (type: ports) to 2
2026-05-27 07:26:26.667 8 WARNING neutron.scheduler.dhcp_agent_scheduler [None req-36d74d38-2568-429e-87db-5efb8a9f05c6 95ffa179a3664255bdaf04781a5683a7 3ec257c745c843079d439892ee5bc667 - - default default] No more DHCP agents
2026-05-27 07:26:26.669 8 WARNING neutron.api.rpc.agentnotifiers.dhcp_rpc_agent_api [None req-36d74d38-2568-429e-87db-5efb8a9f05c6 95ffa179a3664255bdaf04781a5683a7 3ec257c745c843079d439892ee5bc667 - - default default] Unable to schedule network 5af5b479-635d-44a1-bd07-c2dddd73156d: no agents available; will retry on subsequent port and subnet creation events.
2026-05-27 07:26:27.015 7 WARNING neutron.scheduler.dhcp_agent_scheduler [None req-a3ccaa44-5f6f-4353-812a-42c6961c4620 - - - - - -] No more DHCP agents
2026-05-27 07:26:27.017 7 WARNING neutron.api.rpc.agentnotifiers.dhcp_rpc_agent_api [None req-a3ccaa44-5f6f-4353-812a-42c6961c4620 - - - - - -] Unable to schedule network 0726c0cb-5e42-4852-8ee9-19b6a067d5ed: no agents available; will retry on subsequent port and subnet creation events.
2026-05-27 07:26:27.236 8 INFO neutron.db.ovn_revision_numbers_db [None req-ac08353d-713c-41f7-9a14-22bbf52fb89b - - - - - -] Successfully bumped revision number for resource 6de21175-11df-4288-9f8d-b9ee3e137f3f (type: ports) to 2
2026-05-27 07:26:27.265 8 INFO neutron.db.ovn_revision_numbers_db [None req-ac08353d-713c-41f7-9a14-22bbf52fb89b - - - - - -] Successfully bumped revision number for resource 337fbe61-140b-4551-8c1c-02d0dae20c4d (type: subnets) to 0 [pid: 8|app: 0|req: 1335/2872] 10.0.0.180 () {34 vars in 669 bytes} [Wed May 27 07:26:26 2026] POST /v2.0/subnets => generated 629 bytes in 1112 msecs (HTTP/1.1 201) 4 headers in 162 bytes (1 switches on core 0)
2026-05-27 07:26:27.390 8 INFO neutron.db.segments_db [None req-761dc349-5c88-485f-8f15-a45733e2e0d0 95ffa179a3664255bdaf04781a5683a7 3ec257c745c843079d439892ee5bc667 - - default default] Added segment bf61f24a-11a0-46f2-bafc-cd7abf49c24b of type geneve for network eb2cc013-bf72-428d-8d4c-844125184c50
2026-05-27 07:26:27.543 8 INFO neutron.db.ovn_revision_numbers_db [None req-761dc349-5c88-485f-8f15-a45733e2e0d0 95ffa179a3664255bdaf04781a5683a7 3ec257c745c843079d439892ee5bc667 - - default default] Successfully bumped revision number for resource eb2cc013-bf72-428d-8d4c-844125184c50 (type: networks) to 1
2026-05-27 07:26:27.731 7 INFO neutron.db.ovn_revision_numbers_db [None req-a3ccaa44-5f6f-4353-812a-42c6961c4620 - - - - - -] Successfully bumped revision number for resource 2f840300-421a-4de1-b434-b4004d9671be (type: router_ports) to 1
2026-05-27 07:26:27.912 8 WARNING neutron.scheduler.dhcp_agent_scheduler [None req-761dc349-5c88-485f-8f15-a45733e2e0d0 95ffa179a3664255bdaf04781a5683a7 3ec257c745c843079d439892ee5bc667 - - default default] No more DHCP agents
2026-05-27 07:26:27.914 8 WARNING neutron.api.rpc.agentnotifiers.dhcp_rpc_agent_api [None req-761dc349-5c88-485f-8f15-a45733e2e0d0 95ffa179a3664255bdaf04781a5683a7 3ec257c745c843079d439892ee5bc667 - - default default] Unable to schedule network eb2cc013-bf72-428d-8d4c-844125184c50: no agents available; will retry on subsequent port and subnet creation events.
2026-05-27 07:26:28.024 7 WARNING neutron.scheduler.dhcp_agent_scheduler [None req-a3ccaa44-5f6f-4353-812a-42c6961c4620 - - - - - -] No more DHCP agents
2026-05-27 07:26:28.027 7 WARNING neutron.api.rpc.agentnotifiers.dhcp_rpc_agent_api [None req-a3ccaa44-5f6f-4353-812a-42c6961c4620 - - - - - -] Unable to schedule network 0726c0cb-5e42-4852-8ee9-19b6a067d5ed: no agents available; will retry on subsequent port and subnet creation events.
2026-05-27 07:26:28.045 8 INFO neutron.db.ovn_revision_numbers_db [None req-761dc349-5c88-485f-8f15-a45733e2e0d0 95ffa179a3664255bdaf04781a5683a7 3ec257c745c843079d439892ee5bc667 - - default default] Successfully bumped revision number for resource f0aaf28a-0754-4d29-a25f-fe93c0f3cb29 (type: ports) to 1 [pid: 8|app: 0|req: 1336/2873] 10.0.0.180 () {34 vars in 670 bytes} [Wed May 27 07:26:27 2026] POST /v2.0/networks => generated 632 bytes in 779 msecs (HTTP/1.1 201) 4 headers in 162 bytes (1 switches on core 0)
2026-05-27 07:26:28.212 7 INFO neutron.db.ovn_revision_numbers_db [None req-a3ccaa44-5f6f-4353-812a-42c6961c4620 - - - - - -] Successfully bumped revision number for resource 6708336a-aeac-4045-97a2-17488a27fe50 (type: ports) to 1 [pid: 8|app: 0|req: 1337/2874] 10.0.0.180 () {34 vars in 676 bytes} [Wed May 27 07:26:28 2026] POST /v2.0/subnetpools => generated 516 bytes in 223 msecs (HTTP/1.1 201) 4 headers in 162 bytes (1 switches on core 0)
2026-05-27 07:26:28.489 7 INFO neutron.db.ovn_revision_numbers_db [None req-a3ccaa44-5f6f-4353-812a-42c6961c4620 - - - - - -] Successfully bumped revision number for resource 6708336a-aeac-4045-97a2-17488a27fe50 (type: ports) to 3
2026-05-27 07:26:28.529 8 WARNING neutron.scheduler.dhcp_agent_scheduler [None req-501fe6e0-6133-4ef0-ae70-297bcae230ff 95ffa179a3664255bdaf04781a5683a7 3ec257c745c843079d439892ee5bc667 - - default default] No more DHCP agents
2026-05-27 07:26:28.531 8 WARNING neutron.api.rpc.agentnotifiers.dhcp_rpc_agent_api [None req-501fe6e0-6133-4ef0-ae70-297bcae230ff 95ffa179a3664255bdaf04781a5683a7 3ec257c745c843079d439892ee5bc667 - - default default] Unable to schedule network eb2cc013-bf72-428d-8d4c-844125184c50: no agents available; will retry on subsequent port and subnet creation events. [pid: 7|app: 0|req: 1538/2875] 10.0.0.180 () {34 vars in 685 bytes} [Wed May 27 07:26:23 2026] POST /v2.0/vpn/vpnservices => generated 458 bytes in 5125 msecs (HTTP/1.1 201) 4 headers in 162 bytes (1 switches on core 0) [pid: 7|app: 0|req: 1539/2876] 10.0.0.180 () {34 vars in 759 bytes} [Wed May 27 07:26:28 2026] PUT /v2.0/subnetpools/b45e8c78-18a2-4d5a-8444-84f4043b9c65/tags => generated 25 bytes in 46 msecs (HTTP/1.1 200) 4 headers in 156 bytes (1 switches on core 0) [pid: 7|app: 0|req: 1540/2877] 10.0.0.180 () {32 vars in 663 bytes} [Wed May 27 07:26:28 2026] GET /v2.0/vpn/vpnservices => generated 1315 bytes in 14 msecs (HTTP/1.1 200) 4 headers in 158 bytes (1 switches on core 0) [pid: 7|app: 0|req: 1541/2878] 10.0.0.180 () {32 vars in 739 bytes} [Wed May 27 07:26:28 2026] GET /v2.0/subnetpools/b45e8c78-18a2-4d5a-8444-84f4043b9c65/tags => generated 25 bytes in 34 msecs (HTTP/1.1 200) 4 headers in 156 bytes (1 switches on core 0)
2026-05-27 07:26:29.060 8 INFO neutron.db.ovn_revision_numbers_db [None req-a2676920-97f1-471b-95d9-9ee201fb93fb - - - - - -] Successfully bumped revision number for resource f0aaf28a-0754-4d29-a25f-fe93c0f3cb29 (type: ports) to 2
2026-05-27 07:26:29.113 8 INFO neutron.db.ovn_revision_numbers_db [None req-a2676920-97f1-471b-95d9-9ee201fb93fb - - - - - -] Successfully bumped revision number for resource 50eec7d8-38fd-47f5-9181-622018db228e (type: subnets) to 0 [pid: 8|app: 0|req: 1338/2879] 10.0.0.180 () {34 vars in 669 bytes} [Wed May 27 07:26:28 2026] POST /v2.0/subnets => generated 629 bytes in 846 msecs (HTTP/1.1 201) 4 headers in 162 bytes (1 switches on core 0)
2026-05-27 07:26:29.150 7 INFO neutron_taas.services.taas.taas_plugin [None req-393a0baf-567f-4c76-bfd8-07a000cb42ca ff484c34186742d1ab6ed733de4a3a79 768bee2ef69a4ea39621e805a7098c5e - - default default] TaaS: Handle Delete Port: f86e405f-c1c5-46a3-975c-2fa56b115163
2026-05-27 07:26:29.153 7 INFO neutron_taas.services.taas.tap_mirror_plugin [None req-393a0baf-567f-4c76-bfd8-07a000cb42ca ff484c34186742d1ab6ed733de4a3a79 768bee2ef69a4ea39621e805a7098c5e - - default default] Tap Mirror: Handle Delete Port: f86e405f-c1c5-46a3-975c-2fa56b115163 [pid: 8|app: 0|req: 1339/2880] 10.0.0.180 () {34 vars in 770 bytes} [Wed May 27 07:26:29 2026] PUT /v2.0/subnetpools/b45e8c78-18a2-4d5a-8444-84f4043b9c65/tags/green => generated 4 bytes in 49 msecs (HTTP/1.1 201) 4 headers in 160 bytes (1 switches on core 0)
2026-05-27 07:26:29.285 8 INFO neutron.db.segments_db [None req-b5ce165d-a582-4b57-8997-d14772754947 95ffa179a3664255bdaf04781a5683a7 3ec257c745c843079d439892ee5bc667 - - default default] Added segment 08126fa7-cd90-458e-b1ad-382147a19629 of type geneve for network 41a56dde-3bb9-4e14-ba61-1f1c762578da
2026-05-27 07:26:29.468 8 INFO neutron.db.ovn_revision_numbers_db [None req-b5ce165d-a582-4b57-8997-d14772754947 95ffa179a3664255bdaf04781a5683a7 3ec257c745c843079d439892ee5bc667 - - default default] Successfully bumped revision number for resource 41a56dde-3bb9-4e14-ba61-1f1c762578da (type: networks) to 1
2026-05-27 07:26:29.510 7 INFO neutron_taas.services.taas.taas_plugin [None req-5adfa91f-42e7-4977-9c29-1cd6615731fd - - - - - -] TaaS: Handle Delete Port: 6708336a-aeac-4045-97a2-17488a27fe50
2026-05-27 07:26:29.514 7 INFO neutron_taas.services.taas.tap_mirror_plugin [None req-5adfa91f-42e7-4977-9c29-1cd6615731fd - - - - - -] Tap Mirror: Handle Delete Port: 6708336a-aeac-4045-97a2-17488a27fe50
2026-05-27 07:26:29.658 8 WARNING neutron.scheduler.dhcp_agent_scheduler [None req-b5ce165d-a582-4b57-8997-d14772754947 95ffa179a3664255bdaf04781a5683a7 3ec257c745c843079d439892ee5bc667 - - default default] No more DHCP agents
2026-05-27 07:26:29.660 8 WARNING neutron.api.rpc.agentnotifiers.dhcp_rpc_agent_api [None req-b5ce165d-a582-4b57-8997-d14772754947 95ffa179a3664255bdaf04781a5683a7 3ec257c745c843079d439892ee5bc667 - - default default] Unable to schedule network 41a56dde-3bb9-4e14-ba61-1f1c762578da: no agents available; will retry on subsequent port and subnet creation events.
2026-05-27 07:26:29.820 8 INFO neutron.db.ovn_revision_numbers_db [None req-b5ce165d-a582-4b57-8997-d14772754947 95ffa179a3664255bdaf04781a5683a7 3ec257c745c843079d439892ee5bc667 - - default default] Successfully bumped revision number for resource d0ef636d-f7e1-42f7-83d9-f69585347b1c (type: ports) to 1 [pid: 8|app: 0|req: 1340/2881] 10.0.0.180 () {34 vars in 670 bytes} [Wed May 27 07:26:29 2026] POST /v2.0/networks => generated 631 bytes in 657 msecs (HTTP/1.1 201) 4 headers in 162 bytes (1 switches on core 0) [pid: 8|app: 0|req: 1341/2882] 10.0.0.180 () {32 vars in 739 bytes} [Wed May 27 07:26:29 2026] GET /v2.0/subnetpools/b45e8c78-18a2-4d5a-8444-84f4043b9c65/tags => generated 34 bytes in 29 msecs (HTTP/1.1 200) 4 headers in 156 bytes (1 switches on core 0)
2026-05-27 07:26:30.068 8 WARNING neutron.scheduler.dhcp_agent_scheduler [None req-82ecaa3e-a1b6-4b7c-b909-ae7619b31d86 95ffa179a3664255bdaf04781a5683a7 3ec257c745c843079d439892ee5bc667 - - default default] No more DHCP agents
2026-05-27 07:26:30.070 8 WARNING neutron.api.rpc.agentnotifiers.dhcp_rpc_agent_api [None req-82ecaa3e-a1b6-4b7c-b909-ae7619b31d86 95ffa179a3664255bdaf04781a5683a7 3ec257c745c843079d439892ee5bc667 - - default default] Unable to schedule network 41a56dde-3bb9-4e14-ba61-1f1c762578da: no agents available; will retry on subsequent port and subnet creation events.
2026-05-27 07:26:30.119 7 INFO neutron_taas.services.taas.taas_plugin [None req-0903ad3d-a7d9-4a28-9abc-c8eca1fae66e - - - - - -] TaaS: Handle Delete Port: 2f840300-421a-4de1-b434-b4004d9671be
2026-05-27 07:26:30.124 7 INFO neutron_taas.services.taas.tap_mirror_plugin [None req-0903ad3d-a7d9-4a28-9abc-c8eca1fae66e - - - - - -] Tap Mirror: Handle Delete Port: 2f840300-421a-4de1-b434-b4004d9671be
2026-05-27 07:26:30.639 8 INFO neutron.db.ovn_revision_numbers_db [None req-c9f12870-0462-4ce2-82ce-0740230a46fd - - - - - -] Successfully bumped revision number for resource d0ef636d-f7e1-42f7-83d9-f69585347b1c (type: ports) to 2
2026-05-27 07:26:30.670 8 INFO neutron.db.ovn_revision_numbers_db [None req-c9f12870-0462-4ce2-82ce-0740230a46fd - - - - - -] Successfully bumped revision number for resource 20f9f45e-ccbb-4121-9abb-1642061e1c67 (type: subnets) to 0 [pid: 8|app: 0|req: 1342/2883] 10.0.0.180 () {34 vars in 669 bytes} [Wed May 27 07:26:29 2026] POST /v2.0/subnets => generated 629 bytes in 811 msecs (HTTP/1.1 201) 4 headers in 162 bytes (1 switches on core 0) [pid: 8|app: 0|req: 1343/2884] 10.0.0.180 () {34 vars in 766 bytes} [Wed May 27 07:26:30 2026] PUT /v2.0/subnetpools/b45e8c78-18a2-4d5a-8444-84f4043b9c65/tags/red => generated 4 bytes in 41 msecs (HTTP/1.1 201) 4 headers in 160 bytes (1 switches on core 0)
2026-05-27 07:26:30.827 8 INFO neutron.db.segments_db [None req-84efbaaa-a602-4d87-98ac-180becd7abca 95ffa179a3664255bdaf04781a5683a7 3ec257c745c843079d439892ee5bc667 - - default default] Added segment fea99dfe-5fd2-4f0c-8eb3-b444f0bde94b of type geneve for network ca7448f3-1e3a-4085-a94a-ba373ad2eb65
2026-05-27 07:26:30.999 8 INFO neutron.db.ovn_revision_numbers_db [None req-84efbaaa-a602-4d87-98ac-180becd7abca 95ffa179a3664255bdaf04781a5683a7 3ec257c745c843079d439892ee5bc667 - - default default] Successfully bumped revision number for resource ca7448f3-1e3a-4085-a94a-ba373ad2eb65 (type: networks) to 1
2026-05-27 07:26:31.175 7 INFO neutron_taas.services.taas.taas_plugin [None req-0903ad3d-a7d9-4a28-9abc-c8eca1fae66e - - - - - -] TaaS: Handle Delete Port: 5347d409-df58-4d24-8d5b-8ea920ed5db4
2026-05-27 07:26:31.180 7 INFO neutron_taas.services.taas.tap_mirror_plugin [None req-0903ad3d-a7d9-4a28-9abc-c8eca1fae66e - - - - - -] Tap Mirror: Handle Delete Port: 5347d409-df58-4d24-8d5b-8ea920ed5db4
2026-05-27 07:26:31.181 8 WARNING neutron.scheduler.dhcp_agent_scheduler [None req-84efbaaa-a602-4d87-98ac-180becd7abca 95ffa179a3664255bdaf04781a5683a7 3ec257c745c843079d439892ee5bc667 - - default default] No more DHCP agents
2026-05-27 07:26:31.182 8 WARNING neutron.api.rpc.agentnotifiers.dhcp_rpc_agent_api [None req-84efbaaa-a602-4d87-98ac-180becd7abca 95ffa179a3664255bdaf04781a5683a7 3ec257c745c843079d439892ee5bc667 - - default default] Unable to schedule network ca7448f3-1e3a-4085-a94a-ba373ad2eb65: no agents available; will retry on subsequent port and subnet creation events.
2026-05-27 07:26:31.308 8 INFO neutron.db.ovn_revision_numbers_db [None req-84efbaaa-a602-4d87-98ac-180becd7abca 95ffa179a3664255bdaf04781a5683a7 3ec257c745c843079d439892ee5bc667 - - default default] Successfully bumped revision number for resource de7899a1-83b8-41cc-ac25-67391d91305c (type: ports) to 1 [pid: 8|app: 0|req: 1344/2885] 10.0.0.180 () {34 vars in 670 bytes} [Wed May 27 07:26:30 2026] POST /v2.0/networks => generated 632 bytes in 614 msecs (HTTP/1.1 201) 4 headers in 162 bytes (1 switches on core 0) [pid: 8|app: 0|req: 1345/2886] 10.0.0.180 () {32 vars in 739 bytes} [Wed May 27 07:26:31 2026] GET /v2.0/subnetpools/b45e8c78-18a2-4d5a-8444-84f4043b9c65/tags => generated 34 bytes in 46 msecs (HTTP/1.1 200) 4 headers in 156 bytes (1 switches on core 0)
2026-05-27 07:26:31.462 7 INFO neutron.services.segments.plugin [-] Segment 6652d4c5-fa87-4fc3-a47c-051a5664c40c resource provider aggregate not found
2026-05-27 07:26:31.465 7 INFO neutron.services.segments.plugin [-] Segment 6652d4c5-fa87-4fc3-a47c-051a5664c40c resource provider aggregate not found
2026-05-27 07:26:31.484 7 INFO neutron.services.segments.plugin [-] Segment 6652d4c5-fa87-4fc3-a47c-051a5664c40c resource provider not found; error: Placement Client Error (4xx): {"errors": [{"status": 404, "title": "Not Found", "detail": "The resource could not be found.\n\n No resource provider with uuid 6652d4c5-fa87-4fc3-a47c-051a5664c40c found for delete ", "request_id": "req-64ce0221-8426-426a-af57-48873ec4c580"}]}
2026-05-27 07:26:31.500 7 INFO neutron.services.segments.plugin [-] Segment 6652d4c5-fa87-4fc3-a47c-051a5664c40c resource provider not found; error: Placement Client Error (4xx): {"errors": [{"status": 404, "title": "Not Found", "detail": "The resource could not be found.\n\n No resource provider with uuid 6652d4c5-fa87-4fc3-a47c-051a5664c40c found for delete ", "request_id": "req-80f11692-cbb1-4406-a910-e5ffb3c78487"}]} [pid: 7|app: 0|req: 1542/2887] 10.0.0.180 () {32 vars in 740 bytes} [Wed May 27 07:26:28 2026] DELETE /v2.0/vpn/vpnservices/a39f8597-4b82-41a1-9c76-20546d1d2286 => generated 0 bytes in 2728 msecs (HTTP/1.1 204) 2 headers in 112 bytes (1 switches on core 0) /var/lib/openstack/lib/python3.12/site-packages/pycadf/identifier.py:70: UserWarning: Invalid uuid: neutron. To ensure interoperability, identifiers should be a valid uuid. warnings.warn(('Invalid uuid: %s. To ensure interoperability, ' [pid: 7|app: 0|req: 1543/2888] 10.0.0.180 () {34 vars in 788 bytes} [Wed May 27 07:26:31 2026] PUT /v2.0/subnetpools/b45e8c78-18a2-4d5a-8444-84f4043b9c65/tags/black.or.white => generated 4 bytes in 54 msecs (HTTP/1.1 201) 4 headers in 160 bytes (1 switches on core 0)
2026-05-27 07:26:31.610 8 WARNING neutron.scheduler.dhcp_agent_scheduler [None req-74e16b28-babf-4831-b9ff-46b13b2d0b43 95ffa179a3664255bdaf04781a5683a7 3ec257c745c843079d439892ee5bc667 - - default default] No more DHCP agents
2026-05-27 07:26:31.611 8 WARNING neutron.api.rpc.agentnotifiers.dhcp_rpc_agent_api [None req-74e16b28-babf-4831-b9ff-46b13b2d0b43 95ffa179a3664255bdaf04781a5683a7 3ec257c745c843079d439892ee5bc667 - - default default] Unable to schedule network ca7448f3-1e3a-4085-a94a-ba373ad2eb65: no agents available; will retry on subsequent port and subnet creation events. [pid: 7|app: 0|req: 1544/2889] 10.0.0.180 () {34 vars in 693 bytes} [Wed May 27 07:26:31 2026] POST /v2.0/vpn/endpoint-groups => generated 302 bytes in 68 msecs (HTTP/1.1 201) 4 headers in 162 bytes (1 switches on core 0) [pid: 7|app: 0|req: 1545/2890] 10.0.0.180 () {32 vars in 739 bytes} [Wed May 27 07:26:31 2026] GET /v2.0/subnetpools/b45e8c78-18a2-4d5a-8444-84f4043b9c65/tags => generated 52 bytes in 29 msecs (HTTP/1.1 200) 4 headers in 156 bytes (1 switches on core 0) [pid: 7|app: 0|req: 1546/2891] 10.0.0.180 () {34 vars in 693 bytes} [Wed May 27 07:26:31 2026] POST /v2.0/vpn/endpoint-groups => generated 293 bytes in 42 msecs (HTTP/1.1 201) 4 headers in 162 bytes (1 switches on core 0) [pid: 7|app: 0|req: 1547/2892] 10.0.0.180 () {34 vars in 759 bytes} [Wed May 27 07:26:31 2026] PUT /v2.0/subnetpools/b45e8c78-18a2-4d5a-8444-84f4043b9c65/tags => generated 37 bytes in 46 msecs (HTTP/1.1 200) 4 headers in 156 bytes (1 switches on core 0)
2026-05-27 07:26:31.795 7 WARNING neutron.api.v2.base [None req-ba293732-6be7-4eee-8db2-f16052faf654 edc39202c55149a9a2d2ae82ae195283 63e1c8b4e5aa4311870002ae188abd74 - - default default] An exception happened while processing the request body. The exception message is [Unrecognized attribute(s) 'peer_cidr'].: webob.exc.HTTPBadRequest: Unrecognized attribute(s) 'peer_cidr'
2026-05-27 07:26:31.796 7 INFO neutron.api.v2.resource [None req-ba293732-6be7-4eee-8db2-f16052faf654 edc39202c55149a9a2d2ae82ae195283 63e1c8b4e5aa4311870002ae188abd74 - - default default] create failed (client error): Unrecognized attribute(s) 'peer_cidr' [pid: 7|app: 0|req: 1548/2893] 10.0.0.180 () {34 vars in 707 bytes} [Wed May 27 07:26:31 2026] POST /v2.0/vpn/ipsec-site-connections => generated 110 bytes in 6 msecs (HTTP/1.1 400) 4 headers in 166 bytes (1 switches on core 0) [pid: 7|app: 0|req: 1549/2894] 10.0.0.180 () {32 vars in 739 bytes} [Wed May 27 07:26:31 2026] GET /v2.0/subnetpools/b45e8c78-18a2-4d5a-8444-84f4043b9c65/tags => generated 37 bytes in 27 msecs (HTTP/1.1 200) 4 headers in 156 bytes (1 switches on core 0)
2026-05-27 07:26:31.828 8 WARNING neutron.plugins.ml2.drivers.ovn.mech_driver.ovsdb.ovn_client [None req-2c735daf-5f03-4cea-bd5c-f6253c9adfb1 - - - - - -] No hosting information found for port cdc47cb0-14e3-47c2-a5d0-0981c937f25f: RuntimeError: No hosting information found for port cdc47cb0-14e3-47c2-a5d0-0981c937f25f [pid: 7|app: 0|req: 1550/2895] 10.0.0.180 () {32 vars in 671 bytes} [Wed May 27 07:26:31 2026] GET /v2.0/vpn/endpoint-groups => generated 1190 bytes in 9 msecs (HTTP/1.1 200) 4 headers in 158 bytes (1 switches on core 0) [pid: 7|app: 0|req: 1551/2896] 10.0.0.180 () {32 vars in 747 bytes} [Wed May 27 07:26:31 2026] GET /v2.0/subnetpools/b45e8c78-18a2-4d5a-8444-84f4043b9c65/tags/red => generated 0 bytes in 26 msecs (HTTP/1.1 204) 2 headers in 112 bytes (1 switches on core 0) [pid: 7|app: 0|req: 1552/2897] 10.0.0.180 () {32 vars in 748 bytes} [Wed May 27 07:26:31 2026] DELETE /v2.0/vpn/endpoint-groups/6e99f7b4-6f95-48f4-9f47-a06f35a18667 => generated 0 bytes in 33 msecs (HTTP/1.1 204) 2 headers in 112 bytes (1 switches on core 0)
2026-05-27 07:26:31.932 7 INFO neutron.api.v2.resource [None req-2265fe27-6016-44b5-9df5-d709f9e06e72 5f1475474b5c459d9c5d39009b621762 1ef1b4a0b7f44e2ba43bc89f6c9a04ef - - default default] show failed (client error): The resource could not be found. [pid: 7|app: 0|req: 1553/2898] 10.0.0.180 () {32 vars in 751 bytes} [Wed May 27 07:26:31 2026] GET /v2.0/subnetpools/b45e8c78-18a2-4d5a-8444-84f4043b9c65/tags/green => generated 99 bytes in 40 msecs (HTTP/1.1 404) 4 headers in 163 bytes (1 switches on core 0) [pid: 7|app: 0|req: 1554/2899] 10.0.0.180 () {32 vars in 671 bytes} [Wed May 27 07:26:31 2026] GET /v2.0/vpn/endpoint-groups => generated 915 bytes in 18 msecs (HTTP/1.1 200) 4 headers in 157 bytes (1 switches on core 0)
2026-05-27 07:26:31.992 8 INFO neutron.db.ovn_revision_numbers_db [None req-2c735daf-5f03-4cea-bd5c-f6253c9adfb1 - - - - - -] Successfully bumped revision number for resource cdc47cb0-14e3-47c2-a5d0-0981c937f25f (type: router_ports) to 2
2026-05-27 07:26:31.992 8 INFO neutron.plugins.ml2.drivers.ovn.mech_driver.mech_driver [None req-2c735daf-5f03-4cea-bd5c-f6253c9adfb1 - - - - - -] OVN reports status down for port: 981cac3f-e9a1-42b9-9133-da7c13aa4df6 [pid: 7|app: 0|req: 1555/2900] 10.0.0.180 () {32 vars in 750 bytes} [Wed May 27 07:26:31 2026] DELETE /v2.0/subnetpools/b45e8c78-18a2-4d5a-8444-84f4043b9c65/tags/red => generated 0 bytes in 41 msecs (HTTP/1.1 204) 2 headers in 112 bytes (1 switches on core 0) [pid: 7|app: 0|req: 1556/2901] 10.0.0.180 () {32 vars in 671 bytes} [Wed May 27 07:26:31 2026] GET /v2.0/vpn/endpoint-groups => generated 915 bytes in 9 msecs (HTTP/1.1 200) 4 headers in 157 bytes (1 switches on core 0) [pid: 7|app: 0|req: 1557/2902] 10.0.0.180 () {32 vars in 739 bytes} [Wed May 27 07:26:32 2026] GET /v2.0/subnetpools/b45e8c78-18a2-4d5a-8444-84f4043b9c65/tags => generated 30 bytes in 24 msecs (HTTP/1.1 200) 4 headers in 156 bytes (1 switches on core 0) [pid: 7|app: 0|req: 1558/2903] 10.0.0.180 () {32 vars in 748 bytes} [Wed May 27 07:26:32 2026] DELETE /v2.0/vpn/endpoint-groups/471fd6a8-1096-4992-aac0-7862662b16eb => generated 0 bytes in 23 msecs (HTTP/1.1 204) 2 headers in 112 bytes (1 switches on core 0)
2026-05-27 07:26:32.082 7 INFO neutron.api.v2.resource [None req-8df77ea6-3d60-447c-b946-f178333717e6 5f1475474b5c459d9c5d39009b621762 1ef1b4a0b7f44e2ba43bc89f6c9a04ef - - default default] delete failed (client error): The resource could not be found. [pid: 7|app: 0|req: 1559/2904] 10.0.0.180 () {32 vars in 754 bytes} [Wed May 27 07:26:32 2026] DELETE /v2.0/subnetpools/b45e8c78-18a2-4d5a-8444-84f4043b9c65/tags/green => generated 99 bytes in 30 msecs (HTTP/1.1 404) 4 headers in 163 bytes (1 switches on core 0) [pid: 7|app: 0|req: 1560/2905] 10.0.0.180 () {32 vars in 671 bytes} [Wed May 27 07:26:32 2026] GET /v2.0/vpn/endpoint-groups => generated 631 bytes in 8 msecs (HTTP/1.1 200) 4 headers in 157 bytes (1 switches on core 0)
2026-05-27 07:26:32.128 8 INFO neutron.plugins.ml2.drivers.ovn.mech_driver.mech_driver [None req-2c735daf-5f03-4cea-bd5c-f6253c9adfb1 - - - - - -] OVN reports status down for port: f86e405f-c1c5-46a3-975c-2fa56b115163 [pid: 7|app: 0|req: 1561/2906] 10.0.0.180 () {32 vars in 742 bytes} [Wed May 27 07:26:32 2026] DELETE /v2.0/subnetpools/b45e8c78-18a2-4d5a-8444-84f4043b9c65/tags => generated 0 bytes in 36 msecs (HTTP/1.1 204) 2 headers in 112 bytes (1 switches on core 0)
2026-05-27 07:26:32.150 8 INFO neutron.plugins.ml2.drivers.ovn.mech_driver.mech_driver [None req-2c735daf-5f03-4cea-bd5c-f6253c9adfb1 - - - - - -] OVN reports status down for port: 5347d409-df58-4d24-8d5b-8ea920ed5db4
2026-05-27 07:26:32.168 8 INFO neutron.plugins.ml2.drivers.ovn.mech_driver.mech_driver [None req-2c735daf-5f03-4cea-bd5c-f6253c9adfb1 - - - - - -] OVN reports status down for port: 6de21175-11df-4288-9f8d-b9ee3e137f3f [pid: 7|app: 0|req: 1562/2907] 10.0.0.180 () {34 vars in 693 bytes} [Wed May 27 07:26:32 2026] POST /v2.0/vpn/endpoint-groups => generated 302 bytes in 65 msecs (HTTP/1.1 201) 4 headers in 162 bytes (1 switches on core 0) [pid: 7|app: 0|req: 1563/2908] 10.0.0.180 () {32 vars in 739 bytes} [Wed May 27 07:26:32 2026] GET /v2.0/subnetpools/b45e8c78-18a2-4d5a-8444-84f4043b9c65/tags => generated 12 bytes in 31 msecs (HTTP/1.1 200) 4 headers in 156 bytes (1 switches on core 0) [pid: 7|app: 0|req: 1564/2909] 10.0.0.180 () {34 vars in 693 bytes} [Wed May 27 07:26:32 2026] POST /v2.0/vpn/endpoint-groups => generated 294 bytes in 75 msecs (HTTP/1.1 201) 4 headers in 162 bytes (1 switches on core 0)
2026-05-27 07:26:32.323 8 INFO neutron.plugins.ml2.drivers.ovn.mech_driver.mech_driver [None req-2c735daf-5f03-4cea-bd5c-f6253c9adfb1 - - - - - -] OVN reports status down for port: 2f840300-421a-4de1-b434-b4004d9671be [pid: 7|app: 0|req: 1565/2910] 10.0.0.180 () {32 vars in 732 bytes} [Wed May 27 07:26:32 2026] DELETE /v2.0/subnetpools/b45e8c78-18a2-4d5a-8444-84f4043b9c65 => generated 0 bytes in 73 msecs (HTTP/1.1 204) 2 headers in 112 bytes (1 switches on core 0)
2026-05-27 07:26:32.381 8 INFO neutron.db.ovn_revision_numbers_db [None req-720f1997-d599-428a-a3bc-591cac762a80 - - - - - -] Successfully bumped revision number for resource de7899a1-83b8-41cc-ac25-67391d91305c (type: ports) to 2
2026-05-27 07:26:32.429 8 INFO neutron.plugins.ml2.drivers.ovn.mech_driver.mech_driver [None req-2c735daf-5f03-4cea-bd5c-f6253c9adfb1 - - - - - -] OVN reports status up for port: 2f840300-421a-4de1-b434-b4004d9671be
2026-05-27 07:26:32.429 7 INFO neutron.api.v2.resource [None req-e44d9650-e765-4213-a8cf-17553dc697a9 edc39202c55149a9a2d2ae82ae195283 63e1c8b4e5aa4311870002ae188abd74 - - default default] create failed (client error): The server could not comply with the request since it is either malformed or otherwise incorrect. [pid: 7|app: 0|req: 1566/2911] 10.0.0.180 () {34 vars in 707 bytes} [Wed May 27 07:26:32 2026] POST /v2.0/vpn/ipsec-site-connections => generated 170 bytes in 56 msecs (HTTP/1.1 400) 4 headers in 166 bytes (1 switches on core 0)
2026-05-27 07:26:32.436 8 INFO neutron.db.ovn_revision_numbers_db [None req-720f1997-d599-428a-a3bc-591cac762a80 - - - - - -] Successfully bumped revision number for resource ca12108b-2082-4e92-b78e-70606b56f775 (type: subnets) to 0 [pid: 7|app: 0|req: 1567/2912] 10.0.0.180 () {32 vars in 671 bytes} [Wed May 27 07:26:32 2026] GET /v2.0/vpn/endpoint-groups => generated 1191 bytes in 18 msecs (HTTP/1.1 200) 4 headers in 158 bytes (1 switches on core 0) [pid: 8|app: 0|req: 1346/2913] 10.0.0.180 () {34 vars in 669 bytes} [Wed May 27 07:26:31 2026] POST /v2.0/subnets => generated 629 bytes in 1079 msecs (HTTP/1.1 201) 4 headers in 162 bytes (1 switches on core 0)
