2026-05-27 07:22:13.782 7 INFO neutron.db.ovn_revision_numbers_db [None req-df045d8a-0638-4cf9-ad9d-f01feabba1b5 7505470a47e346f2a55977ab6724a2c3 91596cbc467949edb8897462c7845f67 - - default default] Successfully bumped revision number for resource 4f4c6d86-76f4-4cbb-b049-053d99e30d71 (type: router_ports) to 1 [pid: 7|app: 0|req: 799/1469] 10.0.0.180 () {34 vars in 783 bytes} [Wed May 27 07:22:11 2026] PUT /v2.0/routers/0eff22b1-3961-4b07-9d8f-348cf6df9fa4/add_router_interface => generated 309 bytes in 2198 msecs (HTTP/1.1 200) 4 headers in 157 bytes (1 switches on core 0)
2026-05-27 07:22:14.063 8 WARNING neutron.scheduler.dhcp_agent_scheduler [None req-819f52d8-a753-4524-a306-7900de8fd3b6 7505470a47e346f2a55977ab6724a2c3 91596cbc467949edb8897462c7845f67 - - default default] No more DHCP agents
2026-05-27 07:22:14.064 8 WARNING neutron.api.rpc.agentnotifiers.dhcp_rpc_agent_api [None req-819f52d8-a753-4524-a306-7900de8fd3b6 7505470a47e346f2a55977ab6724a2c3 91596cbc467949edb8897462c7845f67 - - default default] Unable to schedule network c32fdf17-a667-42d4-9657-95449866ae28: no agents available; will retry on subsequent port and subnet creation events.
2026-05-27 07:22:14.273 8 INFO neutron.db.ovn_revision_numbers_db [None req-819f52d8-a753-4524-a306-7900de8fd3b6 7505470a47e346f2a55977ab6724a2c3 91596cbc467949edb8897462c7845f67 - - default default] Successfully bumped revision number for resource 4f5b872e-f559-4eae-acee-bbae463e4c47 (type: ports) to 1 [pid: 8|app: 0|req: 671/1470] 10.0.0.180 () {34 vars in 665 bytes} [Wed May 27 07:22:13 2026] POST /v2.0/ports => generated 959 bytes in 587 msecs (HTTP/1.1 201) 4 headers in 162 bytes (1 switches on core 0) /var/lib/openstack/lib/python3.12/site-packages/pycadf/identifier.py:70: UserWarning: Invalid uuid: neutron. To ensure interoperability, identifiers should be a valid uuid. warnings.warn(('Invalid uuid: %s. To ensure interoperability, '
2026-05-27 07:22:14.470 7 INFO neutron.db.ovn_revision_numbers_db [None req-c3d68ed2-1f3a-46ed-b4a0-f328a171b1b4 87db2ab79fd4478993968e810a2536ca 5c1fc7e06d8b4d19b6bce2a1fb5c74d3 - - default default] Successfully bumped revision number for resource 1bb13038-0396-4c33-b6ee-089a3d01aafa (type: security_groups) to 1
2026-05-27 07:22:14.482 7 INFO neutron.db.ovn_revision_numbers_db [None req-c3d68ed2-1f3a-46ed-b4a0-f328a171b1b4 87db2ab79fd4478993968e810a2536ca 5c1fc7e06d8b4d19b6bce2a1fb5c74d3 - - default default] Successfully bumped revision number for resource 0035bb2e-17d5-4dc1-985d-ee725c37bbc1 (type: security_group_rules) to 0
2026-05-27 07:22:14.499 7 INFO neutron.db.ovn_revision_numbers_db [None req-c3d68ed2-1f3a-46ed-b4a0-f328a171b1b4 87db2ab79fd4478993968e810a2536ca 5c1fc7e06d8b4d19b6bce2a1fb5c74d3 - - default default] Successfully bumped revision number for resource 25e6a0b1-357e-4ab4-92ca-173a73d62136 (type: security_group_rules) to 0
2026-05-27 07:22:14.511 7 INFO neutron.db.ovn_revision_numbers_db [None req-c3d68ed2-1f3a-46ed-b4a0-f328a171b1b4 87db2ab79fd4478993968e810a2536ca 5c1fc7e06d8b4d19b6bce2a1fb5c74d3 - - default default] Successfully bumped revision number for resource 3cf96138-c681-4e9f-8128-a65c03735e80 (type: security_group_rules) to 0
2026-05-27 07:22:14.523 7 INFO neutron.db.ovn_revision_numbers_db [None req-c3d68ed2-1f3a-46ed-b4a0-f328a171b1b4 87db2ab79fd4478993968e810a2536ca 5c1fc7e06d8b4d19b6bce2a1fb5c74d3 - - default default] Successfully bumped revision number for resource d8b14146-6feb-4015-8b6a-8288435bda02 (type: security_group_rules) to 0 [pid: 7|app: 0|req: 800/1471] 10.0.0.180 () {32 vars in 774 bytes} [Wed May 27 07:22:14 2026] GET /v2.0/security-groups?tenant_id=b6736c561b4a497696ffe5c7eb001968&name=default => generated 2925 bytes in 539 msecs (HTTP/1.1 200) 4 headers in 158 bytes (1 switches on core 0)
2026-05-27 07:22:14.773 8 WARNING neutron.scheduler.dhcp_agent_scheduler [None req-a10b18cf-061a-4417-a2aa-e17c6f2de59f 7505470a47e346f2a55977ab6724a2c3 91596cbc467949edb8897462c7845f67 - - default default] No more DHCP agents
2026-05-27 07:22:14.775 8 WARNING neutron.api.rpc.agentnotifiers.dhcp_rpc_agent_api [None req-a10b18cf-061a-4417-a2aa-e17c6f2de59f 7505470a47e346f2a55977ab6724a2c3 91596cbc467949edb8897462c7845f67 - - default default] Unable to schedule network c32fdf17-a667-42d4-9657-95449866ae28: no agents available; will retry on subsequent port and subnet creation events. [pid: 7|app: 0|req: 801/1472] 10.0.0.180 () {32 vars in 740 bytes} [Wed May 27 07:22:14 2026] DELETE /v2.0/security-groups/1bb13038-0396-4c33-b6ee-089a3d01aafa => generated 0 bytes in 312 msecs (HTTP/1.1 204) 2 headers in 112 bytes (1 switches on core 0)
2026-05-27 07:22:15.021 8 INFO neutron.db.ovn_revision_numbers_db [None req-a10b18cf-061a-4417-a2aa-e17c6f2de59f 7505470a47e346f2a55977ab6724a2c3 91596cbc467949edb8897462c7845f67 - - default default] Successfully bumped revision number for resource 741c9b58-82f5-4e3f-9005-a198b5327d93 (type: ports) to 1 [pid: 8|app: 0|req: 672/1473] 10.0.0.180 () {34 vars in 665 bytes} [Wed May 27 07:22:14 2026] POST /v2.0/ports => generated 955 bytes in 660 msecs (HTTP/1.1 201) 4 headers in 162 bytes (1 switches on core 0) /var/lib/openstack/lib/python3.12/site-packages/pycadf/identifier.py:70: UserWarning: Invalid uuid: neutron. To ensure interoperability, identifiers should be a valid uuid. warnings.warn(('Invalid uuid: %s. To ensure interoperability, '
2026-05-27 07:22:15.276 8 INFO neutron.db.ovn_revision_numbers_db [None req-29347eb0-c04c-45ec-abe2-fec537ad22eb 87db2ab79fd4478993968e810a2536ca 5c1fc7e06d8b4d19b6bce2a1fb5c74d3 - - default default] Successfully bumped revision number for resource 5df11ad9-b991-4cc5-b195-ff1ba49fc549 (type: security_groups) to 1
2026-05-27 07:22:15.289 8 INFO neutron.db.ovn_revision_numbers_db [None req-29347eb0-c04c-45ec-abe2-fec537ad22eb 87db2ab79fd4478993968e810a2536ca 5c1fc7e06d8b4d19b6bce2a1fb5c74d3 - - default default] Successfully bumped revision number for resource c6650962-c8d7-4a3a-b522-a189ad7e44af (type: security_group_rules) to 0
2026-05-27 07:22:15.302 8 INFO neutron.db.ovn_revision_numbers_db [None req-29347eb0-c04c-45ec-abe2-fec537ad22eb 87db2ab79fd4478993968e810a2536ca 5c1fc7e06d8b4d19b6bce2a1fb5c74d3 - - default default] Successfully bumped revision number for resource e4b6547d-7d4f-4b1d-beba-7778fc160709 (type: security_group_rules) to 0
2026-05-27 07:22:15.313 8 INFO neutron.db.ovn_revision_numbers_db [None req-29347eb0-c04c-45ec-abe2-fec537ad22eb 87db2ab79fd4478993968e810a2536ca 5c1fc7e06d8b4d19b6bce2a1fb5c74d3 - - default default] Successfully bumped revision number for resource e8268b96-a07a-46e9-8387-1a83b6abe933 (type: security_group_rules) to 0
2026-05-27 07:22:15.326 8 INFO neutron.db.ovn_revision_numbers_db [None req-29347eb0-c04c-45ec-abe2-fec537ad22eb 87db2ab79fd4478993968e810a2536ca 5c1fc7e06d8b4d19b6bce2a1fb5c74d3 - - default default] Successfully bumped revision number for resource f0caba46-69b7-430b-b84a-29b7a9ed271f (type: security_group_rules) to 0
2026-05-27 07:22:15.360 7 WARNING neutron.scheduler.dhcp_agent_scheduler [None req-fa1fcf86-55e5-4e13-a2af-6c9301ceefae 7505470a47e346f2a55977ab6724a2c3 91596cbc467949edb8897462c7845f67 - - default default] No more DHCP agents
2026-05-27 07:22:15.361 7 WARNING neutron.api.rpc.agentnotifiers.dhcp_rpc_agent_api [None req-fa1fcf86-55e5-4e13-a2af-6c9301ceefae 7505470a47e346f2a55977ab6724a2c3 91596cbc467949edb8897462c7845f67 - - default default] Unable to schedule network 8e808ff0-e4e0-4e70-9bc8-45a143354ef0: no agents available; will retry on subsequent port and subnet creation events. [pid: 8|app: 0|req: 673/1474] 10.0.0.180 () {32 vars in 774 bytes} [Wed May 27 07:22:15 2026] GET /v2.0/security-groups?tenant_id=2fb2f04c1b04457c9c082a5af2db362d&name=default => generated 2925 bytes in 283 msecs (HTTP/1.1 200) 4 headers in 158 bytes (1 switches on core 0) [pid: 8|app: 0|req: 674/1475] 10.0.0.180 () {32 vars in 740 bytes} [Wed May 27 07:22:15 2026] DELETE /v2.0/security-groups/5df11ad9-b991-4cc5-b195-ff1ba49fc549 => generated 0 bytes in 300 msecs (HTTP/1.1 204) 2 headers in 112 bytes (1 switches on core 0)
2026-05-27 07:22:15.985 8 INFO neutron.db.ovn_revision_numbers_db [None req-eda3b345-d13f-44c5-bd74-7f29c997705f 87db2ab79fd4478993968e810a2536ca 5c1fc7e06d8b4d19b6bce2a1fb5c74d3 - - default default] Successfully bumped revision number for resource fc94d2c1-96dd-4bd4-af96-cb5aa0345678 (type: security_groups) to 1
2026-05-27 07:22:16.002 8 INFO neutron.db.ovn_revision_numbers_db [None req-eda3b345-d13f-44c5-bd74-7f29c997705f 87db2ab79fd4478993968e810a2536ca 5c1fc7e06d8b4d19b6bce2a1fb5c74d3 - - default default] Successfully bumped revision number for resource 0769df74-3258-43d6-b631-3a6c4c63f98d (type: security_group_rules) to 0
2026-05-27 07:22:16.017 8 INFO neutron.db.ovn_revision_numbers_db [None req-eda3b345-d13f-44c5-bd74-7f29c997705f 87db2ab79fd4478993968e810a2536ca 5c1fc7e06d8b4d19b6bce2a1fb5c74d3 - - default default] Successfully bumped revision number for resource 07a526df-3169-41cb-b5fb-b8aab8c77e78 (type: security_group_rules) to 0
2026-05-27 07:22:16.030 8 INFO neutron.db.ovn_revision_numbers_db [None req-eda3b345-d13f-44c5-bd74-7f29c997705f 87db2ab79fd4478993968e810a2536ca 5c1fc7e06d8b4d19b6bce2a1fb5c74d3 - - default default] Successfully bumped revision number for resource d7dafbc9-080f-490d-8c7f-f83da064c80f (type: security_group_rules) to 0
2026-05-27 07:22:16.043 8 INFO neutron.db.ovn_revision_numbers_db [None req-eda3b345-d13f-44c5-bd74-7f29c997705f 87db2ab79fd4478993968e810a2536ca 5c1fc7e06d8b4d19b6bce2a1fb5c74d3 - - default default] Successfully bumped revision number for resource fb27a045-016b-4e0c-bb09-bf788949014d (type: security_group_rules) to 0 [pid: 8|app: 0|req: 675/1476] 10.0.0.180 () {32 vars in 774 bytes} [Wed May 27 07:22:15 2026] GET /v2.0/security-groups?tenant_id=46b3540a0cd6415bbea456442f5e3454&name=default => generated 2925 bytes in 412 msecs (HTTP/1.1 200) 4 headers in 158 bytes (1 switches on core 0)
2026-05-27 07:22:16.378 7 INFO neutron.db.ovn_revision_numbers_db [None req-fa1fcf86-55e5-4e13-a2af-6c9301ceefae 7505470a47e346f2a55977ab6724a2c3 91596cbc467949edb8897462c7845f67 - - default default] Successfully bumped revision number for resource a16071a4-3caf-4727-82b6-8537c4af54dd (type: floatingips) to 1
2026-05-27 07:22:16.379 7 INFO neutron.db.l3_db [None req-fa1fcf86-55e5-4e13-a2af-6c9301ceefae 7505470a47e346f2a55977ab6724a2c3 91596cbc467949edb8897462c7845f67 - - default default] Floating IP a16071a4-3caf-4727-82b6-8537c4af54dd associated. External IP: 10.96.250.217, port: 741c9b58-82f5-4e3f-9005-a198b5327d93.
2026-05-27 07:22:16.401 8 INFO neutron.db.ovn_revision_numbers_db [None req-a763a9e5-04d4-4739-8745-bee74073d56e 87db2ab79fd4478993968e810a2536ca 5c1fc7e06d8b4d19b6bce2a1fb5c74d3 - - default default] Successfully bumped revision number for resource 1fff13d0-7416-4f60-a34c-59c7ae81bb33 (type: security_groups) to 1
2026-05-27 07:22:16.416 8 INFO neutron.db.ovn_revision_numbers_db [None req-a763a9e5-04d4-4739-8745-bee74073d56e 87db2ab79fd4478993968e810a2536ca 5c1fc7e06d8b4d19b6bce2a1fb5c74d3 - - default default] Successfully bumped revision number for resource 341baab4-2139-49cf-b5c8-4a177a6e4590 (type: security_group_rules) to 0
2026-05-27 07:22:16.428 8 INFO neutron.db.ovn_revision_numbers_db [None req-a763a9e5-04d4-4739-8745-bee74073d56e 87db2ab79fd4478993968e810a2536ca 5c1fc7e06d8b4d19b6bce2a1fb5c74d3 - - default default] Successfully bumped revision number for resource 3d662c36-9239-472e-ab8e-203a86148a20 (type: security_group_rules) to 0 [pid: 7|app: 0|req: 802/1477] 10.0.0.180 () {34 vars in 677 bytes} [Wed May 27 07:22:15 2026] POST /v2.0/floatingips => generated 842 bytes in 1387 msecs (HTTP/1.1 201) 4 headers in 162 bytes (1 switches on core 0)
2026-05-27 07:22:16.441 8 INFO neutron.db.ovn_revision_numbers_db [None req-a763a9e5-04d4-4739-8745-bee74073d56e 87db2ab79fd4478993968e810a2536ca 5c1fc7e06d8b4d19b6bce2a1fb5c74d3 - - default default] Successfully bumped revision number for resource cbfa1826-9594-4fb6-b3f8-305405f208b8 (type: security_group_rules) to 0
2026-05-27 07:22:16.454 8 INFO neutron.db.ovn_revision_numbers_db [None req-a763a9e5-04d4-4739-8745-bee74073d56e 87db2ab79fd4478993968e810a2536ca 5c1fc7e06d8b4d19b6bce2a1fb5c74d3 - - default default] Successfully bumped revision number for resource ebc8366a-2e09-4aac-99cb-6e4bb7c9f09f (type: security_group_rules) to 0 [pid: 8|app: 0|req: 676/1478] 10.0.0.180 () {32 vars in 774 bytes} [Wed May 27 07:22:16 2026] GET /v2.0/security-groups?tenant_id=5cd890c053d442339fd882a8d2cb406e&name=default => generated 2925 bytes in 414 msecs (HTTP/1.1 200) 4 headers in 158 bytes (1 switches on core 0)
2026-05-27 07:22:16.708 8 INFO neutron.db.ovn_revision_numbers_db [None req-48d9cf13-52f4-4072-83b3-5040332d24fc 7505470a47e346f2a55977ab6724a2c3 91596cbc467949edb8897462c7845f67 - - default default] Successfully bumped revision number for resource a16071a4-3caf-4727-82b6-8537c4af54dd (type: floatingips) to 2 [pid: 7|app: 0|req: 803/1479] 10.0.0.180 () {32 vars in 740 bytes} [Wed May 27 07:22:16 2026] DELETE /v2.0/security-groups/fc94d2c1-96dd-4bd4-af96-cb5aa0345678 => generated 0 bytes in 314 msecs (HTTP/1.1 204) 2 headers in 112 bytes (1 switches on core 0)
2026-05-27 07:22:16.770 8 INFO neutron.db.l3_db [None req-48d9cf13-52f4-4072-83b3-5040332d24fc 7505470a47e346f2a55977ab6724a2c3 91596cbc467949edb8897462c7845f67 - - default default] Floating IP a16071a4-3caf-4727-82b6-8537c4af54dd disassociated. External IP: 10.96.250.217, port: 741c9b58-82f5-4e3f-9005-a198b5327d93. [pid: 8|app: 0|req: 677/1480] 10.0.0.180 () {34 vars in 749 bytes} [Wed May 27 07:22:16 2026] PUT /v2.0/floatingips/a16071a4-3caf-4727-82b6-8537c4af54dd => generated 554 bytes in 298 msecs (HTTP/1.1 200) 4 headers in 157 bytes (1 switches on core 0)
2026-05-27 07:22:16.998 8 INFO neutron_taas.services.taas.taas_plugin [None req-f7a7fa91-80c5-4bf6-9efd-bb4e59a7a52e 7505470a47e346f2a55977ab6724a2c3 91596cbc467949edb8897462c7845f67 - - default default] TaaS: Handle Delete Port: ee2a818b-5e9d-4e3b-893a-ce59a217880a
2026-05-27 07:22:17.004 8 INFO neutron_taas.services.taas.tap_mirror_plugin [None req-f7a7fa91-80c5-4bf6-9efd-bb4e59a7a52e 7505470a47e346f2a55977ab6724a2c3 91596cbc467949edb8897462c7845f67 - - default default] Tap Mirror: Handle Delete Port: ee2a818b-5e9d-4e3b-893a-ce59a217880a [pid: 7|app: 0|req: 804/1481] 10.0.0.180 () {32 vars in 740 bytes} [Wed May 27 07:22:16 2026] DELETE /v2.0/security-groups/1fff13d0-7416-4f60-a34c-59c7ae81bb33 => generated 0 bytes in 336 msecs (HTTP/1.1 204) 2 headers in 112 bytes (1 switches on core 0) [pid: 8|app: 0|req: 678/1482] 10.0.0.180 () {32 vars in 732 bytes} [Wed May 27 07:22:16 2026] DELETE /v2.0/floatingips/a16071a4-3caf-4727-82b6-8537c4af54dd => generated 0 bytes in 397 msecs (HTTP/1.1 204) 2 headers in 112 bytes (1 switches on core 0)
2026-05-27 07:22:17.434 8 INFO neutron.db.ovn_revision_numbers_db [None req-2fd91a2e-1545-41e5-8816-d5aa6811a498 87db2ab79fd4478993968e810a2536ca 5c1fc7e06d8b4d19b6bce2a1fb5c74d3 - - default default] Successfully bumped revision number for resource 73d1d50a-ea47-40e6-9ec8-c66bd8aff023 (type: security_groups) to 1
2026-05-27 07:22:17.447 8 INFO neutron.db.ovn_revision_numbers_db [None req-2fd91a2e-1545-41e5-8816-d5aa6811a498 87db2ab79fd4478993968e810a2536ca 5c1fc7e06d8b4d19b6bce2a1fb5c74d3 - - default default] Successfully bumped revision number for resource 28b6fab2-339c-41de-b7c2-b90dfa1d620e (type: security_group_rules) to 0
2026-05-27 07:22:17.461 8 INFO neutron.db.ovn_revision_numbers_db [None req-2fd91a2e-1545-41e5-8816-d5aa6811a498 87db2ab79fd4478993968e810a2536ca 5c1fc7e06d8b4d19b6bce2a1fb5c74d3 - - default default] Successfully bumped revision number for resource 31cacba7-87c7-4908-b1b8-c17cfdc32063 (type: security_group_rules) to 0
2026-05-27 07:22:17.474 8 INFO neutron.db.ovn_revision_numbers_db [None req-2fd91a2e-1545-41e5-8816-d5aa6811a498 87db2ab79fd4478993968e810a2536ca 5c1fc7e06d8b4d19b6bce2a1fb5c74d3 - - default default] Successfully bumped revision number for resource 514d16b5-d8d8-4a69-8bd9-7e61ac56cbfb (type: security_group_rules) to 0
2026-05-27 07:22:17.487 8 INFO neutron.db.ovn_revision_numbers_db [None req-2fd91a2e-1545-41e5-8816-d5aa6811a498 87db2ab79fd4478993968e810a2536ca 5c1fc7e06d8b4d19b6bce2a1fb5c74d3 - - default default] Successfully bumped revision number for resource 6213c6d4-fd5a-4d7d-8ba4-37db73410941 (type: security_group_rules) to 0
2026-05-27 07:22:17.522 7 WARNING neutron.scheduler.dhcp_agent_scheduler [None req-aaca6b54-ba1a-4127-a331-05ce52243531 7505470a47e346f2a55977ab6724a2c3 91596cbc467949edb8897462c7845f67 - - default default] No more DHCP agents
2026-05-27 07:22:17.524 7 WARNING neutron.api.rpc.agentnotifiers.dhcp_rpc_agent_api [None req-aaca6b54-ba1a-4127-a331-05ce52243531 7505470a47e346f2a55977ab6724a2c3 91596cbc467949edb8897462c7845f67 - - default default] Unable to schedule network 8e808ff0-e4e0-4e70-9bc8-45a143354ef0: no agents available; will retry on subsequent port and subnet creation events. [pid: 8|app: 0|req: 679/1483] 10.0.0.180 () {32 vars in 774 bytes} [Wed May 27 07:22:17 2026] GET /v2.0/security-groups?tenant_id=b4e32ba26a80437180a4665997e171ef&name=default => generated 2925 bytes in 315 msecs (HTTP/1.1 200) 4 headers in 158 bytes (1 switches on core 0)
2026-05-27 07:22:17.551 8 WARNING neutron.plugins.ml2.drivers.ovn.mech_driver.ovsdb.ovn_client [None req-1f4b6149-e0fa-4690-a8fc-1f79d0923f45 - - - - - -] No hosting information found for port 6e2c686d-9bcf-4dda-b57a-e334994935de: RuntimeError: No hosting information found for port 6e2c686d-9bcf-4dda-b57a-e334994935de
2026-05-27 07:22:17.552 8 INFO neutron.plugins.ml2.drivers.ovn.mech_driver.mech_driver [None req-1f4b6149-e0fa-4690-a8fc-1f79d0923f45 - - - - - -] OVN reports status down for port: 4f4c6d86-76f4-4cbb-b049-053d99e30d71
2026-05-27 07:22:17.667 8 WARNING neutron.plugins.ml2.drivers.ovn.mech_driver.ovsdb.ovn_client [None req-1f4b6149-e0fa-4690-a8fc-1f79d0923f45 - - - - - -] Logical_Switch_Port 4f4c6d86-76f4-4cbb-b049-053d99e30d71 host information not removed, the port state is up
2026-05-27 07:22:17.668 8 INFO neutron.plugins.ml2.drivers.ovn.mech_driver.mech_driver [None req-1f4b6149-e0fa-4690-a8fc-1f79d0923f45 - - - - - -] OVN reports status up for port: 4f4c6d86-76f4-4cbb-b049-053d99e30d71
2026-05-27 07:22:17.685 8 INFO neutron.plugins.ml2.plugin [None req-1f4b6149-e0fa-4690-a8fc-1f79d0923f45 - - - - - -] Attempt 1 to provision port 4f4c6d86-76f4-4cbb-b049-053d99e30d71 [pid: 8|app: 0|req: 680/1484] 10.0.0.180 () {32 vars in 740 bytes} [Wed May 27 07:22:17 2026] DELETE /v2.0/security-groups/73d1d50a-ea47-40e6-9ec8-c66bd8aff023 => generated 0 bytes in 468 msecs (HTTP/1.1 204) 2 headers in 112 bytes (1 switches on core 0)
2026-05-27 07:22:18.238 8 INFO neutron.db.ovn_revision_numbers_db [None req-1f4b6149-e0fa-4690-a8fc-1f79d0923f45 - - - - - -] Successfully bumped revision number for resource 4f4c6d86-76f4-4cbb-b049-053d99e30d71 (type: ports) to 2
2026-05-27 07:22:18.555 8 INFO neutron.db.ovn_revision_numbers_db [None req-1347b325-ddfe-4648-810b-f7ca86550c24 87db2ab79fd4478993968e810a2536ca 5c1fc7e06d8b4d19b6bce2a1fb5c74d3 - - default default] Successfully bumped revision number for resource 3a21e5f3-e417-4b90-99fb-50e12cb15a08 (type: security_groups) to 1
2026-05-27 07:22:18.569 8 INFO neutron.db.ovn_revision_numbers_db [None req-1347b325-ddfe-4648-810b-f7ca86550c24 87db2ab79fd4478993968e810a2536ca 5c1fc7e06d8b4d19b6bce2a1fb5c74d3 - - default default] Successfully bumped revision number for resource 207ee6b8-b2e7-44cb-954a-1cec31d78b9f (type: security_group_rules) to 0
2026-05-27 07:22:18.591 8 INFO neutron.db.ovn_revision_numbers_db [None req-1347b325-ddfe-4648-810b-f7ca86550c24 87db2ab79fd4478993968e810a2536ca 5c1fc7e06d8b4d19b6bce2a1fb5c74d3 - - default default] Successfully bumped revision number for resource 386b3cb5-f494-4769-9b5c-75f72d6d9038 (type: security_group_rules) to 0
2026-05-27 07:22:18.605 8 INFO neutron.db.ovn_revision_numbers_db [None req-1347b325-ddfe-4648-810b-f7ca86550c24 87db2ab79fd4478993968e810a2536ca 5c1fc7e06d8b4d19b6bce2a1fb5c74d3 - - default default] Successfully bumped revision number for resource 95a3ab61-6db1-4990-a2f2-a6d80c8a0c53 (type: security_group_rules) to 0
2026-05-27 07:22:18.618 8 INFO neutron.db.ovn_revision_numbers_db [None req-1347b325-ddfe-4648-810b-f7ca86550c24 87db2ab79fd4478993968e810a2536ca 5c1fc7e06d8b4d19b6bce2a1fb5c74d3 - - default default] Successfully bumped revision number for resource c85bd9be-8188-4772-8124-ee13e3b9ecfd (type: security_group_rules) to 0
2026-05-27 07:22:18.623 7 INFO neutron.db.ovn_revision_numbers_db [None req-aaca6b54-ba1a-4127-a331-05ce52243531 7505470a47e346f2a55977ab6724a2c3 91596cbc467949edb8897462c7845f67 - - default default] Successfully bumped revision number for resource f3411da6-9f52-4046-b932-3c2c8744a15a (type: floatingips) to 1
2026-05-27 07:22:18.623 7 INFO neutron.db.l3_db [None req-aaca6b54-ba1a-4127-a331-05ce52243531 7505470a47e346f2a55977ab6724a2c3 91596cbc467949edb8897462c7845f67 - - default default] Floating IP f3411da6-9f52-4046-b932-3c2c8744a15a associated. External IP: 10.96.250.208, port: 4f5b872e-f559-4eae-acee-bbae463e4c47. [pid: 8|app: 0|req: 681/1485] 10.0.0.180 () {32 vars in 774 bytes} [Wed May 27 07:22:18 2026] GET /v2.0/security-groups?tenant_id=eb15222c55624a878eef9ca6cec72270&name=default => generated 2925 bytes in 513 msecs (HTTP/1.1 200) 4 headers in 158 bytes (1 switches on core 0) [pid: 7|app: 0|req: 805/1486] 10.0.0.180 () {34 vars in 677 bytes} [Wed May 27 07:22:17 2026] POST /v2.0/floatingips => generated 843 bytes in 1462 msecs (HTTP/1.1 201) 4 headers in 162 bytes (1 switches on core 0) [pid: 8|app: 0|req: 682/1487] 10.0.0.180 () {32 vars in 740 bytes} [Wed May 27 07:22:18 2026] DELETE /v2.0/security-groups/3a21e5f3-e417-4b90-99fb-50e12cb15a08 => generated 0 bytes in 286 msecs (HTTP/1.1 204) 2 headers in 112 bytes (1 switches on core 0) [pid: 8|app: 0|req: 683/1488] 10.0.0.180 () {32 vars in 729 bytes} [Wed May 27 07:22:18 2026] GET /v2.0/floatingips/f3411da6-9f52-4046-b932-3c2c8744a15a => generated 845 bytes in 49 msecs (HTTP/1.1 200) 4 headers in 157 bytes (1 switches on core 0)
2026-05-27 07:22:19.027 7 INFO neutron.db.ovn_revision_numbers_db [None req-8bf75458-1f91-4319-bf92-4d41569d3857 e8cb6381647840dca6e3a759478e57b0 56dd8349ea9e453dac52d16228493455 - - default default] Successfully bumped revision number for resource 98bddb12-cf24-46de-b5cf-02449e422674 (type: security_groups) to 1
2026-05-27 07:22:19.043 7 INFO neutron.db.ovn_revision_numbers_db [None req-8bf75458-1f91-4319-bf92-4d41569d3857 e8cb6381647840dca6e3a759478e57b0 56dd8349ea9e453dac52d16228493455 - - default default] Successfully bumped revision number for resource 5cf19449-0e4b-41c5-ae16-4eb6a92e4d19 (type: security_group_rules) to 0
2026-05-27 07:22:19.076 7 INFO neutron.db.ovn_revision_numbers_db [None req-8bf75458-1f91-4319-bf92-4d41569d3857 e8cb6381647840dca6e3a759478e57b0 56dd8349ea9e453dac52d16228493455 - - default default] Successfully bumped revision number for resource 96e0ddb4-daeb-4cb9-ba26-06de8d6fe6fa (type: security_group_rules) to 0
2026-05-27 07:22:19.089 7 INFO neutron.db.ovn_revision_numbers_db [None req-8bf75458-1f91-4319-bf92-4d41569d3857 e8cb6381647840dca6e3a759478e57b0 56dd8349ea9e453dac52d16228493455 - - default default] Successfully bumped revision number for resource 9727122a-314a-4820-a84d-b4293b439bba (type: security_group_rules) to 0
2026-05-27 07:22:19.102 7 INFO neutron.db.ovn_revision_numbers_db [None req-8bf75458-1f91-4319-bf92-4d41569d3857 e8cb6381647840dca6e3a759478e57b0 56dd8349ea9e453dac52d16228493455 - - default default] Successfully bumped revision number for resource ed42259e-a305-4571-a1da-815551b9486a (type: security_group_rules) to 0 [pid: 8|app: 0|req: 684/1489] 10.0.0.180 () {32 vars in 655 bytes} [Wed May 27 07:22:19 2026] GET /v2.0/floatingips => generated 848 bytes in 106 msecs (HTTP/1.1 200) 4 headers in 157 bytes (1 switches on core 0)
2026-05-27 07:22:19.189 7 INFO neutron.db.segments_db [None req-8bf75458-1f91-4319-bf92-4d41569d3857 e8cb6381647840dca6e3a759478e57b0 56dd8349ea9e453dac52d16228493455 - - default default] Added segment 76e4601c-f02b-4d7d-98dc-7f04dafe06d7 of type geneve for network ed9ff7aa-0e7b-43e4-95d4-10e5f0252bea
2026-05-27 07:22:19.278 7 INFO neutron.db.segments_db [None req-8bf75458-1f91-4319-bf92-4d41569d3857 e8cb6381647840dca6e3a759478e57b0 56dd8349ea9e453dac52d16228493455 - - default default] Added segment c87eca25-0ce4-4020-9b51-4f07a8ed6e3c of type geneve for network ee00b036-3df3-4ce0-be2e-2ca2da2b55c9
2026-05-27 07:22:19.405 7 INFO neutron.db.ovn_revision_numbers_db [None req-8bf75458-1f91-4319-bf92-4d41569d3857 e8cb6381647840dca6e3a759478e57b0 56dd8349ea9e453dac52d16228493455 - - default default] Successfully bumped revision number for resource ed9ff7aa-0e7b-43e4-95d4-10e5f0252bea (type: networks) to 1
2026-05-27 07:22:19.617 7 WARNING neutron.scheduler.dhcp_agent_scheduler [None req-8bf75458-1f91-4319-bf92-4d41569d3857 e8cb6381647840dca6e3a759478e57b0 56dd8349ea9e453dac52d16228493455 - - default default] No more DHCP agents
2026-05-27 07:22:19.619 7 WARNING neutron.api.rpc.agentnotifiers.dhcp_rpc_agent_api [None req-8bf75458-1f91-4319-bf92-4d41569d3857 e8cb6381647840dca6e3a759478e57b0 56dd8349ea9e453dac52d16228493455 - - default default] Unable to schedule network ed9ff7aa-0e7b-43e4-95d4-10e5f0252bea: no agents available; will retry on subsequent port and subnet creation events.
2026-05-27 07:22:19.749 8 INFO neutron.db.ovn_revision_numbers_db [None req-b9b0b51c-f58a-4ab6-a75b-7b6f2ef0eb9c 7505470a47e346f2a55977ab6724a2c3 91596cbc467949edb8897462c7845f67 - - default default] Successfully bumped revision number for resource f3411da6-9f52-4046-b932-3c2c8744a15a (type: floatingips) to 2
2026-05-27 07:22:19.851 7 INFO neutron.db.ovn_revision_numbers_db [None req-8bf75458-1f91-4319-bf92-4d41569d3857 e8cb6381647840dca6e3a759478e57b0 56dd8349ea9e453dac52d16228493455 - - default default] Successfully bumped revision number for resource 8029f83e-0c70-45c8-a496-2d2bcbc80d83 (type: ports) to 1
2026-05-27 07:22:19.927 7 INFO neutron.db.ovn_revision_numbers_db [None req-8bf75458-1f91-4319-bf92-4d41569d3857 e8cb6381647840dca6e3a759478e57b0 56dd8349ea9e453dac52d16228493455 - - default default] Successfully bumped revision number for resource ee00b036-3df3-4ce0-be2e-2ca2da2b55c9 (type: networks) to 1
2026-05-27 07:22:19.946 8 INFO neutron.db.l3_db [None req-b9b0b51c-f58a-4ab6-a75b-7b6f2ef0eb9c 7505470a47e346f2a55977ab6724a2c3 91596cbc467949edb8897462c7845f67 - - default default] Floating IP f3411da6-9f52-4046-b932-3c2c8744a15a associated. External IP: 10.96.250.208, port: 4f5b872e-f559-4eae-acee-bbae463e4c47. [pid: 8|app: 0|req: 685/1490] 10.0.0.180 () {34 vars in 749 bytes} [Wed May 27 07:22:19 2026] PUT /v2.0/floatingips/f3411da6-9f52-4046-b932-3c2c8744a15a => generated 844 bytes in 872 msecs (HTTP/1.1 200) 4 headers in 157 bytes (1 switches on core 0)
2026-05-27 07:22:20.062 7 WARNING neutron.scheduler.dhcp_agent_scheduler [None req-8bf75458-1f91-4319-bf92-4d41569d3857 e8cb6381647840dca6e3a759478e57b0 56dd8349ea9e453dac52d16228493455 - - default default] No more DHCP agents
2026-05-27 07:22:20.064 7 WARNING neutron.api.rpc.agentnotifiers.dhcp_rpc_agent_api [None req-8bf75458-1f91-4319-bf92-4d41569d3857 e8cb6381647840dca6e3a759478e57b0 56dd8349ea9e453dac52d16228493455 - - default default] Unable to schedule network ee00b036-3df3-4ce0-be2e-2ca2da2b55c9: no agents available; will retry on subsequent port and subnet creation events.
2026-05-27 07:22:20.181 7 INFO neutron.db.ovn_revision_numbers_db [None req-8bf75458-1f91-4319-bf92-4d41569d3857 e8cb6381647840dca6e3a759478e57b0 56dd8349ea9e453dac52d16228493455 - - default default] Successfully bumped revision number for resource 15f8bae7-db55-4d69-9209-bb7b8c28960f (type: ports) to 1 [pid: 7|app: 0|req: 806/1491] 10.0.0.180 () {34 vars in 670 bytes} [Wed May 27 07:22:18 2026] POST /v2.0/networks => generated 1245 bytes in 1556 msecs (HTTP/1.1 201) 4 headers in 163 bytes (1 switches on core 0)
2026-05-27 07:22:20.244 8 INFO neutron.db.ovn_revision_numbers_db [None req-affd5ea9-cb06-47d9-81c7-a8f96c719603 7505470a47e346f2a55977ab6724a2c3 91596cbc467949edb8897462c7845f67 - - default default] Successfully bumped revision number for resource f3411da6-9f52-4046-b932-3c2c8744a15a (type: floatingips) to 3
2026-05-27 07:22:20.299 8 INFO neutron.db.l3_db [None req-affd5ea9-cb06-47d9-81c7-a8f96c719603 7505470a47e346f2a55977ab6724a2c3 91596cbc467949edb8897462c7845f67 - - default default] Floating IP f3411da6-9f52-4046-b932-3c2c8744a15a disassociated. External IP: 10.96.250.208, port: 741c9b58-82f5-4e3f-9005-a198b5327d93. [pid: 7|app: 0|req: 807/1492] 10.0.0.180 () {32 vars in 649 bytes} [Wed May 27 07:22:20 2026] GET /v2.0/networks => generated 1856 bytes in 70 msecs (HTTP/1.1 200) 4 headers in 158 bytes (1 switches on core 0) [pid: 8|app: 0|req: 686/1493] 10.0.0.180 () {34 vars in 749 bytes} [Wed May 27 07:22:19 2026] PUT /v2.0/floatingips/f3411da6-9f52-4046-b932-3c2c8744a15a => generated 554 bytes in 326 msecs (HTTP/1.1 200) 4 headers in 157 bytes (1 switches on core 0)
2026-05-27 07:22:20.442 7 INFO neutron_taas.services.taas.taas_plugin [None req-7e5ae268-f369-4834-ae67-565683dca5e0 e8cb6381647840dca6e3a759478e57b0 56dd8349ea9e453dac52d16228493455 - - default default] TaaS: Handle Delete Port: 8029f83e-0c70-45c8-a496-2d2bcbc80d83
2026-05-27 07:22:20.445 7 INFO neutron_taas.services.taas.tap_mirror_plugin [None req-7e5ae268-f369-4834-ae67-565683dca5e0 e8cb6381647840dca6e3a759478e57b0 56dd8349ea9e453dac52d16228493455 - - default default] Tap Mirror: Handle Delete Port: 8029f83e-0c70-45c8-a496-2d2bcbc80d83
2026-05-27 07:22:20.477 8 INFO neutron_taas.services.taas.taas_plugin [None req-d9202170-0622-46b1-9912-7e374c5fa943 7505470a47e346f2a55977ab6724a2c3 91596cbc467949edb8897462c7845f67 - - default default] TaaS: Handle Delete Port: 67f34703-c7bc-44c7-9b2e-62ffaf7a7edc
2026-05-27 07:22:20.480 8 INFO neutron_taas.services.taas.tap_mirror_plugin [None req-d9202170-0622-46b1-9912-7e374c5fa943 7505470a47e346f2a55977ab6724a2c3 91596cbc467949edb8897462c7845f67 - - default default] Tap Mirror: Handle Delete Port: 67f34703-c7bc-44c7-9b2e-62ffaf7a7edc
2026-05-27 07:22:20.655 7 INFO neutron.services.segments.plugin [-] Segment 76e4601c-f02b-4d7d-98dc-7f04dafe06d7 resource provider aggregate not found
2026-05-27 07:22:20.656 7 INFO neutron.services.segments.plugin [-] Segment 76e4601c-f02b-4d7d-98dc-7f04dafe06d7 resource provider aggregate not found [pid: 8|app: 0|req: 687/1494] 10.0.0.180 () {32 vars in 732 bytes} [Wed May 27 07:22:20 2026] DELETE /v2.0/floatingips/f3411da6-9f52-4046-b932-3c2c8744a15a => generated 0 bytes in 340 msecs (HTTP/1.1 204) 2 headers in 112 bytes (1 switches on core 0)
2026-05-27 07:22:20.681 7 INFO neutron.services.segments.plugin [-] Segment 76e4601c-f02b-4d7d-98dc-7f04dafe06d7 resource provider not found; error: Placement Client Error (4xx): {"errors": [{"status": 404, "title": "Not Found", "detail": "The resource could not be found.\n\n No resource provider with uuid 76e4601c-f02b-4d7d-98dc-7f04dafe06d7 found for delete ", "request_id": "req-8f91a7ff-8b83-4f8d-b098-0c44e9a44fa1"}]}
2026-05-27 07:22:20.686 7 INFO neutron.services.segments.plugin [-] Segment 76e4601c-f02b-4d7d-98dc-7f04dafe06d7 resource provider not found; error: Placement Client Error (4xx): {"errors": [{"status": 404, "title": "Not Found", "detail": "The resource could not be found.\n\n No resource provider with uuid 76e4601c-f02b-4d7d-98dc-7f04dafe06d7 found for delete ", "request_id": "req-345c802b-89ed-4183-9889-5182a5681833"}]}
2026-05-27 07:22:20.697 8 INFO neutron.api.v2.resource [None req-b9068dea-d9c5-463e-ab5c-2925e6941441 7505470a47e346f2a55977ab6724a2c3 91596cbc467949edb8897462c7845f67 - - default default] delete failed (client error): The resource could not be found. [pid: 8|app: 0|req: 688/1495] 10.0.0.180 () {32 vars in 732 bytes} [Wed May 27 07:22:20 2026] DELETE /v2.0/floatingips/f3411da6-9f52-4046-b932-3c2c8744a15a => generated 144 bytes in 24 msecs (HTTP/1.1 404) 4 headers in 164 bytes (1 switches on core 0) [pid: 7|app: 0|req: 808/1496] 10.0.0.180 () {32 vars in 726 bytes} [Wed May 27 07:22:20 2026] DELETE /v2.0/networks/ed9ff7aa-0e7b-43e4-95d4-10e5f0252bea => generated 0 bytes in 429 msecs (HTTP/1.1 204) 3 headers in 131 bytes (1 switches on core 0)
2026-05-27 07:22:20.926 8 INFO neutron_taas.services.taas.taas_plugin [None req-5709e2ce-994d-4bfb-aa37-0490b0c00088 7505470a47e346f2a55977ab6724a2c3 91596cbc467949edb8897462c7845f67 - - default default] TaaS: Handle Delete Port: 741c9b58-82f5-4e3f-9005-a198b5327d93
2026-05-27 07:22:20.929 8 INFO neutron_taas.services.taas.tap_mirror_plugin [None req-5709e2ce-994d-4bfb-aa37-0490b0c00088 7505470a47e346f2a55977ab6724a2c3 91596cbc467949edb8897462c7845f67 - - default default] Tap Mirror: Handle Delete Port: 741c9b58-82f5-4e3f-9005-a198b5327d93
2026-05-27 07:22:21.098 7 INFO neutron.db.ovn_revision_numbers_db [None req-e75e90f7-da2d-4a98-9eb7-e93f56f3e380 99b71007a7354b209d3b522c16608b7d 56eacabb7fb04d238218d9d310371179 - - default default] Successfully bumped revision number for resource 8445be4f-75ff-4ffb-a799-d09b005e0434 (type: security_groups) to 1
2026-05-27 07:22:21.111 7 INFO neutron.db.ovn_revision_numbers_db [None req-e75e90f7-da2d-4a98-9eb7-e93f56f3e380 99b71007a7354b209d3b522c16608b7d 56eacabb7fb04d238218d9d310371179 - - default default] Successfully bumped revision number for resource 07d6f995-8a84-4ab0-9eee-9af9f1d2fdaf (type: security_group_rules) to 0
2026-05-27 07:22:21.124 7 INFO neutron.db.ovn_revision_numbers_db [None req-e75e90f7-da2d-4a98-9eb7-e93f56f3e380 99b71007a7354b209d3b522c16608b7d 56eacabb7fb04d238218d9d310371179 - - default default] Successfully bumped revision number for resource 0a62c175-eb9c-4bfe-8801-3ca0c5c3009b (type: security_group_rules) to 0
2026-05-27 07:22:21.144 7 INFO neutron.db.ovn_revision_numbers_db [None req-e75e90f7-da2d-4a98-9eb7-e93f56f3e380 99b71007a7354b209d3b522c16608b7d 56eacabb7fb04d238218d9d310371179 - - default default] Successfully bumped revision number for resource 60ccf23c-97e6-460b-bed1-d53cb413b4b6 (type: security_group_rules) to 0
2026-05-27 07:22:21.177 7 INFO neutron.db.ovn_revision_numbers_db [None req-e75e90f7-da2d-4a98-9eb7-e93f56f3e380 99b71007a7354b209d3b522c16608b7d 56eacabb7fb04d238218d9d310371179 - - default default] Successfully bumped revision number for resource 94a5e433-581c-4e2f-84ca-b680ea8aabb2 (type: security_group_rules) to 0 [pid: 8|app: 0|req: 689/1497] 10.0.0.180 () {32 vars in 720 bytes} [Wed May 27 07:22:20 2026] DELETE /v2.0/ports/741c9b58-82f5-4e3f-9005-a198b5327d93 => generated 0 bytes in 508 msecs (HTTP/1.1 204) 3 headers in 131 bytes (1 switches on core 0)
2026-05-27 07:22:21.267 7 INFO neutron.db.segments_db [None req-e75e90f7-da2d-4a98-9eb7-e93f56f3e380 99b71007a7354b209d3b522c16608b7d 56eacabb7fb04d238218d9d310371179 - - default default] Added segment d761f69f-2575-430d-b199-26acae6c1db8 of type geneve for network 5b5dc3d2-5e08-4064-a0c6-ee792f8d5e84
2026-05-27 07:22:21.339 8 INFO neutron_taas.services.taas.taas_plugin [None req-782810e3-f3b4-444a-a0c7-6209f5ebd31d e8cb6381647840dca6e3a759478e57b0 56dd8349ea9e453dac52d16228493455 - - default default] TaaS: Handle Delete Port: 15f8bae7-db55-4d69-9209-bb7b8c28960f
2026-05-27 07:22:21.343 8 INFO neutron_taas.services.taas.tap_mirror_plugin [None req-782810e3-f3b4-444a-a0c7-6209f5ebd31d e8cb6381647840dca6e3a759478e57b0 56dd8349ea9e453dac52d16228493455 - - default default] Tap Mirror: Handle Delete Port: 15f8bae7-db55-4d69-9209-bb7b8c28960f
2026-05-27 07:22:21.401 7 INFO neutron.db.ovn_revision_numbers_db [None req-e75e90f7-da2d-4a98-9eb7-e93f56f3e380 99b71007a7354b209d3b522c16608b7d 56eacabb7fb04d238218d9d310371179 - - default default] Successfully bumped revision number for resource 5b5dc3d2-5e08-4064-a0c6-ee792f8d5e84 (type: networks) to 1
2026-05-27 07:22:21.598 8 INFO neutron.services.segments.plugin [-] Segment c87eca25-0ce4-4020-9b51-4f07a8ed6e3c resource provider aggregate not found
2026-05-27 07:22:21.604 8 INFO neutron.services.segments.plugin [-] Segment c87eca25-0ce4-4020-9b51-4f07a8ed6e3c resource provider aggregate not found
2026-05-27 07:22:21.631 8 INFO neutron.services.segments.plugin [-] Segment c87eca25-0ce4-4020-9b51-4f07a8ed6e3c resource provider not found; error: Placement Client Error (4xx): {"errors": [{"status": 404, "title": "Not Found", "detail": "The resource could not be found.\n\n No resource provider with uuid c87eca25-0ce4-4020-9b51-4f07a8ed6e3c found for delete ", "request_id": "req-89113f2e-f0c9-4da3-b251-a57fbe4a50ff"}]}
2026-05-27 07:22:21.635 8 INFO neutron.services.segments.plugin [-] Segment c87eca25-0ce4-4020-9b51-4f07a8ed6e3c resource provider not found; error: Placement Client Error (4xx): {"errors": [{"status": 404, "title": "Not Found", "detail": "The resource could not be found.\n\n No resource provider with uuid c87eca25-0ce4-4020-9b51-4f07a8ed6e3c found for delete ", "request_id": "req-7e4f925f-eacf-4bf8-b4f9-05564878dd00"}]}
2026-05-27 07:22:21.658 7 WARNING neutron.scheduler.dhcp_agent_scheduler [None req-e75e90f7-da2d-4a98-9eb7-e93f56f3e380 99b71007a7354b209d3b522c16608b7d 56eacabb7fb04d238218d9d310371179 - - default default] No more DHCP agents
2026-05-27 07:22:21.661 7 WARNING neutron.api.rpc.agentnotifiers.dhcp_rpc_agent_api [None req-e75e90f7-da2d-4a98-9eb7-e93f56f3e380 99b71007a7354b209d3b522c16608b7d 56eacabb7fb04d238218d9d310371179 - - default default] Unable to schedule network 5b5dc3d2-5e08-4064-a0c6-ee792f8d5e84: no agents available; will retry on subsequent port and subnet creation events. [pid: 8|app: 0|req: 690/1498] 10.0.0.180 () {32 vars in 726 bytes} [Wed May 27 07:22:21 2026] DELETE /v2.0/networks/ee00b036-3df3-4ce0-be2e-2ca2da2b55c9 => generated 0 bytes in 461 msecs (HTTP/1.1 204) 3 headers in 131 bytes (1 switches on core 0)
2026-05-27 07:22:21.775 7 INFO neutron.db.ovn_revision_numbers_db [None req-e75e90f7-da2d-4a98-9eb7-e93f56f3e380 99b71007a7354b209d3b522c16608b7d 56eacabb7fb04d238218d9d310371179 - - default default] Successfully bumped revision number for resource 391bf290-1f6e-4ee3-bb61-bd7e54610941 (type: ports) to 1 [pid: 7|app: 0|req: 809/1499] 10.0.0.180 () {34 vars in 670 bytes} [Wed May 27 07:22:20 2026] POST /v2.0/networks => generated 649 bytes in 1060 msecs (HTTP/1.1 201) 4 headers in 162 bytes (1 switches on core 0)
2026-05-27 07:22:21.848 8 INFO neutron_taas.services.taas.taas_plugin [None req-f83f1a45-e69c-494e-9641-ab0d87a58ccd 7505470a47e346f2a55977ab6724a2c3 91596cbc467949edb8897462c7845f67 - - default default] TaaS: Handle Delete Port: 4f5b872e-f559-4eae-acee-bbae463e4c47
2026-05-27 07:22:21.851 8 INFO neutron_taas.services.taas.tap_mirror_plugin [None req-f83f1a45-e69c-494e-9641-ab0d87a58ccd 7505470a47e346f2a55977ab6724a2c3 91596cbc467949edb8897462c7845f67 - - default default] Tap Mirror: Handle Delete Port: 4f5b872e-f559-4eae-acee-bbae463e4c47 [pid: 7|app: 0|req: 812/1502] 10.0.0.180 () {32 vars in 649 bytes} [Wed May 27 07:22:21 2026] GET /v2.0/networks => generated 651 bytes in 49 msecs (HTTP/1.1 200) 4 headers in 157 bytes (1 switches on core 0) [pid: 8|app: 0|req: 691/1503] 10.0.0.180 () {32 vars in 720 bytes} [Wed May 27 07:22:21 2026] DELETE /v2.0/ports/4f5b872e-f559-4eae-acee-bbae463e4c47 => generated 0 bytes in 388 msecs (HTTP/1.1 204) 3 headers in 131 bytes (1 switches on core 0)
2026-05-27 07:22:22.121 7 WARNING neutron.scheduler.dhcp_agent_scheduler [None req-e6c5647b-926b-4dfc-9d97-3d93310b76a7 99b71007a7354b209d3b522c16608b7d 56eacabb7fb04d238218d9d310371179 - - default default] No more DHCP agents
2026-05-27 07:22:22.123 7 WARNING neutron.api.rpc.agentnotifiers.dhcp_rpc_agent_api [None req-e6c5647b-926b-4dfc-9d97-3d93310b76a7 99b71007a7354b209d3b522c16608b7d 56eacabb7fb04d238218d9d310371179 - - default default] Unable to schedule network 5b5dc3d2-5e08-4064-a0c6-ee792f8d5e84: no agents available; will retry on subsequent port and subnet creation events.
2026-05-27 07:22:22.148 8 INFO neutron.db.segments_db [None req-29e52bcf-40b0-47b5-9250-0a0966856199 e8cb6381647840dca6e3a759478e57b0 56dd8349ea9e453dac52d16228493455 - - default default] Added segment 4a0609d2-7d0f-49e6-acaa-dfac17d7e49f of type geneve for network f467a2ba-b31b-445c-b944-380433cbd031
2026-05-27 07:22:22.258 7 INFO neutron.db.ovn_revision_numbers_db [None req-e6c5647b-926b-4dfc-9d97-3d93310b76a7 99b71007a7354b209d3b522c16608b7d 56eacabb7fb04d238218d9d310371179 - - default default] Successfully bumped revision number for resource bf647226-7618-4e56-9272-b8011af3dfed (type: ports) to 1 [pid: 7|app: 0|req: 813/1504] 10.0.0.180 () {34 vars in 665 bytes} [Wed May 27 07:22:21 2026] POST /v2.0/ports => generated 779 bytes in 459 msecs (HTTP/1.1 201) 4 headers in 162 bytes (1 switches on core 0) /var/lib/openstack/lib/python3.12/site-packages/pycadf/identifier.py:70: UserWarning: Invalid uuid: neutron. To ensure interoperability, identifiers should be a valid uuid. warnings.warn(('Invalid uuid: %s. To ensure interoperability, '
2026-05-27 07:22:22.382 8 INFO neutron.db.ovn_revision_numbers_db [None req-29e52bcf-40b0-47b5-9250-0a0966856199 e8cb6381647840dca6e3a759478e57b0 56dd8349ea9e453dac52d16228493455 - - default default] Successfully bumped revision number for resource f467a2ba-b31b-445c-b944-380433cbd031 (type: networks) to 1 [pid: 7|app: 0|req: 814/1505] 10.0.0.180 () {32 vars in 736 bytes} [Wed May 27 07:22:22 2026] GET /v2.0/ports?device_id=0eff22b1-3961-4b07-9d8f-348cf6df9fa4 => generated 946 bytes in 109 msecs (HTTP/1.1 200) 4 headers in 157 bytes (1 switches on core 0)
2026-05-27 07:22:22.504 7 INFO neutron.db.segments_db [None req-f77bd594-ef73-43e0-85ed-172313dad551 99b71007a7354b209d3b522c16608b7d 56eacabb7fb04d238218d9d310371179 - - default default] Added segment 7cf4dbaa-7417-4bd9-8b12-4b94280647cb of type geneve for network f4ca5bd3-d147-4327-8815-8be1e5d56660
2026-05-27 07:22:22.552 8 WARNING neutron.scheduler.dhcp_agent_scheduler [None req-29e52bcf-40b0-47b5-9250-0a0966856199 e8cb6381647840dca6e3a759478e57b0 56dd8349ea9e453dac52d16228493455 - - default default] No more DHCP agents
2026-05-27 07:22:22.553 8 WARNING neutron.api.rpc.agentnotifiers.dhcp_rpc_agent_api [None req-29e52bcf-40b0-47b5-9250-0a0966856199 e8cb6381647840dca6e3a759478e57b0 56dd8349ea9e453dac52d16228493455 - - default default] Unable to schedule network f467a2ba-b31b-445c-b944-380433cbd031: no agents available; will retry on subsequent port and subnet creation events.
2026-05-27 07:22:22.626 7 INFO neutron.db.ovn_revision_numbers_db [None req-f77bd594-ef73-43e0-85ed-172313dad551 99b71007a7354b209d3b522c16608b7d 56eacabb7fb04d238218d9d310371179 - - default default] Successfully bumped revision number for resource f4ca5bd3-d147-4327-8815-8be1e5d56660 (type: networks) to 1
2026-05-27 07:22:22.716 8 INFO neutron.db.ovn_revision_numbers_db [None req-29e52bcf-40b0-47b5-9250-0a0966856199 e8cb6381647840dca6e3a759478e57b0 56dd8349ea9e453dac52d16228493455 - - default default] Successfully bumped revision number for resource 6a18bf35-21c1-44e5-b1e3-c0e7f8e34b47 (type: ports) to 1 [pid: 8|app: 0|req: 692/1506] 10.0.0.180 () {34 vars in 670 bytes} [Wed May 27 07:22:22 2026] POST /v2.0/networks => generated 654 bytes in 678 msecs (HTTP/1.1 201) 4 headers in 162 bytes (1 switches on core 0)
2026-05-27 07:22:22.836 7 WARNING neutron.scheduler.dhcp_agent_scheduler [None req-f77bd594-ef73-43e0-85ed-172313dad551 99b71007a7354b209d3b522c16608b7d 56eacabb7fb04d238218d9d310371179 - - default default] No more DHCP agents
2026-05-27 07:22:22.838 7 WARNING neutron.api.rpc.agentnotifiers.dhcp_rpc_agent_api [None req-f77bd594-ef73-43e0-85ed-172313dad551 99b71007a7354b209d3b522c16608b7d 56eacabb7fb04d238218d9d310371179 - - default default] Unable to schedule network f4ca5bd3-d147-4327-8815-8be1e5d56660: no agents available; will retry on subsequent port and subnet creation events.
2026-05-27 07:22:22.958 7 INFO neutron.db.ovn_revision_numbers_db [None req-f77bd594-ef73-43e0-85ed-172313dad551 99b71007a7354b209d3b522c16608b7d 56eacabb7fb04d238218d9d310371179 - - default default] Successfully bumped revision number for resource 85f7856c-b010-46c1-bec8-bd9b0af7d3e6 (type: ports) to 1 [pid: 7|app: 0|req: 815/1507] 10.0.0.180 () {34 vars in 670 bytes} [Wed May 27 07:22:22 2026] POST /v2.0/networks => generated 635 bytes in 576 msecs (HTTP/1.1 201) 4 headers in 162 bytes (1 switches on core 0)
2026-05-27 07:22:23.130 8 INFO neutron_taas.services.taas.taas_plugin [None req-0a5c76e2-3077-475e-bc3c-19bd6264dfcb 7505470a47e346f2a55977ab6724a2c3 91596cbc467949edb8897462c7845f67 - - default default] TaaS: Handle Delete Port: 4f4c6d86-76f4-4cbb-b049-053d99e30d71
2026-05-27 07:22:23.137 8 INFO neutron_taas.services.taas.tap_mirror_plugin [None req-0a5c76e2-3077-475e-bc3c-19bd6264dfcb 7505470a47e346f2a55977ab6724a2c3 91596cbc467949edb8897462c7845f67 - - default default] Tap Mirror: Handle Delete Port: 4f4c6d86-76f4-4cbb-b049-053d99e30d71
2026-05-27 07:22:23.162 8 WARNING neutron.plugins.ml2.drivers.ovn.mech_driver.ovsdb.ovn_client [None req-589e2f06-d0b5-4912-b945-29b9b4d0830a - - - - - -] No hosting information found for port 4f4c6d86-76f4-4cbb-b049-053d99e30d71: RuntimeError: No hosting information found for port 4f4c6d86-76f4-4cbb-b049-053d99e30d71
2026-05-27 07:22:23.354 7 INFO neutron.db.ovn_revision_numbers_db [None req-5805ca72-8020-4e07-9de3-e22e3177306d 87db2ab79fd4478993968e810a2536ca 5c1fc7e06d8b4d19b6bce2a1fb5c74d3 - - default default] Successfully bumped revision number for resource 9d269e6f-781e-4725-badc-a0e2d76ec7a7 (type: security_groups) to 1
2026-05-27 07:22:23.379 7 INFO neutron.db.ovn_revision_numbers_db [None req-5805ca72-8020-4e07-9de3-e22e3177306d 87db2ab79fd4478993968e810a2536ca 5c1fc7e06d8b4d19b6bce2a1fb5c74d3 - - default default] Successfully bumped revision number for resource 0bc61ff8-e2a9-4377-a50f-9640c65f7489 (type: security_group_rules) to 0
2026-05-27 07:22:23.399 7 INFO neutron.db.ovn_revision_numbers_db [None req-5805ca72-8020-4e07-9de3-e22e3177306d 87db2ab79fd4478993968e810a2536ca 5c1fc7e06d8b4d19b6bce2a1fb5c74d3 - - default default] Successfully bumped revision number for resource 248cbff5-a840-4b03-8550-0e199a8d1bc5 (type: security_group_rules) to 0
2026-05-27 07:22:23.419 7 INFO neutron.db.ovn_revision_numbers_db [None req-5805ca72-8020-4e07-9de3-e22e3177306d 87db2ab79fd4478993968e810a2536ca 5c1fc7e06d8b4d19b6bce2a1fb5c74d3 - - default default] Successfully bumped revision number for resource b61089a2-92f5-4c86-bebc-e56ef940c4a8 (type: security_group_rules) to 0
2026-05-27 07:22:23.415 8 ERROR ovsdbapp.event [None req-589e2f06-d0b5-4912-b945-29b9b4d0830a - - - - - -] Unexpected exception in notify_loop: neutron.db.ovn_revision_numbers_db.StandardAttributeIDNotFound: Standard attribute ID not found for 4f4c6d86-76f4-4cbb-b049-053d99e30d71
2026-05-27 07:22:23.415 8 ERROR ovsdbapp.event
Traceback (most recent call last):
2026-05-27 07:22:23.415 8 ERROR ovsdbapp.event
File "/var/lib/openstack/lib/python3.12/site-packages/neutron/db/ovn_revision_numbers_db.py", line 88, in _get_standard_attr_id
2026-05-27 07:22:23.415 8 ERROR ovsdbapp.event id=resource_uuid).one()
2026-05-27 07:22:23.415 8 ERROR ovsdbapp.event ^^^^^
2026-05-27 07:22:23.415 8 ERROR ovsdbapp.event
File "/var/lib/openstack/lib/python3.12/site-packages/sqlalchemy/orm/query.py", line 2804, in one
2026-05-27 07:22:23.415 8 ERROR ovsdbapp.event return self._iter().one() # type: ignore
2026-05-27 07:22:23.415 8 ERROR ovsdbapp.event ^^^^^^^^^^^^^^^^^^
2026-05-27 07:22:23.415 8 ERROR ovsdbapp.event
File "/var/lib/openstack/lib/python3.12/site-packages/sqlalchemy/engine/result.py", line 1808, in one
2026-05-27 07:22:23.415 8 ERROR ovsdbapp.event return self._only_one_row(
2026-05-27 07:22:23.415 8 ERROR ovsdbapp.event ^^^^^^^^^^^^^^^^^^^
2026-05-27 07:22:23.415 8 ERROR ovsdbapp.event
File "/var/lib/openstack/lib/python3.12/site-packages/sqlalchemy/engine/result.py", line 752, in _only_one_row
2026-05-27 07:22:23.415 8 ERROR ovsdbapp.event raise exc.NoResultFound(
2026-05-27 07:22:23.415 8 ERROR ovsdbapp.event sqlalchemy.exc.NoResultFound: No row was found when one was required
2026-05-27 07:22:23.415 8 ERROR ovsdbapp.event
2026-05-27 07:22:23.415 8 ERROR ovsdbapp.event During handling of the above exception, another exception occurred:
2026-05-27 07:22:23.415 8 ERROR ovsdbapp.event
2026-05-27 07:22:23.415 8 ERROR ovsdbapp.event
Traceback (most recent call last):
2026-05-27 07:22:23.415 8 ERROR ovsdbapp.event
File "/var/lib/openstack/lib/python3.12/site-packages/ovsdbapp/event.py", line 177, in notify_loop
2026-05-27 07:22:23.415 8 ERROR ovsdbapp.event match.run(event, row, updates)
2026-05-27 07:22:23.415 8 ERROR ovsdbapp.event
File "/var/lib/openstack/lib/python3.12/site-packages/neutron/plugins/ml2/drivers/ovn/mech_driver/ovsdb/ovsdb_monitor.py", line 591, in run
2026-05-27 07:22:23.415 8 ERROR ovsdbapp.event self.l3_plugin._ovn_client.update_router_port(
2026-05-27 07:22:23.415 8 ERROR ovsdbapp.event
File "/var/lib/openstack/lib/python3.12/site-packages/neutron/plugins/ml2/drivers/ovn/mech_driver/ovsdb/ovn_client.py", line 1925, in update_router_port
2026-05-27 07:22:23.415 8 ERROR ovsdbapp.event db_rev.bump_revision(
2026-05-27 07:22:23.415 8 ERROR ovsdbapp.event
File "/var/lib/openstack/lib/python3.12/site-packages/neutron_lib/db/api.py", line 223, in wrapped
2026-05-27 07:22:23.415 8 ERROR ovsdbapp.event return f_with_retry(*args, **kwargs,
2026-05-27 07:22:23.415 8 ERROR ovsdbapp.event ^^^^^^^^^^^^^^^^^^^^^^^^^^^^^
2026-05-27 07:22:23.415 8 ERROR ovsdbapp.event
File "/var/lib/openstack/lib/python3.12/site-packages/neutron_lib/db/api.py", line 137, in wrapped
2026-05-27 07:22:23.415 8 ERROR ovsdbapp.event with excutils.save_and_reraise_exception():
2026-05-27 07:22:23.415 8 ERROR ovsdbapp.event
