2026-08-06 08:17:00.416 8 INFO placement.requestlog [req-fe5216f2-c985-4fcf-bfd2-88fdc4a41188 req-03181bcb-b365-454b-a073-ec85f0703cfd 1234f34d81d34135b3218e817bab5061 879dcd68fa1a44728285dd13777d655a - - 9ceac3e366c7473ba829a8adafe93152 9ceac3e366c7473ba829a8adafe93152] 10.0.0.212 "GET /allocations/dd0b3b8c-b5a0-44e6-a1dc-c779208358d1" status: 200 len: 19 microversion: 1.28 [pid: 8|app: 0|req: 402/802] 10.0.0.212 () {34 vars in 861 bytes} [Thu Aug 6 08:17:00 2026] GET /allocations/dd0b3b8c-b5a0-44e6-a1dc-c779208358d1 => generated 19 bytes in 17 msecs (HTTP/1.1 200) 8 headers in 295 bytes (1 switches on core 0)
2026-08-06 08:17:00.478 7 INFO placement.requestlog [req-fe5216f2-c985-4fcf-bfd2-88fdc4a41188 req-5369a802-685c-434d-9d65-776c9f42d49a 1234f34d81d34135b3218e817bab5061 879dcd68fa1a44728285dd13777d655a - - 9ceac3e366c7473ba829a8adafe93152 9ceac3e366c7473ba829a8adafe93152] 10.0.0.212 "PUT /allocations/dd0b3b8c-b5a0-44e6-a1dc-c779208358d1" status: 204 len: 0 microversion: 1.36 [pid: 7|app: 0|req: 401/803] 10.0.0.212 () {38 vars in 914 bytes} [Thu Aug 6 08:17:00 2026] PUT /allocations/dd0b3b8c-b5a0-44e6-a1dc-c779208358d1 => generated 0 bytes in 55 msecs (HTTP/1.1 204) 5 headers in 199 bytes (1 switches on core 0)
2026-08-06 08:17:01.006 8 INFO placement.requestlog [req-fe5216f2-c985-4fcf-bfd2-88fdc4a41188 req-1810bcfd-0058-4ade-9105-835da2843f01 1234f34d81d34135b3218e817bab5061 879dcd68fa1a44728285dd13777d655a - - 9ceac3e366c7473ba829a8adafe93152 9ceac3e366c7473ba829a8adafe93152] 199.19.213.82 "GET /allocations/dd0b3b8c-b5a0-44e6-a1dc-c779208358d1" status: 200 len: 257 microversion: 1.28 [pid: 8|app: 0|req: 403/804] 199.19.213.82 () {34 vars in 862 bytes} [Thu Aug 6 08:17:00 2026] GET /allocations/dd0b3b8c-b5a0-44e6-a1dc-c779208358d1 => generated 257 bytes in 33 msecs (HTTP/1.1 200) 8 headers in 296 bytes (1 switches on core 0)
2026-08-06 08:17:01.133 7 INFO placement.requestlog [req-fe5216f2-c985-4fcf-bfd2-88fdc4a41188 req-45c1d5af-c187-41ed-a945-360f7699a78c 1234f34d81d34135b3218e817bab5061 879dcd68fa1a44728285dd13777d655a - - 9ceac3e366c7473ba829a8adafe93152 9ceac3e366c7473ba829a8adafe93152] 199.19.213.82 "GET /resource_providers/702d33bf-79d4-48b3-ad4b-28518b4a351a/allocations" status: 200 len: 152 microversion: 1.0 [pid: 7|app: 0|req: 402/805] 199.19.213.82 () {32 vars in 856 bytes} [Thu Aug 6 08:17:01 2026] GET /resource_providers/702d33bf-79d4-48b3-ad4b-28518b4a351a/allocations => generated 152 bytes in 19 msecs (HTTP/1.1 200) 6 headers in 224 bytes (1 switches on core 0)
2026-08-06 08:17:01.154 8 INFO placement.requestlog [req-fe5216f2-c985-4fcf-bfd2-88fdc4a41188 req-783a9f84-9108-463c-a684-42d3cf1b5da0 1234f34d81d34135b3218e817bab5061 879dcd68fa1a44728285dd13777d655a - - 9ceac3e366c7473ba829a8adafe93152 9ceac3e366c7473ba829a8adafe93152] 199.19.213.82 "GET /allocations/dd0b3b8c-b5a0-44e6-a1dc-c779208358d1" status: 200 len: 257 microversion: 1.28 [pid: 8|app: 0|req: 404/806] 199.19.213.82 () {34 vars in 862 bytes} [Thu Aug 6 08:17:01 2026] GET /allocations/dd0b3b8c-b5a0-44e6-a1dc-c779208358d1 => generated 257 bytes in 14 msecs (HTTP/1.1 200) 8 headers in 296 bytes (1 switches on core 0)
2026-08-06 08:17:03.720 7 INFO placement.requestlog [req-24807504-a7b7-46f1-ae05-a7774e74d730 req-c9262038-bd27-434d-be7b-94dc5f05c780 1234f34d81d34135b3218e817bab5061 879dcd68fa1a44728285dd13777d655a - - 9ceac3e366c7473ba829a8adafe93152 9ceac3e366c7473ba829a8adafe93152] 10.0.0.212 "GET /allocation_candidates?limit=1000&resources=DISK_GB%3A1%2CMEMORY_MB%3A512%2CVCPU%3A1&root_required=%21COMPUTE_STATUS_DISABLED" status: 200 len: 2149 microversion: 1.36 [pid: 7|app: 0|req: 403/807] 10.0.0.212 () {34 vars in 1012 bytes} [Thu Aug 6 08:17:03 2026] GET /allocation_candidates?limit=1000&resources=DISK_GB%3A1%2CMEMORY_MB%3A512%2CVCPU%3A1&root_required=%21COMPUTE_STATUS_DISABLED => generated 2149 bytes in 61 msecs (HTTP/1.1 200) 8 headers in 297 bytes (1 switches on core 0)
2026-08-06 08:17:03.755 8 INFO placement.requestlog [req-24807504-a7b7-46f1-ae05-a7774e74d730 req-9ce99c05-e7d0-4288-9292-c99861ec94be 1234f34d81d34135b3218e817bab5061 879dcd68fa1a44728285dd13777d655a - - 9ceac3e366c7473ba829a8adafe93152 9ceac3e366c7473ba829a8adafe93152] 10.0.0.212 "GET /allocations/b0144372-a75b-48e7-bf78-f0f86463f6bf" status: 200 len: 19 microversion: 1.28 [pid: 8|app: 0|req: 405/808] 10.0.0.212 () {34 vars in 861 bytes} [Thu Aug 6 08:17:03 2026] GET /allocations/b0144372-a75b-48e7-bf78-f0f86463f6bf => generated 19 bytes in 10 msecs (HTTP/1.1 200) 8 headers in 295 bytes (1 switches on core 0)
2026-08-06 08:17:03.836 7 INFO placement.requestlog [req-24807504-a7b7-46f1-ae05-a7774e74d730 req-f5c664c7-8757-4a36-a80e-e392ab982941 1234f34d81d34135b3218e817bab5061 879dcd68fa1a44728285dd13777d655a - - 9ceac3e366c7473ba829a8adafe93152 9ceac3e366c7473ba829a8adafe93152] 10.0.0.212 "PUT /allocations/b0144372-a75b-48e7-bf78-f0f86463f6bf" status: 204 len: 0 microversion: 1.36 [pid: 7|app: 0|req: 404/809] 10.0.0.212 () {38 vars in 914 bytes} [Thu Aug 6 08:17:03 2026] PUT /allocations/b0144372-a75b-48e7-bf78-f0f86463f6bf => generated 0 bytes in 73 msecs (HTTP/1.1 204) 5 headers in 199 bytes (1 switches on core 0)
2026-08-06 08:17:04.129 7 INFO placement.requestlog [None req-145442dc-d27a-4712-9438-e5812f449a8a 6f3d7ac437924d11bba9b331f48eef70 879dcd68fa1a44728285dd13777d655a - - 9ceac3e366c7473ba829a8adafe93152 9ceac3e366c7473ba829a8adafe93152] 10.0.0.50 "GET /resource_providers/6451f529-655b-4104-8bc4-c129ad0ad6a1/aggregates" status: 404 len: 235 microversion: 1.1 [pid: 7|app: 0|req: 405/810] 10.0.0.50 () {32 vars in 824 bytes} [Thu Aug 6 08:17:04 2026] GET /resource_providers/6451f529-655b-4104-8bc4-c129ad0ad6a1/aggregates => generated 235 bytes in 11 msecs (HTTP/1.1 404) 5 headers in 202 bytes (1 switches on core 0)
2026-08-06 08:17:04.130 8 INFO placement.requestlog [None req-a5cfe0d2-80f3-4f73-a2c2-f490afa31c98 6f3d7ac437924d11bba9b331f48eef70 879dcd68fa1a44728285dd13777d655a - - 9ceac3e366c7473ba829a8adafe93152 9ceac3e366c7473ba829a8adafe93152] 10.0.0.50 "GET /resource_providers/6451f529-655b-4104-8bc4-c129ad0ad6a1/aggregates" status: 404 len: 235 microversion: 1.1 [pid: 8|app: 0|req: 406/811] 10.0.0.50 () {32 vars in 824 bytes} [Thu Aug 6 08:17:04 2026] GET /resource_providers/6451f529-655b-4104-8bc4-c129ad0ad6a1/aggregates => generated 235 bytes in 17 msecs (HTTP/1.1 404) 5 headers in 202 bytes (1 switches on core 0)
2026-08-06 08:17:04.156 8 INFO placement.requestlog [None req-02548cc7-93f2-418b-b9d2-cf44d5b363ee 6f3d7ac437924d11bba9b331f48eef70 879dcd68fa1a44728285dd13777d655a - - 9ceac3e366c7473ba829a8adafe93152 9ceac3e366c7473ba829a8adafe93152] 10.0.0.50 "DELETE /resource_providers/6451f529-655b-4104-8bc4-c129ad0ad6a1" status: 404 len: 246 microversion: 1.1 [pid: 8|app: 0|req: 407/812] 10.0.0.50 () {34 vars in 824 bytes} [Thu Aug 6 08:17:04 2026] DELETE /resource_providers/6451f529-655b-4104-8bc4-c129ad0ad6a1 => generated 246 bytes in 12 msecs (HTTP/1.1 404) 6 headers in 231 bytes (1 switches on core 0)
2026-08-06 08:17:04.157 7 INFO placement.requestlog [req-24807504-a7b7-46f1-ae05-a7774e74d730 req-4a397ba7-d537-4a0e-b847-40695fd76df9 1234f34d81d34135b3218e817bab5061 879dcd68fa1a44728285dd13777d655a - - 9ceac3e366c7473ba829a8adafe93152 9ceac3e366c7473ba829a8adafe93152] 199.19.213.82 "GET /allocations/b0144372-a75b-48e7-bf78-f0f86463f6bf" status: 200 len: 257 microversion: 1.28 [pid: 7|app: 0|req: 406/813] 199.19.213.82 () {34 vars in 862 bytes} [Thu Aug 6 08:17:04 2026] GET /allocations/b0144372-a75b-48e7-bf78-f0f86463f6bf => generated 257 bytes in 13 msecs (HTTP/1.1 200) 8 headers in 296 bytes (1 switches on core 0)
2026-08-06 08:17:04.164 8 INFO placement.requestlog [None req-5bcfc49d-c5f2-498a-a663-098ea03edac1 6f3d7ac437924d11bba9b331f48eef70 879dcd68fa1a44728285dd13777d655a - - 9ceac3e366c7473ba829a8adafe93152 9ceac3e366c7473ba829a8adafe93152] 10.0.0.50 "DELETE /resource_providers/6451f529-655b-4104-8bc4-c129ad0ad6a1" status: 404 len: 246 microversion: 1.1 [pid: 8|app: 0|req: 408/814] 10.0.0.50 () {34 vars in 824 bytes} [Thu Aug 6 08:17:04 2026] DELETE /resource_providers/6451f529-655b-4104-8bc4-c129ad0ad6a1 => generated 246 bytes in 7 msecs (HTTP/1.1 404) 6 headers in 231 bytes (1 switches on core 0)
2026-08-06 08:17:04.275 7 INFO placement.requestlog [req-24807504-a7b7-46f1-ae05-a7774e74d730 req-ac14f18a-df76-483e-9b99-8020f865766f 1234f34d81d34135b3218e817bab5061 879dcd68fa1a44728285dd13777d655a - - 9ceac3e366c7473ba829a8adafe93152 9ceac3e366c7473ba829a8adafe93152] 199.19.213.82 "GET /resource_providers/702d33bf-79d4-48b3-ad4b-28518b4a351a/allocations" status: 200 len: 252 microversion: 1.0 [pid: 7|app: 0|req: 407/815] 199.19.213.82 () {32 vars in 856 bytes} [Thu Aug 6 08:17:04 2026] GET /resource_providers/702d33bf-79d4-48b3-ad4b-28518b4a351a/allocations => generated 252 bytes in 25 msecs (HTTP/1.1 200) 6 headers in 224 bytes (1 switches on core 0)
2026-08-06 08:17:04.302 8 INFO placement.requestlog [req-24807504-a7b7-46f1-ae05-a7774e74d730 req-ceae6709-6708-4c05-955a-ea95d5d8c0ee 1234f34d81d34135b3218e817bab5061 879dcd68fa1a44728285dd13777d655a - - 9ceac3e366c7473ba829a8adafe93152 9ceac3e366c7473ba829a8adafe93152] 199.19.213.82 "GET /allocations/dd0b3b8c-b5a0-44e6-a1dc-c779208358d1" status: 200 len: 257 microversion: 1.28 [pid: 8|app: 0|req: 409/816] 199.19.213.82 () {34 vars in 862 bytes} [Thu Aug 6 08:17:04 2026] GET /allocations/dd0b3b8c-b5a0-44e6-a1dc-c779208358d1 => generated 257 bytes in 19 msecs (HTTP/1.1 200) 8 headers in 296 bytes (1 switches on core 0)
2026-08-06 08:17:04.341 7 INFO placement.requestlog [req-24807504-a7b7-46f1-ae05-a7774e74d730 req-5ab72aa1-f030-48cf-bad0-94213f70b6d0 1234f34d81d34135b3218e817bab5061 879dcd68fa1a44728285dd13777d655a - - 9ceac3e366c7473ba829a8adafe93152 9ceac3e366c7473ba829a8adafe93152] 199.19.213.82 "GET /allocations/b0144372-a75b-48e7-bf78-f0f86463f6bf" status: 200 len: 257 microversion: 1.28 [pid: 7|app: 0|req: 408/817] 199.19.213.82 () {34 vars in 862 bytes} [Thu Aug 6 08:17:04 2026] GET /allocations/b0144372-a75b-48e7-bf78-f0f86463f6bf => generated 257 bytes in 31 msecs (HTTP/1.1 200) 8 headers in 296 bytes (1 switches on core 0)
2026-08-06 08:17:05.410 7 INFO placement.requestlog [None req-707129a1-6538-4d37-b1d0-de758174e662 - - - - - -] 10.0.0.64 "GET /" status: 200 len: 136 microversion: 1.0
2026-08-06 08:17:05.415 8 INFO placement.requestlog [None req-948d6af7-ad8a-4d7c-9b75-9f09a7d6d73b - - - - - -] 10.0.0.64 "GET /" status: 200 len: 136 microversion: 1.0
2026-08-06 08:17:08.463 8 INFO placement.requestlog [None req-b198870b-f22b-47c6-b837-61be3a8c9f12 6f3d7ac437924d11bba9b331f48eef70 879dcd68fa1a44728285dd13777d655a - - 9ceac3e366c7473ba829a8adafe93152 9ceac3e366c7473ba829a8adafe93152] 10.0.0.50 "GET /resource_providers/a76c1454-1f4e-4f90-b55c-d8201323e803/aggregates" status: 404 len: 235 microversion: 1.1 [pid: 8|app: 0|req: 411/820] 10.0.0.50 () {32 vars in 824 bytes} [Thu Aug 6 08:17:08 2026] GET /resource_providers/a76c1454-1f4e-4f90-b55c-d8201323e803/aggregates => generated 235 bytes in 10 msecs (HTTP/1.1 404) 5 headers in 202 bytes (1 switches on core 0)
2026-08-06 08:17:08.464 7 INFO placement.requestlog [None req-1995ea21-66d8-4401-9dc7-b9be141e704f 6f3d7ac437924d11bba9b331f48eef70 879dcd68fa1a44728285dd13777d655a - - 9ceac3e366c7473ba829a8adafe93152 9ceac3e366c7473ba829a8adafe93152] 10.0.0.50 "GET /resource_providers/a76c1454-1f4e-4f90-b55c-d8201323e803/aggregates" status: 404 len: 235 microversion: 1.1 [pid: 7|app: 0|req: 410/821] 10.0.0.50 () {32 vars in 824 bytes} [Thu Aug 6 08:17:08 2026] GET /resource_providers/a76c1454-1f4e-4f90-b55c-d8201323e803/aggregates => generated 235 bytes in 12 msecs (HTTP/1.1 404) 5 headers in 202 bytes (1 switches on core 0)
2026-08-06 08:17:08.487 8 INFO placement.requestlog [None req-30f15181-1e8f-4dbb-beec-b6dad3aa64e7 6f3d7ac437924d11bba9b331f48eef70 879dcd68fa1a44728285dd13777d655a - - 9ceac3e366c7473ba829a8adafe93152 9ceac3e366c7473ba829a8adafe93152] 10.0.0.50 "DELETE /resource_providers/a76c1454-1f4e-4f90-b55c-d8201323e803" status: 404 len: 246 microversion: 1.1 [pid: 8|app: 0|req: 412/822] 10.0.0.50 () {34 vars in 824 bytes} [Thu Aug 6 08:17:08 2026] DELETE /resource_providers/a76c1454-1f4e-4f90-b55c-d8201323e803 => generated 246 bytes in 10 msecs (HTTP/1.1 404) 6 headers in 231 bytes (1 switches on core 0)
2026-08-06 08:17:08.488 7 INFO placement.requestlog [None req-347c09db-07c1-41d5-af67-a386475762d8 6f3d7ac437924d11bba9b331f48eef70 879dcd68fa1a44728285dd13777d655a - - 9ceac3e366c7473ba829a8adafe93152 9ceac3e366c7473ba829a8adafe93152] 10.0.0.50 "DELETE /resource_providers/a76c1454-1f4e-4f90-b55c-d8201323e803" status: 404 len: 246 microversion: 1.1 [pid: 7|app: 0|req: 411/823] 10.0.0.50 () {34 vars in 824 bytes} [Thu Aug 6 08:17:08 2026] DELETE /resource_providers/a76c1454-1f4e-4f90-b55c-d8201323e803 => generated 246 bytes in 10 msecs (HTTP/1.1 404) 6 headers in 231 bytes (1 switches on core 0)
2026-08-06 08:17:08.971 8 INFO placement.requestlog [req-6d4cd22d-5da3-4f4c-93cf-4a5b1c934aeb req-81326800-185c-4ddb-9971-41149ac989d0 1234f34d81d34135b3218e817bab5061 879dcd68fa1a44728285dd13777d655a - - 9ceac3e366c7473ba829a8adafe93152 9ceac3e366c7473ba829a8adafe93152] 199.19.213.82 "GET /resource_providers/702d33bf-79d4-48b3-ad4b-28518b4a351a/allocations" status: 200 len: 252 microversion: 1.0 [pid: 8|app: 0|req: 413/824] 199.19.213.82 () {32 vars in 856 bytes} [Thu Aug 6 08:17:08 2026] GET /resource_providers/702d33bf-79d4-48b3-ad4b-28518b4a351a/allocations => generated 252 bytes in 20 msecs (HTTP/1.1 200) 6 headers in 224 bytes (1 switches on core 0)
2026-08-06 08:17:08.971 7 INFO placement.requestlog [None req-d5c23679-86e3-4ea5-8a5e-128d3d083cf6 6f3d7ac437924d11bba9b331f48eef70 879dcd68fa1a44728285dd13777d655a - - 9ceac3e366c7473ba829a8adafe93152 9ceac3e366c7473ba829a8adafe93152] 10.0.0.50 "GET /resource_providers/f625736b-0c7e-473d-9053-08c5233870fd/aggregates" status: 404 len: 235 microversion: 1.1 [pid: 7|app: 0|req: 412/825] 10.0.0.50 () {32 vars in 824 bytes} [Thu Aug 6 08:17:08 2026] GET /resource_providers/f625736b-0c7e-473d-9053-08c5233870fd/aggregates => generated 235 bytes in 11 msecs (HTTP/1.1 404) 5 headers in 202 bytes (1 switches on core 0)
2026-08-06 08:17:08.979 8 INFO placement.requestlog [None req-2b25c89b-e7a7-4e76-8fa3-20e8423a34a0 6f3d7ac437924d11bba9b331f48eef70 879dcd68fa1a44728285dd13777d655a - - 9ceac3e366c7473ba829a8adafe93152 9ceac3e366c7473ba829a8adafe93152] 10.0.0.50 "GET /resource_providers/f625736b-0c7e-473d-9053-08c5233870fd/aggregates" status: 404 len: 235 microversion: 1.1 [pid: 8|app: 0|req: 414/826] 10.0.0.50 () {32 vars in 824 bytes} [Thu Aug 6 08:17:08 2026] GET /resource_providers/f625736b-0c7e-473d-9053-08c5233870fd/aggregates => generated 235 bytes in 8 msecs (HTTP/1.1 404) 5 headers in 202 bytes (1 switches on core 0)
2026-08-06 08:17:08.991 7 INFO placement.requestlog [req-6d4cd22d-5da3-4f4c-93cf-4a5b1c934aeb req-934039c5-73c4-4bc6-9f0a-510079a60637 1234f34d81d34135b3218e817bab5061 879dcd68fa1a44728285dd13777d655a - - 9ceac3e366c7473ba829a8adafe93152 9ceac3e366c7473ba829a8adafe93152] 199.19.213.82 "GET /allocations/dd0b3b8c-b5a0-44e6-a1dc-c779208358d1" status: 200 len: 257 microversion: 1.28 [pid: 7|app: 0|req: 413/827] 199.19.213.82 () {34 vars in 862 bytes} [Thu Aug 6 08:17:08 2026] GET /allocations/dd0b3b8c-b5a0-44e6-a1dc-c779208358d1 => generated 257 bytes in 11 msecs (HTTP/1.1 200) 8 headers in 296 bytes (1 switches on core 0)
2026-08-06 08:17:08.998 8 INFO placement.requestlog [None req-a947ab76-ab28-46a0-972c-83c1a13bd98f 6f3d7ac437924d11bba9b331f48eef70 879dcd68fa1a44728285dd13777d655a - - 9ceac3e366c7473ba829a8adafe93152 9ceac3e366c7473ba829a8adafe93152] 10.0.0.50 "DELETE /resource_providers/f625736b-0c7e-473d-9053-08c5233870fd" status: 404 len: 246 microversion: 1.1 [pid: 8|app: 0|req: 415/828] 10.0.0.50 () {34 vars in 824 bytes} [Thu Aug 6 08:17:08 2026] DELETE /resource_providers/f625736b-0c7e-473d-9053-08c5233870fd => generated 246 bytes in 9 msecs (HTTP/1.1 404) 6 headers in 231 bytes (1 switches on core 0)
2026-08-06 08:17:08.999 7 INFO placement.requestlog [None req-03f899bf-ec63-44ee-9df8-9f99649b0544 6f3d7ac437924d11bba9b331f48eef70 879dcd68fa1a44728285dd13777d655a - - 9ceac3e366c7473ba829a8adafe93152 9ceac3e366c7473ba829a8adafe93152] 10.0.0.50 "DELETE /resource_providers/f625736b-0c7e-473d-9053-08c5233870fd" status: 404 len: 246 microversion: 1.1 [pid: 7|app: 0|req: 414/829] 10.0.0.50 () {34 vars in 824 bytes} [Thu Aug 6 08:17:08 2026] DELETE /resource_providers/f625736b-0c7e-473d-9053-08c5233870fd => generated 246 bytes in 7 msecs (HTTP/1.1 404) 6 headers in 231 bytes (1 switches on core 0)
2026-08-06 08:17:09.010 8 INFO placement.requestlog [req-6d4cd22d-5da3-4f4c-93cf-4a5b1c934aeb req-d01f043b-8072-46fb-a43a-ac9bd860d919 1234f34d81d34135b3218e817bab5061 879dcd68fa1a44728285dd13777d655a - - 9ceac3e366c7473ba829a8adafe93152 9ceac3e366c7473ba829a8adafe93152] 199.19.213.82 "GET /allocations/b0144372-a75b-48e7-bf78-f0f86463f6bf" status: 200 len: 257 microversion: 1.28 [pid: 8|app: 0|req: 416/830] 199.19.213.82 () {34 vars in 862 bytes} [Thu Aug 6 08:17:09 2026] GET /allocations/b0144372-a75b-48e7-bf78-f0f86463f6bf => generated 257 bytes in 9 msecs (HTTP/1.1 200) 8 headers in 296 bytes (1 switches on core 0)
2026-08-06 08:17:09.090 7 INFO placement.requestlog [req-6d4cd22d-5da3-4f4c-93cf-4a5b1c934aeb req-4a052dde-7eba-4305-aa39-c3298f5ab683 1234f34d81d34135b3218e817bab5061 879dcd68fa1a44728285dd13777d655a - - 9ceac3e366c7473ba829a8adafe93152 9ceac3e366c7473ba829a8adafe93152] 199.19.213.82 "DELETE /allocations/dd0b3b8c-b5a0-44e6-a1dc-c779208358d1" status: 204 len: 0 microversion: 1.0 [pid: 7|app: 0|req: 415/831] 199.19.213.82 () {34 vars in 840 bytes} [Thu Aug 6 08:17:09 2026] DELETE /allocations/dd0b3b8c-b5a0-44e6-a1dc-c779208358d1 => generated 0 bytes in 30 msecs (HTTP/1.1 204) 5 headers in 198 bytes (1 switches on core 0)
2026-08-06 08:17:10.509 8 INFO placement.requestlog [None req-c8976a27-ce6e-49bf-a919-689b151c0c77 6f3d7ac437924d11bba9b331f48eef70 879dcd68fa1a44728285dd13777d655a - - 9ceac3e366c7473ba829a8adafe93152 9ceac3e366c7473ba829a8adafe93152] 10.0.0.50 "GET /resource_providers/f4d32918-5004-4f77-9f5a-b42818402edd/aggregates" status: 404 len: 235 microversion: 1.1 [pid: 8|app: 0|req: 417/832] 10.0.0.50 () {32 vars in 824 bytes} [Thu Aug 6 08:17:10 2026] GET /resource_providers/f4d32918-5004-4f77-9f5a-b42818402edd/aggregates => generated 235 bytes in 12 msecs (HTTP/1.1 404) 5 headers in 202 bytes (1 switches on core 0)
2026-08-06 08:17:10.513 7 INFO placement.requestlog [None req-3ab3b95b-84e5-4a3c-8ddf-536787c55f49 6f3d7ac437924d11bba9b331f48eef70 879dcd68fa1a44728285dd13777d655a - - 9ceac3e366c7473ba829a8adafe93152 9ceac3e366c7473ba829a8adafe93152] 10.0.0.50 "GET /resource_providers/f4d32918-5004-4f77-9f5a-b42818402edd/aggregates" status: 404 len: 235 microversion: 1.1 [pid: 7|app: 0|req: 416/833] 10.0.0.50 () {32 vars in 824 bytes} [Thu Aug 6 08:17:10 2026] GET /resource_providers/f4d32918-5004-4f77-9f5a-b42818402edd/aggregates => generated 235 bytes in 16 msecs (HTTP/1.1 404) 5 headers in 202 bytes (1 switches on core 0)
2026-08-06 08:17:10.535 7 INFO placement.requestlog [None req-3a58f4ad-ab02-4992-9df8-beb87d041500 6f3d7ac437924d11bba9b331f48eef70 879dcd68fa1a44728285dd13777d655a - - 9ceac3e366c7473ba829a8adafe93152 9ceac3e366c7473ba829a8adafe93152] 10.0.0.50 "DELETE /resource_providers/f4d32918-5004-4f77-9f5a-b42818402edd" status: 404 len: 246 microversion: 1.1 [pid: 7|app: 0|req: 417/834] 10.0.0.50 () {34 vars in 824 bytes} [Thu Aug 6 08:17:10 2026] DELETE /resource_providers/f4d32918-5004-4f77-9f5a-b42818402edd => generated 246 bytes in 10 msecs (HTTP/1.1 404) 6 headers in 231 bytes (1 switches on core 0)
2026-08-06 08:17:10.536 8 INFO placement.requestlog [None req-af937e91-c9ea-487b-91de-30f4c9bd2a00 6f3d7ac437924d11bba9b331f48eef70 879dcd68fa1a44728285dd13777d655a - - 9ceac3e366c7473ba829a8adafe93152 9ceac3e366c7473ba829a8adafe93152] 10.0.0.50 "DELETE /resource_providers/f4d32918-5004-4f77-9f5a-b42818402edd" status: 404 len: 246 microversion: 1.1 [pid: 8|app: 0|req: 418/835] 10.0.0.50 () {34 vars in 824 bytes} [Thu Aug 6 08:17:10 2026] DELETE /resource_providers/f4d32918-5004-4f77-9f5a-b42818402edd => generated 246 bytes in 11 msecs (HTTP/1.1 404) 6 headers in 231 bytes (1 switches on core 0)
2026-08-06 08:17:11.021 8 INFO placement.requestlog [None req-1ce8464f-23fa-4a1d-8cfa-92dc171380ab 6f3d7ac437924d11bba9b331f48eef70 879dcd68fa1a44728285dd13777d655a - - 9ceac3e366c7473ba829a8adafe93152 9ceac3e366c7473ba829a8adafe93152] 10.0.0.50 "GET /resource_providers/4689f122-c733-4cf9-82a6-3a4b04d53aad/aggregates" status: 404 len: 235 microversion: 1.1 [pid: 8|app: 0|req: 419/836] 10.0.0.50 () {32 vars in 824 bytes} [Thu Aug 6 08:17:11 2026] GET /resource_providers/4689f122-c733-4cf9-82a6-3a4b04d53aad/aggregates => generated 235 bytes in 10 msecs (HTTP/1.1 404) 5 headers in 202 bytes (1 switches on core 0)
2026-08-06 08:17:11.022 7 INFO placement.requestlog [None req-9dbf89fd-efeb-427b-9861-c0a012791a8b 6f3d7ac437924d11bba9b331f48eef70 879dcd68fa1a44728285dd13777d655a - - 9ceac3e366c7473ba829a8adafe93152 9ceac3e366c7473ba829a8adafe93152] 10.0.0.50 "GET /resource_providers/4689f122-c733-4cf9-82a6-3a4b04d53aad/aggregates" status: 404 len: 235 microversion: 1.1 [pid: 7|app: 0|req: 418/837] 10.0.0.50 () {32 vars in 824 bytes} [Thu Aug 6 08:17:11 2026] GET /resource_providers/4689f122-c733-4cf9-82a6-3a4b04d53aad/aggregates => generated 235 bytes in 13 msecs (HTTP/1.1 404) 5 headers in 202 bytes (1 switches on core 0)
2026-08-06 08:17:11.042 8 INFO placement.requestlog [None req-d85a23c6-700a-432c-a39f-5730194c6179 6f3d7ac437924d11bba9b331f48eef70 879dcd68fa1a44728285dd13777d655a - - 9ceac3e366c7473ba829a8adafe93152 9ceac3e366c7473ba829a8adafe93152] 10.0.0.50 "DELETE /resource_providers/4689f122-c733-4cf9-82a6-3a4b04d53aad" status: 404 len: 246 microversion: 1.1 [pid: 8|app: 0|req: 420/838] 10.0.0.50 () {34 vars in 824 bytes} [Thu Aug 6 08:17:11 2026] DELETE /resource_providers/4689f122-c733-4cf9-82a6-3a4b04d53aad => generated 246 bytes in 10 msecs (HTTP/1.1 404) 6 headers in 231 bytes (1 switches on core 0)
2026-08-06 08:17:11.045 7 INFO placement.requestlog [None req-0019c7da-7fb3-4ed7-8b3a-85dc665f14ba 6f3d7ac437924d11bba9b331f48eef70 879dcd68fa1a44728285dd13777d655a - - 9ceac3e366c7473ba829a8adafe93152 9ceac3e366c7473ba829a8adafe93152] 10.0.0.50 "DELETE /resource_providers/4689f122-c733-4cf9-82a6-3a4b04d53aad" status: 404 len: 246 microversion: 1.1 [pid: 7|app: 0|req: 419/839] 10.0.0.50 () {34 vars in 824 bytes} [Thu Aug 6 08:17:11 2026] DELETE /resource_providers/4689f122-c733-4cf9-82a6-3a4b04d53aad => generated 246 bytes in 14 msecs (HTTP/1.1 404) 6 headers in 231 bytes (1 switches on core 0)
2026-08-06 08:17:12.727 8 INFO placement.requestlog [None req-33670256-6a6d-4f34-9439-6d1964ac3dcc 6f3d7ac437924d11bba9b331f48eef70 879dcd68fa1a44728285dd13777d655a - - 9ceac3e366c7473ba829a8adafe93152 9ceac3e366c7473ba829a8adafe93152] 10.0.0.50 "GET /resource_providers/c397d7ac-d7a1-4740-b40c-c6f926845a83/aggregates" status: 404 len: 235 microversion: 1.1 [pid: 8|app: 0|req: 421/840] 10.0.0.50 () {32 vars in 824 bytes} [Thu Aug 6 08:17:12 2026] GET /resource_providers/c397d7ac-d7a1-4740-b40c-c6f926845a83/aggregates => generated 235 bytes in 11 msecs (HTTP/1.1 404) 5 headers in 202 bytes (1 switches on core 0)
2026-08-06 08:17:12.728 7 INFO placement.requestlog [None req-d0f3ccf9-d14c-46c6-b469-133c753b4653 6f3d7ac437924d11bba9b331f48eef70 879dcd68fa1a44728285dd13777d655a - - 9ceac3e366c7473ba829a8adafe93152 9ceac3e366c7473ba829a8adafe93152] 10.0.0.50 "GET /resource_providers/c397d7ac-d7a1-4740-b40c-c6f926845a83/aggregates" status: 404 len: 235 microversion: 1.1 [pid: 7|app: 0|req: 420/841] 10.0.0.50 () {32 vars in 824 bytes} [Thu Aug 6 08:17:12 2026] GET /resource_providers/c397d7ac-d7a1-4740-b40c-c6f926845a83/aggregates => generated 235 bytes in 12 msecs (HTTP/1.1 404) 5 headers in 202 bytes (1 switches on core 0)
2026-08-06 08:17:12.751 8 INFO placement.requestlog [None req-be354f1a-870f-421f-a3ec-f4b262812916 6f3d7ac437924d11bba9b331f48eef70 879dcd68fa1a44728285dd13777d655a - - 9ceac3e366c7473ba829a8adafe93152 9ceac3e366c7473ba829a8adafe93152] 10.0.0.50 "DELETE /resource_providers/c397d7ac-d7a1-4740-b40c-c6f926845a83" status: 404 len: 246 microversion: 1.1 [pid: 8|app: 0|req: 422/842] 10.0.0.50 () {34 vars in 824 bytes} [Thu Aug 6 08:17:12 2026] DELETE /resource_providers/c397d7ac-d7a1-4740-b40c-c6f926845a83 => generated 246 bytes in 9 msecs (HTTP/1.1 404) 6 headers in 231 bytes (1 switches on core 0)
2026-08-06 08:17:12.755 7 INFO placement.requestlog [None req-ce175f2b-2ebe-4bc6-92fb-53e3b3207fbb 6f3d7ac437924d11bba9b331f48eef70 879dcd68fa1a44728285dd13777d655a - - 9ceac3e366c7473ba829a8adafe93152 9ceac3e366c7473ba829a8adafe93152] 10.0.0.50 "DELETE /resource_providers/c397d7ac-d7a1-4740-b40c-c6f926845a83" status: 404 len: 246 microversion: 1.1 [pid: 7|app: 0|req: 421/843] 10.0.0.50 () {34 vars in 824 bytes} [Thu Aug 6 08:17:12 2026] DELETE /resource_providers/c397d7ac-d7a1-4740-b40c-c6f926845a83 => generated 246 bytes in 12 msecs (HTTP/1.1 404) 6 headers in 231 bytes (1 switches on core 0)
2026-08-06 08:17:13.063 8 INFO placement.requestlog [None req-465a7297-63d8-4a5f-a5bf-d4a505d3116c 6f3d7ac437924d11bba9b331f48eef70 879dcd68fa1a44728285dd13777d655a - - 9ceac3e366c7473ba829a8adafe93152 9ceac3e366c7473ba829a8adafe93152] 10.0.0.50 "GET /resource_providers/e3efa20d-4ec7-47e2-81fe-b822d518f5d1/aggregates" status: 404 len: 235 microversion: 1.1 [pid: 8|app: 0|req: 423/844] 10.0.0.50 () {32 vars in 824 bytes} [Thu Aug 6 08:17:13 2026] GET /resource_providers/e3efa20d-4ec7-47e2-81fe-b822d518f5d1/aggregates => generated 235 bytes in 11 msecs (HTTP/1.1 404) 5 headers in 202 bytes (1 switches on core 0)
2026-08-06 08:17:13.071 7 INFO placement.requestlog [None req-c05daf1c-054a-40ab-a1f1-30202be8203e 6f3d7ac437924d11bba9b331f48eef70 879dcd68fa1a44728285dd13777d655a - - 9ceac3e366c7473ba829a8adafe93152 9ceac3e366c7473ba829a8adafe93152] 10.0.0.50 "GET /resource_providers/e3efa20d-4ec7-47e2-81fe-b822d518f5d1/aggregates" status: 404 len: 235 microversion: 1.1 [pid: 7|app: 0|req: 422/845] 10.0.0.50 () {32 vars in 824 bytes} [Thu Aug 6 08:17:13 2026] GET /resource_providers/e3efa20d-4ec7-47e2-81fe-b822d518f5d1/aggregates => generated 235 bytes in 14 msecs (HTTP/1.1 404) 5 headers in 202 bytes (1 switches on core 0)
2026-08-06 08:17:13.079 8 INFO placement.requestlog [None req-8a2dfa71-2778-4b8e-9e6c-1c7e8b29788d 6f3d7ac437924d11bba9b331f48eef70 879dcd68fa1a44728285dd13777d655a - - 9ceac3e366c7473ba829a8adafe93152 9ceac3e366c7473ba829a8adafe93152] 10.0.0.50 "DELETE /resource_providers/e3efa20d-4ec7-47e2-81fe-b822d518f5d1" status: 404 len: 246 microversion: 1.1 [pid: 8|app: 0|req: 424/846] 10.0.0.50 () {34 vars in 824 bytes} [Thu Aug 6 08:17:13 2026] DELETE /resource_providers/e3efa20d-4ec7-47e2-81fe-b822d518f5d1 => generated 246 bytes in 9 msecs (HTTP/1.1 404) 6 headers in 231 bytes (1 switches on core 0)
2026-08-06 08:17:13.086 7 INFO placement.requestlog [None req-08d22d7d-21e1-47fa-bbce-03dc69654025 6f3d7ac437924d11bba9b331f48eef70 879dcd68fa1a44728285dd13777d655a - - 9ceac3e366c7473ba829a8adafe93152 9ceac3e366c7473ba829a8adafe93152] 10.0.0.50 "DELETE /resource_providers/e3efa20d-4ec7-47e2-81fe-b822d518f5d1" status: 404 len: 246 microversion: 1.1 [pid: 7|app: 0|req: 423/847] 10.0.0.50 () {34 vars in 824 bytes} [Thu Aug 6 08:17:13 2026] DELETE /resource_providers/e3efa20d-4ec7-47e2-81fe-b822d518f5d1 => generated 246 bytes in 9 msecs (HTTP/1.1 404) 6 headers in 231 bytes (1 switches on core 0)
2026-08-06 08:17:15.411 8 INFO placement.requestlog [None req-8843143e-7d1a-41ad-bfbf-85afcb50ce3d - - - - - -] 10.0.0.64 "GET /" status: 200 len: 136 microversion: 1.0
2026-08-06 08:17:15.411 7 INFO placement.requestlog [None req-d610868a-c503-4fca-bde0-316e17d84551 - - - - - -] 10.0.0.64 "GET /" status: 200 len: 136 microversion: 1.0
2026-08-06 08:17:16.139 8 INFO placement.requestlog [req-0a9ffd28-fb8b-41bb-a366-6da6d0838e0a req-edf437c2-2c14-4db8-95c6-ac3e3cda455c 1234f34d81d34135b3218e817bab5061 879dcd68fa1a44728285dd13777d655a - - 9ceac3e366c7473ba829a8adafe93152 9ceac3e366c7473ba829a8adafe93152] 199.19.213.82 "GET /resource_providers/702d33bf-79d4-48b3-ad4b-28518b4a351a/allocations" status: 200 len: 152 microversion: 1.0 [pid: 8|app: 0|req: 426/850] 199.19.213.82 () {32 vars in 856 bytes} [Thu Aug 6 08:17:16 2026] GET /resource_providers/702d33bf-79d4-48b3-ad4b-28518b4a351a/allocations => generated 152 bytes in 13 msecs (HTTP/1.1 200) 6 headers in 224 bytes (1 switches on core 0)
2026-08-06 08:17:16.161 7 INFO placement.requestlog [req-0a9ffd28-fb8b-41bb-a366-6da6d0838e0a req-739c7295-9213-4e09-a466-2d4d639000e5 1234f34d81d34135b3218e817bab5061 879dcd68fa1a44728285dd13777d655a - - 9ceac3e366c7473ba829a8adafe93152 9ceac3e366c7473ba829a8adafe93152] 199.19.213.82 "GET /allocations/b0144372-a75b-48e7-bf78-f0f86463f6bf" status: 200 len: 257 microversion: 1.28 [pid: 7|app: 0|req: 425/851] 199.19.213.82 () {34 vars in 862 bytes} [Thu Aug 6 08:17:16 2026] GET /allocations/b0144372-a75b-48e7-bf78-f0f86463f6bf => generated 257 bytes in 16 msecs (HTTP/1.1 200) 8 headers in 296 bytes (1 switches on core 0)
2026-08-06 08:17:16.227 8 INFO placement.requestlog [req-0a9ffd28-fb8b-41bb-a366-6da6d0838e0a req-b4c43354-1659-474f-bde3-703dc2fe7761 1234f34d81d34135b3218e817bab5061 879dcd68fa1a44728285dd13777d655a - - 9ceac3e366c7473ba829a8adafe93152 9ceac3e366c7473ba829a8adafe93152] 199.19.213.82 "DELETE /allocations/b0144372-a75b-48e7-bf78-f0f86463f6bf" status: 204 len: 0 microversion: 1.0 [pid: 8|app: 0|req: 427/852] 199.19.213.82 () {34 vars in 840 bytes} [Thu Aug 6 08:17:16 2026] DELETE /allocations/b0144372-a75b-48e7-bf78-f0f86463f6bf => generated 0 bytes in 19 msecs (HTTP/1.1 204) 5 headers in 198 bytes (1 switches on core 0)
2026-08-06 08:17:19.187 7 INFO placement.requestlog [None req-ca9354d0-c43e-4865-bdce-33c126018c0e 6f3d7ac437924d11bba9b331f48eef70 879dcd68fa1a44728285dd13777d655a - - 9ceac3e366c7473ba829a8adafe93152 9ceac3e366c7473ba829a8adafe93152] 10.0.0.50 "GET /resource_providers/0387f208-8fd9-4050-9511-87dd5bbaac5b/aggregates" status: 404 len: 235 microversion: 1.1 [pid: 7|app: 0|req: 426/853] 10.0.0.50 () {32 vars in 824 bytes} [Thu Aug 6 08:17:19 2026] GET /resource_providers/0387f208-8fd9-4050-9511-87dd5bbaac5b/aggregates => generated 235 bytes in 8 msecs (HTTP/1.1 404) 5 headers in 202 bytes (1 switches on core 0)
2026-08-06 08:17:19.192 8 INFO placement.requestlog [None req-cb760663-d681-407a-96b3-c183423e4566 6f3d7ac437924d11bba9b331f48eef70 879dcd68fa1a44728285dd13777d655a - - 9ceac3e366c7473ba829a8adafe93152 9ceac3e366c7473ba829a8adafe93152] 10.0.0.50 "GET /resource_providers/0387f208-8fd9-4050-9511-87dd5bbaac5b/aggregates" status: 404 len: 235 microversion: 1.1 [pid: 8|app: 0|req: 428/854] 10.0.0.50 () {32 vars in 824 bytes} [Thu Aug 6 08:17:19 2026] GET /resource_providers/0387f208-8fd9-4050-9511-87dd5bbaac5b/aggregates => generated 235 bytes in 13 msecs (HTTP/1.1 404) 5 headers in 202 bytes (1 switches on core 0)
2026-08-06 08:17:19.199 7 INFO placement.requestlog [None req-55d64ef3-9722-4c61-b15c-e7cb403c5fd7 6f3d7ac437924d11bba9b331f48eef70 879dcd68fa1a44728285dd13777d655a - - 9ceac3e366c7473ba829a8adafe93152 9ceac3e366c7473ba829a8adafe93152] 10.0.0.50 "DELETE /resource_providers/0387f208-8fd9-4050-9511-87dd5bbaac5b" status: 404 len: 246 microversion: 1.1 [pid: 7|app: 0|req: 427/855] 10.0.0.50 () {34 vars in 824 bytes} [Thu Aug 6 08:17:19 2026] DELETE /resource_providers/0387f208-8fd9-4050-9511-87dd5bbaac5b => generated 246 bytes in 6 msecs (HTTP/1.1 404) 6 headers in 231 bytes (1 switches on core 0)
2026-08-06 08:17:19.214 8 INFO placement.requestlog [None req-56e676c2-88e3-481e-9770-3a513b8d6b83 6f3d7ac437924d11bba9b331f48eef70 879dcd68fa1a44728285dd13777d655a - - 9ceac3e366c7473ba829a8adafe93152 9ceac3e366c7473ba829a8adafe93152] 10.0.0.50 "DELETE /resource_providers/0387f208-8fd9-4050-9511-87dd5bbaac5b" status: 404 len: 246 microversion: 1.1 [pid: 8|app: 0|req: 429/856] 10.0.0.50 () {34 vars in 824 bytes} [Thu Aug 6 08:17:19 2026] DELETE /resource_providers/0387f208-8fd9-4050-9511-87dd5bbaac5b => generated 246 bytes in 8 msecs (HTTP/1.1 404) 6 headers in 231 bytes (1 switches on core 0)
2026-08-06 08:17:21.319 7 INFO placement.requestlog [req-c5d120f6-04ad-439f-9462-34ce3dd1b964 req-22318c66-9c54-4adf-9f8e-33919fcd150e 1234f34d81d34135b3218e817bab5061 879dcd68fa1a44728285dd13777d655a - - 9ceac3e366c7473ba829a8adafe93152 9ceac3e366c7473ba829a8adafe93152] 199.19.213.82 "GET /resource_providers/702d33bf-79d4-48b3-ad4b-28518b4a351a/allocations" status: 200 len: 54 microversion: 1.0 [pid: 7|app: 0|req: 428/857] 199.19.213.82 () {32 vars in 856 bytes} [Thu Aug 6 08:17:21 2026] GET /resource_providers/702d33bf-79d4-48b3-ad4b-28518b4a351a/allocations => generated 54 bytes in 12 msecs (HTTP/1.1 200) 6 headers in 223 bytes (1 switches on core 0)
2026-08-06 08:17:21.344 8 INFO placement.requestlog [req-c5d120f6-04ad-439f-9462-34ce3dd1b964 req-3e0c5a7e-ce41-469f-8164-a6d7ef5deb3b 1234f34d81d34135b3218e817bab5061 879dcd68fa1a44728285dd13777d655a - - 9ceac3e366c7473ba829a8adafe93152 9ceac3e366c7473ba829a8adafe93152] 199.19.213.82 "GET /resource_providers/702d33bf-79d4-48b3-ad4b-28518b4a351a/allocations" status: 200 len: 54 microversion: 1.0 [pid: 8|app: 0|req: 430/858] 199.19.213.82 () {32 vars in 856 bytes} [Thu Aug 6 08:17:21 2026] GET /resource_providers/702d33bf-79d4-48b3-ad4b-28518b4a351a/allocations => generated 54 bytes in 16 msecs (HTTP/1.1 200) 6 headers in 223 bytes (1 switches on core 0)
2026-08-06 08:17:23.330 7 INFO placement.requestlog [req-de837d47-b08e-4e6f-9a7e-758aba62b420 req-c732a1a3-909f-46af-b180-6472784c9a66 1234f34d81d34135b3218e817bab5061 879dcd68fa1a44728285dd13777d655a - - 9ceac3e366c7473ba829a8adafe93152 9ceac3e366c7473ba829a8adafe93152] 10.0.0.212 "GET /allocation_candidates?limit=1000&resources=DISK_GB%3A1%2CMEMORY_MB%3A512%2CVCPU%3A1&root_required=%21COMPUTE_STATUS_DISABLED" status: 200 len: 2147 microversion: 1.36 [pid: 7|app: 0|req: 429/859] 10.0.0.212 () {34 vars in 1012 bytes} [Thu Aug 6 08:17:23 2026] GET /allocation_candidates?limit=1000&resources=DISK_GB%3A1%2CMEMORY_MB%3A512%2CVCPU%3A1&root_required=%21COMPUTE_STATUS_DISABLED => generated 2147 bytes in 49 msecs (HTTP/1.1 200) 8 headers in 297 bytes (1 switches on core 0)
2026-08-06 08:17:23.359 8 INFO placement.requestlog [req-de837d47-b08e-4e6f-9a7e-758aba62b420 req-cf49c9b1-6c7e-489c-b844-ec171d6c1272 1234f34d81d34135b3218e817bab5061 879dcd68fa1a44728285dd13777d655a - - 9ceac3e366c7473ba829a8adafe93152 9ceac3e366c7473ba829a8adafe93152] 10.0.0.212 "GET /allocations/9389ce42-8789-464d-8313-0c969b2ca057" status: 200 len: 19 microversion: 1.28 [pid: 8|app: 0|req: 431/860] 10.0.0.212 () {34 vars in 861 bytes} [Thu Aug 6 08:17:23 2026] GET /allocations/9389ce42-8789-464d-8313-0c969b2ca057 => generated 19 bytes in 12 msecs (HTTP/1.1 200) 8 headers in 295 bytes (1 switches on core 0)
2026-08-06 08:17:23.447 7 INFO placement.requestlog [req-de837d47-b08e-4e6f-9a7e-758aba62b420 req-03b117a4-6125-4b94-829a-eaffafbd5e06 1234f34d81d34135b3218e817bab5061 879dcd68fa1a44728285dd13777d655a - - 9ceac3e366c7473ba829a8adafe93152 9ceac3e366c7473ba829a8adafe93152] 10.0.0.212 "PUT /allocations/9389ce42-8789-464d-8313-0c969b2ca057" status: 204 len: 0 microversion: 1.36 [pid: 7|app: 0|req: 430/861] 10.0.0.212 () {38 vars in 914 bytes} [Thu Aug 6 08:17:23 2026] PUT /allocations/9389ce42-8789-464d-8313-0c969b2ca057 => generated 0 bytes in 80 msecs (HTTP/1.1 204) 5 headers in 199 bytes (1 switches on core 0)
2026-08-06 08:17:23.766 8 INFO placement.requestlog [req-de837d47-b08e-4e6f-9a7e-758aba62b420 req-5d9e2bb1-7e25-4a68-8d1a-dfe8936e1a02 1234f34d81d34135b3218e817bab5061 879dcd68fa1a44728285dd13777d655a - - 9ceac3e366c7473ba829a8adafe93152 9ceac3e366c7473ba829a8adafe93152] 199.19.213.82 "GET /allocations/9389ce42-8789-464d-8313-0c969b2ca057" status: 200 len: 257 microversion: 1.28 [pid: 8|app: 0|req: 432/862] 199.19.213.82 () {34 vars in 862 bytes} [Thu Aug 6 08:17:23 2026] GET /allocations/9389ce42-8789-464d-8313-0c969b2ca057 => generated 257 bytes in 16 msecs (HTTP/1.1 200) 8 headers in 296 bytes (1 switches on core 0)
2026-08-06 08:17:23.881 7 INFO placement.requestlog [req-de837d47-b08e-4e6f-9a7e-758aba62b420 req-4ad31bca-5c1a-4d5e-927a-bf8ac159a06c 1234f34d81d34135b3218e817bab5061 879dcd68fa1a44728285dd13777d655a - - 9ceac3e366c7473ba829a8adafe93152 9ceac3e366c7473ba829a8adafe93152] 199.19.213.82 "GET /resource_providers/702d33bf-79d4-48b3-ad4b-28518b4a351a/allocations" status: 200 len: 152 microversion: 1.0 [pid: 7|app: 0|req: 431/863] 199.19.213.82 () {32 vars in 856 bytes} [Thu Aug 6 08:17:23 2026] GET /resource_providers/702d33bf-79d4-48b3-ad4b-28518b4a351a/allocations => generated 152 bytes in 15 msecs (HTTP/1.1 200) 6 headers in 224 bytes (1 switches on core 0)
2026-08-06 08:17:23.902 8 INFO placement.requestlog [req-de837d47-b08e-4e6f-9a7e-758aba62b420 req-3e8f5866-a28a-48b1-8139-218b70ca650f 1234f34d81d34135b3218e817bab5061 879dcd68fa1a44728285dd13777d655a - - 9ceac3e366c7473ba829a8adafe93152 9ceac3e366c7473ba829a8adafe93152] 199.19.213.82 "GET /allocations/9389ce42-8789-464d-8313-0c969b2ca057" status: 200 len: 257 microversion: 1.28 [pid: 8|app: 0|req: 433/864] 199.19.213.82 () {34 vars in 862 bytes} [Thu Aug 6 08:17:23 2026] GET /allocations/9389ce42-8789-464d-8313-0c969b2ca057 => generated 257 bytes in 15 msecs (HTTP/1.1 200) 8 headers in 296 bytes (1 switches on core 0)
2026-08-06 08:17:25.410 7 INFO placement.requestlog [None req-14b685ea-9d49-4d6c-ad20-6b3206aec85a - - - - - -] 10.0.0.64 "GET /" status: 200 len: 136 microversion: 1.0
2026-08-06 08:17:25.412 8 INFO placement.requestlog [None req-dd044813-d64a-4a83-864f-713eb33b18b3 - - - - - -] 10.0.0.64 "GET /" status: 200 len: 136 microversion: 1.0
2026-08-06 08:17:30.493 7 INFO placement.requestlog [req-9b351bc5-6f7b-4bb7-8d11-4475e2dec939 req-409e4d73-4d84-44b0-9476-8a429fd707bf 1234f34d81d34135b3218e817bab5061 879dcd68fa1a44728285dd13777d655a - - 9ceac3e366c7473ba829a8adafe93152 9ceac3e366c7473ba829a8adafe93152] 199.19.213.82 "GET /resource_providers/702d33bf-79d4-48b3-ad4b-28518b4a351a/allocations" status: 200 len: 152 microversion: 1.0 [pid: 7|app: 0|req: 433/867] 199.19.213.82 () {32 vars in 856 bytes} [Thu Aug 6 08:17:30 2026] GET /resource_providers/702d33bf-79d4-48b3-ad4b-28518b4a351a/allocations => generated 152 bytes in 25 msecs (HTTP/1.1 200) 6 headers in 224 bytes (1 switches on core 0)
2026-08-06 08:17:30.524 8 INFO placement.requestlog [req-9b351bc5-6f7b-4bb7-8d11-4475e2dec939 req-4c2b043d-e80f-4fe3-869a-41f069bb7670 1234f34d81d34135b3218e817bab5061 879dcd68fa1a44728285dd13777d655a - - 9ceac3e366c7473ba829a8adafe93152 9ceac3e366c7473ba829a8adafe93152] 199.19.213.82 "GET /allocations/9389ce42-8789-464d-8313-0c969b2ca057" status: 200 len: 257 microversion: 1.28 [pid: 8|app: 0|req: 435/868] 199.19.213.82 () {34 vars in 862 bytes} [Thu Aug 6 08:17:30 2026] GET /allocations/9389ce42-8789-464d-8313-0c969b2ca057 => generated 257 bytes in 18 msecs (HTTP/1.1 200) 8 headers in 296 bytes (1 switches on core 0)
2026-08-06 08:17:30.686 7 INFO placement.requestlog [req-9b351bc5-6f7b-4bb7-8d11-4475e2dec939 req-c364d08a-b52f-4bdb-bb07-ee6f6e19bc02 1234f34d81d34135b3218e817bab5061 879dcd68fa1a44728285dd13777d655a - - 9ceac3e366c7473ba829a8adafe93152 9ceac3e366c7473ba829a8adafe93152] 199.19.213.82 "DELETE /allocations/9389ce42-8789-464d-8313-0c969b2ca057" status: 204 len: 0 microversion: 1.0 [pid: 7|app: 0|req: 434/869] 199.19.213.82 () {34 vars in 840 bytes} [Thu Aug 6 08:17:30 2026] DELETE /allocations/9389ce42-8789-464d-8313-0c969b2ca057 => generated 0 bytes in 84 msecs (HTTP/1.1 204) 5 headers in 198 bytes (1 switches on core 0)
2026-08-06 08:17:33.168 8 INFO placement.requestlog [None req-af2f543b-6a3e-4e94-afc4-c800b6c5992c 6f3d7ac437924d11bba9b331f48eef70 879dcd68fa1a44728285dd13777d655a - - 9ceac3e366c7473ba829a8adafe93152 9ceac3e366c7473ba829a8adafe93152] 10.0.0.50 "GET /resource_providers/e962167a-faa3-44b8-a994-084a27a4cb10/aggregates" status: 404 len: 235 microversion: 1.1 [pid: 8|app: 0|req: 436/870] 10.0.0.50 () {32 vars in 824 bytes} [Thu Aug 6 08:17:33 2026] GET /resource_providers/e962167a-faa3-44b8-a994-084a27a4cb10/aggregates => generated 235 bytes in 11 msecs (HTTP/1.1 404) 5 headers in 202 bytes (1 switches on core 0)
2026-08-06 08:17:33.176 7 INFO placement.requestlog [None req-223955c2-28d6-42bc-9bb1-9f09d4ef056e 6f3d7ac437924d11bba9b331f48eef70 879dcd68fa1a44728285dd13777d655a - - 9ceac3e366c7473ba829a8adafe93152 9ceac3e366c7473ba829a8adafe93152] 10.0.0.50 "GET /resource_providers/e962167a-faa3-44b8-a994-084a27a4cb10/aggregates" status: 404 len: 235 microversion: 1.1 [pid: 7|app: 0|req: 435/871] 10.0.0.50 () {32 vars in 824 bytes} [Thu Aug 6 08:17:33 2026] GET /resource_providers/e962167a-faa3-44b8-a994-084a27a4cb10/aggregates => generated 235 bytes in 11 msecs (HTTP/1.1 404) 5 headers in 202 bytes (1 switches on core 0)
2026-08-06 08:17:33.183 8 INFO placement.requestlog [None req-bd746ea2-74d2-4d1d-9bab-9e0b1920e995 6f3d7ac437924d11bba9b331f48eef70 879dcd68fa1a44728285dd13777d655a - - 9ceac3e366c7473ba829a8adafe93152 9ceac3e366c7473ba829a8adafe93152] 10.0.0.50 "DELETE /resource_providers/e962167a-faa3-44b8-a994-084a27a4cb10" status: 404 len: 246 microversion: 1.1 [pid: 8|app: 0|req: 437/872] 10.0.0.50 () {34 vars in 824 bytes} [Thu Aug 6 08:17:33 2026] DELETE /resource_providers/e962167a-faa3-44b8-a994-084a27a4cb10 => generated 246 bytes in 7 msecs (HTTP/1.1 404) 6 headers in 231 bytes (1 switches on core 0)
2026-08-06 08:17:33.194 7 INFO placement.requestlog [None req-2ced29f3-27ff-4541-b20d-97b215af41d5 6f3d7ac437924d11bba9b331f48eef70 879dcd68fa1a44728285dd13777d655a - - 9ceac3e366c7473ba829a8adafe93152 9ceac3e366c7473ba829a8adafe93152] 10.0.0.50 "DELETE /resource_providers/e962167a-faa3-44b8-a994-084a27a4cb10" status: 404 len: 246 microversion: 1.1 [pid: 7|app: 0|req: 436/873] 10.0.0.50 () {34 vars in 824 bytes} [Thu Aug 6 08:17:33 2026] DELETE /resource_providers/e962167a-faa3-44b8-a994-084a27a4cb10 => generated 246 bytes in 11 msecs (HTTP/1.1 404) 6 headers in 231 bytes (1 switches on core 0)
2026-08-06 08:17:35.215 7 INFO placement.requestlog [None req-9c93090f-daeb-4fd0-a5d4-3cedce3ed46e 6f3d7ac437924d11bba9b331f48eef70 879dcd68fa1a44728285dd13777d655a - - 9ceac3e366c7473ba829a8adafe93152 9ceac3e366c7473ba829a8adafe93152] 10.0.0.50 "GET /resource_providers/59544cc7-2068-4b37-abb2-0abe2d467681/aggregates" status: 404 len: 235 microversion: 1.1 [pid: 7|app: 0|req: 437/874] 10.0.0.50 () {32 vars in 824 bytes} [Thu Aug 6 08:17:35 2026] GET /resource_providers/59544cc7-2068-4b37-abb2-0abe2d467681/aggregates => generated 235 bytes in 13 msecs (HTTP/1.1 404) 5 headers in 202 bytes (1 switches on core 0)
2026-08-06 08:17:35.220 8 INFO placement.requestlog [None req-e784abda-48e0-486f-9b06-50a5b640598e 6f3d7ac437924d11bba9b331f48eef70 879dcd68fa1a44728285dd13777d655a - - 9ceac3e366c7473ba829a8adafe93152 9ceac3e366c7473ba829a8adafe93152] 10.0.0.50 "GET /resource_providers/59544cc7-2068-4b37-abb2-0abe2d467681/aggregates" status: 404 len: 235 microversion: 1.1 [pid: 8|app: 0|req: 438/875] 10.0.0.50 () {32 vars in 824 bytes} [Thu Aug 6 08:17:35 2026] GET /resource_providers/59544cc7-2068-4b37-abb2-0abe2d467681/aggregates => generated 235 bytes in 20 msecs (HTTP/1.1 404) 5 headers in 202 bytes (1 switches on core 0)
2026-08-06 08:17:35.236 8 INFO placement.requestlog [None req-79816b22-f83e-4cb1-8af8-840d683a9f5e 6f3d7ac437924d11bba9b331f48eef70 879dcd68fa1a44728285dd13777d655a - - 9ceac3e366c7473ba829a8adafe93152 9ceac3e366c7473ba829a8adafe93152] 10.0.0.50 "DELETE /resource_providers/59544cc7-2068-4b37-abb2-0abe2d467681" status: 404 len: 246 microversion: 1.1 [pid: 8|app: 0|req: 439/876] 10.0.0.50 () {34 vars in 824 bytes} [Thu Aug 6 08:17:35 2026] DELETE /resource_providers/59544cc7-2068-4b37-abb2-0abe2d467681 => generated 246 bytes in 11 msecs (HTTP/1.1 404) 6 headers in 231 bytes (1 switches on core 0)
2026-08-06 08:17:35.239 7 INFO placement.requestlog [None req-7a5446ab-2541-49b8-90d5-0cd67d531491 6f3d7ac437924d11bba9b331f48eef70 879dcd68fa1a44728285dd13777d655a - - 9ceac3e366c7473ba829a8adafe93152 9ceac3e366c7473ba829a8adafe93152] 10.0.0.50 "DELETE /resource_providers/59544cc7-2068-4b37-abb2-0abe2d467681" status: 404 len: 246 microversion: 1.1 [pid: 7|app: 0|req: 438/877] 10.0.0.50 () {34 vars in 824 bytes} [Thu Aug 6 08:17:35 2026] DELETE /resource_providers/59544cc7-2068-4b37-abb2-0abe2d467681 => generated 246 bytes in 13 msecs (HTTP/1.1 404) 6 headers in 231 bytes (1 switches on core 0)
2026-08-06 08:17:35.320 8 INFO placement.requestlog [None req-261ad954-67c9-45a0-884e-7e7e13b09256 6f3d7ac437924d11bba9b331f48eef70 879dcd68fa1a44728285dd13777d655a - - 9ceac3e366c7473ba829a8adafe93152 9ceac3e366c7473ba829a8adafe93152] 10.0.0.50 "GET /resource_providers/cdca8e4d-bbca-4659-88b8-d0f00baee193/aggregates" status: 404 len: 235 microversion: 1.1 [pid: 8|app: 0|req: 440/878] 10.0.0.50 () {32 vars in 824 bytes} [Thu Aug 6 08:17:35 2026] GET /resource_providers/cdca8e4d-bbca-4659-88b8-d0f00baee193/aggregates => generated 235 bytes in 12 msecs (HTTP/1.1 404) 5 headers in 202 bytes (1 switches on core 0)
2026-08-06 08:17:35.325 7 INFO placement.requestlog [None req-572f3014-1db0-4ca5-8118-de4a5bb7cda8 6f3d7ac437924d11bba9b331f48eef70 879dcd68fa1a44728285dd13777d655a - - 9ceac3e366c7473ba829a8adafe93152 9ceac3e366c7473ba829a8adafe93152] 10.0.0.50 "GET /resource_providers/cdca8e4d-bbca-4659-88b8-d0f00baee193/aggregates" status: 404 len: 235 microversion: 1.1 [pid: 7|app: 0|req: 439/879] 10.0.0.50 () {32 vars in 824 bytes} [Thu Aug 6 08:17:35 2026] GET /resource_providers/cdca8e4d-bbca-4659-88b8-d0f00baee193/aggregates => generated 235 bytes in 18 msecs (HTTP/1.1 404) 5 headers in 202 bytes (1 switches on core 0)
2026-08-06 08:17:35.334 8 INFO placement.requestlog [None req-0390e7fb-7405-48cb-a503-a7e656656022 6f3d7ac437924d11bba9b331f48eef70 879dcd68fa1a44728285dd13777d655a - - 9ceac3e366c7473ba829a8adafe93152 9ceac3e366c7473ba829a8adafe93152] 10.0.0.50 "DELETE /resource_providers/cdca8e4d-bbca-4659-88b8-d0f00baee193" status: 404 len: 246 microversion: 1.1 [pid: 8|app: 0|req: 441/880] 10.0.0.50 () {34 vars in 824 bytes} [Thu Aug 6 08:17:35 2026] DELETE /resource_providers/cdca8e4d-bbca-4659-88b8-d0f00baee193 => generated 246 bytes in 8 msecs (HTTP/1.1 404) 6 headers in 231 bytes (1 switches on core 0)
2026-08-06 08:17:35.339 7 INFO placement.requestlog [None req-d525514f-fdac-45f6-926c-78aaf4889439 6f3d7ac437924d11bba9b331f48eef70 879dcd68fa1a44728285dd13777d655a - - 9ceac3e366c7473ba829a8adafe93152 9ceac3e366c7473ba829a8adafe93152] 10.0.0.50 "DELETE /resource_providers/cdca8e4d-bbca-4659-88b8-d0f00baee193" status: 404 len: 246 microversion: 1.1 [pid: 7|app: 0|req: 440/881] 10.0.0.50 () {34 vars in 824 bytes} [Thu Aug 6 08:17:35 2026] DELETE /resource_providers/cdca8e4d-bbca-4659-88b8-d0f00baee193 => generated 246 bytes in 10 msecs (HTTP/1.1 404) 6 headers in 231 bytes (1 switches on core 0)
2026-08-06 08:17:35.410 8 INFO placement.requestlog [None req-d6d00641-3d15-4c80-a273-c92d9b2a778e - - - - - -] 10.0.0.64 "GET /" status: 200 len: 136 microversion: 1.0
2026-08-06 08:17:35.410 7 INFO placement.requestlog [None req-c59e20d8-deec-410c-bb8b-96d2c3640a29 - - - - - -] 10.0.0.64 "GET /" status: 200 len: 136 microversion: 1.0
2026-08-06 08:17:38.664 8 INFO placement.requestlog [None req-5e9a7ab7-756b-4050-9972-25bbd3cb0930 6f3d7ac437924d11bba9b331f48eef70 879dcd68fa1a44728285dd13777d655a - - 9ceac3e366c7473ba829a8adafe93152 9ceac3e366c7473ba829a8adafe93152] 10.0.0.50 "GET /resource_providers/3a6ce833-492a-4334-b8bc-ac8e602348f1/aggregates" status: 404 len: 235 microversion: 1.1 [pid: 8|app: 0|req: 443/884] 10.0.0.50 () {32 vars in 824 bytes} [Thu Aug 6 08:17:38 2026] GET /resource_providers/3a6ce833-492a-4334-b8bc-ac8e602348f1/aggregates => generated 235 bytes in 13 msecs (HTTP/1.1 404) 5 headers in 202 bytes (1 switches on core 0)
2026-08-06 08:17:38.668 7 INFO placement.requestlog [None req-ba346f3a-7f44-4934-833d-ee4524de4f75 6f3d7ac437924d11bba9b331f48eef70 879dcd68fa1a44728285dd13777d655a - - 9ceac3e366c7473ba829a8adafe93152 9ceac3e366c7473ba829a8adafe93152] 10.0.0.50 "GET /resource_providers/3a6ce833-492a-4334-b8bc-ac8e602348f1/aggregates" status: 404 len: 235 microversion: 1.1 [pid: 7|app: 0|req: 442/885] 10.0.0.50 () {32 vars in 824 bytes} [Thu Aug 6 08:17:38 2026] GET /resource_providers/3a6ce833-492a-4334-b8bc-ac8e602348f1/aggregates => generated 235 bytes in 18 msecs (HTTP/1.1 404) 5 headers in 202 bytes (1 switches on core 0)
2026-08-06 08:17:38.693 8 INFO placement.requestlog [None req-efed0bcb-1a67-4721-89c3-072d4f13bc37 6f3d7ac437924d11bba9b331f48eef70 879dcd68fa1a44728285dd13777d655a - - 9ceac3e366c7473ba829a8adafe93152 9ceac3e366c7473ba829a8adafe93152] 10.0.0.50 "DELETE /resource_providers/3a6ce833-492a-4334-b8bc-ac8e602348f1" status: 404 len: 246 microversion: 1.1 [pid: 8|app: 0|req: 444/886] 10.0.0.50 () {34 vars in 824 bytes} [Thu Aug 6 08:17:38 2026] DELETE /resource_providers/3a6ce833-492a-4334-b8bc-ac8e602348f1 => generated 246 bytes in 9 msecs (HTTP/1.1 404) 6 headers in 231 bytes (1 switches on core 0)
2026-08-06 08:17:38.702 7 INFO placement.requestlog [None req-1024168b-3d83-4e87-80a3-7bc8c4fb006e 6f3d7ac437924d11bba9b331f48eef70 879dcd68fa1a44728285dd13777d655a - - 9ceac3e366c7473ba829a8adafe93152 9ceac3e366c7473ba829a8adafe93152] 10.0.0.50 "DELETE /resource_providers/3a6ce833-492a-4334-b8bc-ac8e602348f1" status: 404 len: 246 microversion: 1.1 [pid: 7|app: 0|req: 443/887] 10.0.0.50 () {34 vars in 824 bytes} [Thu Aug 6 08:17:38 2026] DELETE /resource_providers/3a6ce833-492a-4334-b8bc-ac8e602348f1 => generated 246 bytes in 18 msecs (HTTP/1.1 404) 6 headers in 231 bytes (1 switches on core 0)
