2026-05-06 19:38:38.378 7 INFO neutron.db.ovn_revision_numbers_db [None req-569797ec-80e7-4962-92dc-7f273910395d 9b6ef315975d44c1b195ea46ac65eab3 d58dc6e14afb44a6a2e31f11e0c48dbe - - default default] Successfully bumped revision number for resource 8cdc8f86-06eb-424b-87ce-fcc0d5f2cf24 (type: security_group_rules) to 0 [pid: 7|app: 0|req: 633/1327] 10.0.0.199 () {32 vars in 774 bytes} [Wed May 6 19:38:38 2026] GET /v2.0/security-groups?tenant_id=1dcff7ba2fda413583a952b5e31e94ad&name=default => generated 2925 bytes in 392 msecs (HTTP/1.1 200) 4 headers in 158 bytes (1 switches on core 0) [pid: 7|app: 0|req: 634/1328] 10.0.0.199 () {32 vars in 717 bytes} [Wed May 6 19:38:38 2026] GET /v2.0/ports/19905a78-c235-4e1c-8365-f5acdc2b8487 => generated 945 bytes in 36 msecs (HTTP/1.1 200) 4 headers in 157 bytes (1 switches on core 0)
2026-05-06 19:38:38.476 8 INFO neutron_taas.services.taas.taas_plugin [None req-f247d3c3-93ed-4d6a-bde6-211dc479bb3f ea6b60add5ac417f9c61d07a285b6600 de481be9e8eb4962b495507444e13b8c - - default default] TaaS: Handle Delete Port: f52c35f2-204d-411e-a43d-30b8ec05490a
2026-05-06 19:38:38.479 8 INFO neutron_taas.services.taas.tap_mirror_plugin [None req-f247d3c3-93ed-4d6a-bde6-211dc479bb3f ea6b60add5ac417f9c61d07a285b6600 de481be9e8eb4962b495507444e13b8c - - default default] Tap Mirror: Handle Delete Port: f52c35f2-204d-411e-a43d-30b8ec05490a [pid: 7|app: 0|req: 635/1329] 10.0.0.199 () {32 vars in 740 bytes} [Wed May 6 19:38:38 2026] DELETE /v2.0/security-groups/4c8e4fa3-4d1d-478d-97d9-4e6e56c748e8 => generated 0 bytes in 219 msecs (HTTP/1.1 204) 2 headers in 112 bytes (1 switches on core 0) [pid: 8|app: 0|req: 695/1330] 10.0.0.199 () {34 vars in 789 bytes} [Wed May 6 19:38:38 2026] PUT /v2.0/routers/53144c29-9c2b-443d-898b-c93975a99a52/remove_router_interface => generated 309 bytes in 656 msecs (HTTP/1.1 200) 4 headers in 157 bytes (1 switches on core 0) /var/lib/openstack/lib/python3.12/site-packages/pycadf/identifier.py:70: UserWarning: Invalid uuid: neutron. To ensure interoperability, identifiers should be a valid uuid. warnings.warn(('Invalid uuid: %s. To ensure interoperability, '
2026-05-06 19:38:38.932 7 INFO neutron.db.ovn_revision_numbers_db [None req-69f6637c-f58d-4fa1-a7b5-22337f4f0688 9b6ef315975d44c1b195ea46ac65eab3 d58dc6e14afb44a6a2e31f11e0c48dbe - - default default] Successfully bumped revision number for resource 7dac894f-c623-4ac8-8b03-e43be0b14e0c (type: security_groups) to 1
2026-05-06 19:38:38.946 7 INFO neutron.db.ovn_revision_numbers_db [None req-69f6637c-f58d-4fa1-a7b5-22337f4f0688 9b6ef315975d44c1b195ea46ac65eab3 d58dc6e14afb44a6a2e31f11e0c48dbe - - default default] Successfully bumped revision number for resource 22a369b2-cecb-41e1-8841-9eb2866dc2a7 (type: security_group_rules) to 0 [pid: 8|app: 0|req: 696/1331] 10.0.0.199 () {32 vars in 717 bytes} [Wed May 6 19:38:38 2026] GET /v2.0/ports/09e8c0db-50b2-4924-9251-f40f6b8aa593 => generated 943 bytes in 83 msecs (HTTP/1.1 200) 4 headers in 157 bytes (1 switches on core 0)
2026-05-06 19:38:38.961 7 INFO neutron.db.ovn_revision_numbers_db [None req-69f6637c-f58d-4fa1-a7b5-22337f4f0688 9b6ef315975d44c1b195ea46ac65eab3 d58dc6e14afb44a6a2e31f11e0c48dbe - - default default] Successfully bumped revision number for resource 53add48a-7705-4822-a639-7bb5151b51d4 (type: security_group_rules) to 0
2026-05-06 19:38:38.972 7 INFO neutron.db.ovn_revision_numbers_db [None req-69f6637c-f58d-4fa1-a7b5-22337f4f0688 9b6ef315975d44c1b195ea46ac65eab3 d58dc6e14afb44a6a2e31f11e0c48dbe - - default default] Successfully bumped revision number for resource 8526f4d2-313e-4172-afff-7e3997948dad (type: security_group_rules) to 0
2026-05-06 19:38:38.984 7 INFO neutron.db.ovn_revision_numbers_db [None req-69f6637c-f58d-4fa1-a7b5-22337f4f0688 9b6ef315975d44c1b195ea46ac65eab3 d58dc6e14afb44a6a2e31f11e0c48dbe - - default default] Successfully bumped revision number for resource 9119e384-71ce-4144-ba7c-217886dbdb7f (type: security_group_rules) to 0 [pid: 7|app: 0|req: 636/1334] 10.0.0.199 () {32 vars in 774 bytes} [Wed May 6 19:38:38 2026] GET /v2.0/security-groups?tenant_id=7faa8011cc9442f09625caac6d58ea4a&name=default => generated 2925 bytes in 344 msecs (HTTP/1.1 200) 4 headers in 158 bytes (1 switches on core 0)
2026-05-06 19:38:39.252 8 INFO neutron_taas.services.taas.taas_plugin [None req-8f935a0a-8b0b-4f49-af83-0bf11486c1ac ea6b60add5ac417f9c61d07a285b6600 de481be9e8eb4962b495507444e13b8c - - default default] TaaS: Handle Delete Port: 09e8c0db-50b2-4924-9251-f40f6b8aa593
2026-05-06 19:38:39.257 8 INFO neutron_taas.services.taas.tap_mirror_plugin [None req-8f935a0a-8b0b-4f49-af83-0bf11486c1ac ea6b60add5ac417f9c61d07a285b6600 de481be9e8eb4962b495507444e13b8c - - default default] Tap Mirror: Handle Delete Port: 09e8c0db-50b2-4924-9251-f40f6b8aa593 [pid: 7|app: 0|req: 637/1335] 10.0.0.199 () {32 vars in 740 bytes} [Wed May 6 19:38:39 2026] DELETE /v2.0/security-groups/7dac894f-c623-4ac8-8b03-e43be0b14e0c => generated 0 bytes in 218 msecs (HTTP/1.1 204) 2 headers in 112 bytes (1 switches on core 0) [pid: 7|app: 0|req: 638/1336] 10.0.0.199 () {32 vars in 717 bytes} [Wed May 6 19:38:39 2026] GET /v2.0/ports/19905a78-c235-4e1c-8365-f5acdc2b8487 => generated 945 bytes in 76 msecs (HTTP/1.1 200) 4 headers in 157 bytes (1 switches on core 0) [pid: 8|app: 0|req: 699/1337] 10.0.0.199 () {34 vars in 789 bytes} [Wed May 6 19:38:38 2026] PUT /v2.0/routers/53144c29-9c2b-443d-898b-c93975a99a52/remove_router_interface => generated 309 bytes in 672 msecs (HTTP/1.1 200) 4 headers in 157 bytes (1 switches on core 0) [pid: 7|app: 0|req: 639/1338] 10.0.0.199 () {32 vars in 736 bytes} [Wed May 6 19:38:39 2026] GET /v2.0/ports?device_id=53144c29-9c2b-443d-898b-c93975a99a52 => generated 12 bytes in 21 msecs (HTTP/1.1 200) 4 headers in 156 bytes (1 switches on core 0) /var/lib/openstack/lib/python3.12/site-packages/pycadf/identifier.py:70: UserWarning: Invalid uuid: neutron. To ensure interoperability, identifiers should be a valid uuid. warnings.warn(('Invalid uuid: %s. To ensure interoperability, ' [pid: 8|app: 0|req: 700/1339] 10.0.0.199 () {32 vars in 724 bytes} [Wed May 6 19:38:39 2026] DELETE /v2.0/routers/53144c29-9c2b-443d-898b-c93975a99a52 => generated 0 bytes in 227 msecs (HTTP/1.1 204) 2 headers in 112 bytes (1 switches on core 0) [pid: 7|app: 0|req: 640/1340] 10.0.0.199 () {32 vars in 724 bytes} [Wed May 6 19:38:39 2026] DELETE /v2.0/subnets/19254b29-7a32-458f-9c95-dc329654c0ff => generated 0 bytes in 175 msecs (HTTP/1.1 204) 3 headers in 131 bytes (1 switches on core 0) [pid: 8|app: 0|req: 701/1341] 10.0.0.199 () {32 vars in 724 bytes} [Wed May 6 19:38:40 2026] DELETE /v2.0/subnets/f1453a71-e314-46ce-aa9b-9317523d3219 => generated 0 bytes in 172 msecs (HTTP/1.1 204) 3 headers in 131 bytes (1 switches on core 0)
2026-05-06 19:38:40.382 7 INFO neutron_taas.services.taas.taas_plugin [None req-d9ef630c-9914-46a9-8365-eff1ce9fc506 ea6b60add5ac417f9c61d07a285b6600 de481be9e8eb4962b495507444e13b8c - - default default] TaaS: Handle Delete Port: 31a10599-6754-4a0a-90fb-993a9148bded
2026-05-06 19:38:40.385 7 INFO neutron_taas.services.taas.tap_mirror_plugin [None req-d9ef630c-9914-46a9-8365-eff1ce9fc506 ea6b60add5ac417f9c61d07a285b6600 de481be9e8eb4962b495507444e13b8c - - default default] Tap Mirror: Handle Delete Port: 31a10599-6754-4a0a-90fb-993a9148bded
2026-05-06 19:38:40.561 7 INFO neutron.services.segments.plugin [-] Segment b1e90eaa-35fb-4f17-a478-ca8d29c147cf resource provider aggregate not found
2026-05-06 19:38:40.575 7 INFO neutron.services.segments.plugin [-] Segment b1e90eaa-35fb-4f17-a478-ca8d29c147cf resource provider aggregate not found [pid: 8|app: 0|req: 702/1342] 10.0.0.199 () {32 vars in 717 bytes} [Wed May 6 19:38:40 2026] GET /v2.0/ports/19905a78-c235-4e1c-8365-f5acdc2b8487 => generated 945 bytes in 30 msecs (HTTP/1.1 200) 4 headers in 157 bytes (1 switches on core 0)
2026-05-06 19:38:40.592 7 WARNING neutron.plugins.ml2.drivers.ovn.mech_driver.ovsdb.ovn_client [None req-d238a5a3-467d-4c36-be6f-76ff78e59769 - - - - - -] No port found with ID 349edbb8-6d70-49a5-bb10-1b85672a6c9a: RuntimeError: No port found with ID 349edbb8-6d70-49a5-bb10-1b85672a6c9a
2026-05-06 19:38:40.596 7 INFO neutron.services.segments.plugin [-] Segment b1e90eaa-35fb-4f17-a478-ca8d29c147cf resource provider not found; error: Placement Client Error (4xx): {"errors": [{"status": 404, "title": "Not Found", "detail": "The resource could not be found.\n\n No resource provider with uuid b1e90eaa-35fb-4f17-a478-ca8d29c147cf found for delete ", "request_id": "req-84fa8706-593d-4fe1-b896-236e4aa70885"}]}
2026-05-06 19:38:40.612 7 INFO neutron.services.segments.plugin [-] Segment b1e90eaa-35fb-4f17-a478-ca8d29c147cf resource provider not found; error: Placement Client Error (4xx): {"errors": [{"status": 404, "title": "Not Found", "detail": "The resource could not be found.\n\n No resource provider with uuid b1e90eaa-35fb-4f17-a478-ca8d29c147cf found for delete ", "request_id": "req-3d1e34d0-e037-4dcc-8343-a072c2aa08fa"}]} [pid: 7|app: 0|req: 641/1343] 10.0.0.199 () {32 vars in 726 bytes} [Wed May 6 19:38:40 2026] DELETE /v2.0/networks/9b051f47-2b51-43a6-a23b-dcc27428afdd => generated 0 bytes in 403 msecs (HTTP/1.1 204) 3 headers in 131 bytes (1 switches on core 0)
2026-05-06 19:38:40.781 8 INFO neutron_taas.services.taas.taas_plugin [None req-1e6d4002-ccac-4c7d-be59-7e13ee176399 ea6b60add5ac417f9c61d07a285b6600 de481be9e8eb4962b495507444e13b8c - - default default] TaaS: Handle Delete Port: 1dac30e0-59c1-4217-9476-42d6a0dedf1a
2026-05-06 19:38:40.783 8 INFO neutron_taas.services.taas.tap_mirror_plugin [None req-1e6d4002-ccac-4c7d-be59-7e13ee176399 ea6b60add5ac417f9c61d07a285b6600 de481be9e8eb4962b495507444e13b8c - - default default] Tap Mirror: Handle Delete Port: 1dac30e0-59c1-4217-9476-42d6a0dedf1a
2026-05-06 19:38:40.952 8 INFO neutron.services.segments.plugin [-] Segment b03b1acb-8fd8-4c6c-8aba-b60ef3916b18 resource provider aggregate not found
2026-05-06 19:38:40.958 8 INFO neutron.services.segments.plugin [-] Segment b03b1acb-8fd8-4c6c-8aba-b60ef3916b18 resource provider aggregate not found
2026-05-06 19:38:40.979 8 INFO neutron.services.segments.plugin [-] Segment b03b1acb-8fd8-4c6c-8aba-b60ef3916b18 resource provider not found; error: Placement Client Error (4xx): {"errors": [{"status": 404, "title": "Not Found", "detail": "The resource could not be found.\n\n No resource provider with uuid b03b1acb-8fd8-4c6c-8aba-b60ef3916b18 found for delete ", "request_id": "req-d3be19d9-7e11-489d-835a-2c67516e922f"}]}
2026-05-06 19:38:40.982 8 INFO neutron.services.segments.plugin [-] Segment b03b1acb-8fd8-4c6c-8aba-b60ef3916b18 resource provider not found; error: Placement Client Error (4xx): {"errors": [{"status": 404, "title": "Not Found", "detail": "The resource could not be found.\n\n No resource provider with uuid b03b1acb-8fd8-4c6c-8aba-b60ef3916b18 found for delete ", "request_id": "req-4f89a012-14ce-4dcf-a10f-677f3c09d361"}]} [pid: 8|app: 0|req: 703/1344] 10.0.0.199 () {32 vars in 726 bytes} [Wed May 6 19:38:40 2026] DELETE /v2.0/networks/467a5b25-1083-43d7-9d8b-4f670ffc7cc7 => generated 0 bytes in 347 msecs (HTTP/1.1 204) 3 headers in 131 bytes (1 switches on core 0)
2026-05-06 19:38:41.118 8 INFO neutron.db.segments_db [None req-449f5f1b-195b-4854-b1d2-f7fa71367b1d ea6b60add5ac417f9c61d07a285b6600 de481be9e8eb4962b495507444e13b8c - - default default] Added segment 9f15f745-2326-440c-977a-ff8b324c3ca4 of type geneve for network 37d1db50-4141-4ce6-a9df-7eec7f6944b0
2026-05-06 19:38:41.233 8 INFO neutron.db.ovn_revision_numbers_db [None req-449f5f1b-195b-4854-b1d2-f7fa71367b1d ea6b60add5ac417f9c61d07a285b6600 de481be9e8eb4962b495507444e13b8c - - default default] Successfully bumped revision number for resource 37d1db50-4141-4ce6-a9df-7eec7f6944b0 (type: networks) to 1
2026-05-06 19:38:41.284 7 INFO neutron.db.ovn_revision_numbers_db [None req-096a6cd7-5d33-40dc-ab0c-76e9bb88d324 a055c42e227d4dbbaa47d2ac545990ce e3d527f98a834a8986191e07ff1ed41f - - default default] Successfully bumped revision number for resource f3435469-96d6-4390-b648-d62f48c4598e (type: security_groups) to 1
2026-05-06 19:38:41.296 7 INFO neutron.db.ovn_revision_numbers_db [None req-096a6cd7-5d33-40dc-ab0c-76e9bb88d324 a055c42e227d4dbbaa47d2ac545990ce e3d527f98a834a8986191e07ff1ed41f - - default default] Successfully bumped revision number for resource 88f16248-4d23-4abf-9379-32aef953e83a (type: security_group_rules) to 0
2026-05-06 19:38:41.308 7 INFO neutron.db.ovn_revision_numbers_db [None req-096a6cd7-5d33-40dc-ab0c-76e9bb88d324 a055c42e227d4dbbaa47d2ac545990ce e3d527f98a834a8986191e07ff1ed41f - - default default] Successfully bumped revision number for resource 934d7e8a-79f4-45f1-a3c0-fe5555640816 (type: security_group_rules) to 0
2026-05-06 19:38:41.318 7 INFO neutron.db.ovn_revision_numbers_db [None req-096a6cd7-5d33-40dc-ab0c-76e9bb88d324 a055c42e227d4dbbaa47d2ac545990ce e3d527f98a834a8986191e07ff1ed41f - - default default] Successfully bumped revision number for resource ba5e8c06-10a1-4599-ab19-2f8613992e79 (type: security_group_rules) to 0
2026-05-06 19:38:41.330 7 INFO neutron.db.ovn_revision_numbers_db [None req-096a6cd7-5d33-40dc-ab0c-76e9bb88d324 a055c42e227d4dbbaa47d2ac545990ce e3d527f98a834a8986191e07ff1ed41f - - default default] Successfully bumped revision number for resource d3d6be4b-bc5c-4977-8463-327b6fbaa05f (type: security_group_rules) to 0
2026-05-06 19:38:41.416 8 WARNING neutron.scheduler.dhcp_agent_scheduler [None req-449f5f1b-195b-4854-b1d2-f7fa71367b1d ea6b60add5ac417f9c61d07a285b6600 de481be9e8eb4962b495507444e13b8c - - default default] No more DHCP agents
2026-05-06 19:38:41.416 7 INFO neutron.db.segments_db [None req-096a6cd7-5d33-40dc-ab0c-76e9bb88d324 a055c42e227d4dbbaa47d2ac545990ce e3d527f98a834a8986191e07ff1ed41f - - default default] Added segment 396118ad-fc1c-41fb-ade0-e07cdbd287d9 of type geneve for network cf1adce0-daae-4260-b93b-aff7e5034475
2026-05-06 19:38:41.417 8 WARNING neutron.api.rpc.agentnotifiers.dhcp_rpc_agent_api [None req-449f5f1b-195b-4854-b1d2-f7fa71367b1d ea6b60add5ac417f9c61d07a285b6600 de481be9e8eb4962b495507444e13b8c - - default default] Unable to schedule network 37d1db50-4141-4ce6-a9df-7eec7f6944b0: no agents available; will retry on subsequent port and subnet creation events.
2026-05-06 19:38:41.462 7 INFO neutron.plugins.ml2.drivers.ovn.mech_driver.mech_driver [None req-d238a5a3-467d-4c36-be6f-76ff78e59769 - - - - - -] OVN reports status down for port: c24506cc-3bfa-4c67-85d7-26cebca524e0
2026-05-06 19:38:41.493 8 INFO neutron.db.ovn_revision_numbers_db [None req-449f5f1b-195b-4854-b1d2-f7fa71367b1d ea6b60add5ac417f9c61d07a285b6600 de481be9e8eb4962b495507444e13b8c - - default default] Successfully bumped revision number for resource c24506cc-3bfa-4c67-85d7-26cebca524e0 (type: ports) to 1 [pid: 8|app: 0|req: 704/1345] 10.0.0.199 () {34 vars in 670 bytes} [Wed May 6 19:38:41 2026] POST /v2.0/networks => generated 649 bytes in 512 msecs (HTTP/1.1 201) 4 headers in 162 bytes (1 switches on core 0)
2026-05-06 19:38:41.587 7 INFO neutron.db.ovn_revision_numbers_db [None req-096a6cd7-5d33-40dc-ab0c-76e9bb88d324 a055c42e227d4dbbaa47d2ac545990ce e3d527f98a834a8986191e07ff1ed41f - - default default] Successfully bumped revision number for resource cf1adce0-daae-4260-b93b-aff7e5034475 (type: networks) to 1
2026-05-06 19:38:41.732 8 WARNING neutron.scheduler.dhcp_agent_scheduler [None req-41e11fd9-bc22-4f89-86d4-23cde89cbb07 ea6b60add5ac417f9c61d07a285b6600 de481be9e8eb4962b495507444e13b8c - - default default] No more DHCP agents
2026-05-06 19:38:41.733 8 WARNING neutron.api.rpc.agentnotifiers.dhcp_rpc_agent_api [None req-41e11fd9-bc22-4f89-86d4-23cde89cbb07 ea6b60add5ac417f9c61d07a285b6600 de481be9e8eb4962b495507444e13b8c - - default default] Unable to schedule network 37d1db50-4141-4ce6-a9df-7eec7f6944b0: no agents available; will retry on subsequent port and subnet creation events.
2026-05-06 19:38:41.749 7 WARNING neutron.scheduler.dhcp_agent_scheduler [None req-096a6cd7-5d33-40dc-ab0c-76e9bb88d324 a055c42e227d4dbbaa47d2ac545990ce e3d527f98a834a8986191e07ff1ed41f - - default default] No more DHCP agents
2026-05-06 19:38:41.750 7 WARNING neutron.api.rpc.agentnotifiers.dhcp_rpc_agent_api [None req-096a6cd7-5d33-40dc-ab0c-76e9bb88d324 a055c42e227d4dbbaa47d2ac545990ce e3d527f98a834a8986191e07ff1ed41f - - default default] Unable to schedule network cf1adce0-daae-4260-b93b-aff7e5034475: no agents available; will retry on subsequent port and subnet creation events.
2026-05-06 19:38:41.793 7 INFO neutron.plugins.ml2.drivers.ovn.mech_driver.mech_driver [None req-d238a5a3-467d-4c36-be6f-76ff78e59769 - - - - - -] OVN reports status down for port: ec716c4f-75b9-4e7d-9018-7d1c0fa72399
2026-05-06 19:38:41.848 7 INFO neutron.db.ovn_revision_numbers_db [None req-096a6cd7-5d33-40dc-ab0c-76e9bb88d324 a055c42e227d4dbbaa47d2ac545990ce e3d527f98a834a8986191e07ff1ed41f - - default default] Successfully bumped revision number for resource ec716c4f-75b9-4e7d-9018-7d1c0fa72399 (type: ports) to 1 [pid: 7|app: 0|req: 642/1346] 10.0.0.199 () {34 vars in 670 bytes} [Wed May 6 19:38:40 2026] POST /v2.0/networks => generated 665 bytes in 930 msecs (HTTP/1.1 201) 4 headers in 162 bytes (1 switches on core 0) [pid: 7|app: 0|req: 643/1347] 10.0.0.199 () {32 vars in 717 bytes} [Wed May 6 19:38:41 2026] GET /v2.0/ports/19905a78-c235-4e1c-8365-f5acdc2b8487 => generated 945 bytes in 37 msecs (HTTP/1.1 200) 4 headers in 157 bytes (1 switches on core 0)
2026-05-06 19:38:42.190 8 INFO neutron.db.ovn_revision_numbers_db [None req-afebebce-00cf-4763-acc4-a66fbd8e0e74 - - - - - -] Successfully bumped revision number for resource c24506cc-3bfa-4c67-85d7-26cebca524e0 (type: ports) to 2
2026-05-06 19:38:42.217 8 INFO neutron.db.ovn_revision_numbers_db [None req-afebebce-00cf-4763-acc4-a66fbd8e0e74 - - - - - -] Successfully bumped revision number for resource 96256638-0e7b-4d85-afc6-d4c9b89946da (type: subnets) to 0 [pid: 8|app: 0|req: 705/1348] 10.0.0.199 () {34 vars in 669 bytes} [Wed May 6 19:38:41 2026] POST /v2.0/subnets => generated 626 bytes in 697 msecs (HTTP/1.1 201) 4 headers in 162 bytes (1 switches on core 0)
2026-05-06 19:38:42.376 7 INFO neutron.db.ovn_revision_numbers_db [None req-7097d971-b002-4521-9816-6d30814fff97 ea6b60add5ac417f9c61d07a285b6600 de481be9e8eb4962b495507444e13b8c - - default default] Successfully bumped revision number for resource 696cd03d-e592-48de-a7f2-6a2761158083 (type: routers) to 1 [pid: 7|app: 0|req: 644/1349] 10.0.0.199 () {34 vars in 669 bytes} [Wed May 6 19:38:42 2026] POST /v2.0/routers => generated 603 bytes in 148 msecs (HTTP/1.1 201) 4 headers in 162 bytes (1 switches on core 0)
2026-05-06 19:38:42.598 7 WARNING neutron.scheduler.dhcp_agent_scheduler [None req-1d2c22e4-eeaa-4187-a0f6-281ba9810de2 a055c42e227d4dbbaa47d2ac545990ce e3d527f98a834a8986191e07ff1ed41f - - default default] No more DHCP agents
2026-05-06 19:38:42.599 7 WARNING neutron.api.rpc.agentnotifiers.dhcp_rpc_agent_api [None req-1d2c22e4-eeaa-4187-a0f6-281ba9810de2 a055c42e227d4dbbaa47d2ac545990ce e3d527f98a834a8986191e07ff1ed41f - - default default] Unable to schedule network cf1adce0-daae-4260-b93b-aff7e5034475: no agents available; will retry on subsequent port and subnet creation events.
2026-05-06 19:38:42.623 8 WARNING neutron.scheduler.dhcp_agent_scheduler [None req-2eae819b-35b2-46b7-a907-f83275921aa8 ea6b60add5ac417f9c61d07a285b6600 de481be9e8eb4962b495507444e13b8c - - default default] No more DHCP agents
2026-05-06 19:38:42.625 8 WARNING neutron.api.rpc.agentnotifiers.dhcp_rpc_agent_api [None req-2eae819b-35b2-46b7-a907-f83275921aa8 ea6b60add5ac417f9c61d07a285b6600 de481be9e8eb4962b495507444e13b8c - - default default] Unable to schedule network 37d1db50-4141-4ce6-a9df-7eec7f6944b0: no agents available; will retry on subsequent port and subnet creation events.
2026-05-06 19:38:42.627 7 INFO neutron.db.ovn_revision_numbers_db [None req-1d2c22e4-eeaa-4187-a0f6-281ba9810de2 a055c42e227d4dbbaa47d2ac545990ce e3d527f98a834a8986191e07ff1ed41f - - default default] Successfully bumped revision number for resource 1639a21c-73bf-42da-989b-d919b247c6bd (type: subnets) to 0 [pid: 7|app: 0|req: 645/1350] 10.0.0.199 () {34 vars in 669 bytes} [Wed May 6 19:38:42 2026] POST /v2.0/subnets => generated 673 bytes in 240 msecs (HTTP/1.1 201) 4 headers in 162 bytes (1 switches on core 0)
2026-05-06 19:38:42.748 8 INFO neutron.db.ovn_revision_numbers_db [None req-2eae819b-35b2-46b7-a907-f83275921aa8 ea6b60add5ac417f9c61d07a285b6600 de481be9e8eb4962b495507444e13b8c - - default default] Successfully bumped revision number for resource 41f590dc-34ba-45e2-98d1-62489c595492 (type: ports) to 1
2026-05-06 19:38:42.757 7 INFO neutron.db.segments_db [None req-aebb408b-d978-4b61-a1ce-cbd9676ecf2e a055c42e227d4dbbaa47d2ac545990ce e3d527f98a834a8986191e07ff1ed41f - - default default] Added segment 10c77cbd-aac2-4ce4-ac79-d8c12af5fadd of type geneve for network 481ed8d3-25d0-4daa-84a1-d07dd61cb716 [pid: 8|app: 0|req: 706/1351] 10.0.0.199 () {34 vars in 665 bytes} [Wed May 6 19:38:42 2026] POST /v2.0/ports => generated 952 bytes in 377 msecs (HTTP/1.1 201) 4 headers in 162 bytes (1 switches on core 0) /var/lib/openstack/lib/python3.12/site-packages/pycadf/identifier.py:70: UserWarning: Invalid uuid: neutron. To ensure interoperability, identifiers should be a valid uuid. warnings.warn(('Invalid uuid: %s. To ensure interoperability, '
2026-05-06 19:38:42.882 7 INFO neutron.db.ovn_revision_numbers_db [None req-aebb408b-d978-4b61-a1ce-cbd9676ecf2e a055c42e227d4dbbaa47d2ac545990ce e3d527f98a834a8986191e07ff1ed41f - - default default] Successfully bumped revision number for resource 481ed8d3-25d0-4daa-84a1-d07dd61cb716 (type: networks) to 1
2026-05-06 19:38:43.035 7 WARNING neutron.scheduler.dhcp_agent_scheduler [None req-aebb408b-d978-4b61-a1ce-cbd9676ecf2e a055c42e227d4dbbaa47d2ac545990ce e3d527f98a834a8986191e07ff1ed41f - - default default] No more DHCP agents
2026-05-06 19:38:43.037 7 WARNING neutron.api.rpc.agentnotifiers.dhcp_rpc_agent_api [None req-aebb408b-d978-4b61-a1ce-cbd9676ecf2e a055c42e227d4dbbaa47d2ac545990ce e3d527f98a834a8986191e07ff1ed41f - - default default] Unable to schedule network 481ed8d3-25d0-4daa-84a1-d07dd61cb716: no agents available; will retry on subsequent port and subnet creation events.
2026-05-06 19:38:43.079 7 INFO neutron.plugins.ml2.drivers.ovn.mech_driver.mech_driver [None req-d238a5a3-467d-4c36-be6f-76ff78e59769 - - - - - -] OVN reports status down for port: fc8ddac9-327c-4fcc-9b3f-6ea1b7edb446
2026-05-06 19:38:43.146 7 INFO neutron.db.ovn_revision_numbers_db [None req-aebb408b-d978-4b61-a1ce-cbd9676ecf2e a055c42e227d4dbbaa47d2ac545990ce e3d527f98a834a8986191e07ff1ed41f - - default default] Successfully bumped revision number for resource fc8ddac9-327c-4fcc-9b3f-6ea1b7edb446 (type: ports) to 1 [pid: 7|app: 0|req: 646/1352] 10.0.0.199 () {34 vars in 670 bytes} [Wed May 6 19:38:42 2026] POST /v2.0/networks => generated 666 bytes in 561 msecs (HTTP/1.1 201) 4 headers in 162 bytes (1 switches on core 0)
2026-05-06 19:38:43.260 8 INFO neutron.db.ovn_revision_numbers_db [None req-a8f0f97b-a478-4f05-bcf5-d33ec81bb394 ea6b60add5ac417f9c61d07a285b6600 de481be9e8eb4962b495507444e13b8c - - default default] Successfully bumped revision number for resource 41f590dc-34ba-45e2-98d1-62489c595492 (type: ports) to 2
2026-05-06 19:38:43.447 8 WARNING neutron.plugins.ml2.drivers.ovn.mech_driver.ovsdb.ovn_client [None req-24bd8252-fa44-4a33-b450-96275acdb1cc - - - - - -] No port found with ID f52c35f2-204d-411e-a43d-30b8ec05490a: RuntimeError: No port found with ID f52c35f2-204d-411e-a43d-30b8ec05490a
2026-05-06 19:38:43.463 7 INFO neutron.db.ovn_revision_numbers_db [None req-f511996c-6050-4c82-94b8-766919f27379 9b6ef315975d44c1b195ea46ac65eab3 d58dc6e14afb44a6a2e31f11e0c48dbe - - default default] Successfully bumped revision number for resource 78b45393-522f-4eb7-a570-e18c05994424 (type: security_groups) to 1
2026-05-06 19:38:43.470 8 INFO neutron.plugins.ml2.drivers.ovn.mech_driver.mech_driver [None req-24bd8252-fa44-4a33-b450-96275acdb1cc - - - - - -] OVN reports status down for port: 19905a78-c235-4e1c-8365-f5acdc2b8487
2026-05-06 19:38:43.477 7 INFO neutron.db.ovn_revision_numbers_db [None req-f511996c-6050-4c82-94b8-766919f27379 9b6ef315975d44c1b195ea46ac65eab3 d58dc6e14afb44a6a2e31f11e0c48dbe - - default default] Successfully bumped revision number for resource 07f9769a-c010-4dea-b555-7e55916b1c9d (type: security_group_rules) to 0
2026-05-06 19:38:43.490 7 INFO neutron.db.ovn_revision_numbers_db [None req-f511996c-6050-4c82-94b8-766919f27379 9b6ef315975d44c1b195ea46ac65eab3 d58dc6e14afb44a6a2e31f11e0c48dbe - - default default] Successfully bumped revision number for resource 30515fbe-fac4-43f5-a0cc-b424cd968f78 (type: security_group_rules) to 0
2026-05-06 19:38:43.501 7 INFO neutron.db.ovn_revision_numbers_db [None req-f511996c-6050-4c82-94b8-766919f27379 9b6ef315975d44c1b195ea46ac65eab3 d58dc6e14afb44a6a2e31f11e0c48dbe - - default default] Successfully bumped revision number for resource 4aea5e34-2caf-4564-8187-c56b0f0466bc (type: security_group_rules) to 0
2026-05-06 19:38:43.512 7 INFO neutron.db.ovn_revision_numbers_db [None req-f511996c-6050-4c82-94b8-766919f27379 9b6ef315975d44c1b195ea46ac65eab3 d58dc6e14afb44a6a2e31f11e0c48dbe - - default default] Successfully bumped revision number for resource 653aa91d-f245-40b9-b152-52615d2501f2 (type: security_group_rules) to 0 [pid: 7|app: 0|req: 647/1353] 10.0.0.199 () {32 vars in 774 bytes} [Wed May 6 19:38:43 2026] GET /v2.0/security-groups?tenant_id=20b8792053a34ac28bb066f0fbbc6871&name=default => generated 2925 bytes in 333 msecs (HTTP/1.1 200) 4 headers in 158 bytes (1 switches on core 0) [pid: 7|app: 0|req: 648/1354] 10.0.0.199 () {32 vars in 717 bytes} [Wed May 6 19:38:43 2026] GET /v2.0/ports/19905a78-c235-4e1c-8365-f5acdc2b8487 => generated 945 bytes in 35 msecs (HTTP/1.1 200) 4 headers in 157 bytes (1 switches on core 0)
2026-05-06 19:38:43.607 8 WARNING neutron.plugins.ml2.drivers.ovn.mech_driver.ovsdb.ovn_client [None req-24bd8252-fa44-4a33-b450-96275acdb1cc - - - - - -] Logical_Switch_Port %s host information not removed, the port state is up
2026-05-06 19:38:43.607 8 INFO neutron.plugins.ml2.drivers.ovn.mech_driver.mech_driver [None req-24bd8252-fa44-4a33-b450-96275acdb1cc - - - - - -] OVN reports status up for port: 19905a78-c235-4e1c-8365-f5acdc2b8487
2026-05-06 19:38:43.634 8 INFO neutron.plugins.ml2.plugin [None req-24bd8252-fa44-4a33-b450-96275acdb1cc - - - - - -] Attempt 1 to provision port 19905a78-c235-4e1c-8365-f5acdc2b8487
2026-05-06 19:38:43.708 7 INFO neutron.db.ovn_revision_numbers_db [None req-4c9c0526-afb5-4824-9eff-524027ac90df a055c42e227d4dbbaa47d2ac545990ce e3d527f98a834a8986191e07ff1ed41f - - default default] Successfully bumped revision number for resource 481ed8d3-25d0-4daa-84a1-d07dd61cb716 (type: networks) to 2 [pid: 7|app: 0|req: 649/1355] 10.0.0.199 () {34 vars in 743 bytes} [Wed May 6 19:38:43 2026] PUT /v2.0/networks/481ed8d3-25d0-4daa-84a1-d07dd61cb716 => generated 636 bytes in 128 msecs (HTTP/1.1 200) 4 headers in 157 bytes (1 switches on core 0)
2026-05-06 19:38:44.366 8 WARNING neutron.scheduler.dhcp_agent_scheduler [None req-a8f0f97b-a478-4f05-bcf5-d33ec81bb394 ea6b60add5ac417f9c61d07a285b6600 de481be9e8eb4962b495507444e13b8c - - default default] No more DHCP agents
2026-05-06 19:38:44.368 8 WARNING neutron.api.rpc.agentnotifiers.dhcp_rpc_agent_api [None req-a8f0f97b-a478-4f05-bcf5-d33ec81bb394 ea6b60add5ac417f9c61d07a285b6600 de481be9e8eb4962b495507444e13b8c - - default default] Unable to schedule network 37d1db50-4141-4ce6-a9df-7eec7f6944b0: no agents available; will retry on subsequent port and subnet creation events.
2026-05-06 19:38:44.371 8 INFO neutron.db.ovn_revision_numbers_db [None req-24bd8252-fa44-4a33-b450-96275acdb1cc - - - - - -] Successfully bumped revision number for resource 19905a78-c235-4e1c-8365-f5acdc2b8487 (type: ports) to 2
2026-05-06 19:38:44.630 8 INFO neutron.db.ovn_revision_numbers_db [None req-a8f0f97b-a478-4f05-bcf5-d33ec81bb394 ea6b60add5ac417f9c61d07a285b6600 de481be9e8eb4962b495507444e13b8c - - default default] Successfully bumped revision number for resource 41f590dc-34ba-45e2-98d1-62489c595492 (type: router_ports) to 2 [pid: 8|app: 0|req: 707/1356] 10.0.0.199 () {34 vars in 783 bytes} [Wed May 6 19:38:42 2026] PUT /v2.0/routers/696cd03d-e592-48de-a7f2-6a2761158083/add_router_interface => generated 309 bytes in 1857 msecs (HTTP/1.1 200) 4 headers in 157 bytes (1 switches on core 0) /var/lib/openstack/lib/python3.12/site-packages/pycadf/identifier.py:70: UserWarning: Invalid uuid: neutron. To ensure interoperability, identifiers should be a valid uuid. warnings.warn(('Invalid uuid: %s. To ensure interoperability, ' [pid: 7|app: 0|req: 650/1357] 10.0.0.199 () {32 vars in 740 bytes} [Wed May 6 19:38:43 2026] DELETE /v2.0/security-groups/78b45393-522f-4eb7-a570-e18c05994424 => generated 0 bytes in 996 msecs (HTTP/1.1 204) 2 headers in 112 bytes (1 switches on core 0) [pid: 7|app: 0|req: 651/1358] 10.0.0.199 () {32 vars in 717 bytes} [Wed May 6 19:38:44 2026] GET /v2.0/ports/19905a78-c235-4e1c-8365-f5acdc2b8487 => generated 947 bytes in 98 msecs (HTTP/1.1 200) 4 headers in 157 bytes (1 switches on core 0)
2026-05-06 19:38:44.839 8 WARNING neutron.scheduler.dhcp_agent_scheduler [None req-b04712c6-f953-4e0e-9d3c-40998bc3503e a055c42e227d4dbbaa47d2ac545990ce e3d527f98a834a8986191e07ff1ed41f - - default default] No more DHCP agents
2026-05-06 19:38:44.841 8 WARNING neutron.api.rpc.agentnotifiers.dhcp_rpc_agent_api [None req-b04712c6-f953-4e0e-9d3c-40998bc3503e a055c42e227d4dbbaa47d2ac545990ce e3d527f98a834a8986191e07ff1ed41f - - default default] Unable to schedule network 481ed8d3-25d0-4daa-84a1-d07dd61cb716: no agents available; will retry on subsequent port and subnet creation events.
2026-05-06 19:38:44.872 8 INFO neutron.db.ovn_revision_numbers_db [None req-b04712c6-f953-4e0e-9d3c-40998bc3503e a055c42e227d4dbbaa47d2ac545990ce e3d527f98a834a8986191e07ff1ed41f - - default default] Successfully bumped revision number for resource 87ea4944-fd80-4968-9ff7-7df18832ca1b (type: subnets) to 0 [pid: 7|app: 0|req: 652/1359] 10.0.0.199 () {32 vars in 717 bytes} [Wed May 6 19:38:44 2026] GET /v2.0/ports/41f590dc-34ba-45e2-98d1-62489c595492 => generated 1012 bytes in 76 msecs (HTTP/1.1 200) 4 headers in 158 bytes (1 switches on core 0) [pid: 8|app: 0|req: 708/1360] 10.0.0.199 () {34 vars in 669 bytes} [Wed May 6 19:38:44 2026] POST /v2.0/subnets => generated 646 bytes in 255 msecs (HTTP/1.1 201) 4 headers in 162 bytes (1 switches on core 0)
2026-05-06 19:38:45.046 8 INFO neutron.db.ovn_revision_numbers_db [None req-cc254bfe-e866-48c4-bd85-96ca9b95f3ee 9b6ef315975d44c1b195ea46ac65eab3 d58dc6e14afb44a6a2e31f11e0c48dbe - - default default] Successfully bumped revision number for resource ce077ae0-530f-4899-af1e-86f13b5f78e8 (type: security_groups) to 1
2026-05-06 19:38:45.059 8 INFO neutron.db.ovn_revision_numbers_db [None req-cc254bfe-e866-48c4-bd85-96ca9b95f3ee 9b6ef315975d44c1b195ea46ac65eab3 d58dc6e14afb44a6a2e31f11e0c48dbe - - default default] Successfully bumped revision number for resource 220c96db-cdfc-4d08-8b86-9d38867f8c6c (type: security_group_rules) to 0
2026-05-06 19:38:45.071 8 INFO neutron.db.ovn_revision_numbers_db [None req-cc254bfe-e866-48c4-bd85-96ca9b95f3ee 9b6ef315975d44c1b195ea46ac65eab3 d58dc6e14afb44a6a2e31f11e0c48dbe - - default default] Successfully bumped revision number for resource 22dd52e3-37de-4e30-b9a7-1a7548e339a2 (type: security_group_rules) to 0
2026-05-06 19:38:45.082 8 INFO neutron.db.ovn_revision_numbers_db [None req-cc254bfe-e866-48c4-bd85-96ca9b95f3ee 9b6ef315975d44c1b195ea46ac65eab3 d58dc6e14afb44a6a2e31f11e0c48dbe - - default default] Successfully bumped revision number for resource 77f42539-ef23-4974-9f20-5af844963753 (type: security_group_rules) to 0
2026-05-06 19:38:45.094 8 INFO neutron.db.ovn_revision_numbers_db [None req-cc254bfe-e866-48c4-bd85-96ca9b95f3ee 9b6ef315975d44c1b195ea46ac65eab3 d58dc6e14afb44a6a2e31f11e0c48dbe - - default default] Successfully bumped revision number for resource 8ac1b593-8538-4758-9e99-dd897adac568 (type: security_group_rules) to 0 [pid: 8|app: 0|req: 709/1361] 10.0.0.199 () {32 vars in 774 bytes} [Wed May 6 19:38:44 2026] GET /v2.0/security-groups?tenant_id=c67676c234cd4427bce9dadf3b67cb3f&name=default => generated 2925 bytes in 248 msecs (HTTP/1.1 200) 4 headers in 158 bytes (1 switches on core 0)
2026-05-06 19:38:45.186 7 INFO neutron_taas.services.taas.taas_plugin [None req-8b649537-93f6-4a68-a19c-af8410a29fd3 fbce3c030aaa43c2b05935e8093153d5 ee279c36a3084275a421a82c224cbdcd - - default default] TaaS: Handle Delete Port: 19905a78-c235-4e1c-8365-f5acdc2b8487
2026-05-06 19:38:45.189 7 INFO neutron_taas.services.taas.tap_mirror_plugin [None req-8b649537-93f6-4a68-a19c-af8410a29fd3 fbce3c030aaa43c2b05935e8093153d5 ee279c36a3084275a421a82c224cbdcd - - default default] Tap Mirror: Handle Delete Port: 19905a78-c235-4e1c-8365-f5acdc2b8487
2026-05-06 19:38:45.476 8 INFO neutron_taas.services.taas.taas_plugin [None req-c3729ae3-e89d-4306-9169-7a12490f02c4 ea6b60add5ac417f9c61d07a285b6600 de481be9e8eb4962b495507444e13b8c - - default default] TaaS: Handle Delete Port: 41f590dc-34ba-45e2-98d1-62489c595492
2026-05-06 19:38:45.480 8 INFO neutron_taas.services.taas.tap_mirror_plugin [None req-c3729ae3-e89d-4306-9169-7a12490f02c4 ea6b60add5ac417f9c61d07a285b6600 de481be9e8eb4962b495507444e13b8c - - default default] Tap Mirror: Handle Delete Port: 41f590dc-34ba-45e2-98d1-62489c595492 [pid: 7|app: 0|req: 653/1362] 10.0.0.199 () {34 vars in 789 bytes} [Wed May 6 19:38:44 2026] PUT /v2.0/routers/416d6b8b-aa34-4da7-a8f9-a5b35555d95f/remove_router_interface => generated 309 bytes in 599 msecs (HTTP/1.1 200) 4 headers in 157 bytes (1 switches on core 0) /var/lib/openstack/lib/python3.12/site-packages/pycadf/identifier.py:70: UserWarning: Invalid uuid: neutron. To ensure interoperability, identifiers should be a valid uuid. warnings.warn(('Invalid uuid: %s. To ensure interoperability, ' [pid: 8|app: 0|req: 710/1363] 10.0.0.199 () {34 vars in 789 bytes} [Wed May 6 19:38:45 2026] PUT /v2.0/routers/696cd03d-e592-48de-a7f2-6a2761158083/remove_router_interface => generated 309 bytes in 651 msecs (HTTP/1.1 200) 4 headers in 157 bytes (1 switches on core 0) /var/lib/openstack/lib/python3.12/site-packages/pycadf/identifier.py:70: UserWarning: Invalid uuid: neutron. To ensure interoperability, identifiers should be a valid uuid. warnings.warn(('Invalid uuid: %s. To ensure interoperability, ' [pid: 8|app: 0|req: 711/1364] 10.0.0.199 () {32 vars in 740 bytes} [Wed May 6 19:38:45 2026] DELETE /v2.0/security-groups/ce077ae0-530f-4899-af1e-86f13b5f78e8 => generated 0 bytes in 212 msecs (HTTP/1.1 204) 2 headers in 112 bytes (1 switches on core 0) [pid: 8|app: 0|req: 712/1365] 10.0.0.199 () {32 vars in 736 bytes} [Wed May 6 19:38:46 2026] GET /v2.0/ports?device_id=416d6b8b-aa34-4da7-a8f9-a5b35555d95f => generated 12 bytes in 21 msecs (HTTP/1.1 200) 4 headers in 156 bytes (1 switches on core 0)
2026-05-06 19:38:46.072 8 INFO neutron.api.v2.resource [None req-24af9b1b-78c2-4989-92e4-c2b6bf96066f ea6b60add5ac417f9c61d07a285b6600 de481be9e8eb4962b495507444e13b8c - - default default] remove_router_interface failed (client error): The resource could not be found. [pid: 8|app: 0|req: 713/1366] 10.0.0.199 () {34 vars in 789 bytes} [Wed May 6 19:38:46 2026] PUT /v2.0/routers/696cd03d-e592-48de-a7f2-6a2761158083/remove_router_interface => generated 197 bytes in 48 msecs (HTTP/1.1 404) 4 headers in 164 bytes (1 switches on core 0)
2026-05-06 19:38:46.134 7 INFO neutron.db.ovn_revision_numbers_db [None req-e41dab5c-20a2-4280-a907-76f0a99abc28 - - - - - -] Successfully bumped revision number for resource fc8ddac9-327c-4fcc-9b3f-6ea1b7edb446 (type: ports) to 2
2026-05-06 19:38:46.185 7 INFO neutron.db.ovn_revision_numbers_db [None req-e41dab5c-20a2-4280-a907-76f0a99abc28 - - - - - -] Successfully bumped revision number for resource 87ea4944-fd80-4968-9ff7-7df18832ca1b (type: subnets) to 1 [pid: 7|app: 0|req: 654/1367] 10.0.0.199 () {34 vars in 741 bytes} [Wed May 6 19:38:45 2026] PUT /v2.0/subnets/87ea4944-fd80-4968-9ff7-7df18832ca1b => generated 656 bytes in 706 msecs (HTTP/1.1 200) 4 headers in 157 bytes (1 switches on core 0) [pid: 7|app: 0|req: 655/1368] 10.0.0.199 () {32 vars in 736 bytes} [Wed May 6 19:38:46 2026] GET /v2.0/ports?device_id=696cd03d-e592-48de-a7f2-6a2761158083 => generated 12 bytes in 20 msecs (HTTP/1.1 200) 4 headers in 156 bytes (1 switches on core 0) [pid: 8|app: 0|req: 714/1369] 10.0.0.199 () {32 vars in 724 bytes} [Wed May 6 19:38:46 2026] DELETE /v2.0/routers/416d6b8b-aa34-4da7-a8f9-a5b35555d95f => generated 0 bytes in 223 msecs (HTTP/1.1 204) 2 headers in 112 bytes (1 switches on core 0)
2026-05-06 19:38:46.372 7 INFO neutron_taas.services.taas.taas_plugin [None req-42b5e62b-5bd6-43c4-83de-399634505b27 a055c42e227d4dbbaa47d2ac545990ce e3d527f98a834a8986191e07ff1ed41f - - default default] TaaS: Handle Delete Port: fc8ddac9-327c-4fcc-9b3f-6ea1b7edb446
2026-05-06 19:38:46.376 7 INFO neutron_taas.services.taas.tap_mirror_plugin [None req-42b5e62b-5bd6-43c4-83de-399634505b27 a055c42e227d4dbbaa47d2ac545990ce e3d527f98a834a8986191e07ff1ed41f - - default default] Tap Mirror: Handle Delete Port: fc8ddac9-327c-4fcc-9b3f-6ea1b7edb446 [pid: 8|app: 0|req: 715/1370] 10.0.0.199 () {32 vars in 724 bytes} [Wed May 6 19:38:46 2026] DELETE /v2.0/routers/696cd03d-e592-48de-a7f2-6a2761158083 => generated 0 bytes in 220 msecs (HTTP/1.1 204) 2 headers in 112 bytes (1 switches on core 0)
2026-05-06 19:38:46.658 7 INFO neutron.services.segments.plugin [-] Segment 10c77cbd-aac2-4ce4-ac79-d8c12af5fadd resource provider aggregate not found
2026-05-06 19:38:46.664 7 INFO neutron.services.segments.plugin [-] Segment 10c77cbd-aac2-4ce4-ac79-d8c12af5fadd resource provider aggregate not found [pid: 8|app: 0|req: 716/1371] 10.0.0.199 () {32 vars in 724 bytes} [Wed May 6 19:38:46 2026] DELETE /v2.0/subnets/0f78e65d-d23c-4749-89b6-3f0eb7dd50df => generated 0 bytes in 157 msecs (HTTP/1.1 204) 3 headers in 131 bytes (1 switches on core 0)
2026-05-06 19:38:46.689 7 INFO neutron.services.segments.plugin [-] Segment 10c77cbd-aac2-4ce4-ac79-d8c12af5fadd resource provider not found; error: Placement Client Error (4xx): {"errors": [{"status": 404, "title": "Not Found", "detail": "The resource could not be found.\n\n No resource provider with uuid 10c77cbd-aac2-4ce4-ac79-d8c12af5fadd found for delete ", "request_id": "req-c423006e-4a23-4f27-ac7d-e8104d6e47c4"}]}
2026-05-06 19:38:46.694 7 INFO neutron.services.segments.plugin [-] Segment 10c77cbd-aac2-4ce4-ac79-d8c12af5fadd resource provider not found; error: Placement Client Error (4xx): {"errors": [{"status": 404, "title": "Not Found", "detail": "The resource could not be found.\n\n No resource provider with uuid 10c77cbd-aac2-4ce4-ac79-d8c12af5fadd found for delete ", "request_id": "req-d73d902e-15ac-4a28-8aa2-3c35b062c160"}]} [pid: 7|app: 0|req: 656/1372] 10.0.0.199 () {32 vars in 726 bytes} [Wed May 6 19:38:46 2026] DELETE /v2.0/networks/481ed8d3-25d0-4daa-84a1-d07dd61cb716 => generated 0 bytes in 491 msecs (HTTP/1.1 204) 3 headers in 131 bytes (1 switches on core 0) [pid: 7|app: 0|req: 657/1373] 10.0.0.199 () {32 vars in 724 bytes} [Wed May 6 19:38:46 2026] DELETE /v2.0/subnets/c874def9-3626-4320-8862-9c4ebc8065f2 => generated 0 bytes in 115 msecs (HTTP/1.1 204) 3 headers in 131 bytes (1 switches on core 0)
2026-05-06 19:38:46.835 7 INFO neutron.pecan_wsgi.hooks.translation [None req-0605784c-35cb-471e-8bb5-1f95a8ef7fb8 a055c42e227d4dbbaa47d2ac545990ce e3d527f98a834a8986191e07ff1ed41f - - default default] DELETE failed (client error): The resource could not be found. [pid: 7|app: 0|req: 658/1374] 10.0.0.199 () {32 vars in 726 bytes} [Wed May 6 19:38:46 2026] DELETE /v2.0/networks/481ed8d3-25d0-4daa-84a1-d07dd61cb716 => generated 138 bytes in 19 msecs (HTTP/1.1 404) 4 headers in 164 bytes (1 switches on core 0) [pid: 8|app: 0|req: 717/1375] 10.0.0.199 () {32 vars in 724 bytes} [Wed May 6 19:38:46 2026] DELETE /v2.0/subnets/96256638-0e7b-4d85-afc6-d4c9b89946da => generated 0 bytes in 175 msecs (HTTP/1.1 204) 3 headers in 131 bytes (1 switches on core 0) [pid: 8|app: 0|req: 718/1376] 10.0.0.199 () {32 vars in 694 bytes} [Wed May 6 19:38:46 2026] GET /v2.0/networks?router%3Aexternal=True => generated 689 bytes in 55 msecs (HTTP/1.1 200) 4 headers in 157 bytes (1 switches on core 0)
2026-05-06 19:38:46.955 7 INFO neutron_taas.services.taas.taas_plugin [None req-498da2a3-f92f-493b-bf95-555e53d61832 fbce3c030aaa43c2b05935e8093153d5 ee279c36a3084275a421a82c224cbdcd - - default default] TaaS: Handle Delete Port: e5f89d80-7bbf-473f-8d17-44b6b61def16
2026-05-06 19:38:46.957 7 INFO neutron_taas.services.taas.tap_mirror_plugin [None req-498da2a3-f92f-493b-bf95-555e53d61832 fbce3c030aaa43c2b05935e8093153d5 ee279c36a3084275a421a82c224cbdcd - - default default] Tap Mirror: Handle Delete Port: e5f89d80-7bbf-473f-8d17-44b6b61def16
2026-05-06 19:38:47.029 8 INFO neutron_taas.services.taas.taas_plugin [None req-17778911-3b65-4dad-98ad-59c9ea01517f ea6b60add5ac417f9c61d07a285b6600 de481be9e8eb4962b495507444e13b8c - - default default] TaaS: Handle Delete Port: c24506cc-3bfa-4c67-85d7-26cebca524e0
2026-05-06 19:38:47.035 8 INFO neutron_taas.services.taas.tap_mirror_plugin [None req-17778911-3b65-4dad-98ad-59c9ea01517f ea6b60add5ac417f9c61d07a285b6600 de481be9e8eb4962b495507444e13b8c - - default default] Tap Mirror: Handle Delete Port: c24506cc-3bfa-4c67-85d7-26cebca524e0 [pid: 7|app: 0|req: 659/1377] 10.0.0.199 () {32 vars in 726 bytes} [Wed May 6 19:38:46 2026] DELETE /v2.0/networks/6e3c84eb-b2af-44b2-b1a6-5c24b0ba661c => generated 0 bytes in 311 msecs (HTTP/1.1 204) 3 headers in 131 bytes (1 switches on core 0) [pid: 7|app: 0|req: 660/1378] 10.0.0.199 () {32 vars in 742 bytes} [Wed May 6 19:38:47 2026] GET /v2.0/subnets?network_id=4f55e61a-43c3-4b92-a946-649e8abfa739 => generated 649 bytes in 42 msecs (HTTP/1.1 200) 4 headers in 157 bytes (1 switches on core 0)
2026-05-06 19:38:47.237 8 INFO neutron.services.segments.plugin [-] Segment 9f15f745-2326-440c-977a-ff8b324c3ca4 resource provider aggregate not found
2026-05-06 19:38:47.243 8 INFO neutron.services.segments.plugin [-] Segment 9f15f745-2326-440c-977a-ff8b324c3ca4 resource provider aggregate not found
2026-05-06 19:38:47.254 8 INFO neutron.services.segments.plugin [-] Segment 9f15f745-2326-440c-977a-ff8b324c3ca4 resource provider not found; error: Placement Client Error (4xx): {"errors": [{"status": 404, "title": "Not Found", "detail": "The resource could not be found.\n\n No resource provider with uuid 9f15f745-2326-440c-977a-ff8b324c3ca4 found for delete ", "request_id": "req-68b1ebe3-e599-43ee-baae-1e9246aecd6a"}]}
2026-05-06 19:38:47.263 8 INFO neutron.services.segments.plugin [-] Segment 9f15f745-2326-440c-977a-ff8b324c3ca4 resource provider not found; error: Placement Client Error (4xx): {"errors": [{"status": 404, "title": "Not Found", "detail": "The resource could not be found.\n\n No resource provider with uuid 9f15f745-2326-440c-977a-ff8b324c3ca4 found for delete ", "request_id": "req-a1ee5124-d24c-492d-b2b7-ab974fa2756c"}]} [pid: 8|app: 0|req: 719/1379] 10.0.0.199 () {32 vars in 726 bytes} [Wed May 6 19:38:46 2026] DELETE /v2.0/networks/37d1db50-4141-4ce6-a9df-7eec7f6944b0 => generated 0 bytes in 378 msecs (HTTP/1.1 204) 3 headers in 131 bytes (1 switches on core 0) [pid: 8|app: 0|req: 720/1380] 10.0.0.199 () {32 vars in 653 bytes} [Wed May 6 19:38:47 2026] GET /v2.0/extensions => generated 20541 bytes in 5 msecs (HTTP/1.1 200) 4 headers in 159 bytes (1 switches on core 0)
2026-05-06 19:38:47.318 7 INFO neutron_taas.services.taas.taas_plugin [None req-acd94153-2e41-4204-a11e-8d83cc204831 fbce3c030aaa43c2b05935e8093153d5 ee279c36a3084275a421a82c224cbdcd - - default default] TaaS: Handle Delete Port: 736ff8d7-3210-4595-9916-443d82f49167
2026-05-06 19:38:47.321 7 INFO neutron_taas.services.taas.tap_mirror_plugin [None req-acd94153-2e41-4204-a11e-8d83cc204831 fbce3c030aaa43c2b05935e8093153d5 ee279c36a3084275a421a82c224cbdcd - - default default] Tap Mirror: Handle Delete Port: 736ff8d7-3210-4595-9916-443d82f49167
2026-05-06 19:38:47.378 8 INFO neutron.db.segments_db [None req-1169358a-d1c0-4f64-9965-55d0477260bd ea6b60add5ac417f9c61d07a285b6600 de481be9e8eb4962b495507444e13b8c - - default default] Added segment 327ac5d0-5b78-4a80-962a-ce5b8469a064 of type geneve for network 77054757-6e0f-48a3-a83b-1b24553527fb
2026-05-06 19:38:47.493 8 INFO neutron.db.ovn_revision_numbers_db [None req-1169358a-d1c0-4f64-9965-55d0477260bd ea6b60add5ac417f9c61d07a285b6600 de481be9e8eb4962b495507444e13b8c - - default default] Successfully bumped revision number for resource 77054757-6e0f-48a3-a83b-1b24553527fb (type: networks) to 1 [pid: 7|app: 0|req: 661/1381] 10.0.0.199 () {32 vars in 726 bytes} [Wed May 6 19:38:47 2026] DELETE /v2.0/networks/10d9a2a5-d22e-4be5-b41e-2ae4e557cb59 => generated 0 bytes in 305 msecs (HTTP/1.1 204) 3 headers in 131 bytes (1 switches on core 0) [pid: 7|app: 0|req: 662/1382] 10.0.0.199 () {32 vars in 649 bytes} [Wed May 6 19:38:47 2026] GET /v2.0/networks => generated 1387 bytes in 46 msecs (HTTP/1.1 200) 4 headers in 158 bytes (1 switches on core 0)
2026-05-06 19:38:47.623 7 INFO neutron.db.segments_db [None req-bd188ec7-7d3f-464a-96fa-ba8769b9349a fbce3c030aaa43c2b05935e8093153d5 ee279c36a3084275a421a82c224cbdcd - - default default] Added segment bfc1e333-4f2e-45b5-8144-f5f925fc38ad of type geneve for network 95366760-32f4-4a5a-9ba8-39829651d041
2026-05-06 19:38:47.673 8 WARNING neutron.scheduler.dhcp_agent_scheduler [None req-1169358a-d1c0-4f64-9965-55d0477260bd ea6b60add5ac417f9c61d07a285b6600 de481be9e8eb4962b495507444e13b8c - - default default] No more DHCP agents
2026-05-06 19:38:47.674 8 WARNING neutron.api.rpc.agentnotifiers.dhcp_rpc_agent_api [None req-1169358a-d1c0-4f64-9965-55d0477260bd ea6b60add5ac417f9c61d07a285b6600 de481be9e8eb4962b495507444e13b8c - - default default] Unable to schedule network 77054757-6e0f-48a3-a83b-1b24553527fb: no agents available; will retry on subsequent port and subnet creation events.
2026-05-06 19:38:47.735 7 INFO neutron.db.ovn_revision_numbers_db [None req-bd188ec7-7d3f-464a-96fa-ba8769b9349a fbce3c030aaa43c2b05935e8093153d5 ee279c36a3084275a421a82c224cbdcd - - default default] Successfully bumped revision number for resource 95366760-32f4-4a5a-9ba8-39829651d041 (type: networks) to 1
2026-05-06 19:38:47.751 8 INFO neutron.db.ovn_revision_numbers_db [None req-1169358a-d1c0-4f64-9965-55d0477260bd ea6b60add5ac417f9c61d07a285b6600 de481be9e8eb4962b495507444e13b8c - - default default] Successfully bumped revision number for resource 19239ebd-afec-4460-a9eb-d7a5b39541d2 (type: ports) to 1 [pid: 8|app: 0|req: 721/1383] 10.0.0.199 () {34 vars in 670 bytes} [Wed May 6 19:38:47 2026] POST /v2.0/networks => generated 649 bytes in 483 msecs (HTTP/1.1 201) 4 headers in 162 bytes (1 switches on core 0) [pid: 8|app: 0|req: 722/1384] 10.0.0.199 () {32 vars in 647 bytes} [Wed May 6 19:38:47 2026] GET /v2.0/subnets => generated 1312 bytes in 32 msecs (HTTP/1.1 200) 4 headers in 158 bytes (1 switches on core 0)
2026-05-06 19:38:47.931 7 WARNING neutron.scheduler.dhcp_agent_scheduler [None req-bd188ec7-7d3f-464a-96fa-ba8769b9349a fbce3c030aaa43c2b05935e8093153d5 ee279c36a3084275a421a82c224cbdcd - - default default] No more DHCP agents
2026-05-06 19:38:47.932 7 WARNING neutron.api.rpc.agentnotifiers.dhcp_rpc_agent_api [None req-bd188ec7-7d3f-464a-96fa-ba8769b9349a fbce3c030aaa43c2b05935e8093153d5 ee279c36a3084275a421a82c224cbdcd - - default default] Unable to schedule network 95366760-32f4-4a5a-9ba8-39829651d041: no agents available; will retry on subsequent port and subnet creation events.
2026-05-06 19:38:47.992 7 INFO neutron.plugins.ml2.drivers.ovn.mech_driver.mech_driver [None req-d238a5a3-467d-4c36-be6f-76ff78e59769 - - - - - -] OVN reports status down for port: caf151ca-82ab-4582-aa56-c70116e1346a
2026-05-06 19:38:48.032 8 WARNING neutron.scheduler.dhcp_agent_scheduler [None req-c9333b80-90b3-4b79-8fa6-c0c4da19a2c7 ea6b60add5ac417f9c61d07a285b6600 de481be9e8eb4962b495507444e13b8c - - default default] No more DHCP agents
2026-05-06 19:38:48.033 8 WARNING neutron.api.rpc.agentnotifiers.dhcp_rpc_agent_api [None req-c9333b80-90b3-4b79-8fa6-c0c4da19a2c7 ea6b60add5ac417f9c61d07a285b6600 de481be9e8eb4962b495507444e13b8c - - default default] Unable to schedule network 77054757-6e0f-48a3-a83b-1b24553527fb: no agents available; will retry on subsequent port and subnet creation events.
2026-05-06 19:38:48.067 7 INFO neutron.db.ovn_revision_numbers_db [None req-bd188ec7-7d3f-464a-96fa-ba8769b9349a fbce3c030aaa43c2b05935e8093153d5 ee279c36a3084275a421a82c224cbdcd - - default default] Successfully bumped revision number for resource caf151ca-82ab-4582-aa56-c70116e1346a (type: ports) to 1 [pid: 7|app: 0|req: 663/1385] 10.0.0.199 () {34 vars in 670 bytes} [Wed May 6 19:38:47 2026] POST /v2.0/networks => generated 652 bytes in 589 msecs (HTTP/1.1 201) 4 headers in 162 bytes (1 switches on core 0) [pid: 7|app: 0|req: 664/1386] 10.0.0.199 () {32 vars in 723 bytes} [Wed May 6 19:38:48 2026] GET /v2.0/networks/cf1adce0-daae-4260-b93b-aff7e5034475 => generated 709 bytes in 48 msecs (HTTP/1.1 200) 4 headers in 157 bytes (1 switches on core 0)
2026-05-06 19:38:48.364 7 WARNING neutron.scheduler.dhcp_agent_scheduler [None req-f77747ad-5fdd-4251-b9ec-4dc0ecbd341d fbce3c030aaa43c2b05935e8093153d5 ee279c36a3084275a421a82c224cbdcd - - default default] No more DHCP agents
