2026-05-06 19:41:21.210 7 INFO neutron.db.ovn_revision_numbers_db [None req-c70bc243-6e5e-4f10-9e86-23cbdf904e96 - - - - - -] Successfully bumped revision number for resource 84ebd413-712f-4939-8f12-c8dda7032f25 (type: subnets) to 0 [pid: 7|app: 0|req: 1264/2552] 10.0.0.199 () {34 vars in 669 bytes} [Wed May 6 19:41:20 2026] POST /v2.0/subnets => generated 655 bytes in 722 msecs (HTTP/1.1 201) 4 headers in 162 bytes (1 switches on core 0) [pid: 8|app: 0|req: 1289/2553] 10.0.0.199 () {34 vars in 747 bytes} [Wed May 6 19:41:21 2026] PUT /v2.0/ports/408b9622-7493-4e53-9846-f65dca35b682/tags => generated 25 bytes in 63 msecs (HTTP/1.1 200) 4 headers in 156 bytes (1 switches on core 0) /var/lib/openstack/lib/python3.12/site-packages/pycadf/identifier.py:70: UserWarning: Invalid uuid: neutron. To ensure interoperability, identifiers should be a valid uuid. warnings.warn(('Invalid uuid: %s. To ensure interoperability, '
2026-05-06 19:41:21.286 7 INFO neutron.api.v2.resource [None req-0e11dfa5-a060-4195-9c0d-7442e141afeb 3ddd9081b54847029e5d6021c86214a1 d6021614183b4c68a7523f572b354d25 - - default default] create failed (client error): The server could not comply with the request since it is either malformed or otherwise incorrect. [pid: 7|app: 0|req: 1265/2554] 10.0.0.199 () {34 vars in 707 bytes} [Wed May 6 19:41:21 2026] POST /v2.0/vpn/ipsec-site-connections => generated 136 bytes in 59 msecs (HTTP/1.1 400) 4 headers in 166 bytes (1 switches on core 0) [pid: 7|app: 0|req: 1266/2555] 10.0.0.199 () {34 vars in 747 bytes} [Wed May 6 19:41:21 2026] PUT /v2.0/ports/2dd1ed7c-df84-497d-9c22-fa3c0008e67f/tags => generated 34 bytes in 74 msecs (HTTP/1.1 200) 4 headers in 156 bytes (1 switches on core 0) /var/lib/openstack/lib/python3.12/site-packages/pycadf/identifier.py:70: UserWarning: Invalid uuid: neutron. To ensure interoperability, identifiers should be a valid uuid. warnings.warn(('Invalid uuid: %s. To ensure interoperability, '
2026-05-06 19:41:21.370 7 WARNING neutron.api.v2.base [None req-666487e3-067f-49c2-9801-bc8184d881f0 3ddd9081b54847029e5d6021c86214a1 d6021614183b4c68a7523f572b354d25 - - default default] An exception happened while processing the request body. The exception message is [Invalid input for dpd. Reason: '59' is not a dictionary.].: webob.exc.HTTPBadRequest: Invalid input for dpd. Reason: '59' is not a dictionary.
2026-05-06 19:41:21.372 7 INFO neutron.api.v2.resource [None req-666487e3-067f-49c2-9801-bc8184d881f0 3ddd9081b54847029e5d6021c86214a1 d6021614183b4c68a7523f572b354d25 - - default default] create failed (client error): Invalid input for dpd. Reason: '59' is not a dictionary. [pid: 7|app: 0|req: 1267/2556] 10.0.0.199 () {34 vars in 707 bytes} [Wed May 6 19:41:21 2026] POST /v2.0/vpn/ipsec-site-connections => generated 129 bytes in 9 msecs (HTTP/1.1 400) 4 headers in 166 bytes (1 switches on core 0) [pid: 7|app: 0|req: 1268/2557] 10.0.0.199 () {34 vars in 747 bytes} [Wed May 6 19:41:21 2026] PUT /v2.0/ports/49b64f8a-5a8a-4a39-a367-341e1fc8d136/tags => generated 19 bytes in 75 msecs (HTTP/1.1 200) 4 headers in 156 bytes (1 switches on core 0) /var/lib/openstack/lib/python3.12/site-packages/pycadf/identifier.py:70: UserWarning: Invalid uuid: neutron. To ensure interoperability, identifiers should be a valid uuid. warnings.warn(('Invalid uuid: %s. To ensure interoperability, '
2026-05-06 19:41:21.478 8 WARNING neutron.scheduler.dhcp_agent_scheduler [None req-607a98d3-0b8d-45c8-95c2-ef9421f02eb2 c9e05de38756458a816cc44b1c5bae27 447df443bda344469e9459b7b14eb900 - - default default] No more DHCP agents
2026-05-06 19:41:21.479 8 WARNING neutron.api.rpc.agentnotifiers.dhcp_rpc_agent_api [None req-607a98d3-0b8d-45c8-95c2-ef9421f02eb2 c9e05de38756458a816cc44b1c5bae27 447df443bda344469e9459b7b14eb900 - - default default] Unable to schedule network 6eccbb2e-fcbd-4731-937d-72af4f328362: no agents available; will retry on subsequent port and subnet creation events. [pid: 7|app: 0|req: 1269/2558] 10.0.0.199 () {34 vars in 693 bytes} [Wed May 6 19:41:21 2026] POST /v2.0/vpn/endpoint-groups => generated 294 bytes in 39 msecs (HTTP/1.1 201) 4 headers in 162 bytes (1 switches on core 0)
2026-05-06 19:41:21.513 8 INFO neutron.db.ovn_revision_numbers_db [None req-607a98d3-0b8d-45c8-95c2-ef9421f02eb2 c9e05de38756458a816cc44b1c5bae27 447df443bda344469e9459b7b14eb900 - - default default] Successfully bumped revision number for resource 72f087a6-d589-491e-908d-5edff2b4c923 (type: subnets) to 0 [pid: 8|app: 0|req: 1290/2559] 10.0.0.199 () {34 vars in 669 bytes} [Wed May 6 19:41:21 2026] POST /v2.0/subnets => generated 730 bytes in 288 msecs (HTTP/1.1 201) 4 headers in 162 bytes (1 switches on core 0)
2026-05-06 19:41:21.561 8 INFO neutron.api.v2.resource [None req-b33a8659-e48f-4658-ad90-83a4f48eff89 3ddd9081b54847029e5d6021c86214a1 d6021614183b4c68a7523f572b354d25 - - default default] create failed (client error): The server could not comply with the request since it is either malformed or otherwise incorrect. [pid: 8|app: 0|req: 1291/2560] 10.0.0.199 () {34 vars in 707 bytes} [Wed May 6 19:41:21 2026] POST /v2.0/vpn/ipsec-site-connections => generated 149 bytes in 35 msecs (HTTP/1.1 400) 4 headers in 166 bytes (1 switches on core 0) [pid: 7|app: 0|req: 1270/2561] 10.0.0.199 () {32 vars in 660 bytes} [Wed May 6 19:41:21 2026] GET /v2.0/ports?tags=red => generated 2253 bytes in 134 msecs (HTTP/1.1 200) 4 headers in 158 bytes (1 switches on core 0) [pid: 7|app: 0|req: 1271/2562] 10.0.0.199 () {32 vars in 671 bytes} [Wed May 6 19:41:21 2026] GET /v2.0/vpn/endpoint-groups => generated 909 bytes in 9 msecs (HTTP/1.1 200) 4 headers in 157 bytes (1 switches on core 0) [pid: 7|app: 0|req: 1272/2563] 10.0.0.199 () {32 vars in 674 bytes} [Wed May 6 19:41:21 2026] GET /v2.0/ports?tags=red%2Cblue => generated 1513 bytes in 69 msecs (HTTP/1.1 200) 4 headers in 158 bytes (1 switches on core 0) [pid: 7|app: 0|req: 1273/2564] 10.0.0.199 () {32 vars in 748 bytes} [Wed May 6 19:41:21 2026] DELETE /v2.0/vpn/endpoint-groups/a11243bb-0080-4e42-b660-e5e09d0c815d => generated 0 bytes in 36 msecs (HTTP/1.1 204) 2 headers in 112 bytes (1 switches on core 0) [pid: 7|app: 0|req: 1274/2565] 10.0.0.199 () {32 vars in 670 bytes} [Wed May 6 19:41:21 2026] GET /v2.0/ports?tags-any=blue => generated 1513 bytes in 75 msecs (HTTP/1.1 200) 4 headers in 158 bytes (1 switches on core 0) [pid: 7|app: 0|req: 1275/2566] 10.0.0.199 () {32 vars in 671 bytes} [Wed May 6 19:41:21 2026] GET /v2.0/vpn/endpoint-groups => generated 633 bytes in 12 msecs (HTTP/1.1 200) 4 headers in 157 bytes (1 switches on core 0) [pid: 7|app: 0|req: 1276/2567] 10.0.0.199 () {32 vars in 682 bytes} [Wed May 6 19:41:21 2026] GET /v2.0/ports?tags-any=red%2Cblue => generated 2253 bytes in 50 msecs (HTTP/1.1 200) 4 headers in 158 bytes (1 switches on core 0) [pid: 7|app: 0|req: 1277/2568] 10.0.0.199 () {34 vars in 693 bytes} [Wed May 6 19:41:21 2026] POST /v2.0/vpn/endpoint-groups => generated 301 bytes in 81 msecs (HTTP/1.1 201) 4 headers in 162 bytes (1 switches on core 0)
2026-05-06 19:41:21.978 8 WARNING neutron.scheduler.dhcp_agent_scheduler [None req-7406b00c-c6ff-45eb-b436-c476b891227c c9e05de38756458a816cc44b1c5bae27 447df443bda344469e9459b7b14eb900 - - default default] No more DHCP agents
2026-05-06 19:41:21.979 8 WARNING neutron.api.rpc.agentnotifiers.dhcp_rpc_agent_api [None req-7406b00c-c6ff-45eb-b436-c476b891227c c9e05de38756458a816cc44b1c5bae27 447df443bda344469e9459b7b14eb900 - - default default] Unable to schedule network 4f55e61a-43c3-4b92-a946-649e8abfa739: no agents available; will retry on subsequent port and subnet creation events.
2026-05-06 19:41:22.103 8 INFO neutron.plugins.ml2.drivers.ovn.mech_driver.mech_driver [None req-89eb5db3-e10f-4a33-8ef8-3d9cc623bde0 - - - - - -] OVN reports status down for port: 3fd8ce5a-524f-4da3-af15-bab4e19377ad [pid: 7|app: 0|req: 1278/2569] 10.0.0.199 () {32 vars in 668 bytes} [Wed May 6 19:41:21 2026] GET /v2.0/ports?not-tags=red => generated 5268 bytes in 193 msecs (HTTP/1.1 200) 4 headers in 158 bytes (1 switches on core 0)
2026-05-06 19:41:22.170 8 INFO neutron.db.ovn_revision_numbers_db [None req-7406b00c-c6ff-45eb-b436-c476b891227c c9e05de38756458a816cc44b1c5bae27 447df443bda344469e9459b7b14eb900 - - default default] Successfully bumped revision number for resource 3fd8ce5a-524f-4da3-af15-bab4e19377ad (type: ports) to 1
2026-05-06 19:41:22.192 7 INFO neutron.api.v2.resource [None req-9e6e4786-67ab-461c-8084-f3676cce3fbe 3ddd9081b54847029e5d6021c86214a1 d6021614183b4c68a7523f572b354d25 - - default default] create failed (client error): The server could not comply with the request since it is either malformed or otherwise incorrect. [pid: 7|app: 0|req: 1279/2570] 10.0.0.199 () {34 vars in 707 bytes} [Wed May 6 19:41:22 2026] POST /v2.0/vpn/ipsec-site-connections => generated 148 bytes in 41 msecs (HTTP/1.1 400) 4 headers in 166 bytes (1 switches on core 0) [pid: 7|app: 0|req: 1280/2571] 10.0.0.199 () {32 vars in 682 bytes} [Wed May 6 19:41:22 2026] GET /v2.0/ports?not-tags=red%2Cblue => generated 6008 bytes in 107 msecs (HTTP/1.1 200) 4 headers in 158 bytes (1 switches on core 0) [pid: 7|app: 0|req: 1281/2572] 10.0.0.199 () {32 vars in 671 bytes} [Wed May 6 19:41:22 2026] GET /v2.0/vpn/endpoint-groups => generated 916 bytes in 10 msecs (HTTP/1.1 200) 4 headers in 157 bytes (1 switches on core 0) [pid: 7|app: 0|req: 1282/2573] 10.0.0.199 () {32 vars in 678 bytes} [Wed May 6 19:41:22 2026] GET /v2.0/ports?not-tags-any=blue => generated 6008 bytes in 86 msecs (HTTP/1.1 200) 4 headers in 158 bytes (1 switches on core 0) [pid: 7|app: 0|req: 1283/2574] 10.0.0.199 () {32 vars in 748 bytes} [Wed May 6 19:41:22 2026] DELETE /v2.0/vpn/endpoint-groups/35aee368-f001-47e2-9ddc-08868cbd6374 => generated 0 bytes in 25 msecs (HTTP/1.1 204) 2 headers in 112 bytes (1 switches on core 0) [pid: 7|app: 0|req: 1284/2575] 10.0.0.199 () {32 vars in 690 bytes} [Wed May 6 19:41:22 2026] GET /v2.0/ports?not-tags-any=red%2Cblue => generated 5268 bytes in 66 msecs (HTTP/1.1 200) 4 headers in 158 bytes (1 switches on core 0) [pid: 7|app: 0|req: 1285/2576] 10.0.0.199 () {32 vars in 671 bytes} [Wed May 6 19:41:22 2026] GET /v2.0/vpn/endpoint-groups => generated 633 bytes in 12 msecs (HTTP/1.1 200) 4 headers in 157 bytes (1 switches on core 0)
2026-05-06 19:41:22.621 7 INFO neutron_taas.services.taas.taas_plugin [None req-041d4f31-fd75-4793-a7c5-3577a885a825 e47a345c595c43dbb21951e4d8e83311 1979c9899c7c47d0b93eb7119f20ca0a - - default default] TaaS: Handle Delete Port: 72234d46-0858-4481-be4a-6b4662c5c43e
2026-05-06 19:41:22.623 7 INFO neutron_taas.services.taas.tap_mirror_plugin [None req-041d4f31-fd75-4793-a7c5-3577a885a825 e47a345c595c43dbb21951e4d8e83311 1979c9899c7c47d0b93eb7119f20ca0a - - default default] Tap Mirror: Handle Delete Port: 72234d46-0858-4481-be4a-6b4662c5c43e [pid: 7|app: 0|req: 1286/2577] 10.0.0.199 () {32 vars in 720 bytes} [Wed May 6 19:41:22 2026] DELETE /v2.0/ports/72234d46-0858-4481-be4a-6b4662c5c43e => generated 0 bytes in 226 msecs (HTTP/1.1 204) 3 headers in 131 bytes (1 switches on core 0)
2026-05-06 19:41:22.734 7 WARNING neutron.api.v2.base [None req-33055d3d-a90b-4c40-b1fb-73a66c98e9df 3ddd9081b54847029e5d6021c86214a1 d6021614183b4c68a7523f572b354d25 - - default default] An exception happened while processing the request body. The exception message is [Invalid input for peer_cidrs. Reason: '1.0.0.0/33' is not a valid IP subnet.].: webob.exc.HTTPBadRequest: Invalid input for peer_cidrs. Reason: '1.0.0.0/33' is not a valid IP subnet.
2026-05-06 19:41:22.734 7 INFO neutron.api.v2.resource [None req-33055d3d-a90b-4c40-b1fb-73a66c98e9df 3ddd9081b54847029e5d6021c86214a1 d6021614183b4c68a7523f572b354d25 - - default default] create failed (client error): Invalid input for peer_cidrs. Reason: '1.0.0.0/33' is not a valid IP subnet. [pid: 7|app: 0|req: 1287/2578] 10.0.0.199 () {34 vars in 707 bytes} [Wed May 6 19:41:22 2026] POST /v2.0/vpn/ipsec-site-connections => generated 149 bytes in 5 msecs (HTTP/1.1 400) 4 headers in 166 bytes (1 switches on core 0)
2026-05-06 19:41:22.836 8 INFO neutron.plugins.ml2.drivers.ovn.mech_driver.ovsdb.commands [None req-fada1e5c-a328-46dd-a1d1-417da9ed9f0c - - - - - -] Schedule LRP lrp-3fd8ce5a-524f-4da3-af15-bab4e19377ad on gateway eec2710b-08ce-4ede-be3b-fc91b4db952f with priority 1
2026-05-06 19:41:22.882 8 INFO neutron.plugins.ml2.drivers.ovn.mech_driver.mech_driver [None req-89eb5db3-e10f-4a33-8ef8-3d9cc623bde0 - - - - - -] OVN reports status up for port: 3fd8ce5a-524f-4da3-af15-bab4e19377ad
2026-05-06 19:41:22.915 7 INFO neutron.plugins.ml2.drivers.ovn.mech_driver.ovsdb.ovsdb_monitor [None req-8ab2f16e-aaad-4b22-af13-e73f1e2305ad - - - - - -] Router 04f57a0e-98b5-41c1-8c79-d8f60657ab63 is bound to host instance
2026-05-06 19:41:22.920 7 INFO neutron_taas.services.taas.taas_plugin [None req-306befe3-85f0-44e4-b61f-1d721bb7df03 e47a345c595c43dbb21951e4d8e83311 1979c9899c7c47d0b93eb7119f20ca0a - - default default] TaaS: Handle Delete Port: 408b9622-7493-4e53-9846-f65dca35b682
2026-05-06 19:41:22.921 8 INFO neutron.plugins.ml2.plugin [None req-89eb5db3-e10f-4a33-8ef8-3d9cc623bde0 - - - - - -] Attempt 1 to provision port 3fd8ce5a-524f-4da3-af15-bab4e19377ad
2026-05-06 19:41:22.935 7 INFO neutron_taas.services.taas.tap_mirror_plugin [None req-306befe3-85f0-44e4-b61f-1d721bb7df03 e47a345c595c43dbb21951e4d8e83311 1979c9899c7c47d0b93eb7119f20ca0a - - default default] Tap Mirror: Handle Delete Port: 408b9622-7493-4e53-9846-f65dca35b682
2026-05-06 19:41:22.969 8 INFO neutron.db.ovn_revision_numbers_db [None req-7406b00c-c6ff-45eb-b436-c476b891227c c9e05de38756458a816cc44b1c5bae27 447df443bda344469e9459b7b14eb900 - - default default] Successfully bumped revision number for resource 3fd8ce5a-524f-4da3-af15-bab4e19377ad (type: router_ports) to 1
2026-05-06 19:41:23.069 8 INFO neutron.db.ovn_revision_numbers_db [None req-7406b00c-c6ff-45eb-b436-c476b891227c c9e05de38756458a816cc44b1c5bae27 447df443bda344469e9459b7b14eb900 - - default default] Successfully bumped revision number for resource 04f57a0e-98b5-41c1-8c79-d8f60657ab63 (type: routers) to 2 [pid: 8|app: 0|req: 1292/2579] 10.0.0.199 () {34 vars in 669 bytes} [Wed May 6 19:41:21 2026] POST /v2.0/routers => generated 945 bytes in 1524 msecs (HTTP/1.1 201) 4 headers in 162 bytes (1 switches on core 0)
2026-05-06 19:41:23.171 8 INFO neutron.db.segments_db [None req-febf0c0a-a813-4c7d-a723-c33eb2282250 3ddd9081b54847029e5d6021c86214a1 d6021614183b4c68a7523f572b354d25 - - default default] Added segment bd425cad-2f1c-4b5d-bc1b-2aa9b36eb4e2 of type geneve for network 105965e5-6f34-44b1-8218-2dd1af5fa2fe [pid: 7|app: 0|req: 1288/2580] 10.0.0.199 () {32 vars in 720 bytes} [Wed May 6 19:41:22 2026] DELETE /v2.0/ports/408b9622-7493-4e53-9846-f65dca35b682 => generated 0 bytes in 457 msecs (HTTP/1.1 204) 3 headers in 131 bytes (1 switches on core 0)
2026-05-06 19:41:23.305 8 INFO neutron.db.ovn_revision_numbers_db [None req-febf0c0a-a813-4c7d-a723-c33eb2282250 3ddd9081b54847029e5d6021c86214a1 d6021614183b4c68a7523f572b354d25 - - default default] Successfully bumped revision number for resource 105965e5-6f34-44b1-8218-2dd1af5fa2fe (type: networks) to 1
2026-05-06 19:41:23.489 8 WARNING neutron.scheduler.dhcp_agent_scheduler [None req-febf0c0a-a813-4c7d-a723-c33eb2282250 3ddd9081b54847029e5d6021c86214a1 d6021614183b4c68a7523f572b354d25 - - default default] No more DHCP agents
2026-05-06 19:41:23.490 8 WARNING neutron.api.rpc.agentnotifiers.dhcp_rpc_agent_api [None req-febf0c0a-a813-4c7d-a723-c33eb2282250 3ddd9081b54847029e5d6021c86214a1 d6021614183b4c68a7523f572b354d25 - - default default] Unable to schedule network 105965e5-6f34-44b1-8218-2dd1af5fa2fe: no agents available; will retry on subsequent port and subnet creation events.
2026-05-06 19:41:23.569 8 INFO neutron.db.ovn_revision_numbers_db [None req-febf0c0a-a813-4c7d-a723-c33eb2282250 3ddd9081b54847029e5d6021c86214a1 d6021614183b4c68a7523f572b354d25 - - default default] Successfully bumped revision number for resource a4d475d4-6ba0-4110-a71f-4a9db7cfa644 (type: ports) to 1
2026-05-06 19:41:23.569 7 INFO neutron.plugins.ml2.drivers.ovn.mech_driver.mech_driver [None req-45aae70f-3539-42ad-96bb-524fc588aeba - - - - - -] OVN reports status down for port: a4d475d4-6ba0-4110-a71f-4a9db7cfa644 [pid: 8|app: 0|req: 1293/2581] 10.0.0.199 () {34 vars in 670 bytes} [Wed May 6 19:41:23 2026] POST /v2.0/networks => generated 651 bytes in 503 msecs (HTTP/1.1 201) 4 headers in 162 bytes (1 switches on core 0)
2026-05-06 19:41:23.745 8 INFO neutron_taas.services.taas.taas_plugin [None req-e7ffb19b-d35f-47b1-bb78-26b181002e8f e47a345c595c43dbb21951e4d8e83311 1979c9899c7c47d0b93eb7119f20ca0a - - default default] TaaS: Handle Delete Port: 2dd1ed7c-df84-497d-9c22-fa3c0008e67f
2026-05-06 19:41:23.749 8 INFO neutron_taas.services.taas.tap_mirror_plugin [None req-e7ffb19b-d35f-47b1-bb78-26b181002e8f e47a345c595c43dbb21951e4d8e83311 1979c9899c7c47d0b93eb7119f20ca0a - - default default] Tap Mirror: Handle Delete Port: 2dd1ed7c-df84-497d-9c22-fa3c0008e67f [pid: 8|app: 0|req: 1294/2582] 10.0.0.199 () {32 vars in 720 bytes} [Wed May 6 19:41:23 2026] DELETE /v2.0/ports/2dd1ed7c-df84-497d-9c22-fa3c0008e67f => generated 0 bytes in 273 msecs (HTTP/1.1 204) 3 headers in 131 bytes (1 switches on core 0)
2026-05-06 19:41:24.073 8 WARNING neutron.scheduler.dhcp_agent_scheduler [None req-3b50b5d4-6f89-465d-9ced-a2cde18d421d 3ddd9081b54847029e5d6021c86214a1 d6021614183b4c68a7523f572b354d25 - - default default] No more DHCP agents
2026-05-06 19:41:24.074 8 WARNING neutron.api.rpc.agentnotifiers.dhcp_rpc_agent_api [None req-3b50b5d4-6f89-465d-9ced-a2cde18d421d 3ddd9081b54847029e5d6021c86214a1 d6021614183b4c68a7523f572b354d25 - - default default] Unable to schedule network 105965e5-6f34-44b1-8218-2dd1af5fa2fe: no agents available; will retry on subsequent port and subnet creation events.
2026-05-06 19:41:24.343 7 WARNING neutron.scheduler.dhcp_agent_scheduler [None req-2277b582-1835-4026-adf3-035baadd0640 c9e05de38756458a816cc44b1c5bae27 447df443bda344469e9459b7b14eb900 - - default default] No more DHCP agents
2026-05-06 19:41:24.347 7 WARNING neutron.api.rpc.agentnotifiers.dhcp_rpc_agent_api [None req-2277b582-1835-4026-adf3-035baadd0640 c9e05de38756458a816cc44b1c5bae27 447df443bda344469e9459b7b14eb900 - - default default] Unable to schedule network 3916360d-6f22-4226-8d19-49b53b2d70de: no agents available; will retry on subsequent port and subnet creation events.
2026-05-06 19:41:24.495 8 INFO neutron.db.ovn_revision_numbers_db [None req-62dd2035-81a3-4943-bf3d-011230115c79 - - - - - -] Successfully bumped revision number for resource a4d475d4-6ba0-4110-a71f-4a9db7cfa644 (type: ports) to 2
2026-05-06 19:41:24.527 8 INFO neutron.db.ovn_revision_numbers_db [None req-62dd2035-81a3-4943-bf3d-011230115c79 - - - - - -] Successfully bumped revision number for resource 5a344e92-15af-4687-b9d0-49d2d84b5375 (type: subnets) to 0 [pid: 8|app: 0|req: 1295/2583] 10.0.0.199 () {34 vars in 669 bytes} [Wed May 6 19:41:23 2026] POST /v2.0/subnets => generated 629 bytes in 697 msecs (HTTP/1.1 201) 4 headers in 162 bytes (1 switches on core 0)
2026-05-06 19:41:24.645 7 INFO neutron.db.ovn_revision_numbers_db [None req-2277b582-1835-4026-adf3-035baadd0640 c9e05de38756458a816cc44b1c5bae27 447df443bda344469e9459b7b14eb900 - - default default] Successfully bumped revision number for resource 28dde296-0315-431f-8814-c8b76fdaaa51 (type: ports) to 1
2026-05-06 19:41:24.745 8 INFO neutron_taas.services.taas.taas_plugin [None req-d160f6e7-9ce1-4282-b347-4d915b32dfe7 e47a345c595c43dbb21951e4d8e83311 1979c9899c7c47d0b93eb7119f20ca0a - - default default] TaaS: Handle Delete Port: 49b64f8a-5a8a-4a39-a367-341e1fc8d136
2026-05-06 19:41:24.747 7 INFO neutron.db.ovn_revision_numbers_db [None req-ee171623-1b88-4de1-acdf-5aac631af105 - - - - - -] Successfully bumped revision number for resource 3fd8ce5a-524f-4da3-af15-bab4e19377ad (type: ports) to 4
2026-05-06 19:41:24.748 8 INFO neutron_taas.services.taas.tap_mirror_plugin [None req-d160f6e7-9ce1-4282-b347-4d915b32dfe7 e47a345c595c43dbb21951e4d8e83311 1979c9899c7c47d0b93eb7119f20ca0a - - default default] Tap Mirror: Handle Delete Port: 49b64f8a-5a8a-4a39-a367-341e1fc8d136 [pid: 8|app: 0|req: 1296/2584] 10.0.0.199 () {32 vars in 720 bytes} [Wed May 6 19:41:24 2026] DELETE /v2.0/ports/49b64f8a-5a8a-4a39-a367-341e1fc8d136 => generated 0 bytes in 314 msecs (HTTP/1.1 204) 3 headers in 131 bytes (1 switches on core 0)
2026-05-06 19:41:25.334 8 WARNING neutron.scheduler.dhcp_agent_scheduler [None req-18f1c41b-e58f-470c-9a1d-cd9d38490fcb 3ddd9081b54847029e5d6021c86214a1 d6021614183b4c68a7523f572b354d25 - - default default] No more DHCP agents
2026-05-06 19:41:25.336 8 WARNING neutron.api.rpc.agentnotifiers.dhcp_rpc_agent_api [None req-18f1c41b-e58f-470c-9a1d-cd9d38490fcb 3ddd9081b54847029e5d6021c86214a1 d6021614183b4c68a7523f572b354d25 - - default default] Unable to schedule network 4f55e61a-43c3-4b92-a946-649e8abfa739: no agents available; will retry on subsequent port and subnet creation events.
2026-05-06 19:41:25.476 7 INFO neutron.db.ovn_revision_numbers_db [None req-ee171623-1b88-4de1-acdf-5aac631af105 - - - - - -] Successfully bumped revision number for resource 3fd8ce5a-524f-4da3-af15-bab4e19377ad (type: ports) to 5
2026-05-06 19:41:25.514 8 INFO neutron.db.ovn_revision_numbers_db [None req-18f1c41b-e58f-470c-9a1d-cd9d38490fcb 3ddd9081b54847029e5d6021c86214a1 d6021614183b4c68a7523f572b354d25 - - default default] Successfully bumped revision number for resource 6a0efe26-3bb5-4ff2-9cd2-141c2d336596 (type: ports) to 1
2026-05-06 19:41:25.539 7 INFO neutron.plugins.ml2.drivers.ovn.mech_driver.mech_driver [None req-45aae70f-3539-42ad-96bb-524fc588aeba - - - - - -] OVN reports status down for port: 6a0efe26-3bb5-4ff2-9cd2-141c2d336596
2026-05-06 19:41:26.007 8 INFO neutron.plugins.ml2.drivers.ovn.mech_driver.mech_driver [None req-89eb5db3-e10f-4a33-8ef8-3d9cc623bde0 - - - - - -] OVN reports status down for port: 28dde296-0315-431f-8814-c8b76fdaaa51
2026-05-06 19:41:26.044 7 WARNING neutron.scheduler.dhcp_agent_scheduler [None req-2277b582-1835-4026-adf3-035baadd0640 c9e05de38756458a816cc44b1c5bae27 447df443bda344469e9459b7b14eb900 - - default default] No more DHCP agents
2026-05-06 19:41:26.048 7 WARNING neutron.api.rpc.agentnotifiers.dhcp_rpc_agent_api [None req-2277b582-1835-4026-adf3-035baadd0640 c9e05de38756458a816cc44b1c5bae27 447df443bda344469e9459b7b14eb900 - - default default] Unable to schedule network 3916360d-6f22-4226-8d19-49b53b2d70de: no agents available; will retry on subsequent port and subnet creation events.
2026-05-06 19:41:26.123 8 WARNING neutron.plugins.ml2.drivers.ovn.mech_driver.ovsdb.ovn_client [None req-89eb5db3-e10f-4a33-8ef8-3d9cc623bde0 - - - - - -] Logical_Switch_Port %s host information not removed, the port state is up
2026-05-06 19:41:26.125 8 INFO neutron.plugins.ml2.drivers.ovn.mech_driver.mech_driver [None req-89eb5db3-e10f-4a33-8ef8-3d9cc623bde0 - - - - - -] OVN reports status up for port: 28dde296-0315-431f-8814-c8b76fdaaa51
2026-05-06 19:41:26.156 8 INFO neutron.plugins.ml2.plugin [None req-89eb5db3-e10f-4a33-8ef8-3d9cc623bde0 - - - - - -] Attempt 1 to provision port 28dde296-0315-431f-8814-c8b76fdaaa51
2026-05-06 19:41:26.344 7 INFO neutron.db.ovn_revision_numbers_db [None req-2277b582-1835-4026-adf3-035baadd0640 c9e05de38756458a816cc44b1c5bae27 447df443bda344469e9459b7b14eb900 - - default default] Successfully bumped revision number for resource 28dde296-0315-431f-8814-c8b76fdaaa51 (type: router_ports) to 1 [pid: 7|app: 0|req: 1289/2587] 10.0.0.199 () {34 vars in 783 bytes} [Wed May 6 19:41:23 2026] PUT /v2.0/routers/04f57a0e-98b5-41c1-8c79-d8f60657ab63/add_router_interface => generated 309 bytes in 3157 msecs (HTTP/1.1 200) 4 headers in 157 bytes (1 switches on core 0)
2026-05-06 19:41:26.463 7 INFO neutron_taas.services.taas.taas_plugin [None req-2f384885-02e5-4305-9bca-366e28bcbbe6 e47a345c595c43dbb21951e4d8e83311 1979c9899c7c47d0b93eb7119f20ca0a - - default default] TaaS: Handle Delete Port: 3c223b39-bb79-4c95-a6af-12ae2229946f
2026-05-06 19:41:26.467 7 INFO neutron_taas.services.taas.tap_mirror_plugin [None req-2f384885-02e5-4305-9bca-366e28bcbbe6 e47a345c595c43dbb21951e4d8e83311 1979c9899c7c47d0b93eb7119f20ca0a - - default default] Tap Mirror: Handle Delete Port: 3c223b39-bb79-4c95-a6af-12ae2229946f
2026-05-06 19:41:26.467 8 INFO neutron.plugins.ml2.drivers.ovn.mech_driver.ovsdb.commands [None req-fada1e5c-a328-46dd-a1d1-417da9ed9f0c - - - - - -] Schedule LRP lrp-6a0efe26-3bb5-4ff2-9cd2-141c2d336596 on gateway eec2710b-08ce-4ede-be3b-fc91b4db952f with priority 1
2026-05-06 19:41:26.556 7 INFO neutron.plugins.ml2.drivers.ovn.mech_driver.mech_driver [None req-45aae70f-3539-42ad-96bb-524fc588aeba - - - - - -] OVN reports status up for port: 6a0efe26-3bb5-4ff2-9cd2-141c2d336596
2026-05-06 19:41:26.560 8 INFO neutron.db.ovn_revision_numbers_db [None req-18f1c41b-e58f-470c-9a1d-cd9d38490fcb 3ddd9081b54847029e5d6021c86214a1 d6021614183b4c68a7523f572b354d25 - - default default] Successfully bumped revision number for resource 6a0efe26-3bb5-4ff2-9cd2-141c2d336596 (type: router_ports) to 1
2026-05-06 19:41:26.575 7 INFO neutron.plugins.ml2.plugin [None req-45aae70f-3539-42ad-96bb-524fc588aeba - - - - - -] Attempt 1 to provision port 6a0efe26-3bb5-4ff2-9cd2-141c2d336596 [pid: 7|app: 0|req: 1290/2588] 10.0.0.199 () {32 vars in 720 bytes} [Wed May 6 19:41:26 2026] DELETE /v2.0/ports/3c223b39-bb79-4c95-a6af-12ae2229946f => generated 0 bytes in 343 msecs (HTTP/1.1 204) 3 headers in 131 bytes (1 switches on core 0)
2026-05-06 19:41:26.697 8 INFO neutron.db.ovn_revision_numbers_db [None req-18f1c41b-e58f-470c-9a1d-cd9d38490fcb 3ddd9081b54847029e5d6021c86214a1 d6021614183b4c68a7523f572b354d25 - - default default] Successfully bumped revision number for resource 5b9f7ead-a201-4647-9304-f9e4f040c857 (type: routers) to 2 [pid: 8|app: 0|req: 1299/2589] 10.0.0.199 () {34 vars in 669 bytes} [Wed May 6 19:41:24 2026] POST /v2.0/routers => generated 937 bytes in 1860 msecs (HTTP/1.1 201) 4 headers in 162 bytes (1 switches on core 0)
2026-05-06 19:41:27.002 8 INFO neutron_taas.services.taas.taas_plugin [None req-4b978f4d-2594-4450-ad55-5419a75c30e0 e47a345c595c43dbb21951e4d8e83311 1979c9899c7c47d0b93eb7119f20ca0a - - default default] TaaS: Handle Delete Port: 41573ebf-6ea8-43a3-9f9f-270c3d5f7eae
2026-05-06 19:41:27.009 8 INFO neutron_taas.services.taas.tap_mirror_plugin [None req-4b978f4d-2594-4450-ad55-5419a75c30e0 e47a345c595c43dbb21951e4d8e83311 1979c9899c7c47d0b93eb7119f20ca0a - - default default] Tap Mirror: Handle Delete Port: 41573ebf-6ea8-43a3-9f9f-270c3d5f7eae
2026-05-06 19:41:27.040 8 INFO neutron.db.ovn_revision_numbers_db [None req-89eb5db3-e10f-4a33-8ef8-3d9cc623bde0 - - - - - -] Successfully bumped revision number for resource 28dde296-0315-431f-8814-c8b76fdaaa51 (type: ports) to 2
2026-05-06 19:41:27.276 7 WARNING neutron.scheduler.dhcp_agent_scheduler [None req-f593db0b-2a28-4340-be90-335728ce820d c9e05de38756458a816cc44b1c5bae27 447df443bda344469e9459b7b14eb900 - - default default] No more DHCP agents
2026-05-06 19:41:27.277 7 WARNING neutron.api.rpc.agentnotifiers.dhcp_rpc_agent_api [None req-f593db0b-2a28-4340-be90-335728ce820d c9e05de38756458a816cc44b1c5bae27 447df443bda344469e9459b7b14eb900 - - default default] Unable to schedule network 5c036b9d-4689-468b-a5a8-ec7bb13c6f12: no agents available; will retry on subsequent port and subnet creation events.
2026-05-06 19:41:27.308 8 INFO neutron.services.segments.plugin [-] Segment 83d876be-f866-4fd4-833d-67293b6bc870 resource provider aggregate not found
2026-05-06 19:41:27.317 8 INFO neutron.services.segments.plugin [-] Segment 83d876be-f866-4fd4-833d-67293b6bc870 resource provider aggregate not found
2026-05-06 19:41:27.336 8 INFO neutron.services.segments.plugin [-] Segment 83d876be-f866-4fd4-833d-67293b6bc870 resource provider not found; error: Placement Client Error (4xx): {"errors": [{"status": 404, "title": "Not Found", "detail": "The resource could not be found.\n\n No resource provider with uuid 83d876be-f866-4fd4-833d-67293b6bc870 found for delete ", "request_id": "req-82540b9b-726f-4b78-b2d1-40ca35f7bd47"}]}
2026-05-06 19:41:27.337 8 INFO neutron.services.segments.plugin [-] Segment 83d876be-f866-4fd4-833d-67293b6bc870 resource provider not found; error: Placement Client Error (4xx): {"errors": [{"status": 404, "title": "Not Found", "detail": "The resource could not be found.\n\n No resource provider with uuid 83d876be-f866-4fd4-833d-67293b6bc870 found for delete ", "request_id": "req-15b283a9-a8bf-47ab-8a00-a75f82ae5a4b"}]} [pid: 8|app: 0|req: 1300/2590] 10.0.0.199 () {32 vars in 726 bytes} [Wed May 6 19:41:26 2026] DELETE /v2.0/networks/ff2cb956-e2f7-4a6e-a92d-763787d6dabf => generated 0 bytes in 625 msecs (HTTP/1.1 204) 3 headers in 131 bytes (1 switches on core 0)
2026-05-06 19:41:27.436 7 INFO neutron.db.ovn_revision_numbers_db [None req-f593db0b-2a28-4340-be90-335728ce820d c9e05de38756458a816cc44b1c5bae27 447df443bda344469e9459b7b14eb900 - - default default] Successfully bumped revision number for resource 5ae33122-897e-4e22-b36b-f553a01b7152 (type: ports) to 1
2026-05-06 19:41:27.524 8 INFO neutron.api.v2.resource [None req-a90d6f53-067e-4084-af73-65b34aaf66fb ccfbe6d6b3b04d50924f39c319f7de3d e3c54d9a73b54ba09d46093a7ca38b50 - - default default] create failed (client error): The server could not comply with the request since it is either malformed or otherwise incorrect. [pid: 8|app: 0|req: 1301/2591] 10.0.0.199 () {34 vars in 685 bytes} [Wed May 6 19:41:27 2026] POST /v2.0/vpn/vpnservices => generated 194 bytes in 157 msecs (HTTP/1.1 400) 4 headers in 166 bytes (1 switches on core 0)
2026-05-06 19:41:27.649 8 INFO neutron_taas.services.taas.taas_plugin [None req-704d9947-7f84-4e91-91cf-43d112488807 e47a345c595c43dbb21951e4d8e83311 1979c9899c7c47d0b93eb7119f20ca0a - - default default] TaaS: Handle Delete Port: 39bb4f17-abe4-40f9-bd9b-f3885f5ff0a0
2026-05-06 19:41:27.652 8 INFO neutron_taas.services.taas.tap_mirror_plugin [None req-704d9947-7f84-4e91-91cf-43d112488807 e47a345c595c43dbb21951e4d8e83311 1979c9899c7c47d0b93eb7119f20ca0a - - default default] Tap Mirror: Handle Delete Port: 39bb4f17-abe4-40f9-bd9b-f3885f5ff0a0 [pid: 8|app: 0|req: 1302/2592] 10.0.0.199 () {32 vars in 726 bytes} [Wed May 6 19:41:27 2026] DELETE /v2.0/networks/2efaa419-7d78-4f4d-af4a-edabca89d0ea => generated 0 bytes in 349 msecs (HTTP/1.1 204) 3 headers in 131 bytes (1 switches on core 0)
2026-05-06 19:41:28.036 8 INFO neutron_taas.services.taas.taas_plugin [None req-89f9d3af-6c59-4548-9bf5-7ca186e039ec ccfbe6d6b3b04d50924f39c319f7de3d e3c54d9a73b54ba09d46093a7ca38b50 - - default default] TaaS: Handle Delete Port: a4d475d4-6ba0-4110-a71f-4a9db7cfa644
2026-05-06 19:41:28.039 8 INFO neutron_taas.services.taas.tap_mirror_plugin [None req-89f9d3af-6c59-4548-9bf5-7ca186e039ec ccfbe6d6b3b04d50924f39c319f7de3d e3c54d9a73b54ba09d46093a7ca38b50 - - default default] Tap Mirror: Handle Delete Port: a4d475d4-6ba0-4110-a71f-4a9db7cfa644 [pid: 8|app: 0|req: 1303/2593] 10.0.0.199 () {32 vars in 726 bytes} [Wed May 6 19:41:27 2026] DELETE /v2.0/networks/105965e5-6f34-44b1-8218-2dd1af5fa2fe => generated 0 bytes in 533 msecs (HTTP/1.1 204) 3 headers in 131 bytes (1 switches on core 0)
2026-05-06 19:41:28.524 8 INFO neutron_taas.services.taas.taas_plugin [None req-708019a2-c409-4de5-920e-fb350e24294b e47a345c595c43dbb21951e4d8e83311 1979c9899c7c47d0b93eb7119f20ca0a - - default default] TaaS: Handle Delete Port: c4dc12ec-762a-4fd2-a25b-f196dcbd0177
2026-05-06 19:41:28.527 8 INFO neutron_taas.services.taas.tap_mirror_plugin [None req-708019a2-c409-4de5-920e-fb350e24294b e47a345c595c43dbb21951e4d8e83311 1979c9899c7c47d0b93eb7119f20ca0a - - default default] Tap Mirror: Handle Delete Port: c4dc12ec-762a-4fd2-a25b-f196dcbd0177 [pid: 8|app: 0|req: 1304/2594] 10.0.0.199 () {32 vars in 726 bytes} [Wed May 6 19:41:28 2026] DELETE /v2.0/networks/077d0390-daea-449b-afbc-b69ee30a3876 => generated 0 bytes in 345 msecs (HTTP/1.1 204) 3 headers in 131 bytes (1 switches on core 0)
2026-05-06 19:41:28.859 7 WARNING neutron.scheduler.dhcp_agent_scheduler [None req-f593db0b-2a28-4340-be90-335728ce820d c9e05de38756458a816cc44b1c5bae27 447df443bda344469e9459b7b14eb900 - - default default] No more DHCP agents
2026-05-06 19:41:28.860 7 WARNING neutron.api.rpc.agentnotifiers.dhcp_rpc_agent_api [None req-f593db0b-2a28-4340-be90-335728ce820d c9e05de38756458a816cc44b1c5bae27 447df443bda344469e9459b7b14eb900 - - default default] Unable to schedule network 5c036b9d-4689-468b-a5a8-ec7bb13c6f12: no agents available; will retry on subsequent port and subnet creation events.
2026-05-06 19:41:29.157 8 INFO neutron_taas.services.taas.taas_plugin [None req-0dfcfb50-c805-4f2e-9211-c13531563e69 ccfbe6d6b3b04d50924f39c319f7de3d e3c54d9a73b54ba09d46093a7ca38b50 - - default default] TaaS: Handle Delete Port: 6a0efe26-3bb5-4ff2-9cd2-141c2d336596
2026-05-06 19:41:29.160 8 INFO neutron_taas.services.taas.tap_mirror_plugin [None req-0dfcfb50-c805-4f2e-9211-c13531563e69 ccfbe6d6b3b04d50924f39c319f7de3d e3c54d9a73b54ba09d46093a7ca38b50 - - default default] Tap Mirror: Handle Delete Port: 6a0efe26-3bb5-4ff2-9cd2-141c2d336596
2026-05-06 19:41:29.300 7 INFO neutron.db.ovn_revision_numbers_db [None req-f593db0b-2a28-4340-be90-335728ce820d c9e05de38756458a816cc44b1c5bae27 447df443bda344469e9459b7b14eb900 - - default default] Successfully bumped revision number for resource 5ae33122-897e-4e22-b36b-f553a01b7152 (type: router_ports) to 1 [pid: 7|app: 0|req: 1291/2595] 10.0.0.199 () {34 vars in 783 bytes} [Wed May 6 19:41:26 2026] PUT /v2.0/routers/04f57a0e-98b5-41c1-8c79-d8f60657ab63/add_router_interface => generated 309 bytes in 2614 msecs (HTTP/1.1 200) 4 headers in 157 bytes (1 switches on core 0)
2026-05-06 19:41:29.362 8 INFO neutron.services.segments.plugin [-] Segment 13272389-fb01-416d-b878-e7d10443ab97 resource provider aggregate not found
2026-05-06 19:41:29.365 8 INFO neutron.services.segments.plugin [-] Segment 13272389-fb01-416d-b878-e7d10443ab97 resource provider aggregate not found
2026-05-06 19:41:29.389 8 INFO neutron.services.segments.plugin [-] Segment 13272389-fb01-416d-b878-e7d10443ab97 resource provider not found; error: Placement Client Error (4xx): {"errors": [{"status": 404, "title": "Not Found", "detail": "The resource could not be found.\n\n No resource provider with uuid 13272389-fb01-416d-b878-e7d10443ab97 found for delete ", "request_id": "req-506299dd-4399-47b8-967e-f1843ea60162"}]}
2026-05-06 19:41:29.395 8 INFO neutron.services.segments.plugin [-] Segment 13272389-fb01-416d-b878-e7d10443ab97 resource provider not found; error: Placement Client Error (4xx): {"errors": [{"status": 404, "title": "Not Found", "detail": "The resource could not be found.\n\n No resource provider with uuid 13272389-fb01-416d-b878-e7d10443ab97 found for delete ", "request_id": "req-3f3cce4d-45ae-4780-86dd-ab259221a284"}]}
2026-05-06 19:41:29.405 8 INFO neutron.services.segments.plugin [-] Segment bd425cad-2f1c-4b5d-bc1b-2aa9b36eb4e2 resource provider aggregate not found
2026-05-06 19:41:29.425 8 INFO neutron.services.segments.plugin [-] Segment bd425cad-2f1c-4b5d-bc1b-2aa9b36eb4e2 resource provider not found; error: Placement Client Error (4xx): {"errors": [{"status": 404, "title": "Not Found", "detail": "The resource could not be found.\n\n No resource provider with uuid bd425cad-2f1c-4b5d-bc1b-2aa9b36eb4e2 found for delete ", "request_id": "req-8cbb4515-379a-46bc-a80d-38a75daa4788"}]}
2026-05-06 19:41:29.428 8 INFO neutron.services.segments.plugin [-] Segment bd425cad-2f1c-4b5d-bc1b-2aa9b36eb4e2 resource provider aggregate not found
2026-05-06 19:41:29.442 7 INFO neutron_taas.services.taas.taas_plugin [None req-3d182c7a-9a7c-438a-89fd-d39c32877e9a e47a345c595c43dbb21951e4d8e83311 1979c9899c7c47d0b93eb7119f20ca0a - - default default] TaaS: Handle Delete Port: 0b2b81a6-b10c-4d09-a861-a0069d7c3df1
2026-05-06 19:41:29.445 7 INFO neutron_taas.services.taas.tap_mirror_plugin [None req-3d182c7a-9a7c-438a-89fd-d39c32877e9a e47a345c595c43dbb21951e4d8e83311 1979c9899c7c47d0b93eb7119f20ca0a - - default default] Tap Mirror: Handle Delete Port: 0b2b81a6-b10c-4d09-a861-a0069d7c3df1
2026-05-06 19:41:29.447 8 INFO neutron.services.segments.plugin [-] Segment 84852f5c-86f2-4664-98ac-feb9350abe51 resource provider aggregate not found
2026-05-06 19:41:29.451 8 INFO neutron.services.segments.plugin [-] Segment bd425cad-2f1c-4b5d-bc1b-2aa9b36eb4e2 resource provider not found; error: Placement Client Error (4xx): {"errors": [{"status": 404, "title": "Not Found", "detail": "The resource could not be found.\n\n No resource provider with uuid bd425cad-2f1c-4b5d-bc1b-2aa9b36eb4e2 found for delete ", "request_id": "req-656a9076-544e-45e1-99af-c26f9832e1da"}]}
2026-05-06 19:41:29.475 8 INFO neutron.services.segments.plugin [-] Segment 84852f5c-86f2-4664-98ac-feb9350abe51 resource provider not found; error: Placement Client Error (4xx): {"errors": [{"status": 404, "title": "Not Found", "detail": "The resource could not be found.\n\n No resource provider with uuid 84852f5c-86f2-4664-98ac-feb9350abe51 found for delete ", "request_id": "req-e735c111-6f53-47b0-bfac-ad69b114be3b"}]}
2026-05-06 19:41:29.485 8 INFO neutron.services.segments.plugin [-] Segment 84852f5c-86f2-4664-98ac-feb9350abe51 resource provider aggregate not found
2026-05-06 19:41:29.517 8 INFO neutron.services.segments.plugin [-] Segment 84852f5c-86f2-4664-98ac-feb9350abe51 resource provider not found; error: Placement Client Error (4xx): {"errors": [{"status": 404, "title": "Not Found", "detail": "The resource could not be found.\n\n No resource provider with uuid 84852f5c-86f2-4664-98ac-feb9350abe51 found for delete ", "request_id": "req-73d530fe-e964-42da-b89e-efe68d8e7bff"}]}
2026-05-06 19:41:29.677 7 INFO neutron.services.segments.plugin [-] Segment 9ac4ef8a-e29e-44cf-b072-fae62d5ce84e resource provider aggregate not found
2026-05-06 19:41:29.680 7 INFO neutron.services.segments.plugin [-] Segment 9ac4ef8a-e29e-44cf-b072-fae62d5ce84e resource provider aggregate not found
2026-05-06 19:41:29.698 7 INFO neutron.services.segments.plugin [-] Segment 9ac4ef8a-e29e-44cf-b072-fae62d5ce84e resource provider not found; error: Placement Client Error (4xx): {"errors": [{"status": 404, "title": "Not Found", "detail": "The resource could not be found.\n\n No resource provider with uuid 9ac4ef8a-e29e-44cf-b072-fae62d5ce84e found for delete ", "request_id": "req-d0422fc3-86e6-4a9c-8f48-9a38abfb6b3b"}]}
2026-05-06 19:41:29.723 7 INFO neutron.services.segments.plugin [-] Segment 9ac4ef8a-e29e-44cf-b072-fae62d5ce84e resource provider not found; error: Placement Client Error (4xx): {"errors": [{"status": 404, "title": "Not Found", "detail": "The resource could not be found.\n\n No resource provider with uuid 9ac4ef8a-e29e-44cf-b072-fae62d5ce84e found for delete ", "request_id": "req-7a36b3b7-6343-4983-9458-1d9bf7d07cdb"}]} [pid: 8|app: 0|req: 1305/2596] 10.0.0.199 () {32 vars in 724 bytes} [Wed May 6 19:41:28 2026] DELETE /v2.0/routers/5b9f7ead-a201-4647-9304-f9e4f040c857 => generated 0 bytes in 994 msecs (HTTP/1.1 204) 2 headers in 112 bytes (1 switches on core 0) [pid: 7|app: 0|req: 1292/2597] 10.0.0.199 () {32 vars in 726 bytes} [Wed May 6 19:41:29 2026] DELETE /v2.0/networks/650cf70c-0f6d-41dd-8c49-a1612468276b => generated 0 bytes in 473 msecs (HTTP/1.1 204) 3 headers in 131 bytes (1 switches on core 0)
2026-05-06 19:41:29.790 7 WARNING neutron.api.v2.base [None req-bae33baf-28d9-463a-bfba-4b9d2c647054 3ddd9081b54847029e5d6021c86214a1 d6021614183b4c68a7523f572b354d25 - - default default] An exception happened while processing the request body. The exception message is [Invalid input for description. Reason: 'yyyyyyyyyyyyyyyyyyyyyyyyyyyyyyyyyyyyyyyyyyyyyyyyyyyyyyyyyyyyyyyyyyyyyyyyyyyyyyyyyyyyyyyyyyyyyyyyyyyyyyyyyyyyyyyyyyyyyyyyyyyyyyyyyyyyyyyyyyyyyyyyyyyyyyyyyyyyyyyyyyyyyyyyyyyyyyyyyyyyyyyyyyyyyyyyyyyyyyyyyyyyyyyyyyyyyyyyyyyyyyyyyyyyyyyyyyyyyyyyyyyyyyyyyyyyyyyy' exceeds maximum length of 255.].: webob.exc.HTTPBadRequest: Invalid input for description. Reason: 'yyyyyyyyyyyyyyyyyyyyyyyyyyyyyyyyyyyyyyyyyyyyyyyyyyyyyyyyyyyyyyyyyyyyyyyyyyyyyyyyyyyyyyyyyyyyyyyyyyyyyyyyyyyyyyyyyyyyyyyyyyyyyyyyyyyyyyyyyyyyyyyyyyyyyyyyyyyyyyyyyyyyyyyyyyyyyyyyyyyyyyyyyyyyyyyyyyyyyyyyyyyyyyyyyyyyyyyyyyyyyyyyyyyyyyyyyyyyyyyyyyyyyyyyyyyyyyyy' exceeds maximum length of 255.
2026-05-06 19:41:29.791 7 INFO neutron.api.v2.resource [None req-bae33baf-28d9-463a-bfba-4b9d2c647054 3ddd9081b54847029e5d6021c86214a1 d6021614183b4c68a7523f572b354d25 - - default default] create failed (client error): Invalid input for description. Reason: 'yyyyyyyyyyyyyyyyyyyyyyyyyyyyyyyyyyyyyyyyyyyyyyyyyyyyyyyyyyyyyyyyyyyyyyyyyyyyyyyyyyyyyyyyyyyyyyyyyyyyyyyyyyyyyyyyyyyyyyyyyyyyyyyyyyyyyyyyyyyyyyyyyyyyyyyyyyyyyyyyyyyyyyyyyyyyyyyyyyyyyyyyyyyyyyyyyyyyyyyyyyyyyyyyyyyyyyyyyyyyyyyyyyyyyyyyyyyyyyyyyyyyyyyyyyyyyyyy' exceeds maximum length of 255. [pid: 7|app: 0|req: 1293/2598] 10.0.0.199 () {34 vars in 685 bytes} [Wed May 6 19:41:29 2026] POST /v2.0/vpn/vpnservices => generated 401 bytes in 9 msecs (HTTP/1.1 400) 4 headers in 166 bytes (1 switches on core 0)
2026-05-06 19:41:29.963 7 INFO neutron_taas.services.taas.taas_plugin [None req-5d15c1dd-bc6e-41b7-8537-fe909f6c9718 e47a345c595c43dbb21951e4d8e83311 1979c9899c7c47d0b93eb7119f20ca0a - - default default] TaaS: Handle Delete Port: 84f5099a-e76c-493e-ac42-e9feb1251b06
2026-05-06 19:41:29.966 7 INFO neutron_taas.services.taas.tap_mirror_plugin [None req-5d15c1dd-bc6e-41b7-8537-fe909f6c9718 e47a345c595c43dbb21951e4d8e83311 1979c9899c7c47d0b93eb7119f20ca0a - - default default] Tap Mirror: Handle Delete Port: 84f5099a-e76c-493e-ac42-e9feb1251b06 [pid: 7|app: 0|req: 1294/2599] 10.0.0.199 () {32 vars in 726 bytes} [Wed May 6 19:41:29 2026] DELETE /v2.0/networks/98a73cae-1154-4fe4-a1b0-f030980b16a7 => generated 0 bytes in 482 msecs (HTTP/1.1 204) 3 headers in 131 bytes (1 switches on core 0)
2026-05-06 19:41:30.281 7 WARNING neutron.api.v2.base [None req-79bf41f1-2522-4b1d-830d-d0caa43b882f 3ddd9081b54847029e5d6021c86214a1 d6021614183b4c68a7523f572b354d25 - - default default] An exception happened while processing the request body. The exception message is [Invalid input for name. Reason: 'xxxxxxxxxxxxxxxxxxxxxxxxxxxxxxxxxxxxxxxxxxxxxxxxxxxxxxxxxxxxxxxxxxxxxxxxxxxxxxxxxxxxxxxxxxxxxxxxxxxxxxxxxxxxxxxxxxxxxxxxxxxxxxxxxxxxxxxxxxxxxxxxxxxxxxxxxxxxxxxxxxxxxxxxxxxxxxxxxxxxxxxxxxxxxxxxxxxxxxxxxxxxxxxxxxxxxxxxxxxxxxxxxxxxxxxxxxxxxxxxxxxxxxxxxxxxxxxx' exceeds maximum length of 255.].: webob.exc.HTTPBadRequest: Invalid input for name. Reason: 'xxxxxxxxxxxxxxxxxxxxxxxxxxxxxxxxxxxxxxxxxxxxxxxxxxxxxxxxxxxxxxxxxxxxxxxxxxxxxxxxxxxxxxxxxxxxxxxxxxxxxxxxxxxxxxxxxxxxxxxxxxxxxxxxxxxxxxxxxxxxxxxxxxxxxxxxxxxxxxxxxxxxxxxxxxxxxxxxxxxxxxxxxxxxxxxxxxxxxxxxxxxxxxxxxxxxxxxxxxxxxxxxxxxxxxxxxxxxxxxxxxxxxxxxxxxxxxxx' exceeds maximum length of 255.
2026-05-06 19:41:30.282 7 INFO neutron.api.v2.resource [None req-79bf41f1-2522-4b1d-830d-d0caa43b882f 3ddd9081b54847029e5d6021c86214a1 d6021614183b4c68a7523f572b354d25 - - default default] create failed (client error): Invalid input for name. Reason: 'xxxxxxxxxxxxxxxxxxxxxxxxxxxxxxxxxxxxxxxxxxxxxxxxxxxxxxxxxxxxxxxxxxxxxxxxxxxxxxxxxxxxxxxxxxxxxxxxxxxxxxxxxxxxxxxxxxxxxxxxxxxxxxxxxxxxxxxxxxxxxxxxxxxxxxxxxxxxxxxxxxxxxxxxxxxxxxxxxxxxxxxxxxxxxxxxxxxxxxxxxxxxxxxxxxxxxxxxxxxxxxxxxxxxxxxxxxxxxxxxxxxxxxxxxxxxxxxx' exceeds maximum length of 255. [pid: 7|app: 0|req: 1295/2600] 10.0.0.199 () {34 vars in 685 bytes} [Wed May 6 19:41:30 2026] POST /v2.0/vpn/vpnservices => generated 394 bytes in 7 msecs (HTTP/1.1 400) 4 headers in 166 bytes (1 switches on core 0)
2026-05-06 19:41:30.321 7 INFO neutron.api.v2.resource [None req-4f0222ec-d821-4c9a-91b8-023c78432072 3ddd9081b54847029e5d6021c86214a1 d6021614183b4c68a7523f572b354d25 - - default default] create failed (client error): The server could not comply with the request since it is either malformed or otherwise incorrect. [pid: 7|app: 0|req: 1296/2601] 10.0.0.199 () {34 vars in 693 bytes} [Wed May 6 19:41:30 2026] POST /v2.0/vpn/endpoint-groups => generated 183 bytes in 34 msecs (HTTP/1.1 400) 4 headers in 166 bytes (1 switches on core 0)
2026-05-06 19:41:30.362 7 INFO neutron.api.v2.resource [None req-d11dd5e4-4f10-429e-aa92-8f6a95a285c8 3ddd9081b54847029e5d6021c86214a1 d6021614183b4c68a7523f572b354d25 - - default default] create failed (client error): The server could not comply with the request since it is either malformed or otherwise incorrect. [pid: 7|app: 0|req: 1297/2602] 10.0.0.199 () {34 vars in 693 bytes} [Wed May 6 19:41:30 2026] POST /v2.0/vpn/endpoint-groups => generated 160 bytes in 36 msecs (HTTP/1.1 400) 4 headers in 166 bytes (1 switches on core 0)
2026-05-06 19:41:30.409 7 INFO neutron.api.v2.resource [None req-9089f341-92b2-41ed-9e63-2066b8f08a7f 3ddd9081b54847029e5d6021c86214a1 d6021614183b4c68a7523f572b354d25 - - default default] create failed (client error): The server could not comply with the request since it is either malformed or otherwise incorrect. [pid: 7|app: 0|req: 1298/2603] 10.0.0.199 () {34 vars in 693 bytes} [Wed May 6 19:41:30 2026] POST /v2.0/vpn/endpoint-groups => generated 154 bytes in 39 msecs (HTTP/1.1 400) 4 headers in 166 bytes (1 switches on core 0) [pid: 7|app: 0|req: 1299/2604] 10.0.0.199 () {32 vars in 663 bytes} [Wed May 6 19:41:30 2026] GET /v2.0/vpn/ikepolicies => generated 407 bytes in 12 msecs (HTTP/1.1 200) 4 headers in 157 bytes (1 switches on core 0) [pid: 7|app: 0|req: 1300/2605] 10.0.0.199 () {32 vars in 667 bytes} [Wed May 6 19:41:30 2026] GET /v2.0/vpn/ipsecpolicies => generated 416 bytes in 11 msecs (HTTP/1.1 200) 4 headers in 157 bytes (1 switches on core 0) [pid: 7|app: 0|req: 1301/2606] 10.0.0.199 () {32 vars in 685 bytes} [Wed May 6 19:41:30 2026] GET /v2.0/vpn/ipsec-site-connections => generated 795 bytes in 15 msecs (HTTP/1.1 200) 4 headers in 157 bytes (1 switches on core 0) [pid: 7|app: 0|req: 1302/2607] 10.0.0.199 () {32 vars in 663 bytes} [Wed May 6 19:41:30 2026] GET /v2.0/vpn/vpnservices => generated 863 bytes in 10 msecs (HTTP/1.1 200) 4 headers in 157 bytes (1 switches on core 0) [pid: 7|app: 0|req: 1303/2608] 10.0.0.199 () {32 vars in 745 bytes} [Wed May 6 19:41:30 2026] GET /v2.0/vpn/endpoint-groups/f93e089d-7491-412b-abea-a24f603998b4 => generated 329 bytes in 15 msecs (HTTP/1.1 200) 4 headers in 157 bytes (1 switches on core 0) [pid: 7|app: 0|req: 1304/2609] 10.0.0.199 () {32 vars in 745 bytes} [Wed May 6 19:41:30 2026] GET /v2.0/vpn/endpoint-groups/405db9d1-06a2-466c-a255-15201282cd8f => generated 319 bytes in 9 msecs (HTTP/1.1 200) 4 headers in 157 bytes (1 switches on core 0) [pid: 7|app: 0|req: 1305/2610] 10.0.0.199 () {32 vars in 737 bytes} [Wed May 6 19:41:30 2026] GET /v2.0/vpn/ikepolicies/9a27426b-607d-4a8e-939f-3bd0ab3959b3 => generated 403 bytes in 9 msecs (HTTP/1.1 200) 4 headers in 157 bytes (1 switches on core 0) [pid: 7|app: 0|req: 1306/2611] 10.0.0.199 () {32 vars in 741 bytes} [Wed May 6 19:41:30 2026] GET /v2.0/vpn/ipsecpolicies/f762d697-6b9e-40f3-a8f6-85b86d44b8ec => generated 412 bytes in 7 msecs (HTTP/1.1 200) 4 headers in 157 bytes (1 switches on core 0) [pid: 7|app: 0|req: 1307/2612] 10.0.0.199 () {32 vars in 737 bytes} [Wed May 6 19:41:30 2026] GET /v2.0/vpn/vpnservices/08e5032a-59f8-4cfd-9657-b4182f805f36 => generated 450 bytes in 8 msecs (HTTP/1.1 200) 4 headers in 157 bytes (1 switches on core 0)
2026-05-06 19:41:31.152 7 INFO neutron.db.ovn_revision_numbers_db [None req-af3b3388-cb5c-48af-8663-9ac1cfbc1938 3ddd9081b54847029e5d6021c86214a1 d6021614183b4c68a7523f572b354d25 - - default default] Successfully bumped revision number for resource efbc721a-5f18-4266-af31-805affb3032e (type: routers) to 10 [pid: 7|app: 0|req: 1308/2613] 10.0.0.199 () {32 vars in 762 bytes} [Wed May 6 19:41:30 2026] DELETE /v2.0/vpn/ipsec-site-connections/0ed548d4-ce2b-4fba-9536-aa183092a881 => generated 0 bytes in 623 msecs (HTTP/1.1 204) 2 headers in 112 bytes (1 switches on core 0)
2026-05-06 19:41:31.188 8 WARNING neutron.scheduler.dhcp_agent_scheduler [None req-53801c49-2e80-436b-821c-597d26210bd9 c9e05de38756458a816cc44b1c5bae27 447df443bda344469e9459b7b14eb900 - - default default] No more DHCP agents
2026-05-06 19:41:31.190 8 WARNING neutron.api.rpc.agentnotifiers.dhcp_rpc_agent_api [None req-53801c49-2e80-436b-821c-597d26210bd9 c9e05de38756458a816cc44b1c5bae27 447df443bda344469e9459b7b14eb900 - - default default] Unable to schedule network 6eccbb2e-fcbd-4731-937d-72af4f328362: no agents available; will retry on subsequent port and subnet creation events.
2026-05-06 19:41:31.329 8 INFO neutron.db.ovn_revision_numbers_db [None req-53801c49-2e80-436b-821c-597d26210bd9 c9e05de38756458a816cc44b1c5bae27 447df443bda344469e9459b7b14eb900 - - default default] Successfully bumped revision number for resource 8a01e33c-7bc2-4601-bf56-64c696654077 (type: ports) to 1
2026-05-06 19:41:31.476 7 INFO neutron.db.ovn_revision_numbers_db [None req-53178ad7-0e59-4fd8-9658-e14166ea66c9 9b6ef315975d44c1b195ea46ac65eab3 d58dc6e14afb44a6a2e31f11e0c48dbe - - default default] Successfully bumped revision number for resource 0e4c448b-e584-4655-b310-9860ce442c15 (type: security_groups) to 1
2026-05-06 19:41:31.492 7 INFO neutron.db.ovn_revision_numbers_db [None req-53178ad7-0e59-4fd8-9658-e14166ea66c9 9b6ef315975d44c1b195ea46ac65eab3 d58dc6e14afb44a6a2e31f11e0c48dbe - - default default] Successfully bumped revision number for resource 1276a442-389f-4615-958e-202972bd4b2e (type: security_group_rules) to 0
2026-05-06 19:41:31.504 7 INFO neutron.db.ovn_revision_numbers_db [None req-53178ad7-0e59-4fd8-9658-e14166ea66c9 9b6ef315975d44c1b195ea46ac65eab3 d58dc6e14afb44a6a2e31f11e0c48dbe - - default default] Successfully bumped revision number for resource 69f34e1f-6911-4774-bf3c-a8d8a2dd6e80 (type: security_group_rules) to 0
