2026-05-06 19:39:20.501 8 INFO neutron.db.ovn_revision_numbers_db [None req-85a68c73-b35f-47c8-9762-cd75121ca614 9b6ef315975d44c1b195ea46ac65eab3 d58dc6e14afb44a6a2e31f11e0c48dbe - - default default] Successfully bumped revision number for resource af2ce83a-4407-488c-b420-2e437a6876c4 (type: security_group_rules) to 0
2026-05-06 19:39:20.514 8 INFO neutron.db.ovn_revision_numbers_db [None req-85a68c73-b35f-47c8-9762-cd75121ca614 9b6ef315975d44c1b195ea46ac65eab3 d58dc6e14afb44a6a2e31f11e0c48dbe - - default default] Successfully bumped revision number for resource e6ba61b0-4c8f-4986-ae4d-f75d4b539fa7 (type: security_group_rules) to 0 [pid: 8|app: 0|req: 885/1700] 10.0.0.199 () {32 vars in 774 bytes} [Wed May 6 19:39:20 2026] GET /v2.0/security-groups?tenant_id=494fc6ec76a645d79277c01afce44a9b&name=default => generated 2925 bytes in 219 msecs (HTTP/1.1 200) 4 headers in 158 bytes (1 switches on core 0)
2026-05-06 19:39:20.673 8 INFO neutron_taas.services.taas.taas_plugin [None req-c8d53c28-bacf-4126-89ac-44ad0681ea3c 396cf1dfea1c40d0a79b3881305c71c8 f9286e34f6ca4edf815fbcc86605a8b3 - - default default] TaaS: Handle Delete Port: 33a9bdb8-56e0-4e05-9e0d-4016b5209b66
2026-05-06 19:39:20.674 7 INFO neutron.plugins.ml2.drivers.ovn.mech_driver.ovsdb.commands [None req-00f10dd8-357f-4923-a95a-cbfbd605e6ae - - - - - -] Schedule LRP lrp-9937a67f-86ea-4956-a776-d9d9cd178152 on gateway eec2710b-08ce-4ede-be3b-fc91b4db952f with priority 1
2026-05-06 19:39:20.676 8 INFO neutron_taas.services.taas.tap_mirror_plugin [None req-c8d53c28-bacf-4126-89ac-44ad0681ea3c 396cf1dfea1c40d0a79b3881305c71c8 f9286e34f6ca4edf815fbcc86605a8b3 - - default default] Tap Mirror: Handle Delete Port: 33a9bdb8-56e0-4e05-9e0d-4016b5209b66
2026-05-06 19:39:20.739 7 INFO neutron.db.ovn_revision_numbers_db [None req-155b71a2-e862-4118-8aa2-8a1fa9b6d78e 9b6ef315975d44c1b195ea46ac65eab3 d58dc6e14afb44a6a2e31f11e0c48dbe - - default default] Successfully bumped revision number for resource 9937a67f-86ea-4956-a776-d9d9cd178152 (type: router_ports) to 1
2026-05-06 19:39:20.770 8 INFO neutron.plugins.ml2.drivers.ovn.mech_driver.ovsdb.ovsdb_monitor [None req-18d84ab3-5b1f-4ba6-92db-30fe6199d650 - - - - - -] Router bf3037b3-1813-4d0f-880a-4101aaaeeb27 is bound to host instance
2026-05-06 19:39:20.801 7 INFO neutron.db.ovn_revision_numbers_db [None req-155b71a2-e862-4118-8aa2-8a1fa9b6d78e 9b6ef315975d44c1b195ea46ac65eab3 d58dc6e14afb44a6a2e31f11e0c48dbe - - default default] Successfully bumped revision number for resource bf3037b3-1813-4d0f-880a-4101aaaeeb27 (type: routers) to 2
2026-05-06 19:39:20.814 8 INFO neutron.plugins.ml2.drivers.ovn.mech_driver.mech_driver [None req-ba61c0b7-6dbb-4401-bf89-192570a78785 - - - - - -] OVN reports status up for port: 9937a67f-86ea-4956-a776-d9d9cd178152 [pid: 7|app: 0|req: 816/1701] 10.0.0.199 () {34 vars in 669 bytes} [Wed May 6 19:39:19 2026] POST /v2.0/routers => generated 965 bytes in 1285 msecs (HTTP/1.1 201) 4 headers in 162 bytes (1 switches on core 0)
2026-05-06 19:39:20.870 8 INFO neutron.plugins.ml2.plugin [None req-ba61c0b7-6dbb-4401-bf89-192570a78785 - - - - - -] Attempt 1 to provision port 9937a67f-86ea-4956-a776-d9d9cd178152
2026-05-06 19:39:21.007 7 WARNING neutron.scheduler.dhcp_agent_scheduler [None req-7952e1d1-29a0-4e59-bda4-2a3d851b063c fd962277fefa48838a22f6aae25a2e67 804c096a7f86449b9ac6a45c2de76335 - - default default] No more DHCP agents
2026-05-06 19:39:21.008 7 WARNING neutron.api.rpc.agentnotifiers.dhcp_rpc_agent_api [None req-7952e1d1-29a0-4e59-bda4-2a3d851b063c fd962277fefa48838a22f6aae25a2e67 804c096a7f86449b9ac6a45c2de76335 - - default default] Unable to schedule network 4f55e61a-43c3-4b92-a946-649e8abfa739: no agents available; will retry on subsequent port and subnet creation events.
2026-05-06 19:39:21.142 8 INFO neutron.services.segments.plugin [-] Segment b4ae25bf-f6f9-405e-9e8c-347902c95a0c resource provider aggregate not found
2026-05-06 19:39:21.153 8 INFO neutron.services.segments.plugin [-] Segment b4ae25bf-f6f9-405e-9e8c-347902c95a0c resource provider aggregate not found
2026-05-06 19:39:21.170 8 INFO neutron.services.segments.plugin [-] Segment b4ae25bf-f6f9-405e-9e8c-347902c95a0c resource provider not found; error: Placement Client Error (4xx): {"errors": [{"status": 404, "title": "Not Found", "detail": "The resource could not be found.\n\n No resource provider with uuid b4ae25bf-f6f9-405e-9e8c-347902c95a0c found for delete ", "request_id": "req-260cd863-9f74-4e56-851e-cfa9e45174c7"}]}
2026-05-06 19:39:21.181 8 INFO neutron.services.segments.plugin [-] Segment b4ae25bf-f6f9-405e-9e8c-347902c95a0c resource provider not found; error: Placement Client Error (4xx): {"errors": [{"status": 404, "title": "Not Found", "detail": "The resource could not be found.\n\n No resource provider with uuid b4ae25bf-f6f9-405e-9e8c-347902c95a0c found for delete ", "request_id": "req-a0df07fb-61c7-469b-adc5-60724f10e666"}]} [pid: 8|app: 0|req: 886/1702] 10.0.0.199 () {32 vars in 726 bytes} [Wed May 6 19:39:20 2026] DELETE /v2.0/networks/437a9b85-da4b-43ae-ac71-29088bb2005a => generated 0 bytes in 672 msecs (HTTP/1.1 204) 3 headers in 131 bytes (1 switches on core 0)
2026-05-06 19:39:21.603 7 WARNING neutron.plugins.ml2.drivers.ovn.mech_driver.ovsdb.ovn_client [None req-9ac5e48f-5faa-46d2-ba88-d497267ecbc9 - - - - - -] No hosting information found for port b19d0de5-703c-414e-a8be-75a9a202a8ee: RuntimeError: No hosting information found for port b19d0de5-703c-414e-a8be-75a9a202a8ee
2026-05-06 19:39:21.604 7 INFO neutron.plugins.ml2.drivers.ovn.mech_driver.mech_driver [None req-9ac5e48f-5faa-46d2-ba88-d497267ecbc9 - - - - - -] OVN reports status down for port: 838ea51d-292a-4de4-9d60-f68926002e8c
2026-05-06 19:39:21.638 7 INFO neutron.plugins.ml2.drivers.ovn.mech_driver.mech_driver [None req-9ac5e48f-5faa-46d2-ba88-d497267ecbc9 - - - - - -] OVN reports status down for port: cf889b26-3461-4452-8856-8f719f514ae7 [pid: 8|app: 0|req: 887/1703] 10.0.0.199 () {32 vars in 740 bytes} [Wed May 6 19:39:21 2026] DELETE /v2.0/security-groups/0ae15591-aabe-4526-8398-ac26026fac45 => generated 0 bytes in 423 msecs (HTTP/1.1 204) 2 headers in 112 bytes (1 switches on core 0)
2026-05-06 19:39:21.761 7 WARNING neutron.plugins.ml2.drivers.ovn.mech_driver.ovsdb.ovn_client [None req-9ac5e48f-5faa-46d2-ba88-d497267ecbc9 - - - - - -] Logical_Switch_Port %s host information not removed, the port state is up
2026-05-06 19:39:21.762 7 INFO neutron.plugins.ml2.drivers.ovn.mech_driver.mech_driver [None req-9ac5e48f-5faa-46d2-ba88-d497267ecbc9 - - - - - -] OVN reports status down for port: 302b4ec4-b0e6-4f6b-ab38-1cd4b0a41950
2026-05-06 19:39:21.891 7 INFO neutron.plugins.ml2.drivers.ovn.mech_driver.mech_driver [None req-9ac5e48f-5faa-46d2-ba88-d497267ecbc9 - - - - - -] OVN reports status up for port: cf889b26-3461-4452-8856-8f719f514ae7
2026-05-06 19:39:21.937 7 INFO neutron.plugins.ml2.plugin [None req-9ac5e48f-5faa-46d2-ba88-d497267ecbc9 - - - - - -] Attempt 1 to provision port cf889b26-3461-4452-8856-8f719f514ae7
2026-05-06 19:39:21.970 7 INFO neutron.db.ovn_revision_numbers_db [None req-7952e1d1-29a0-4e59-bda4-2a3d851b063c fd962277fefa48838a22f6aae25a2e67 804c096a7f86449b9ac6a45c2de76335 - - default default] Successfully bumped revision number for resource 1339ee16-abb9-4287-9efa-516e0eb0b0d9 (type: floatingips) to 1
2026-05-06 19:39:21.971 7 INFO neutron.db.l3_db [None req-7952e1d1-29a0-4e59-bda4-2a3d851b063c fd962277fefa48838a22f6aae25a2e67 804c096a7f86449b9ac6a45c2de76335 - - default default] Floating IP 1339ee16-abb9-4287-9efa-516e0eb0b0d9 associated. External IP: 10.96.250.203, port: 6918282c-4b9e-4926-a25e-5e163ea6239a. [pid: 7|app: 0|req: 817/1704] 10.0.0.199 () {34 vars in 677 bytes} [Wed May 6 19:39:20 2026] POST /v2.0/floatingips => generated 843 bytes in 1217 msecs (HTTP/1.1 201) 4 headers in 162 bytes (1 switches on core 0)
2026-05-06 19:39:22.190 7 INFO neutron.db.segments_db [None req-af455bd9-3eaf-417f-b072-1e5ee9271f7b 396cf1dfea1c40d0a79b3881305c71c8 f9286e34f6ca4edf815fbcc86605a8b3 - - default default] Added segment b625b2c0-34aa-4cc2-99e1-3d53e5178bcd of type geneve for network 10766b8e-acd0-47c6-b872-4b886b7c5169
2026-05-06 19:39:22.388 8 INFO neutron.db.ovn_revision_numbers_db [None req-c076df10-be92-4893-9525-b3614e56c333 - - - - - -] Successfully bumped revision number for resource 9937a67f-86ea-4956-a776-d9d9cd178152 (type: ports) to 4
2026-05-06 19:39:22.526 7 INFO neutron.db.ovn_revision_numbers_db [None req-af455bd9-3eaf-417f-b072-1e5ee9271f7b 396cf1dfea1c40d0a79b3881305c71c8 f9286e34f6ca4edf815fbcc86605a8b3 - - default default] Successfully bumped revision number for resource 10766b8e-acd0-47c6-b872-4b886b7c5169 (type: networks) to 1
2026-05-06 19:39:22.554 8 WARNING neutron.scheduler.dhcp_agent_scheduler [None req-d6d2ea81-0e7b-4f9f-8039-7a5eb99fdf20 9b6ef315975d44c1b195ea46ac65eab3 d58dc6e14afb44a6a2e31f11e0c48dbe - - default default] No more DHCP agents
2026-05-06 19:39:22.557 8 WARNING neutron.api.rpc.agentnotifiers.dhcp_rpc_agent_api [None req-d6d2ea81-0e7b-4f9f-8039-7a5eb99fdf20 9b6ef315975d44c1b195ea46ac65eab3 d58dc6e14afb44a6a2e31f11e0c48dbe - - default default] Unable to schedule network 002c54e7-d44d-42db-a568-b5b621c641f3: no agents available; will retry on subsequent port and subnet creation events.
2026-05-06 19:39:22.729 7 INFO neutron.db.ovn_revision_numbers_db [None req-9ac5e48f-5faa-46d2-ba88-d497267ecbc9 - - - - - -] Successfully bumped revision number for resource cf889b26-3461-4452-8856-8f719f514ae7 (type: ports) to 2
2026-05-06 19:39:22.844 8 INFO neutron.db.ovn_revision_numbers_db [None req-d6d2ea81-0e7b-4f9f-8039-7a5eb99fdf20 9b6ef315975d44c1b195ea46ac65eab3 d58dc6e14afb44a6a2e31f11e0c48dbe - - default default] Successfully bumped revision number for resource d3674bc3-6ae8-4639-bcbf-2cc64601cc53 (type: ports) to 1
2026-05-06 19:39:22.897 7 WARNING neutron.scheduler.dhcp_agent_scheduler [None req-af455bd9-3eaf-417f-b072-1e5ee9271f7b 396cf1dfea1c40d0a79b3881305c71c8 f9286e34f6ca4edf815fbcc86605a8b3 - - default default] No more DHCP agents
2026-05-06 19:39:22.902 7 WARNING neutron.api.rpc.agentnotifiers.dhcp_rpc_agent_api [None req-af455bd9-3eaf-417f-b072-1e5ee9271f7b 396cf1dfea1c40d0a79b3881305c71c8 f9286e34f6ca4edf815fbcc86605a8b3 - - default default] Unable to schedule network 10766b8e-acd0-47c6-b872-4b886b7c5169: no agents available; will retry on subsequent port and subnet creation events.
2026-05-06 19:39:23.019 7 INFO neutron.db.ovn_revision_numbers_db [None req-af455bd9-3eaf-417f-b072-1e5ee9271f7b 396cf1dfea1c40d0a79b3881305c71c8 f9286e34f6ca4edf815fbcc86605a8b3 - - default default] Successfully bumped revision number for resource 23711458-24ea-415a-9e73-3daf504b9065 (type: ports) to 1 [pid: 7|app: 0|req: 818/1705] 10.0.0.199 () {34 vars in 670 bytes} [Wed May 6 19:39:22 2026] POST /v2.0/networks => generated 651 bytes in 1009 msecs (HTTP/1.1 201) 4 headers in 162 bytes (1 switches on core 0)
2026-05-06 19:39:23.084 8 INFO neutron.db.ovn_revision_numbers_db [None req-c076df10-be92-4893-9525-b3614e56c333 - - - - - -] Successfully bumped revision number for resource 9937a67f-86ea-4956-a776-d9d9cd178152 (type: ports) to 5
2026-05-06 19:39:23.235 7 INFO neutron.db.ovn_revision_numbers_db [None req-8ec6862a-2c30-4963-9ec8-2700f581e0aa fd962277fefa48838a22f6aae25a2e67 804c096a7f86449b9ac6a45c2de76335 - - default default] Successfully bumped revision number for resource 1339ee16-abb9-4287-9efa-516e0eb0b0d9 (type: floatingips) to 2
2026-05-06 19:39:23.289 7 INFO neutron.db.l3_db [None req-8ec6862a-2c30-4963-9ec8-2700f581e0aa fd962277fefa48838a22f6aae25a2e67 804c096a7f86449b9ac6a45c2de76335 - - default default] Floating IP 1339ee16-abb9-4287-9efa-516e0eb0b0d9 disassociated. External IP: 10.96.250.203, port: 6918282c-4b9e-4926-a25e-5e163ea6239a. [pid: 7|app: 0|req: 819/1706] 10.0.0.199 () {34 vars in 749 bytes} [Wed May 6 19:39:23 2026] PUT /v2.0/floatingips/1339ee16-abb9-4287-9efa-516e0eb0b0d9 => generated 554 bytes in 285 msecs (HTTP/1.1 200) 4 headers in 157 bytes (1 switches on core 0)
2026-05-06 19:39:23.523 7 WARNING neutron.scheduler.dhcp_agent_scheduler [None req-7340e41c-b8a3-4d45-9501-7626ac716e3c 396cf1dfea1c40d0a79b3881305c71c8 f9286e34f6ca4edf815fbcc86605a8b3 - - default default] No more DHCP agents
2026-05-06 19:39:23.524 7 WARNING neutron.api.rpc.agentnotifiers.dhcp_rpc_agent_api [None req-7340e41c-b8a3-4d45-9501-7626ac716e3c 396cf1dfea1c40d0a79b3881305c71c8 f9286e34f6ca4edf815fbcc86605a8b3 - - default default] Unable to schedule network 10766b8e-acd0-47c6-b872-4b886b7c5169: no agents available; will retry on subsequent port and subnet creation events.
2026-05-06 19:39:23.726 8 WARNING neutron.scheduler.dhcp_agent_scheduler [None req-d6d2ea81-0e7b-4f9f-8039-7a5eb99fdf20 9b6ef315975d44c1b195ea46ac65eab3 d58dc6e14afb44a6a2e31f11e0c48dbe - - default default] No more DHCP agents
2026-05-06 19:39:23.727 8 WARNING neutron.api.rpc.agentnotifiers.dhcp_rpc_agent_api [None req-d6d2ea81-0e7b-4f9f-8039-7a5eb99fdf20 9b6ef315975d44c1b195ea46ac65eab3 d58dc6e14afb44a6a2e31f11e0c48dbe - - default default] Unable to schedule network 002c54e7-d44d-42db-a568-b5b621c641f3: no agents available; will retry on subsequent port and subnet creation events.
2026-05-06 19:39:23.965 8 INFO neutron.plugins.ml2.drivers.ovn.mech_driver.mech_driver [None req-ba61c0b7-6dbb-4401-bf89-192570a78785 - - - - - -] OVN reports status down for port: d3674bc3-6ae8-4639-bcbf-2cc64601cc53
2026-05-06 19:39:23.980 7 INFO neutron.db.ovn_revision_numbers_db [None req-dbec065b-4ffb-4ad4-a0c2-c6a560303fd3 - - - - - -] Successfully bumped revision number for resource 23711458-24ea-415a-9e73-3daf504b9065 (type: ports) to 2
2026-05-06 19:39:24.005 7 INFO neutron.db.ovn_revision_numbers_db [None req-dbec065b-4ffb-4ad4-a0c2-c6a560303fd3 - - - - - -] Successfully bumped revision number for resource 1d178ac4-6c15-4f80-84c0-1e8fde0870a9 (type: subnets) to 0 [pid: 7|app: 0|req: 820/1707] 10.0.0.199 () {34 vars in 669 bytes} [Wed May 6 19:39:23 2026] POST /v2.0/subnets => generated 626 bytes in 690 msecs (HTTP/1.1 201) 4 headers in 162 bytes (1 switches on core 0)
2026-05-06 19:39:24.111 8 WARNING neutron.plugins.ml2.drivers.ovn.mech_driver.ovsdb.ovn_client [None req-ba61c0b7-6dbb-4401-bf89-192570a78785 - - - - - -] Logical_Switch_Port %s host information not removed, the port state is up
2026-05-06 19:39:24.112 8 INFO neutron.plugins.ml2.drivers.ovn.mech_driver.mech_driver [None req-ba61c0b7-6dbb-4401-bf89-192570a78785 - - - - - -] OVN reports status up for port: d3674bc3-6ae8-4639-bcbf-2cc64601cc53
2026-05-06 19:39:24.134 7 INFO neutron_taas.services.taas.taas_plugin [None req-33d48d1b-ded0-4786-a9af-8101b0093413 fd962277fefa48838a22f6aae25a2e67 804c096a7f86449b9ac6a45c2de76335 - - default default] TaaS: Handle Delete Port: 0a1a4bba-5752-4978-aed1-d90df2ab7389
2026-05-06 19:39:24.137 8 INFO neutron.plugins.ml2.plugin [None req-ba61c0b7-6dbb-4401-bf89-192570a78785 - - - - - -] Attempt 1 to provision port d3674bc3-6ae8-4639-bcbf-2cc64601cc53
2026-05-06 19:39:24.139 7 INFO neutron_taas.services.taas.tap_mirror_plugin [None req-33d48d1b-ded0-4786-a9af-8101b0093413 fd962277fefa48838a22f6aae25a2e67 804c096a7f86449b9ac6a45c2de76335 - - default default] Tap Mirror: Handle Delete Port: 0a1a4bba-5752-4978-aed1-d90df2ab7389 [pid: 7|app: 0|req: 821/1708] 10.0.0.199 () {32 vars in 732 bytes} [Wed May 6 19:39:24 2026] DELETE /v2.0/floatingips/1339ee16-abb9-4287-9efa-516e0eb0b0d9 => generated 0 bytes in 288 msecs (HTTP/1.1 204) 2 headers in 112 bytes (1 switches on core 0)
2026-05-06 19:39:24.566 8 INFO neutron.db.ovn_revision_numbers_db [None req-d6d2ea81-0e7b-4f9f-8039-7a5eb99fdf20 9b6ef315975d44c1b195ea46ac65eab3 d58dc6e14afb44a6a2e31f11e0c48dbe - - default default] Successfully bumped revision number for resource d3674bc3-6ae8-4639-bcbf-2cc64601cc53 (type: router_ports) to 1 [pid: 8|app: 0|req: 888/1711] 10.0.0.199 () {34 vars in 783 bytes} [Wed May 6 19:39:21 2026] PUT /v2.0/routers/bf3037b3-1813-4d0f-880a-4101aaaeeb27/add_router_interface => generated 309 bytes in 2926 msecs (HTTP/1.1 200) 4 headers in 157 bytes (1 switches on core 0)
2026-05-06 19:39:24.666 7 WARNING neutron.scheduler.dhcp_agent_scheduler [None req-39544ba4-1816-4cf0-9df8-1c97a352b70f 396cf1dfea1c40d0a79b3881305c71c8 f9286e34f6ca4edf815fbcc86605a8b3 - - default default] No more DHCP agents
2026-05-06 19:39:24.667 7 WARNING neutron.api.rpc.agentnotifiers.dhcp_rpc_agent_api [None req-39544ba4-1816-4cf0-9df8-1c97a352b70f 396cf1dfea1c40d0a79b3881305c71c8 f9286e34f6ca4edf815fbcc86605a8b3 - - default default] Unable to schedule network 10766b8e-acd0-47c6-b872-4b886b7c5169: no agents available; will retry on subsequent port and subnet creation events.
2026-05-06 19:39:24.823 7 INFO neutron.db.ovn_revision_numbers_db [None req-39544ba4-1816-4cf0-9df8-1c97a352b70f 396cf1dfea1c40d0a79b3881305c71c8 f9286e34f6ca4edf815fbcc86605a8b3 - - default default] Successfully bumped revision number for resource af3c3d24-5a0a-4c0b-b2ad-3bd91f9d6a20 (type: ports) to 1 [pid: 7|app: 0|req: 824/1712] 10.0.0.199 () {34 vars in 665 bytes} [Wed May 6 19:39:24 2026] POST /v2.0/ports => generated 911 bytes in 542 msecs (HTTP/1.1 201) 4 headers in 162 bytes (1 switches on core 0) [pid: 7|app: 0|req: 825/1713] 10.0.0.47 () {32 vars in 801 bytes} [Wed May 6 19:39:24 2026] GET /v2.0/extensions => generated 20541 bytes in 119 msecs (HTTP/1.1 200) 4 headers in 159 bytes (1 switches on core 0)
2026-05-06 19:39:24.976 8 INFO neutron.db.ovn_revision_numbers_db [None req-ba61c0b7-6dbb-4401-bf89-192570a78785 - - - - - -] Successfully bumped revision number for resource d3674bc3-6ae8-4639-bcbf-2cc64601cc53 (type: ports) to 2
2026-05-06 19:39:25.057 8 WARNING neutron.scheduler.dhcp_agent_scheduler [None req-ef723791-7dd3-43c4-94c3-c13f1d81faac fd962277fefa48838a22f6aae25a2e67 804c096a7f86449b9ac6a45c2de76335 - - default default] No more DHCP agents
2026-05-06 19:39:25.061 8 WARNING neutron.api.rpc.agentnotifiers.dhcp_rpc_agent_api [None req-ef723791-7dd3-43c4-94c3-c13f1d81faac fd962277fefa48838a22f6aae25a2e67 804c096a7f86449b9ac6a45c2de76335 - - default default] Unable to schedule network 4f55e61a-43c3-4b92-a946-649e8abfa739: no agents available; will retry on subsequent port and subnet creation events.
2026-05-06 19:39:25.165 7 INFO neutron_taas.services.taas.taas_plugin [None req-48196471-8c64-48b6-ae3f-c05a66f93bfc 396cf1dfea1c40d0a79b3881305c71c8 f9286e34f6ca4edf815fbcc86605a8b3 - - default default] TaaS: Handle Delete Port: af3c3d24-5a0a-4c0b-b2ad-3bd91f9d6a20
2026-05-06 19:39:25.168 7 INFO neutron_taas.services.taas.tap_mirror_plugin [None req-48196471-8c64-48b6-ae3f-c05a66f93bfc 396cf1dfea1c40d0a79b3881305c71c8 f9286e34f6ca4edf815fbcc86605a8b3 - - default default] Tap Mirror: Handle Delete Port: af3c3d24-5a0a-4c0b-b2ad-3bd91f9d6a20 [pid: 7|app: 0|req: 826/1714] 10.0.0.199 () {32 vars in 720 bytes} [Wed May 6 19:39:24 2026] DELETE /v2.0/ports/af3c3d24-5a0a-4c0b-b2ad-3bd91f9d6a20 => generated 0 bytes in 410 msecs (HTTP/1.1 204) 3 headers in 131 bytes (1 switches on core 0) [pid: 7|app: 0|req: 827/1715] 10.0.0.47 () {30 vars in 723 bytes} [Wed May 6 19:39:25 2026] GET /v2.0/quotas/db3908be917d4170825f1b01c91fcb8c/details => generated 847 bytes in 147 msecs (HTTP/1.1 200) 4 headers in 157 bytes (1 switches on core 0)
2026-05-06 19:39:25.559 7 INFO neutron.pecan_wsgi.hooks.translation [None req-000ebd6c-70d5-4c34-956c-97cebdbc99bd 396cf1dfea1c40d0a79b3881305c71c8 f9286e34f6ca4edf815fbcc86605a8b3 - - default default] GET failed (client error): The resource could not be found. [pid: 7|app: 0|req: 828/1716] 10.0.0.199 () {32 vars in 717 bytes} [Wed May 6 19:39:25 2026] GET /v2.0/ports/af3c3d24-5a0a-4c0b-b2ad-3bd91f9d6a20 => generated 132 bytes in 26 msecs (HTTP/1.1 404) 4 headers in 164 bytes (1 switches on core 0) [pid: 7|app: 0|req: 829/1717] 10.0.0.199 () {32 vars in 724 bytes} [Wed May 6 19:39:25 2026] DELETE /v2.0/subnets/1d178ac4-6c15-4f80-84c0-1e8fde0870a9 => generated 0 bytes in 188 msecs (HTTP/1.1 204) 3 headers in 131 bytes (1 switches on core 0)
2026-05-06 19:39:25.876 7 INFO neutron_taas.services.taas.taas_plugin [None req-f9db4c73-9cd3-41f0-bcde-ec7db6f3f33b 396cf1dfea1c40d0a79b3881305c71c8 f9286e34f6ca4edf815fbcc86605a8b3 - - default default] TaaS: Handle Delete Port: 23711458-24ea-415a-9e73-3daf504b9065
2026-05-06 19:39:25.878 7 INFO neutron_taas.services.taas.tap_mirror_plugin [None req-f9db4c73-9cd3-41f0-bcde-ec7db6f3f33b 396cf1dfea1c40d0a79b3881305c71c8 f9286e34f6ca4edf815fbcc86605a8b3 - - default default] Tap Mirror: Handle Delete Port: 23711458-24ea-415a-9e73-3daf504b9065
2026-05-06 19:39:26.062 8 INFO neutron.db.ovn_revision_numbers_db [None req-ef723791-7dd3-43c4-94c3-c13f1d81faac fd962277fefa48838a22f6aae25a2e67 804c096a7f86449b9ac6a45c2de76335 - - default default] Successfully bumped revision number for resource 6daf3e38-d09b-4941-a58a-4a513ead56f0 (type: floatingips) to 1
2026-05-06 19:39:26.062 8 INFO neutron.db.l3_db [None req-ef723791-7dd3-43c4-94c3-c13f1d81faac fd962277fefa48838a22f6aae25a2e67 804c096a7f86449b9ac6a45c2de76335 - - default default] Floating IP 6daf3e38-d09b-4941-a58a-4a513ead56f0 associated. External IP: 10.96.250.218, port: e842b508-3d81-47d8-9c79-73a295b8c549.
2026-05-06 19:39:26.082 7 INFO neutron.services.segments.plugin [-] Segment b625b2c0-34aa-4cc2-99e1-3d53e5178bcd resource provider aggregate not found
2026-05-06 19:39:26.093 7 INFO neutron.services.segments.plugin [-] Segment b625b2c0-34aa-4cc2-99e1-3d53e5178bcd resource provider aggregate not found
2026-05-06 19:39:26.102 7 INFO neutron.services.segments.plugin [-] Segment b625b2c0-34aa-4cc2-99e1-3d53e5178bcd resource provider not found; error: Placement Client Error (4xx): {"errors": [{"status": 404, "title": "Not Found", "detail": "The resource could not be found.\n\n No resource provider with uuid b625b2c0-34aa-4cc2-99e1-3d53e5178bcd found for delete ", "request_id": "req-60c1c607-bc6b-49f2-a972-8930c4453f17"}]} [pid: 8|app: 0|req: 889/1718] 10.0.0.199 () {34 vars in 677 bytes} [Wed May 6 19:39:24 2026] POST /v2.0/floatingips => generated 842 bytes in 1528 msecs (HTTP/1.1 201) 4 headers in 162 bytes (1 switches on core 0)
2026-05-06 19:39:26.110 7 INFO neutron.services.segments.plugin [-] Segment b625b2c0-34aa-4cc2-99e1-3d53e5178bcd resource provider not found; error: Placement Client Error (4xx): {"errors": [{"status": 404, "title": "Not Found", "detail": "The resource could not be found.\n\n No resource provider with uuid b625b2c0-34aa-4cc2-99e1-3d53e5178bcd found for delete ", "request_id": "req-7f36cbee-8711-473a-95d0-9b89ceff91d0"}]} [pid: 7|app: 0|req: 830/1719] 10.0.0.199 () {32 vars in 726 bytes} [Wed May 6 19:39:25 2026] DELETE /v2.0/networks/10766b8e-acd0-47c6-b872-4b886b7c5169 => generated 0 bytes in 364 msecs (HTTP/1.1 204) 3 headers in 131 bytes (1 switches on core 0) [pid: 8|app: 0|req: 890/1720] 10.0.0.199 () {32 vars in 729 bytes} [Wed May 6 19:39:26 2026] GET /v2.0/floatingips/6daf3e38-d09b-4941-a58a-4a513ead56f0 => generated 844 bytes in 38 msecs (HTTP/1.1 200) 4 headers in 157 bytes (1 switches on core 0) [pid: 8|app: 0|req: 891/1721] 10.0.0.199 () {32 vars in 655 bytes} [Wed May 6 19:39:26 2026] GET /v2.0/floatingips => generated 847 bytes in 63 msecs (HTTP/1.1 200) 4 headers in 157 bytes (1 switches on core 0)
2026-05-06 19:39:26.349 7 WARNING neutron.scheduler.dhcp_agent_scheduler [None req-46b94f2f-422f-499c-b966-0d3ae6a26ecb 396cf1dfea1c40d0a79b3881305c71c8 f9286e34f6ca4edf815fbcc86605a8b3 - - default default] No more DHCP agents
2026-05-06 19:39:26.350 7 WARNING neutron.api.rpc.agentnotifiers.dhcp_rpc_agent_api [None req-46b94f2f-422f-499c-b966-0d3ae6a26ecb 396cf1dfea1c40d0a79b3881305c71c8 f9286e34f6ca4edf815fbcc86605a8b3 - - default default] Unable to schedule network 5310fd05-7beb-4e63-b95b-f71d4f9c3661: no agents available; will retry on subsequent port and subnet creation events.
2026-05-06 19:39:26.436 7 INFO neutron.db.ovn_revision_numbers_db [None req-46b94f2f-422f-499c-b966-0d3ae6a26ecb 396cf1dfea1c40d0a79b3881305c71c8 f9286e34f6ca4edf815fbcc86605a8b3 - - default default] Successfully bumped revision number for resource 392a09f8-0cff-4b5a-8e86-cf7142b9bfe9 (type: ports) to 1 [pid: 7|app: 0|req: 831/1722] 10.0.0.199 () {34 vars in 665 bytes} [Wed May 6 19:39:26 2026] POST /v2.0/ports => generated 774 bytes in 349 msecs (HTTP/1.1 201) 4 headers in 162 bytes (1 switches on core 0) /var/lib/openstack/lib/python3.12/site-packages/pycadf/identifier.py:70: UserWarning: Invalid uuid: neutron. To ensure interoperability, identifiers should be a valid uuid. warnings.warn(('Invalid uuid: %s. To ensure interoperability, '
2026-05-06 19:39:26.743 7 INFO neutron.db.ovn_revision_numbers_db [None req-9b719d1c-7baa-4449-ae2f-9f8f6134bb54 396cf1dfea1c40d0a79b3881305c71c8 f9286e34f6ca4edf815fbcc86605a8b3 - - default default] Successfully bumped revision number for resource 392a09f8-0cff-4b5a-8e86-cf7142b9bfe9 (type: ports) to 2 [pid: 7|app: 0|req: 832/1723] 10.0.0.199 () {34 vars in 737 bytes} [Wed May 6 19:39:26 2026] PUT /v2.0/ports/392a09f8-0cff-4b5a-8e86-cf7142b9bfe9 => generated 752 bytes in 274 msecs (HTTP/1.1 200) 4 headers in 157 bytes (1 switches on core 0) /var/lib/openstack/lib/python3.12/site-packages/pycadf/identifier.py:70: UserWarning: Invalid uuid: neutron. To ensure interoperability, identifiers should be a valid uuid. warnings.warn(('Invalid uuid: %s. To ensure interoperability, '
2026-05-06 19:39:26.794 8 INFO neutron.db.ovn_revision_numbers_db [None req-d9a81bfb-3389-4d6a-9ad3-7a435d5465cd fd962277fefa48838a22f6aae25a2e67 804c096a7f86449b9ac6a45c2de76335 - - default default] Successfully bumped revision number for resource 6daf3e38-d09b-4941-a58a-4a513ead56f0 (type: floatingips) to 2
2026-05-06 19:39:26.895 7 INFO neutron_taas.services.taas.taas_plugin [None req-2cb7729c-832e-43bc-9f37-2e45445e02f0 396cf1dfea1c40d0a79b3881305c71c8 f9286e34f6ca4edf815fbcc86605a8b3 - - default default] TaaS: Handle Delete Port: 392a09f8-0cff-4b5a-8e86-cf7142b9bfe9
2026-05-06 19:39:26.898 7 INFO neutron_taas.services.taas.tap_mirror_plugin [None req-2cb7729c-832e-43bc-9f37-2e45445e02f0 396cf1dfea1c40d0a79b3881305c71c8 f9286e34f6ca4edf815fbcc86605a8b3 - - default default] Tap Mirror: Handle Delete Port: 392a09f8-0cff-4b5a-8e86-cf7142b9bfe9
2026-05-06 19:39:26.918 8 INFO neutron.db.l3_db [None req-d9a81bfb-3389-4d6a-9ad3-7a435d5465cd fd962277fefa48838a22f6aae25a2e67 804c096a7f86449b9ac6a45c2de76335 - - default default] Floating IP 6daf3e38-d09b-4941-a58a-4a513ead56f0 associated. External IP: 10.96.250.218, port: e842b508-3d81-47d8-9c79-73a295b8c549. [pid: 8|app: 0|req: 892/1724] 10.0.0.199 () {34 vars in 749 bytes} [Wed May 6 19:39:26 2026] PUT /v2.0/floatingips/6daf3e38-d09b-4941-a58a-4a513ead56f0 => generated 845 bytes in 751 msecs (HTTP/1.1 200) 4 headers in 157 bytes (1 switches on core 0) [pid: 7|app: 0|req: 833/1725] 10.0.0.199 () {32 vars in 720 bytes} [Wed May 6 19:39:26 2026] DELETE /v2.0/ports/392a09f8-0cff-4b5a-8e86-cf7142b9bfe9 => generated 0 bytes in 259 msecs (HTTP/1.1 204) 3 headers in 131 bytes (1 switches on core 0) [pid: 8|app: 0|req: 893/1726] 10.0.0.81 () {34 vars in 981 bytes} [Wed May 6 19:39:26 2026] GET /v2.0/networks?id=002c54e7-d44d-42db-a568-b5b621c641f3 => generated 710 bytes in 76 msecs (HTTP/1.1 200) 4 headers in 157 bytes (1 switches on core 0) [pid: 8|app: 0|req: 894/1727] 10.0.0.199 () {32 vars in 643 bytes} [Wed May 6 19:39:27 2026] GET /v2.0/ports => generated 1534 bytes in 72 msecs (HTTP/1.1 200) 4 headers in 158 bytes (1 switches on core 0) [pid: 8|app: 0|req: 895/1728] 10.0.0.81 () {34 vars in 964 bytes} [Wed May 6 19:39:27 2026] GET /v2.0/quotas/3e91ca50eaaa4706b2aab42564cac225 => generated 292 bytes in 9 msecs (HTTP/1.1 200) 4 headers in 157 bytes (1 switches on core 0)
2026-05-06 19:39:27.147 8 INFO neutron.pecan_wsgi.hooks.translation [None req-350f7b2a-6b83-4796-9221-70980adcd4e6 396cf1dfea1c40d0a79b3881305c71c8 f9286e34f6ca4edf815fbcc86605a8b3 - - default default] GET failed (client error): The resource could not be found. [pid: 8|app: 0|req: 896/1729] 10.0.0.199 () {32 vars in 717 bytes} [Wed May 6 19:39:27 2026] GET /v2.0/ports/392a09f8-0cff-4b5a-8e86-cf7142b9bfe9 => generated 132 bytes in 20 msecs (HTTP/1.1 404) 4 headers in 164 bytes (1 switches on core 0)
2026-05-06 19:39:27.199 7 INFO neutron.db.ovn_revision_numbers_db [None req-6b4418f4-9c73-4cda-bcb9-632ec143f3c7 fd962277fefa48838a22f6aae25a2e67 804c096a7f86449b9ac6a45c2de76335 - - default default] Successfully bumped revision number for resource 6daf3e38-d09b-4941-a58a-4a513ead56f0 (type: floatingips) to 3 [pid: 8|app: 0|req: 897/1730] 10.0.0.81 () {34 vars in 1001 bytes} [Wed May 6 19:39:27 2026] GET /v2.0/ports?tenant_id=3e91ca50eaaa4706b2aab42564cac225&fields=id => generated 103 bytes in 84 msecs (HTTP/1.1 200) 4 headers in 157 bytes (1 switches on core 0)
2026-05-06 19:39:27.262 7 INFO neutron.db.l3_db [None req-6b4418f4-9c73-4cda-bcb9-632ec143f3c7 fd962277fefa48838a22f6aae25a2e67 804c096a7f86449b9ac6a45c2de76335 - - default default] Floating IP 6daf3e38-d09b-4941-a58a-4a513ead56f0 disassociated. External IP: 10.96.250.218, port: 6918282c-4b9e-4926-a25e-5e163ea6239a. [pid: 8|app: 0|req: 898/1731] 10.0.0.199 () {32 vars in 643 bytes} [Wed May 6 19:39:27 2026] GET /v2.0/ports => generated 1534 bytes in 54 msecs (HTTP/1.1 200) 4 headers in 158 bytes (1 switches on core 0) [pid: 7|app: 0|req: 834/1732] 10.0.0.199 () {34 vars in 749 bytes} [Wed May 6 19:39:27 2026] PUT /v2.0/floatingips/6daf3e38-d09b-4941-a58a-4a513ead56f0 => generated 554 bytes in 256 msecs (HTTP/1.1 200) 4 headers in 157 bytes (1 switches on core 0) [pid: 7|app: 0|req: 835/1733] 10.0.0.199 () {32 vars in 717 bytes} [Wed May 6 19:39:27 2026] GET /v2.0/ports/d96ff1dc-5e78-46ad-ba78-a06808153930 => generated 775 bytes in 34 msecs (HTTP/1.1 200) 4 headers in 157 bytes (1 switches on core 0) [pid: 8|app: 0|req: 899/1734] 10.0.0.81 () {34 vars in 1007 bytes} [Wed May 6 19:39:27 2026] GET /v2.0/networks/002c54e7-d44d-42db-a568-b5b621c641f3?fields=segments => generated 14 bytes in 45 msecs (HTTP/1.1 200) 4 headers in 156 bytes (1 switches on core 0)
2026-05-06 19:39:27.358 8 INFO neutron.pecan_wsgi.hooks.translation [None req-4be3ac4b-c727-41b7-a7a0-46cf42ffe411 396cf1dfea1c40d0a79b3881305c71c8 f9286e34f6ca4edf815fbcc86605a8b3 - - default default] DELETE failed (client error): The resource could not be found. [pid: 8|app: 0|req: 900/1735] 10.0.0.199 () {32 vars in 720 bytes} [Wed May 6 19:39:27 2026] DELETE /v2.0/ports/af3c3d24-5a0a-4c0b-b2ad-3bd91f9d6a20 => generated 132 bytes in 18 msecs (HTTP/1.1 404) 4 headers in 164 bytes (1 switches on core 0) [pid: 8|app: 0|req: 901/1736] 10.0.0.81 () {34 vars in 1107 bytes} [Wed May 6 19:39:27 2026] GET /v2.0/networks/002c54e7-d44d-42db-a568-b5b621c641f3?fields=provider%3Aphysical_network&fields=provider%3Anetwork_type => generated 79 bytes in 40 msecs (HTTP/1.1 200) 4 headers in 156 bytes (1 switches on core 0)
2026-05-06 19:39:27.433 8 INFO neutron.pecan_wsgi.hooks.translation [None req-9614e877-f8e9-4669-966e-c2db166901d0 396cf1dfea1c40d0a79b3881305c71c8 f9286e34f6ca4edf815fbcc86605a8b3 - - default default] DELETE failed (client error): The resource could not be found. [pid: 8|app: 0|req: 902/1737] 10.0.0.199 () {32 vars in 724 bytes} [Wed May 6 19:39:27 2026] DELETE /v2.0/subnets/1d178ac4-6c15-4f80-84c0-1e8fde0870a9 => generated 136 bytes in 36 msecs (HTTP/1.1 404) 4 headers in 164 bytes (1 switches on core 0)
2026-05-06 19:39:27.449 7 INFO neutron_taas.services.taas.taas_plugin [None req-9c52e021-2248-4e03-87ae-1a4b25ec90b8 fd962277fefa48838a22f6aae25a2e67 804c096a7f86449b9ac6a45c2de76335 - - default default] TaaS: Handle Delete Port: b5c61085-23ba-46f0-955e-74960ca6e7e5
2026-05-06 19:39:27.452 7 INFO neutron_taas.services.taas.tap_mirror_plugin [None req-9c52e021-2248-4e03-87ae-1a4b25ec90b8 fd962277fefa48838a22f6aae25a2e67 804c096a7f86449b9ac6a45c2de76335 - - default default] Tap Mirror: Handle Delete Port: b5c61085-23ba-46f0-955e-74960ca6e7e5
2026-05-06 19:39:27.462 8 INFO neutron.pecan_wsgi.hooks.translation [None req-1280aab4-d456-4c0a-92c2-540d9f3300d0 396cf1dfea1c40d0a79b3881305c71c8 f9286e34f6ca4edf815fbcc86605a8b3 - - default default] DELETE failed (client error): The resource could not be found. [pid: 8|app: 0|req: 903/1738] 10.0.0.199 () {32 vars in 724 bytes} [Wed May 6 19:39:27 2026] DELETE /v2.0/subnets/a19aa972-a8b6-49d6-b89d-4168dcc3ab5e => generated 136 bytes in 21 msecs (HTTP/1.1 404) 4 headers in 164 bytes (1 switches on core 0)
2026-05-06 19:39:27.597 8 INFO neutron_taas.services.taas.taas_plugin [None req-df910033-52bd-4201-b13f-916f3a4c2005 396cf1dfea1c40d0a79b3881305c71c8 f9286e34f6ca4edf815fbcc86605a8b3 - - default default] TaaS: Handle Delete Port: d96ff1dc-5e78-46ad-ba78-a06808153930
2026-05-06 19:39:27.601 8 INFO neutron_taas.services.taas.tap_mirror_plugin [None req-df910033-52bd-4201-b13f-916f3a4c2005 396cf1dfea1c40d0a79b3881305c71c8 f9286e34f6ca4edf815fbcc86605a8b3 - - default default] Tap Mirror: Handle Delete Port: d96ff1dc-5e78-46ad-ba78-a06808153930 [pid: 7|app: 0|req: 836/1739] 10.0.0.199 () {32 vars in 732 bytes} [Wed May 6 19:39:27 2026] DELETE /v2.0/floatingips/6daf3e38-d09b-4941-a58a-4a513ead56f0 => generated 0 bytes in 272 msecs (HTTP/1.1 204) 2 headers in 112 bytes (1 switches on core 0) [pid: 7|app: 0|req: 837/1740] 10.0.0.81 () {34 vars in 989 bytes} [Wed May 6 19:39:27 2026] GET /v2.0/ports?device_id=347a008d-ac5e-444c-9f58-013f7593b935 => generated 12 bytes in 16 msecs (HTTP/1.1 200) 4 headers in 156 bytes (1 switches on core 0)
2026-05-06 19:39:27.636 7 INFO neutron.api.v2.resource [None req-81aca807-42df-4d16-8267-6af3b040d386 fd962277fefa48838a22f6aae25a2e67 804c096a7f86449b9ac6a45c2de76335 - - default default] delete failed (client error): The resource could not be found. [pid: 7|app: 0|req: 838/1741] 10.0.0.199 () {32 vars in 732 bytes} [Wed May 6 19:39:27 2026] DELETE /v2.0/floatingips/6daf3e38-d09b-4941-a58a-4a513ead56f0 => generated 144 bytes in 13 msecs (HTTP/1.1 404) 4 headers in 164 bytes (1 switches on core 0) [pid: 8|app: 0|req: 904/1742] 10.0.0.199 () {32 vars in 720 bytes} [Wed May 6 19:39:27 2026] DELETE /v2.0/ports/d96ff1dc-5e78-46ad-ba78-a06808153930 => generated 0 bytes in 241 msecs (HTTP/1.1 204) 3 headers in 131 bytes (1 switches on core 0)
2026-05-06 19:39:27.817 8 INFO neutron_taas.services.taas.taas_plugin [None req-ce6a8ca6-1fac-4e72-a6ae-b9630b8027ec 396cf1dfea1c40d0a79b3881305c71c8 f9286e34f6ca4edf815fbcc86605a8b3 - - default default] TaaS: Handle Delete Port: df27b7dd-98fe-4593-8a37-d9d546ab02c6
2026-05-06 19:39:27.820 8 INFO neutron_taas.services.taas.tap_mirror_plugin [None req-ce6a8ca6-1fac-4e72-a6ae-b9630b8027ec 396cf1dfea1c40d0a79b3881305c71c8 f9286e34f6ca4edf815fbcc86605a8b3 - - default default] Tap Mirror: Handle Delete Port: df27b7dd-98fe-4593-8a37-d9d546ab02c6
2026-05-06 19:39:27.829 7 INFO neutron_taas.services.taas.taas_plugin [None req-d1de3f34-cafd-4349-b7ec-0a4cee5bd676 fd962277fefa48838a22f6aae25a2e67 804c096a7f86449b9ac6a45c2de76335 - - default default] TaaS: Handle Delete Port: 6918282c-4b9e-4926-a25e-5e163ea6239a
2026-05-06 19:39:27.833 7 INFO neutron_taas.services.taas.tap_mirror_plugin [None req-d1de3f34-cafd-4349-b7ec-0a4cee5bd676 fd962277fefa48838a22f6aae25a2e67 804c096a7f86449b9ac6a45c2de76335 - - default default] Tap Mirror: Handle Delete Port: 6918282c-4b9e-4926-a25e-5e163ea6239a
2026-05-06 19:39:28.026 8 INFO neutron.services.segments.plugin [-] Segment 8f634f99-e697-46c8-8e73-9296f5df2cff resource provider aggregate not found [pid: 7|app: 0|req: 839/1743] 10.0.0.199 () {32 vars in 720 bytes} [Wed May 6 19:39:27 2026] DELETE /v2.0/ports/6918282c-4b9e-4926-a25e-5e163ea6239a => generated 0 bytes in 388 msecs (HTTP/1.1 204) 3 headers in 131 bytes (1 switches on core 0)
2026-05-06 19:39:28.030 8 INFO neutron.services.segments.plugin [-] Segment 8f634f99-e697-46c8-8e73-9296f5df2cff resource provider aggregate not found
2026-05-06 19:39:28.053 8 INFO neutron.services.segments.plugin [-] Segment 8f634f99-e697-46c8-8e73-9296f5df2cff resource provider not found; error: Placement Client Error (4xx): {"errors": [{"status": 404, "title": "Not Found", "detail": "The resource could not be found.\n\n No resource provider with uuid 8f634f99-e697-46c8-8e73-9296f5df2cff found for delete ", "request_id": "req-bf6e04f0-ddbd-4ab7-982c-b558124c7d52"}]}
2026-05-06 19:39:28.060 8 INFO neutron.services.segments.plugin [-] Segment 8f634f99-e697-46c8-8e73-9296f5df2cff resource provider not found; error: Placement Client Error (4xx): {"errors": [{"status": 404, "title": "Not Found", "detail": "The resource could not be found.\n\n No resource provider with uuid 8f634f99-e697-46c8-8e73-9296f5df2cff found for delete ", "request_id": "req-e5428849-66ff-43b0-a27e-443e1e399c45"}]} [pid: 8|app: 0|req: 905/1744] 10.0.0.199 () {32 vars in 726 bytes} [Wed May 6 19:39:27 2026] DELETE /v2.0/networks/5310fd05-7beb-4e63-b95b-f71d4f9c3661 => generated 0 bytes in 384 msecs (HTTP/1.1 204) 3 headers in 131 bytes (1 switches on core 0)
2026-05-06 19:39:28.107 7 WARNING neutron.plugins.ml2.drivers.ovn.mech_driver.ovsdb.ovn_client [None req-a8701969-0ddb-4572-abfc-a19b64cea494 - - - - - -] No hosting information found for port cf889b26-3461-4452-8856-8f719f514ae7: RuntimeError: No hosting information found for port cf889b26-3461-4452-8856-8f719f514ae7
2026-05-06 19:39:28.228 7 INFO neutron.db.ovn_revision_numbers_db [None req-a8701969-0ddb-4572-abfc-a19b64cea494 - - - - - -] Successfully bumped revision number for resource cf889b26-3461-4452-8856-8f719f514ae7 (type: router_ports) to 2
2026-05-06 19:39:28.230 7 INFO neutron_taas.services.taas.taas_plugin [None req-f4203873-a1c7-414f-9272-2c6f618e8ed1 fd962277fefa48838a22f6aae25a2e67 804c096a7f86449b9ac6a45c2de76335 - - default default] TaaS: Handle Delete Port: e842b508-3d81-47d8-9c79-73a295b8c549
2026-05-06 19:39:28.230 7 INFO neutron.plugins.ml2.drivers.ovn.mech_driver.mech_driver [None req-a8701969-0ddb-4572-abfc-a19b64cea494 - - - - - -] OVN reports status down for port: e842b508-3d81-47d8-9c79-73a295b8c549
2026-05-06 19:39:28.233 7 INFO neutron_taas.services.taas.tap_mirror_plugin [None req-f4203873-a1c7-414f-9272-2c6f618e8ed1 fd962277fefa48838a22f6aae25a2e67 804c096a7f86449b9ac6a45c2de76335 - - default default] Tap Mirror: Handle Delete Port: e842b508-3d81-47d8-9c79-73a295b8c549
2026-05-06 19:39:28.354 7 INFO neutron.plugins.ml2.drivers.ovn.mech_driver.mech_driver [None req-a8701969-0ddb-4572-abfc-a19b64cea494 - - - - - -] OVN reports status down for port: 6918282c-4b9e-4926-a25e-5e163ea6239a
2026-05-06 19:39:28.501 7 INFO neutron.plugins.ml2.drivers.ovn.mech_driver.mech_driver [None req-a8701969-0ddb-4572-abfc-a19b64cea494 - - - - - -] OVN reports status down for port: 23711458-24ea-415a-9e73-3daf504b9065 [pid: 7|app: 0|req: 840/1745] 10.0.0.199 () {32 vars in 720 bytes} [Wed May 6 19:39:28 2026] DELETE /v2.0/ports/e842b508-3d81-47d8-9c79-73a295b8c549 => generated 0 bytes in 536 msecs (HTTP/1.1 204) 3 headers in 131 bytes (1 switches on core 0)
2026-05-06 19:39:28.575 7 INFO neutron.plugins.ml2.drivers.ovn.mech_driver.mech_driver [None req-a8701969-0ddb-4572-abfc-a19b64cea494 - - - - - -] OVN reports status down for port: af3c3d24-5a0a-4c0b-b2ad-3bd91f9d6a20 /var/lib/openstack/lib/python3.12/site-packages/pycadf/identifier.py:70: UserWarning: Invalid uuid: neutron. To ensure interoperability, identifiers should be a valid uuid. warnings.warn(('Invalid uuid: %s. To ensure interoperability, ' [pid: 8|app: 0|req: 906/1746] 10.0.0.47 () {32 vars in 801 bytes} [Wed May 6 19:39:28 2026] GET /v2.0/extensions => generated 20541 bytes in 9 msecs (HTTP/1.1 200) 4 headers in 159 bytes (1 switches on core 0) [pid: 7|app: 0|req: 841/1747] 10.0.0.199 () {32 vars in 736 bytes} [Wed May 6 19:39:28 2026] GET /v2.0/ports?device_id=498ca123-710b-4fe2-967d-792ecb0c1b3e => generated 946 bytes in 97 msecs (HTTP/1.1 200) 4 headers in 157 bytes (1 switches on core 0) /var/lib/openstack/lib/python3.12/site-packages/pycadf/identifier.py:70: UserWarning: Invalid uuid: neutron. To ensure interoperability, identifiers should be a valid uuid. warnings.warn(('Invalid uuid: %s. To ensure interoperability, ' [pid: 8|app: 0|req: 907/1748] 10.0.0.199 () {32 vars in 774 bytes} [Wed May 6 19:39:28 2026] GET /v2.0/security-groups?tenant_id=f9286e34f6ca4edf815fbcc86605a8b3&name=default => generated 2925 bytes in 143 msecs (HTTP/1.1 200) 4 headers in 158 bytes (1 switches on core 0) [pid: 8|app: 0|req: 908/1749] 10.0.0.81 () {34 vars in 989 bytes} [Wed May 6 19:39:28 2026] GET /v2.0/ports?device_id=347a008d-ac5e-444c-9f58-013f7593b935 => generated 12 bytes in 17 msecs (HTTP/1.1 200) 4 headers in 156 bytes (1 switches on core 0) [pid: 8|app: 0|req: 909/1750] 10.0.0.47 () {30 vars in 723 bytes} [Wed May 6 19:39:28 2026] GET /v2.0/quotas/db3908be917d4170825f1b01c91fcb8c/details => generated 847 bytes in 103 msecs (HTTP/1.1 200) 4 headers in 157 bytes (1 switches on core 0)
2026-05-06 19:39:29.038 7 INFO neutron_taas.services.taas.taas_plugin [None req-f471c6a3-07bf-4ba6-a9fb-e989f91a6cdd fd962277fefa48838a22f6aae25a2e67 804c096a7f86449b9ac6a45c2de76335 - - default default] TaaS: Handle Delete Port: cf889b26-3461-4452-8856-8f719f514ae7
2026-05-06 19:39:29.044 7 INFO neutron_taas.services.taas.tap_mirror_plugin [None req-f471c6a3-07bf-4ba6-a9fb-e989f91a6cdd fd962277fefa48838a22f6aae25a2e67 804c096a7f86449b9ac6a45c2de76335 - - default default] Tap Mirror: Handle Delete Port: cf889b26-3461-4452-8856-8f719f514ae7 [pid: 8|app: 0|req: 910/1751] 10.0.0.199 () {32 vars in 740 bytes} [Wed May 6 19:39:28 2026] DELETE /v2.0/security-groups/45d8d71c-cb8b-49df-a317-c14406432f55 => generated 0 bytes in 271 msecs (HTTP/1.1 204) 2 headers in 112 bytes (1 switches on core 0) [pid: 7|app: 0|req: 842/1752] 10.0.0.199 () {34 vars in 789 bytes} [Wed May 6 19:39:28 2026] PUT /v2.0/routers/498ca123-710b-4fe2-967d-792ecb0c1b3e/remove_router_interface => generated 309 bytes in 928 msecs (HTTP/1.1 200) 4 headers in 157 bytes (1 switches on core 0) /var/lib/openstack/lib/python3.12/site-packages/pycadf/identifier.py:70: UserWarning: Invalid uuid: neutron. To ensure interoperability, identifiers should be a valid uuid. warnings.warn(('Invalid uuid: %s. To ensure interoperability, '
2026-05-06 19:39:29.864 8 WARNING neutron.plugins.ml2.drivers.ovn.mech_driver.ovsdb.ovn_client [None req-f33fc14a-bb03-437e-a139-906d0de3fc14 - - - - - -] No hosting information found for port d3674bc3-6ae8-4639-bcbf-2cc64601cc53: RuntimeError: No hosting information found for port d3674bc3-6ae8-4639-bcbf-2cc64601cc53 [pid: 7|app: 0|req: 843/1753] 10.0.0.81 () {34 vars in 989 bytes} [Wed May 6 19:39:29 2026] GET /v2.0/ports?device_id=347a008d-ac5e-444c-9f58-013f7593b935 => generated 12 bytes in 33 msecs (HTTP/1.1 200) 4 headers in 156 bytes (1 switches on core 0)
2026-05-06 19:39:29.992 8 INFO neutron.db.ovn_revision_numbers_db [None req-f33fc14a-bb03-437e-a139-906d0de3fc14 - - - - - -] Successfully bumped revision number for resource d3674bc3-6ae8-4639-bcbf-2cc64601cc53 (type: router_ports) to 2
2026-05-06 19:39:30.070 8 INFO neutron.plugins.ml2.drivers.ovn.mech_driver.mech_driver [None req-f33fc14a-bb03-437e-a139-906d0de3fc14 - - - - - -] OVN reports status down for port: 392a09f8-0cff-4b5a-8e86-cf7142b9bfe9
2026-05-06 19:39:30.084 8 INFO neutron.plugins.ml2.drivers.ovn.mech_driver.mech_driver [None req-f33fc14a-bb03-437e-a139-906d0de3fc14 - - - - - -] OVN reports status down for port: 392a09f8-0cff-4b5a-8e86-cf7142b9bfe9
2026-05-06 19:39:30.129 8 INFO neutron_taas.services.taas.taas_plugin [None req-ab706bc3-9a0b-45fb-84e6-c52a3141aabc fd962277fefa48838a22f6aae25a2e67 804c096a7f86449b9ac6a45c2de76335 - - default default] TaaS: Handle Delete Port: b19d0de5-703c-414e-a8be-75a9a202a8ee
2026-05-06 19:39:30.131 8 INFO neutron_taas.services.taas.tap_mirror_plugin [None req-ab706bc3-9a0b-45fb-84e6-c52a3141aabc fd962277fefa48838a22f6aae25a2e67 804c096a7f86449b9ac6a45c2de76335 - - default default] Tap Mirror: Handle Delete Port: b19d0de5-703c-414e-a8be-75a9a202a8ee [pid: 8|app: 0|req: 911/1754] 10.0.0.199 () {32 vars in 724 bytes} [Wed May 6 19:39:29 2026] DELETE /v2.0/routers/498ca123-710b-4fe2-967d-792ecb0c1b3e => generated 0 bytes in 1467 msecs (HTTP/1.1 204) 2 headers in 112 bytes (1 switches on core 0) [pid: 8|app: 0|req: 912/1755] 10.0.0.81 () {34 vars in 989 bytes} [Wed May 6 19:39:31 2026] GET /v2.0/ports?device_id=347a008d-ac5e-444c-9f58-013f7593b935 => generated 12 bytes in 21 msecs (HTTP/1.1 200) 4 headers in 156 bytes (1 switches on core 0)
2026-05-06 19:39:31.183 7 INFO neutron.db.ovn_revision_numbers_db [None req-42705d8a-ec43-4481-a1f7-55b2ed69ac61 28cb56075a0142278152a49486faaf04 1db3c546c1d140d2831a1efa536bdd55 - - default default] Successfully bumped revision number for resource ae98d5a3-663c-4adb-bfe6-905e36321fc7 (type: security_groups) to 1
2026-05-06 19:39:31.197 7 INFO neutron.db.ovn_revision_numbers_db [None req-42705d8a-ec43-4481-a1f7-55b2ed69ac61 28cb56075a0142278152a49486faaf04 1db3c546c1d140d2831a1efa536bdd55 - - default default] Successfully bumped revision number for resource 873ef33c-64e3-4e81-a081-640848db4bf3 (type: security_group_rules) to 0
2026-05-06 19:39:31.209 7 INFO neutron.db.ovn_revision_numbers_db [None req-42705d8a-ec43-4481-a1f7-55b2ed69ac61 28cb56075a0142278152a49486faaf04 1db3c546c1d140d2831a1efa536bdd55 - - default default] Successfully bumped revision number for resource 97bd8e90-5717-4f73-bd56-c05017e0daec (type: security_group_rules) to 0
2026-05-06 19:39:31.219 7 INFO neutron.db.ovn_revision_numbers_db [None req-42705d8a-ec43-4481-a1f7-55b2ed69ac61 28cb56075a0142278152a49486faaf04 1db3c546c1d140d2831a1efa536bdd55 - - default default] Successfully bumped revision number for resource a2cde5a9-819a-4ee0-a02d-f7bcdd7e143d (type: security_group_rules) to 0
2026-05-06 19:39:31.228 7 INFO neutron.db.ovn_revision_numbers_db [None req-42705d8a-ec43-4481-a1f7-55b2ed69ac61 28cb56075a0142278152a49486faaf04 1db3c546c1d140d2831a1efa536bdd55 - - default default] Successfully bumped revision number for resource a4a85ad1-dac8-4184-88b3-f810f6d76e35 (type: security_group_rules) to 0 [pid: 8|app: 0|req: 913/1756] 10.0.0.199 () {32 vars in 724 bytes} [Wed May 6 19:39:31 2026] DELETE /v2.0/subnets/96f84242-6897-441f-bd69-e502423fa8c0 => generated 0 bytes in 135 msecs (HTTP/1.1 204) 3 headers in 131 bytes (1 switches on core 0)
2026-05-06 19:39:31.339 7 INFO neutron.db.ovn_revision_numbers_db [None req-42705d8a-ec43-4481-a1f7-55b2ed69ac61 28cb56075a0142278152a49486faaf04 1db3c546c1d140d2831a1efa536bdd55 - - default default] Successfully bumped revision number for resource a2b63a01-78e2-44a6-abe6-d289d4d7c881 (type: security_groups) to 1
2026-05-06 19:39:31.350 7 INFO neutron.db.ovn_revision_numbers_db [None req-42705d8a-ec43-4481-a1f7-55b2ed69ac61 28cb56075a0142278152a49486faaf04 1db3c546c1d140d2831a1efa536bdd55 - - default default] Successfully bumped revision number for resource 804c64c3-7355-4a4b-8425-47528bdbb39a (type: security_group_rules) to 0
2026-05-06 19:39:31.363 7 INFO neutron.db.ovn_revision_numbers_db [None req-42705d8a-ec43-4481-a1f7-55b2ed69ac61 28cb56075a0142278152a49486faaf04 1db3c546c1d140d2831a1efa536bdd55 - - default default] Successfully bumped revision number for resource ec7d77df-466f-4059-ad2a-861510cd95e0 (type: security_group_rules) to 0
2026-05-06 19:39:31.375 8 INFO neutron_taas.services.taas.taas_plugin [None req-95efece5-d0c4-44d6-be6c-97098d13ab6f fd962277fefa48838a22f6aae25a2e67 804c096a7f86449b9ac6a45c2de76335 - - default default] TaaS: Handle Delete Port: 2b3d86b8-ebb3-4b38-8433-25b28123bc0a
2026-05-06 19:39:31.378 8 INFO neutron_taas.services.taas.tap_mirror_plugin [None req-95efece5-d0c4-44d6-be6c-97098d13ab6f fd962277fefa48838a22f6aae25a2e67 804c096a7f86449b9ac6a45c2de76335 - - default default] Tap Mirror: Handle Delete Port: 2b3d86b8-ebb3-4b38-8433-25b28123bc0a [pid: 7|app: 0|req: 844/1757] 10.0.0.199 () {34 vars in 684 bytes} [Wed May 6 19:39:30 2026] POST /v2.0/security-groups => generated 1624 bytes in 562 msecs (HTTP/1.1 201) 4 headers in 163 bytes (1 switches on core 0) [pid: 7|app: 0|req: 845/1758] 10.0.0.199 () {32 vars in 663 bytes} [Wed May 6 19:39:31 2026] GET /v2.0/security-groups => generated 4529 bytes in 41 msecs (HTTP/1.1 200) 4 headers in 158 bytes (1 switches on core 0)
2026-05-06 19:39:31.547 7 INFO neutron.db.ovn_revision_numbers_db [None req-431cb761-9962-4714-a68a-0e8074be685c 28cb56075a0142278152a49486faaf04 1db3c546c1d140d2831a1efa536bdd55 - - default default] Successfully bumped revision number for resource a2b63a01-78e2-44a6-abe6-d289d4d7c881 (type: security_groups) to 2 [pid: 7|app: 0|req: 846/1759] 10.0.0.199 () {34 vars in 758 bytes} [Wed May 6 19:39:31 2026] PUT /v2.0/security-groups/a2b63a01-78e2-44a6-abe6-d289d4d7c881 => generated 1663 bytes in 137 msecs (HTTP/1.1 200) 4 headers in 158 bytes (1 switches on core 0)
2026-05-06 19:39:31.635 8 INFO neutron.services.segments.plugin [-] Segment 9da219fc-20ed-4fd8-8d16-e226743940a4 resource provider aggregate not found
2026-05-06 19:39:31.639 8 INFO neutron.services.segments.plugin [-] Segment 9da219fc-20ed-4fd8-8d16-e226743940a4 resource provider aggregate not found [pid: 7|app: 0|req: 847/1760] 10.0.0.199 () {32 vars in 737 bytes} [Wed May 6 19:39:31 2026] GET /v2.0/security-groups/a2b63a01-78e2-44a6-abe6-d289d4d7c881 => generated 1663 bytes in 37 msecs (HTTP/1.1 200) 4 headers in 158 bytes (1 switches on core 0)
2026-05-06 19:39:31.663 8 INFO neutron.services.segments.plugin [-] Segment 9da219fc-20ed-4fd8-8d16-e226743940a4 resource provider not found; error: Placement Client Error (4xx): {"errors": [{"status": 404, "title": "Not Found", "detail": "The resource could not be found.\n\n No resource provider with uuid 9da219fc-20ed-4fd8-8d16-e226743940a4 found for delete ", "request_id": "req-4039c69f-2328-42d0-9fe4-ad6202f9508a"}]}
