2026-05-06 19:39:59.836 8 INFO neutron.notifiers.nova [-] Nova event matching ['req-e5e650d8-b13c-417c-9fad-3c7685ca672c'] response: {'name': 'network-changed', 'server_uuid': '5c8a08f1-dc4d-4420-8924-93241d7727c6', 'tag': '5c5bbdd9-f9d8-4be0-9c0d-e660b18af98a', 'status': 'completed', 'code': 200} [pid: 8|app: 0|req: 1012/1946] 10.0.0.199 () {32 vars in 729 bytes} [Wed May 6 19:39:59 2026] GET /v2.0/floatingips/83159244-ae21-4c97-a60b-4eb8893d4c67 => generated 857 bytes in 51 msecs (HTTP/1.1 200) 4 headers in 157 bytes (1 switches on core 0) [pid: 7|app: 0|req: 935/1947] 10.0.0.199 () {32 vars in 740 bytes} [Wed May 6 19:39:59 2026] DELETE /v2.0/security-groups/62d93c5b-9572-48f2-8649-1c9e9682e543 => generated 0 bytes in 224 msecs (HTTP/1.1 204) 2 headers in 112 bytes (1 switches on core 0) [pid: 8|app: 0|req: 1013/1948] 10.0.0.199 () {32 vars in 740 bytes} [Wed May 6 19:39:59 2026] DELETE /v2.0/security-groups/9b7ac0b1-99bb-4069-98d0-7736fbb66773 => generated 0 bytes in 155 msecs (HTTP/1.1 204) 2 headers in 112 bytes (1 switches on core 0) [pid: 7|app: 0|req: 936/1949] 10.0.0.199 () {32 vars in 740 bytes} [Wed May 6 19:40:00 2026] DELETE /v2.0/security-groups/399f47d3-1b9f-4bba-87f1-546a2f2fa32b => generated 0 bytes in 205 msecs (HTTP/1.1 204) 2 headers in 112 bytes (1 switches on core 0) [pid: 7|app: 0|req: 937/1950] 199.19.213.216 () {34 vars in 1080 bytes} [Wed May 6 19:40:00 2026] GET /v2.0/ports?tenant_id=fcd4ae298e2d4a73980e09c0438f4b4b&device_id=5c8a08f1-dc4d-4420-8924-93241d7727c6 => generated 1209 bytes in 52 msecs (HTTP/1.1 200) 4 headers in 158 bytes (1 switches on core 0) [pid: 8|app: 0|req: 1014/1951] 10.0.0.199 () {32 vars in 740 bytes} [Wed May 6 19:40:00 2026] DELETE /v2.0/security-groups/4231b0b0-1632-4695-8677-911c453f14ed => generated 0 bytes in 141 msecs (HTTP/1.1 204) 2 headers in 112 bytes (1 switches on core 0) [pid: 7|app: 0|req: 938/1952] 199.19.213.216 () {34 vars in 986 bytes} [Wed May 6 19:40:00 2026] GET /v2.0/networks?id=f5e1374c-6834-4670-8929-990fd5fb85cc => generated 797 bytes in 58 msecs (HTTP/1.1 200) 4 headers in 157 bytes (1 switches on core 0) [pid: 8|app: 0|req: 1015/1953] 199.19.213.216 () {34 vars in 1058 bytes} [Wed May 6 19:40:00 2026] GET /v2.0/floatingips?fixed_ip_address=10.100.0.8&port_id=5c5bbdd9-f9d8-4be0-9c0d-e660b18af98a => generated 860 bytes in 40 msecs (HTTP/1.1 200) 4 headers in 157 bytes (1 switches on core 0) [pid: 7|app: 0|req: 939/1954] 199.19.213.216 () {34 vars in 984 bytes} [Wed May 6 19:40:00 2026] GET /v2.0/subnets?id=79b1daf0-71eb-4c87-9807-38539599a70b => generated 678 bytes in 35 msecs (HTTP/1.1 200) 4 headers in 157 bytes (1 switches on core 0) [pid: 8|app: 0|req: 1016/1955] 199.19.213.216 () {34 vars in 1052 bytes} [Wed May 6 19:40:00 2026] GET /v2.0/ports?network_id=f5e1374c-6834-4670-8929-990fd5fb85cc&device_owner=network%3Adhcp => generated 12 bytes in 24 msecs (HTTP/1.1 200) 4 headers in 156 bytes (1 switches on core 0) [pid: 7|app: 0|req: 940/1956] 199.19.213.216 () {34 vars in 1012 bytes} [Wed May 6 19:40:00 2026] GET /v2.0/networks/f5e1374c-6834-4670-8929-990fd5fb85cc?fields=segments => generated 14 bytes in 54 msecs (HTTP/1.1 200) 4 headers in 156 bytes (1 switches on core 0) [pid: 8|app: 0|req: 1017/1957] 199.19.213.216 () {34 vars in 1112 bytes} [Wed May 6 19:40:00 2026] GET /v2.0/networks/f5e1374c-6834-4670-8929-990fd5fb85cc?fields=provider%3Aphysical_network&fields=provider%3Anetwork_type => generated 79 bytes in 48 msecs (HTTP/1.1 200) 4 headers in 156 bytes (1 switches on core 0)
2026-05-06 19:40:01.424 7 INFO neutron.db.ovn_revision_numbers_db [None req-1c4ad2fb-0e0c-435e-98e9-c72aa5f532c5 9b6ef315975d44c1b195ea46ac65eab3 d58dc6e14afb44a6a2e31f11e0c48dbe - - default default] Successfully bumped revision number for resource a6294fa8-05e1-498d-ad39-8aeb3addd912 (type: security_groups) to 1
2026-05-06 19:40:01.436 7 INFO neutron.db.ovn_revision_numbers_db [None req-1c4ad2fb-0e0c-435e-98e9-c72aa5f532c5 9b6ef315975d44c1b195ea46ac65eab3 d58dc6e14afb44a6a2e31f11e0c48dbe - - default default] Successfully bumped revision number for resource 44987880-8a62-4b44-a6c0-7c1e754c4cd0 (type: security_group_rules) to 0
2026-05-06 19:40:01.448 7 INFO neutron.db.ovn_revision_numbers_db [None req-1c4ad2fb-0e0c-435e-98e9-c72aa5f532c5 9b6ef315975d44c1b195ea46ac65eab3 d58dc6e14afb44a6a2e31f11e0c48dbe - - default default] Successfully bumped revision number for resource a7fff5e7-f93e-4dec-a3b6-00cb0b62c4af (type: security_group_rules) to 0
2026-05-06 19:40:01.466 7 INFO neutron.db.ovn_revision_numbers_db [None req-1c4ad2fb-0e0c-435e-98e9-c72aa5f532c5 9b6ef315975d44c1b195ea46ac65eab3 d58dc6e14afb44a6a2e31f11e0c48dbe - - default default] Successfully bumped revision number for resource c14e66f1-631f-41df-a03c-3d728e2215ea (type: security_group_rules) to 0
2026-05-06 19:40:01.480 7 INFO neutron.db.ovn_revision_numbers_db [None req-1c4ad2fb-0e0c-435e-98e9-c72aa5f532c5 9b6ef315975d44c1b195ea46ac65eab3 d58dc6e14afb44a6a2e31f11e0c48dbe - - default default] Successfully bumped revision number for resource efbf9867-a75a-4c77-ade8-6a390cc97a4c (type: security_group_rules) to 0
2026-05-06 19:40:01.534 8 INFO neutron.db.ovn_revision_numbers_db [None req-4c4c3b2c-869f-46e3-b0cc-d8cdbfd9e461 9b6ef315975d44c1b195ea46ac65eab3 d58dc6e14afb44a6a2e31f11e0c48dbe - - default default] Successfully bumped revision number for resource e8e5529b-97cf-4c54-b92f-1db18bc80179 (type: security_groups) to 1
2026-05-06 19:40:01.548 8 INFO neutron.db.ovn_revision_numbers_db [None req-4c4c3b2c-869f-46e3-b0cc-d8cdbfd9e461 9b6ef315975d44c1b195ea46ac65eab3 d58dc6e14afb44a6a2e31f11e0c48dbe - - default default] Successfully bumped revision number for resource 0d044bcf-9018-4d17-928b-6bbc30d0ba0a (type: security_group_rules) to 0
2026-05-06 19:40:01.561 8 INFO neutron.db.ovn_revision_numbers_db [None req-4c4c3b2c-869f-46e3-b0cc-d8cdbfd9e461 9b6ef315975d44c1b195ea46ac65eab3 d58dc6e14afb44a6a2e31f11e0c48dbe - - default default] Successfully bumped revision number for resource 4d6cf51f-920d-4ec1-b235-901b724c2f42 (type: security_group_rules) to 0
2026-05-06 19:40:01.567 7 INFO neutron.db.segments_db [None req-1c4ad2fb-0e0c-435e-98e9-c72aa5f532c5 9b6ef315975d44c1b195ea46ac65eab3 d58dc6e14afb44a6a2e31f11e0c48dbe - - default default] Added segment d04ab116-15f1-46c0-9f06-93a9f579092a of type geneve for network 31ae821f-74cc-430a-8f9d-94299ff68fd7
2026-05-06 19:40:01.578 8 INFO neutron.db.ovn_revision_numbers_db [None req-4c4c3b2c-869f-46e3-b0cc-d8cdbfd9e461 9b6ef315975d44c1b195ea46ac65eab3 d58dc6e14afb44a6a2e31f11e0c48dbe - - default default] Successfully bumped revision number for resource 80662759-4aab-4d2e-8ecd-d6f3b7b3dc73 (type: security_group_rules) to 0
2026-05-06 19:40:01.599 8 INFO neutron.db.ovn_revision_numbers_db [None req-4c4c3b2c-869f-46e3-b0cc-d8cdbfd9e461 9b6ef315975d44c1b195ea46ac65eab3 d58dc6e14afb44a6a2e31f11e0c48dbe - - default default] Successfully bumped revision number for resource f40e4352-de48-4a8b-8750-e1d362d6a54b (type: security_group_rules) to 0 [pid: 8|app: 0|req: 1018/1958] 10.0.0.199 () {32 vars in 774 bytes} [Wed May 6 19:40:01 2026] GET /v2.0/security-groups?tenant_id=927614e4950a4726844dc2afade3b77d&name=default => generated 2925 bytes in 358 msecs (HTTP/1.1 200) 4 headers in 158 bytes (1 switches on core 0)
2026-05-06 19:40:01.669 7 INFO neutron.db.ovn_revision_numbers_db [None req-1c4ad2fb-0e0c-435e-98e9-c72aa5f532c5 9b6ef315975d44c1b195ea46ac65eab3 d58dc6e14afb44a6a2e31f11e0c48dbe - - default default] Successfully bumped revision number for resource 31ae821f-74cc-430a-8f9d-94299ff68fd7 (type: networks) to 1
2026-05-06 19:40:01.828 7 WARNING neutron.scheduler.dhcp_agent_scheduler [None req-1c4ad2fb-0e0c-435e-98e9-c72aa5f532c5 9b6ef315975d44c1b195ea46ac65eab3 d58dc6e14afb44a6a2e31f11e0c48dbe - - default default] No more DHCP agents
2026-05-06 19:40:01.829 7 WARNING neutron.api.rpc.agentnotifiers.dhcp_rpc_agent_api [None req-1c4ad2fb-0e0c-435e-98e9-c72aa5f532c5 9b6ef315975d44c1b195ea46ac65eab3 d58dc6e14afb44a6a2e31f11e0c48dbe - - default default] Unable to schedule network 31ae821f-74cc-430a-8f9d-94299ff68fd7: no agents available; will retry on subsequent port and subnet creation events.
2026-05-06 19:40:01.891 7 INFO neutron.plugins.ml2.drivers.ovn.mech_driver.mech_driver [None req-dda6fde0-4b23-4ff4-91df-46bce2d57c1e - - - - - -] OVN reports status down for port: 8189c2e4-fa25-42a8-bb76-15915ddd1d2f [pid: 8|app: 0|req: 1019/1959] 10.0.0.199 () {32 vars in 740 bytes} [Wed May 6 19:40:01 2026] DELETE /v2.0/security-groups/e8e5529b-97cf-4c54-b92f-1db18bc80179 => generated 0 bytes in 300 msecs (HTTP/1.1 204) 2 headers in 112 bytes (1 switches on core 0)
2026-05-06 19:40:01.966 7 INFO neutron.db.ovn_revision_numbers_db [None req-1c4ad2fb-0e0c-435e-98e9-c72aa5f532c5 9b6ef315975d44c1b195ea46ac65eab3 d58dc6e14afb44a6a2e31f11e0c48dbe - - default default] Successfully bumped revision number for resource 8189c2e4-fa25-42a8-bb76-15915ddd1d2f (type: ports) to 1 [pid: 7|app: 0|req: 941/1960] 10.0.0.199 () {34 vars in 671 bytes} [Wed May 6 19:40:01 2026] POST /v2.0/networks => generated 762 bytes in 837 msecs (HTTP/1.1 201) 4 headers in 162 bytes (1 switches on core 0)
2026-05-06 19:40:02.162 8 INFO neutron.db.ovn_revision_numbers_db [None req-7c40bc42-772a-469d-a142-fe5ae37e8f79 0f9a70bf0aa7426e9a22a32afff53c5e 17bdb969da89466a998bce7dec004f8e - - default default] Successfully bumped revision number for resource 716b72db-d863-4b0b-916d-74d8f0e80d97 (type: security_groups) to 1
2026-05-06 19:40:02.173 8 INFO neutron.db.ovn_revision_numbers_db [None req-7c40bc42-772a-469d-a142-fe5ae37e8f79 0f9a70bf0aa7426e9a22a32afff53c5e 17bdb969da89466a998bce7dec004f8e - - default default] Successfully bumped revision number for resource 2278efe7-c213-42e8-8a5c-56b594fc2ab8 (type: security_group_rules) to 0
2026-05-06 19:40:02.190 8 INFO neutron.db.ovn_revision_numbers_db [None req-7c40bc42-772a-469d-a142-fe5ae37e8f79 0f9a70bf0aa7426e9a22a32afff53c5e 17bdb969da89466a998bce7dec004f8e - - default default] Successfully bumped revision number for resource 7fa9e26b-5375-4c44-bc72-ca67e04d2c9c (type: security_group_rules) to 0
2026-05-06 19:40:02.194 7 WARNING neutron.scheduler.dhcp_agent_scheduler [None req-4e9312e4-4621-4342-8c99-7b6c28cbbd1b 9b6ef315975d44c1b195ea46ac65eab3 d58dc6e14afb44a6a2e31f11e0c48dbe - - default default] No more DHCP agents
2026-05-06 19:40:02.195 7 WARNING neutron.api.rpc.agentnotifiers.dhcp_rpc_agent_api [None req-4e9312e4-4621-4342-8c99-7b6c28cbbd1b 9b6ef315975d44c1b195ea46ac65eab3 d58dc6e14afb44a6a2e31f11e0c48dbe - - default default] Unable to schedule network 31ae821f-74cc-430a-8f9d-94299ff68fd7: no agents available; will retry on subsequent port and subnet creation events.
2026-05-06 19:40:02.203 8 INFO neutron.db.ovn_revision_numbers_db [None req-7c40bc42-772a-469d-a142-fe5ae37e8f79 0f9a70bf0aa7426e9a22a32afff53c5e 17bdb969da89466a998bce7dec004f8e - - default default] Successfully bumped revision number for resource c2a192a6-7d62-476e-b4ab-0defbd1ac05a (type: security_group_rules) to 0
2026-05-06 19:40:02.220 8 INFO neutron.db.ovn_revision_numbers_db [None req-7c40bc42-772a-469d-a142-fe5ae37e8f79 0f9a70bf0aa7426e9a22a32afff53c5e 17bdb969da89466a998bce7dec004f8e - - default default] Successfully bumped revision number for resource fafe7b3a-4101-4014-9f3a-edce2df3dfae (type: security_group_rules) to 0
2026-05-06 19:40:02.317 8 INFO neutron.db.segments_db [None req-7c40bc42-772a-469d-a142-fe5ae37e8f79 0f9a70bf0aa7426e9a22a32afff53c5e 17bdb969da89466a998bce7dec004f8e - - default default] Added segment 1821f5db-87b4-48b0-84fc-6c3fdcc8cd7d of type geneve for network 1375bbd4-95e0-4425-bb8e-830698d1e2e6
2026-05-06 19:40:02.427 8 INFO neutron.db.ovn_revision_numbers_db [None req-7c40bc42-772a-469d-a142-fe5ae37e8f79 0f9a70bf0aa7426e9a22a32afff53c5e 17bdb969da89466a998bce7dec004f8e - - default default] Successfully bumped revision number for resource 1375bbd4-95e0-4425-bb8e-830698d1e2e6 (type: networks) to 1
2026-05-06 19:40:02.589 8 WARNING neutron.scheduler.dhcp_agent_scheduler [None req-7c40bc42-772a-469d-a142-fe5ae37e8f79 0f9a70bf0aa7426e9a22a32afff53c5e 17bdb969da89466a998bce7dec004f8e - - default default] No more DHCP agents
2026-05-06 19:40:02.590 8 WARNING neutron.api.rpc.agentnotifiers.dhcp_rpc_agent_api [None req-7c40bc42-772a-469d-a142-fe5ae37e8f79 0f9a70bf0aa7426e9a22a32afff53c5e 17bdb969da89466a998bce7dec004f8e - - default default] Unable to schedule network 1375bbd4-95e0-4425-bb8e-830698d1e2e6: no agents available; will retry on subsequent port and subnet creation events.
2026-05-06 19:40:02.634 8 INFO neutron.plugins.ml2.drivers.ovn.mech_driver.mech_driver [None req-aacc7097-cbb4-4810-9af5-27862837e9e5 - - - - - -] OVN reports status down for port: ac2ed333-5560-4a81-b380-5fd8f8374ce1
2026-05-06 19:40:02.695 7 INFO neutron.db.ovn_revision_numbers_db [None req-36e05e72-170b-4ce5-bd83-e0cbd80a34be - - - - - -] Successfully bumped revision number for resource 8189c2e4-fa25-42a8-bb76-15915ddd1d2f (type: ports) to 2
2026-05-06 19:40:02.705 8 INFO neutron.db.ovn_revision_numbers_db [None req-7c40bc42-772a-469d-a142-fe5ae37e8f79 0f9a70bf0aa7426e9a22a32afff53c5e 17bdb969da89466a998bce7dec004f8e - - default default] Successfully bumped revision number for resource ac2ed333-5560-4a81-b380-5fd8f8374ce1 (type: ports) to 1
2026-05-06 19:40:02.731 7 INFO neutron.db.ovn_revision_numbers_db [None req-36e05e72-170b-4ce5-bd83-e0cbd80a34be - - - - - -] Successfully bumped revision number for resource 0879f9a2-b2d9-4f8f-904d-5e9f9e301390 (type: subnets) to 0 [pid: 7|app: 0|req: 942/1961] 10.0.0.199 () {34 vars in 669 bytes} [Wed May 6 19:40:02 2026] POST /v2.0/subnets => generated 687 bytes in 736 msecs (HTTP/1.1 201) 4 headers in 162 bytes (1 switches on core 0) [pid: 8|app: 0|req: 1020/1962] 10.0.0.199 () {34 vars in 670 bytes} [Wed May 6 19:40:01 2026] POST /v2.0/networks => generated 649 bytes in 802 msecs (HTTP/1.1 201) 4 headers in 162 bytes (1 switches on core 0) [pid: 7|app: 0|req: 943/1963] 10.0.0.199 () {32 vars in 774 bytes} [Wed May 6 19:40:02 2026] GET /v2.0/security-groups?tenant_id=b1ebc46ea1dd4afdafe5984b95bd244f&name=default => generated 2925 bytes in 33 msecs (HTTP/1.1 200) 4 headers in 158 bytes (1 switches on core 0)
2026-05-06 19:40:02.871 7 INFO neutron.db.segments_db [None req-0512d2a9-8cd7-47b4-a098-2c19f3263ad4 0f9a70bf0aa7426e9a22a32afff53c5e 17bdb969da89466a998bce7dec004f8e - - default default] Added segment 0303af12-5f06-4c39-9619-1cb2e2517d0d of type geneve for network b31657bb-2ccb-4dcf-84a0-d0ea0f15cdad
2026-05-06 19:40:02.968 7 INFO neutron.db.ovn_revision_numbers_db [None req-0512d2a9-8cd7-47b4-a098-2c19f3263ad4 0f9a70bf0aa7426e9a22a32afff53c5e 17bdb969da89466a998bce7dec004f8e - - default default] Successfully bumped revision number for resource b31657bb-2ccb-4dcf-84a0-d0ea0f15cdad (type: networks) to 1
2026-05-06 19:40:03.119 7 WARNING neutron.scheduler.dhcp_agent_scheduler [None req-0512d2a9-8cd7-47b4-a098-2c19f3263ad4 0f9a70bf0aa7426e9a22a32afff53c5e 17bdb969da89466a998bce7dec004f8e - - default default] No more DHCP agents
2026-05-06 19:40:03.121 7 WARNING neutron.api.rpc.agentnotifiers.dhcp_rpc_agent_api [None req-0512d2a9-8cd7-47b4-a098-2c19f3263ad4 0f9a70bf0aa7426e9a22a32afff53c5e 17bdb969da89466a998bce7dec004f8e - - default default] Unable to schedule network b31657bb-2ccb-4dcf-84a0-d0ea0f15cdad: no agents available; will retry on subsequent port and subnet creation events.
2026-05-06 19:40:03.208 8 INFO neutron.plugins.ml2.drivers.ovn.mech_driver.mech_driver [None req-aacc7097-cbb4-4810-9af5-27862837e9e5 - - - - - -] OVN reports status down for port: 61fa06bc-83b5-4cdb-a842-dbe805d146ca
2026-05-06 19:40:03.211 7 INFO neutron.db.ovn_revision_numbers_db [None req-0512d2a9-8cd7-47b4-a098-2c19f3263ad4 0f9a70bf0aa7426e9a22a32afff53c5e 17bdb969da89466a998bce7dec004f8e - - default default] Successfully bumped revision number for resource 61fa06bc-83b5-4cdb-a842-dbe805d146ca (type: ports) to 1 [pid: 7|app: 0|req: 944/1964] 10.0.0.199 () {34 vars in 670 bytes} [Wed May 6 19:40:02 2026] POST /v2.0/networks => generated 651 bytes in 449 msecs (HTTP/1.1 201) 4 headers in 162 bytes (1 switches on core 0)
2026-05-06 19:40:03.304 8 WARNING neutron.scheduler.dhcp_agent_scheduler [None req-14c574f2-afce-4c78-a1c6-8da44a17a06c 9b6ef315975d44c1b195ea46ac65eab3 d58dc6e14afb44a6a2e31f11e0c48dbe - - default default] No more DHCP agents
2026-05-06 19:40:03.306 8 WARNING neutron.api.rpc.agentnotifiers.dhcp_rpc_agent_api [None req-14c574f2-afce-4c78-a1c6-8da44a17a06c 9b6ef315975d44c1b195ea46ac65eab3 d58dc6e14afb44a6a2e31f11e0c48dbe - - default default] Unable to schedule network 4f55e61a-43c3-4b92-a946-649e8abfa739: no agents available; will retry on subsequent port and subnet creation events.
2026-05-06 19:40:03.477 8 INFO neutron.db.ovn_revision_numbers_db [None req-14c574f2-afce-4c78-a1c6-8da44a17a06c 9b6ef315975d44c1b195ea46ac65eab3 d58dc6e14afb44a6a2e31f11e0c48dbe - - default default] Successfully bumped revision number for resource 72ef319b-f0ac-46c3-8fec-e38953aae36d (type: ports) to 1
2026-05-06 19:40:03.483 7 INFO neutron.plugins.ml2.drivers.ovn.mech_driver.mech_driver [None req-dda6fde0-4b23-4ff4-91df-46bce2d57c1e - - - - - -] OVN reports status down for port: 72ef319b-f0ac-46c3-8fec-e38953aae36d [pid: 7|app: 0|req: 945/1965] 10.0.0.199 () {32 vars in 740 bytes} [Wed May 6 19:40:03 2026] DELETE /v2.0/security-groups/bded198e-b55b-48f7-978e-e80bc8df9860 => generated 0 bytes in 344 msecs (HTTP/1.1 204) 2 headers in 112 bytes (1 switches on core 0)
2026-05-06 19:40:03.700 7 INFO neutron.db.segments_db [None req-aa7a7b89-b1ca-4baf-8b08-aec7e2a93591 0f9a70bf0aa7426e9a22a32afff53c5e 17bdb969da89466a998bce7dec004f8e - - default default] Added segment 861a27df-6fb4-4c95-acf3-f0b4893128a7 of type geneve for network b6761268-d459-4a96-8244-5a42e33f1126
2026-05-06 19:40:03.854 7 INFO neutron.db.ovn_revision_numbers_db [None req-aa7a7b89-b1ca-4baf-8b08-aec7e2a93591 0f9a70bf0aa7426e9a22a32afff53c5e 17bdb969da89466a998bce7dec004f8e - - default default] Successfully bumped revision number for resource b6761268-d459-4a96-8244-5a42e33f1126 (type: networks) to 1
2026-05-06 19:40:04.063 7 WARNING neutron.scheduler.dhcp_agent_scheduler [None req-aa7a7b89-b1ca-4baf-8b08-aec7e2a93591 0f9a70bf0aa7426e9a22a32afff53c5e 17bdb969da89466a998bce7dec004f8e - - default default] No more DHCP agents
2026-05-06 19:40:04.065 7 WARNING neutron.api.rpc.agentnotifiers.dhcp_rpc_agent_api [None req-aa7a7b89-b1ca-4baf-8b08-aec7e2a93591 0f9a70bf0aa7426e9a22a32afff53c5e 17bdb969da89466a998bce7dec004f8e - - default default] Unable to schedule network b6761268-d459-4a96-8244-5a42e33f1126: no agents available; will retry on subsequent port and subnet creation events.
2026-05-06 19:40:04.116 7 INFO neutron.plugins.ml2.drivers.ovn.mech_driver.mech_driver [None req-dda6fde0-4b23-4ff4-91df-46bce2d57c1e - - - - - -] OVN reports status down for port: 1abbfa90-981e-4362-9f58-018f8476c675
2026-05-06 19:40:04.187 7 INFO neutron.db.ovn_revision_numbers_db [None req-aa7a7b89-b1ca-4baf-8b08-aec7e2a93591 0f9a70bf0aa7426e9a22a32afff53c5e 17bdb969da89466a998bce7dec004f8e - - default default] Successfully bumped revision number for resource 1abbfa90-981e-4362-9f58-018f8476c675 (type: ports) to 1
2026-05-06 19:40:04.207 8 INFO neutron.plugins.ml2.drivers.ovn.mech_driver.ovsdb.commands [None req-fada1e5c-a328-46dd-a1d1-417da9ed9f0c - - - - - -] Schedule LRP lrp-72ef319b-f0ac-46c3-8fec-e38953aae36d on gateway eec2710b-08ce-4ede-be3b-fc91b4db952f with priority 1
2026-05-06 19:40:04.281 8 INFO neutron.db.ovn_revision_numbers_db [None req-14c574f2-afce-4c78-a1c6-8da44a17a06c 9b6ef315975d44c1b195ea46ac65eab3 d58dc6e14afb44a6a2e31f11e0c48dbe - - default default] Successfully bumped revision number for resource 72ef319b-f0ac-46c3-8fec-e38953aae36d (type: router_ports) to 1
2026-05-06 19:40:04.307 7 INFO neutron.plugins.ml2.drivers.ovn.mech_driver.ovsdb.ovsdb_monitor [None req-2aeb4dd5-b439-4fff-ab05-ce750562325d - - - - - -] Router 75db9349-5c89-460a-a190-4bf3abdf431a is bound to host instance [pid: 7|app: 0|req: 946/1966] 10.0.0.199 () {34 vars in 670 bytes} [Wed May 6 19:40:03 2026] POST /v2.0/networks => generated 650 bytes in 754 msecs (HTTP/1.1 201) 4 headers in 162 bytes (1 switches on core 0)
2026-05-06 19:40:04.342 8 INFO neutron.db.ovn_revision_numbers_db [None req-14c574f2-afce-4c78-a1c6-8da44a17a06c 9b6ef315975d44c1b195ea46ac65eab3 d58dc6e14afb44a6a2e31f11e0c48dbe - - default default] Successfully bumped revision number for resource 75db9349-5c89-460a-a190-4bf3abdf431a (type: routers) to 2
2026-05-06 19:40:04.356 7 INFO neutron.plugins.ml2.drivers.ovn.mech_driver.mech_driver [None req-dda6fde0-4b23-4ff4-91df-46bce2d57c1e - - - - - -] OVN reports status up for port: 72ef319b-f0ac-46c3-8fec-e38953aae36d [pid: 8|app: 0|req: 1021/1967] 10.0.0.199 () {34 vars in 669 bytes} [Wed May 6 19:40:02 2026] POST /v2.0/routers => generated 965 bytes in 1587 msecs (HTTP/1.1 201) 4 headers in 162 bytes (1 switches on core 0)
2026-05-06 19:40:04.394 7 INFO neutron.plugins.ml2.plugin [None req-dda6fde0-4b23-4ff4-91df-46bce2d57c1e - - - - - -] Attempt 1 to provision port 72ef319b-f0ac-46c3-8fec-e38953aae36d
2026-05-06 19:40:04.441 8 INFO neutron.db.segments_db [None req-6f6bea36-671c-4089-b288-b6f0d4cc0ab6 0f9a70bf0aa7426e9a22a32afff53c5e 17bdb969da89466a998bce7dec004f8e - - default default] Added segment e141b973-4114-45b8-9a9f-0ecdd15d97f3 of type geneve for network d08ab9f5-43e2-4528-bade-0bc90edaf316
2026-05-06 19:40:04.553 8 INFO neutron.db.ovn_revision_numbers_db [None req-6f6bea36-671c-4089-b288-b6f0d4cc0ab6 0f9a70bf0aa7426e9a22a32afff53c5e 17bdb969da89466a998bce7dec004f8e - - default default] Successfully bumped revision number for resource d08ab9f5-43e2-4528-bade-0bc90edaf316 (type: networks) to 1
2026-05-06 19:40:04.692 7 INFO neutron.db.ovn_revision_numbers_db [None req-7b0a953b-eb67-4d03-aa08-b3265d27ef0a 9b6ef315975d44c1b195ea46ac65eab3 d58dc6e14afb44a6a2e31f11e0c48dbe - - default default] Successfully bumped revision number for resource c63349a1-2ec1-4f1d-8b2f-53e8b5457b52 (type: security_groups) to 1
2026-05-06 19:40:04.716 7 INFO neutron.db.ovn_revision_numbers_db [None req-7b0a953b-eb67-4d03-aa08-b3265d27ef0a 9b6ef315975d44c1b195ea46ac65eab3 d58dc6e14afb44a6a2e31f11e0c48dbe - - default default] Successfully bumped revision number for resource 5abf8707-5d87-41c7-b872-1110399b3f23 (type: security_group_rules) to 0
2026-05-06 19:40:04.738 8 WARNING neutron.scheduler.dhcp_agent_scheduler [None req-6f6bea36-671c-4089-b288-b6f0d4cc0ab6 0f9a70bf0aa7426e9a22a32afff53c5e 17bdb969da89466a998bce7dec004f8e - - default default] No more DHCP agents
2026-05-06 19:40:04.739 8 WARNING neutron.api.rpc.agentnotifiers.dhcp_rpc_agent_api [None req-6f6bea36-671c-4089-b288-b6f0d4cc0ab6 0f9a70bf0aa7426e9a22a32afff53c5e 17bdb969da89466a998bce7dec004f8e - - default default] Unable to schedule network d08ab9f5-43e2-4528-bade-0bc90edaf316: no agents available; will retry on subsequent port and subnet creation events.
2026-05-06 19:40:04.740 7 INFO neutron.db.ovn_revision_numbers_db [None req-7b0a953b-eb67-4d03-aa08-b3265d27ef0a 9b6ef315975d44c1b195ea46ac65eab3 d58dc6e14afb44a6a2e31f11e0c48dbe - - default default] Successfully bumped revision number for resource 8e0a69c5-4f1c-4f50-8130-d1bb20e971af (type: security_group_rules) to 0
2026-05-06 19:40:04.776 7 INFO neutron.db.ovn_revision_numbers_db [None req-7b0a953b-eb67-4d03-aa08-b3265d27ef0a 9b6ef315975d44c1b195ea46ac65eab3 d58dc6e14afb44a6a2e31f11e0c48dbe - - default default] Successfully bumped revision number for resource c454bb62-f3af-4294-9697-6a30ddbd3d57 (type: security_group_rules) to 0
2026-05-06 19:40:04.843 8 INFO neutron.db.ovn_revision_numbers_db [None req-6f6bea36-671c-4089-b288-b6f0d4cc0ab6 0f9a70bf0aa7426e9a22a32afff53c5e 17bdb969da89466a998bce7dec004f8e - - default default] Successfully bumped revision number for resource 07cb44d8-391e-4371-ac98-c3bdc609667b (type: ports) to 1
2026-05-06 19:40:04.851 7 INFO neutron.db.ovn_revision_numbers_db [None req-7b0a953b-eb67-4d03-aa08-b3265d27ef0a 9b6ef315975d44c1b195ea46ac65eab3 d58dc6e14afb44a6a2e31f11e0c48dbe - - default default] Successfully bumped revision number for resource f255976e-bdc6-47ff-b36f-ed956b69afc2 (type: security_group_rules) to 0 [pid: 8|app: 0|req: 1022/1968] 10.0.0.199 () {34 vars in 670 bytes} [Wed May 6 19:40:04 2026] POST /v2.0/networks => generated 651 bytes in 508 msecs (HTTP/1.1 201) 4 headers in 162 bytes (1 switches on core 0) [pid: 7|app: 0|req: 947/1969] 10.0.0.199 () {32 vars in 774 bytes} [Wed May 6 19:40:04 2026] GET /v2.0/security-groups?tenant_id=abeb3dc973764d7082ed723bff28935e&name=default => generated 2925 bytes in 605 msecs (HTTP/1.1 200) 4 headers in 158 bytes (1 switches on core 0)
2026-05-06 19:40:05.105 7 INFO neutron.db.segments_db [None req-fcdac473-576d-4fe8-8ea1-41bbc622bd1a 0f9a70bf0aa7426e9a22a32afff53c5e 17bdb969da89466a998bce7dec004f8e - - default default] Added segment d0cf8569-01a0-44e2-aa94-30e96d4ed7ea of type geneve for network c8ff89d5-bd56-4a1b-8016-1c5447cc8ee7
2026-05-06 19:40:05.353 7 INFO neutron.db.ovn_revision_numbers_db [None req-fcdac473-576d-4fe8-8ea1-41bbc622bd1a 0f9a70bf0aa7426e9a22a32afff53c5e 17bdb969da89466a998bce7dec004f8e - - default default] Successfully bumped revision number for resource c8ff89d5-bd56-4a1b-8016-1c5447cc8ee7 (type: networks) to 1
2026-05-06 19:40:05.401 8 WARNING neutron.scheduler.dhcp_agent_scheduler [None req-302f2342-b5e8-4e3d-9d41-b6eb0ab09da6 9b6ef315975d44c1b195ea46ac65eab3 d58dc6e14afb44a6a2e31f11e0c48dbe - - default default] No more DHCP agents
2026-05-06 19:40:05.402 8 WARNING neutron.api.rpc.agentnotifiers.dhcp_rpc_agent_api [None req-302f2342-b5e8-4e3d-9d41-b6eb0ab09da6 9b6ef315975d44c1b195ea46ac65eab3 d58dc6e14afb44a6a2e31f11e0c48dbe - - default default] Unable to schedule network 31ae821f-74cc-430a-8f9d-94299ff68fd7: no agents available; will retry on subsequent port and subnet creation events.
2026-05-06 19:40:05.581 8 INFO neutron.plugins.ml2.drivers.ovn.mech_driver.mech_driver [None req-aacc7097-cbb4-4810-9af5-27862837e9e5 - - - - - -] OVN reports status down for port: acf8b3c8-599f-435f-9a52-e0faf6f052a3
2026-05-06 19:40:05.643 8 INFO neutron.db.ovn_revision_numbers_db [None req-302f2342-b5e8-4e3d-9d41-b6eb0ab09da6 9b6ef315975d44c1b195ea46ac65eab3 d58dc6e14afb44a6a2e31f11e0c48dbe - - default default] Successfully bumped revision number for resource acf8b3c8-599f-435f-9a52-e0faf6f052a3 (type: ports) to 1
2026-05-06 19:40:05.753 7 WARNING neutron.scheduler.dhcp_agent_scheduler [None req-fcdac473-576d-4fe8-8ea1-41bbc622bd1a 0f9a70bf0aa7426e9a22a32afff53c5e 17bdb969da89466a998bce7dec004f8e - - default default] No more DHCP agents
2026-05-06 19:40:05.763 7 WARNING neutron.api.rpc.agentnotifiers.dhcp_rpc_agent_api [None req-fcdac473-576d-4fe8-8ea1-41bbc622bd1a 0f9a70bf0aa7426e9a22a32afff53c5e 17bdb969da89466a998bce7dec004f8e - - default default] Unable to schedule network c8ff89d5-bd56-4a1b-8016-1c5447cc8ee7: no agents available; will retry on subsequent port and subnet creation events.
2026-05-06 19:40:05.912 8 INFO neutron.plugins.ml2.drivers.ovn.mech_driver.mech_driver [None req-aacc7097-cbb4-4810-9af5-27862837e9e5 - - - - - -] OVN reports status down for port: 939b46b2-63ce-4819-a568-c045e87b35cc
2026-05-06 19:40:05.927 7 INFO neutron.db.ovn_revision_numbers_db [None req-fcdac473-576d-4fe8-8ea1-41bbc622bd1a 0f9a70bf0aa7426e9a22a32afff53c5e 17bdb969da89466a998bce7dec004f8e - - default default] Successfully bumped revision number for resource 939b46b2-63ce-4819-a568-c045e87b35cc (type: ports) to 1 [pid: 7|app: 0|req: 948/1970] 10.0.0.199 () {34 vars in 670 bytes} [Wed May 6 19:40:04 2026] POST /v2.0/networks => generated 651 bytes in 1037 msecs (HTTP/1.1 201) 4 headers in 162 bytes (1 switches on core 0)
2026-05-06 19:40:06.186 7 INFO neutron.db.ovn_revision_numbers_db [None req-8ab2f16e-aaad-4b22-af13-e73f1e2305ad - - - - - -] Successfully bumped revision number for resource 72ef319b-f0ac-46c3-8fec-e38953aae36d (type: ports) to 4 [pid: 7|app: 0|req: 949/1971] 10.0.0.199 () {32 vars in 740 bytes} [Wed May 6 19:40:05 2026] DELETE /v2.0/security-groups/c63349a1-2ec1-4f1d-8b2f-53e8b5457b52 => generated 0 bytes in 423 msecs (HTTP/1.1 204) 2 headers in 112 bytes (1 switches on core 0)
2026-05-06 19:40:06.503 8 INFO neutron.plugins.ml2.drivers.ovn.mech_driver.mech_driver [None req-aacc7097-cbb4-4810-9af5-27862837e9e5 - - - - - -] OVN reports status up for port: acf8b3c8-599f-435f-9a52-e0faf6f052a3 [pid: 7|app: 0|req: 950/1972] 10.0.0.199 () {34 vars in 753 bytes} [Wed May 6 19:40:06 2026] PUT /v2.0/networks/1375bbd4-95e0-4425-bb8e-830698d1e2e6/tags => generated 17 bytes in 105 msecs (HTTP/1.1 200) 4 headers in 156 bytes (1 switches on core 0)
2026-05-06 19:40:06.531 8 INFO neutron.plugins.ml2.plugin [None req-aacc7097-cbb4-4810-9af5-27862837e9e5 - - - - - -] Attempt 1 to provision port acf8b3c8-599f-435f-9a52-e0faf6f052a3 [pid: 7|app: 0|req: 951/1973] 10.0.0.199 () {34 vars in 753 bytes} [Wed May 6 19:40:06 2026] PUT /v2.0/networks/b31657bb-2ccb-4dcf-84a0-d0ea0f15cdad/tags => generated 25 bytes in 96 msecs (HTTP/1.1 200) 4 headers in 156 bytes (1 switches on core 0)
2026-05-06 19:40:06.653 8 WARNING neutron.scheduler.dhcp_agent_scheduler [None req-302f2342-b5e8-4e3d-9d41-b6eb0ab09da6 9b6ef315975d44c1b195ea46ac65eab3 d58dc6e14afb44a6a2e31f11e0c48dbe - - default default] No more DHCP agents
2026-05-06 19:40:06.656 8 WARNING neutron.api.rpc.agentnotifiers.dhcp_rpc_agent_api [None req-302f2342-b5e8-4e3d-9d41-b6eb0ab09da6 9b6ef315975d44c1b195ea46ac65eab3 d58dc6e14afb44a6a2e31f11e0c48dbe - - default default] Unable to schedule network 31ae821f-74cc-430a-8f9d-94299ff68fd7: no agents available; will retry on subsequent port and subnet creation events. [pid: 7|app: 0|req: 952/1974] 10.0.0.199 () {34 vars in 753 bytes} [Wed May 6 19:40:06 2026] PUT /v2.0/networks/b6761268-d459-4a96-8244-5a42e33f1126/tags => generated 34 bytes in 108 msecs (HTTP/1.1 200) 4 headers in 156 bytes (1 switches on core 0) [pid: 7|app: 0|req: 953/1975] 10.0.0.199 () {34 vars in 753 bytes} [Wed May 6 19:40:06 2026] PUT /v2.0/networks/d08ab9f5-43e2-4528-bade-0bc90edaf316/tags => generated 19 bytes in 116 msecs (HTTP/1.1 200) 4 headers in 156 bytes (1 switches on core 0)
2026-05-06 19:40:06.851 7 INFO neutron.db.ovn_revision_numbers_db [None req-8ab2f16e-aaad-4b22-af13-e73f1e2305ad - - - - - -] Successfully bumped revision number for resource 72ef319b-f0ac-46c3-8fec-e38953aae36d (type: ports) to 5 [pid: 7|app: 0|req: 954/1976] 10.0.0.199 () {32 vars in 666 bytes} [Wed May 6 19:40:06 2026] GET /v2.0/networks?tags=red => generated 1986 bytes in 100 msecs (HTTP/1.1 200) 4 headers in 158 bytes (1 switches on core 0) [pid: 7|app: 0|req: 955/1977] 10.0.0.199 () {32 vars in 680 bytes} [Wed May 6 19:40:06 2026] GET /v2.0/networks?tags=red%2Cblue => generated 1337 bytes in 88 msecs (HTTP/1.1 200) 4 headers in 158 bytes (1 switches on core 0) [pid: 7|app: 0|req: 956/1978] 10.0.0.199 () {32 vars in 676 bytes} [Wed May 6 19:40:07 2026] GET /v2.0/networks?tags-any=blue => generated 1337 bytes in 70 msecs (HTTP/1.1 200) 4 headers in 158 bytes (1 switches on core 0) [pid: 7|app: 0|req: 957/1979] 10.0.0.199 () {32 vars in 688 bytes} [Wed May 6 19:40:07 2026] GET /v2.0/networks?tags-any=red%2Cblue => generated 1986 bytes in 49 msecs (HTTP/1.1 200) 4 headers in 158 bytes (1 switches on core 0) [pid: 7|app: 0|req: 958/1980] 10.0.0.199 () {32 vars in 674 bytes} [Wed May 6 19:40:07 2026] GET /v2.0/networks?not-tags=red => generated 1988 bytes in 78 msecs (HTTP/1.1 200) 4 headers in 158 bytes (1 switches on core 0)
2026-05-06 19:40:07.305 8 INFO neutron.db.ovn_revision_numbers_db [None req-aacc7097-cbb4-4810-9af5-27862837e9e5 - - - - - -] Successfully bumped revision number for resource acf8b3c8-599f-435f-9a52-e0faf6f052a3 (type: ports) to 2
2026-05-06 19:40:07.352 7 INFO neutron.plugins.ml2.drivers.ovn.mech_driver.mech_driver [None req-dda6fde0-4b23-4ff4-91df-46bce2d57c1e - - - - - -] OVN reports status down for port: 07cb44d8-391e-4371-ac98-c3bdc609667b [pid: 7|app: 0|req: 959/1981] 10.0.0.199 () {32 vars in 688 bytes} [Wed May 6 19:40:07 2026] GET /v2.0/networks?not-tags=red%2Cblue => generated 2637 bytes in 121 msecs (HTTP/1.1 200) 4 headers in 158 bytes (1 switches on core 0) [pid: 7|app: 0|req: 960/1982] 10.0.0.199 () {32 vars in 684 bytes} [Wed May 6 19:40:07 2026] GET /v2.0/networks?not-tags-any=blue => generated 2637 bytes in 141 msecs (HTTP/1.1 200) 4 headers in 158 bytes (1 switches on core 0)
2026-05-06 19:40:07.580 8 INFO neutron.db.ovn_revision_numbers_db [None req-302f2342-b5e8-4e3d-9d41-b6eb0ab09da6 9b6ef315975d44c1b195ea46ac65eab3 d58dc6e14afb44a6a2e31f11e0c48dbe - - default default] Successfully bumped revision number for resource acf8b3c8-599f-435f-9a52-e0faf6f052a3 (type: router_ports) to 1 [pid: 8|app: 0|req: 1023/1983] 10.0.0.199 () {34 vars in 783 bytes} [Wed May 6 19:40:04 2026] PUT /v2.0/routers/75db9349-5c89-460a-a190-4bf3abdf431a/add_router_interface => generated 309 bytes in 2720 msecs (HTTP/1.1 200) 4 headers in 157 bytes (1 switches on core 0) [pid: 7|app: 0|req: 961/1984] 10.0.0.199 () {32 vars in 696 bytes} [Wed May 6 19:40:07 2026] GET /v2.0/networks?not-tags-any=red%2Cblue => generated 1988 bytes in 69 msecs (HTTP/1.1 200) 4 headers in 158 bytes (1 switches on core 0)
2026-05-06 19:40:07.753 8 INFO neutron_taas.services.taas.taas_plugin [None req-2fdeede8-827a-4719-b88b-25c647ebc18d 0f9a70bf0aa7426e9a22a32afff53c5e 17bdb969da89466a998bce7dec004f8e - - default default] TaaS: Handle Delete Port: ac2ed333-5560-4a81-b380-5fd8f8374ce1
2026-05-06 19:40:07.755 8 INFO neutron_taas.services.taas.tap_mirror_plugin [None req-2fdeede8-827a-4719-b88b-25c647ebc18d 0f9a70bf0aa7426e9a22a32afff53c5e 17bdb969da89466a998bce7dec004f8e - - default default] Tap Mirror: Handle Delete Port: ac2ed333-5560-4a81-b380-5fd8f8374ce1
2026-05-06 19:40:07.933 8 INFO neutron.services.segments.plugin [-] Segment 1821f5db-87b4-48b0-84fc-6c3fdcc8cd7d resource provider aggregate not found
2026-05-06 19:40:07.938 8 INFO neutron.services.segments.plugin [-] Segment 1821f5db-87b4-48b0-84fc-6c3fdcc8cd7d resource provider aggregate not found
2026-05-06 19:40:07.955 8 INFO neutron.services.segments.plugin [-] Segment 1821f5db-87b4-48b0-84fc-6c3fdcc8cd7d resource provider not found; error: Placement Client Error (4xx): {"errors": [{"status": 404, "title": "Not Found", "detail": "The resource could not be found.\n\n No resource provider with uuid 1821f5db-87b4-48b0-84fc-6c3fdcc8cd7d found for delete ", "request_id": "req-3871e19f-eedd-415e-b1e7-44b9edcc0e79"}]}
2026-05-06 19:40:07.959 8 INFO neutron.services.segments.plugin [-] Segment 1821f5db-87b4-48b0-84fc-6c3fdcc8cd7d resource provider not found; error: Placement Client Error (4xx): {"errors": [{"status": 404, "title": "Not Found", "detail": "The resource could not be found.\n\n No resource provider with uuid 1821f5db-87b4-48b0-84fc-6c3fdcc8cd7d found for delete ", "request_id": "req-b9db4839-e935-4c1d-bf5d-15828f2f5fdf"}]} [pid: 8|app: 0|req: 1024/1985] 10.0.0.199 () {32 vars in 726 bytes} [Wed May 6 19:40:07 2026] DELETE /v2.0/networks/1375bbd4-95e0-4425-bb8e-830698d1e2e6 => generated 0 bytes in 375 msecs (HTTP/1.1 204) 3 headers in 131 bytes (1 switches on core 0)
2026-05-06 19:40:08.129 7 INFO neutron_taas.services.taas.taas_plugin [None req-296af7a1-b9ff-4eae-9cc0-acc9caac3310 0f9a70bf0aa7426e9a22a32afff53c5e 17bdb969da89466a998bce7dec004f8e - - default default] TaaS: Handle Delete Port: 61fa06bc-83b5-4cdb-a842-dbe805d146ca
2026-05-06 19:40:08.134 7 INFO neutron_taas.services.taas.tap_mirror_plugin [None req-296af7a1-b9ff-4eae-9cc0-acc9caac3310 0f9a70bf0aa7426e9a22a32afff53c5e 17bdb969da89466a998bce7dec004f8e - - default default] Tap Mirror: Handle Delete Port: 61fa06bc-83b5-4cdb-a842-dbe805d146ca
2026-05-06 19:40:08.328 7 INFO neutron.services.segments.plugin [-] Segment 0303af12-5f06-4c39-9619-1cb2e2517d0d resource provider aggregate not found
2026-05-06 19:40:08.334 7 INFO neutron.services.segments.plugin [-] Segment 0303af12-5f06-4c39-9619-1cb2e2517d0d resource provider aggregate not found
2026-05-06 19:40:08.347 7 INFO neutron.services.segments.plugin [-] Segment 0303af12-5f06-4c39-9619-1cb2e2517d0d resource provider not found; error: Placement Client Error (4xx): {"errors": [{"status": 404, "title": "Not Found", "detail": "The resource could not be found.\n\n No resource provider with uuid 0303af12-5f06-4c39-9619-1cb2e2517d0d found for delete ", "request_id": "req-839dbd6d-0b21-418b-90ab-c6ede16c70d8"}]}
2026-05-06 19:40:08.352 7 INFO neutron.services.segments.plugin [-] Segment 0303af12-5f06-4c39-9619-1cb2e2517d0d resource provider not found; error: Placement Client Error (4xx): {"errors": [{"status": 404, "title": "Not Found", "detail": "The resource could not be found.\n\n No resource provider with uuid 0303af12-5f06-4c39-9619-1cb2e2517d0d found for delete ", "request_id": "req-f137d6ee-b1eb-4d14-8b1a-a1f0522daf33"}]} [pid: 7|app: 0|req: 962/1986] 10.0.0.199 () {32 vars in 726 bytes} [Wed May 6 19:40:08 2026] DELETE /v2.0/networks/b31657bb-2ccb-4dcf-84a0-d0ea0f15cdad => generated 0 bytes in 390 msecs (HTTP/1.1 204) 3 headers in 131 bytes (1 switches on core 0) [pid: 8|app: 0|req: 1025/1987] 10.0.0.178 () {34 vars in 990 bytes} [Wed May 6 19:40:08 2026] GET /v2.0/ports?device_id=5c8a08f1-dc4d-4420-8924-93241d7727c6 => generated 1209 bytes in 60 msecs (HTTP/1.1 200) 4 headers in 158 bytes (1 switches on core 0) [pid: 8|app: 0|req: 1026/1988] 10.0.0.178 () {34 vars in 1040 bytes} [Wed May 6 19:40:08 2026] GET /v2.0/security-groups?id=b6ce47f5-9eb6-46d3-8ef8-4cd61d75b53a&fields=id&fields=name => generated 114 bytes in 34 msecs (HTTP/1.1 200) 4 headers in 157 bytes (1 switches on core 0)
2026-05-06 19:40:08.515 7 INFO neutron_taas.services.taas.taas_plugin [None req-658b6057-f8a1-40ca-9433-8266b96e16dd 0f9a70bf0aa7426e9a22a32afff53c5e 17bdb969da89466a998bce7dec004f8e - - default default] TaaS: Handle Delete Port: 1abbfa90-981e-4362-9f58-018f8476c675
2026-05-06 19:40:08.518 7 INFO neutron_taas.services.taas.tap_mirror_plugin [None req-658b6057-f8a1-40ca-9433-8266b96e16dd 0f9a70bf0aa7426e9a22a32afff53c5e 17bdb969da89466a998bce7dec004f8e - - default default] Tap Mirror: Handle Delete Port: 1abbfa90-981e-4362-9f58-018f8476c675 [pid: 7|app: 0|req: 963/1989] 10.0.0.199 () {32 vars in 726 bytes} [Wed May 6 19:40:08 2026] DELETE /v2.0/networks/b6761268-d459-4a96-8244-5a42e33f1126 => generated 0 bytes in 345 msecs (HTTP/1.1 204) 3 headers in 131 bytes (1 switches on core 0)
2026-05-06 19:40:08.821 8 INFO neutron.db.ovn_revision_numbers_db [None req-d4d6fcb8-c7f7-422f-a175-535fc926d18b 9b6ef315975d44c1b195ea46ac65eab3 d58dc6e14afb44a6a2e31f11e0c48dbe - - default default] Successfully bumped revision number for resource b70e3939-6a71-4f05-bfee-a544cfe2b34e (type: security_groups) to 1
2026-05-06 19:40:08.831 8 INFO neutron.db.ovn_revision_numbers_db [None req-d4d6fcb8-c7f7-422f-a175-535fc926d18b 9b6ef315975d44c1b195ea46ac65eab3 d58dc6e14afb44a6a2e31f11e0c48dbe - - default default] Successfully bumped revision number for resource 1d979338-a7b8-4382-aa7e-224743638c1b (type: security_group_rules) to 0
2026-05-06 19:40:08.847 8 INFO neutron.db.ovn_revision_numbers_db [None req-d4d6fcb8-c7f7-422f-a175-535fc926d18b 9b6ef315975d44c1b195ea46ac65eab3 d58dc6e14afb44a6a2e31f11e0c48dbe - - default default] Successfully bumped revision number for resource 1f1aef55-5eaa-45c2-894f-eaf054664c10 (type: security_group_rules) to 0
2026-05-06 19:40:08.862 8 INFO neutron.db.ovn_revision_numbers_db [None req-d4d6fcb8-c7f7-422f-a175-535fc926d18b 9b6ef315975d44c1b195ea46ac65eab3 d58dc6e14afb44a6a2e31f11e0c48dbe - - default default] Successfully bumped revision number for resource 5662259f-d7ec-48b5-8a26-14289a21b21e (type: security_group_rules) to 0
2026-05-06 19:40:08.870 7 INFO neutron_taas.services.taas.taas_plugin [None req-254c902f-87c9-461e-b450-4fb246419c41 0f9a70bf0aa7426e9a22a32afff53c5e 17bdb969da89466a998bce7dec004f8e - - default default] TaaS: Handle Delete Port: 07cb44d8-391e-4371-ac98-c3bdc609667b
2026-05-06 19:40:08.872 7 INFO neutron_taas.services.taas.tap_mirror_plugin [None req-254c902f-87c9-461e-b450-4fb246419c41 0f9a70bf0aa7426e9a22a32afff53c5e 17bdb969da89466a998bce7dec004f8e - - default default] Tap Mirror: Handle Delete Port: 07cb44d8-391e-4371-ac98-c3bdc609667b
2026-05-06 19:40:08.874 8 INFO neutron.db.ovn_revision_numbers_db [None req-d4d6fcb8-c7f7-422f-a175-535fc926d18b 9b6ef315975d44c1b195ea46ac65eab3 d58dc6e14afb44a6a2e31f11e0c48dbe - - default default] Successfully bumped revision number for resource 928d14c8-3c27-4799-909b-32cf99a834c3 (type: security_group_rules) to 0
2026-05-06 19:40:08.961 8 INFO neutron.db.segments_db [None req-d4d6fcb8-c7f7-422f-a175-535fc926d18b 9b6ef315975d44c1b195ea46ac65eab3 d58dc6e14afb44a6a2e31f11e0c48dbe - - default default] Added segment c32cd040-8d03-418a-b9de-c2441a744c89 of type geneve for network 78765bf6-fd8c-4bb8-a6af-687e62b889e8 [pid: 7|app: 0|req: 964/1990] 10.0.0.199 () {32 vars in 726 bytes} [Wed May 6 19:40:08 2026] DELETE /v2.0/networks/d08ab9f5-43e2-4528-bade-0bc90edaf316 => generated 0 bytes in 329 msecs (HTTP/1.1 204) 3 headers in 131 bytes (1 switches on core 0)
2026-05-06 19:40:09.085 8 INFO neutron.db.ovn_revision_numbers_db [None req-d4d6fcb8-c7f7-422f-a175-535fc926d18b 9b6ef315975d44c1b195ea46ac65eab3 d58dc6e14afb44a6a2e31f11e0c48dbe - - default default] Successfully bumped revision number for resource 78765bf6-fd8c-4bb8-a6af-687e62b889e8 (type: networks) to 1
2026-05-06 19:40:09.184 7 INFO neutron_taas.services.taas.taas_plugin [None req-a8cb4ebc-3881-4cb1-a3c7-9e22887c543d 0f9a70bf0aa7426e9a22a32afff53c5e 17bdb969da89466a998bce7dec004f8e - - default default] TaaS: Handle Delete Port: 939b46b2-63ce-4819-a568-c045e87b35cc
2026-05-06 19:40:09.186 7 INFO neutron_taas.services.taas.tap_mirror_plugin [None req-a8cb4ebc-3881-4cb1-a3c7-9e22887c543d 0f9a70bf0aa7426e9a22a32afff53c5e 17bdb969da89466a998bce7dec004f8e - - default default] Tap Mirror: Handle Delete Port: 939b46b2-63ce-4819-a568-c045e87b35cc
2026-05-06 19:40:09.262 8 WARNING neutron.scheduler.dhcp_agent_scheduler [None req-d4d6fcb8-c7f7-422f-a175-535fc926d18b 9b6ef315975d44c1b195ea46ac65eab3 d58dc6e14afb44a6a2e31f11e0c48dbe - - default default] No more DHCP agents
2026-05-06 19:40:09.263 8 WARNING neutron.api.rpc.agentnotifiers.dhcp_rpc_agent_api [None req-d4d6fcb8-c7f7-422f-a175-535fc926d18b 9b6ef315975d44c1b195ea46ac65eab3 d58dc6e14afb44a6a2e31f11e0c48dbe - - default default] Unable to schedule network 78765bf6-fd8c-4bb8-a6af-687e62b889e8: no agents available; will retry on subsequent port and subnet creation events.
2026-05-06 19:40:09.352 7 INFO neutron.plugins.ml2.drivers.ovn.mech_driver.mech_driver [None req-dda6fde0-4b23-4ff4-91df-46bce2d57c1e - - - - - -] OVN reports status down for port: 7a71bf0c-c1df-44c7-adb1-17fed252ee6c
2026-05-06 19:40:09.367 8 INFO neutron.db.ovn_revision_numbers_db [None req-d4d6fcb8-c7f7-422f-a175-535fc926d18b 9b6ef315975d44c1b195ea46ac65eab3 d58dc6e14afb44a6a2e31f11e0c48dbe - - default default] Successfully bumped revision number for resource 7a71bf0c-c1df-44c7-adb1-17fed252ee6c (type: ports) to 1 [pid: 8|app: 0|req: 1027/1993] 10.0.0.199 () {34 vars in 671 bytes} [Wed May 6 19:40:08 2026] POST /v2.0/networks => generated 762 bytes in 726 msecs (HTTP/1.1 201) 4 headers in 162 bytes (1 switches on core 0) [pid: 7|app: 0|req: 967/1994] 10.0.0.199 () {32 vars in 726 bytes} [Wed May 6 19:40:09 2026] DELETE /v2.0/networks/c8ff89d5-bd56-4a1b-8016-1c5447cc8ee7 => generated 0 bytes in 385 msecs (HTTP/1.1 204) 3 headers in 131 bytes (1 switches on core 0)
2026-05-06 19:40:09.590 8 WARNING neutron.scheduler.dhcp_agent_scheduler [None req-e5d52289-e9c7-43f8-b649-6fbd99c1e546 9b6ef315975d44c1b195ea46ac65eab3 d58dc6e14afb44a6a2e31f11e0c48dbe - - default default] No more DHCP agents
2026-05-06 19:40:09.592 8 WARNING neutron.api.rpc.agentnotifiers.dhcp_rpc_agent_api [None req-e5d52289-e9c7-43f8-b649-6fbd99c1e546 9b6ef315975d44c1b195ea46ac65eab3 d58dc6e14afb44a6a2e31f11e0c48dbe - - default default] Unable to schedule network 78765bf6-fd8c-4bb8-a6af-687e62b889e8: no agents available; will retry on subsequent port and subnet creation events.
2026-05-06 19:40:10.052 8 INFO neutron.db.ovn_revision_numbers_db [None req-1bf934b8-ea74-4cb2-bb68-47333edfac40 - - - - - -] Successfully bumped revision number for resource 7a71bf0c-c1df-44c7-adb1-17fed252ee6c (type: ports) to 2
2026-05-06 19:40:10.111 8 INFO neutron.db.ovn_revision_numbers_db [None req-1bf934b8-ea74-4cb2-bb68-47333edfac40 - - - - - -] Successfully bumped revision number for resource f1897d87-bdca-40d4-b972-aaa2442d05b2 (type: subnets) to 0 [pid: 8|app: 0|req: 1028/1995] 10.0.0.199 () {34 vars in 669 bytes} [Wed May 6 19:40:09 2026] POST /v2.0/subnets => generated 688 bytes in 742 msecs (HTTP/1.1 201) 4 headers in 162 bytes (1 switches on core 0)
2026-05-06 19:40:10.317 7 INFO neutron.db.ovn_revision_numbers_db [None req-190fc979-3bb0-48f3-858f-1e80d104a95b a87dc9b9f4144c68806868bd194922bf f9dc28109dd446508b4705a969951f0b - - default default] Successfully bumped revision number for resource 18097960-057b-46d1-a0fc-e250a7d85572 (type: security_groups) to 1
2026-05-06 19:40:10.330 7 INFO neutron.db.ovn_revision_numbers_db [None req-190fc979-3bb0-48f3-858f-1e80d104a95b a87dc9b9f4144c68806868bd194922bf f9dc28109dd446508b4705a969951f0b - - default default] Successfully bumped revision number for resource 4f864b6e-85cf-4e67-85bb-8f4a28a6c5fd (type: security_group_rules) to 0
2026-05-06 19:40:10.342 7 INFO neutron.db.ovn_revision_numbers_db [None req-190fc979-3bb0-48f3-858f-1e80d104a95b a87dc9b9f4144c68806868bd194922bf f9dc28109dd446508b4705a969951f0b - - default default] Successfully bumped revision number for resource 68bc8811-4377-4c87-ad16-36ce2e3bf527 (type: security_group_rules) to 0
2026-05-06 19:40:10.362 7 INFO neutron.db.ovn_revision_numbers_db [None req-190fc979-3bb0-48f3-858f-1e80d104a95b a87dc9b9f4144c68806868bd194922bf f9dc28109dd446508b4705a969951f0b - - default default] Successfully bumped revision number for resource 984e5921-159b-4848-ac8c-131f9114c877 (type: security_group_rules) to 0
2026-05-06 19:40:10.364 7 INFO neutron.services.segments.plugin [-] Segment 861a27df-6fb4-4c95-acf3-f0b4893128a7 resource provider aggregate not found
2026-05-06 19:40:10.369 7 INFO neutron.services.segments.plugin [-] Segment 861a27df-6fb4-4c95-acf3-f0b4893128a7 resource provider aggregate not found
2026-05-06 19:40:10.382 7 INFO neutron.db.ovn_revision_numbers_db [None req-190fc979-3bb0-48f3-858f-1e80d104a95b a87dc9b9f4144c68806868bd194922bf f9dc28109dd446508b4705a969951f0b - - default default] Successfully bumped revision number for resource db79fbde-489f-445b-a341-8f013a948369 (type: security_group_rules) to 0
2026-05-06 19:40:10.384 7 INFO neutron.services.segments.plugin [-] Segment 861a27df-6fb4-4c95-acf3-f0b4893128a7 resource provider not found; error: Placement Client Error (4xx): {"errors": [{"status": 404, "title": "Not Found", "detail": "The resource could not be found.\n\n No resource provider with uuid 861a27df-6fb4-4c95-acf3-f0b4893128a7 found for delete ", "request_id": "req-23d9300e-e705-4f9f-b9e3-f316ebb83033"}]}
2026-05-06 19:40:10.387 7 INFO neutron.services.segments.plugin [-] Segment 861a27df-6fb4-4c95-acf3-f0b4893128a7 resource provider not found; error: Placement Client Error (4xx): {"errors": [{"status": 404, "title": "Not Found", "detail": "The resource could not be found.\n\n No resource provider with uuid 861a27df-6fb4-4c95-acf3-f0b4893128a7 found for delete ", "request_id": "req-6ce7750f-160a-4d40-aae2-7136bded43f4"}]}
2026-05-06 19:40:10.405 7 INFO neutron.services.segments.plugin [-] Segment e141b973-4114-45b8-9a9f-0ecdd15d97f3 resource provider aggregate not found
2026-05-06 19:40:10.411 7 INFO neutron.services.segments.plugin [-] Segment e141b973-4114-45b8-9a9f-0ecdd15d97f3 resource provider aggregate not found
2026-05-06 19:40:10.426 7 INFO neutron.services.segments.plugin [-] Segment e141b973-4114-45b8-9a9f-0ecdd15d97f3 resource provider not found; error: Placement Client Error (4xx): {"errors": [{"status": 404, "title": "Not Found", "detail": "The resource could not be found.\n\n No resource provider with uuid e141b973-4114-45b8-9a9f-0ecdd15d97f3 found for delete ", "request_id": "req-0f05079c-2a4f-458d-959b-120abc7eb3a4"}]}
2026-05-06 19:40:10.430 7 INFO neutron.services.segments.plugin [-] Segment e141b973-4114-45b8-9a9f-0ecdd15d97f3 resource provider not found; error: Placement Client Error (4xx): {"errors": [{"status": 404, "title": "Not Found", "detail": "The resource could not be found.\n\n No resource provider with uuid e141b973-4114-45b8-9a9f-0ecdd15d97f3 found for delete ", "request_id": "req-e0bf4706-d437-4164-a667-86adf529e217"}]}
2026-05-06 19:40:10.450 7 INFO neutron.services.segments.plugin [-] Segment d0cf8569-01a0-44e2-aa94-30e96d4ed7ea resource provider aggregate not found
2026-05-06 19:40:10.450 7 INFO neutron.services.segments.plugin [-] Segment d0cf8569-01a0-44e2-aa94-30e96d4ed7ea resource provider aggregate not found
2026-05-06 19:40:10.470 7 INFO neutron.services.segments.plugin [-] Segment d0cf8569-01a0-44e2-aa94-30e96d4ed7ea resource provider not found; error: Placement Client Error (4xx): {"errors": [{"status": 404, "title": "Not Found", "detail": "The resource could not be found.\n\n No resource provider with uuid d0cf8569-01a0-44e2-aa94-30e96d4ed7ea found for delete ", "request_id": "req-776910c5-f85f-49b5-adc7-2d33646515d7"}]}
