2026-05-06 19:41:13.916 7 WARNING neutron.scheduler.dhcp_agent_scheduler [None req-00a3b797-85bc-4329-bd8a-a4f22dee4eae c9e05de38756458a816cc44b1c5bae27 447df443bda344469e9459b7b14eb900 - - default default] No more DHCP agents
2026-05-06 19:41:13.918 7 WARNING neutron.api.rpc.agentnotifiers.dhcp_rpc_agent_api [None req-00a3b797-85bc-4329-bd8a-a4f22dee4eae c9e05de38756458a816cc44b1c5bae27 447df443bda344469e9459b7b14eb900 - - default default] Unable to schedule network 3916360d-6f22-4226-8d19-49b53b2d70de: no agents available; will retry on subsequent port and subnet creation events.
2026-05-06 19:41:14.034 8 WARNING neutron.scheduler.dhcp_agent_scheduler [None req-629b6dbe-cf82-4f79-a29a-cd3e95a14c8b - - - - - -] No more DHCP agents
2026-05-06 19:41:14.035 8 WARNING neutron.api.rpc.agentnotifiers.dhcp_rpc_agent_api [None req-629b6dbe-cf82-4f79-a29a-cd3e95a14c8b - - - - - -] Unable to schedule network 4f55e61a-43c3-4b92-a946-649e8abfa739: no agents available; will retry on subsequent port and subnet creation events.
2026-05-06 19:41:14.162 8 INFO neutron.db.ovn_revision_numbers_db [None req-629b6dbe-cf82-4f79-a29a-cd3e95a14c8b - - - - - -] Successfully bumped revision number for resource 9bb4e19b-5256-4bf3-abb3-b8ca4d1b5a80 (type: ports) to 1
2026-05-06 19:41:14.384 7 INFO neutron.db.ovn_revision_numbers_db [None req-e4d4f61d-101b-4929-a876-c26830b62b08 - - - - - -] Successfully bumped revision number for resource dfaa9c43-9672-4b73-9228-f8392d256fbd (type: ports) to 2
2026-05-06 19:41:14.400 8 INFO neutron.db.ovn_revision_numbers_db [None req-629b6dbe-cf82-4f79-a29a-cd3e95a14c8b - - - - - -] Successfully bumped revision number for resource 9bb4e19b-5256-4bf3-abb3-b8ca4d1b5a80 (type: ports) to 3
2026-05-06 19:41:14.416 7 INFO neutron.db.ovn_revision_numbers_db [None req-e4d4f61d-101b-4929-a876-c26830b62b08 - - - - - -] Successfully bumped revision number for resource 97d8f1c3-1399-4545-bfea-a8fcedabea2f (type: subnets) to 0 [pid: 7|app: 0|req: 1250/2531] 10.0.0.199 () {34 vars in 669 bytes} [Wed May 6 19:41:13 2026] POST /v2.0/subnets => generated 658 bytes in 746 msecs (HTTP/1.1 201) 4 headers in 162 bytes (1 switches on core 0)
2026-05-06 19:41:14.450 8 INFO neutron.db.segments_db [None req-629b6dbe-cf82-4f79-a29a-cd3e95a14c8b - - - - - -] Added segment 03467efd-53c8-4d1b-8482-065ac8845680 of type geneve for network ff9a2b5a-471f-4249-9b4b-73a9c9a9e648
2026-05-06 19:41:14.531 7 INFO neutron.db.segments_db [None req-2464c9b4-99ad-48a4-821f-ba248115caf3 e47a345c595c43dbb21951e4d8e83311 1979c9899c7c47d0b93eb7119f20ca0a - - default default] Added segment 13272389-fb01-416d-b878-e7d10443ab97 of type geneve for network 2efaa419-7d78-4f4d-af4a-edabca89d0ea
2026-05-06 19:41:14.552 8 INFO neutron.db.ovn_revision_numbers_db [None req-09bad8be-6ba9-4ba8-9c28-3ca95a9fa9a4 - - - - - -] Successfully bumped revision number for resource ff9a2b5a-471f-4249-9b4b-73a9c9a9e648 (type: networks) to 1
2026-05-06 19:41:14.668 7 INFO neutron.db.ovn_revision_numbers_db [None req-2464c9b4-99ad-48a4-821f-ba248115caf3 e47a345c595c43dbb21951e4d8e83311 1979c9899c7c47d0b93eb7119f20ca0a - - default default] Successfully bumped revision number for resource 2efaa419-7d78-4f4d-af4a-edabca89d0ea (type: networks) to 1
2026-05-06 19:41:14.747 8 WARNING neutron.scheduler.dhcp_agent_scheduler [None req-09bad8be-6ba9-4ba8-9c28-3ca95a9fa9a4 - - - - - -] No more DHCP agents
2026-05-06 19:41:14.749 8 WARNING neutron.api.rpc.agentnotifiers.dhcp_rpc_agent_api [None req-09bad8be-6ba9-4ba8-9c28-3ca95a9fa9a4 - - - - - -] Unable to schedule network ff9a2b5a-471f-4249-9b4b-73a9c9a9e648: no agents available; will retry on subsequent port and subnet creation events.
2026-05-06 19:41:14.865 8 INFO neutron.db.ovn_revision_numbers_db [None req-09bad8be-6ba9-4ba8-9c28-3ca95a9fa9a4 - - - - - -] Successfully bumped revision number for resource 375cc511-7d14-4544-9f30-7ebbfcb9c508 (type: ports) to 1
2026-05-06 19:41:14.911 7 WARNING neutron.scheduler.dhcp_agent_scheduler [None req-2464c9b4-99ad-48a4-821f-ba248115caf3 e47a345c595c43dbb21951e4d8e83311 1979c9899c7c47d0b93eb7119f20ca0a - - default default] No more DHCP agents
2026-05-06 19:41:14.917 7 WARNING neutron.api.rpc.agentnotifiers.dhcp_rpc_agent_api [None req-2464c9b4-99ad-48a4-821f-ba248115caf3 e47a345c595c43dbb21951e4d8e83311 1979c9899c7c47d0b93eb7119f20ca0a - - default default] Unable to schedule network 2efaa419-7d78-4f4d-af4a-edabca89d0ea: no agents available; will retry on subsequent port and subnet creation events.
2026-05-06 19:41:15.001 7 INFO neutron.db.ovn_revision_numbers_db [None req-2464c9b4-99ad-48a4-821f-ba248115caf3 e47a345c595c43dbb21951e4d8e83311 1979c9899c7c47d0b93eb7119f20ca0a - - default default] Successfully bumped revision number for resource 39bb4f17-abe4-40f9-bd9b-f3885f5ff0a0 (type: ports) to 1 [pid: 7|app: 0|req: 1251/2532] 10.0.0.199 () {34 vars in 670 bytes} [Wed May 6 19:41:14 2026] POST /v2.0/networks => generated 651 bytes in 610 msecs (HTTP/1.1 201) 4 headers in 162 bytes (1 switches on core 0)
2026-05-06 19:41:15.064 8 WARNING neutron.scheduler.dhcp_agent_scheduler [None req-09bad8be-6ba9-4ba8-9c28-3ca95a9fa9a4 - - - - - -] No more DHCP agents
2026-05-06 19:41:15.065 8 WARNING neutron.api.rpc.agentnotifiers.dhcp_rpc_agent_api [None req-09bad8be-6ba9-4ba8-9c28-3ca95a9fa9a4 - - - - - -] Unable to schedule network ff9a2b5a-471f-4249-9b4b-73a9c9a9e648: no agents available; will retry on subsequent port and subnet creation events.
2026-05-06 19:41:15.095 8 INFO neutron.db.ovn_revision_numbers_db [None req-09bad8be-6ba9-4ba8-9c28-3ca95a9fa9a4 - - - - - -] Successfully bumped revision number for resource 79e53d21-7c36-4ecc-b8d2-43d2f687345f (type: subnets) to 0 [pid: 7|app: 0|req: 1252/2533] 10.0.0.199 () {32 vars in 722 bytes} [Wed May 6 19:41:15 2026] GET /v2.0/subnetpools?name=shared-default-subnetpool-v6 => generated 19 bytes in 64 msecs (HTTP/1.1 200) 4 headers in 156 bytes (1 switches on core 0)
2026-05-06 19:41:15.384 7 WARNING neutron.scheduler.dhcp_agent_scheduler [None req-44613e79-5656-43ff-88e7-35d0c1285e69 e47a345c595c43dbb21951e4d8e83311 1979c9899c7c47d0b93eb7119f20ca0a - - default default] No more DHCP agents
2026-05-06 19:41:15.386 7 WARNING neutron.api.rpc.agentnotifiers.dhcp_rpc_agent_api [None req-44613e79-5656-43ff-88e7-35d0c1285e69 e47a345c595c43dbb21951e4d8e83311 1979c9899c7c47d0b93eb7119f20ca0a - - default default] Unable to schedule network 2efaa419-7d78-4f4d-af4a-edabca89d0ea: no agents available; will retry on subsequent port and subnet creation events.
2026-05-06 19:41:15.466 7 INFO neutron.db.ovn_revision_numbers_db [None req-44613e79-5656-43ff-88e7-35d0c1285e69 e47a345c595c43dbb21951e4d8e83311 1979c9899c7c47d0b93eb7119f20ca0a - - default default] Successfully bumped revision number for resource 408b9622-7493-4e53-9846-f65dca35b682 (type: ports) to 1
2026-05-06 19:41:15.505 8 WARNING neutron.scheduler.dhcp_agent_scheduler [None req-09bad8be-6ba9-4ba8-9c28-3ca95a9fa9a4 - - - - - -] No more DHCP agents
2026-05-06 19:41:15.507 8 WARNING neutron.api.rpc.agentnotifiers.dhcp_rpc_agent_api [None req-09bad8be-6ba9-4ba8-9c28-3ca95a9fa9a4 - - - - - -] Unable to schedule network ff9a2b5a-471f-4249-9b4b-73a9c9a9e648: no agents available; will retry on subsequent port and subnet creation events. [pid: 7|app: 0|req: 1253/2534] 10.0.0.199 () {34 vars in 664 bytes} [Wed May 6 19:41:15 2026] POST /v2.0/ports => generated 743 bytes in 401 msecs (HTTP/1.1 201) 4 headers in 162 bytes (1 switches on core 0) /var/lib/openstack/lib/python3.12/site-packages/pycadf/identifier.py:70: UserWarning: Invalid uuid: neutron. To ensure interoperability, identifiers should be a valid uuid. warnings.warn(('Invalid uuid: %s. To ensure interoperability, '
2026-05-06 19:41:15.648 8 INFO neutron.db.ovn_revision_numbers_db [None req-09bad8be-6ba9-4ba8-9c28-3ca95a9fa9a4 - - - - - -] Successfully bumped revision number for resource d458253c-ad04-4aea-ac70-0bdd1ce54ccd (type: ports) to 1
2026-05-06 19:41:15.717 7 WARNING neutron.scheduler.dhcp_agent_scheduler [None req-cb986669-283a-4eee-8468-bdb057c43c05 c9e05de38756458a816cc44b1c5bae27 447df443bda344469e9459b7b14eb900 - - default default] No more DHCP agents
2026-05-06 19:41:15.718 7 WARNING neutron.api.rpc.agentnotifiers.dhcp_rpc_agent_api [None req-cb986669-283a-4eee-8468-bdb057c43c05 c9e05de38756458a816cc44b1c5bae27 447df443bda344469e9459b7b14eb900 - - default default] Unable to schedule network 3916360d-6f22-4226-8d19-49b53b2d70de: no agents available; will retry on subsequent port and subnet creation events.
2026-05-06 19:41:15.757 7 INFO neutron.db.ovn_revision_numbers_db [None req-cb986669-283a-4eee-8468-bdb057c43c05 c9e05de38756458a816cc44b1c5bae27 447df443bda344469e9459b7b14eb900 - - default default] Successfully bumped revision number for resource 12d8bb64-843b-45db-956f-877e37c70e8c (type: subnets) to 0 [pid: 7|app: 0|req: 1254/2535] 10.0.0.199 () {34 vars in 669 bytes} [Wed May 6 19:41:15 2026] POST /v2.0/subnets => generated 732 bytes in 269 msecs (HTTP/1.1 201) 4 headers in 162 bytes (1 switches on core 0)
2026-05-06 19:41:15.869 7 INFO neutron.db.segments_db [None req-205e5f67-a162-42ae-83e0-804f6e721134 e47a345c595c43dbb21951e4d8e83311 1979c9899c7c47d0b93eb7119f20ca0a - - default default] Added segment 84852f5c-86f2-4664-98ac-feb9350abe51 of type geneve for network 077d0390-daea-449b-afbc-b69ee30a3876
2026-05-06 19:41:15.979 7 INFO neutron.db.ovn_revision_numbers_db [None req-205e5f67-a162-42ae-83e0-804f6e721134 e47a345c595c43dbb21951e4d8e83311 1979c9899c7c47d0b93eb7119f20ca0a - - default default] Successfully bumped revision number for resource 077d0390-daea-449b-afbc-b69ee30a3876 (type: networks) to 1
2026-05-06 19:41:16.109 8 WARNING neutron.plugins.ml2.drivers.ovn.mech_driver.ovsdb.ovn_client [None req-89eb5db3-e10f-4a33-8ef8-3d9cc623bde0 - - - - - -] No hosting information found for port 77432021-141e-4061-a361-1da63d13ab23: RuntimeError: No hosting information found for port 77432021-141e-4061-a361-1da63d13ab23
2026-05-06 19:41:16.109 8 INFO neutron.plugins.ml2.drivers.ovn.mech_driver.mech_driver [None req-89eb5db3-e10f-4a33-8ef8-3d9cc623bde0 - - - - - -] OVN reports status down for port: 41573ebf-6ea8-43a3-9f9f-270c3d5f7eae
2026-05-06 19:41:16.169 7 WARNING neutron.scheduler.dhcp_agent_scheduler [None req-205e5f67-a162-42ae-83e0-804f6e721134 e47a345c595c43dbb21951e4d8e83311 1979c9899c7c47d0b93eb7119f20ca0a - - default default] No more DHCP agents
2026-05-06 19:41:16.171 7 WARNING neutron.api.rpc.agentnotifiers.dhcp_rpc_agent_api [None req-205e5f67-a162-42ae-83e0-804f6e721134 e47a345c595c43dbb21951e4d8e83311 1979c9899c7c47d0b93eb7119f20ca0a - - default default] Unable to schedule network 077d0390-daea-449b-afbc-b69ee30a3876: no agents available; will retry on subsequent port and subnet creation events.
2026-05-06 19:41:16.199 8 INFO neutron.plugins.ml2.drivers.ovn.mech_driver.mech_driver [None req-89eb5db3-e10f-4a33-8ef8-3d9cc623bde0 - - - - - -] OVN reports status down for port: 72234d46-0858-4481-be4a-6b4662c5c43e
2026-05-06 19:41:16.260 7 INFO neutron.db.ovn_revision_numbers_db [None req-205e5f67-a162-42ae-83e0-804f6e721134 e47a345c595c43dbb21951e4d8e83311 1979c9899c7c47d0b93eb7119f20ca0a - - default default] Successfully bumped revision number for resource c4dc12ec-762a-4fd2-a25b-f196dcbd0177 (type: ports) to 1 [pid: 7|app: 0|req: 1255/2536] 10.0.0.199 () {34 vars in 670 bytes} [Wed May 6 19:41:15 2026] POST /v2.0/networks => generated 651 bytes in 500 msecs (HTTP/1.1 201) 4 headers in 162 bytes (1 switches on core 0)
2026-05-06 19:41:16.348 8 INFO neutron.plugins.ml2.drivers.ovn.mech_driver.mech_driver [None req-89eb5db3-e10f-4a33-8ef8-3d9cc623bde0 - - - - - -] OVN reports status down for port: 9bb4e19b-5256-4bf3-abb3-b8ca4d1b5a80
2026-05-06 19:41:16.372 7 INFO neutron.db.segments_db [None req-ec553816-ff2c-4f4d-8cb7-57537c45654a c9e05de38756458a816cc44b1c5bae27 447df443bda344469e9459b7b14eb900 - - default default] Added segment a303a950-01c6-4377-830d-7347e382e062 of type geneve for network 5c036b9d-4689-468b-a5a8-ec7bb13c6f12
2026-05-06 19:41:16.499 8 INFO neutron.plugins.ml2.drivers.ovn.mech_driver.mech_driver [None req-89eb5db3-e10f-4a33-8ef8-3d9cc623bde0 - - - - - -] OVN reports status down for port: 375cc511-7d14-4544-9f30-7ebbfcb9c508
2026-05-06 19:41:16.505 7 INFO neutron.db.ovn_revision_numbers_db [None req-ec553816-ff2c-4f4d-8cb7-57537c45654a c9e05de38756458a816cc44b1c5bae27 447df443bda344469e9459b7b14eb900 - - default default] Successfully bumped revision number for resource 5c036b9d-4689-468b-a5a8-ec7bb13c6f12 (type: networks) to 1
2026-05-06 19:41:16.581 8 WARNING neutron.scheduler.dhcp_agent_scheduler [None req-09bad8be-6ba9-4ba8-9c28-3ca95a9fa9a4 - - - - - -] No more DHCP agents
2026-05-06 19:41:16.584 8 WARNING neutron.api.rpc.agentnotifiers.dhcp_rpc_agent_api [None req-09bad8be-6ba9-4ba8-9c28-3ca95a9fa9a4 - - - - - -] Unable to schedule network ff9a2b5a-471f-4249-9b4b-73a9c9a9e648: no agents available; will retry on subsequent port and subnet creation events.
2026-05-06 19:41:16.617 8 INFO neutron.plugins.ml2.drivers.ovn.mech_driver.mech_driver [None req-89eb5db3-e10f-4a33-8ef8-3d9cc623bde0 - - - - - -] OVN reports status down for port: 39bb4f17-abe4-40f9-bd9b-f3885f5ff0a0
2026-05-06 19:41:16.675 7 WARNING neutron.scheduler.dhcp_agent_scheduler [None req-ec553816-ff2c-4f4d-8cb7-57537c45654a c9e05de38756458a816cc44b1c5bae27 447df443bda344469e9459b7b14eb900 - - default default] No more DHCP agents
2026-05-06 19:41:16.677 7 WARNING neutron.api.rpc.agentnotifiers.dhcp_rpc_agent_api [None req-ec553816-ff2c-4f4d-8cb7-57537c45654a c9e05de38756458a816cc44b1c5bae27 447df443bda344469e9459b7b14eb900 - - default default] Unable to schedule network 5c036b9d-4689-468b-a5a8-ec7bb13c6f12: no agents available; will retry on subsequent port and subnet creation events.
2026-05-06 19:41:16.764 8 INFO neutron.plugins.ml2.drivers.ovn.mech_driver.mech_driver [None req-89eb5db3-e10f-4a33-8ef8-3d9cc623bde0 - - - - - -] OVN reports status down for port: 408b9622-7493-4e53-9846-f65dca35b682
2026-05-06 19:41:16.766 7 INFO neutron.db.ovn_revision_numbers_db [None req-ec553816-ff2c-4f4d-8cb7-57537c45654a c9e05de38756458a816cc44b1c5bae27 447df443bda344469e9459b7b14eb900 - - default default] Successfully bumped revision number for resource a247db38-f045-4b28-827f-b023aa09edf7 (type: ports) to 1 [pid: 7|app: 0|req: 1256/2537] 10.0.0.199 () {34 vars in 670 bytes} [Wed May 6 19:41:16 2026] POST /v2.0/networks => generated 656 bytes in 508 msecs (HTTP/1.1 201) 4 headers in 162 bytes (1 switches on core 0)
2026-05-06 19:41:16.968 7 WARNING neutron.scheduler.dhcp_agent_scheduler [None req-aa65bba8-6a64-4eaa-b4d5-386620acc3fb e47a345c595c43dbb21951e4d8e83311 1979c9899c7c47d0b93eb7119f20ca0a - - default default] No more DHCP agents
2026-05-06 19:41:16.969 7 WARNING neutron.api.rpc.agentnotifiers.dhcp_rpc_agent_api [None req-aa65bba8-6a64-4eaa-b4d5-386620acc3fb e47a345c595c43dbb21951e4d8e83311 1979c9899c7c47d0b93eb7119f20ca0a - - default default] Unable to schedule network 077d0390-daea-449b-afbc-b69ee30a3876: no agents available; will retry on subsequent port and subnet creation events.
2026-05-06 19:41:17.044 7 INFO neutron.db.ovn_revision_numbers_db [None req-aa65bba8-6a64-4eaa-b4d5-386620acc3fb e47a345c595c43dbb21951e4d8e83311 1979c9899c7c47d0b93eb7119f20ca0a - - default default] Successfully bumped revision number for resource 2dd1ed7c-df84-497d-9c22-fa3c0008e67f (type: ports) to 1 [pid: 7|app: 0|req: 1257/2538] 10.0.0.199 () {34 vars in 664 bytes} [Wed May 6 19:41:16 2026] POST /v2.0/ports => generated 743 bytes in 292 msecs (HTTP/1.1 201) 4 headers in 162 bytes (1 switches on core 0) /var/lib/openstack/lib/python3.12/site-packages/pycadf/identifier.py:70: UserWarning: Invalid uuid: neutron. To ensure interoperability, identifiers should be a valid uuid. warnings.warn(('Invalid uuid: %s. To ensure interoperability, '
2026-05-06 19:41:17.189 8 INFO neutron.db.ovn_revision_numbers_db [None req-09bad8be-6ba9-4ba8-9c28-3ca95a9fa9a4 - - - - - -] Successfully bumped revision number for resource d458253c-ad04-4aea-ac70-0bdd1ce54ccd (type: router_ports) to 1
2026-05-06 19:41:17.300 7 WARNING neutron.scheduler.dhcp_agent_scheduler [None req-8b134689-b91c-4708-8dcb-49bfdce2979f c9e05de38756458a816cc44b1c5bae27 447df443bda344469e9459b7b14eb900 - - default default] No more DHCP agents
2026-05-06 19:41:17.301 7 WARNING neutron.api.rpc.agentnotifiers.dhcp_rpc_agent_api [None req-8b134689-b91c-4708-8dcb-49bfdce2979f c9e05de38756458a816cc44b1c5bae27 447df443bda344469e9459b7b14eb900 - - default default] Unable to schedule network 5c036b9d-4689-468b-a5a8-ec7bb13c6f12: no agents available; will retry on subsequent port and subnet creation events.
2026-05-06 19:41:17.402 8 WARNING neutron.scheduler.dhcp_agent_scheduler [None req-09bad8be-6ba9-4ba8-9c28-3ca95a9fa9a4 - - - - - -] No more DHCP agents
2026-05-06 19:41:17.403 8 WARNING neutron.api.rpc.agentnotifiers.dhcp_rpc_agent_api [None req-09bad8be-6ba9-4ba8-9c28-3ca95a9fa9a4 - - - - - -] Unable to schedule network ff9a2b5a-471f-4249-9b4b-73a9c9a9e648: no agents available; will retry on subsequent port and subnet creation events.
2026-05-06 19:41:17.523 8 INFO neutron.plugins.ml2.drivers.ovn.mech_driver.mech_driver [None req-89eb5db3-e10f-4a33-8ef8-3d9cc623bde0 - - - - - -] OVN reports status down for port: ea79241f-7cc3-4047-b054-82deee3512d7
2026-05-06 19:41:17.582 8 INFO neutron.db.ovn_revision_numbers_db [None req-09bad8be-6ba9-4ba8-9c28-3ca95a9fa9a4 - - - - - -] Successfully bumped revision number for resource ea79241f-7cc3-4047-b054-82deee3512d7 (type: ports) to 1
2026-05-06 19:41:17.744 7 INFO neutron.db.ovn_revision_numbers_db [None req-093c3301-4fe7-48d9-aa08-0157df1b4477 - - - - - -] Successfully bumped revision number for resource a247db38-f045-4b28-827f-b023aa09edf7 (type: ports) to 2
2026-05-06 19:41:17.772 7 INFO neutron.db.ovn_revision_numbers_db [None req-093c3301-4fe7-48d9-aa08-0157df1b4477 - - - - - -] Successfully bumped revision number for resource b51ceddc-7682-4800-ad7c-310268d702b2 (type: subnets) to 0 [pid: 7|app: 0|req: 1258/2539] 10.0.0.199 () {34 vars in 669 bytes} [Wed May 6 19:41:17 2026] POST /v2.0/subnets => generated 656 bytes in 704 msecs (HTTP/1.1 201) 4 headers in 162 bytes (1 switches on core 0)
2026-05-06 19:41:17.863 8 INFO neutron.db.ovn_revision_numbers_db [None req-09bad8be-6ba9-4ba8-9c28-3ca95a9fa9a4 - - - - - -] Successfully bumped revision number for resource ea79241f-7cc3-4047-b054-82deee3512d7 (type: ports) to 3
2026-05-06 19:41:17.893 7 INFO neutron.db.segments_db [None req-53632dbc-c61e-477c-89d4-e49e2be37664 e47a345c595c43dbb21951e4d8e83311 1979c9899c7c47d0b93eb7119f20ca0a - - default default] Added segment 9ac4ef8a-e29e-44cf-b072-fae62d5ce84e of type geneve for network 650cf70c-0f6d-41dd-8c49-a1612468276b
2026-05-06 19:41:18.018 7 INFO neutron.db.ovn_revision_numbers_db [None req-53632dbc-c61e-477c-89d4-e49e2be37664 e47a345c595c43dbb21951e4d8e83311 1979c9899c7c47d0b93eb7119f20ca0a - - default default] Successfully bumped revision number for resource 650cf70c-0f6d-41dd-8c49-a1612468276b (type: networks) to 1 [pid: 8|app: 0|req: 1282/2540] 10.0.0.199 () {34 vars in 685 bytes} [Wed May 6 19:41:13 2026] POST /v2.0/vpn/vpnservices => generated 459 bytes in 4568 msecs (HTTP/1.1 201) 4 headers in 162 bytes (1 switches on core 0)
2026-05-06 19:41:18.184 7 WARNING neutron.scheduler.dhcp_agent_scheduler [None req-53632dbc-c61e-477c-89d4-e49e2be37664 e47a345c595c43dbb21951e4d8e83311 1979c9899c7c47d0b93eb7119f20ca0a - - default default] No more DHCP agents
2026-05-06 19:41:18.185 7 WARNING neutron.api.rpc.agentnotifiers.dhcp_rpc_agent_api [None req-53632dbc-c61e-477c-89d4-e49e2be37664 e47a345c595c43dbb21951e4d8e83311 1979c9899c7c47d0b93eb7119f20ca0a - - default default] Unable to schedule network 650cf70c-0f6d-41dd-8c49-a1612468276b: no agents available; will retry on subsequent port and subnet creation events.
2026-05-06 19:41:18.267 8 INFO neutron.plugins.ml2.drivers.ovn.mech_driver.mech_driver [None req-89eb5db3-e10f-4a33-8ef8-3d9cc623bde0 - - - - - -] OVN reports status down for port: 0b2b81a6-b10c-4d09-a861-a0069d7c3df1
2026-05-06 19:41:18.270 7 INFO neutron.db.ovn_revision_numbers_db [None req-53632dbc-c61e-477c-89d4-e49e2be37664 e47a345c595c43dbb21951e4d8e83311 1979c9899c7c47d0b93eb7119f20ca0a - - default default] Successfully bumped revision number for resource 0b2b81a6-b10c-4d09-a861-a0069d7c3df1 (type: ports) to 1
2026-05-06 19:41:18.293 8 WARNING neutron.scheduler.dhcp_agent_scheduler [None req-35003feb-a0c7-4463-add6-183d49393e71 c9e05de38756458a816cc44b1c5bae27 447df443bda344469e9459b7b14eb900 - - default default] No more DHCP agents
2026-05-06 19:41:18.296 8 WARNING neutron.api.rpc.agentnotifiers.dhcp_rpc_agent_api [None req-35003feb-a0c7-4463-add6-183d49393e71 c9e05de38756458a816cc44b1c5bae27 447df443bda344469e9459b7b14eb900 - - default default] Unable to schedule network 5c036b9d-4689-468b-a5a8-ec7bb13c6f12: no agents available; will retry on subsequent port and subnet creation events. [pid: 7|app: 0|req: 1259/2541] 10.0.0.199 () {34 vars in 670 bytes} [Wed May 6 19:41:17 2026] POST /v2.0/networks => generated 651 bytes in 506 msecs (HTTP/1.1 201) 4 headers in 162 bytes (1 switches on core 0) [pid: 7|app: 0|req: 1260/2542] 10.0.0.199 () {32 vars in 663 bytes} [Wed May 6 19:41:18 2026] GET /v2.0/vpn/vpnservices => generated 1308 bytes in 15 msecs (HTTP/1.1 200) 4 headers in 158 bytes (1 switches on core 0)
2026-05-06 19:41:18.353 8 INFO neutron.db.ovn_revision_numbers_db [None req-35003feb-a0c7-4463-add6-183d49393e71 c9e05de38756458a816cc44b1c5bae27 447df443bda344469e9459b7b14eb900 - - default default] Successfully bumped revision number for resource 4417f4be-b1ee-4aef-8645-72530e254d30 (type: subnets) to 0 [pid: 8|app: 0|req: 1283/2543] 10.0.0.199 () {34 vars in 669 bytes} [Wed May 6 19:41:18 2026] POST /v2.0/subnets => generated 725 bytes in 325 msecs (HTTP/1.1 201) 4 headers in 162 bytes (1 switches on core 0)
2026-05-06 19:41:18.384 7 WARNING neutron.plugins.ml2.drivers.ovn.mech_driver.ovsdb.ovn_client [None req-45aae70f-3539-42ad-96bb-524fc588aeba - - - - - -] No hosting information found for port 5561ab68-bf98-45eb-91e8-d2c00777f1da: RuntimeError: No hosting information found for port 5561ab68-bf98-45eb-91e8-d2c00777f1da
2026-05-06 19:41:18.612 8 INFO neutron_taas.services.taas.taas_plugin [None req-b002c58a-202f-476f-9955-75b87931cf3c 3ddd9081b54847029e5d6021c86214a1 d6021614183b4c68a7523f572b354d25 - - default default] TaaS: Handle Delete Port: 9bb4e19b-5256-4bf3-abb3-b8ca4d1b5a80
2026-05-06 19:41:18.614 8 INFO neutron_taas.services.taas.tap_mirror_plugin [None req-b002c58a-202f-476f-9955-75b87931cf3c 3ddd9081b54847029e5d6021c86214a1 d6021614183b4c68a7523f572b354d25 - - default default] Tap Mirror: Handle Delete Port: 9bb4e19b-5256-4bf3-abb3-b8ca4d1b5a80
2026-05-06 19:41:18.633 7 INFO neutron.db.ovn_revision_numbers_db [None req-45aae70f-3539-42ad-96bb-524fc588aeba - - - - - -] Successfully bumped revision number for resource 5561ab68-bf98-45eb-91e8-d2c00777f1da (type: router_ports) to 2
2026-05-06 19:41:18.707 7 INFO neutron.plugins.ml2.drivers.ovn.mech_driver.mech_driver [None req-45aae70f-3539-42ad-96bb-524fc588aeba - - - - - -] OVN reports status down for port: dfaa9c43-9672-4b73-9228-f8392d256fbd
2026-05-06 19:41:18.724 7 WARNING neutron.scheduler.dhcp_agent_scheduler [None req-3ac2aeb6-0e8e-41e2-9ea4-c96d1d1e64ce e47a345c595c43dbb21951e4d8e83311 1979c9899c7c47d0b93eb7119f20ca0a - - default default] No more DHCP agents
2026-05-06 19:41:18.728 7 WARNING neutron.api.rpc.agentnotifiers.dhcp_rpc_agent_api [None req-3ac2aeb6-0e8e-41e2-9ea4-c96d1d1e64ce e47a345c595c43dbb21951e4d8e83311 1979c9899c7c47d0b93eb7119f20ca0a - - default default] Unable to schedule network 650cf70c-0f6d-41dd-8c49-a1612468276b: no agents available; will retry on subsequent port and subnet creation events.
2026-05-06 19:41:18.840 7 INFO neutron.plugins.ml2.drivers.ovn.mech_driver.mech_driver [None req-45aae70f-3539-42ad-96bb-524fc588aeba - - - - - -] OVN reports status down for port: d458253c-ad04-4aea-ac70-0bdd1ce54ccd
2026-05-06 19:41:18.851 8 INFO neutron.plugins.ml2.drivers.ovn.mech_driver.mech_driver [None req-89eb5db3-e10f-4a33-8ef8-3d9cc623bde0 - - - - - -] OVN reports status down for port: 49b64f8a-5a8a-4a39-a367-341e1fc8d136
2026-05-06 19:41:18.895 7 INFO neutron.db.ovn_revision_numbers_db [None req-3ac2aeb6-0e8e-41e2-9ea4-c96d1d1e64ce e47a345c595c43dbb21951e4d8e83311 1979c9899c7c47d0b93eb7119f20ca0a - - default default] Successfully bumped revision number for resource 49b64f8a-5a8a-4a39-a367-341e1fc8d136 (type: ports) to 1
2026-05-06 19:41:18.927 8 INFO neutron_taas.services.taas.taas_plugin [None req-79f32016-316f-4217-ad4d-7dff6bc322c1 - - - - - -] TaaS: Handle Delete Port: ea79241f-7cc3-4047-b054-82deee3512d7
2026-05-06 19:41:18.933 8 INFO neutron_taas.services.taas.tap_mirror_plugin [None req-79f32016-316f-4217-ad4d-7dff6bc322c1 - - - - - -] Tap Mirror: Handle Delete Port: ea79241f-7cc3-4047-b054-82deee3512d7
2026-05-06 19:41:18.964 7 WARNING neutron.plugins.ml2.drivers.ovn.mech_driver.ovsdb.ovn_client [None req-45aae70f-3539-42ad-96bb-524fc588aeba - - - - - -] Logical_Switch_Port %s host information not removed, the port state is up
2026-05-06 19:41:18.964 7 INFO neutron.plugins.ml2.drivers.ovn.mech_driver.mech_driver [None req-45aae70f-3539-42ad-96bb-524fc588aeba - - - - - -] OVN reports status down for port: c4dc12ec-762a-4fd2-a25b-f196dcbd0177 [pid: 7|app: 0|req: 1261/2544] 10.0.0.199 () {34 vars in 664 bytes} [Wed May 6 19:41:18 2026] POST /v2.0/ports => generated 743 bytes in 678 msecs (HTTP/1.1 201) 4 headers in 162 bytes (1 switches on core 0) /var/lib/openstack/lib/python3.12/site-packages/pycadf/identifier.py:70: UserWarning: Invalid uuid: neutron. To ensure interoperability, identifiers should be a valid uuid. warnings.warn(('Invalid uuid: %s. To ensure interoperability, '
2026-05-06 19:41:19.057 7 INFO neutron.plugins.ml2.drivers.ovn.mech_driver.mech_driver [None req-45aae70f-3539-42ad-96bb-524fc588aeba - - - - - -] OVN reports status up for port: d458253c-ad04-4aea-ac70-0bdd1ce54ccd
2026-05-06 19:41:19.080 7 INFO neutron.plugins.ml2.plugin [None req-45aae70f-3539-42ad-96bb-524fc588aeba - - - - - -] Attempt 1 to provision port d458253c-ad04-4aea-ac70-0bdd1ce54ccd
2026-05-06 19:41:19.121 7 INFO neutron.db.segments_db [None req-7a89af95-8b00-4416-b6d2-3e6146cb880c c9e05de38756458a816cc44b1c5bae27 447df443bda344469e9459b7b14eb900 - - default default] Added segment f267524f-641e-41d6-9b76-6749abcfa417 of type geneve for network 6eccbb2e-fcbd-4731-937d-72af4f328362
2026-05-06 19:41:19.323 7 INFO neutron.db.ovn_revision_numbers_db [None req-7a89af95-8b00-4416-b6d2-3e6146cb880c c9e05de38756458a816cc44b1c5bae27 447df443bda344469e9459b7b14eb900 - - default default] Successfully bumped revision number for resource 6eccbb2e-fcbd-4731-937d-72af4f328362 (type: networks) to 1
2026-05-06 19:41:19.398 8 INFO neutron_taas.services.taas.taas_plugin [None req-58aee7f1-0a44-4429-bd52-bb274562bdf3 - - - - - -] TaaS: Handle Delete Port: d458253c-ad04-4aea-ac70-0bdd1ce54ccd
2026-05-06 19:41:19.402 8 INFO neutron_taas.services.taas.tap_mirror_plugin [None req-58aee7f1-0a44-4429-bd52-bb274562bdf3 - - - - - -] Tap Mirror: Handle Delete Port: d458253c-ad04-4aea-ac70-0bdd1ce54ccd
2026-05-06 19:41:19.593 7 WARNING neutron.scheduler.dhcp_agent_scheduler [None req-7a89af95-8b00-4416-b6d2-3e6146cb880c c9e05de38756458a816cc44b1c5bae27 447df443bda344469e9459b7b14eb900 - - default default] No more DHCP agents
2026-05-06 19:41:19.600 7 WARNING neutron.api.rpc.agentnotifiers.dhcp_rpc_agent_api [None req-7a89af95-8b00-4416-b6d2-3e6146cb880c c9e05de38756458a816cc44b1c5bae27 447df443bda344469e9459b7b14eb900 - - default default] Unable to schedule network 6eccbb2e-fcbd-4731-937d-72af4f328362: no agents available; will retry on subsequent port and subnet creation events.
2026-05-06 19:41:19.635 7 ERROR ovsdbapp.backend.ovs_idl.transaction [None req-45aae70f-3539-42ad-96bb-524fc588aeba - - - - - -]
Traceback (most recent call last): File "/var/lib/openstack/lib/python3.12/site-packages/neutron/plugins/ml2/drivers/ovn/mech_driver/ovsdb/commands.py", line 267, in run_idl port = idlutils.row_by_value(self.api.idl, 'Logical_Switch_Port', ^^^^^^^^^^^^^^^^^^^^^^^^^^^^^^^^^^^^^^^^^^^^^^^^^^^^^^^^^^
File "/var/lib/openstack/lib/python3.12/site-packages/ovsdbapp/backend/ovs_idl/idlutils.py", line 114, in row_by_value raise RowNotFound(table=table, col=column, match=match) ovsdbapp.backend.ovs_idl.idlutils.RowNotFound: Cannot find Logical_Switch_Port with name=d458253c-ad04-4aea-ac70-0bdd1ce54ccd During handling of the above exception, another exception occurred: Traceback (most recent call last): File "/var/lib/openstack/lib/python3.12/site-packages/ovsdbapp/backend/ovs_idl/connection.py", line 121, in run txn.results.put(txn.do_commit()) ^^^^^^^^^^^^^^^
File "/var/lib/openstack/lib/python3.12/site-packages/ovsdbapp/backend/ovs_idl/transaction.py", line 92, in do_commit command.run_idl(txn)
File "/var/lib/openstack/lib/python3.12/site-packages/neutron/plugins/ml2/drivers/ovn/mech_driver/ovsdb/commands.py", line 273, in run_idl raise RuntimeError(msg) RuntimeError: Logical Switch Port d458253c-ad04-4aea-ac70-0bdd1ce54ccd does not exist
2026-05-06 19:41:19.638 7 ERROR neutron.plugins.ml2.managers [None req-45aae70f-3539-42ad-96bb-524fc588aeba - - - - - -] Mechanism driver 'ovn' failed in update_port_postcommit: RuntimeError: Logical Switch Port d458253c-ad04-4aea-ac70-0bdd1ce54ccd does not exist
2026-05-06 19:41:19.638 7 ERROR neutron.plugins.ml2.managers
Traceback (most recent call last):
2026-05-06 19:41:19.638 7 ERROR neutron.plugins.ml2.managers
File "/var/lib/openstack/lib/python3.12/site-packages/neutron/plugins/ml2/drivers/ovn/mech_driver/ovsdb/commands.py", line 267, in run_idl
2026-05-06 19:41:19.638 7 ERROR neutron.plugins.ml2.managers port = idlutils.row_by_value(self.api.idl, 'Logical_Switch_Port',
2026-05-06 19:41:19.638 7 ERROR neutron.plugins.ml2.managers ^^^^^^^^^^^^^^^^^^^^^^^^^^^^^^^^^^^^^^^^^^^^^^^^^^^^^^^^^^
2026-05-06 19:41:19.638 7 ERROR neutron.plugins.ml2.managers
File "/var/lib/openstack/lib/python3.12/site-packages/ovsdbapp/backend/ovs_idl/idlutils.py", line 114, in row_by_value
2026-05-06 19:41:19.638 7 ERROR neutron.plugins.ml2.managers raise RowNotFound(table=table, col=column, match=match)
2026-05-06 19:41:19.638 7 ERROR neutron.plugins.ml2.managers ovsdbapp.backend.ovs_idl.idlutils.RowNotFound: Cannot find Logical_Switch_Port with name=d458253c-ad04-4aea-ac70-0bdd1ce54ccd
2026-05-06 19:41:19.638 7 ERROR neutron.plugins.ml2.managers
2026-05-06 19:41:19.638 7 ERROR neutron.plugins.ml2.managers During handling of the above exception, another exception occurred:
2026-05-06 19:41:19.638 7 ERROR neutron.plugins.ml2.managers
2026-05-06 19:41:19.638 7 ERROR neutron.plugins.ml2.managers
Traceback (most recent call last):
2026-05-06 19:41:19.638 7 ERROR neutron.plugins.ml2.managers
File "/var/lib/openstack/lib/python3.12/site-packages/neutron/plugins/ml2/managers.py", line 499, in _call_on_drivers
2026-05-06 19:41:19.638 7 ERROR neutron.plugins.ml2.managers getattr(driver.obj, method_name)(context)
2026-05-06 19:41:19.638 7 ERROR neutron.plugins.ml2.managers
File "/var/lib/openstack/lib/python3.12/site-packages/neutron/plugins/ml2/drivers/ovn/mech_driver/mech_driver.py", line 1034, in update_port_postcommit
2026-05-06 19:41:19.638 7 ERROR neutron.plugins.ml2.managers self._ovn_update_port(context.plugin_context, port, original_port,
2026-05-06 19:41:19.638 7 ERROR neutron.plugins.ml2.managers
File "/var/lib/openstack/lib/python3.12/site-packages/neutron/plugins/ml2/drivers/ovn/mech_driver/mech_driver.py", line 914, in _ovn_update_port
2026-05-06 19:41:19.638 7 ERROR neutron.plugins.ml2.managers self._ovn_client.update_port(plugin_context, port,
2026-05-06 19:41:19.638 7 ERROR neutron.plugins.ml2.managers
File "/var/lib/openstack/lib/python3.12/site-packages/neutron/plugins/ml2/drivers/ovn/mech_driver/ovsdb/ovn_client.py", line 700, in update_port
2026-05-06 19:41:19.638 7 ERROR neutron.plugins.ml2.managers with self._nb_idl.transaction(check_error=True,
2026-05-06 19:41:19.638 7 ERROR neutron.plugins.ml2.managers
File "/usr/lib/python3.12/contextlib.py", line 144, in __exit__
2026-05-06 19:41:19.638 7 ERROR neutron.plugins.ml2.managers next(self.gen)
2026-05-06 19:41:19.638 7 ERROR neutron.plugins.ml2.managers
File "/var/lib/openstack/lib/python3.12/site-packages/neutron/plugins/ml2/drivers/ovn/mech_driver/ovsdb/impl_idl_ovn.py", line 271, in transaction
2026-05-06 19:41:19.638 7 ERROR neutron.plugins.ml2.managers with super().transaction(*args, **kwargs) as t:
2026-05-06 19:41:19.638 7 ERROR neutron.plugins.ml2.managers
File "/usr/lib/python3.12/contextlib.py", line 144, in __exit__
2026-05-06 19:41:19.638 7 ERROR neutron.plugins.ml2.managers next(self.gen)
2026-05-06 19:41:19.638 7 ERROR neutron.plugins.ml2.managers
File "/var/lib/openstack/lib/python3.12/site-packages/ovsdbapp/api.py", line 114, in transaction
2026-05-06 19:41:19.638 7 ERROR neutron.plugins.ml2.managers with self.create_transaction(
2026-05-06 19:41:19.638 7 ERROR neutron.plugins.ml2.managers
File "/var/lib/openstack/lib/python3.12/site-packages/ovsdbapp/api.py", line 71, in __exit__
2026-05-06 19:41:19.638 7 ERROR neutron.plugins.ml2.managers self.result = self.commit()
2026-05-06 19:41:19.638 7 ERROR neutron.plugins.ml2.managers ^^^^^^^^^^^^^
2026-05-06 19:41:19.638 7 ERROR neutron.plugins.ml2.managers
File "/var/lib/openstack/lib/python3.12/site-packages/ovsdbapp/backend/ovs_idl/transaction.py", line 64, in commit
2026-05-06 19:41:19.638 7 ERROR neutron.plugins.ml2.managers raise result.ex
2026-05-06 19:41:19.638 7 ERROR neutron.plugins.ml2.managers
File "/var/lib/openstack/lib/python3.12/site-packages/ovsdbapp/backend/ovs_idl/connection.py", line 121, in run
2026-05-06 19:41:19.638 7 ERROR neutron.plugins.ml2.managers txn.results.put(txn.do_commit())
2026-05-06 19:41:19.638 7 ERROR neutron.plugins.ml2.managers ^^^^^^^^^^^^^^^
2026-05-06 19:41:19.638 7 ERROR neutron.plugins.ml2.managers
File "/var/lib/openstack/lib/python3.12/site-packages/ovsdbapp/backend/ovs_idl/transaction.py", line 92, in do_commit
2026-05-06 19:41:19.638 7 ERROR neutron.plugins.ml2.managers command.run_idl(txn)
2026-05-06 19:41:19.638 7 ERROR neutron.plugins.ml2.managers
File "/var/lib/openstack/lib/python3.12/site-packages/neutron/plugins/ml2/drivers/ovn/mech_driver/ovsdb/commands.py", line 273, in run_idl
2026-05-06 19:41:19.638 7 ERROR neutron.plugins.ml2.managers raise RuntimeError(msg)
2026-05-06 19:41:19.638 7 ERROR neutron.plugins.ml2.managers RuntimeError: Logical Switch Port d458253c-ad04-4aea-ac70-0bdd1ce54ccd does not exist
2026-05-06 19:41:19.638 7 ERROR neutron.plugins.ml2.managers
2026-05-06 19:41:19.695 7 ERROR ovsdbapp.backend.ovs_idl.command [None req-45aae70f-3539-42ad-96bb-524fc588aeba - - - - - -] Error executing command (LspGetUpCommand): ovsdbapp.backend.ovs_idl.idlutils.RowNotFound: Cannot find Logical_Switch_Port with name=d458253c-ad04-4aea-ac70-0bdd1ce54ccd
2026-05-06 19:41:19.695 7 ERROR ovsdbapp.backend.ovs_idl.command
Traceback (most recent call last):
2026-05-06 19:41:19.695 7 ERROR ovsdbapp.backend.ovs_idl.command
File "/var/lib/openstack/lib/python3.12/site-packages/ovsdbapp/backend/ovs_idl/command.py", line 47, in execute
2026-05-06 19:41:19.695 7 ERROR ovsdbapp.backend.ovs_idl.command self.run_idl(None)
2026-05-06 19:41:19.695 7 ERROR ovsdbapp.backend.ovs_idl.command
File "/var/lib/openstack/lib/python3.12/site-packages/ovsdbapp/schema/ovn_northbound/commands.py", line 681, in run_idl
2026-05-06 19:41:19.695 7 ERROR ovsdbapp.backend.ovs_idl.command lsp = self.api.lookup('Logical_Switch_Port', self.port)
2026-05-06 19:41:19.695 7 ERROR ovsdbapp.backend.ovs_idl.command ^^^^^^^^^^^^^^^^^^^^^^^^^^^^^^^^^^^^^^^^^^^^^^^^^
2026-05-06 19:41:19.695 7 ERROR ovsdbapp.backend.ovs_idl.command
File "/var/lib/openstack/lib/python3.12/site-packages/ovsdbapp/backend/ovs_idl/__init__.py", line 184, in lookup
2026-05-06 19:41:19.695 7 ERROR ovsdbapp.backend.ovs_idl.command return self._lookup(table, record)
2026-05-06 19:41:19.695 7 ERROR ovsdbapp.backend.ovs_idl.command ^^^^^^^^^^^^^^^^^^^^^^^^^^^
2026-05-06 19:41:19.695 7 ERROR ovsdbapp.backend.ovs_idl.command
File "/var/lib/openstack/lib/python3.12/site-packages/ovsdbapp/backend/ovs_idl/__init__.py", line 235, in _lookup
2026-05-06 19:41:19.695 7 ERROR ovsdbapp.backend.ovs_idl.command row = idlutils.row_by_value(self, rl.table, rl.column, record)
2026-05-06 19:41:19.695 7 ERROR ovsdbapp.backend.ovs_idl.command ^^^^^^^^^^^^^^^^^^^^^^^^^^^^^^^^^^^^^^^^^^^^^^^^^^^^^^^^
2026-05-06 19:41:19.695 7 ERROR ovsdbapp.backend.ovs_idl.command
File "/var/lib/openstack/lib/python3.12/site-packages/ovsdbapp/backend/ovs_idl/idlutils.py", line 114, in row_by_value
2026-05-06 19:41:19.695 7 ERROR ovsdbapp.backend.ovs_idl.command raise RowNotFound(table=table, col=column, match=match)
2026-05-06 19:41:19.695 7 ERROR ovsdbapp.backend.ovs_idl.command ovsdbapp.backend.ovs_idl.idlutils.RowNotFound: Cannot find Logical_Switch_Port with name=d458253c-ad04-4aea-ac70-0bdd1ce54ccd
2026-05-06 19:41:19.695 7 ERROR ovsdbapp.backend.ovs_idl.command
2026-05-06 19:41:19.708 7 ERROR ovsdbapp.event [None req-45aae70f-3539-42ad-96bb-524fc588aeba - - - - - -] Unexpected exception in notify_loop: ovsdbapp.backend.ovs_idl.idlutils.RowNotFound: Cannot find Logical_Switch_Port with name=d458253c-ad04-4aea-ac70-0bdd1ce54ccd
2026-05-06 19:41:19.708 7 ERROR ovsdbapp.event
Traceback (most recent call last):
2026-05-06 19:41:19.708 7 ERROR ovsdbapp.event
File "/var/lib/openstack/lib/python3.12/site-packages/ovsdbapp/event.py", line 177, in notify_loop
2026-05-06 19:41:19.708 7 ERROR ovsdbapp.event match.run(event, row, updates)
2026-05-06 19:41:19.708 7 ERROR ovsdbapp.event
File "/var/lib/openstack/lib/python3.12/site-packages/neutron/plugins/ml2/drivers/ovn/mech_driver/ovsdb/ovsdb_monitor.py", line 536, in run
2026-05-06 19:41:19.708 7 ERROR ovsdbapp.event self.driver.set_port_status_up(row.name)
2026-05-06 19:41:19.708 7 ERROR ovsdbapp.event
File "/var/lib/openstack/lib/python3.12/site-packages/neutron/plugins/ml2/drivers/ovn/mech_driver/mech_driver.py", line 1333, in set_port_status_up
2026-05-06 19:41:19.708 7 ERROR ovsdbapp.event self._ovn_client.update_lsp_host_info(admin_context, db_port)
2026-05-06 19:41:19.708 7 ERROR ovsdbapp.event
File "/var/lib/openstack/lib/python3.12/site-packages/neutron/plugins/ml2/drivers/ovn/mech_driver/ovsdb/ovn_client.py", line 305, in update_lsp_host_info
2026-05-06 19:41:19.708 7 ERROR ovsdbapp.event port_up = self._nb_idl.lsp_get_up(db_port.id).execute(
2026-05-06 19:41:19.708 7 ERROR ovsdbapp.event ^^^^^^^^^^^^^^^^^^^^^^^^^^^^^^^^^^^^^^^^^^^^
2026-05-06 19:41:19.708 7 ERROR ovsdbapp.event
File "/var/lib/openstack/lib/python3.12/site-packages/ovsdbapp/backend/ovs_idl/command.py", line 47, in execute
2026-05-06 19:41:19.708 7 ERROR ovsdbapp.event self.run_idl(None)
2026-05-06 19:41:19.708 7 ERROR ovsdbapp.event
File "/var/lib/openstack/lib/python3.12/site-packages/ovsdbapp/schema/ovn_northbound/commands.py", line 681, in run_idl
2026-05-06 19:41:19.708 7 ERROR ovsdbapp.event lsp = self.api.lookup('Logical_Switch_Port', self.port)
2026-05-06 19:41:19.708 7 ERROR ovsdbapp.event ^^^^^^^^^^^^^^^^^^^^^^^^^^^^^^^^^^^^^^^^^^^^^^^^^
2026-05-06 19:41:19.708 7 ERROR ovsdbapp.event
File "/var/lib/openstack/lib/python3.12/site-packages/ovsdbapp/backend/ovs_idl/__init__.py", line 184, in lookup
2026-05-06 19:41:19.708 7 ERROR ovsdbapp.event return self._lookup(table, record)
2026-05-06 19:41:19.708 7 ERROR ovsdbapp.event ^^^^^^^^^^^^^^^^^^^^^^^^^^^
2026-05-06 19:41:19.708 7 ERROR ovsdbapp.event
File "/var/lib/openstack/lib/python3.12/site-packages/ovsdbapp/backend/ovs_idl/__init__.py", line 235, in _lookup
2026-05-06 19:41:19.708 7 ERROR ovsdbapp.event row = idlutils.row_by_value(self, rl.table, rl.column, record)
2026-05-06 19:41:19.708 7 ERROR ovsdbapp.event ^^^^^^^^^^^^^^^^^^^^^^^^^^^^^^^^^^^^^^^^^^^^^^^^^^^^^^^^
2026-05-06 19:41:19.708 7 ERROR ovsdbapp.event
File "/var/lib/openstack/lib/python3.12/site-packages/ovsdbapp/backend/ovs_idl/idlutils.py", line 114, in row_by_value
2026-05-06 19:41:19.708 7 ERROR ovsdbapp.event raise RowNotFound(table=table, col=column, match=match)
2026-05-06 19:41:19.708 7 ERROR ovsdbapp.event ovsdbapp.backend.ovs_idl.idlutils.RowNotFound: Cannot find Logical_Switch_Port with name=d458253c-ad04-4aea-ac70-0bdd1ce54ccd
2026-05-06 19:41:19.708 7 ERROR ovsdbapp.event
2026-05-06 19:41:19.712 7 INFO neutron.plugins.ml2.drivers.ovn.mech_driver.mech_driver [None req-45aae70f-3539-42ad-96bb-524fc588aeba - - - - - -] OVN reports status down for port: a247db38-f045-4b28-827f-b023aa09edf7
2026-05-06 19:41:19.750 7 INFO neutron.db.ovn_revision_numbers_db [None req-7a89af95-8b00-4416-b6d2-3e6146cb880c c9e05de38756458a816cc44b1c5bae27 447df443bda344469e9459b7b14eb900 - - default default] Successfully bumped revision number for resource f50ce3ad-b427-4d4e-800b-7e243750d4a2 (type: ports) to 1 [pid: 7|app: 0|req: 1262/2545] 10.0.0.199 () {34 vars in 670 bytes} [Wed May 6 19:41:18 2026] POST /v2.0/networks => generated 657 bytes in 797 msecs (HTTP/1.1 201) 4 headers in 162 bytes (1 switches on core 0)
2026-05-06 19:41:19.804 7 INFO neutron.plugins.ml2.drivers.ovn.mech_driver.mech_driver [None req-45aae70f-3539-42ad-96bb-524fc588aeba - - - - - -] OVN reports status down for port: 2dd1ed7c-df84-497d-9c22-fa3c0008e67f
2026-05-06 19:41:19.941 7 INFO neutron.db.segments_db [None req-93e31b74-9eb3-456b-83ce-12cd428eff8b e47a345c595c43dbb21951e4d8e83311 1979c9899c7c47d0b93eb7119f20ca0a - - default default] Added segment f65d2404-505f-4f50-bd41-22b1107b18f6 of type geneve for network 98a73cae-1154-4fe4-a1b0-f030980b16a7
2026-05-06 19:41:19.993 7 INFO neutron.plugins.ml2.drivers.ovn.mech_driver.mech_driver [None req-45aae70f-3539-42ad-96bb-524fc588aeba - - - - - -] OVN reports status down for port: f50ce3ad-b427-4d4e-800b-7e243750d4a2
2026-05-06 19:41:20.143 7 INFO neutron.db.ovn_revision_numbers_db [None req-93e31b74-9eb3-456b-83ce-12cd428eff8b e47a345c595c43dbb21951e4d8e83311 1979c9899c7c47d0b93eb7119f20ca0a - - default default] Successfully bumped revision number for resource 98a73cae-1154-4fe4-a1b0-f030980b16a7 (type: networks) to 1
2026-05-06 19:41:20.313 7 WARNING neutron.scheduler.dhcp_agent_scheduler [None req-93e31b74-9eb3-456b-83ce-12cd428eff8b e47a345c595c43dbb21951e4d8e83311 1979c9899c7c47d0b93eb7119f20ca0a - - default default] No more DHCP agents
2026-05-06 19:41:20.314 7 WARNING neutron.api.rpc.agentnotifiers.dhcp_rpc_agent_api [None req-93e31b74-9eb3-456b-83ce-12cd428eff8b e47a345c595c43dbb21951e4d8e83311 1979c9899c7c47d0b93eb7119f20ca0a - - default default] Unable to schedule network 98a73cae-1154-4fe4-a1b0-f030980b16a7: no agents available; will retry on subsequent port and subnet creation events.
2026-05-06 19:41:20.329 8 INFO neutron_taas.services.taas.taas_plugin [None req-58aee7f1-0a44-4429-bd52-bb274562bdf3 - - - - - -] TaaS: Handle Delete Port: 375cc511-7d14-4544-9f30-7ebbfcb9c508
2026-05-06 19:41:20.334 8 INFO neutron_taas.services.taas.tap_mirror_plugin [None req-58aee7f1-0a44-4429-bd52-bb274562bdf3 - - - - - -] Tap Mirror: Handle Delete Port: 375cc511-7d14-4544-9f30-7ebbfcb9c508
2026-05-06 19:41:20.372 7 INFO neutron.plugins.ml2.drivers.ovn.mech_driver.mech_driver [None req-45aae70f-3539-42ad-96bb-524fc588aeba - - - - - -] OVN reports status down for port: 84f5099a-e76c-493e-ac42-e9feb1251b06
2026-05-06 19:41:20.432 7 INFO neutron.db.ovn_revision_numbers_db [None req-93e31b74-9eb3-456b-83ce-12cd428eff8b e47a345c595c43dbb21951e4d8e83311 1979c9899c7c47d0b93eb7119f20ca0a - - default default] Successfully bumped revision number for resource 84f5099a-e76c-493e-ac42-e9feb1251b06 (type: ports) to 1 [pid: 7|app: 0|req: 1263/2546] 10.0.0.199 () {34 vars in 670 bytes} [Wed May 6 19:41:19 2026] POST /v2.0/networks => generated 650 bytes in 716 msecs (HTTP/1.1 201) 4 headers in 162 bytes (1 switches on core 0)
2026-05-06 19:41:20.545 8 INFO neutron.services.segments.plugin [-] Segment 03467efd-53c8-4d1b-8482-065ac8845680 resource provider aggregate not found
2026-05-06 19:41:20.556 8 INFO neutron.services.segments.plugin [-] Segment 03467efd-53c8-4d1b-8482-065ac8845680 resource provider aggregate not found
2026-05-06 19:41:20.561 8 INFO neutron.services.segments.plugin [-] Segment 03467efd-53c8-4d1b-8482-065ac8845680 resource provider not found; error: Placement Client Error (4xx): {"errors": [{"status": 404, "title": "Not Found", "detail": "The resource could not be found.\n\n No resource provider with uuid 03467efd-53c8-4d1b-8482-065ac8845680 found for delete ", "request_id": "req-73b190c9-0c72-48b8-b896-49e3be6ae676"}]}
2026-05-06 19:41:20.579 8 INFO neutron.services.segments.plugin [-] Segment 03467efd-53c8-4d1b-8482-065ac8845680 resource provider not found; error: Placement Client Error (4xx): {"errors": [{"status": 404, "title": "Not Found", "detail": "The resource could not be found.\n\n No resource provider with uuid 03467efd-53c8-4d1b-8482-065ac8845680 found for delete ", "request_id": "req-d1b92766-3a72-4f33-9c6b-b586d54fd00b"}]} [pid: 8|app: 0|req: 1284/2547] 10.0.0.199 () {32 vars in 740 bytes} [Wed May 6 19:41:18 2026] DELETE /v2.0/vpn/vpnservices/441f5305-13ab-4ed8-8c42-48c842783134 => generated 0 bytes in 2220 msecs (HTTP/1.1 204) 2 headers in 112 bytes (1 switches on core 0) /var/lib/openstack/lib/python3.12/site-packages/pycadf/identifier.py:70: UserWarning: Invalid uuid: neutron. To ensure interoperability, identifiers should be a valid uuid. warnings.warn(('Invalid uuid: %s. To ensure interoperability, '
2026-05-06 19:41:20.702 7 WARNING neutron.scheduler.dhcp_agent_scheduler [None req-9469c7ac-7782-46c1-b20d-0991639bcf24 c9e05de38756458a816cc44b1c5bae27 447df443bda344469e9459b7b14eb900 - - default default] No more DHCP agents
2026-05-06 19:41:20.703 7 WARNING neutron.api.rpc.agentnotifiers.dhcp_rpc_agent_api [None req-9469c7ac-7782-46c1-b20d-0991639bcf24 c9e05de38756458a816cc44b1c5bae27 447df443bda344469e9459b7b14eb900 - - default default] Unable to schedule network 6eccbb2e-fcbd-4731-937d-72af4f328362: no agents available; will retry on subsequent port and subnet creation events.
2026-05-06 19:41:20.802 8 WARNING neutron.scheduler.dhcp_agent_scheduler [None req-7cb917a0-cfc3-4646-a497-45dcb2834d30 e47a345c595c43dbb21951e4d8e83311 1979c9899c7c47d0b93eb7119f20ca0a - - default default] No more DHCP agents
2026-05-06 19:41:20.803 8 WARNING neutron.api.rpc.agentnotifiers.dhcp_rpc_agent_api [None req-7cb917a0-cfc3-4646-a497-45dcb2834d30 e47a345c595c43dbb21951e4d8e83311 1979c9899c7c47d0b93eb7119f20ca0a - - default default] Unable to schedule network 98a73cae-1154-4fe4-a1b0-f030980b16a7: no agents available; will retry on subsequent port and subnet creation events.
2026-05-06 19:41:20.863 8 INFO neutron.plugins.ml2.drivers.ovn.mech_driver.mech_driver [None req-89eb5db3-e10f-4a33-8ef8-3d9cc623bde0 - - - - - -] OVN reports status down for port: 3c223b39-bb79-4c95-a6af-12ae2229946f
2026-05-06 19:41:20.932 8 INFO neutron.db.ovn_revision_numbers_db [None req-7cb917a0-cfc3-4646-a497-45dcb2834d30 e47a345c595c43dbb21951e4d8e83311 1979c9899c7c47d0b93eb7119f20ca0a - - default default] Successfully bumped revision number for resource 3c223b39-bb79-4c95-a6af-12ae2229946f (type: ports) to 1 [pid: 8|app: 0|req: 1285/2548] 10.0.0.199 () {34 vars in 664 bytes} [Wed May 6 19:41:20 2026] POST /v2.0/ports => generated 743 bytes in 428 msecs (HTTP/1.1 201) 4 headers in 162 bytes (1 switches on core 0) /var/lib/openstack/lib/python3.12/site-packages/pycadf/identifier.py:70: UserWarning: Invalid uuid: neutron. To ensure interoperability, identifiers should be a valid uuid. warnings.warn(('Invalid uuid: %s. To ensure interoperability, ' [pid: 8|app: 0|req: 1286/2549] 10.0.0.199 () {32 vars in 663 bytes} [Wed May 6 19:41:21 2026] GET /v2.0/vpn/vpnservices => generated 863 bytes in 10 msecs (HTTP/1.1 200) 4 headers in 157 bytes (1 switches on core 0) [pid: 8|app: 0|req: 1287/2550] 10.0.0.199 () {34 vars in 747 bytes} [Wed May 6 19:41:21 2026] PUT /v2.0/ports/72234d46-0858-4481-be4a-6b4662c5c43e/tags => generated 17 bytes in 74 msecs (HTTP/1.1 200) 4 headers in 156 bytes (1 switches on core 0) /var/lib/openstack/lib/python3.12/site-packages/pycadf/identifier.py:70: UserWarning: Invalid uuid: neutron. To ensure interoperability, identifiers should be a valid uuid. warnings.warn(('Invalid uuid: %s. To ensure interoperability, '
2026-05-06 19:41:21.173 8 INFO neutron.api.v2.resource [None req-2b3f94a7-f71e-4293-bafa-8b33f0369df4 3ddd9081b54847029e5d6021c86214a1 d6021614183b4c68a7523f572b354d25 - - default default] create failed (client error): The server could not comply with the request since it is either malformed or otherwise incorrect.
2026-05-06 19:41:21.174 7 INFO neutron.db.ovn_revision_numbers_db [None req-c70bc243-6e5e-4f10-9e86-23cbdf904e96 - - - - - -] Successfully bumped revision number for resource f50ce3ad-b427-4d4e-800b-7e243750d4a2 (type: ports) to 2 [pid: 8|app: 0|req: 1288/2551] 10.0.0.199 () {34 vars in 707 bytes} [Wed May 6 19:41:21 2026] POST /v2.0/vpn/ipsec-site-connections => generated 127 bytes in 62 msecs (HTTP/1.1 400) 4 headers in 166 bytes (1 switches on core 0)
