2026-09-10 11:47:14.174 15 INFO neutron.plugins.ml2.drivers.ovn.mech_driver.ovsdb.maintenance [None req-30c2df8b-3bb0-4d23-bcde-aed1afbcc4c7 - - - - - -] OVN maintenance task update_router_distributed_flag finished in 0.004 seconds
2026-09-10 11:47:14.186 15 INFO neutron.plugins.ml2.drivers.ovn.mech_driver.ovsdb.maintenance [None req-30c2df8b-3bb0-4d23-bcde-aed1afbcc4c7 - - - - - -] OVN maintenance task update_security_group_with_address_group finished in 0.012 seconds
2026-09-10 11:47:17.281 9 INFO neutron.wsgi [-] 10.0.0.68 "GET / HTTP/1.1" status: 200 len: 246 time: 0.0038114 /var/lib/openstack/lib/python3.10/site-packages/pycadf/identifier.py:71: UserWarning: Invalid uuid: unknown. To ensure interoperability, identifiers should be a valid uuid. warnings.warn(('Invalid uuid: %s. To ensure interoperability, '
2026-09-10 11:47:22.993 10 INFO neutron.pecan_wsgi.hooks.translation [None req-3ce691e0-b694-448f-a932-84b187c5a7ee 4d8a6956fe27416e9f0d80909c00d855 f471d3b506344f8d8198d003e62acdbf - - default default] GET failed (client error): The resource could not be found.
2026-09-10 11:47:22.995 10 INFO neutron.wsgi [None req-3ce691e0-b694-448f-a932-84b187c5a7ee 4d8a6956fe27416e9f0d80909c00d855 f471d3b506344f8d8198d003e62acdbf - - default default] 162.253.55.144,10.0.0.68 "GET /v2.0/networks/public HTTP/1.1" status: 404 len: 290 time: 0.6531785
2026-09-10 11:47:23.018 10 INFO neutron.wsgi [None req-f8959339-9ebb-4630-8f0d-571d8a04cc7a 4d8a6956fe27416e9f0d80909c00d855 f471d3b506344f8d8198d003e62acdbf - - default default] 162.253.55.144,10.0.0.68 "GET /v2.0/networks?name=public HTTP/1.1" status: 200 len: 189 time: 0.0184145
2026-09-10 11:47:23.165 10 WARNING oslo_policy.policy [None req-6f698ab8-69d9-44c9-aec1-310fed587f4a 4d8a6956fe27416e9f0d80909c00d855 f471d3b506344f8d8198d003e62acdbf - - default default] Policies ['get_subnets_tags'] reference a rule that is not defined.
2026-09-10 11:47:23.308 10 INFO neutron.plugins.ml2.drivers.ovn.mech_driver.ovsdb.extensions.qos [None req-6f698ab8-69d9-44c9-aec1-310fed587f4a 4d8a6956fe27416e9f0d80909c00d855 f471d3b506344f8d8198d003e62acdbf - - default default] Starting OVNClientQosExtension
2026-09-10 11:47:23.308 10 INFO neutron.plugins.ml2.drivers.ovn.mech_driver.ovsdb.extensions.placement [None req-6f698ab8-69d9-44c9-aec1-310fed587f4a 4d8a6956fe27416e9f0d80909c00d855 f471d3b506344f8d8198d003e62acdbf - - default default] Starting OVNClientPlacementExtension
2026-09-10 11:47:23.367 10 INFO neutron.db.ovn_revision_numbers_db [None req-6f698ab8-69d9-44c9-aec1-310fed587f4a 4d8a6956fe27416e9f0d80909c00d855 f471d3b506344f8d8198d003e62acdbf - - default default] Successfully bumped revision number for resource 2fe74ec1-23ce-4e1a-849c-9e6618552062 (type: security_groups) to 1
2026-09-10 11:47:23.391 10 INFO neutron.db.ovn_revision_numbers_db [None req-6f698ab8-69d9-44c9-aec1-310fed587f4a 4d8a6956fe27416e9f0d80909c00d855 f471d3b506344f8d8198d003e62acdbf - - default default] Successfully bumped revision number for resource 81432288-2cd9-41e6-aeb1-8f01415f13c9 (type: security_group_rules) to 0
2026-09-10 11:47:23.411 10 INFO neutron.db.ovn_revision_numbers_db [None req-6f698ab8-69d9-44c9-aec1-310fed587f4a 4d8a6956fe27416e9f0d80909c00d855 f471d3b506344f8d8198d003e62acdbf - - default default] Successfully bumped revision number for resource 85556b0d-58ce-41d8-89ca-214679d54174 (type: security_group_rules) to 0
2026-09-10 11:47:23.429 10 INFO neutron.db.ovn_revision_numbers_db [None req-6f698ab8-69d9-44c9-aec1-310fed587f4a 4d8a6956fe27416e9f0d80909c00d855 f471d3b506344f8d8198d003e62acdbf - - default default] Successfully bumped revision number for resource a3e2106c-84cb-4065-80e6-e9a9b22df532 (type: security_group_rules) to 0
2026-09-10 11:47:23.448 10 INFO neutron.db.ovn_revision_numbers_db [None req-6f698ab8-69d9-44c9-aec1-310fed587f4a 4d8a6956fe27416e9f0d80909c00d855 f471d3b506344f8d8198d003e62acdbf - - default default] Successfully bumped revision number for resource b9342773-6c34-4d6a-a0f2-cdd7faba1056 (type: security_group_rules) to 0
2026-09-10 11:47:23.465 10 WARNING neutron.services.revisions.revision_plugin [None req-6f698ab8-69d9-44c9-aec1-310fed587f4a 4d8a6956fe27416e9f0d80909c00d855 f471d3b506344f8d8198d003e62acdbf - - default default] Could not find related network for resource to bump revision.
2026-09-10 11:47:23.518 10 INFO neutron.db.segments_db [None req-6f698ab8-69d9-44c9-aec1-310fed587f4a 4d8a6956fe27416e9f0d80909c00d855 f471d3b506344f8d8198d003e62acdbf - - default default] Added segment 4d10146f-d19a-4e8c-b947-a16f649cebe7 of type flat for network a5a0c942-dd75-4a72-845a-e9c1d88f6664
2026-09-10 11:47:23.742 10 INFO neutron.db.ovn_revision_numbers_db [None req-6f698ab8-69d9-44c9-aec1-310fed587f4a 4d8a6956fe27416e9f0d80909c00d855 f471d3b506344f8d8198d003e62acdbf - - default default] Successfully bumped revision number for resource a5a0c942-dd75-4a72-845a-e9c1d88f6664 (type: networks) to 1
2026-09-10 11:47:23.951 15 WARNING neutron.plugins.ml2.drivers.ovn.mech_driver.ovsdb.ovn_db_sync [None req-73fcfea5-ffae-4613-b719-e16ce9edfe3e - - - - - -] New host instance found in OVN SB DB, but not in Neutron. Add its SegmentHostMapping in Neutron
2026-09-10 11:47:24.038 10 WARNING neutron.scheduler.dhcp_agent_scheduler [None req-6f698ab8-69d9-44c9-aec1-310fed587f4a 4d8a6956fe27416e9f0d80909c00d855 f471d3b506344f8d8198d003e62acdbf - - default default] No more DHCP agents
2026-09-10 11:47:24.041 10 WARNING neutron.api.rpc.agentnotifiers.dhcp_rpc_agent_api [None req-6f698ab8-69d9-44c9-aec1-310fed587f4a 4d8a6956fe27416e9f0d80909c00d855 f471d3b506344f8d8198d003e62acdbf - - default default] Unable to schedule network a5a0c942-dd75-4a72-845a-e9c1d88f6664: no agents available; will retry on subsequent port and subnet creation events.
2026-09-10 11:47:24.141 10 INFO neutron.db.ovn_revision_numbers_db [None req-6f698ab8-69d9-44c9-aec1-310fed587f4a 4d8a6956fe27416e9f0d80909c00d855 f471d3b506344f8d8198d003e62acdbf - - default default] Successfully bumped revision number for resource d6d46fed-4116-4df7-be60-e5d06ba28685 (type: ports) to 1
2026-09-10 11:47:24.163 10 INFO neutron.wsgi [None req-6f698ab8-69d9-44c9-aec1-310fed587f4a 4d8a6956fe27416e9f0d80909c00d855 f471d3b506344f8d8198d003e62acdbf - - default default] 162.253.55.144,10.0.0.68 "POST /v2.0/networks HTTP/1.1" status: 201 len: 886 time: 1.1394701
2026-09-10 11:47:24.339 15 INFO neutron.plugins.ml2.drivers.ovn.mech_driver.ovsdb.extensions.qos [None req-ea5e30ef-0f32-498b-a23b-d54504b6ff5f - - - - - -] Starting OVNClientQosExtension
2026-09-10 11:47:24.361 15 INFO neutron.plugins.ml2.drivers.ovn.mech_driver.ovsdb.extensions.qos [None req-ea5e30ef-0f32-498b-a23b-d54504b6ff5f - - - - - -] Starting OVNClientQosExtension
2026-09-10 11:47:25.384 10 INFO neutron.pecan_wsgi.hooks.translation [None req-0500e631-f4ec-481b-8283-5c28ddd2bf3c 4d8a6956fe27416e9f0d80909c00d855 f471d3b506344f8d8198d003e62acdbf - - default default] GET failed (client error): The resource could not be found.
2026-09-10 11:47:25.387 10 INFO neutron.wsgi [None req-0500e631-f4ec-481b-8283-5c28ddd2bf3c 4d8a6956fe27416e9f0d80909c00d855 f471d3b506344f8d8198d003e62acdbf - - default default] 162.253.55.144,10.0.0.68 "GET /v2.0/networks/public HTTP/1.1" status: 404 len: 290 time: 0.0616393
2026-09-10 11:47:25.464 10 INFO neutron.wsgi [None req-60ab2917-4a87-4ce9-a205-7609be72e082 4d8a6956fe27416e9f0d80909c00d855 f471d3b506344f8d8198d003e62acdbf - - default default] 162.253.55.144,10.0.0.68 "GET /v2.0/networks?name=public HTTP/1.1" status: 200 len: 890 time: 0.0729849
2026-09-10 11:47:25.496 10 INFO neutron.pecan_wsgi.hooks.translation [None req-536b5ae4-14f2-4ce7-9898-cd6aaa894eff 4d8a6956fe27416e9f0d80909c00d855 f471d3b506344f8d8198d003e62acdbf - - default default] GET failed (client error): The resource could not be found.
2026-09-10 11:47:25.497 10 INFO neutron.wsgi [None req-536b5ae4-14f2-4ce7-9898-cd6aaa894eff 4d8a6956fe27416e9f0d80909c00d855 f471d3b506344f8d8198d003e62acdbf - - default default] 162.253.55.144,10.0.0.68 "GET /v2.0/subnets/public-subnet?network_id=a5a0c942-dd75-4a72-845a-e9c1d88f6664 HTTP/1.1" status: 404 len: 295 time: 0.0195591
2026-09-10 11:47:25.518 10 INFO neutron.wsgi [None req-29bdac4b-3c3c-4669-8b90-bef19814947f 4d8a6956fe27416e9f0d80909c00d855 f471d3b506344f8d8198d003e62acdbf - - default default] 162.253.55.144,10.0.0.68 "GET /v2.0/subnets?name=public-subnet&network_id=a5a0c942-dd75-4a72-845a-e9c1d88f6664 HTTP/1.1" status: 200 len: 188 time: 0.0179200
2026-09-10 11:47:25.787 10 WARNING neutron.scheduler.dhcp_agent_scheduler [None req-ec42c97d-82c1-4fc5-8a63-3c0b59cf07b1 4d8a6956fe27416e9f0d80909c00d855 f471d3b506344f8d8198d003e62acdbf - - default default] No more DHCP agents
2026-09-10 11:47:25.788 10 WARNING neutron.api.rpc.agentnotifiers.dhcp_rpc_agent_api [None req-ec42c97d-82c1-4fc5-8a63-3c0b59cf07b1 4d8a6956fe27416e9f0d80909c00d855 f471d3b506344f8d8198d003e62acdbf - - default default] Unable to schedule network a5a0c942-dd75-4a72-845a-e9c1d88f6664: no agents available; will retry on subsequent port and subnet creation events.
2026-09-10 11:47:26.404 10 INFO neutron.db.ovn_revision_numbers_db [None req-ec42c97d-82c1-4fc5-8a63-3c0b59cf07b1 4d8a6956fe27416e9f0d80909c00d855 f471d3b506344f8d8198d003e62acdbf - - default default] Successfully bumped revision number for resource d6d46fed-4116-4df7-be60-e5d06ba28685 (type: ports) to 2
2026-09-10 11:47:26.461 10 INFO neutron.db.ovn_revision_numbers_db [None req-ec42c97d-82c1-4fc5-8a63-3c0b59cf07b1 4d8a6956fe27416e9f0d80909c00d855 f471d3b506344f8d8198d003e62acdbf - - default default] Successfully bumped revision number for resource 2b894541-2b80-40c1-84ef-8ab2ce4ac464 (type: subnets) to 0
2026-09-10 11:47:26.478 10 INFO neutron.wsgi [None req-ec42c97d-82c1-4fc5-8a63-3c0b59cf07b1 4d8a6956fe27416e9f0d80909c00d855 f471d3b506344f8d8198d003e62acdbf - - default default] 162.253.55.144,10.0.0.68 "POST /v2.0/subnets HTTP/1.1" status: 201 len: 821 time: 0.9533544
2026-09-10 11:47:32.278 10 INFO neutron.wsgi [-] 10.0.0.68 "GET / HTTP/1.1" status: 200 len: 246 time: 0.0015292
2026-09-10 11:47:47.279 10 INFO neutron.wsgi [-] 10.0.0.68 "GET / HTTP/1.1" status: 200 len: 246 time: 0.0022104
2026-09-10 11:48:02.279 9 INFO neutron.wsgi [-] 10.0.0.68 "GET / HTTP/1.1" status: 200 len: 246 time: 0.0023112
2026-09-10 11:48:17.278 9 INFO neutron.wsgi [-] 10.0.0.68 "GET / HTTP/1.1" status: 200 len: 246 time: 0.0014093
2026-09-10 11:48:17.280 9 INFO neutron.wsgi [-] 10.0.0.68 "GET / HTTP/1.1" status: 200 len: 246 time: 0.0012774
2026-09-10 11:48:32.279 9 INFO neutron.wsgi [-] 10.0.0.68 "GET / HTTP/1.1" status: 200 len: 246 time: 0.0022526
2026-09-10 11:48:32.279 10 INFO neutron.wsgi [-] 10.0.0.68 "GET / HTTP/1.1" status: 200 len: 246 time: 0.0024683
2026-09-10 11:48:47.279 9 INFO neutron.wsgi [-] 10.0.0.68 "GET / HTTP/1.1" status: 200 len: 246 time: 0.0023630
2026-09-10 11:48:47.280 10 INFO neutron.wsgi [-] 10.0.0.68 "GET / HTTP/1.1" status: 200 len: 246 time: 0.0033021
2026-09-10 11:49:02.280 9 INFO neutron.wsgi [-] 10.0.0.68 "GET / HTTP/1.1" status: 200 len: 246 time: 0.0032966
2026-09-10 11:49:02.281 10 INFO neutron.wsgi [-] 10.0.0.68 "GET / HTTP/1.1" status: 200 len: 246 time: 0.0047138
2026-09-10 11:49:17.280 9 INFO neutron.wsgi [-] 10.0.0.68 "GET / HTTP/1.1" status: 200 len: 246 time: 0.0030379
2026-09-10 11:49:17.283 9 INFO neutron.wsgi [-] 10.0.0.68 "GET / HTTP/1.1" status: 200 len: 246 time: 0.0021849
2026-09-10 11:49:32.280 10 INFO neutron.wsgi [-] 10.0.0.68 "GET / HTTP/1.1" status: 200 len: 246 time: 0.0032582
2026-09-10 11:49:32.280 9 INFO neutron.wsgi [-] 10.0.0.68 "GET / HTTP/1.1" status: 200 len: 246 time: 0.0032144
2026-09-10 11:49:47.279 10 INFO neutron.wsgi [-] 10.0.0.68 "GET / HTTP/1.1" status: 200 len: 246 time: 0.0011728
2026-09-10 11:49:47.281 10 INFO neutron.wsgi [-] 10.0.0.68 "GET / HTTP/1.1" status: 200 len: 246 time: 0.0012443
2026-09-10 11:50:02.278 10 INFO neutron.wsgi [-] 10.0.0.68 "GET / HTTP/1.1" status: 200 len: 246 time: 0.0017736
2026-09-10 11:50:02.280 10 INFO neutron.wsgi [-] 10.0.0.68 "GET / HTTP/1.1" status: 200 len: 246 time: 0.0011895
2026-09-10 11:50:17.278 9 INFO neutron.wsgi [-] 10.0.0.68 "GET / HTTP/1.1" status: 200 len: 246 time: 0.0016091
2026-09-10 11:50:17.279 10 INFO neutron.wsgi [-] 10.0.0.68 "GET / HTTP/1.1" status: 200 len: 246 time: 0.0019510
2026-09-10 11:50:32.277 10 INFO neutron.wsgi [-] 10.0.0.68 "GET / HTTP/1.1" status: 200 len: 246 time: 0.0013697
2026-09-10 11:50:32.279 10 INFO neutron.wsgi [-] 10.0.0.68 "GET / HTTP/1.1" status: 200 len: 246 time: 0.0009253
2026-09-10 11:50:47.280 9 INFO neutron.wsgi [-] 10.0.0.68 "GET / HTTP/1.1" status: 200 len: 246 time: 0.0027759
2026-09-10 11:50:47.281 10 INFO neutron.wsgi [-] 10.0.0.68 "GET / HTTP/1.1" status: 200 len: 246 time: 0.0034020
2026-09-10 11:51:02.279 9 INFO neutron.wsgi [-] 10.0.0.68 "GET / HTTP/1.1" status: 200 len: 246 time: 0.0018923
2026-09-10 11:51:02.279 10 INFO neutron.wsgi [-] 10.0.0.68 "GET / HTTP/1.1" status: 200 len: 246 time: 0.0024755
2026-09-10 11:51:17.280 9 INFO neutron.wsgi [-] 10.0.0.68 "GET / HTTP/1.1" status: 200 len: 246 time: 0.0025706
2026-09-10 11:51:17.280 10 INFO neutron.wsgi [-] 10.0.0.68 "GET / HTTP/1.1" status: 200 len: 246 time: 0.0028522
2026-09-10 11:51:32.278 9 INFO neutron.wsgi [-] 10.0.0.68 "GET / HTTP/1.1" status: 200 len: 246 time: 0.0022073
2026-09-10 11:51:32.278 10 INFO neutron.wsgi [-] 10.0.0.68 "GET / HTTP/1.1" status: 200 len: 246 time: 0.0023687
2026-09-10 11:51:47.279 9 INFO neutron.wsgi [-] 10.0.0.68 "GET / HTTP/1.1" status: 200 len: 246 time: 0.0029879
2026-09-10 11:51:47.279 10 INFO neutron.wsgi [-] 10.0.0.68 "GET / HTTP/1.1" status: 200 len: 246 time: 0.0026450
2026-09-10 11:52:02.279 10 INFO neutron.wsgi [-] 10.0.0.68 "GET / HTTP/1.1" status: 200 len: 246 time: 0.0027137
2026-09-10 11:52:02.279 9 INFO neutron.wsgi [-] 10.0.0.68 "GET / HTTP/1.1" status: 200 len: 246 time: 0.0031784
2026-09-10 11:52:08.200 10 INFO neutron.pecan_wsgi.hooks.translation [None req-2a8ac435-55db-412d-9846-e79724d2414a 4d8a6956fe27416e9f0d80909c00d855 f471d3b506344f8d8198d003e62acdbf - - default default] GET failed (client error): The resource could not be found.
2026-09-10 11:52:08.202 10 INFO neutron.wsgi [None req-2a8ac435-55db-412d-9846-e79724d2414a 4d8a6956fe27416e9f0d80909c00d855 f471d3b506344f8d8198d003e62acdbf - - default default] 162.253.55.144,10.0.0.68 "GET /v2.0/networks/lb-mgmt-net HTTP/1.1" status: 404 len: 295 time: 0.1472957
2026-09-10 11:52:08.218 10 INFO neutron.wsgi [None req-870a335e-aaa5-4d08-9946-2f65ee17cd06 4d8a6956fe27416e9f0d80909c00d855 f471d3b506344f8d8198d003e62acdbf - - default default] 162.253.55.144,10.0.0.68 "GET /v2.0/networks?name=lb-mgmt-net HTTP/1.1" status: 200 len: 189 time: 0.0126362
2026-09-10 11:52:08.358 10 INFO neutron.db.segments_db [None req-1640bdc6-97ed-41c1-93bc-bce127dd2d3f 4d8a6956fe27416e9f0d80909c00d855 f471d3b506344f8d8198d003e62acdbf - - default default] Added segment 50e201d2-9ba8-44bf-b3e0-f2bd265da6fb of type geneve for network 0e62823e-55cc-43c9-bb54-df5a612c51d1
2026-09-10 11:52:08.532 10 INFO neutron.db.ovn_revision_numbers_db [None req-1640bdc6-97ed-41c1-93bc-bce127dd2d3f 4d8a6956fe27416e9f0d80909c00d855 f471d3b506344f8d8198d003e62acdbf - - default default] Successfully bumped revision number for resource 0e62823e-55cc-43c9-bb54-df5a612c51d1 (type: networks) to 1
2026-09-10 11:52:08.666 10 WARNING neutron.scheduler.dhcp_agent_scheduler [None req-1640bdc6-97ed-41c1-93bc-bce127dd2d3f 4d8a6956fe27416e9f0d80909c00d855 f471d3b506344f8d8198d003e62acdbf - - default default] No more DHCP agents
2026-09-10 11:52:08.668 10 WARNING neutron.api.rpc.agentnotifiers.dhcp_rpc_agent_api [None req-1640bdc6-97ed-41c1-93bc-bce127dd2d3f 4d8a6956fe27416e9f0d80909c00d855 f471d3b506344f8d8198d003e62acdbf - - default default] Unable to schedule network 0e62823e-55cc-43c9-bb54-df5a612c51d1: no agents available; will retry on subsequent port and subnet creation events.
2026-09-10 11:52:08.741 10 INFO neutron.db.ovn_revision_numbers_db [None req-1640bdc6-97ed-41c1-93bc-bce127dd2d3f 4d8a6956fe27416e9f0d80909c00d855 f471d3b506344f8d8198d003e62acdbf - - default default] Successfully bumped revision number for resource 7f6a2ee7-b0cd-47cc-b067-a78da34ef6d0 (type: ports) to 1
2026-09-10 11:52:08.759 10 INFO neutron.wsgi [None req-1640bdc6-97ed-41c1-93bc-bce127dd2d3f 4d8a6956fe27416e9f0d80909c00d855 f471d3b506344f8d8198d003e62acdbf - - default default] 162.253.55.144,10.0.0.68 "POST /v2.0/networks HTTP/1.1" status: 201 len: 890 time: 0.5349991 /var/lib/openstack/lib/python3.10/site-packages/pycadf/identifier.py:71: UserWarning: Invalid uuid: unknown. To ensure interoperability, identifiers should be a valid uuid. warnings.warn(('Invalid uuid: %s. To ensure interoperability, '
2026-09-10 11:52:10.332 9 INFO neutron.pecan_wsgi.hooks.translation [None req-786a692c-69bf-4a76-a7fa-8f91c1682678 4d8a6956fe27416e9f0d80909c00d855 f471d3b506344f8d8198d003e62acdbf - - default default] GET failed (client error): The resource could not be found.
2026-09-10 11:52:10.334 9 INFO neutron.wsgi [None req-786a692c-69bf-4a76-a7fa-8f91c1682678 4d8a6956fe27416e9f0d80909c00d855 f471d3b506344f8d8198d003e62acdbf - - default default] 162.253.55.144,10.0.0.68 "GET /v2.0/networks/lb-mgmt-net HTTP/1.1" status: 404 len: 295 time: 0.6080143
2026-09-10 11:52:10.492 9 WARNING oslo_policy.policy [None req-ecfe8886-2bd3-40af-86e4-1bb0dcf28d98 4d8a6956fe27416e9f0d80909c00d855 f471d3b506344f8d8198d003e62acdbf - - default default] Policies ['get_subnets_tags'] reference a rule that is not defined.
2026-09-10 11:52:10.496 9 INFO neutron.wsgi [None req-ecfe8886-2bd3-40af-86e4-1bb0dcf28d98 4d8a6956fe27416e9f0d80909c00d855 f471d3b506344f8d8198d003e62acdbf - - default default] 162.253.55.144,10.0.0.68 "GET /v2.0/networks?name=lb-mgmt-net HTTP/1.1" status: 200 len: 875 time: 0.1570773
2026-09-10 11:52:10.521 9 INFO neutron.pecan_wsgi.hooks.translation [None req-81502d87-5109-45c8-a472-020ed88f84e4 4d8a6956fe27416e9f0d80909c00d855 f471d3b506344f8d8198d003e62acdbf - - default default] GET failed (client error): The resource could not be found.
2026-09-10 11:52:10.522 9 INFO neutron.wsgi [None req-81502d87-5109-45c8-a472-020ed88f84e4 4d8a6956fe27416e9f0d80909c00d855 f471d3b506344f8d8198d003e62acdbf - - default default] 162.253.55.144,10.0.0.68 "GET /v2.0/subnets/lb-mgmt-subnet?network_id=0e62823e-55cc-43c9-bb54-df5a612c51d1 HTTP/1.1" status: 404 len: 296 time: 0.0176167
2026-09-10 11:52:10.542 9 INFO neutron.wsgi [None req-ce933351-3323-43d7-be69-3065cf4697a2 4d8a6956fe27416e9f0d80909c00d855 f471d3b506344f8d8198d003e62acdbf - - default default] 162.253.55.144,10.0.0.68 "GET /v2.0/subnets?name=lb-mgmt-subnet&network_id=0e62823e-55cc-43c9-bb54-df5a612c51d1 HTTP/1.1" status: 200 len: 188 time: 0.0164404
2026-09-10 11:52:10.815 9 WARNING neutron.scheduler.dhcp_agent_scheduler [None req-2ab00025-016a-4706-86a5-f0e1c89b104b 4d8a6956fe27416e9f0d80909c00d855 f471d3b506344f8d8198d003e62acdbf - - default default] No more DHCP agents
2026-09-10 11:52:10.817 9 WARNING neutron.api.rpc.agentnotifiers.dhcp_rpc_agent_api [None req-2ab00025-016a-4706-86a5-f0e1c89b104b 4d8a6956fe27416e9f0d80909c00d855 f471d3b506344f8d8198d003e62acdbf - - default default] Unable to schedule network 0e62823e-55cc-43c9-bb54-df5a612c51d1: no agents available; will retry on subsequent port and subnet creation events.
2026-09-10 11:52:10.818 9 INFO neutron.plugins.ml2.drivers.ovn.mech_driver.ovsdb.extensions.qos [None req-2ab00025-016a-4706-86a5-f0e1c89b104b 4d8a6956fe27416e9f0d80909c00d855 f471d3b506344f8d8198d003e62acdbf - - default default] Starting OVNClientQosExtension
2026-09-10 11:52:10.818 9 INFO neutron.plugins.ml2.drivers.ovn.mech_driver.ovsdb.extensions.placement [None req-2ab00025-016a-4706-86a5-f0e1c89b104b 4d8a6956fe27416e9f0d80909c00d855 f471d3b506344f8d8198d003e62acdbf - - default default] Starting OVNClientPlacementExtension
2026-09-10 11:52:11.513 9 INFO neutron.db.ovn_revision_numbers_db [None req-2ab00025-016a-4706-86a5-f0e1c89b104b 4d8a6956fe27416e9f0d80909c00d855 f471d3b506344f8d8198d003e62acdbf - - default default] Successfully bumped revision number for resource 7f6a2ee7-b0cd-47cc-b067-a78da34ef6d0 (type: ports) to 2
2026-09-10 11:52:11.578 9 INFO neutron.db.ovn_revision_numbers_db [None req-2ab00025-016a-4706-86a5-f0e1c89b104b 4d8a6956fe27416e9f0d80909c00d855 f471d3b506344f8d8198d003e62acdbf - - default default] Successfully bumped revision number for resource 2b80b517-3744-421f-84cc-ccedd50725c4 (type: subnets) to 0
2026-09-10 11:52:11.603 9 INFO neutron.wsgi [None req-2ab00025-016a-4706-86a5-f0e1c89b104b 4d8a6956fe27416e9f0d80909c00d855 f471d3b506344f8d8198d003e62acdbf - - default default] 162.253.55.144,10.0.0.68 "POST /v2.0/subnets HTTP/1.1" status: 201 len: 807 time: 1.0559657
2026-09-10 11:52:12.815 10 INFO neutron.api.v2.resource [None req-712dc9f4-4a58-4146-8ad5-09ed36bd0703 4d8a6956fe27416e9f0d80909c00d855 f471d3b506344f8d8198d003e62acdbf - - default default] show failed (client error): The resource could not be found.
2026-09-10 11:52:12.818 10 INFO neutron.wsgi [None req-712dc9f4-4a58-4146-8ad5-09ed36bd0703 4d8a6956fe27416e9f0d80909c00d855 f471d3b506344f8d8198d003e62acdbf - - default default] 162.253.55.144,10.0.0.68 "GET /v2.0/security-groups/lb-health-mgr-sec-grp HTTP/1.1" status: 404 len: 313 time: 0.0592093
2026-09-10 11:52:12.868 10 INFO neutron.wsgi [None req-1aeae199-fce0-431d-a7e8-4b41fcf3418f 4d8a6956fe27416e9f0d80909c00d855 f471d3b506344f8d8198d003e62acdbf - - default default] 162.253.55.144,10.0.0.68 "GET /v2.0/security-groups?name=lb-health-mgr-sec-grp HTTP/1.1" status: 200 len: 197 time: 0.0452700
2026-09-10 11:52:13.049 10 INFO neutron.db.ovn_revision_numbers_db [None req-e9f467f9-615e-4f42-a372-7e877affdb3c 4d8a6956fe27416e9f0d80909c00d855 f471d3b506344f8d8198d003e62acdbf - - default default] Successfully bumped revision number for resource f30aa95e-6e03-4f7c-b7e8-bd36b6c39e4c (type: security_groups) to 1
2026-09-10 11:52:13.070 10 INFO neutron.db.ovn_revision_numbers_db [None req-e9f467f9-615e-4f42-a372-7e877affdb3c 4d8a6956fe27416e9f0d80909c00d855 f471d3b506344f8d8198d003e62acdbf - - default default] Successfully bumped revision number for resource 650634a9-174a-4c48-9f7f-f6a3bf381406 (type: security_group_rules) to 0
2026-09-10 11:52:13.089 10 INFO neutron.db.ovn_revision_numbers_db [None req-e9f467f9-615e-4f42-a372-7e877affdb3c 4d8a6956fe27416e9f0d80909c00d855 f471d3b506344f8d8198d003e62acdbf - - default default] Successfully bumped revision number for resource dc667231-e1d9-4b4d-b381-3eb40cc31085 (type: security_group_rules) to 0
2026-09-10 11:52:13.109 10 INFO neutron.wsgi [None req-e9f467f9-615e-4f42-a372-7e877affdb3c 4d8a6956fe27416e9f0d80909c00d855 f471d3b506344f8d8198d003e62acdbf - - default default] 162.253.55.144,10.0.0.68 "POST /v2.0/security-groups HTTP/1.1" status: 201 len: 1797 time: 0.2329586
2026-09-10 11:52:14.206 15 INFO neutron.db.ovn_revision_numbers_db [None req-30c2df8b-3bb0-4d23-bcde-aed1afbcc4c7 - - - - - -] Successfully bumped revision number for resource a5a0c942-dd75-4a72-845a-e9c1d88f6664 (type: networks) to 2
2026-09-10 11:52:14.206 15 INFO neutron.plugins.ml2.drivers.ovn.mech_driver.ovsdb.maintenance [None req-30c2df8b-3bb0-4d23-bcde-aed1afbcc4c7 - - - - - -] OVN maintenance task check_for_inconsistencies finished in 0.162 seconds
2026-09-10 11:52:14.442 10 INFO neutron.wsgi [None req-559c12ec-d270-440b-a8a2-246f4b60df0c 4d8a6956fe27416e9f0d80909c00d855 f471d3b506344f8d8198d003e62acdbf - - default default] 162.253.55.144,10.0.0.68 "GET /v2.0/security-groups/f30aa95e-6e03-4f7c-b7e8-bd36b6c39e4c HTTP/1.1" status: 200 len: 1792 time: 0.0821059
2026-09-10 11:52:14.486 10 INFO neutron.wsgi [None req-72a5f9d9-d25e-4c70-aef8-cec420f7c306 4d8a6956fe27416e9f0d80909c00d855 f471d3b506344f8d8198d003e62acdbf - - default default] 162.253.55.144,10.0.0.68 "GET /v2.0/security-groups/f30aa95e-6e03-4f7c-b7e8-bd36b6c39e4c HTTP/1.1" status: 200 len: 1792 time: 0.0339010
2026-09-10 11:52:14.529 10 INFO neutron.wsgi [None req-ae4d3f9f-6642-468f-a8c2-f02e9c83d7e2 4d8a6956fe27416e9f0d80909c00d855 f471d3b506344f8d8198d003e62acdbf - - default default] 162.253.55.144,10.0.0.68 "GET /v2.0/security-groups/f30aa95e-6e03-4f7c-b7e8-bd36b6c39e4c HTTP/1.1" status: 200 len: 1792 time: 0.0377247
2026-09-10 11:52:14.727 10 INFO neutron.db.ovn_revision_numbers_db [None req-32c6bd6b-6cd4-41c6-9dca-144931bda277 4d8a6956fe27416e9f0d80909c00d855 f471d3b506344f8d8198d003e62acdbf - - default default] Successfully bumped revision number for resource e4cba82f-d71a-437f-afec-c4cfeb78ab21 (type: security_group_rules) to 0
2026-09-10 11:52:14.766 10 INFO neutron.wsgi [None req-32c6bd6b-6cd4-41c6-9dca-144931bda277 4d8a6956fe27416e9f0d80909c00d855 f471d3b506344f8d8198d003e62acdbf - - default default] 162.253.55.144,10.0.0.68 "POST /v2.0/security-group-rules HTTP/1.1" status: 201 len: 781 time: 0.2289984
2026-09-10 11:52:15.728 10 INFO neutron.wsgi [None req-7d030a45-9193-4131-959a-4c2afd60c54d 4d8a6956fe27416e9f0d80909c00d855 f471d3b506344f8d8198d003e62acdbf - - default default] 162.253.55.144,10.0.0.68 "GET /v2.0/security-groups/f30aa95e-6e03-4f7c-b7e8-bd36b6c39e4c HTTP/1.1" status: 200 len: 2406 time: 0.0719976
2026-09-10 11:52:15.765 10 INFO neutron.wsgi [None req-13105590-0501-46f8-bcc4-1ed58d0eb682 4d8a6956fe27416e9f0d80909c00d855 f471d3b506344f8d8198d003e62acdbf - - default default] 162.253.55.144,10.0.0.68 "GET /v2.0/security-groups/f30aa95e-6e03-4f7c-b7e8-bd36b6c39e4c HTTP/1.1" status: 200 len: 2406 time: 0.0302300
2026-09-10 11:52:15.799 10 INFO neutron.wsgi [None req-89ea3140-5a46-41ef-9317-82c861ffbe87 4d8a6956fe27416e9f0d80909c00d855 f471d3b506344f8d8198d003e62acdbf - - default default] 162.253.55.144,10.0.0.68 "GET /v2.0/security-groups/f30aa95e-6e03-4f7c-b7e8-bd36b6c39e4c HTTP/1.1" status: 200 len: 2406 time: 0.0264180
2026-09-10 11:52:15.929 10 INFO neutron.db.ovn_revision_numbers_db [None req-6b9ad726-ac31-4d4a-a2a1-a115effc8871 4d8a6956fe27416e9f0d80909c00d855 f471d3b506344f8d8198d003e62acdbf - - default default] Successfully bumped revision number for resource d799414f-8488-4d4e-a19b-00cbe92ad017 (type: security_group_rules) to 0
2026-09-10 11:52:15.951 10 INFO neutron.wsgi [None req-6b9ad726-ac31-4d4a-a2a1-a115effc8871 4d8a6956fe27416e9f0d80909c00d855 f471d3b506344f8d8198d003e62acdbf - - default default] 162.253.55.144,10.0.0.68 "POST /v2.0/security-group-rules HTTP/1.1" status: 201 len: 783 time: 0.1435306
2026-09-10 11:52:16.880 10 INFO neutron.wsgi [None req-2caf69d3-3521-47b1-976c-f6c7c2d02e36 4d8a6956fe27416e9f0d80909c00d855 f471d3b506344f8d8198d003e62acdbf - - default default] 162.253.55.144,10.0.0.68 "GET /v2.0/security-groups/f30aa95e-6e03-4f7c-b7e8-bd36b6c39e4c HTTP/1.1" status: 200 len: 3022 time: 0.0863383
2026-09-10 11:52:16.925 10 INFO neutron.wsgi [None req-6a3a6760-3801-4516-9352-00a7fb782a27 4d8a6956fe27416e9f0d80909c00d855 f471d3b506344f8d8198d003e62acdbf - - default default] 162.253.55.144,10.0.0.68 "GET /v2.0/security-groups/f30aa95e-6e03-4f7c-b7e8-bd36b6c39e4c HTTP/1.1" status: 200 len: 3022 time: 0.0378442
2026-09-10 11:52:16.961 10 INFO neutron.wsgi [None req-73c4e94a-53c3-401b-b436-ab0856fe7f1a 4d8a6956fe27416e9f0d80909c00d855 f471d3b506344f8d8198d003e62acdbf - - default default] 162.253.55.144,10.0.0.68 "GET /v2.0/security-groups/f30aa95e-6e03-4f7c-b7e8-bd36b6c39e4c HTTP/1.1" status: 200 len: 3022 time: 0.0283246
2026-09-10 11:52:17.221 10 INFO neutron.db.ovn_revision_numbers_db [None req-72a07b0e-e118-4b88-84f6-d4b232c7538c 4d8a6956fe27416e9f0d80909c00d855 f471d3b506344f8d8198d003e62acdbf - - default default] Successfully bumped revision number for resource 0397f8cd-7cce-4b16-9542-48c298e17255 (type: security_group_rules) to 0
2026-09-10 11:52:17.265 10 INFO neutron.wsgi [None req-72a07b0e-e118-4b88-84f6-d4b232c7538c 4d8a6956fe27416e9f0d80909c00d855 f471d3b506344f8d8198d003e62acdbf - - default default] 162.253.55.144,10.0.0.68 "POST /v2.0/security-group-rules HTTP/1.1" status: 201 len: 783 time: 0.2950046
2026-09-10 11:52:17.278 10 INFO neutron.wsgi [-] 10.0.0.68 "GET / HTTP/1.1" status: 200 len: 246 time: 0.0022695
2026-09-10 11:52:17.283 10 INFO neutron.wsgi [-] 10.0.0.68 "GET / HTTP/1.1" status: 200 len: 246 time: 0.0035853
2026-09-10 11:52:18.183 9 INFO neutron.wsgi [None req-a1e8a0dc-bba6-40be-adb8-171bd98eabe7 4d8a6956fe27416e9f0d80909c00d855 f471d3b506344f8d8198d003e62acdbf - - default default] 162.253.55.144,10.0.0.68 "GET /v2.0/security-groups/f30aa95e-6e03-4f7c-b7e8-bd36b6c39e4c HTTP/1.1" status: 200 len: 3638 time: 0.0915210
2026-09-10 11:52:18.246 9 INFO neutron.wsgi [None req-87978867-2ddb-41ed-9750-2dacd45f7a9f 4d8a6956fe27416e9f0d80909c00d855 f471d3b506344f8d8198d003e62acdbf - - default default] 162.253.55.144,10.0.0.68 "GET /v2.0/security-groups/f30aa95e-6e03-4f7c-b7e8-bd36b6c39e4c HTTP/1.1" status: 200 len: 3638 time: 0.0539865
2026-09-10 11:52:18.305 9 INFO neutron.wsgi [None req-a1d0c59e-ac57-47d7-9644-03cc171eda7d 4d8a6956fe27416e9f0d80909c00d855 f471d3b506344f8d8198d003e62acdbf - - default default] 162.253.55.144,10.0.0.68 "GET /v2.0/security-groups/f30aa95e-6e03-4f7c-b7e8-bd36b6c39e4c HTTP/1.1" status: 200 len: 3638 time: 0.0500751
2026-09-10 11:52:18.454 9 INFO neutron.db.ovn_revision_numbers_db [None req-3e7c175f-89c8-4fef-b4bb-60fe4519169f 4d8a6956fe27416e9f0d80909c00d855 f471d3b506344f8d8198d003e62acdbf - - default default] Successfully bumped revision number for resource 0b0e64a4-1847-4d28-a939-fc295c2d8810 (type: security_group_rules) to 0
2026-09-10 11:52:18.479 9 INFO neutron.wsgi [None req-3e7c175f-89c8-4fef-b4bb-60fe4519169f 4d8a6956fe27416e9f0d80909c00d855 f471d3b506344f8d8198d003e62acdbf - - default default] 162.253.55.144,10.0.0.68 "POST /v2.0/security-group-rules HTTP/1.1" status: 201 len: 783 time: 0.1665986
2026-09-10 11:52:19.413 10 INFO neutron.wsgi [None req-4d3160ef-82d5-438c-b045-e08fa25c5478 4d8a6956fe27416e9f0d80909c00d855 f471d3b506344f8d8198d003e62acdbf - - default default] 162.253.55.144,10.0.0.68 "GET /v2.0/security-groups/f30aa95e-6e03-4f7c-b7e8-bd36b6c39e4c HTTP/1.1" status: 200 len: 4254 time: 0.0616534
2026-09-10 11:52:19.452 10 INFO neutron.wsgi [None req-f9943d38-2a87-4148-bf76-c717509a308a 4d8a6956fe27416e9f0d80909c00d855 f471d3b506344f8d8198d003e62acdbf - - default default] 162.253.55.144,10.0.0.68 "GET /v2.0/security-groups/f30aa95e-6e03-4f7c-b7e8-bd36b6c39e4c HTTP/1.1" status: 200 len: 4254 time: 0.0315094
2026-09-10 11:52:19.494 10 INFO neutron.wsgi [None req-a150683a-6dd2-4051-82bf-f2513373c08b 4d8a6956fe27416e9f0d80909c00d855 f471d3b506344f8d8198d003e62acdbf - - default default] 162.253.55.144,10.0.0.68 "GET /v2.0/security-groups/f30aa95e-6e03-4f7c-b7e8-bd36b6c39e4c HTTP/1.1" status: 200 len: 4254 time: 0.0351107
2026-09-10 11:52:19.673 10 INFO neutron.db.ovn_revision_numbers_db [None req-57e0a62d-c8bd-41f6-bdaf-2cd43123c1bb 4d8a6956fe27416e9f0d80909c00d855 f471d3b506344f8d8198d003e62acdbf - - default default] Successfully bumped revision number for resource 5f32e893-b633-43e1-aac1-7e6fb9727d51 (type: security_group_rules) to 0
2026-09-10 11:52:19.701 10 INFO neutron.wsgi [None req-57e0a62d-c8bd-41f6-bdaf-2cd43123c1bb 4d8a6956fe27416e9f0d80909c00d855 f471d3b506344f8d8198d003e62acdbf - - default default] 162.253.55.144,10.0.0.68 "POST /v2.0/security-group-rules HTTP/1.1" status: 201 len: 783 time: 0.1984169
2026-09-10 11:52:21.128 9 INFO neutron.wsgi [None req-ab46909d-663f-4efa-b492-17c0572f4b1b 4d8a6956fe27416e9f0d80909c00d855 f471d3b506344f8d8198d003e62acdbf - - default default] 162.253.55.144,10.0.0.68 "GET /v2.0/networks/0e62823e-55cc-43c9-bb54-df5a612c51d1 HTTP/1.1" status: 200 len: 910 time: 0.2109990
2026-09-10 11:52:21.151 9 INFO neutron.pecan_wsgi.hooks.translation [None req-e77d5f2b-ceea-401d-8372-1b058b7ed726 4d8a6956fe27416e9f0d80909c00d855 f471d3b506344f8d8198d003e62acdbf - - default default] GET failed (client error): The resource could not be found.
2026-09-10 11:52:21.152 9 INFO neutron.wsgi [None req-e77d5f2b-ceea-401d-8372-1b058b7ed726 4d8a6956fe27416e9f0d80909c00d855 f471d3b506344f8d8198d003e62acdbf - - default default] 162.253.55.144,10.0.0.68 "GET /v2.0/ports/octavia-health-manager-port-instance?network_id=0e62823e-55cc-43c9-bb54-df5a612c51d1 HTTP/1.1" status: 404 len: 314 time: 0.0150898
2026-09-10 11:52:21.191 9 INFO neutron.wsgi [None req-762eaac7-1ee3-4081-8c15-29abbc932dff 4d8a6956fe27416e9f0d80909c00d855 f471d3b506344f8d8198d003e62acdbf - - default default] 162.253.55.144,10.0.0.68 "GET /v2.0/ports?name=octavia-health-manager-port-instance&network_id=0e62823e-55cc-43c9-bb54-df5a612c51d1 HTTP/1.1" status: 200 len: 186 time: 0.0350068
2026-09-10 11:52:21.253 9 INFO neutron.wsgi [None req-3dca9ecd-18c2-483f-8d01-ba41c82724d6 4d8a6956fe27416e9f0d80909c00d855 f471d3b506344f8d8198d003e62acdbf - - default default] 162.253.55.144,10.0.0.68 "GET /v2.0/security-groups/f30aa95e-6e03-4f7c-b7e8-bd36b6c39e4c HTTP/1.1" status: 200 len: 4870 time: 0.0554781
2026-09-10 11:52:21.562 9 WARNING neutron.scheduler.dhcp_agent_scheduler [None req-e7797607-b8f1-4df3-b43d-f9329ea2f8ee 4d8a6956fe27416e9f0d80909c00d855 f471d3b506344f8d8198d003e62acdbf - - default default] No more DHCP agents
2026-09-10 11:52:21.564 9 WARNING neutron.api.rpc.agentnotifiers.dhcp_rpc_agent_api [None req-e7797607-b8f1-4df3-b43d-f9329ea2f8ee 4d8a6956fe27416e9f0d80909c00d855 f471d3b506344f8d8198d003e62acdbf - - default default] Unable to schedule network 0e62823e-55cc-43c9-bb54-df5a612c51d1: no agents available; will retry on subsequent port and subnet creation events.
2026-09-10 11:52:21.670 9 INFO neutron.db.ovn_revision_numbers_db [None req-e7797607-b8f1-4df3-b43d-f9329ea2f8ee 4d8a6956fe27416e9f0d80909c00d855 f471d3b506344f8d8198d003e62acdbf - - default default] Successfully bumped revision number for resource 5bb6e66f-00b7-405e-b2dc-3733815c933a (type: ports) to 1
2026-09-10 11:52:21.687 9 INFO neutron.wsgi [None req-e7797607-b8f1-4df3-b43d-f9329ea2f8ee 4d8a6956fe27416e9f0d80909c00d855 f471d3b506344f8d8198d003e62acdbf - - default default] 162.253.55.144,10.0.0.68 "POST /v2.0/ports HTTP/1.1" status: 201 len: 1281 time: 0.4218214 /var/lib/openstack/lib/python3.10/site-packages/pycadf/identifier.py:71: UserWarning: Invalid uuid: unknown. To ensure interoperability, identifiers should be a valid uuid. warnings.warn(('Invalid uuid: %s. To ensure interoperability, '
2026-09-10 11:52:27.907 9 INFO neutron.pecan_wsgi.hooks.translation [None req-38c9eae8-db23-4551-95ca-1dcdc7e9e596 4d8a6956fe27416e9f0d80909c00d855 f471d3b506344f8d8198d003e62acdbf - - default default] GET failed (client error): The resource could not be found.
2026-09-10 11:52:27.910 9 INFO neutron.wsgi [None req-38c9eae8-db23-4551-95ca-1dcdc7e9e596 4d8a6956fe27416e9f0d80909c00d855 f471d3b506344f8d8198d003e62acdbf - - default default] 162.253.55.144,10.0.0.68 "GET /v2.0/ports/octavia-health-manager-port-instance HTTP/1.1" status: 404 len: 314 time: 0.0734613
2026-09-10 11:52:27.970 9 INFO neutron.wsgi [None req-4e3cf658-1ac2-4934-8245-990befe44d41 4d8a6956fe27416e9f0d80909c00d855 f471d3b506344f8d8198d003e62acdbf - - default default] 162.253.55.144,10.0.0.68 "GET /v2.0/ports?name=octavia-health-manager-port-instance HTTP/1.1" status: 200 len: 1279 time: 0.0564504
2026-09-10 11:52:28.368 9 INFO neutron.db.ovn_revision_numbers_db [None req-67039b60-008e-488c-b22a-454503e40253 4d8a6956fe27416e9f0d80909c00d855 f471d3b506344f8d8198d003e62acdbf - - default default] Successfully bumped revision number for resource 5bb6e66f-00b7-405e-b2dc-3733815c933a (type: ports) to 1
2026-09-10 11:52:28.611 9 INFO neutron.db.ovn_revision_numbers_db [None req-67039b60-008e-488c-b22a-454503e40253 4d8a6956fe27416e9f0d80909c00d855 f471d3b506344f8d8198d003e62acdbf - - default default] Successfully bumped revision number for resource 5bb6e66f-00b7-405e-b2dc-3733815c933a (type: ports) to 2
2026-09-10 11:52:28.627 9 INFO neutron.wsgi [None req-67039b60-008e-488c-b22a-454503e40253 4d8a6956fe27416e9f0d80909c00d855 f471d3b506344f8d8198d003e62acdbf - - default default] 162.253.55.144,10.0.0.68 "PUT /v2.0/ports/5bb6e66f-00b7-405e-b2dc-3733815c933a HTTP/1.1" status: 200 len: 1366 time: 0.6463141 /var/lib/openstack/lib/python3.10/site-packages/pycadf/identifier.py:71: UserWarning: Invalid uuid: unknown. To ensure interoperability, identifiers should be a valid uuid. warnings.warn(('Invalid uuid: %s. To ensure interoperability, '
2026-09-10 11:52:30.163 9 INFO neutron.wsgi [None req-0f74bc8a-51f0-4e55-87fe-2bc723169ea2 4d8a6956fe27416e9f0d80909c00d855 f471d3b506344f8d8198d003e62acdbf - - default default] 162.253.55.144,10.0.0.68 "GET /v2.0/ports HTTP/1.1" status: 200 len: 3511 time: 0.1440094
2026-09-10 11:52:31.235 10 INFO neutron.api.v2.resource [None req-03668efa-e8ea-4d31-b2ab-173d39f225fe 4d8a6956fe27416e9f0d80909c00d855 f471d3b506344f8d8198d003e62acdbf - - default default] show failed (client error): The resource could not be found.
2026-09-10 11:52:31.237 10 INFO neutron.wsgi [None req-03668efa-e8ea-4d31-b2ab-173d39f225fe 4d8a6956fe27416e9f0d80909c00d855 f471d3b506344f8d8198d003e62acdbf - - default default] 162.253.55.144,10.0.0.68 "GET /v2.0/security-groups/lb-mgmt-sec-grp HTTP/1.1" status: 404 len: 307 time: 0.0667450
2026-09-10 11:52:31.287 10 INFO neutron.wsgi [None req-a6c60d03-d554-43f6-b945-f404d9cfefe0 4d8a6956fe27416e9f0d80909c00d855 f471d3b506344f8d8198d003e62acdbf - - default default] 162.253.55.144,10.0.0.68 "GET /v2.0/security-groups?name=lb-mgmt-sec-grp HTTP/1.1" status: 200 len: 197 time: 0.0463281
2026-09-10 11:52:31.440 10 INFO neutron.db.ovn_revision_numbers_db [None req-f0375248-76ec-4f22-b54d-39928b3fcc5a 4d8a6956fe27416e9f0d80909c00d855 f471d3b506344f8d8198d003e62acdbf - - default default] Successfully bumped revision number for resource a5b544e0-ef72-4ef0-ba6a-513e2ddb1339 (type: security_groups) to 1
2026-09-10 11:52:31.456 10 INFO neutron.db.ovn_revision_numbers_db [None req-f0375248-76ec-4f22-b54d-39928b3fcc5a 4d8a6956fe27416e9f0d80909c00d855 f471d3b506344f8d8198d003e62acdbf - - default default] Successfully bumped revision number for resource 3f449e7c-02f2-410e-b744-dfa3da11f114 (type: security_group_rules) to 0
2026-09-10 11:52:31.473 10 INFO neutron.db.ovn_revision_numbers_db [None req-f0375248-76ec-4f22-b54d-39928b3fcc5a 4d8a6956fe27416e9f0d80909c00d855 f471d3b506344f8d8198d003e62acdbf - - default default] Successfully bumped revision number for resource 7fa594c9-c656-4acb-814b-491d6cda0661 (type: security_group_rules) to 0
2026-09-10 11:52:31.506 10 INFO neutron.wsgi [None req-f0375248-76ec-4f22-b54d-39928b3fcc5a 4d8a6956fe27416e9f0d80909c00d855 f471d3b506344f8d8198d003e62acdbf - - default default] 162.253.55.144,10.0.0.68 "POST /v2.0/security-groups HTTP/1.1" status: 201 len: 1791 time: 0.2115998
2026-09-10 11:52:32.279 9 INFO neutron.wsgi [-] 10.0.0.68 "GET / HTTP/1.1" status: 200 len: 246 time: 0.0022337
2026-09-10 11:52:32.279 10 INFO neutron.wsgi [-] 10.0.0.68 "GET / HTTP/1.1" status: 200 len: 246 time: 0.0022905
2026-09-10 11:52:32.451 10 INFO neutron.wsgi [None req-6c613699-1242-4d4e-a810-2bd59b8cc84b 4d8a6956fe27416e9f0d80909c00d855 f471d3b506344f8d8198d003e62acdbf - - default default] 162.253.55.144,10.0.0.68 "GET /v2.0/security-groups/a5b544e0-ef72-4ef0-ba6a-513e2ddb1339 HTTP/1.1" status: 200 len: 1786 time: 0.0701175
2026-09-10 11:52:32.484 10 INFO neutron.wsgi [None req-a5cd972b-70dc-4e7b-8b6e-36c90a085c59 4d8a6956fe27416e9f0d80909c00d855 f471d3b506344f8d8198d003e62acdbf - - default default] 162.253.55.144,10.0.0.68 "GET /v2.0/security-groups/a5b544e0-ef72-4ef0-ba6a-513e2ddb1339 HTTP/1.1" status: 200 len: 1786 time: 0.0241587
2026-09-10 11:52:32.518 10 INFO neutron.wsgi [None req-386866c6-21ee-4c1d-81e3-2d2552f292fc 4d8a6956fe27416e9f0d80909c00d855 f471d3b506344f8d8198d003e62acdbf - - default default] 162.253.55.144,10.0.0.68 "GET /v2.0/security-groups/a5b544e0-ef72-4ef0-ba6a-513e2ddb1339 HTTP/1.1" status: 200 len: 1786 time: 0.0261834
2026-09-10 11:52:32.620 10 INFO neutron.db.ovn_revision_numbers_db [None req-cca790f2-d8b1-4da1-8850-aab847102a04 4d8a6956fe27416e9f0d80909c00d855 f471d3b506344f8d8198d003e62acdbf - - default default] Successfully bumped revision number for resource 3cdd50ec-f119-4514-bd70-a88075e291d0 (type: security_group_rules) to 0
2026-09-10 11:52:32.645 10 INFO neutron.wsgi [None req-cca790f2-d8b1-4da1-8850-aab847102a04 4d8a6956fe27416e9f0d80909c00d855 f471d3b506344f8d8198d003e62acdbf - - default default] 162.253.55.144,10.0.0.68 "POST /v2.0/security-group-rules HTTP/1.1" status: 201 len: 803 time: 0.1202886
2026-09-10 11:52:33.648 9 INFO neutron.wsgi [None req-dbaf3c5c-640b-42da-ae3b-c5f6b5d25f54 4d8a6956fe27416e9f0d80909c00d855 f471d3b506344f8d8198d003e62acdbf - - default default] 162.253.55.144,10.0.0.68 "GET /v2.0/security-groups/a5b544e0-ef72-4ef0-ba6a-513e2ddb1339 HTTP/1.1" status: 200 len: 2422 time: 0.0785441
2026-09-10 11:52:33.692 9 INFO neutron.wsgi [None req-91937d32-6467-4473-8afd-42e8a941898b 4d8a6956fe27416e9f0d80909c00d855 f471d3b506344f8d8198d003e62acdbf - - default default] 162.253.55.144,10.0.0.68 "GET /v2.0/security-groups/a5b544e0-ef72-4ef0-ba6a-513e2ddb1339 HTTP/1.1" status: 200 len: 2422 time: 0.0329700
2026-09-10 11:52:33.727 9 INFO neutron.wsgi [None req-d3222bd9-0f6e-4541-b7e2-8ff903ee4e0a 4d8a6956fe27416e9f0d80909c00d855 f471d3b506344f8d8198d003e62acdbf - - default default] 162.253.55.144,10.0.0.68 "GET /v2.0/security-groups/a5b544e0-ef72-4ef0-ba6a-513e2ddb1339 HTTP/1.1" status: 200 len: 2422 time: 0.0273252
2026-09-10 11:52:33.838 9 INFO neutron.db.ovn_revision_numbers_db [None req-09729aca-d157-450f-9f9a-1104f1f98073 4d8a6956fe27416e9f0d80909c00d855 f471d3b506344f8d8198d003e62acdbf - - default default] Successfully bumped revision number for resource 029c7494-b934-4822-8278-839de1641078 (type: security_group_rules) to 0
2026-09-10 11:52:33.860 9 INFO neutron.wsgi [None req-09729aca-d157-450f-9f9a-1104f1f98073 4d8a6956fe27416e9f0d80909c00d855 f471d3b506344f8d8198d003e62acdbf - - default default] 162.253.55.144,10.0.0.68 "POST /v2.0/security-group-rules HTTP/1.1" status: 201 len: 807 time: 0.1265111
2026-09-10 11:52:47.280 9 INFO neutron.wsgi [-] 10.0.0.68 "GET / HTTP/1.1" status: 200 len: 246 time: 0.0027394
2026-09-10 11:52:47.281 10 INFO neutron.wsgi [-] 10.0.0.68 "GET / HTTP/1.1" status: 200 len: 246 time: 0.0036170
2026-09-10 11:53:02.279 9 INFO neutron.wsgi [-] 10.0.0.68 "GET / HTTP/1.1" status: 200 len: 246 time: 0.0022428
2026-09-10 11:53:02.279 10 INFO neutron.wsgi [-] 10.0.0.68 "GET / HTTP/1.1" status: 200 len: 246 time: 0.0023236
2026-09-10 11:53:17.280 10 INFO neutron.wsgi [-] 10.0.0.68 "GET / HTTP/1.1" status: 200 len: 246 time: 0.0022397
2026-09-10 11:53:17.280 9 INFO neutron.wsgi [-] 10.0.0.68 "GET / HTTP/1.1" status: 200 len: 246 time: 0.0026231
2026-09-10 11:53:32.278 10 INFO neutron.wsgi [-] 10.0.0.68 "GET / HTTP/1.1" status: 200 len: 246 time: 0.0025339
2026-09-10 11:53:32.279 9 INFO neutron.wsgi [-] 10.0.0.68 "GET / HTTP/1.1" status: 200 len: 246 time: 0.0033417
2026-09-10 11:53:42.186 9 INFO neutron.wsgi [None req-7c3dad45-0914-4652-bc9b-c969e7dcd547 4d8a6956fe27416e9f0d80909c00d855 f471d3b506344f8d8198d003e62acdbf - - default default] 162.253.55.144,10.0.0.68 "GET /v2.0/quotas/f471d3b506344f8d8198d003e62acdbf HTTP/1.1" status: 200 len: 467 time: 0.0167069 /var/lib/openstack/lib/python3.10/site-packages/neutron/extensions/quotasv2.py:139: UserWarning: Neutron quota engine will require "--force" parameter to set a quota limit without checking the resource usage. warnings.warn('Neutron quota engine will require "--force" '
2026-09-10 11:53:42.705 9 INFO neutron.wsgi [None req-bcddff28-d305-4bc8-9bd9-91b430683aa0 4d8a6956fe27416e9f0d80909c00d855 f471d3b506344f8d8198d003e62acdbf - - default default] 162.253.55.144,10.0.0.68 "PUT /v2.0/quotas/f471d3b506344f8d8198d003e62acdbf HTTP/1.1" status: 200 len: 466 time: 0.0463905
2026-09-10 11:53:47.279 9 INFO neutron.wsgi [-] 10.0.0.68 "GET / HTTP/1.1" status: 200 len: 246 time: 0.0024552
2026-09-10 11:53:47.282 9 INFO neutron.wsgi [-] 10.0.0.68 "GET / HTTP/1.1" status: 200 len: 246 time: 0.0019906
2026-09-10 11:54:02.279 9 INFO neutron.wsgi [-] 10.0.0.68 "GET / HTTP/1.1" status: 200 len: 246 time: 0.0021737
2026-09-10 11:54:02.280 10 INFO neutron.wsgi [-] 10.0.0.68 "GET / HTTP/1.1" status: 200 len: 246 time: 0.0025783
2026-09-10 11:54:17.279 10 INFO neutron.wsgi [-] 10.0.0.68 "GET / HTTP/1.1" status: 200 len: 246 time: 0.0023234
2026-09-10 11:54:17.284 9 INFO neutron.wsgi [-] 10.0.0.68 "GET / HTTP/1.1" status: 200 len: 246 time: 0.0064437
2026-09-10 11:54:32.279 10 INFO neutron.wsgi [-] 10.0.0.68 "GET / HTTP/1.1" status: 200 len: 246 time: 0.0027611
2026-09-10 11:54:32.280 9 INFO neutron.wsgi [-] 10.0.0.68 "GET / HTTP/1.1" status: 200 len: 246 time: 0.0035264
2026-09-10 11:54:47.280 9 INFO neutron.wsgi [-] 10.0.0.68 "GET / HTTP/1.1" status: 200 len: 246 time: 0.0029991
2026-09-10 11:54:47.363 9 INFO neutron.wsgi [-] 10.0.0.68 "GET / HTTP/1.1" status: 200 len: 246 time: 0.0816941
2026-09-10 11:55:02.278 10 INFO neutron.wsgi [-] 10.0.0.68 "GET / HTTP/1.1" status: 200 len: 246 time: 0.0016172
2026-09-10 11:55:02.280 9 INFO neutron.wsgi [-] 10.0.0.68 "GET / HTTP/1.1" status: 200 len: 246 time: 0.0023372
2026-09-10 11:55:17.279 10 INFO neutron.wsgi [-] 10.0.0.68 "GET / HTTP/1.1" status: 200 len: 246 time: 0.0026238
2026-09-10 11:55:17.281 9 INFO neutron.wsgi [-] 10.0.0.68 "GET / HTTP/1.1" status: 200 len: 246 time: 0.0038173
2026-09-10 11:55:32.279 10 INFO neutron.wsgi [-] 10.0.0.68 "GET / HTTP/1.1" status: 200 len: 246 time: 0.0021989
2026-09-10 11:55:32.279 9 INFO neutron.wsgi [-] 10.0.0.68 "GET / HTTP/1.1" status: 200 len: 246 time: 0.0022745
2026-09-10 11:55:47.280 10 INFO neutron.wsgi [-] 10.0.0.68 "GET / HTTP/1.1" status: 200 len: 246 time: 0.0026739
2026-09-10 11:55:47.283 10 INFO neutron.wsgi [-] 10.0.0.68 "GET / HTTP/1.1" status: 200 len: 246 time: 0.0022395 /var/lib/openstack/lib/python3.10/site-packages/pycadf/identifier.py:71: UserWarning: Invalid uuid: neutron. To ensure interoperability, identifiers should be a valid uuid. warnings.warn(('Invalid uuid: %s. To ensure interoperability, '
2026-09-10 11:55:53.019 9 INFO neutron.pecan_wsgi.hooks.translation [None req-db023f56-ee34-4743-8176-5f5beccb67a1 4d8a6956fe27416e9f0d80909c00d855 f471d3b506344f8d8198d003e62acdbf - - default default] GET failed (client error): The resource could not be found.
2026-09-10 11:55:53.021 9 INFO neutron.wsgi [None req-db023f56-ee34-4743-8176-5f5beccb67a1 4d8a6956fe27416e9f0d80909c00d855 f471d3b506344f8d8198d003e62acdbf - - default default] 162.253.55.144 "GET /v2.0/ports/octavia-health-manager-port-instance HTTP/1.1" status: 404 len: 338 time: 0.1947057
2026-09-10 11:55:53.057 9 INFO neutron.wsgi [None req-b2ac800e-77b3-4bff-8934-51c12bf6b661 4d8a6956fe27416e9f0d80909c00d855 f471d3b506344f8d8198d003e62acdbf - - default default] 162.253.55.144 "GET /v2.0/ports?name=octavia-health-manager-port-instance HTTP/1.1" status: 200 len: 1421 time: 0.0324545
2026-09-10 11:55:54.785 9 INFO neutron.pecan_wsgi.hooks.translation [None req-b5411ae6-b63b-439c-a126-51e7188c41fb 4d8a6956fe27416e9f0d80909c00d855 f471d3b506344f8d8198d003e62acdbf - - default default] GET failed (client error): The resource could not be found.
2026-09-10 11:55:54.787 9 INFO neutron.wsgi [None req-b5411ae6-b63b-439c-a126-51e7188c41fb 4d8a6956fe27416e9f0d80909c00d855 f471d3b506344f8d8198d003e62acdbf - - default default] 162.253.55.144 "GET /v2.0/ports/octavia-health-manager-port-instance HTTP/1.1" status: 404 len: 338 time: 0.0449607
2026-09-10 11:55:54.838 9 INFO neutron.wsgi [None req-a4607f02-ea4f-4764-8e68-b72d96e9f19c 4d8a6956fe27416e9f0d80909c00d855 f471d3b506344f8d8198d003e62acdbf - - default default] 162.253.55.144 "GET /v2.0/ports?name=octavia-health-manager-port-instance HTTP/1.1" status: 200 len: 1421 time: 0.0447886
2026-09-10 11:55:55.837 9 INFO neutron.plugins.ml2.drivers.ovn.mech_driver.mech_driver [-] OVN reports status up for port: 5bb6e66f-00b7-405e-b2dc-3733815c933a
2026-09-10 11:55:55.863 9 INFO neutron.plugins.ml2.plugin [None req-3bdde460-847d-4ca0-a9bf-4d960e1b9636 - - - - - -] Attempt 1 to provision port 5bb6e66f-00b7-405e-b2dc-3733815c933a
2026-09-10 11:55:56.199 9 INFO neutron.db.ovn_revision_numbers_db [None req-3bdde460-847d-4ca0-a9bf-4d960e1b9636 - - - - - -] Successfully bumped revision number for resource 5bb6e66f-00b7-405e-b2dc-3733815c933a (type: ports) to 4
2026-09-10 11:56:02.279 10 INFO neutron.wsgi [-] 10.0.0.68 "GET / HTTP/1.1" status: 200 len: 246 time: 0.0023305
2026-09-10 11:56:02.279 9 INFO neutron.wsgi [-] 10.0.0.68 "GET / HTTP/1.1" status: 200 len: 246 time: 0.0022774
2026-09-10 11:56:17.280 10 INFO neutron.wsgi [-] 10.0.0.68 "GET / HTTP/1.1" status: 200 len: 246 time: 0.0023632
2026-09-10 11:56:17.283 10 INFO neutron.wsgi [-] 10.0.0.68 "GET / HTTP/1.1" status: 200 len: 246 time: 0.0020583
2026-09-10 11:56:32.278 10 INFO neutron.wsgi [-] 10.0.0.68 "GET / HTTP/1.1" status: 200 len: 246 time: 0.0021203
2026-09-10 11:56:32.279 9 INFO neutron.wsgi [-] 10.0.0.68 "GET / HTTP/1.1" status: 200 len: 246 time: 0.0024314
2026-09-10 11:56:47.279 9 INFO neutron.wsgi [-] 10.0.0.68 "GET / HTTP/1.1" status: 200 len: 246 time: 0.0029173
2026-09-10 11:56:47.280 10 INFO neutron.wsgi [-] 10.0.0.68 "GET / HTTP/1.1" status: 200 len: 246 time: 0.0024898
2026-09-10 11:57:02.278 10 INFO neutron.wsgi [-] 10.0.0.68 "GET / HTTP/1.1" status: 200 len: 246 time: 0.0022216
2026-09-10 11:57:02.279 9 INFO neutron.wsgi [-] 10.0.0.68 "GET / HTTP/1.1" status: 200 len: 246 time: 0.0026906
2026-09-10 11:57:14.241 15 INFO neutron.db.ovn_revision_numbers_db [None req-30c2df8b-3bb0-4d23-bcde-aed1afbcc4c7 - - - - - -] Successfully bumped revision number for resource 0e62823e-55cc-43c9-bb54-df5a612c51d1 (type: networks) to 2
2026-09-10 11:57:14.312 15 INFO neutron.db.ovn_revision_numbers_db [None req-30c2df8b-3bb0-4d23-bcde-aed1afbcc4c7 - - - - - -] Successfully bumped revision number for resource f30aa95e-6e03-4f7c-b7e8-bd36b6c39e4c (type: security_groups) to 6
