+ COMMAND=start + start + for KEYSTONE_WSGI_SCRIPT in keystone-wsgi-public ++ type -p keystone-wsgi-public + cp -a /var/lib/openstack/bin/keystone-wsgi-public /var/www/cgi-bin/keystone/ + '[' -f /etc/apache2/envvars ']' + source /etc/apache2/envvars ++ unset HOME ++ '[' '' '!=' '' ']' ++ SUFFIX= ++ export APACHE_RUN_USER=www-data ++ APACHE_RUN_USER=www-data ++ export APACHE_RUN_GROUP=www-data ++ APACHE_RUN_GROUP=www-data ++ export APACHE_PID_FILE=/var/run/apache2/apache2.pid ++ APACHE_PID_FILE=/var/run/apache2/apache2.pid ++ export APACHE_RUN_DIR=/var/run/apache2 ++ APACHE_RUN_DIR=/var/run/apache2 ++ export APACHE_LOCK_DIR=/var/lock/apache2 ++ APACHE_LOCK_DIR=/var/lock/apache2 ++ export APACHE_LOG_DIR=/var/log/apache2 ++ APACHE_LOG_DIR=/var/log/apache2 ++ export LANG=C ++ LANG=C ++ export LANG + '[' -f /var/run/apache2/apache2.pid ']' + exec apache2 -DFOREGROUND AH00558: apache2: Could not reliably determine the server's fully qualified domain name, using 10.0.0.120. Set the 'ServerName' directive globally to suppress this message AH00558: apache2: Could not reliably determine the server's fully qualified domain name, using 10.0.0.120. Set the 'ServerName' directive globally to suppress this message
[Thu Aug 13 00:59:15.971779 2026] [mpm_event:notice] [pid 1:tid 140518893205376] AH00489: Apache/2.4.58 (Ubuntu) mod_wsgi/5.0.0 Python/3.12 configured -- resuming normal operations
[Thu Aug 13 00:59:15.971922 2026] [core:notice] [pid 1:tid 140518893205376] AH00094: Command line: 'apache2 -D FOREGROUND'
[Thu Aug 13 01:00:17.416230 2026] [wsgi:error] [pid 11:tid 140518256432832] /var/lib/openstack/lib/python3.12/site-packages/oslo_utils/importutils.py:77: EventletDeprecationWarning:
[Thu Aug 13 01:00:17.416269 2026] [wsgi:error] [pid 11:tid 140518256432832] Eventlet is deprecated. It is currently being maintained in bugfix mode, and
[Thu Aug 13 01:00:17.416271 2026] [wsgi:error] [pid 11:tid 140518256432832] we strongly recommend against using it for new projects.
[Thu Aug 13 01:00:17.416272 2026] [wsgi:error] [pid 11:tid 140518256432832]
[Thu Aug 13 01:00:17.416274 2026] [wsgi:error] [pid 11:tid 140518256432832] If you are already using Eventlet, we recommend migrating to a different
[Thu Aug 13 01:00:17.416275 2026] [wsgi:error] [pid 11:tid 140518256432832] framework. For more detail see
[Thu Aug 13 01:00:17.416276 2026] [wsgi:error] [pid 11:tid 140518256432832] https://eventlet.readthedocs.io/en/latest/asyncio/migration.html
[Thu Aug 13 01:00:17.416277 2026] [wsgi:error] [pid 11:tid 140518256432832]
[Thu Aug 13 01:00:17.416278 2026] [wsgi:error] [pid 11:tid 140518256432832] __import__(import_str)
[Thu Aug 13 01:00:17.493062 2026] [wsgi:error] [pid 10:tid 140518256432832] /var/lib/openstack/lib/python3.12/site-packages/oslo_utils/importutils.py:77: EventletDeprecationWarning:
[Thu Aug 13 01:00:17.493103 2026] [wsgi:error] [pid 10:tid 140518256432832] Eventlet is deprecated. It is currently being maintained in bugfix mode, and
[Thu Aug 13 01:00:17.493105 2026] [wsgi:error] [pid 10:tid 140518256432832] we strongly recommend against using it for new projects.
[Thu Aug 13 01:00:17.493107 2026] [wsgi:error] [pid 10:tid 140518256432832]
[Thu Aug 13 01:00:17.493108 2026] [wsgi:error] [pid 10:tid 140518256432832] If you are already using Eventlet, we recommend migrating to a different
[Thu Aug 13 01:00:17.493110 2026] [wsgi:error] [pid 10:tid 140518256432832] framework. For more detail see
[Thu Aug 13 01:00:17.493111 2026] [wsgi:error] [pid 10:tid 140518256432832] https://eventlet.readthedocs.io/en/latest/asyncio/migration.html
[Thu Aug 13 01:00:17.493112 2026] [wsgi:error] [pid 10:tid 140518256432832]
[Thu Aug 13 01:00:17.493113 2026] [wsgi:error] [pid 10:tid 140518256432832] __import__(import_str) 10.0.0.12 - - [13/Aug/2026:01:00:16 +0000] "GET /v3/ HTTP/1.1" 200 250 10.0.0.12 - - [13/Aug/2026:01:00:16 +0000] "GET /v3/ HTTP/1.1" 200 250
[Thu Aug 13 01:00:31.009079 2026] [wsgi:error] [pid 8:tid 140518256432832] /var/lib/openstack/lib/python3.12/site-packages/oslo_utils/importutils.py:77: EventletDeprecationWarning:
[Thu Aug 13 01:00:31.009116 2026] [wsgi:error] [pid 8:tid 140518256432832] Eventlet is deprecated. It is currently being maintained in bugfix mode, and
[Thu Aug 13 01:00:31.009118 2026] [wsgi:error] [pid 8:tid 140518256432832] we strongly recommend against using it for new projects.
[Thu Aug 13 01:00:31.009119 2026] [wsgi:error] [pid 8:tid 140518256432832]
[Thu Aug 13 01:00:31.009120 2026] [wsgi:error] [pid 8:tid 140518256432832] If you are already using Eventlet, we recommend migrating to a different
[Thu Aug 13 01:00:31.009121 2026] [wsgi:error] [pid 8:tid 140518256432832] framework. For more detail see
[Thu Aug 13 01:00:31.009123 2026] [wsgi:error] [pid 8:tid 140518256432832] https://eventlet.readthedocs.io/en/latest/asyncio/migration.html
[Thu Aug 13 01:00:31.009124 2026] [wsgi:error] [pid 8:tid 140518256432832]
[Thu Aug 13 01:00:31.009125 2026] [wsgi:error] [pid 8:tid 140518256432832] __import__(import_str) 10.0.0.142 - - [13/Aug/2026:01:00:30 +0000] "GET / HTTP/1.1" 300 295
[Thu Aug 13 01:00:36.304425 2026] [wsgi:error] [pid 9:tid 140518256432832] /var/lib/openstack/lib/python3.12/site-packages/oslo_utils/importutils.py:77: EventletDeprecationWarning:
[Thu Aug 13 01:00:36.304462 2026] [wsgi:error] [pid 9:tid 140518256432832] Eventlet is deprecated. It is currently being maintained in bugfix mode, and
[Thu Aug 13 01:00:36.304464 2026] [wsgi:error] [pid 9:tid 140518256432832] we strongly recommend against using it for new projects.
[Thu Aug 13 01:00:36.304465 2026] [wsgi:error] [pid 9:tid 140518256432832]
[Thu Aug 13 01:00:36.304466 2026] [wsgi:error] [pid 9:tid 140518256432832] If you are already using Eventlet, we recommend migrating to a different
[Thu Aug 13 01:00:36.304467 2026] [wsgi:error] [pid 9:tid 140518256432832] framework. For more detail see
[Thu Aug 13 01:00:36.304468 2026] [wsgi:error] [pid 9:tid 140518256432832] https://eventlet.readthedocs.io/en/latest/asyncio/migration.html
[Thu Aug 13 01:00:36.304469 2026] [wsgi:error] [pid 9:tid 140518256432832]
[Thu Aug 13 01:00:36.304471 2026] [wsgi:error] [pid 9:tid 140518256432832] __import__(import_str)
[Thu Aug 13 01:00:40.847750 2026] [wsgi:error] [pid 9:tid 140518256432832] [remote 10.0.0.142:55992] 2026-08-13 01:00:40.844 9 WARNING keystone.identity.core [None req-90708feb-da7e-4d0f-9dfd-ca43102d7aa4 - - - - - -] Invalid domain name (atmosphere) found in config file name: keystone.exception.DomainNotFound: Could not find domain: atmosphere.
[Thu Aug 13 01:00:40.897058 2026] [wsgi:error] [pid 9:tid 140518256432832] [remote 10.0.0.142:55992] 2026-08-13 01:00:40.896 9 WARNING keystone.common.password_hashing [None req-90708feb-da7e-4d0f-9dfd-ca43102d7aa4 - - - - - -] Truncating password to algorithm specific maximum length 72 characters.
[Thu Aug 13 01:00:41.181993 2026] [wsgi:error] [pid 9:tid 140518256432832] [remote 10.0.0.142:55992] 2026-08-13 01:00:41.181 9 WARNING keystone.common.fernet_utils [None req-90708feb-da7e-4d0f-9dfd-ca43102d7aa4 - - - - - -] key_repository is world readable: /etc/keystone/fernet-keys/ 10.0.0.142 - - [13/Aug/2026:01:00:35 +0000] "POST /v3/auth/tokens HTTP/1.1" 201 1360
[Thu Aug 13 01:00:41.595974 2026] [wsgi:error] [pid 11:tid 140518256432832] [remote 10.0.0.142:55992] 2026-08-13 01:00:41.592 11 WARNING keystone.identity.core [None req-be0f646b-3991-439f-aa5f-a91b6b2320fd - - - - - -] Invalid domain name (atmosphere) found in config file name: keystone.exception.DomainNotFound: Could not find domain: atmosphere. 10.0.0.142 - - [13/Aug/2026:01:00:41 +0000] "POST /v3/domains HTTP/1.1" 201 261 10.0.0.147 - - [13/Aug/2026:01:00:54 +0000] "GET / HTTP/1.1" 300 295
[Thu Aug 13 01:00:54.731886 2026] [wsgi:error] [pid 8:tid 140518256432832] [remote 10.0.0.147:55744] 2026-08-13 01:00:54.731 8 WARNING keystone.common.password_hashing [None req-cd424fbe-ef44-49f6-8840-ed6679acee1d - - - - - -] Truncating password to algorithm specific maximum length 72 characters.
[Thu Aug 13 01:00:55.005836 2026] [wsgi:error] [pid 8:tid 140518256432832] [remote 10.0.0.147:55744] 2026-08-13 01:00:55.005 8 WARNING keystone.common.fernet_utils [None req-cd424fbe-ef44-49f6-8840-ed6679acee1d - - - - - -] key_repository is world readable: /etc/keystone/fernet-keys/ 10.0.0.147 - - [13/Aug/2026:01:00:54 +0000] "POST /v3/auth/tokens HTTP/1.1" 201 1360 10.0.0.147 - - [13/Aug/2026:01:00:55 +0000] "GET /v3/roles/admin HTTP/1.1" 404 83
[Thu Aug 13 01:00:55.262819 2026] [wsgi:error] [pid 11:tid 140518256432832] [remote 10.0.0.147:55744] 2026-08-13 01:00:55.262 11 WARNING keystone.common.rbac_enforcer.enforcer [None req-c2395a37-a8dc-4f1c-b119-5364fc2340f1 b3be1fa3fec846a48e3ca24fabe1f473 65c6a6382105464da1e7099737088157 - - default default] Deprecated policy rules found. Use oslopolicy-policy-generator and oslopolicy-policy-upgrade to detect and resolve deprecated policies in your configuration. 10.0.0.147 - - [13/Aug/2026:01:00:55 +0000] "GET /v3/roles?name=admin HTTP/1.1" 200 389
[Thu Aug 13 01:00:55.871615 2026] [wsgi:error] [pid 10:tid 140518256432832] [remote 10.0.0.147:55744] 2026-08-13 01:00:55.871 10 WARNING keystone.common.rbac_enforcer.enforcer [None req-81accf50-0b36-45d8-9989-0857e7c2df07 b3be1fa3fec846a48e3ca24fabe1f473 65c6a6382105464da1e7099737088157 - - default default] Deprecated policy rules found. Use oslopolicy-policy-generator and oslopolicy-policy-upgrade to detect and resolve deprecated policies in your configuration. 10.0.0.147 - - [13/Aug/2026:01:00:55 +0000] "GET /v3/users/admin-RegionOne HTTP/1.1" 404 93
[Thu Aug 13 01:00:56.146412 2026] [wsgi:error] [pid 8:tid 140518256432832] [remote 10.0.0.147:55744] 2026-08-13 01:00:56.146 8 WARNING keystone.common.rbac_enforcer.enforcer [None req-6a6e6845-8fc5-4025-953c-b457ab781773 b3be1fa3fec846a48e3ca24fabe1f473 65c6a6382105464da1e7099737088157 - - default default] Deprecated policy rules found. Use oslopolicy-policy-generator and oslopolicy-policy-upgrade to detect and resolve deprecated policies in your configuration. 10.0.0.147 - - [13/Aug/2026:01:00:55 +0000] "GET /v3/users?name=admin-RegionOne HTTP/1.1" 200 422
[Thu Aug 13 01:00:56.312342 2026] [wsgi:error] [pid 9:tid 140518256432832] [remote 10.0.0.147:55744] 2026-08-13 01:00:56.312 9 WARNING keystone.common.rbac_enforcer.enforcer [None req-1e35e7b2-c88e-43c6-acdd-2dccdf0c9742 b3be1fa3fec846a48e3ca24fabe1f473 65c6a6382105464da1e7099737088157 - - default default] Deprecated policy rules found. Use oslopolicy-policy-generator and oslopolicy-policy-upgrade to detect and resolve deprecated policies in your configuration. 10.0.0.147 - - [13/Aug/2026:01:00:56 +0000] "GET /v3/domains/default HTTP/1.1" 200 224 10.0.0.147 - - [13/Aug/2026:01:00:56 +0000] "PUT /v3/domains/default/users/b3be1fa3fec846a48e3ca24fabe1f473/roles/8206f487bb224e4c80b227a392eb3054 HTTP/1.1" 204 - 10.0.0.12 - - [13/Aug/2026:01:01:06 +0000] "GET / HTTP/1.1" 300 281 10.0.0.12 - - [13/Aug/2026:01:01:07 +0000] "GET /v3 HTTP/1.1" 200 266
[Thu Aug 13 01:01:07.768845 2026] [wsgi:error] [pid 9:tid 140518256432832] [remote 10.0.0.12:54480] 2026-08-13 01:01:07.768 9 WARNING keystone.common.password_hashing [None req-b81406c2-945b-4366-928a-25f0a99bd4cd - - - - - -] Truncating password to algorithm specific maximum length 72 characters.
[Thu Aug 13 01:01:08.041612 2026] [wsgi:error] [pid 9:tid 140518256432832] [remote 10.0.0.12:54480] 2026-08-13 01:01:08.041 9 WARNING keystone.common.fernet_utils [None req-b81406c2-945b-4366-928a-25f0a99bd4cd - - - - - -] key_repository is world readable: /etc/keystone/fernet-keys/ 10.0.0.12 - - [13/Aug/2026:01:01:07 +0000] "POST /v3/auth/tokens HTTP/1.1" 201 1360 10.0.0.12 - - [13/Aug/2026:01:01:08 +0000] "GET / HTTP/1.1" 300 281 10.0.0.12 - - [13/Aug/2026:01:01:08 +0000] "GET /v3/domains/atmosphere HTTP/1.1" 404 90 10.0.0.12 - - [13/Aug/2026:01:01:08 +0000] "GET /v3/domains?name=atmosphere HTTP/1.1" 200 370 10.0.0.12 - - [13/Aug/2026:01:01:08 +0000] "GET /v3/domains/28fd5a417f174c1f9d6ea2031e68c729 HTTP/1.1" 200 247 10.0.0.12 - - [13/Aug/2026:01:01:09 +0000] "GET /v3 HTTP/1.1" 200 266
[Thu Aug 13 01:01:09.292322 2026] [wsgi:error] [pid 10:tid 140518256432832] [remote 10.0.0.12:54480] 2026-08-13 01:01:09.291 10 WARNING keystone.common.password_hashing [None req-e1579536-8838-4fd6-8b90-193b6131473c - - - - - -] Truncating password to algorithm specific maximum length 72 characters.
[Thu Aug 13 01:01:09.579041 2026] [wsgi:error] [pid 10:tid 140518256432832] [remote 10.0.0.12:54480] 2026-08-13 01:01:09.578 10 WARNING keystone.common.fernet_utils [None req-e1579536-8838-4fd6-8b90-193b6131473c - - - - - -] key_repository is world readable: /etc/keystone/fernet-keys/ 10.0.0.12 - - [13/Aug/2026:01:01:09 +0000] "POST /v3/auth/tokens HTTP/1.1" 201 1360 10.0.0.12 - - [13/Aug/2026:01:01:09 +0000] "GET / HTTP/1.1" 300 281 10.0.0.12 - - [13/Aug/2026:01:01:09 +0000] "GET /v3/OS-FEDERATION/identity_providers/atmosphere HTTP/1.1" 404 101 10.0.0.12 - - [13/Aug/2026:01:01:09 +0000] "GET /v3/OS-FEDERATION/identity_providers HTTP/1.1" 200 156 10.0.0.12 - - [13/Aug/2026:01:01:09 +0000] "PUT /v3/OS-FEDERATION/identity_providers/atmosphere HTTP/1.1" 201 342 10.0.0.12 - - [13/Aug/2026:01:01:10 +0000] "GET /v3 HTTP/1.1" 200 266
[Thu Aug 13 01:01:10.430718 2026] [wsgi:error] [pid 9:tid 140518256432832] [remote 10.0.0.12:54492] 2026-08-13 01:01:10.430 9 WARNING keystone.common.password_hashing [None req-9a6a63d2-4d95-4f76-9e82-cba030d1ba4b - - - - - -] Truncating password to algorithm specific maximum length 72 characters.
[Thu Aug 13 01:01:10.706531 2026] [wsgi:error] [pid 9:tid 140518256432832] [remote 10.0.0.12:54492] 2026-08-13 01:01:10.706 9 WARNING keystone.common.fernet_utils [None req-9a6a63d2-4d95-4f76-9e82-cba030d1ba4b - - - - - -] key_repository is world readable: /etc/keystone/fernet-keys/ 10.0.0.12 - - [13/Aug/2026:01:01:10 +0000] "POST /v3/auth/tokens HTTP/1.1" 201 1360 10.0.0.12 - - [13/Aug/2026:01:01:10 +0000] "GET / HTTP/1.1" 300 281 10.0.0.12 - - [13/Aug/2026:01:01:10 +0000] "GET /v3/OS-FEDERATION/mappings/atmosphere-openid HTTP/1.1" 404 98 10.0.0.12 - - [13/Aug/2026:01:01:10 +0000] "GET /v3/OS-FEDERATION/mappings HTTP/1.1" 200 136 10.0.0.12 - - [13/Aug/2026:01:01:10 +0000] "PUT /v3/OS-FEDERATION/mappings/atmosphere-openid HTTP/1.1" 201 357 10.0.0.12 - - [13/Aug/2026:01:01:11 +0000] "GET /v3 HTTP/1.1" 200 266
[Thu Aug 13 01:01:11.642125 2026] [wsgi:error] [pid 10:tid 140518256432832] [remote 10.0.0.12:54492] 2026-08-13 01:01:11.641 10 WARNING keystone.common.password_hashing [None req-82bc20bc-dc72-4480-a940-d2d301ec7535 - - - - - -] Truncating password to algorithm specific maximum length 72 characters.
[Thu Aug 13 01:01:11.911982 2026] [wsgi:error] [pid 10:tid 140518256432832] [remote 10.0.0.12:54492] 2026-08-13 01:01:11.911 10 WARNING keystone.common.fernet_utils [None req-82bc20bc-dc72-4480-a940-d2d301ec7535 - - - - - -] key_repository is world readable: /etc/keystone/fernet-keys/ 10.0.0.12 - - [13/Aug/2026:01:01:11 +0000] "POST /v3/auth/tokens HTTP/1.1" 201 1360 10.0.0.12 - - [13/Aug/2026:01:01:11 +0000] "GET / HTTP/1.1" 300 281 10.0.0.12 - - [13/Aug/2026:01:01:11 +0000] "GET /v3/OS-FEDERATION/identity_providers/atmosphere/protocols/openid?idp_id=atmosphere HTTP/1.1" 404 131 10.0.0.12 - - [13/Aug/2026:01:01:11 +0000] "GET /v3/OS-FEDERATION/identity_providers/atmosphere/protocols HTTP/1.1" 200 168 10.0.0.12 - - [13/Aug/2026:01:01:11 +0000] "PUT /v3/OS-FEDERATION/identity_providers/atmosphere/protocols/openid HTTP/1.1" 201 224 10.0.0.12 - - [13/Aug/2026:01:01:16 +0000] "GET /v3/ HTTP/1.1" 200 250 10.0.0.12 - - [13/Aug/2026:01:01:16 +0000] "GET /v3/ HTTP/1.1" 200 250 10.0.0.12 - - [13/Aug/2026:01:02:16 +0000] "GET /v3/ HTTP/1.1" 200 250 10.0.0.12 - - [13/Aug/2026:01:02:16 +0000] "GET /v3/ HTTP/1.1" 200 250 10.0.0.200 - - [13/Aug/2026:01:02:39 +0000] "GET / HTTP/1.1" 300 295
[Thu Aug 13 01:02:39.447951 2026] [wsgi:error] [pid 9:tid 140518256432832] [remote 10.0.0.200:33354] 2026-08-13 01:02:39.447 9 WARNING keystone.common.password_hashing [None req-6b6bdb21-9d4f-474b-8c22-9fad361198f1 - - - - - -] Truncating password to algorithm specific maximum length 72 characters.
[Thu Aug 13 01:02:39.729419 2026] [wsgi:error] [pid 9:tid 140518256432832] [remote 10.0.0.200:33354] 2026-08-13 01:02:39.729 9 WARNING keystone.common.fernet_utils [None req-6b6bdb21-9d4f-474b-8c22-9fad361198f1 - - - - - -] key_repository is world readable: /etc/keystone/fernet-keys/ 10.0.0.200 - - [13/Aug/2026:01:02:39 +0000] "POST /v3/auth/tokens HTTP/1.1" 201 1360 10.0.0.200 - - [13/Aug/2026:01:02:39 +0000] "GET /v3/services HTTP/1.1" 200 355 10.0.0.200 - - [13/Aug/2026:01:02:43 +0000] "GET / HTTP/1.1" 300 295
[Thu Aug 13 01:02:43.580062 2026] [wsgi:error] [pid 8:tid 140518256432832] [remote 10.0.0.200:33370] 2026-08-13 01:02:43.579 8 WARNING keystone.common.password_hashing [None req-4aafd36a-67ba-4595-a7b9-108c18105fa3 - - - - - -] Truncating password to algorithm specific maximum length 72 characters.
[Thu Aug 13 01:02:43.853238 2026] [wsgi:error] [pid 8:tid 140518256432832] [remote 10.0.0.200:33370] 2026-08-13 01:02:43.853 8 WARNING keystone.common.fernet_utils [None req-4aafd36a-67ba-4595-a7b9-108c18105fa3 - - - - - -] key_repository is world readable: /etc/keystone/fernet-keys/ 10.0.0.200 - - [13/Aug/2026:01:02:43 +0000] "POST /v3/auth/tokens HTTP/1.1" 201 1360 10.0.0.200 - - [13/Aug/2026:01:02:43 +0000] "GET /v3/services HTTP/1.1" 200 355 10.0.0.200 - - [13/Aug/2026:01:02:47 +0000] "GET / HTTP/1.1" 300 295
[Thu Aug 13 01:02:47.628456 2026] [wsgi:error] [pid 10:tid 140518256432832] [remote 10.0.0.200:39602] 2026-08-13 01:02:47.628 10 WARNING keystone.common.password_hashing [None req-7877c480-6b52-41e9-be33-1ca2961ec06d - - - - - -] Truncating password to algorithm specific maximum length 72 characters.
[Thu Aug 13 01:02:47.900648 2026] [wsgi:error] [pid 10:tid 140518256432832] [remote 10.0.0.200:39602] 2026-08-13 01:02:47.900 10 WARNING keystone.common.fernet_utils [None req-7877c480-6b52-41e9-be33-1ca2961ec06d - - - - - -] key_repository is world readable: /etc/keystone/fernet-keys/ 10.0.0.200 - - [13/Aug/2026:01:02:47 +0000] "POST /v3/auth/tokens HTTP/1.1" 201 1360 10.0.0.200 - - [13/Aug/2026:01:02:48 +0000] "GET /v3/services HTTP/1.1" 200 355 10.0.0.200 - - [13/Aug/2026:01:02:51 +0000] "GET / HTTP/1.1" 300 295
[Thu Aug 13 01:02:51.557757 2026] [wsgi:error] [pid 11:tid 140518256432832] [remote 10.0.0.200:39618] 2026-08-13 01:02:51.557 11 WARNING keystone.common.password_hashing [None req-7932dee1-5f12-4236-8e5d-748343c927b1 - - - - - -] Truncating password to algorithm specific maximum length 72 characters.
[Thu Aug 13 01:02:51.834931 2026] [wsgi:error] [pid 11:tid 140518256432832] [remote 10.0.0.200:39618] 2026-08-13 01:02:51.834 11 WARNING keystone.common.fernet_utils [None req-7932dee1-5f12-4236-8e5d-748343c927b1 - - - - - -] key_repository is world readable: /etc/keystone/fernet-keys/ 10.0.0.200 - - [13/Aug/2026:01:02:51 +0000] "POST /v3/auth/tokens HTTP/1.1" 201 1360 10.0.0.200 - - [13/Aug/2026:01:02:51 +0000] "POST /v3/services HTTP/1.1" 201 296 10.0.0.169 - - [13/Aug/2026:01:03:03 +0000] "GET / HTTP/1.1" 300 295
[Thu Aug 13 01:03:03.600281 2026] [wsgi:error] [pid 9:tid 140518256432832] [remote 10.0.0.169:35202] 2026-08-13 01:03:03.600 9 WARNING keystone.common.password_hashing [None req-10452f4f-ee50-4aec-aa54-783c31da8b31 - - - - - -] Truncating password to algorithm specific maximum length 72 characters. 10.0.0.169 - - [13/Aug/2026:01:03:03 +0000] "GET / HTTP/1.1" 300 295
[Thu Aug 13 01:03:03.634000 2026] [wsgi:error] [pid 10:tid 140518256432832] [remote 10.0.0.169:35218] 2026-08-13 01:03:03.633 10 WARNING keystone.common.password_hashing [None req-83d79765-146f-4b73-921e-5838cdaf77b2 - - - - - -] Truncating password to algorithm specific maximum length 72 characters. 10.0.0.169 - - [13/Aug/2026:01:03:03 +0000] "GET / HTTP/1.1" 300 295
[Thu Aug 13 01:03:03.666662 2026] [wsgi:error] [pid 11:tid 140518256432832] [remote 10.0.0.169:35232] 2026-08-13 01:03:03.666 11 WARNING keystone.common.password_hashing [None req-8171f18f-5ba8-49b5-9f80-0ef03e28e222 - - - - - -] Truncating password to algorithm specific maximum length 72 characters.
[Thu Aug 13 01:03:03.873209 2026] [wsgi:error] [pid 9:tid 140518256432832] [remote 10.0.0.169:35202] 2026-08-13 01:03:03.872 9 WARNING keystone.common.fernet_utils [None req-10452f4f-ee50-4aec-aa54-783c31da8b31 - - - - - -] key_repository is world readable: /etc/keystone/fernet-keys/ 10.0.0.169 - - [13/Aug/2026:01:03:03 +0000] "POST /v3/auth/tokens HTTP/1.1" 201 1464
[Thu Aug 13 01:03:03.904978 2026] [wsgi:error] [pid 10:tid 140518256432832] [remote 10.0.0.169:35218] 2026-08-13 01:03:03.904 10 WARNING keystone.common.fernet_utils [None req-83d79765-146f-4b73-921e-5838cdaf77b2 - - - - - -] key_repository is world readable: /etc/keystone/fernet-keys/ 10.0.0.169 - - [13/Aug/2026:01:03:03 +0000] "POST /v3/auth/tokens HTTP/1.1" 201 1464
[Thu Aug 13 01:03:03.935499 2026] [wsgi:error] [pid 11:tid 140518256432832] [remote 10.0.0.169:35232] 2026-08-13 01:03:03.935 11 WARNING keystone.common.fernet_utils [None req-8171f18f-5ba8-49b5-9f80-0ef03e28e222 - - - - - -] key_repository is world readable: /etc/keystone/fernet-keys/ 10.0.0.169 - - [13/Aug/2026:01:03:03 +0000] "POST /v3/auth/tokens HTTP/1.1" 201 1464 10.0.0.169 - - [13/Aug/2026:01:03:04 +0000] "GET /v3/services HTTP/1.1" 200 639 10.0.0.169 - - [13/Aug/2026:01:03:04 +0000] "GET /v3/services HTTP/1.1" 200 639 10.0.0.169 - - [13/Aug/2026:01:03:04 +0000] "GET /v3/services HTTP/1.1" 200 639 10.0.0.169 - - [13/Aug/2026:01:03:05 +0000] "GET / HTTP/1.1" 300 295
[Thu Aug 13 01:03:05.589103 2026] [wsgi:error] [pid 8:tid 140518256432832] [remote 10.0.0.169:55222] 2026-08-13 01:03:05.588 8 WARNING keystone.common.password_hashing [None req-8ed66b7f-4e6b-46e1-95c5-653dbee1f497 - - - - - -] Truncating password to algorithm specific maximum length 72 characters. 10.0.0.169 - - [13/Aug/2026:01:03:05 +0000] "GET / HTTP/1.1" 300 295
[Thu Aug 13 01:03:05.617980 2026] [wsgi:error] [pid 10:tid 140518256432832] [remote 10.0.0.169:55234] 2026-08-13 01:03:05.617 10 WARNING keystone.common.password_hashing [None req-432808b9-5f34-4b83-b570-212bfda4e2a7 - - - - - -] Truncating password to algorithm specific maximum length 72 characters. 10.0.0.169 - - [13/Aug/2026:01:03:05 +0000] "GET / HTTP/1.1" 300 295
[Thu Aug 13 01:03:05.669501 2026] [wsgi:error] [pid 9:tid 140518256432832] [remote 10.0.0.169:55244] 2026-08-13 01:03:05.669 9 WARNING keystone.common.password_hashing [None req-a078ab1b-b5f6-4b89-8004-2a780ac7ede2 - - - - - -] Truncating password to algorithm specific maximum length 72 characters.
[Thu Aug 13 01:03:05.874012 2026] [wsgi:error] [pid 8:tid 140518256432832] [remote 10.0.0.169:55222] 2026-08-13 01:03:05.873 8 WARNING keystone.common.fernet_utils [None req-8ed66b7f-4e6b-46e1-95c5-653dbee1f497 - - - - - -] key_repository is world readable: /etc/keystone/fernet-keys/ 10.0.0.169 - - [13/Aug/2026:01:03:05 +0000] "POST /v3/auth/tokens HTTP/1.1" 201 1464
[Thu Aug 13 01:03:05.899954 2026] [wsgi:error] [pid 10:tid 140518256432832] [remote 10.0.0.169:55234] 2026-08-13 01:03:05.899 10 WARNING keystone.common.fernet_utils [None req-432808b9-5f34-4b83-b570-212bfda4e2a7 - - - - - -] key_repository is world readable: /etc/keystone/fernet-keys/ 10.0.0.169 - - [13/Aug/2026:01:03:05 +0000] "POST /v3/auth/tokens HTTP/1.1" 201 1464
[Thu Aug 13 01:03:05.948637 2026] [wsgi:error] [pid 9:tid 140518256432832] [remote 10.0.0.169:55244] 2026-08-13 01:03:05.948 9 WARNING keystone.common.fernet_utils [None req-a078ab1b-b5f6-4b89-8004-2a780ac7ede2 - - - - - -] key_repository is world readable: /etc/keystone/fernet-keys/ 10.0.0.169 - - [13/Aug/2026:01:03:05 +0000] "POST /v3/auth/tokens HTTP/1.1" 201 1464 10.0.0.169 - - [13/Aug/2026:01:03:05 +0000] "GET /v3/endpoints HTTP/1.1" 200 1227 10.0.0.169 - - [13/Aug/2026:01:03:05 +0000] "GET /v3/endpoints HTTP/1.1" 200 1227 10.0.0.169 - - [13/Aug/2026:01:03:06 +0000] "GET /v3/services/76c9c4cd90114fa98670088f664a6a9d HTTP/1.1" 200 233 10.0.0.169 - - [13/Aug/2026:01:03:06 +0000] "GET /v3/services/76c9c4cd90114fa98670088f664a6a9d HTTP/1.1" 200 233 10.0.0.169 - - [13/Aug/2026:01:03:06 +0000] "GET /v3/services/76c9c4cd90114fa98670088f664a6a9d HTTP/1.1" 200 233 10.0.0.169 - - [13/Aug/2026:01:03:06 +0000] "GET /v3/services/76c9c4cd90114fa98670088f664a6a9d HTTP/1.1" 200 233 10.0.0.169 - - [13/Aug/2026:01:03:06 +0000] "GET /v3/services/76c9c4cd90114fa98670088f664a6a9d HTTP/1.1" 200 233 10.0.0.169 - - [13/Aug/2026:01:03:06 +0000] "GET /v3/endpoints HTTP/1.1" 200 1227 10.0.0.169 - - [13/Aug/2026:01:03:06 +0000] "GET /v3/services/76c9c4cd90114fa98670088f664a6a9d HTTP/1.1" 200 233 10.0.0.169 - - [13/Aug/2026:01:03:06 +0000] "GET /v3/services/76c9c4cd90114fa98670088f664a6a9d HTTP/1.1" 200 233 10.0.0.169 - - [13/Aug/2026:01:03:06 +0000] "GET /v3/services/76c9c4cd90114fa98670088f664a6a9d HTTP/1.1" 200 233 10.0.0.169 - - [13/Aug/2026:01:03:06 +0000] "GET /v3/services/76c9c4cd90114fa98670088f664a6a9d HTTP/1.1" 200 233 10.0.0.169 - - [13/Aug/2026:01:03:07 +0000] "GET / HTTP/1.1" 300 295
[Thu Aug 13 01:03:07.571577 2026] [wsgi:error] [pid 8:tid 140518256432832] [remote 10.0.0.169:55256] 2026-08-13 01:03:07.571 8 WARNING keystone.common.password_hashing [None req-713017fa-cd1c-4406-8060-0bc9d95533e8 - - - - - -] Truncating password to algorithm specific maximum length 72 characters. 10.0.0.169 - - [13/Aug/2026:01:03:07 +0000] "GET / HTTP/1.1" 300 295 10.0.0.169 - - [13/Aug/2026:01:03:07 +0000] "GET / HTTP/1.1" 300 295
[Thu Aug 13 01:03:07.622375 2026] [wsgi:error] [pid 10:tid 140518256432832] [remote 10.0.0.169:55262] 2026-08-13 01:03:07.622 10 WARNING keystone.common.password_hashing [None req-8d9718ce-225f-4dab-9b84-c999b8a87bb5 - - - - - -] Truncating password to algorithm specific maximum length 72 characters.
[Thu Aug 13 01:03:07.625929 2026] [wsgi:error] [pid 9:tid 140518256432832] [remote 10.0.0.169:55268] 2026-08-13 01:03:07.625 9 WARNING keystone.common.password_hashing [None req-1e9a0650-a085-463c-b8f8-c617c0741db1 - - - - - -] Truncating password to algorithm specific maximum length 72 characters.
[Thu Aug 13 01:03:07.848711 2026] [wsgi:error] [pid 8:tid 140518256432832] [remote 10.0.0.169:55256] 2026-08-13 01:03:07.848 8 WARNING keystone.common.fernet_utils [None req-713017fa-cd1c-4406-8060-0bc9d95533e8 - - - - - -] key_repository is world readable: /etc/keystone/fernet-keys/ 10.0.0.169 - - [13/Aug/2026:01:03:07 +0000] "POST /v3/auth/tokens HTTP/1.1" 201 1464
[Thu Aug 13 01:03:07.893607 2026] [wsgi:error] [pid 10:tid 140518256432832] [remote 10.0.0.169:55262] 2026-08-13 01:03:07.893 10 WARNING keystone.common.fernet_utils [None req-8d9718ce-225f-4dab-9b84-c999b8a87bb5 - - - - - -] key_repository is world readable: /etc/keystone/fernet-keys/ 10.0.0.169 - - [13/Aug/2026:01:03:07 +0000] "POST /v3/auth/tokens HTTP/1.1" 201 1464
[Thu Aug 13 01:03:07.903992 2026] [wsgi:error] [pid 9:tid 140518256432832] [remote 10.0.0.169:55268] 2026-08-13 01:03:07.903 9 WARNING keystone.common.fernet_utils [None req-1e9a0650-a085-463c-b8f8-c617c0741db1 - - - - - -] key_repository is world readable: /etc/keystone/fernet-keys/ 10.0.0.169 - - [13/Aug/2026:01:03:07 +0000] "POST /v3/auth/tokens HTTP/1.1" 201 1464 10.0.0.169 - - [13/Aug/2026:01:03:07 +0000] "GET /v3/services/b84c0d1be8c84747856bdfad252f8f41 HTTP/1.1" 200 296 10.0.0.169 - - [13/Aug/2026:01:03:07 +0000] "GET /v3/regions/RegionOne HTTP/1.1" 200 173 10.0.0.169 - - [13/Aug/2026:01:03:07 +0000] "GET /v3/services/b84c0d1be8c84747856bdfad252f8f41 HTTP/1.1" 200 296 10.0.0.169 - - [13/Aug/2026:01:03:07 +0000] "POST /v3/endpoints HTTP/1.1" 201 380 10.0.0.169 - - [13/Aug/2026:01:03:08 +0000] "GET /v3/services/b84c0d1be8c84747856bdfad252f8f41 HTTP/1.1" 200 296 10.0.0.169 - - [13/Aug/2026:01:03:08 +0000] "GET /v3/regions/RegionOne HTTP/1.1" 200 173 10.0.0.169 - - [13/Aug/2026:01:03:08 +0000] "GET /v3/regions/RegionOne HTTP/1.1" 200 173 10.0.0.169 - - [13/Aug/2026:01:03:08 +0000] "POST /v3/endpoints HTTP/1.1" 201 370 10.0.0.169 - - [13/Aug/2026:01:03:08 +0000] "POST /v3/endpoints HTTP/1.1" 201 383 10.0.0.169 - - [13/Aug/2026:01:03:09 +0000] "GET / HTTP/1.1" 300 295
[Thu Aug 13 01:03:09.497091 2026] [wsgi:error] [pid 9:tid 140518256432832] [remote 10.0.0.169:55280] 2026-08-13 01:03:09.496 9 WARNING keystone.common.password_hashing [None req-c4565566-da48-48c9-909a-a465e55c0a62 - - - - - -] Truncating password to algorithm specific maximum length 72 characters. 10.0.0.169 - - [13/Aug/2026:01:03:09 +0000] "GET / HTTP/1.1" 300 295
[Thu Aug 13 01:03:09.581877 2026] [wsgi:error] [pid 11:tid 140518256432832] [remote 10.0.0.169:55292] 2026-08-13 01:03:09.581 11 WARNING keystone.common.password_hashing [None req-24732c33-ee3b-47f5-bfdb-4f599acd5414 - - - - - -] Truncating password to algorithm specific maximum length 72 characters. 10.0.0.169 - - [13/Aug/2026:01:03:09 +0000] "GET / HTTP/1.1" 300 295
[Thu Aug 13 01:03:09.669392 2026] [wsgi:error] [pid 10:tid 140518256432832] [remote 10.0.0.169:55304] 2026-08-13 01:03:09.669 10 WARNING keystone.common.password_hashing [None req-6dfacacc-cda4-4ed3-91f5-3bcbf2e4e8c1 - - - - - -] Truncating password to algorithm specific maximum length 72 characters.
[Thu Aug 13 01:03:09.771747 2026] [wsgi:error] [pid 9:tid 140518256432832] [remote 10.0.0.169:55280] 2026-08-13 01:03:09.771 9 WARNING keystone.common.fernet_utils [None req-c4565566-da48-48c9-909a-a465e55c0a62 - - - - - -] key_repository is world readable: /etc/keystone/fernet-keys/ 10.0.0.169 - - [13/Aug/2026:01:03:09 +0000] "POST /v3/auth/tokens HTTP/1.1" 201 1992
[Thu Aug 13 01:03:09.855882 2026] [wsgi:error] [pid 11:tid 140518256432832] [remote 10.0.0.169:55292] 2026-08-13 01:03:09.855 11 WARNING keystone.common.fernet_utils [None req-24732c33-ee3b-47f5-bfdb-4f599acd5414 - - - - - -] key_repository is world readable: /etc/keystone/fernet-keys/ 10.0.0.169 - - [13/Aug/2026:01:03:09 +0000] "POST /v3/auth/tokens HTTP/1.1" 201 1992 10.0.0.169 - - [13/Aug/2026:01:03:09 +0000] "GET /v3/endpoints/2ce6a3fd9f0e4a649902ad2f06b91ae2 HTTP/1.1" 200 380 10.0.0.169 - - [13/Aug/2026:01:03:09 +0000] "GET /v3/services/b84c0d1be8c84747856bdfad252f8f41 HTTP/1.1" 200 296
[Thu Aug 13 01:03:09.948356 2026] [wsgi:error] [pid 10:tid 140518256432832] [remote 10.0.0.169:55304] 2026-08-13 01:03:09.948 10 WARNING keystone.common.fernet_utils [None req-6dfacacc-cda4-4ed3-91f5-3bcbf2e4e8c1 - - - - - -] key_repository is world readable: /etc/keystone/fernet-keys/ 10.0.0.169 - - [13/Aug/2026:01:03:09 +0000] "POST /v3/auth/tokens HTTP/1.1" 201 1992 10.0.0.169 - - [13/Aug/2026:01:03:09 +0000] "GET /v3/endpoints/e665b5d8e37149308fbebdff2cdad7ee HTTP/1.1" 200 370 10.0.0.169 - - [13/Aug/2026:01:03:09 +0000] "GET /v3/services/b84c0d1be8c84747856bdfad252f8f41 HTTP/1.1" 200 296 10.0.0.169 - - [13/Aug/2026:01:03:10 +0000] "GET /v3/endpoints/b9db6d9e1be64e23bc5150671a7a6c75 HTTP/1.1" 200 383 10.0.0.169 - - [13/Aug/2026:01:03:10 +0000] "GET /v3/services/b84c0d1be8c84747856bdfad252f8f41 HTTP/1.1" 200 296 10.0.0.12 - - [13/Aug/2026:01:03:16 +0000] "GET /v3/ HTTP/1.1" 200 250 10.0.0.12 - - [13/Aug/2026:01:03:16 +0000] "GET /v3/ HTTP/1.1" 200 250 10.0.0.8 - - [13/Aug/2026:01:03:22 +0000] "GET / HTTP/1.1" 300 295
[Thu Aug 13 01:03:22.666733 2026] [wsgi:error] [pid 10:tid 140518256432832] [remote 10.0.0.8:53694] 2026-08-13 01:03:22.666 10 WARNING keystone.common.password_hashing [None req-1ed01acf-21ca-4d74-8873-3b32a219e17d - - - - - -] Truncating password to algorithm specific maximum length 72 characters.
[Thu Aug 13 01:03:22.959512 2026] [wsgi:error] [pid 10:tid 140518256432832] [remote 10.0.0.8:53694] 2026-08-13 01:03:22.959 10 WARNING keystone.common.fernet_utils [None req-1ed01acf-21ca-4d74-8873-3b32a219e17d - - - - - -] key_repository is world readable: /etc/keystone/fernet-keys/ 10.0.0.8 - - [13/Aug/2026:01:03:22 +0000] "POST /v3/auth/tokens HTTP/1.1" 201 1992 10.0.0.8 - - [13/Aug/2026:01:03:23 +0000] "POST /v3/domains HTTP/1.1" 201 284 10.0.0.8 - - [13/Aug/2026:01:03:24 +0000] "GET / HTTP/1.1" 300 295
[Thu Aug 13 01:03:24.702181 2026] [wsgi:error] [pid 9:tid 140518256432832] [remote 10.0.0.8:55736] 2026-08-13 01:03:24.701 9 WARNING keystone.common.password_hashing [None req-d53d0e5d-b0bd-4421-9ac4-be3f5a976cfd - - - - - -] Truncating password to algorithm specific maximum length 72 characters.
[Thu Aug 13 01:03:25.007270 2026] [wsgi:error] [pid 9:tid 140518256432832] [remote 10.0.0.8:55736] 2026-08-13 01:03:25.007 9 WARNING keystone.common.fernet_utils [None req-d53d0e5d-b0bd-4421-9ac4-be3f5a976cfd - - - - - -] key_repository is world readable: /etc/keystone/fernet-keys/ 10.0.0.8 - - [13/Aug/2026:01:03:24 +0000] "POST /v3/auth/tokens HTTP/1.1" 201 1992
[Thu Aug 13 01:03:25.188958 2026] [wsgi:error] [pid 10:tid 140518256432832] [remote 10.0.0.8:55736] 2026-08-13 01:03:25.172 10 ERROR keystone.server.flask.application [None req-a3010da9-1ace-4f49-8c85-c75098754ae2 b3be1fa3fec846a48e3ca24fabe1f473 65c6a6382105464da1e7099737088157 - - default default] Conflict occurred attempting to store project - it is not permitted to have two projects acting as domains with the same name: service.: keystone.exception.Conflict: Conflict occurred attempting to store project - it is not permitted to have two projects acting as domains with the same name: service.
[Thu Aug 13 01:03:25.188983 2026] [wsgi:error] [pid 10:tid 140518256432832] [remote 10.0.0.8:55736] 2026-08-13 01:03:25.172 10 ERROR keystone.server.flask.application
Traceback (most recent call last):
[Thu Aug 13 01:03:25.188985 2026] [wsgi:error] [pid 10:tid 140518256432832] [remote 10.0.0.8:55736] 2026-08-13 01:03:25.172 10 ERROR keystone.server.flask.application
File "/var/lib/openstack/lib/python3.12/site-packages/sqlalchemy/engine/base.py", line 1969, in _exec_single_context
[Thu Aug 13 01:03:25.188987 2026] [wsgi:error] [pid 10:tid 140518256432832] [remote 10.0.0.8:55736] 2026-08-13 01:03:25.172 10 ERROR keystone.server.flask.application self.dialect.do_execute(
[Thu Aug 13 01:03:25.188989 2026] [wsgi:error] [pid 10:tid 140518256432832] [remote 10.0.0.8:55736] 2026-08-13 01:03:25.172 10 ERROR keystone.server.flask.application
File "/var/lib/openstack/lib/python3.12/site-packages/sqlalchemy/engine/default.py", line 952, in do_execute
[Thu Aug 13 01:03:25.188990 2026] [wsgi:error] [pid 10:tid 140518256432832] [remote 10.0.0.8:55736] 2026-08-13 01:03:25.172 10 ERROR keystone.server.flask.application cursor.execute(statement, parameters)
[Thu Aug 13 01:03:25.188992 2026] [wsgi:error] [pid 10:tid 140518256432832] [remote 10.0.0.8:55736] 2026-08-13 01:03:25.172 10 ERROR keystone.server.flask.application
File "/var/lib/openstack/lib/python3.12/site-packages/pymysql/cursors.py", line 159, in execute
[Thu Aug 13 01:03:25.188993 2026] [wsgi:error] [pid 10:tid 140518256432832] [remote 10.0.0.8:55736] 2026-08-13 01:03:25.172 10 ERROR keystone.server.flask.application result = self._query(query)
[Thu Aug 13 01:03:25.188994 2026] [wsgi:error] [pid 10:tid 140518256432832] [remote 10.0.0.8:55736] 2026-08-13 01:03:25.172 10 ERROR keystone.server.flask.application ^^^^^^^^^^^^^^^^^^
[Thu Aug 13 01:03:25.188996 2026] [wsgi:error] [pid 10:tid 140518256432832] [remote 10.0.0.8:55736] 2026-08-13 01:03:25.172 10 ERROR keystone.server.flask.application
File "/var/lib/openstack/lib/python3.12/site-packages/pymysql/cursors.py", line 330, in _query
[Thu Aug 13 01:03:25.188998 2026] [wsgi:error] [pid 10:tid 140518256432832] [remote 10.0.0.8:55736] 2026-08-13 01:03:25.172 10 ERROR keystone.server.flask.application conn.query(q)
[Thu Aug 13 01:03:25.188999 2026] [wsgi:error] [pid 10:tid 140518256432832] [remote 10.0.0.8:55736] 2026-08-13 01:03:25.172 10 ERROR keystone.server.flask.application
File "/var/lib/openstack/lib/python3.12/site-packages/pymysql/connections.py", line 582, in query
[Thu Aug 13 01:03:25.189000 2026] [wsgi:error] [pid 10:tid 140518256432832] [remote 10.0.0.8:55736] 2026-08-13 01:03:25.172 10 ERROR keystone.server.flask.application self._affected_rows = self._read_query_result(unbuffered=unbuffered)
[Thu Aug 13 01:03:25.189002 2026] [wsgi:error] [pid 10:tid 140518256432832] [remote 10.0.0.8:55736] 2026-08-13 01:03:25.172 10 ERROR keystone.server.flask.application ^^^^^^^^^^^^^^^^^^^^^^^^^^^^^^^^^^^^^^^^^^^^^^
[Thu Aug 13 01:03:25.189003 2026] [wsgi:error] [pid 10:tid 140518256432832] [remote 10.0.0.8:55736] 2026-08-13 01:03:25.172 10 ERROR keystone.server.flask.application
File "/var/lib/openstack/lib/python3.12/site-packages/pymysql/connections.py", line 847, in _read_query_result
[Thu Aug 13 01:03:25.189005 2026] [wsgi:error] [pid 10:tid 140518256432832] [remote 10.0.0.8:55736] 2026-08-13 01:03:25.172 10 ERROR keystone.server.flask.application result.read()
[Thu Aug 13 01:03:25.189007 2026] [wsgi:error] [pid 10:tid 140518256432832] [remote 10.0.0.8:55736] 2026-08-13 01:03:25.172 10 ERROR keystone.server.flask.application
File "/var/lib/openstack/lib/python3.12/site-packages/pymysql/connections.py", line 1245, in read
[Thu Aug 13 01:03:25.189009 2026] [wsgi:error] [pid 10:tid 140518256432832] [remote 10.0.0.8:55736] 2026-08-13 01:03:25.172 10 ERROR keystone.server.flask.application first_packet = self.connection._read_packet()
[Thu Aug 13 01:03:25.189010 2026] [wsgi:error] [pid 10:tid 140518256432832] [remote 10.0.0.8:55736] 2026-08-13 01:03:25.172 10 ERROR keystone.server.flask.application ^^^^^^^^^^^^^^^^^^^^^^^^^^^^^^
[Thu Aug 13 01:03:25.189012 2026] [wsgi:error] [pid 10:tid 140518256432832] [remote 10.0.0.8:55736] 2026-08-13 01:03:25.172 10 ERROR keystone.server.flask.application
File "/var/lib/openstack/lib/python3.12/site-packages/pymysql/connections.py", line 803, in _read_packet
[Thu Aug 13 01:03:25.189013 2026] [wsgi:error] [pid 10:tid 140518256432832] [remote 10.0.0.8:55736] 2026-08-13 01:03:25.172 10 ERROR keystone.server.flask.application packet.raise_for_error()
[Thu Aug 13 01:03:25.189015 2026] [wsgi:error] [pid 10:tid 140518256432832] [remote 10.0.0.8:55736] 2026-08-13 01:03:25.172 10 ERROR keystone.server.flask.application
File "/var/lib/openstack/lib/python3.12/site-packages/pymysql/protocol.py", line 219, in raise_for_error
[Thu Aug 13 01:03:25.189017 2026] [wsgi:error] [pid 10:tid 140518256432832] [remote 10.0.0.8:55736] 2026-08-13 01:03:25.172 10 ERROR keystone.server.flask.application err.raise_mysql_exception(self._data)
[Thu Aug 13 01:03:25.189018 2026] [wsgi:error] [pid 10:tid 140518256432832] [remote 10.0.0.8:55736] 2026-08-13 01:03:25.172 10 ERROR keystone.server.flask.application
File "/var/lib/openstack/lib/python3.12/site-packages/pymysql/err.py", line 154, in raise_mysql_exception
[Thu Aug 13 01:03:25.189020 2026] [wsgi:error] [pid 10:tid 140518256432832] [remote 10.0.0.8:55736] 2026-08-13 01:03:25.172 10 ERROR keystone.server.flask.application raise errorclass(errno, errval, sqlstate=sqlstate)
[Thu Aug 13 01:03:25.189021 2026] [wsgi:error] [pid 10:tid 140518256432832] [remote 10.0.0.8:55736] 2026-08-13 01:03:25.172 10 ERROR keystone.server.flask.application pymysql.err.IntegrityError: (1062, "Duplicate entry '<>-service' for key 'project.ixu_project_name_domain_id'")
[Thu Aug 13 01:03:25.189023 2026] [wsgi:error] [pid 10:tid 140518256432832] [remote 10.0.0.8:55736] 2026-08-13 01:03:25.172 10 ERROR keystone.server.flask.application
[Thu Aug 13 01:03:25.189024 2026] [wsgi:error] [pid 10:tid 140518256432832] [remote 10.0.0.8:55736] 2026-08-13 01:03:25.172 10 ERROR keystone.server.flask.application The above exception was the direct cause of the following exception:
[Thu Aug 13 01:03:25.189026 2026] [wsgi:error] [pid 10:tid 140518256432832] [remote 10.0.0.8:55736] 2026-08-13 01:03:25.172 10 ERROR keystone.server.flask.application
[Thu Aug 13 01:03:25.189027 2026] [wsgi:error] [pid 10:tid 140518256432832] [remote 10.0.0.8:55736] 2026-08-13 01:03:25.172 10 ERROR keystone.server.flask.application
Traceback (most recent call last):
[Thu Aug 13 01:03:25.189029 2026] [wsgi:error] [pid 10:tid 140518256432832] [remote 10.0.0.8:55736] 2026-08-13 01:03:25.172 10 ERROR keystone.server.flask.application
File "/var/lib/openstack/lib/python3.12/site-packages/keystone/common/sql/core.py", line 575, in wrapper
[Thu Aug 13 01:03:25.189031 2026] [wsgi:error] [pid 10:tid 140518256432832] [remote 10.0.0.8:55736] 2026-08-13 01:03:25.172 10 ERROR keystone.server.flask.application return method(*args, **kwargs)
[Thu Aug 13 01:03:25.189033 2026] [wsgi:error] [pid 10:tid 140518256432832] [remote 10.0.0.8:55736] 2026-08-13 01:03:25.172 10 ERROR keystone.server.flask.application ^^^^^^^^^^^^^^^^^^^^^^^
[Thu Aug 13 01:03:25.189035 2026] [wsgi:error] [pid 10:tid 140518256432832] [remote 10.0.0.8:55736] 2026-08-13 01:03:25.172 10 ERROR keystone.server.flask.application
File "/var/lib/openstack/lib/python3.12/site-packages/keystone/resource/backends/sql.py", line 278, in create_project
[Thu Aug 13 01:03:25.189039 2026] [wsgi:error] [pid 10:tid 140518256432832] [remote 10.0.0.8:55736] 2026-08-13 01:03:25.172 10 ERROR keystone.server.flask.application with sql.session_for_write() as session:
[Thu Aug 13 01:03:25.189041 2026] [wsgi:error] [pid 10:tid 140518256432832] [remote 10.0.0.8:55736] 2026-08-13 01:03:25.172 10 ERROR keystone.server.flask.application
File "/usr/lib/python3.12/contextlib.py", line 144, in __exit__
[Thu Aug 13 01:03:25.189043 2026] [wsgi:error] [pid 10:tid 140518256432832] [remote 10.0.0.8:55736] 2026-08-13 01:03:25.172 10 ERROR keystone.server.flask.application next(self.gen)
[Thu Aug 13 01:03:25.189055 2026] [wsgi:error] [pid 10:tid 140518256432832] [remote 10.0.0.8:55736] 2026-08-13 01:03:25.172 10 ERROR keystone.server.flask.application
File "/var/lib/openstack/lib/python3.12/site-packages/oslo_db/sqlalchemy/enginefacade.py", line 1175, in _transaction_scope
[Thu Aug 13 01:03:25.189058 2026] [wsgi:error] [pid 10:tid 140518256432832] [remote 10.0.0.8:55736] 2026-08-13 01:03:25.172 10 ERROR keystone.server.flask.application with current._produce_block(
[Thu Aug 13 01:03:25.189061 2026] [wsgi:error] [pid 10:tid 140518256432832] [remote 10.0.0.8:55736] 2026-08-13 01:03:25.172 10 ERROR keystone.server.flask.application
File "/usr/lib/python3.12/contextlib.py", line 144, in __exit__
[Thu Aug 13 01:03:25.189063 2026] [wsgi:error] [pid 10:tid 140518256432832] [remote 10.0.0.8:55736] 2026-08-13 01:03:25.172 10 ERROR keystone.server.flask.application next(self.gen)
[Thu Aug 13 01:03:25.189065 2026] [wsgi:error] [pid 10:tid 140518256432832] [remote 10.0.0.8:55736] 2026-08-13 01:03:25.172 10 ERROR keystone.server.flask.application
File "/var/lib/openstack/lib/python3.12/site-packages/oslo_db/sqlalchemy/enginefacade.py", line 837, in _session
[Thu Aug 13 01:03:25.189068 2026] [wsgi:error] [pid 10:tid 140518256432832] [remote 10.0.0.8:55736] 2026-08-13 01:03:25.172 10 ERROR keystone.server.flask.application with excutils.save_and_reraise_exception():
[Thu Aug 13 01:03:25.189070 2026] [wsgi:error] [pid 10:tid 140518256432832] [remote 10.0.0.8:55736] 2026-08-13 01:03:25.172 10 ERROR keystone.server.flask.application
File "/var/lib/openstack/lib/python3.12/site-packages/oslo_utils/excutils.py", line 266, in __exit__
[Thu Aug 13 01:03:25.189073 2026] [wsgi:error] [pid 10:tid 140518256432832] [remote 10.0.0.8:55736] 2026-08-13 01:03:25.172 10 ERROR keystone.server.flask.application self.force_reraise()
[Thu Aug 13 01:03:25.189075 2026] [wsgi:error] [pid 10:tid 140518256432832] [remote 10.0.0.8:55736] 2026-08-13 01:03:25.172 10 ERROR keystone.server.flask.application
File "/var/lib/openstack/lib/python3.12/site-packages/oslo_utils/excutils.py", line 232, in force_reraise
[Thu Aug 13 01:03:25.189077 2026] [wsgi:error] [pid 10:tid 140518256432832] [remote 10.0.0.8:55736] 2026-08-13 01:03:25.172 10 ERROR keystone.server.flask.application raise self.value
[Thu Aug 13 01:03:25.189078 2026] [wsgi:error] [pid 10:tid 140518256432832] [remote 10.0.0.8:55736] 2026-08-13 01:03:25.172 10 ERROR keystone.server.flask.application
File "/var/lib/openstack/lib/python3.12/site-packages/oslo_db/sqlalchemy/enginefacade.py", line 835, in _session
[Thu Aug 13 01:03:25.189080 2026] [wsgi:error] [pid 10:tid 140518256432832] [remote 10.0.0.8:55736] 2026-08-13 01:03:25.172 10 ERROR keystone.server.flask.application self._end_session_transaction(self.session)
[Thu Aug 13 01:03:25.189083 2026] [wsgi:error] [pid 10:tid 140518256432832] [remote 10.0.0.8:55736] 2026-08-13 01:03:25.172 10 ERROR keystone.server.flask.application
File "/var/lib/openstack/lib/python3.12/site-packages/oslo_db/sqlalchemy/enginefacade.py", line 748, in _end_session_transaction
[Thu Aug 13 01:03:25.189085 2026] [wsgi:error] [pid 10:tid 140518256432832] [remote 10.0.0.8:55736] 2026-08-13 01:03:25.172 10 ERROR keystone.server.flask.application session.commit()
[Thu Aug 13 01:03:25.189086 2026] [wsgi:error] [pid 10:tid 140518256432832] [remote 10.0.0.8:55736] 2026-08-13 01:03:25.172 10 ERROR keystone.server.flask.application
File "/var/lib/openstack/lib/python3.12/site-packages/sqlalchemy/orm/session.py", line 2034, in commit
[Thu Aug 13 01:03:25.189089 2026] [wsgi:error] [pid 10:tid 140518256432832] [remote 10.0.0.8:55736] 2026-08-13 01:03:25.172 10 ERROR keystone.server.flask.application trans.commit(_to_root=True)
[Thu Aug 13 01:03:25.189091 2026] [wsgi:error] [pid 10:tid 140518256432832] [remote 10.0.0.8:55736] 2026-08-13 01:03:25.172 10 ERROR keystone.server.flask.application File "", line 2, in commit
[Thu Aug 13 01:03:25.189092 2026] [wsgi:error] [pid 10:tid 140518256432832] [remote 10.0.0.8:55736] 2026-08-13 01:03:25.172 10 ERROR keystone.server.flask.application
File "/var/lib/openstack/lib/python3.12/site-packages/sqlalchemy/orm/state_changes.py", line 137, in _go
[Thu Aug 13 01:03:25.189094 2026] [wsgi:error] [pid 10:tid 140518256432832] [remote 10.0.0.8:55736] 2026-08-13 01:03:25.172 10 ERROR keystone.server.flask.application ret_value = fn(self, *arg, **kw)
[Thu Aug 13 01:03:25.189096 2026] [wsgi:error] [pid 10:tid 140518256432832] [remote 10.0.0.8:55736] 2026-08-13 01:03:25.172 10 ERROR keystone.server.flask.application ^^^^^^^^^^^^^^^^^^^^
[Thu Aug 13 01:03:25.189098 2026] [wsgi:error] [pid 10:tid 140518256432832] [remote 10.0.0.8:55736] 2026-08-13 01:03:25.172 10 ERROR keystone.server.flask.application
File "/var/lib/openstack/lib/python3.12/site-packages/sqlalchemy/orm/session.py", line 1315, in commit
[Thu Aug 13 01:03:25.189100 2026] [wsgi:error] [pid 10:tid 140518256432832] [remote 10.0.0.8:55736] 2026-08-13 01:03:25.172 10 ERROR keystone.server.flask.application self._prepare_impl()
[Thu Aug 13 01:03:25.189102 2026] [wsgi:error] [pid 10:tid 140518256432832] [remote 10.0.0.8:55736] 2026-08-13 01:03:25.172 10 ERROR keystone.server.flask.application File "", line 2, in _prepare_impl
[Thu Aug 13 01:03:25.189104 2026] [wsgi:error] [pid 10:tid 140518256432832] [remote 10.0.0.8:55736] 2026-08-13 01:03:25.172 10 ERROR keystone.server.flask.application
File "/var/lib/openstack/lib/python3.12/site-packages/sqlalchemy/orm/state_changes.py", line 137, in _go
[Thu Aug 13 01:03:25.189106 2026] [wsgi:error] [pid 10:tid 140518256432832] [remote 10.0.0.8:55736] 2026-08-13 01:03:25.172 10 ERROR keystone.server.flask.application ret_value = fn(self, *arg, **kw)
[Thu Aug 13 01:03:25.189108 2026] [wsgi:error] [pid 10:tid 140518256432832] [remote 10.0.0.8:55736] 2026-08-13 01:03:25.172 10 ERROR keystone.server.flask.application ^^^^^^^^^^^^^^^^^^^^
[Thu Aug 13 01:03:25.189110 2026] [wsgi:error] [pid 10:tid 140518256432832] [remote 10.0.0.8:55736] 2026-08-13 01:03:25.172 10 ERROR keystone.server.flask.application
File "/var/lib/openstack/lib/python3.12/site-packages/sqlalchemy/orm/session.py", line 1290, in _prepare_impl
[Thu Aug 13 01:03:25.189112 2026] [wsgi:error] [pid 10:tid 140518256432832] [remote 10.0.0.8:55736] 2026-08-13 01:03:25.172 10 ERROR keystone.server.flask.application self.session.flush()
[Thu Aug 13 01:03:25.189114 2026] [wsgi:error] [pid 10:tid 140518256432832] [remote 10.0.0.8:55736] 2026-08-13 01:03:25.172 10 ERROR keystone.server.flask.application
File "/var/lib/openstack/lib/python3.12/site-packages/sqlalchemy/orm/session.py", line 4352, in flush
[Thu Aug 13 01:03:25.189116 2026] [wsgi:error] [pid 10:tid 140518256432832] [remote 10.0.0.8:55736] 2026-08-13 01:03:25.172 10 ERROR keystone.server.flask.application self._flush(objects)
[Thu Aug 13 01:03:25.189117 2026] [wsgi:error] [pid 10:tid 140518256432832] [remote 10.0.0.8:55736] 2026-08-13 01:03:25.172 10 ERROR keystone.server.flask.application
File "/var/lib/openstack/lib/python3.12/site-packages/sqlalchemy/orm/session.py", line 4487, in _flush
[Thu Aug 13 01:03:25.189119 2026] [wsgi:error] [pid 10:tid 140518256432832] [remote 10.0.0.8:55736] 2026-08-13 01:03:25.172 10 ERROR keystone.server.flask.application with util.safe_reraise():
[Thu Aug 13 01:03:25.189121 2026] [wsgi:error] [pid 10:tid 140518256432832] [remote 10.0.0.8:55736] 2026-08-13 01:03:25.172 10 ERROR keystone.server.flask.application
File "/var/lib/openstack/lib/python3.12/site-packages/sqlalchemy/util/langhelpers.py", line 122, in __exit__
[Thu Aug 13 01:03:25.189122 2026] [wsgi:error] [pid 10:tid 140518256432832] [remote 10.0.0.8:55736] 2026-08-13 01:03:25.172 10 ERROR keystone.server.flask.application raise exc_value.with_traceback(exc_tb)
[Thu Aug 13 01:03:25.189124 2026] [wsgi:error] [pid 10:tid 140518256432832] [remote 10.0.0.8:55736] 2026-08-13 01:03:25.172 10 ERROR keystone.server.flask.application
File "/var/lib/openstack/lib/python3.12/site-packages/sqlalchemy/orm/session.py", line 4448, in _flush
[Thu Aug 13 01:03:25.189125 2026] [wsgi:error] [pid 10:tid 140518256432832] [remote 10.0.0.8:55736] 2026-08-13 01:03:25.172 10 ERROR keystone.server.flask.application flush_context.execute()
[Thu Aug 13 01:03:25.189127 2026] [wsgi:error] [pid 10:tid 140518256432832] [remote 10.0.0.8:55736] 2026-08-13 01:03:25.172 10 ERROR keystone.server.flask.application
File "/var/lib/openstack/lib/python3.12/site-packages/sqlalchemy/orm/unitofwork.py", line 465, in execute
