2026-05-09 02:45:52.266 7 WARNING neutron.api.rpc.agentnotifiers.dhcp_rpc_agent_api [None req-ba0d3a63-97d0-4edf-924c-5fe73d415e91 1b622a009498417a86ac98dad93f3669 c0fd5b123a684118bd9de513b8475831 - - default default] Unable to schedule network 7574d4d0-7c11-4040-ac6e-73310bb21930: no agents available; will retry on subsequent port and subnet creation events. [pid: 8|app: 0|req: 683/1453] 10.0.0.103 () {32 vars in 740 bytes} [Sat May 9 02:45:52 2026] DELETE /v2.0/security-groups/ea13f942-0a2d-4767-aad4-abdc7042357b => generated 0 bytes in 380 msecs (HTTP/1.1 204) 2 headers in 112 bytes (1 switches on core 0) [pid: 7|app: 0|req: 771/1454] 10.0.0.103 () {34 vars in 676 bytes} [Sat May 9 02:45:51 2026] POST /v2.0/floatingips => generated 552 bytes in 913 msecs (HTTP/1.1 201) 4 headers in 162 bytes (1 switches on core 0) [pid: 8|app: 0|req: 684/1455] 10.0.0.103 () {32 vars in 774 bytes} [Sat May 9 02:45:52 2026] GET /v2.0/security-groups?tenant_id=9207b64b6a3f49ec83f7c107540853cd&name=default => generated 2925 bytes in 58 msecs (HTTP/1.1 200) 4 headers in 158 bytes (1 switches on core 0) [pid: 7|app: 0|req: 772/1456] 10.0.0.103 () {32 vars in 774 bytes} [Sat May 9 02:45:52 2026] GET /v2.0/security-groups?tenant_id=bdf76ad8d87c43d2800d5ef3d57a0cb2&name=default => generated 2925 bytes in 27 msecs (HTTP/1.1 200) 4 headers in 158 bytes (1 switches on core 0)
2026-05-09 02:45:52.874 7 INFO neutron.services.segments.plugin [-] Segment 3ac4dce5-78fa-429c-8100-45f937af7d5b resource provider aggregate not found
2026-05-09 02:45:52.876 7 INFO neutron.services.segments.plugin [-] Segment 3ac4dce5-78fa-429c-8100-45f937af7d5b resource provider aggregate not found
2026-05-09 02:45:52.888 7 INFO neutron.services.segments.plugin [-] Segment 3ac4dce5-78fa-429c-8100-45f937af7d5b resource provider not found; error: Placement Client Error (4xx): {"errors": [{"status": 404, "title": "Not Found", "detail": "The resource could not be found.\n\n No resource provider with uuid 3ac4dce5-78fa-429c-8100-45f937af7d5b found for delete ", "request_id": "req-7a7343ef-5fd3-45b8-b84f-20bf28fd1056"}]}
2026-05-09 02:45:52.892 7 INFO neutron.services.segments.plugin [-] Segment 3ac4dce5-78fa-429c-8100-45f937af7d5b resource provider not found; error: Placement Client Error (4xx): {"errors": [{"status": 404, "title": "Not Found", "detail": "The resource could not be found.\n\n No resource provider with uuid 3ac4dce5-78fa-429c-8100-45f937af7d5b found for delete ", "request_id": "req-16a0f4be-bdb8-4e01-bc26-8a538b255ad5"}]} [pid: 7|app: 0|req: 773/1457] 10.0.0.103 () {32 vars in 740 bytes} [Sat May 9 02:45:52 2026] DELETE /v2.0/security-groups/e06c9fbb-e2ea-4a66-9a2c-c5e565b340af => generated 0 bytes in 222 msecs (HTTP/1.1 204) 2 headers in 112 bytes (1 switches on core 0)
2026-05-09 02:45:52.951 8 WARNING neutron.scheduler.dhcp_agent_scheduler [None req-84493eee-9de4-479b-b5f8-9eb38f2c4f75 1b622a009498417a86ac98dad93f3669 c0fd5b123a684118bd9de513b8475831 - - default default] No more DHCP agents
2026-05-09 02:45:52.953 8 WARNING neutron.api.rpc.agentnotifiers.dhcp_rpc_agent_api [None req-84493eee-9de4-479b-b5f8-9eb38f2c4f75 1b622a009498417a86ac98dad93f3669 c0fd5b123a684118bd9de513b8475831 - - default default] Unable to schedule network 7574d4d0-7c11-4040-ac6e-73310bb21930: no agents available; will retry on subsequent port and subnet creation events. [pid: 7|app: 0|req: 774/1458] 10.0.0.103 () {32 vars in 740 bytes} [Sat May 9 02:45:52 2026] DELETE /v2.0/security-groups/0483360f-5e46-4518-9c7a-67d0118ce755 => generated 0 bytes in 232 msecs (HTTP/1.1 204) 2 headers in 112 bytes (1 switches on core 0) [pid: 8|app: 0|req: 685/1459] 10.0.0.103 () {34 vars in 676 bytes} [Sat May 9 02:45:52 2026] POST /v2.0/floatingips => generated 552 bytes in 547 msecs (HTTP/1.1 201) 4 headers in 162 bytes (1 switches on core 0)
2026-05-09 02:45:53.462 7 WARNING neutron.scheduler.dhcp_agent_scheduler [None req-2cdd2b32-f391-4e6a-82db-e8d481d2c8ba 1b622a009498417a86ac98dad93f3669 c0fd5b123a684118bd9de513b8475831 - - default default] No more DHCP agents
2026-05-09 02:45:53.463 7 WARNING neutron.api.rpc.agentnotifiers.dhcp_rpc_agent_api [None req-2cdd2b32-f391-4e6a-82db-e8d481d2c8ba 1b622a009498417a86ac98dad93f3669 c0fd5b123a684118bd9de513b8475831 - - default default] Unable to schedule network 7574d4d0-7c11-4040-ac6e-73310bb21930: no agents available; will retry on subsequent port and subnet creation events. [pid: 7|app: 0|req: 775/1462] 10.0.0.103 () {34 vars in 676 bytes} [Sat May 9 02:45:53 2026] POST /v2.0/floatingips => generated 552 bytes in 495 msecs (HTTP/1.1 201) 4 headers in 162 bytes (1 switches on core 0)
2026-05-09 02:45:53.941 8 WARNING neutron.scheduler.dhcp_agent_scheduler [None req-386ed539-38f2-4f16-a0ea-e0a59977f5fd 1b622a009498417a86ac98dad93f3669 c0fd5b123a684118bd9de513b8475831 - - default default] No more DHCP agents
2026-05-09 02:45:53.942 8 WARNING neutron.api.rpc.agentnotifiers.dhcp_rpc_agent_api [None req-386ed539-38f2-4f16-a0ea-e0a59977f5fd 1b622a009498417a86ac98dad93f3669 c0fd5b123a684118bd9de513b8475831 - - default default] Unable to schedule network 7574d4d0-7c11-4040-ac6e-73310bb21930: no agents available; will retry on subsequent port and subnet creation events. [pid: 8|app: 0|req: 688/1463] 10.0.0.103 () {34 vars in 676 bytes} [Sat May 9 02:45:53 2026] POST /v2.0/floatingips => generated 552 bytes in 477 msecs (HTTP/1.1 201) 4 headers in 162 bytes (1 switches on core 0) [pid: 7|app: 0|req: 776/1464] 10.0.0.103 () {34 vars in 759 bytes} [Sat May 9 02:45:54 2026] PUT /v2.0/floatingips/4e8ec422-79d6-4a06-a075-52523d4ba15c/tags => generated 17 bytes in 78 msecs (HTTP/1.1 200) 4 headers in 156 bytes (1 switches on core 0) [pid: 8|app: 0|req: 689/1465] 10.0.0.103 () {34 vars in 759 bytes} [Sat May 9 02:45:54 2026] PUT /v2.0/floatingips/374dbb4b-de3a-4c5c-a31c-ef2a2d9724a5/tags => generated 25 bytes in 69 msecs (HTTP/1.1 200) 4 headers in 156 bytes (1 switches on core 0) [pid: 8|app: 0|req: 690/1466] 10.0.0.103 () {34 vars in 759 bytes} [Sat May 9 02:45:54 2026] PUT /v2.0/floatingips/0c72e089-a6f5-450e-98fc-d9c1cf911d63/tags => generated 34 bytes in 63 msecs (HTTP/1.1 200) 4 headers in 156 bytes (1 switches on core 0) [pid: 8|app: 0|req: 691/1467] 10.0.0.103 () {34 vars in 759 bytes} [Sat May 9 02:45:54 2026] PUT /v2.0/floatingips/3519dc22-4c00-4d24-9650-bb88fa38a629/tags => generated 19 bytes in 61 msecs (HTTP/1.1 200) 4 headers in 156 bytes (1 switches on core 0) [pid: 8|app: 0|req: 692/1468] 10.0.0.103 () {32 vars in 672 bytes} [Sat May 9 02:45:54 2026] GET /v2.0/floatingips?tags=red => generated 1671 bytes in 50 msecs (HTTP/1.1 200) 4 headers in 158 bytes (1 switches on core 0) [pid: 8|app: 0|req: 693/1469] 10.0.0.103 () {32 vars in 686 bytes} [Sat May 9 02:45:54 2026] GET /v2.0/floatingips?tags=red%2Cblue => generated 1128 bytes in 39 msecs (HTTP/1.1 200) 4 headers in 158 bytes (1 switches on core 0) [pid: 8|app: 0|req: 694/1470] 10.0.0.103 () {32 vars in 682 bytes} [Sat May 9 02:45:54 2026] GET /v2.0/floatingips?tags-any=blue => generated 1128 bytes in 47 msecs (HTTP/1.1 200) 4 headers in 158 bytes (1 switches on core 0)
2026-05-09 02:45:54.663 7 INFO neutron.db.ovn_revision_numbers_db [None req-1f3e14b9-5cca-4518-a9ad-633b02e7eadb 48198d15ab824e58bd0bc53a5f33f480 33d672a0e6464e19ac8103a2b7a9886e - - default default] Successfully bumped revision number for resource 2f822847-9a21-4238-9950-3f3b08e75608 (type: security_groups) to 1 [pid: 8|app: 0|req: 695/1471] 10.0.0.103 () {32 vars in 694 bytes} [Sat May 9 02:45:54 2026] GET /v2.0/floatingips?tags-any=red%2Cblue => generated 1671 bytes in 25 msecs (HTTP/1.1 200) 4 headers in 158 bytes (1 switches on core 0)
2026-05-09 02:45:54.676 7 INFO neutron.db.ovn_revision_numbers_db [None req-1f3e14b9-5cca-4518-a9ad-633b02e7eadb 48198d15ab824e58bd0bc53a5f33f480 33d672a0e6464e19ac8103a2b7a9886e - - default default] Successfully bumped revision number for resource 2d28c2fd-d26c-4267-8229-17ee907e4d8e (type: security_group_rules) to 0
2026-05-09 02:45:54.689 7 INFO neutron.db.ovn_revision_numbers_db [None req-1f3e14b9-5cca-4518-a9ad-633b02e7eadb 48198d15ab824e58bd0bc53a5f33f480 33d672a0e6464e19ac8103a2b7a9886e - - default default] Successfully bumped revision number for resource 804e960f-5964-4b12-af66-7cf14b045a82 (type: security_group_rules) to 0
2026-05-09 02:45:54.707 7 INFO neutron.db.ovn_revision_numbers_db [None req-1f3e14b9-5cca-4518-a9ad-633b02e7eadb 48198d15ab824e58bd0bc53a5f33f480 33d672a0e6464e19ac8103a2b7a9886e - - default default] Successfully bumped revision number for resource a0736eb5-15be-43df-a3df-df5aaae5f0c5 (type: security_group_rules) to 0
2026-05-09 02:45:54.719 7 INFO neutron.db.ovn_revision_numbers_db [None req-1f3e14b9-5cca-4518-a9ad-633b02e7eadb 48198d15ab824e58bd0bc53a5f33f480 33d672a0e6464e19ac8103a2b7a9886e - - default default] Successfully bumped revision number for resource bed7deb3-1bb2-47d1-9450-e434e61d2b63 (type: security_group_rules) to 0 [pid: 8|app: 0|req: 696/1472] 10.0.0.103 () {32 vars in 680 bytes} [Sat May 9 02:45:54 2026] GET /v2.0/floatingips?not-tags=red => generated 1100 bytes in 48 msecs (HTTP/1.1 200) 4 headers in 158 bytes (1 switches on core 0) [pid: 8|app: 0|req: 697/1473] 10.0.0.103 () {32 vars in 694 bytes} [Sat May 9 02:45:54 2026] GET /v2.0/floatingips?not-tags=red%2Cblue => generated 1643 bytes in 62 msecs (HTTP/1.1 200) 4 headers in 158 bytes (1 switches on core 0)
2026-05-09 02:45:54.798 7 INFO neutron.db.segments_db [None req-1f3e14b9-5cca-4518-a9ad-633b02e7eadb 48198d15ab824e58bd0bc53a5f33f480 33d672a0e6464e19ac8103a2b7a9886e - - default default] Added segment c1d91d75-450f-4679-a2bd-108258085711 of type geneve for network a8a37683-e0c9-498a-9fab-d1acf3c10da3 [pid: 8|app: 0|req: 698/1474] 10.0.0.103 () {32 vars in 690 bytes} [Sat May 9 02:45:54 2026] GET /v2.0/floatingips?not-tags-any=blue => generated 1643 bytes in 45 msecs (HTTP/1.1 200) 4 headers in 158 bytes (1 switches on core 0) [pid: 8|app: 0|req: 699/1475] 10.0.0.103 () {32 vars in 702 bytes} [Sat May 9 02:45:54 2026] GET /v2.0/floatingips?not-tags-any=red%2Cblue => generated 1100 bytes in 26 msecs (HTTP/1.1 200) 4 headers in 158 bytes (1 switches on core 0)
2026-05-09 02:45:54.914 7 INFO neutron.db.ovn_revision_numbers_db [None req-1f3e14b9-5cca-4518-a9ad-633b02e7eadb 48198d15ab824e58bd0bc53a5f33f480 33d672a0e6464e19ac8103a2b7a9886e - - default default] Successfully bumped revision number for resource a8a37683-e0c9-498a-9fab-d1acf3c10da3 (type: networks) to 1
2026-05-09 02:45:55.000 8 INFO neutron_taas.services.taas.taas_plugin [None req-0792a0f8-0bfc-4351-85ad-6e7fc8ac2940 1b622a009498417a86ac98dad93f3669 c0fd5b123a684118bd9de513b8475831 - - default default] TaaS: Handle Delete Port: 4b6b93e3-e32d-4167-8c80-966811a7feaa
2026-05-09 02:45:55.002 8 INFO neutron_taas.services.taas.tap_mirror_plugin [None req-0792a0f8-0bfc-4351-85ad-6e7fc8ac2940 1b622a009498417a86ac98dad93f3669 c0fd5b123a684118bd9de513b8475831 - - default default] Tap Mirror: Handle Delete Port: 4b6b93e3-e32d-4167-8c80-966811a7feaa
2026-05-09 02:45:55.108 7 WARNING neutron.scheduler.dhcp_agent_scheduler [None req-1f3e14b9-5cca-4518-a9ad-633b02e7eadb 48198d15ab824e58bd0bc53a5f33f480 33d672a0e6464e19ac8103a2b7a9886e - - default default] No more DHCP agents
2026-05-09 02:45:55.109 7 WARNING neutron.api.rpc.agentnotifiers.dhcp_rpc_agent_api [None req-1f3e14b9-5cca-4518-a9ad-633b02e7eadb 48198d15ab824e58bd0bc53a5f33f480 33d672a0e6464e19ac8103a2b7a9886e - - default default] Unable to schedule network a8a37683-e0c9-498a-9fab-d1acf3c10da3: no agents available; will retry on subsequent port and subnet creation events.
2026-05-09 02:45:55.169 7 INFO neutron.plugins.ml2.drivers.ovn.mech_driver.mech_driver [None req-cc515daf-6905-43b1-b859-16cec267aaa8 - - - - - -] OVN reports status down for port: c4469c39-e14f-4964-b77f-b9ff32993c3c [pid: 8|app: 0|req: 700/1476] 10.0.0.103 () {32 vars in 732 bytes} [Sat May 9 02:45:54 2026] DELETE /v2.0/floatingips/4e8ec422-79d6-4a06-a075-52523d4ba15c => generated 0 bytes in 285 msecs (HTTP/1.1 204) 2 headers in 112 bytes (1 switches on core 0)
2026-05-09 02:45:55.221 7 INFO neutron.db.ovn_revision_numbers_db [None req-1f3e14b9-5cca-4518-a9ad-633b02e7eadb 48198d15ab824e58bd0bc53a5f33f480 33d672a0e6464e19ac8103a2b7a9886e - - default default] Successfully bumped revision number for resource c4469c39-e14f-4964-b77f-b9ff32993c3c (type: ports) to 1 [pid: 7|app: 0|req: 777/1477] 10.0.0.103 () {34 vars in 671 bytes} [Sat May 9 02:45:54 2026] POST /v2.0/networks => generated 747 bytes in 928 msecs (HTTP/1.1 201) 4 headers in 162 bytes (1 switches on core 0)
2026-05-09 02:45:55.293 8 INFO neutron_taas.services.taas.taas_plugin [None req-ac96fa06-c489-4a27-b271-7ad9045e7bc8 1b622a009498417a86ac98dad93f3669 c0fd5b123a684118bd9de513b8475831 - - default default] TaaS: Handle Delete Port: 832c4e25-3d92-4df3-a1b0-953b0b744be9
2026-05-09 02:45:55.297 8 INFO neutron_taas.services.taas.tap_mirror_plugin [None req-ac96fa06-c489-4a27-b271-7ad9045e7bc8 1b622a009498417a86ac98dad93f3669 c0fd5b123a684118bd9de513b8475831 - - default default] Tap Mirror: Handle Delete Port: 832c4e25-3d92-4df3-a1b0-953b0b744be9
2026-05-09 02:45:55.383 7 WARNING neutron.scheduler.dhcp_agent_scheduler [None req-e4d2002b-1f73-4cae-84a2-d0708f0c2e6a 48198d15ab824e58bd0bc53a5f33f480 33d672a0e6464e19ac8103a2b7a9886e - - default default] No more DHCP agents
2026-05-09 02:45:55.385 7 WARNING neutron.api.rpc.agentnotifiers.dhcp_rpc_agent_api [None req-e4d2002b-1f73-4cae-84a2-d0708f0c2e6a 48198d15ab824e58bd0bc53a5f33f480 33d672a0e6464e19ac8103a2b7a9886e - - default default] Unable to schedule network a8a37683-e0c9-498a-9fab-d1acf3c10da3: no agents available; will retry on subsequent port and subnet creation events. [pid: 8|app: 0|req: 701/1478] 10.0.0.103 () {32 vars in 732 bytes} [Sat May 9 02:45:55 2026] DELETE /v2.0/floatingips/374dbb4b-de3a-4c5c-a31c-ef2a2d9724a5 => generated 0 bytes in 230 msecs (HTTP/1.1 204) 2 headers in 112 bytes (1 switches on core 0)
2026-05-09 02:45:55.539 8 INFO neutron_taas.services.taas.taas_plugin [None req-71ecce46-2675-4187-b714-72d16df97afa 1b622a009498417a86ac98dad93f3669 c0fd5b123a684118bd9de513b8475831 - - default default] TaaS: Handle Delete Port: f3c529d6-08da-47bd-9421-3a67574ce594
2026-05-09 02:45:55.541 8 INFO neutron_taas.services.taas.tap_mirror_plugin [None req-71ecce46-2675-4187-b714-72d16df97afa 1b622a009498417a86ac98dad93f3669 c0fd5b123a684118bd9de513b8475831 - - default default] Tap Mirror: Handle Delete Port: f3c529d6-08da-47bd-9421-3a67574ce594 [pid: 8|app: 0|req: 702/1479] 10.0.0.103 () {32 vars in 732 bytes} [Sat May 9 02:45:55 2026] DELETE /v2.0/floatingips/0c72e089-a6f5-450e-98fc-d9c1cf911d63 => generated 0 bytes in 244 msecs (HTTP/1.1 204) 2 headers in 112 bytes (1 switches on core 0)
2026-05-09 02:45:55.831 7 INFO neutron.db.ovn_revision_numbers_db [None req-5d1ecd07-28e3-4c1a-b627-940861e0a43c - - - - - -] Successfully bumped revision number for resource c4469c39-e14f-4964-b77f-b9ff32993c3c (type: ports) to 2
2026-05-09 02:45:55.857 7 INFO neutron.db.ovn_revision_numbers_db [None req-5d1ecd07-28e3-4c1a-b627-940861e0a43c - - - - - -] Successfully bumped revision number for resource 692e1bd5-2528-4076-9415-9055170ba99d (type: subnets) to 0 [pid: 7|app: 0|req: 778/1480] 10.0.0.103 () {34 vars in 669 bytes} [Sat May 9 02:45:55 2026] POST /v2.0/subnets => generated 691 bytes in 620 msecs (HTTP/1.1 201) 4 headers in 162 bytes (1 switches on core 0)
2026-05-09 02:45:55.979 8 INFO neutron.db.ovn_revision_numbers_db [None req-ceeea0b2-4804-47b5-a0a7-eddb79f9f0a2 465aae515f7a425d9ff6bcfe1ee63a3f 27c68352f53f4b368e886b8ff6b1a214 - - default default] Successfully bumped revision number for resource 965ac7ac-8cfb-4c24-8563-2a4c0cfb8712 (type: security_groups) to 1
2026-05-09 02:45:55.989 8 INFO neutron.db.ovn_revision_numbers_db [None req-ceeea0b2-4804-47b5-a0a7-eddb79f9f0a2 465aae515f7a425d9ff6bcfe1ee63a3f 27c68352f53f4b368e886b8ff6b1a214 - - default default] Successfully bumped revision number for resource 34396c6f-e73f-476a-97f7-91af26ea255d (type: security_group_rules) to 0
2026-05-09 02:45:55.991 7 INFO neutron_taas.services.taas.taas_plugin [None req-40b2a4ac-2d1a-449d-be73-3500c18cb1e5 1b622a009498417a86ac98dad93f3669 c0fd5b123a684118bd9de513b8475831 - - default default] TaaS: Handle Delete Port: cf8c6bf2-1c91-4da5-a5f0-42ce332e9e57
2026-05-09 02:45:55.994 7 INFO neutron_taas.services.taas.tap_mirror_plugin [None req-40b2a4ac-2d1a-449d-be73-3500c18cb1e5 1b622a009498417a86ac98dad93f3669 c0fd5b123a684118bd9de513b8475831 - - default default] Tap Mirror: Handle Delete Port: cf8c6bf2-1c91-4da5-a5f0-42ce332e9e57
2026-05-09 02:45:56.001 8 INFO neutron.db.ovn_revision_numbers_db [None req-ceeea0b2-4804-47b5-a0a7-eddb79f9f0a2 465aae515f7a425d9ff6bcfe1ee63a3f 27c68352f53f4b368e886b8ff6b1a214 - - default default] Successfully bumped revision number for resource b48419ea-54e4-4820-a7db-08c857e57206 (type: security_group_rules) to 0
2026-05-09 02:45:56.014 8 INFO neutron.db.ovn_revision_numbers_db [None req-ceeea0b2-4804-47b5-a0a7-eddb79f9f0a2 465aae515f7a425d9ff6bcfe1ee63a3f 27c68352f53f4b368e886b8ff6b1a214 - - default default] Successfully bumped revision number for resource c3099596-6ade-4d21-933b-c3902a09f68a (type: security_group_rules) to 0
2026-05-09 02:45:56.025 8 INFO neutron.db.ovn_revision_numbers_db [None req-ceeea0b2-4804-47b5-a0a7-eddb79f9f0a2 465aae515f7a425d9ff6bcfe1ee63a3f 27c68352f53f4b368e886b8ff6b1a214 - - default default] Successfully bumped revision number for resource c3196053-8aa4-4b64-99e6-865765b4d829 (type: security_group_rules) to 0
2026-05-09 02:45:56.104 8 INFO neutron.db.segments_db [None req-ceeea0b2-4804-47b5-a0a7-eddb79f9f0a2 465aae515f7a425d9ff6bcfe1ee63a3f 27c68352f53f4b368e886b8ff6b1a214 - - default default] Added segment f8ce69db-01a3-49bd-bd70-21d98dafbb9c of type geneve for network f1faa6c3-16bf-4358-8758-6b73448d89a2 [pid: 7|app: 0|req: 779/1481] 10.0.0.103 () {32 vars in 732 bytes} [Sat May 9 02:45:55 2026] DELETE /v2.0/floatingips/3519dc22-4c00-4d24-9650-bb88fa38a629 => generated 0 bytes in 276 msecs (HTTP/1.1 204) 2 headers in 112 bytes (1 switches on core 0)
2026-05-09 02:45:56.226 8 INFO neutron.db.ovn_revision_numbers_db [None req-ceeea0b2-4804-47b5-a0a7-eddb79f9f0a2 465aae515f7a425d9ff6bcfe1ee63a3f 27c68352f53f4b368e886b8ff6b1a214 - - default default] Successfully bumped revision number for resource f1faa6c3-16bf-4358-8758-6b73448d89a2 (type: networks) to 1
2026-05-09 02:45:56.323 7 INFO neutron.db.ovn_revision_numbers_db [None req-d2548a50-981d-4553-a9b9-ff1b6a8d3887 48198d15ab824e58bd0bc53a5f33f480 33d672a0e6464e19ac8103a2b7a9886e - - default default] Successfully bumped revision number for resource 4d35006c-5043-40c6-9737-6d0738a6c66d (type: security_groups) to 1
2026-05-09 02:45:56.334 7 INFO neutron.db.ovn_revision_numbers_db [None req-d2548a50-981d-4553-a9b9-ff1b6a8d3887 48198d15ab824e58bd0bc53a5f33f480 33d672a0e6464e19ac8103a2b7a9886e - - default default] Successfully bumped revision number for resource 13c40e3a-360a-4508-b838-3cc60d540c99 (type: security_group_rules) to 0
2026-05-09 02:45:56.345 7 INFO neutron.db.ovn_revision_numbers_db [None req-d2548a50-981d-4553-a9b9-ff1b6a8d3887 48198d15ab824e58bd0bc53a5f33f480 33d672a0e6464e19ac8103a2b7a9886e - - default default] Successfully bumped revision number for resource 2f9a8548-ea2a-4dcd-8e96-6351b0f6c07e (type: security_group_rules) to 0
2026-05-09 02:45:56.357 7 INFO neutron.db.ovn_revision_numbers_db [None req-d2548a50-981d-4553-a9b9-ff1b6a8d3887 48198d15ab824e58bd0bc53a5f33f480 33d672a0e6464e19ac8103a2b7a9886e - - default default] Successfully bumped revision number for resource 397448f1-e5cc-4300-b2d1-7ce570f1304d (type: security_group_rules) to 0
2026-05-09 02:45:56.366 7 INFO neutron.db.ovn_revision_numbers_db [None req-d2548a50-981d-4553-a9b9-ff1b6a8d3887 48198d15ab824e58bd0bc53a5f33f480 33d672a0e6464e19ac8103a2b7a9886e - - default default] Successfully bumped revision number for resource f90876ef-fa46-4609-a6b9-384c018e084e (type: security_group_rules) to 0
2026-05-09 02:45:56.394 8 WARNING neutron.scheduler.dhcp_agent_scheduler [None req-ceeea0b2-4804-47b5-a0a7-eddb79f9f0a2 465aae515f7a425d9ff6bcfe1ee63a3f 27c68352f53f4b368e886b8ff6b1a214 - - default default] No more DHCP agents
2026-05-09 02:45:56.396 8 WARNING neutron.api.rpc.agentnotifiers.dhcp_rpc_agent_api [None req-ceeea0b2-4804-47b5-a0a7-eddb79f9f0a2 465aae515f7a425d9ff6bcfe1ee63a3f 27c68352f53f4b368e886b8ff6b1a214 - - default default] Unable to schedule network f1faa6c3-16bf-4358-8758-6b73448d89a2: no agents available; will retry on subsequent port and subnet creation events. [pid: 7|app: 0|req: 780/1482] 10.0.0.103 () {32 vars in 774 bytes} [Sat May 9 02:45:56 2026] GET /v2.0/security-groups?tenant_id=c0d54b6ed1724faa88dc65e38bc3ad17&name=default => generated 2925 bytes in 262 msecs (HTTP/1.1 200) 4 headers in 158 bytes (1 switches on core 0)
2026-05-09 02:45:56.456 7 INFO neutron.plugins.ml2.drivers.ovn.mech_driver.mech_driver [None req-cc515daf-6905-43b1-b859-16cec267aaa8 - - - - - -] OVN reports status down for port: 0758a145-604d-4dfd-b11f-8b13c3e38a55
2026-05-09 02:45:56.467 8 INFO neutron.db.ovn_revision_numbers_db [None req-ceeea0b2-4804-47b5-a0a7-eddb79f9f0a2 465aae515f7a425d9ff6bcfe1ee63a3f 27c68352f53f4b368e886b8ff6b1a214 - - default default] Successfully bumped revision number for resource 0758a145-604d-4dfd-b11f-8b13c3e38a55 (type: ports) to 1 [pid: 8|app: 0|req: 703/1483] 10.0.0.103 () {34 vars in 671 bytes} [Sat May 9 02:45:55 2026] POST /v2.0/networks => generated 633 bytes in 824 msecs (HTTP/1.1 201) 4 headers in 162 bytes (1 switches on core 0)
2026-05-09 02:45:56.609 8 INFO neutron_taas.services.taas.taas_plugin [None req-ba88d527-b8aa-4b7a-b8a4-818af163c635 1b622a009498417a86ac98dad93f3669 c0fd5b123a684118bd9de513b8475831 - - default default] TaaS: Handle Delete Port: ac7feb1d-8d7e-45a4-9fcc-deb24e8150bc
2026-05-09 02:45:56.612 8 INFO neutron_taas.services.taas.tap_mirror_plugin [None req-ba88d527-b8aa-4b7a-b8a4-818af163c635 1b622a009498417a86ac98dad93f3669 c0fd5b123a684118bd9de513b8475831 - - default default] Tap Mirror: Handle Delete Port: ac7feb1d-8d7e-45a4-9fcc-deb24e8150bc [pid: 8|app: 0|req: 704/1484] 10.0.0.103 () {32 vars in 732 bytes} [Sat May 9 02:45:56 2026] DELETE /v2.0/floatingips/9fb0655d-4793-4007-8a8c-5cf6591b9b2c => generated 0 bytes in 258 msecs (HTTP/1.1 204) 2 headers in 112 bytes (1 switches on core 0)
2026-05-09 02:45:56.873 7 WARNING neutron.scheduler.dhcp_agent_scheduler [None req-d8b7a9d5-7fbd-4c28-bd89-89390adf0647 48198d15ab824e58bd0bc53a5f33f480 33d672a0e6464e19ac8103a2b7a9886e - - default default] No more DHCP agents
2026-05-09 02:45:56.874 7 WARNING neutron.api.rpc.agentnotifiers.dhcp_rpc_agent_api [None req-d8b7a9d5-7fbd-4c28-bd89-89390adf0647 48198d15ab824e58bd0bc53a5f33f480 33d672a0e6464e19ac8103a2b7a9886e - - default default] Unable to schedule network 7574d4d0-7c11-4040-ac6e-73310bb21930: no agents available; will retry on subsequent port and subnet creation events. [pid: 8|app: 0|req: 705/1485] 10.0.0.103 () {32 vars in 740 bytes} [Sat May 9 02:45:56 2026] DELETE /v2.0/security-groups/4d35006c-5043-40c6-9737-6d0738a6c66d => generated 0 bytes in 232 msecs (HTTP/1.1 204) 2 headers in 112 bytes (1 switches on core 0)
2026-05-09 02:45:56.990 7 INFO neutron.plugins.ml2.drivers.ovn.mech_driver.mech_driver [None req-cc515daf-6905-43b1-b859-16cec267aaa8 - - - - - -] OVN reports status down for port: 7f2c719c-c9f9-47c9-89cc-5376f95610d0
2026-05-09 02:45:57.048 7 INFO neutron.db.ovn_revision_numbers_db [None req-d8b7a9d5-7fbd-4c28-bd89-89390adf0647 48198d15ab824e58bd0bc53a5f33f480 33d672a0e6464e19ac8103a2b7a9886e - - default default] Successfully bumped revision number for resource 7f2c719c-c9f9-47c9-89cc-5376f95610d0 (type: ports) to 1
2026-05-09 02:45:57.702 7 INFO neutron.plugins.ml2.drivers.ovn.mech_driver.ovsdb.commands [None req-22712b0c-d619-4325-8c8e-5e84897214a3 - - - - - -] Schedule LRP lrp-7f2c719c-c9f9-47c9-89cc-5376f95610d0 on gateway 9a16bfaf-693f-41b6-8a1b-3f750e18191c with priority 1
2026-05-09 02:45:57.743 8 INFO neutron.plugins.ml2.drivers.ovn.mech_driver.ovsdb.ovsdb_monitor [None req-36ede7cf-6929-4509-96de-fd67bfd78bb2 - - - - - -] Router d29448b4-7bbb-4649-bba2-5ccc01ab0034 is bound to host instance
2026-05-09 02:45:57.762 7 INFO neutron.plugins.ml2.drivers.ovn.mech_driver.mech_driver [None req-cc515daf-6905-43b1-b859-16cec267aaa8 - - - - - -] OVN reports status up for port: 7f2c719c-c9f9-47c9-89cc-5376f95610d0
2026-05-09 02:45:57.800 7 INFO neutron.plugins.ml2.plugin [None req-cc515daf-6905-43b1-b859-16cec267aaa8 - - - - - -] Attempt 1 to provision port 7f2c719c-c9f9-47c9-89cc-5376f95610d0
2026-05-09 02:45:57.822 7 INFO neutron.db.ovn_revision_numbers_db [None req-d8b7a9d5-7fbd-4c28-bd89-89390adf0647 48198d15ab824e58bd0bc53a5f33f480 33d672a0e6464e19ac8103a2b7a9886e - - default default] Successfully bumped revision number for resource 7f2c719c-c9f9-47c9-89cc-5376f95610d0 (type: router_ports) to 1
2026-05-09 02:45:57.973 7 INFO neutron.db.ovn_revision_numbers_db [None req-d8b7a9d5-7fbd-4c28-bd89-89390adf0647 48198d15ab824e58bd0bc53a5f33f480 33d672a0e6464e19ac8103a2b7a9886e - - default default] Successfully bumped revision number for resource d29448b4-7bbb-4649-bba2-5ccc01ab0034 (type: routers) to 2 [pid: 7|app: 0|req: 781/1486] 10.0.0.103 () {34 vars in 669 bytes} [Sat May 9 02:45:56 2026] POST /v2.0/routers => generated 969 bytes in 1611 msecs (HTTP/1.1 201) 4 headers in 162 bytes (1 switches on core 0)
2026-05-09 02:45:58.078 8 WARNING neutron.scheduler.dhcp_agent_scheduler [None req-e56a2455-88f0-4c02-a977-ca62747a4790 465aae515f7a425d9ff6bcfe1ee63a3f 27c68352f53f4b368e886b8ff6b1a214 - - default default] No more DHCP agents
2026-05-09 02:45:58.084 8 WARNING neutron.api.rpc.agentnotifiers.dhcp_rpc_agent_api [None req-e56a2455-88f0-4c02-a977-ca62747a4790 465aae515f7a425d9ff6bcfe1ee63a3f 27c68352f53f4b368e886b8ff6b1a214 - - default default] Unable to schedule network 7574d4d0-7c11-4040-ac6e-73310bb21930: no agents available; will retry on subsequent port and subnet creation events.
2026-05-09 02:45:58.225 8 INFO neutron.plugins.ml2.drivers.ovn.mech_driver.mech_driver [None req-0249e117-3248-4897-87b3-486f6f2133bf - - - - - -] OVN reports status down for port: fc66d55d-382a-4e1a-bb3e-acdd5bbc53e0
2026-05-09 02:45:58.442 8 INFO neutron.db.ovn_revision_numbers_db [None req-e56a2455-88f0-4c02-a977-ca62747a4790 465aae515f7a425d9ff6bcfe1ee63a3f 27c68352f53f4b368e886b8ff6b1a214 - - default default] Successfully bumped revision number for resource fc66d55d-382a-4e1a-bb3e-acdd5bbc53e0 (type: ports) to 1
2026-05-09 02:45:59.031 7 INFO neutron.db.ovn_revision_numbers_db [None req-cb88d414-27e8-44e3-b0d5-983712c4bb8e 48198d15ab824e58bd0bc53a5f33f480 33d672a0e6464e19ac8103a2b7a9886e - - default default] Successfully bumped revision number for resource eb4b9800-9701-428d-a27e-6e80bf4bdc24 (type: security_groups) to 1
2026-05-09 02:45:59.088 7 INFO neutron.db.ovn_revision_numbers_db [None req-cb88d414-27e8-44e3-b0d5-983712c4bb8e 48198d15ab824e58bd0bc53a5f33f480 33d672a0e6464e19ac8103a2b7a9886e - - default default] Successfully bumped revision number for resource 1d8974bf-e224-424d-a388-d89c5046facc (type: security_group_rules) to 0
2026-05-09 02:45:59.241 7 INFO neutron.db.ovn_revision_numbers_db [None req-cb88d414-27e8-44e3-b0d5-983712c4bb8e 48198d15ab824e58bd0bc53a5f33f480 33d672a0e6464e19ac8103a2b7a9886e - - default default] Successfully bumped revision number for resource 2b612684-6ec0-4248-93db-17a50318e7dd (type: security_group_rules) to 0
2026-05-09 02:45:59.359 7 INFO neutron.db.ovn_revision_numbers_db [None req-cb88d414-27e8-44e3-b0d5-983712c4bb8e 48198d15ab824e58bd0bc53a5f33f480 33d672a0e6464e19ac8103a2b7a9886e - - default default] Successfully bumped revision number for resource 44bd1116-1411-4ab9-95f0-fccc0fc7eaf8 (type: security_group_rules) to 0
2026-05-09 02:45:59.434 8 INFO neutron.db.ovn_revision_numbers_db [None req-96ddda88-d70d-4c48-b8ac-6dcc228d2c21 - - - - - -] Successfully bumped revision number for resource 7f2c719c-c9f9-47c9-89cc-5376f95610d0 (type: ports) to 4
2026-05-09 02:45:59.437 7 INFO neutron.db.ovn_revision_numbers_db [None req-cb88d414-27e8-44e3-b0d5-983712c4bb8e 48198d15ab824e58bd0bc53a5f33f480 33d672a0e6464e19ac8103a2b7a9886e - - default default] Successfully bumped revision number for resource 61876fcd-6182-431c-83d4-4b451064c7ff (type: security_group_rules) to 0 [pid: 7|app: 0|req: 782/1487] 10.0.0.103 () {32 vars in 774 bytes} [Sat May 9 02:45:58 2026] GET /v2.0/security-groups?tenant_id=b702738fe6f345a1ac85814ea7de84ca&name=default => generated 2925 bytes in 1449 msecs (HTTP/1.1 200) 4 headers in 158 bytes (1 switches on core 0)
2026-05-09 02:45:59.502 8 INFO neutron.plugins.ml2.drivers.ovn.mech_driver.ovsdb.commands [None req-eba890dc-db35-45d9-b24e-00a0ec83645f - - - - - -] Schedule LRP lrp-fc66d55d-382a-4e1a-bb3e-acdd5bbc53e0 on gateway 9a16bfaf-693f-41b6-8a1b-3f750e18191c with priority 1
2026-05-09 02:45:59.539 7 INFO neutron.plugins.ml2.drivers.ovn.mech_driver.ovsdb.ovsdb_monitor [None req-b4582861-d1d3-48db-9015-a7a5812561c2 - - - - - -] Router 0cab36ad-6077-4542-ae2e-6623ffec6203 is bound to host instance
2026-05-09 02:45:59.606 8 INFO neutron.plugins.ml2.drivers.ovn.mech_driver.mech_driver [None req-0249e117-3248-4897-87b3-486f6f2133bf - - - - - -] OVN reports status up for port: fc66d55d-382a-4e1a-bb3e-acdd5bbc53e0
2026-05-09 02:45:59.710 8 INFO neutron.plugins.ml2.plugin [None req-0249e117-3248-4897-87b3-486f6f2133bf - - - - - -] Attempt 1 to provision port fc66d55d-382a-4e1a-bb3e-acdd5bbc53e0
2026-05-09 02:45:59.723 8 INFO neutron.db.ovn_revision_numbers_db [None req-e56a2455-88f0-4c02-a977-ca62747a4790 465aae515f7a425d9ff6bcfe1ee63a3f 27c68352f53f4b368e886b8ff6b1a214 - - default default] Successfully bumped revision number for resource fc66d55d-382a-4e1a-bb3e-acdd5bbc53e0 (type: router_ports) to 1
2026-05-09 02:45:59.962 8 INFO neutron.db.ovn_revision_numbers_db [None req-e56a2455-88f0-4c02-a977-ca62747a4790 465aae515f7a425d9ff6bcfe1ee63a3f 27c68352f53f4b368e886b8ff6b1a214 - - default default] Successfully bumped revision number for resource 0cab36ad-6077-4542-ae2e-6623ffec6203 (type: routers) to 2 [pid: 8|app: 0|req: 706/1488] 10.0.0.103 () {34 vars in 669 bytes} [Sat May 9 02:45:56 2026] POST /v2.0/routers => generated 955 bytes in 3146 msecs (HTTP/1.1 201) 4 headers in 162 bytes (1 switches on core 0)
2026-05-09 02:46:00.208 8 INFO neutron.db.ovn_revision_numbers_db [None req-96ddda88-d70d-4c48-b8ac-6dcc228d2c21 - - - - - -] Successfully bumped revision number for resource 7f2c719c-c9f9-47c9-89cc-5376f95610d0 (type: ports) to 5
2026-05-09 02:46:00.420 7 WARNING neutron.scheduler.dhcp_agent_scheduler [None req-ad55f19a-553d-4179-960d-9552978f8925 48198d15ab824e58bd0bc53a5f33f480 33d672a0e6464e19ac8103a2b7a9886e - - default default] No more DHCP agents
2026-05-09 02:46:00.423 7 WARNING neutron.api.rpc.agentnotifiers.dhcp_rpc_agent_api [None req-ad55f19a-553d-4179-960d-9552978f8925 48198d15ab824e58bd0bc53a5f33f480 33d672a0e6464e19ac8103a2b7a9886e - - default default] Unable to schedule network a8a37683-e0c9-498a-9fab-d1acf3c10da3: no agents available; will retry on subsequent port and subnet creation events.
2026-05-09 02:46:00.630 7 INFO neutron.plugins.ml2.drivers.ovn.mech_driver.mech_driver [None req-cc515daf-6905-43b1-b859-16cec267aaa8 - - - - - -] OVN reports status down for port: 66a776fb-c8c7-40da-9069-2d7492290185 [pid: 8|app: 0|req: 707/1489] 10.0.0.103 () {32 vars in 740 bytes} [Sat May 9 02:46:00 2026] DELETE /v2.0/security-groups/eb4b9800-9701-428d-a27e-6e80bf4bdc24 => generated 0 bytes in 666 msecs (HTTP/1.1 204) 2 headers in 112 bytes (1 switches on core 0)
2026-05-09 02:46:00.866 7 INFO neutron.db.ovn_revision_numbers_db [None req-ad55f19a-553d-4179-960d-9552978f8925 48198d15ab824e58bd0bc53a5f33f480 33d672a0e6464e19ac8103a2b7a9886e - - default default] Successfully bumped revision number for resource 66a776fb-c8c7-40da-9069-2d7492290185 (type: ports) to 1 [pid: 8|app: 0|req: 708/1490] 10.0.0.103 () {32 vars in 776 bytes} [Sat May 9 02:46:00 2026] GET /v2.0/subnets?project_id=27c68352f53f4b368e886b8ff6b1a214&cidr=10.100.0.0%2F28 => generated 14 bytes in 225 msecs (HTTP/1.1 200) 4 headers in 156 bytes (1 switches on core 0) [pid: 8|app: 0|req: 709/1491] 10.0.0.103 () {32 vars in 694 bytes} [Sat May 9 02:46:01 2026] GET /v2.0/networks?router%3Aexternal=True => generated 753 bytes in 46 msecs (HTTP/1.1 200) 4 headers in 157 bytes (1 switches on core 0) [pid: 8|app: 0|req: 710/1492] 10.0.0.103 () {32 vars in 784 bytes} [Sat May 9 02:46:01 2026] GET /v2.0/subnets?network_id=7574d4d0-7c11-4040-ac6e-73310bb21930&cidr=10.100.0.0%2F28 => generated 14 bytes in 20 msecs (HTTP/1.1 200) 4 headers in 156 bytes (1 switches on core 0)
2026-05-09 02:46:01.440 7 INFO neutron.db.ovn_revision_numbers_db [None req-f86a68fa-8bc3-4f1c-b97d-252935a57ac4 - - - - - -] Successfully bumped revision number for resource fc66d55d-382a-4e1a-bb3e-acdd5bbc53e0 (type: ports) to 4
2026-05-09 02:46:01.474 8 WARNING neutron.scheduler.dhcp_agent_scheduler [None req-79219a90-0514-4d50-83db-e2958c6b43d0 465aae515f7a425d9ff6bcfe1ee63a3f 27c68352f53f4b368e886b8ff6b1a214 - - default default] No more DHCP agents
2026-05-09 02:46:01.476 8 WARNING neutron.api.rpc.agentnotifiers.dhcp_rpc_agent_api [None req-79219a90-0514-4d50-83db-e2958c6b43d0 465aae515f7a425d9ff6bcfe1ee63a3f 27c68352f53f4b368e886b8ff6b1a214 - - default default] Unable to schedule network f1faa6c3-16bf-4358-8758-6b73448d89a2: no agents available; will retry on subsequent port and subnet creation events.
2026-05-09 02:46:01.973 7 INFO neutron.plugins.ml2.drivers.ovn.mech_driver.mech_driver [None req-cc515daf-6905-43b1-b859-16cec267aaa8 - - - - - -] OVN reports status up for port: 66a776fb-c8c7-40da-9069-2d7492290185
2026-05-09 02:46:02.138 7 INFO neutron.plugins.ml2.plugin [None req-cc515daf-6905-43b1-b859-16cec267aaa8 - - - - - -] Attempt 1 to provision port 66a776fb-c8c7-40da-9069-2d7492290185
2026-05-09 02:46:02.147 8 INFO neutron.db.ovn_revision_numbers_db [None req-bbd342a2-9dfa-44c6-bc16-41614b5682d9 - - - - - -] Successfully bumped revision number for resource 0758a145-604d-4dfd-b11f-8b13c3e38a55 (type: ports) to 2
2026-05-09 02:46:02.200 7 WARNING neutron.scheduler.dhcp_agent_scheduler [None req-ad55f19a-553d-4179-960d-9552978f8925 48198d15ab824e58bd0bc53a5f33f480 33d672a0e6464e19ac8103a2b7a9886e - - default default] No more DHCP agents
2026-05-09 02:46:02.216 7 WARNING neutron.api.rpc.agentnotifiers.dhcp_rpc_agent_api [None req-ad55f19a-553d-4179-960d-9552978f8925 48198d15ab824e58bd0bc53a5f33f480 33d672a0e6464e19ac8103a2b7a9886e - - default default] Unable to schedule network a8a37683-e0c9-498a-9fab-d1acf3c10da3: no agents available; will retry on subsequent port and subnet creation events.
2026-05-09 02:46:02.234 8 INFO neutron.db.ovn_revision_numbers_db [None req-bbd342a2-9dfa-44c6-bc16-41614b5682d9 - - - - - -] Successfully bumped revision number for resource 84f06c78-513f-4ec6-a9a0-868f0815fc81 (type: subnets) to 0
2026-05-09 02:46:02.303 7 INFO neutron.db.ovn_revision_numbers_db [None req-f86a68fa-8bc3-4f1c-b97d-252935a57ac4 - - - - - -] Successfully bumped revision number for resource fc66d55d-382a-4e1a-bb3e-acdd5bbc53e0 (type: ports) to 5 [pid: 8|app: 0|req: 711/1493] 10.0.0.103 () {34 vars in 669 bytes} [Sat May 9 02:46:01 2026] POST /v2.0/subnets => generated 656 bytes in 1191 msecs (HTTP/1.1 201) 4 headers in 162 bytes (1 switches on core 0)
2026-05-09 02:46:02.710 8 INFO neutron.db.ovn_revision_numbers_db [None req-f5fce555-1985-4a3a-a552-0a2b256c1c98 48198d15ab824e58bd0bc53a5f33f480 33d672a0e6464e19ac8103a2b7a9886e - - default default] Successfully bumped revision number for resource f9341ce4-3c47-4a83-86e2-f8b2e3bc32be (type: security_groups) to 1
2026-05-09 02:46:02.732 8 INFO neutron.db.ovn_revision_numbers_db [None req-f5fce555-1985-4a3a-a552-0a2b256c1c98 48198d15ab824e58bd0bc53a5f33f480 33d672a0e6464e19ac8103a2b7a9886e - - default default] Successfully bumped revision number for resource 10a0e68c-bd27-4e7d-9217-cc02d0292050 (type: security_group_rules) to 0
2026-05-09 02:46:02.773 8 INFO neutron.db.ovn_revision_numbers_db [None req-f5fce555-1985-4a3a-a552-0a2b256c1c98 48198d15ab824e58bd0bc53a5f33f480 33d672a0e6464e19ac8103a2b7a9886e - - default default] Successfully bumped revision number for resource ac1f235d-d533-4c79-ada7-84db1c397d08 (type: security_group_rules) to 0
2026-05-09 02:46:02.809 8 INFO neutron.db.ovn_revision_numbers_db [None req-f5fce555-1985-4a3a-a552-0a2b256c1c98 48198d15ab824e58bd0bc53a5f33f480 33d672a0e6464e19ac8103a2b7a9886e - - default default] Successfully bumped revision number for resource ac720638-e25a-402a-b767-4c42d664f3ea (type: security_group_rules) to 0
2026-05-09 02:46:02.873 8 INFO neutron.db.ovn_revision_numbers_db [None req-f5fce555-1985-4a3a-a552-0a2b256c1c98 48198d15ab824e58bd0bc53a5f33f480 33d672a0e6464e19ac8103a2b7a9886e - - default default] Successfully bumped revision number for resource b61751e6-cd97-4882-a477-c1984bdcdc13 (type: security_group_rules) to 0 [pid: 8|app: 0|req: 712/1494] 10.0.0.103 () {32 vars in 774 bytes} [Sat May 9 02:46:02 2026] GET /v2.0/security-groups?tenant_id=e2eaab2969aa45c1af585d6778f07a9d&name=default => generated 2925 bytes in 608 msecs (HTTP/1.1 200) 4 headers in 158 bytes (1 switches on core 0)
2026-05-09 02:46:03.003 7 INFO neutron.db.ovn_revision_numbers_db [None req-cc515daf-6905-43b1-b859-16cec267aaa8 - - - - - -] Successfully bumped revision number for resource 66a776fb-c8c7-40da-9069-2d7492290185 (type: ports) to 2
2026-05-09 02:46:03.157 7 INFO neutron.db.ovn_revision_numbers_db [None req-ad55f19a-553d-4179-960d-9552978f8925 48198d15ab824e58bd0bc53a5f33f480 33d672a0e6464e19ac8103a2b7a9886e - - default default] Successfully bumped revision number for resource 66a776fb-c8c7-40da-9069-2d7492290185 (type: router_ports) to 1 [pid: 7|app: 0|req: 783/1495] 10.0.0.103 () {34 vars in 783 bytes} [Sat May 9 02:45:59 2026] PUT /v2.0/routers/d29448b4-7bbb-4649-bba2-5ccc01ab0034/add_router_interface => generated 309 bytes in 3691 msecs (HTTP/1.1 200) 4 headers in 157 bytes (1 switches on core 0)
2026-05-09 02:46:03.497 8 WARNING neutron.scheduler.dhcp_agent_scheduler [None req-3d8ae7a4-4fb0-4522-b62a-0a85046a6c19 465aae515f7a425d9ff6bcfe1ee63a3f 27c68352f53f4b368e886b8ff6b1a214 - - default default] No more DHCP agents
2026-05-09 02:46:03.499 8 WARNING neutron.api.rpc.agentnotifiers.dhcp_rpc_agent_api [None req-3d8ae7a4-4fb0-4522-b62a-0a85046a6c19 465aae515f7a425d9ff6bcfe1ee63a3f 27c68352f53f4b368e886b8ff6b1a214 - - default default] Unable to schedule network f1faa6c3-16bf-4358-8758-6b73448d89a2: no agents available; will retry on subsequent port and subnet creation events. [pid: 7|app: 0|req: 784/1496] 10.0.0.103 () {32 vars in 740 bytes} [Sat May 9 02:46:03 2026] DELETE /v2.0/security-groups/f9341ce4-3c47-4a83-86e2-f8b2e3bc32be => generated 0 bytes in 401 msecs (HTTP/1.1 204) 2 headers in 112 bytes (1 switches on core 0)
2026-05-09 02:46:03.647 8 INFO neutron.db.ovn_revision_numbers_db [None req-3d8ae7a4-4fb0-4522-b62a-0a85046a6c19 465aae515f7a425d9ff6bcfe1ee63a3f 27c68352f53f4b368e886b8ff6b1a214 - - default default] Successfully bumped revision number for resource 07838321-0959-42a3-a11a-2b67b0ecffb6 (type: ports) to 1
2026-05-09 02:46:04.043 7 INFO neutron.db.ovn_revision_numbers_db [None req-7c726daf-c82f-4dd3-a4ba-4625b4646466 48198d15ab824e58bd0bc53a5f33f480 33d672a0e6464e19ac8103a2b7a9886e - - default default] Successfully bumped revision number for resource d7e850a0-7976-4122-9ee8-498ff48d429c (type: security_groups) to 1
2026-05-09 02:46:04.064 7 INFO neutron.db.ovn_revision_numbers_db [None req-7c726daf-c82f-4dd3-a4ba-4625b4646466 48198d15ab824e58bd0bc53a5f33f480 33d672a0e6464e19ac8103a2b7a9886e - - default default] Successfully bumped revision number for resource 3f8f9268-a63e-4aff-9ee2-162970cc36b7 (type: security_group_rules) to 0
2026-05-09 02:46:04.081 7 INFO neutron.db.ovn_revision_numbers_db [None req-7c726daf-c82f-4dd3-a4ba-4625b4646466 48198d15ab824e58bd0bc53a5f33f480 33d672a0e6464e19ac8103a2b7a9886e - - default default] Successfully bumped revision number for resource 4aa33de7-a89c-4064-a540-63f463288a04 (type: security_group_rules) to 0
2026-05-09 02:46:04.100 7 INFO neutron.db.ovn_revision_numbers_db [None req-7c726daf-c82f-4dd3-a4ba-4625b4646466 48198d15ab824e58bd0bc53a5f33f480 33d672a0e6464e19ac8103a2b7a9886e - - default default] Successfully bumped revision number for resource da9a2a82-a2f4-46a8-8b8d-8619f0d679e3 (type: security_group_rules) to 0
2026-05-09 02:46:04.116 7 INFO neutron.db.ovn_revision_numbers_db [None req-7c726daf-c82f-4dd3-a4ba-4625b4646466 48198d15ab824e58bd0bc53a5f33f480 33d672a0e6464e19ac8103a2b7a9886e - - default default] Successfully bumped revision number for resource e6c72da3-8945-40d5-ba04-e7ce940d4bea (type: security_group_rules) to 0 [pid: 7|app: 0|req: 785/1497] 10.0.0.103 () {32 vars in 774 bytes} [Sat May 9 02:46:03 2026] GET /v2.0/security-groups?tenant_id=0e6d978e349d4f44aa9403ad3ddfa88d&name=default => generated 2925 bytes in 586 msecs (HTTP/1.1 200) 4 headers in 158 bytes (1 switches on core 0)
2026-05-09 02:46:04.301 7 INFO neutron.db.ovn_revision_numbers_db [None req-ef360b84-19cc-45c0-a18a-a434d02da605 48198d15ab824e58bd0bc53a5f33f480 33d672a0e6464e19ac8103a2b7a9886e - - default default] Successfully bumped revision number for resource 445f1225-0562-47f6-b9e6-d6b40a1c5399 (type: security_groups) to 1
2026-05-09 02:46:04.315 7 INFO neutron.db.ovn_revision_numbers_db [None req-ef360b84-19cc-45c0-a18a-a434d02da605 48198d15ab824e58bd0bc53a5f33f480 33d672a0e6464e19ac8103a2b7a9886e - - default default] Successfully bumped revision number for resource 36ef0ee2-3f98-4b02-b027-02978bd3a0c8 (type: security_group_rules) to 0
2026-05-09 02:46:04.328 7 INFO neutron.db.ovn_revision_numbers_db [None req-ef360b84-19cc-45c0-a18a-a434d02da605 48198d15ab824e58bd0bc53a5f33f480 33d672a0e6464e19ac8103a2b7a9886e - - default default] Successfully bumped revision number for resource 854c3ea1-0695-419a-acce-96c637ab9ed8 (type: security_group_rules) to 0
2026-05-09 02:46:04.345 7 INFO neutron.db.ovn_revision_numbers_db [None req-ef360b84-19cc-45c0-a18a-a434d02da605 48198d15ab824e58bd0bc53a5f33f480 33d672a0e6464e19ac8103a2b7a9886e - - default default] Successfully bumped revision number for resource 9a76d4d9-3037-4b0f-8cfd-93a2f9dc2f68 (type: security_group_rules) to 0
2026-05-09 02:46:04.360 7 INFO neutron.db.ovn_revision_numbers_db [None req-ef360b84-19cc-45c0-a18a-a434d02da605 48198d15ab824e58bd0bc53a5f33f480 33d672a0e6464e19ac8103a2b7a9886e - - default default] Successfully bumped revision number for resource e6cb0361-b5d0-402c-81e5-0b3377664df3 (type: security_group_rules) to 0 [pid: 7|app: 0|req: 786/1498] 10.0.0.103 () {32 vars in 774 bytes} [Sat May 9 02:46:04 2026] GET /v2.0/security-groups?tenant_id=c0fd5b123a684118bd9de513b8475831&name=default => generated 2925 bytes in 247 msecs (HTTP/1.1 200) 4 headers in 158 bytes (1 switches on core 0)
2026-05-09 02:46:04.531 8 WARNING neutron.scheduler.dhcp_agent_scheduler [None req-3d8ae7a4-4fb0-4522-b62a-0a85046a6c19 465aae515f7a425d9ff6bcfe1ee63a3f 27c68352f53f4b368e886b8ff6b1a214 - - default default] No more DHCP agents
2026-05-09 02:46:04.532 8 WARNING neutron.api.rpc.agentnotifiers.dhcp_rpc_agent_api [None req-3d8ae7a4-4fb0-4522-b62a-0a85046a6c19 465aae515f7a425d9ff6bcfe1ee63a3f 27c68352f53f4b368e886b8ff6b1a214 - - default default] Unable to schedule network f1faa6c3-16bf-4358-8758-6b73448d89a2: no agents available; will retry on subsequent port and subnet creation events.
2026-05-09 02:46:04.687 7 INFO neutron.db.ovn_revision_numbers_db [None req-d02a4aeb-6c66-4fb7-bbf9-2e20c70dbfa3 49f2adaa39db4855962ff4870dd010be d85b8332186c4257bbc31c2f872cce75 - - default default] Successfully bumped revision number for resource 042b3736-a08a-4f70-881a-c17066d7450a (type: security_groups) to 1
2026-05-09 02:46:04.699 7 INFO neutron.db.ovn_revision_numbers_db [None req-d02a4aeb-6c66-4fb7-bbf9-2e20c70dbfa3 49f2adaa39db4855962ff4870dd010be d85b8332186c4257bbc31c2f872cce75 - - default default] Successfully bumped revision number for resource 383614e3-05f5-40f8-aa42-acf2fc4fd052 (type: security_group_rules) to 0
2026-05-09 02:46:04.713 7 INFO neutron.db.ovn_revision_numbers_db [None req-d02a4aeb-6c66-4fb7-bbf9-2e20c70dbfa3 49f2adaa39db4855962ff4870dd010be d85b8332186c4257bbc31c2f872cce75 - - default default] Successfully bumped revision number for resource 880eebb6-8b44-46a4-a987-7188291781c2 (type: security_group_rules) to 0 [pid: 7|app: 0|req: 787/1499] 10.0.0.103 () {34 vars in 685 bytes} [Sat May 9 02:46:04 2026] POST /v2.0/security-groups => generated 1660 bytes in 359 msecs (HTTP/1.1 201) 4 headers in 163 bytes (1 switches on core 0)
2026-05-09 02:46:04.868 8 INFO neutron.db.ovn_revision_numbers_db [None req-3d8ae7a4-4fb0-4522-b62a-0a85046a6c19 465aae515f7a425d9ff6bcfe1ee63a3f 27c68352f53f4b368e886b8ff6b1a214 - - default default] Successfully bumped revision number for resource 07838321-0959-42a3-a11a-2b67b0ecffb6 (type: router_ports) to 1 [pid: 8|app: 0|req: 713/1500] 10.0.0.103 () {34 vars in 783 bytes} [Sat May 9 02:46:02 2026] PUT /v2.0/routers/0cab36ad-6077-4542-ae2e-6623ffec6203/add_router_interface => generated 309 bytes in 1961 msecs (HTTP/1.1 200) 4 headers in 157 bytes (1 switches on core 0) [pid: 7|app: 0|req: 788/1501] 10.0.0.103 () {32 vars in 740 bytes} [Sat May 9 02:46:04 2026] DELETE /v2.0/security-groups/d7e850a0-7976-4122-9ee8-498ff48d429c => generated 0 bytes in 611 msecs (HTTP/1.1 204) 2 headers in 112 bytes (1 switches on core 0) [pid: 8|app: 0|req: 714/1502] 10.0.0.103 () {32 vars in 740 bytes} [Sat May 9 02:46:04 2026] DELETE /v2.0/security-groups/445f1225-0562-47f6-b9e6-d6b40a1c5399 => generated 0 bytes in 523 msecs (HTTP/1.1 204) 2 headers in 112 bytes (1 switches on core 0) [pid: 8|app: 0|req: 715/1503] 10.0.0.103 () {32 vars in 649 bytes} [Sat May 9 02:46:05 2026] GET /v2.0/networks => generated 3681 bytes in 78 msecs (HTTP/1.1 200) 4 headers in 158 bytes (1 switches on core 0)
2026-05-09 02:46:05.511 7 INFO neutron.db.ovn_revision_numbers_db [None req-61ef7a33-be04-4a85-b74f-45dd74c65727 49f2adaa39db4855962ff4870dd010be d85b8332186c4257bbc31c2f872cce75 - - default default] Successfully bumped revision number for resource 0268d2e6-661c-4f8c-8a71-a3eb61f6b014 (type: security_group_rules) to 0 [pid: 8|app: 0|req: 716/1504] 10.0.0.103 () {32 vars in 647 bytes} [Sat May 9 02:46:05 2026] GET /v2.0/subnets => generated 2653 bytes in 42 msecs (HTTP/1.1 200) 4 headers in 158 bytes (1 switches on core 0) [pid: 7|app: 0|req: 789/1505] 10.0.0.103 () {34 vars in 695 bytes} [Sat May 9 02:46:05 2026] POST /v2.0/security-group-rules => generated 597 bytes in 207 msecs (HTTP/1.1 201) 4 headers in 162 bytes (1 switches on core 0) [pid: 7|app: 0|req: 790/1506] 10.0.0.103 () {32 vars in 647 bytes} [Sat May 9 02:46:05 2026] GET /v2.0/routers => generated 1941 bytes in 113 msecs (HTTP/1.1 200) 4 headers in 158 bytes (1 switches on core 0)
2026-05-09 02:46:05.761 8 INFO neutron.db.ovn_revision_numbers_db [None req-13cb8f52-1256-42e3-b6be-4b314b47c461 48198d15ab824e58bd0bc53a5f33f480 33d672a0e6464e19ac8103a2b7a9886e - - default default] Successfully bumped revision number for resource bdb0150e-be0e-441d-822b-9cfdfdb7fc64 (type: security_groups) to 1
2026-05-09 02:46:05.844 8 INFO neutron.db.ovn_revision_numbers_db [None req-13cb8f52-1256-42e3-b6be-4b314b47c461 48198d15ab824e58bd0bc53a5f33f480 33d672a0e6464e19ac8103a2b7a9886e - - default default] Successfully bumped revision number for resource 194d14d5-e676-452f-a3e2-fad4dd50d605 (type: security_group_rules) to 0
2026-05-09 02:46:05.939 8 INFO neutron.db.ovn_revision_numbers_db [None req-13cb8f52-1256-42e3-b6be-4b314b47c461 48198d15ab824e58bd0bc53a5f33f480 33d672a0e6464e19ac8103a2b7a9886e - - default default] Successfully bumped revision number for resource 5d929b3d-7ed9-4e05-b535-e5b21ba21afa (type: security_group_rules) to 0
2026-05-09 02:46:05.958 8 INFO neutron.db.ovn_revision_numbers_db [None req-13cb8f52-1256-42e3-b6be-4b314b47c461 48198d15ab824e58bd0bc53a5f33f480 33d672a0e6464e19ac8103a2b7a9886e - - default default] Successfully bumped revision number for resource 733aba7c-95ed-4080-9298-022bc3ca6d17 (type: security_group_rules) to 0
2026-05-09 02:46:05.974 8 INFO neutron.db.ovn_revision_numbers_db [None req-13cb8f52-1256-42e3-b6be-4b314b47c461 48198d15ab824e58bd0bc53a5f33f480 33d672a0e6464e19ac8103a2b7a9886e - - default default] Successfully bumped revision number for resource ca72f927-b50f-4b98-90d8-6cb4d2cb2b68 (type: security_group_rules) to 0
2026-05-09 02:46:05.989 7 INFO neutron.db.ovn_revision_numbers_db [None req-b6c1000a-885f-45b3-a14e-15b1cf92f797 49f2adaa39db4855962ff4870dd010be d85b8332186c4257bbc31c2f872cce75 - - default default] Successfully bumped revision number for resource d13eb3da-c0b7-4413-8699-d7cffeebe183 (type: security_group_rules) to 0 [pid: 8|app: 0|req: 717/1507] 10.0.0.103 () {32 vars in 774 bytes} [Sat May 9 02:46:05 2026] GET /v2.0/security-groups?tenant_id=0f0888badbef41ecbe9f8bd6b55d433b&name=default => generated 2925 bytes in 499 msecs (HTTP/1.1 200) 4 headers in 158 bytes (1 switches on core 0) [pid: 7|app: 0|req: 791/1508] 10.0.0.103 () {34 vars in 695 bytes} [Sat May 9 02:46:05 2026] POST /v2.0/security-group-rules => generated 602 bytes in 345 msecs (HTTP/1.1 201) 4 headers in 162 bytes (1 switches on core 0)
2026-05-09 02:46:06.147 8 INFO neutron.db.ovn_revision_numbers_db [None req-e2a9fb5d-030f-4d7a-96eb-0e05f0969775 465aae515f7a425d9ff6bcfe1ee63a3f 27c68352f53f4b368e886b8ff6b1a214 - - default default] Successfully bumped revision number for resource 502b9c30-e13c-40fc-9f57-9e3f96534e75 (type: security_groups) to 1
