2026-05-09 02:47:28.180 7 INFO neutron.db.ovn_revision_numbers_db [None req-ae9d696a-e661-4f7c-8770-9435361f15e5 e799628a5efb4804b180d200d473ba22 a89bded01a1f45a69b26b7ef79148339 - - default default] Successfully bumped revision number for resource 5e48e4b1-3098-48bb-ad45-ee121c135eb6 (type: ports) to 1 [pid: 7|app: 0|req: 1117/2120] 10.0.0.103 () {34 vars in 670 bytes} [Sat May 9 02:47:27 2026] POST /v2.0/networks => generated 632 bytes in 895 msecs (HTTP/1.1 201) 4 headers in 162 bytes (1 switches on core 0)
2026-05-09 02:47:28.213 8 WARNING neutron.scheduler.dhcp_agent_scheduler [None req-d9d3c037-6809-471d-abaa-540a16453cae 48198d15ab824e58bd0bc53a5f33f480 33d672a0e6464e19ac8103a2b7a9886e - - default default] No more DHCP agents
2026-05-09 02:47:28.216 8 WARNING neutron.api.rpc.agentnotifiers.dhcp_rpc_agent_api [None req-d9d3c037-6809-471d-abaa-540a16453cae 48198d15ab824e58bd0bc53a5f33f480 33d672a0e6464e19ac8103a2b7a9886e - - default default] Unable to schedule network 7574d4d0-7c11-4040-ac6e-73310bb21930: no agents available; will retry on subsequent port and subnet creation events.
2026-05-09 02:47:28.361 8 INFO neutron.db.ovn_revision_numbers_db [None req-d9d3c037-6809-471d-abaa-540a16453cae 48198d15ab824e58bd0bc53a5f33f480 33d672a0e6464e19ac8103a2b7a9886e - - default default] Successfully bumped revision number for resource 87a2f6bf-7f62-4f20-bd31-e42bffa25d70 (type: ports) to 1
2026-05-09 02:47:28.383 7 WARNING neutron.scheduler.dhcp_agent_scheduler [None req-5a484b9a-3b53-46d7-996b-173bf9b9ca94 58413248852647f1b311a394763f7f0a b2d16944125c400987a843ac598259e9 - - default default] No more DHCP agents
2026-05-09 02:47:28.384 7 WARNING neutron.api.rpc.agentnotifiers.dhcp_rpc_agent_api [None req-5a484b9a-3b53-46d7-996b-173bf9b9ca94 58413248852647f1b311a394763f7f0a b2d16944125c400987a843ac598259e9 - - default default] Unable to schedule network 5e517909-bacf-4bc8-b569-6b2069a37515: no agents available; will retry on subsequent port and subnet creation events.
2026-05-09 02:47:28.810 7 INFO neutron.db.ovn_revision_numbers_db [None req-5b4a93d3-b727-4b93-9f27-d7321475a40b - - - - - -] Successfully bumped revision number for resource 22a7739e-4bb4-4b06-acca-5a296c54b627 (type: ports) to 2
2026-05-09 02:47:28.819 8 INFO neutron.services.segments.plugin [-] Segment 95d21fe4-3add-4103-8185-31aec642f74c resource provider aggregate not found
2026-05-09 02:47:28.834 7 INFO neutron.db.ovn_revision_numbers_db [None req-5b4a93d3-b727-4b93-9f27-d7321475a40b - - - - - -] Successfully bumped revision number for resource c0cf6ee2-47f0-4499-bc67-91d5e5e84e56 (type: subnets) to 0
2026-05-09 02:47:28.837 8 INFO neutron.services.segments.plugin [-] Segment 95d21fe4-3add-4103-8185-31aec642f74c resource provider aggregate not found
2026-05-09 02:47:28.847 8 INFO neutron.services.segments.plugin [-] Segment 95d21fe4-3add-4103-8185-31aec642f74c resource provider not found; error: Placement Client Error (4xx): {"errors": [{"status": 404, "title": "Not Found", "detail": "The resource could not be found.\n\n No resource provider with uuid 95d21fe4-3add-4103-8185-31aec642f74c found for delete ", "request_id": "req-3c0c3e79-d606-45bd-858f-bd5d1039ea88"}]} [pid: 7|app: 0|req: 1118/2121] 10.0.0.103 () {34 vars in 669 bytes} [Sat May 9 02:47:28 2026] POST /v2.0/subnets => generated 626 bytes in 654 msecs (HTTP/1.1 201) 4 headers in 162 bytes (1 switches on core 0)
2026-05-09 02:47:28.862 8 INFO neutron.services.segments.plugin [-] Segment 95d21fe4-3add-4103-8185-31aec642f74c resource provider not found; error: Placement Client Error (4xx): {"errors": [{"status": 404, "title": "Not Found", "detail": "The resource could not be found.\n\n No resource provider with uuid 95d21fe4-3add-4103-8185-31aec642f74c found for delete ", "request_id": "req-5af6a939-df1c-4199-8d4c-82a67f77ba55"}]}
2026-05-09 02:47:28.935 7 INFO neutron.db.segments_db [None req-cf9e757f-4463-4d8b-b649-552e2e8c69fa e799628a5efb4804b180d200d473ba22 a89bded01a1f45a69b26b7ef79148339 - - default default] Added segment ffe03bcb-a815-4a22-a603-0bf4fb9bddf8 of type geneve for network 248739a4-00b3-4102-a4e7-016fc589bba1
2026-05-09 02:47:28.938 8 INFO neutron.plugins.ml2.drivers.ovn.mech_driver.ovsdb.commands [None req-eba890dc-db35-45d9-b24e-00a0ec83645f - - - - - -] Schedule LRP lrp-87a2f6bf-7f62-4f20-bd31-e42bffa25d70 on gateway 9a16bfaf-693f-41b6-8a1b-3f750e18191c with priority 1
2026-05-09 02:47:28.989 8 INFO neutron.plugins.ml2.drivers.ovn.mech_driver.ovsdb.ovsdb_monitor [None req-46dc7fbc-dca1-450d-a7e3-7f981be9a27d - - - - - -] Router a9f07196-d968-4d70-b1e4-197e2c6cab9a is bound to host instance
2026-05-09 02:47:29.064 8 INFO neutron.db.ovn_revision_numbers_db [None req-d9d3c037-6809-471d-abaa-540a16453cae 48198d15ab824e58bd0bc53a5f33f480 33d672a0e6464e19ac8103a2b7a9886e - - default default] Successfully bumped revision number for resource 87a2f6bf-7f62-4f20-bd31-e42bffa25d70 (type: router_ports) to 1
2026-05-09 02:47:29.078 7 INFO neutron.db.ovn_revision_numbers_db [None req-cf9e757f-4463-4d8b-b649-552e2e8c69fa e799628a5efb4804b180d200d473ba22 a89bded01a1f45a69b26b7ef79148339 - - default default] Successfully bumped revision number for resource 248739a4-00b3-4102-a4e7-016fc589bba1 (type: networks) to 1
2026-05-09 02:47:29.190 7 WARNING neutron.plugins.ml2.drivers.ovn.mech_driver.ovsdb.ovn_client [None req-38bedcf3-81e4-437c-8a40-e31e65ef39ed - - - - - -] No hosting information found for port b5252d42-a3e5-4276-ab1f-850d323db278: RuntimeError: No hosting information found for port b5252d42-a3e5-4276-ab1f-850d323db278
2026-05-09 02:47:29.194 8 INFO neutron.db.ovn_revision_numbers_db [None req-d9d3c037-6809-471d-abaa-540a16453cae 48198d15ab824e58bd0bc53a5f33f480 33d672a0e6464e19ac8103a2b7a9886e - - default default] Successfully bumped revision number for resource a9f07196-d968-4d70-b1e4-197e2c6cab9a (type: routers) to 2 [pid: 8|app: 0|req: 1004/2122] 10.0.0.103 () {34 vars in 669 bytes} [Sat May 9 02:47:27 2026] POST /v2.0/routers => generated 966 bytes in 1580 msecs (HTTP/1.1 201) 4 headers in 162 bytes (1 switches on core 0)
2026-05-09 02:47:29.352 7 INFO neutron.db.ovn_revision_numbers_db [None req-38bedcf3-81e4-437c-8a40-e31e65ef39ed - - - - - -] Successfully bumped revision number for resource b5252d42-a3e5-4276-ab1f-850d323db278 (type: router_ports) to 2
2026-05-09 02:47:29.352 7 INFO neutron.plugins.ml2.drivers.ovn.mech_driver.mech_driver [None req-38bedcf3-81e4-437c-8a40-e31e65ef39ed - - - - - -] OVN reports status down for port: 16e80ff9-199a-4798-bde4-6c206cd9b35e
2026-05-09 02:47:29.382 7 WARNING neutron.scheduler.dhcp_agent_scheduler [None req-cf9e757f-4463-4d8b-b649-552e2e8c69fa e799628a5efb4804b180d200d473ba22 a89bded01a1f45a69b26b7ef79148339 - - default default] No more DHCP agents
2026-05-09 02:47:29.384 7 WARNING neutron.api.rpc.agentnotifiers.dhcp_rpc_agent_api [None req-cf9e757f-4463-4d8b-b649-552e2e8c69fa e799628a5efb4804b180d200d473ba22 a89bded01a1f45a69b26b7ef79148339 - - default default] Unable to schedule network 248739a4-00b3-4102-a4e7-016fc589bba1: no agents available; will retry on subsequent port and subnet creation events.
2026-05-09 02:47:29.464 7 INFO neutron.plugins.ml2.drivers.ovn.mech_driver.mech_driver [None req-38bedcf3-81e4-437c-8a40-e31e65ef39ed - - - - - -] OVN reports status down for port: 5e48e4b1-3098-48bb-ad45-ee121c135eb6
2026-05-09 02:47:29.492 8 INFO neutron.db.ovn_revision_numbers_db [None req-8b454382-ee14-4124-931c-eb16c2d4f633 58413248852647f1b311a394763f7f0a b2d16944125c400987a843ac598259e9 - - default default] Successfully bumped revision number for resource 0830e969-9ab4-4f83-80a7-363b3e30744f (type: routers) to 1
2026-05-09 02:47:29.511 7 INFO neutron.db.ovn_revision_numbers_db [None req-cf9e757f-4463-4d8b-b649-552e2e8c69fa e799628a5efb4804b180d200d473ba22 a89bded01a1f45a69b26b7ef79148339 - - default default] Successfully bumped revision number for resource da72c9ac-06fc-44ed-9542-0701c8bbac91 (type: ports) to 1 [pid: 8|app: 0|req: 1005/2123] 10.0.0.103 () {34 vars in 669 bytes} [Sat May 9 02:47:29 2026] POST /v2.0/routers => generated 602 bytes in 282 msecs (HTTP/1.1 201) 4 headers in 162 bytes (1 switches on core 0)
2026-05-09 02:47:29.547 7 INFO neutron.plugins.ml2.drivers.ovn.mech_driver.mech_driver [None req-38bedcf3-81e4-437c-8a40-e31e65ef39ed - - - - - -] OVN reports status down for port: da72c9ac-06fc-44ed-9542-0701c8bbac91 [pid: 7|app: 0|req: 1119/2124] 10.0.0.103 () {34 vars in 670 bytes} [Sat May 9 02:47:28 2026] POST /v2.0/networks => generated 631 bytes in 698 msecs (HTTP/1.1 201) 4 headers in 162 bytes (1 switches on core 0)
2026-05-09 02:47:29.873 8 WARNING neutron.plugins.ml2.drivers.ovn.mech_driver.ovsdb.ovn_client [None req-deb51f2c-6b77-4666-ab04-79cb9d1c108b - - - - - -] No port found with ID 32e10a21-ffe7-4ead-9f37-4b85b2502945: RuntimeError: No port found with ID 32e10a21-ffe7-4ead-9f37-4b85b2502945
2026-05-09 02:47:29.898 8 INFO neutron.plugins.ml2.drivers.ovn.mech_driver.mech_driver [None req-deb51f2c-6b77-4666-ab04-79cb9d1c108b - - - - - -] OVN reports status down for port: 5d84f4ee-13a0-4512-9acc-e2a013cf4e3e
2026-05-09 02:47:29.927 7 WARNING neutron.scheduler.dhcp_agent_scheduler [None req-2667c14b-9217-4fa6-b22e-39d75edff8ab 58413248852647f1b311a394763f7f0a b2d16944125c400987a843ac598259e9 - - default default] No more DHCP agents
2026-05-09 02:47:29.929 7 WARNING neutron.api.rpc.agentnotifiers.dhcp_rpc_agent_api [None req-2667c14b-9217-4fa6-b22e-39d75edff8ab 58413248852647f1b311a394763f7f0a b2d16944125c400987a843ac598259e9 - - default default] Unable to schedule network 5e517909-bacf-4bc8-b569-6b2069a37515: no agents available; will retry on subsequent port and subnet creation events.
2026-05-09 02:47:30.064 7 INFO neutron.db.ovn_revision_numbers_db [None req-2667c14b-9217-4fa6-b22e-39d75edff8ab 58413248852647f1b311a394763f7f0a b2d16944125c400987a843ac598259e9 - - default default] Successfully bumped revision number for resource d6a5f2e4-153b-4ae1-86a7-1595e7581cbc (type: ports) to 1 [pid: 7|app: 0|req: 1120/2125] 10.0.0.103 () {34 vars in 665 bytes} [Sat May 9 02:47:29 2026] POST /v2.0/ports => generated 947 bytes in 535 msecs (HTTP/1.1 201) 4 headers in 162 bytes (1 switches on core 0) /var/lib/openstack/lib/python3.12/site-packages/pycadf/identifier.py:70: UserWarning: Invalid uuid: neutron. To ensure interoperability, identifiers should be a valid uuid. warnings.warn(('Invalid uuid: %s. To ensure interoperability, '
2026-05-09 02:47:30.170 7 INFO neutron.db.segments_db [None req-50a09523-0486-4aca-9080-bb198a825aca e799628a5efb4804b180d200d473ba22 a89bded01a1f45a69b26b7ef79148339 - - default default] Added segment 6d016b61-5a1f-4238-959c-8f1dd9919e3a of type geneve for network 2285985a-6196-46a9-9b9a-1c121e60e4e1
2026-05-09 02:47:30.271 7 INFO neutron.db.ovn_revision_numbers_db [None req-50a09523-0486-4aca-9080-bb198a825aca e799628a5efb4804b180d200d473ba22 a89bded01a1f45a69b26b7ef79148339 - - default default] Successfully bumped revision number for resource 2285985a-6196-46a9-9b9a-1c121e60e4e1 (type: networks) to 1
2026-05-09 02:47:30.424 7 WARNING neutron.scheduler.dhcp_agent_scheduler [None req-50a09523-0486-4aca-9080-bb198a825aca e799628a5efb4804b180d200d473ba22 a89bded01a1f45a69b26b7ef79148339 - - default default] No more DHCP agents
2026-05-09 02:47:30.425 7 WARNING neutron.api.rpc.agentnotifiers.dhcp_rpc_agent_api [None req-50a09523-0486-4aca-9080-bb198a825aca e799628a5efb4804b180d200d473ba22 a89bded01a1f45a69b26b7ef79148339 - - default default] Unable to schedule network 2285985a-6196-46a9-9b9a-1c121e60e4e1: no agents available; will retry on subsequent port and subnet creation events.
2026-05-09 02:47:30.491 7 INFO neutron.db.ovn_revision_numbers_db [None req-50a09523-0486-4aca-9080-bb198a825aca e799628a5efb4804b180d200d473ba22 a89bded01a1f45a69b26b7ef79148339 - - default default] Successfully bumped revision number for resource 05403554-bb6c-49df-918a-72d9941e819d (type: ports) to 1 [pid: 7|app: 0|req: 1121/2126] 10.0.0.103 () {34 vars in 670 bytes} [Sat May 9 02:47:30 2026] POST /v2.0/networks => generated 631 bytes in 426 msecs (HTTP/1.1 201) 4 headers in 162 bytes (1 switches on core 0)
2026-05-09 02:47:30.737 8 WARNING neutron.scheduler.dhcp_agent_scheduler [None req-25fe4da1-9425-41de-b639-1076a2b4f41e 48198d15ab824e58bd0bc53a5f33f480 33d672a0e6464e19ac8103a2b7a9886e - - default default] No more DHCP agents
2026-05-09 02:47:30.749 8 WARNING neutron.api.rpc.agentnotifiers.dhcp_rpc_agent_api [None req-25fe4da1-9425-41de-b639-1076a2b4f41e 48198d15ab824e58bd0bc53a5f33f480 33d672a0e6464e19ac8103a2b7a9886e - - default default] Unable to schedule network c0a46a33-3af7-431c-9e3f-881f85f6c0ae: no agents available; will retry on subsequent port and subnet creation events.
2026-05-09 02:47:30.866 8 INFO neutron.db.ovn_revision_numbers_db [None req-deb51f2c-6b77-4666-ab04-79cb9d1c108b - - - - - -] Successfully bumped revision number for resource 5d84f4ee-13a0-4512-9acc-e2a013cf4e3e (type: ports) to 6
2026-05-09 02:47:31.010 7 INFO neutron.db.ovn_revision_numbers_db [None req-0f80dc15-a4cf-4277-a17b-e450b4055316 58413248852647f1b311a394763f7f0a b2d16944125c400987a843ac598259e9 - - default default] Successfully bumped revision number for resource d6a5f2e4-153b-4ae1-86a7-1595e7581cbc (type: ports) to 2
2026-05-09 02:47:31.066 8 WARNING neutron.plugins.ml2.drivers.ovn.mech_driver.ovsdb.ovn_client [None req-61312805-e8cd-4bd0-a1ee-8a3304850db8 - - - - - -] Logical_Switch_Port 5d84f4ee-13a0-4512-9acc-e2a013cf4e3e host information not removed, the port state is up
2026-05-09 02:47:31.067 8 INFO neutron.plugins.ml2.drivers.ovn.mech_driver.mech_driver [None req-61312805-e8cd-4bd0-a1ee-8a3304850db8 - - - - - -] OVN reports status up for port: 5d84f4ee-13a0-4512-9acc-e2a013cf4e3e
2026-05-09 02:47:31.075 8 INFO neutron.db.ovn_revision_numbers_db [None req-bf9b451e-7207-477c-9540-9ed8a51afd58 - - - - - -] Successfully bumped revision number for resource 87a2f6bf-7f62-4f20-bd31-e42bffa25d70 (type: ports) to 4
2026-05-09 02:47:31.096 8 INFO neutron.plugins.ml2.plugin [None req-61312805-e8cd-4bd0-a1ee-8a3304850db8 - - - - - -] Attempt 1 to provision port 5d84f4ee-13a0-4512-9acc-e2a013cf4e3e
2026-05-09 02:47:31.162 7 INFO neutron.plugins.ml2.drivers.ovn.mech_driver.mech_driver [None req-38bedcf3-81e4-437c-8a40-e31e65ef39ed - - - - - -] OVN reports status down for port: 88f3047c-e596-457b-ac02-0881fb7ca067
2026-05-09 02:47:31.309 8 INFO neutron.db.ovn_revision_numbers_db [None req-25fe4da1-9425-41de-b639-1076a2b4f41e 48198d15ab824e58bd0bc53a5f33f480 33d672a0e6464e19ac8103a2b7a9886e - - default default] Successfully bumped revision number for resource 88f3047c-e596-457b-ac02-0881fb7ca067 (type: ports) to 1
2026-05-09 02:47:31.725 7 WARNING neutron.scheduler.dhcp_agent_scheduler [None req-0f80dc15-a4cf-4277-a17b-e450b4055316 58413248852647f1b311a394763f7f0a b2d16944125c400987a843ac598259e9 - - default default] No more DHCP agents
2026-05-09 02:47:31.726 7 WARNING neutron.api.rpc.agentnotifiers.dhcp_rpc_agent_api [None req-0f80dc15-a4cf-4277-a17b-e450b4055316 58413248852647f1b311a394763f7f0a b2d16944125c400987a843ac598259e9 - - default default] Unable to schedule network 5e517909-bacf-4bc8-b569-6b2069a37515: no agents available; will retry on subsequent port and subnet creation events.
2026-05-09 02:47:31.918 7 INFO neutron.db.ovn_revision_numbers_db [None req-0f80dc15-a4cf-4277-a17b-e450b4055316 58413248852647f1b311a394763f7f0a b2d16944125c400987a843ac598259e9 - - default default] Successfully bumped revision number for resource d6a5f2e4-153b-4ae1-86a7-1595e7581cbc (type: router_ports) to 2 [pid: 7|app: 0|req: 1122/2127] 10.0.0.103 () {34 vars in 783 bytes} [Sat May 9 02:47:30 2026] PUT /v2.0/routers/0830e969-9ab4-4f83-80a7-363b3e30744f/add_router_interface => generated 309 bytes in 1410 msecs (HTTP/1.1 200) 4 headers in 157 bytes (1 switches on core 0) /var/lib/openstack/lib/python3.12/site-packages/pycadf/identifier.py:70: UserWarning: Invalid uuid: neutron. To ensure interoperability, identifiers should be a valid uuid. warnings.warn(('Invalid uuid: %s. To ensure interoperability, '
2026-05-09 02:47:32.007 7 INFO neutron.db.segments_db [None req-fa5b9c08-fac1-4cd2-bdc2-4f2c9d387870 e799628a5efb4804b180d200d473ba22 a89bded01a1f45a69b26b7ef79148339 - - default default] Added segment 7901fae0-e1e4-43fa-9bbd-0fca4e27ff24 of type geneve for network c1dd29af-ce78-43c8-999c-9f81d880824d
2026-05-09 02:47:32.147 7 INFO neutron.db.ovn_revision_numbers_db [None req-fa5b9c08-fac1-4cd2-bdc2-4f2c9d387870 e799628a5efb4804b180d200d473ba22 a89bded01a1f45a69b26b7ef79148339 - - default default] Successfully bumped revision number for resource c1dd29af-ce78-43c8-999c-9f81d880824d (type: networks) to 1
2026-05-09 02:47:32.237 8 INFO neutron.db.ovn_revision_numbers_db [None req-bf9b451e-7207-477c-9540-9ed8a51afd58 - - - - - -] Successfully bumped revision number for resource 87a2f6bf-7f62-4f20-bd31-e42bffa25d70 (type: ports) to 5
2026-05-09 02:47:32.258 8 INFO neutron.db.ovn_revision_numbers_db [None req-61312805-e8cd-4bd0-a1ee-8a3304850db8 - - - - - -] Successfully bumped revision number for resource 5d84f4ee-13a0-4512-9acc-e2a013cf4e3e (type: ports) to 7
2026-05-09 02:47:32.323 7 WARNING neutron.scheduler.dhcp_agent_scheduler [None req-fa5b9c08-fac1-4cd2-bdc2-4f2c9d387870 e799628a5efb4804b180d200d473ba22 a89bded01a1f45a69b26b7ef79148339 - - default default] No more DHCP agents
2026-05-09 02:47:32.324 7 WARNING neutron.api.rpc.agentnotifiers.dhcp_rpc_agent_api [None req-fa5b9c08-fac1-4cd2-bdc2-4f2c9d387870 e799628a5efb4804b180d200d473ba22 a89bded01a1f45a69b26b7ef79148339 - - default default] Unable to schedule network c1dd29af-ce78-43c8-999c-9f81d880824d: no agents available; will retry on subsequent port and subnet creation events.
2026-05-09 02:47:32.380 7 INFO neutron.plugins.ml2.drivers.ovn.mech_driver.mech_driver [None req-38bedcf3-81e4-437c-8a40-e31e65ef39ed - - - - - -] OVN reports status down for port: 2dd4eb5f-ca90-4151-9407-04c6b005b376
2026-05-09 02:47:32.433 7 INFO neutron.db.ovn_revision_numbers_db [None req-fa5b9c08-fac1-4cd2-bdc2-4f2c9d387870 e799628a5efb4804b180d200d473ba22 a89bded01a1f45a69b26b7ef79148339 - - default default] Successfully bumped revision number for resource 2dd4eb5f-ca90-4151-9407-04c6b005b376 (type: ports) to 1 [pid: 7|app: 0|req: 1123/2128] 10.0.0.103 () {34 vars in 670 bytes} [Sat May 9 02:47:31 2026] POST /v2.0/networks => generated 632 bytes in 555 msecs (HTTP/1.1 201) 4 headers in 162 bytes (1 switches on core 0) [pid: 7|app: 0|req: 1124/2129] 10.0.0.103 () {32 vars in 717 bytes} [Sat May 9 02:47:32 2026] GET /v2.0/ports/d6a5f2e4-153b-4ae1-86a7-1595e7581cbc => generated 1007 bytes in 40 msecs (HTTP/1.1 200) 4 headers in 158 bytes (1 switches on core 0)
2026-05-09 02:47:32.565 8 INFO neutron.plugins.ml2.drivers.ovn.mech_driver.mech_driver [None req-1df5bc05-7b1f-4d38-b71d-c8a34013761b - - - - - -] OVN reports status down for port: 22a7739e-4bb4-4b06-acca-5a296c54b627
2026-05-09 02:47:32.603 7 INFO neutron.db.segments_db [None req-8a286499-2240-4478-bccf-0b0184425323 e799628a5efb4804b180d200d473ba22 a89bded01a1f45a69b26b7ef79148339 - - default default] Added segment ea847d75-4699-420e-a684-1466ef3cabe7 of type geneve for network a251ef9c-0265-4b8a-b1e5-ff3d4577431f
2026-05-09 02:47:32.671 8 INFO neutron.plugins.ml2.drivers.ovn.mech_driver.mech_driver [None req-1df5bc05-7b1f-4d38-b71d-c8a34013761b - - - - - -] OVN reports status down for port: 87a2f6bf-7f62-4f20-bd31-e42bffa25d70
2026-05-09 02:47:32.705 7 INFO neutron.db.ovn_revision_numbers_db [None req-8a286499-2240-4478-bccf-0b0184425323 e799628a5efb4804b180d200d473ba22 a89bded01a1f45a69b26b7ef79148339 - - default default] Successfully bumped revision number for resource a251ef9c-0265-4b8a-b1e5-ff3d4577431f (type: networks) to 1
2026-05-09 02:47:32.841 7 INFO neutron.plugins.ml2.drivers.ovn.mech_driver.mech_driver [None req-38bedcf3-81e4-437c-8a40-e31e65ef39ed - - - - - -] OVN reports status up for port: 88f3047c-e596-457b-ac02-0881fb7ca067
2026-05-09 02:47:32.865 7 INFO neutron.plugins.ml2.plugin [None req-38bedcf3-81e4-437c-8a40-e31e65ef39ed - - - - - -] Attempt 1 to provision port 88f3047c-e596-457b-ac02-0881fb7ca067
2026-05-09 02:47:32.953 7 WARNING neutron.scheduler.dhcp_agent_scheduler [None req-8a286499-2240-4478-bccf-0b0184425323 e799628a5efb4804b180d200d473ba22 a89bded01a1f45a69b26b7ef79148339 - - default default] No more DHCP agents
2026-05-09 02:47:32.957 7 WARNING neutron.api.rpc.agentnotifiers.dhcp_rpc_agent_api [None req-8a286499-2240-4478-bccf-0b0184425323 e799628a5efb4804b180d200d473ba22 a89bded01a1f45a69b26b7ef79148339 - - default default] Unable to schedule network a251ef9c-0265-4b8a-b1e5-ff3d4577431f: no agents available; will retry on subsequent port and subnet creation events.
2026-05-09 02:47:32.968 8 WARNING neutron.scheduler.dhcp_agent_scheduler [None req-25fe4da1-9425-41de-b639-1076a2b4f41e 48198d15ab824e58bd0bc53a5f33f480 33d672a0e6464e19ac8103a2b7a9886e - - default default] No more DHCP agents
2026-05-09 02:47:32.971 8 WARNING neutron.api.rpc.agentnotifiers.dhcp_rpc_agent_api [None req-25fe4da1-9425-41de-b639-1076a2b4f41e 48198d15ab824e58bd0bc53a5f33f480 33d672a0e6464e19ac8103a2b7a9886e - - default default] Unable to schedule network c0a46a33-3af7-431c-9e3f-881f85f6c0ae: no agents available; will retry on subsequent port and subnet creation events.
2026-05-09 02:47:33.105 7 INFO neutron.db.ovn_revision_numbers_db [None req-8a286499-2240-4478-bccf-0b0184425323 e799628a5efb4804b180d200d473ba22 a89bded01a1f45a69b26b7ef79148339 - - default default] Successfully bumped revision number for resource fceea5ef-8c4c-4647-9fb1-9d8f358f5a5d (type: ports) to 1 [pid: 7|app: 0|req: 1125/2130] 10.0.0.103 () {34 vars in 670 bytes} [Sat May 9 02:47:32 2026] POST /v2.0/networks => generated 632 bytes in 634 msecs (HTTP/1.1 201) 4 headers in 162 bytes (1 switches on core 0)
2026-05-09 02:47:33.308 8 INFO neutron.db.ovn_revision_numbers_db [None req-1df5bc05-7b1f-4d38-b71d-c8a34013761b - - - - - -] Successfully bumped revision number for resource 87a2f6bf-7f62-4f20-bd31-e42bffa25d70 (type: ports) to 6
2026-05-09 02:47:33.477 8 WARNING neutron.plugins.ml2.drivers.ovn.mech_driver.ovsdb.ovn_client [None req-9df98139-fa21-48c6-a141-1f3ba26e1487 - - - - - -] Logical_Switch_Port 87a2f6bf-7f62-4f20-bd31-e42bffa25d70 host information not removed, the port state is up
2026-05-09 02:47:33.477 8 INFO neutron.plugins.ml2.drivers.ovn.mech_driver.mech_driver [None req-9df98139-fa21-48c6-a141-1f3ba26e1487 - - - - - -] OVN reports status up for port: 87a2f6bf-7f62-4f20-bd31-e42bffa25d70
2026-05-09 02:47:33.510 8 INFO neutron.plugins.ml2.plugin [None req-9df98139-fa21-48c6-a141-1f3ba26e1487 - - - - - -] Attempt 1 to provision port 87a2f6bf-7f62-4f20-bd31-e42bffa25d70
2026-05-09 02:47:33.530 7 INFO neutron.db.ovn_revision_numbers_db [None req-38bedcf3-81e4-437c-8a40-e31e65ef39ed - - - - - -] Successfully bumped revision number for resource 88f3047c-e596-457b-ac02-0881fb7ca067 (type: ports) to 2
2026-05-09 02:47:33.634 7 INFO neutron_taas.services.taas.taas_plugin [None req-25d0648e-0ce7-474b-b61b-6101d95fb035 58413248852647f1b311a394763f7f0a b2d16944125c400987a843ac598259e9 - - default default] TaaS: Handle Delete Port: d6a5f2e4-153b-4ae1-86a7-1595e7581cbc
2026-05-09 02:47:33.640 7 INFO neutron_taas.services.taas.tap_mirror_plugin [None req-25d0648e-0ce7-474b-b61b-6101d95fb035 58413248852647f1b311a394763f7f0a b2d16944125c400987a843ac598259e9 - - default default] Tap Mirror: Handle Delete Port: d6a5f2e4-153b-4ae1-86a7-1595e7581cbc
2026-05-09 02:47:33.834 8 INFO neutron.db.ovn_revision_numbers_db [None req-25fe4da1-9425-41de-b639-1076a2b4f41e 48198d15ab824e58bd0bc53a5f33f480 33d672a0e6464e19ac8103a2b7a9886e - - default default] Successfully bumped revision number for resource 88f3047c-e596-457b-ac02-0881fb7ca067 (type: router_ports) to 1 [pid: 8|app: 0|req: 1006/2131] 10.0.0.103 () {34 vars in 783 bytes} [Sat May 9 02:47:29 2026] PUT /v2.0/routers/a9f07196-d968-4d70-b1e4-197e2c6cab9a/add_router_interface => generated 309 bytes in 4327 msecs (HTTP/1.1 200) 4 headers in 157 bytes (1 switches on core 0) [pid: 8|app: 0|req: 1007/2132] 10.0.0.103 () {34 vars in 753 bytes} [Sat May 9 02:47:33 2026] PUT /v2.0/networks/fbe4f3c2-7d1c-49e7-8d33-275b19432bcf/tags => generated 17 bytes in 124 msecs (HTTP/1.1 200) 4 headers in 156 bytes (1 switches on core 0) [pid: 7|app: 0|req: 1126/2133] 10.0.0.103 () {34 vars in 789 bytes} [Sat May 9 02:47:33 2026] PUT /v2.0/routers/0830e969-9ab4-4f83-80a7-363b3e30744f/remove_router_interface => generated 309 bytes in 904 msecs (HTTP/1.1 200) 4 headers in 157 bytes (1 switches on core 0) /var/lib/openstack/lib/python3.12/site-packages/pycadf/identifier.py:70: UserWarning: Invalid uuid: neutron. To ensure interoperability, identifiers should be a valid uuid. warnings.warn(('Invalid uuid: %s. To ensure interoperability, ' [pid: 8|app: 0|req: 1008/2134] 10.0.0.103 () {34 vars in 753 bytes} [Sat May 9 02:47:33 2026] PUT /v2.0/networks/248739a4-00b3-4102-a4e7-016fc589bba1/tags => generated 25 bytes in 125 msecs (HTTP/1.1 200) 4 headers in 156 bytes (1 switches on core 0)
2026-05-09 02:47:34.121 7 INFO neutron.api.v2.resource [None req-d1ad551b-c4bb-4110-9d98-e7ee837c2147 58413248852647f1b311a394763f7f0a b2d16944125c400987a843ac598259e9 - - default default] remove_router_interface failed (client error): The resource could not be found. [pid: 7|app: 0|req: 1127/2135] 10.0.0.103 () {34 vars in 789 bytes} [Sat May 9 02:47:34 2026] PUT /v2.0/routers/0830e969-9ab4-4f83-80a7-363b3e30744f/remove_router_interface => generated 197 bytes in 58 msecs (HTTP/1.1 404) 4 headers in 164 bytes (1 switches on core 0)
2026-05-09 02:47:34.130 8 INFO neutron.db.ovn_revision_numbers_db [None req-9df98139-fa21-48c6-a141-1f3ba26e1487 - - - - - -] Successfully bumped revision number for resource 87a2f6bf-7f62-4f20-bd31-e42bffa25d70 (type: ports) to 7 [pid: 7|app: 0|req: 1128/2136] 10.0.0.103 () {32 vars in 736 bytes} [Sat May 9 02:47:34 2026] GET /v2.0/ports?device_id=0830e969-9ab4-4f83-80a7-363b3e30744f => generated 12 bytes in 38 msecs (HTTP/1.1 200) 4 headers in 156 bytes (1 switches on core 0) [pid: 8|app: 0|req: 1009/2137] 10.0.0.103 () {34 vars in 753 bytes} [Sat May 9 02:47:34 2026] PUT /v2.0/networks/2285985a-6196-46a9-9b9a-1c121e60e4e1/tags => generated 34 bytes in 95 msecs (HTTP/1.1 200) 4 headers in 156 bytes (1 switches on core 0)
2026-05-09 02:47:34.298 8 INFO neutron.plugins.ml2.drivers.ovn.mech_driver.mech_driver [None req-9a75bfb6-3d86-4f31-a082-804bc7bbea9b - - - - - -] OVN reports status down for port: d6a5f2e4-153b-4ae1-86a7-1595e7581cbc [pid: 8|app: 0|req: 1010/2138] 10.0.0.103 () {34 vars in 753 bytes} [Sat May 9 02:47:34 2026] PUT /v2.0/networks/c1dd29af-ce78-43c8-999c-9f81d880824d/tags => generated 19 bytes in 104 msecs (HTTP/1.1 200) 4 headers in 156 bytes (1 switches on core 0)
2026-05-09 02:47:34.323 8 INFO neutron.plugins.ml2.drivers.ovn.mech_driver.mech_driver [None req-9a75bfb6-3d86-4f31-a082-804bc7bbea9b - - - - - -] OVN reports status down for port: 05403554-bb6c-49df-918a-72d9941e819d [pid: 7|app: 0|req: 1129/2139] 10.0.0.103 () {32 vars in 724 bytes} [Sat May 9 02:47:34 2026] DELETE /v2.0/routers/0830e969-9ab4-4f83-80a7-363b3e30744f => generated 0 bytes in 205 msecs (HTTP/1.1 204) 2 headers in 112 bytes (1 switches on core 0) [pid: 8|app: 0|req: 1011/2140] 10.0.0.103 () {32 vars in 666 bytes} [Sat May 9 02:47:34 2026] GET /v2.0/networks?tags=red => generated 1873 bytes in 99 msecs (HTTP/1.1 200) 4 headers in 158 bytes (1 switches on core 0)
2026-05-09 02:47:34.482 8 INFO neutron.plugins.ml2.drivers.ovn.mech_driver.mech_driver [None req-9a75bfb6-3d86-4f31-a082-804bc7bbea9b - - - - - -] OVN reports status up for port: d6a5f2e4-153b-4ae1-86a7-1595e7581cbc [pid: 8|app: 0|req: 1012/2141] 10.0.0.103 () {32 vars in 680 bytes} [Sat May 9 02:47:34 2026] GET /v2.0/networks?tags=red%2Cblue => generated 1260 bytes in 91 msecs (HTTP/1.1 200) 4 headers in 158 bytes (1 switches on core 0) [pid: 7|app: 0|req: 1130/2142] 10.0.0.103 () {32 vars in 724 bytes} [Sat May 9 02:47:34 2026] DELETE /v2.0/subnets/c0cf6ee2-47f0-4499-bc67-91d5e5e84e56 => generated 0 bytes in 147 msecs (HTTP/1.1 204) 3 headers in 131 bytes (1 switches on core 0) [pid: 8|app: 0|req: 1013/2143] 10.0.0.103 () {32 vars in 676 bytes} [Sat May 9 02:47:34 2026] GET /v2.0/networks?tags-any=blue => generated 1260 bytes in 64 msecs (HTTP/1.1 200) 4 headers in 158 bytes (1 switches on core 0)
2026-05-09 02:47:34.638 7 INFO neutron_taas.services.taas.taas_plugin [None req-0e1e9c60-484d-4fe8-bf60-e4913d5cbee0 58413248852647f1b311a394763f7f0a b2d16944125c400987a843ac598259e9 - - default default] TaaS: Handle Delete Port: 22a7739e-4bb4-4b06-acca-5a296c54b627
2026-05-09 02:47:34.640 7 INFO neutron_taas.services.taas.tap_mirror_plugin [None req-0e1e9c60-484d-4fe8-bf60-e4913d5cbee0 58413248852647f1b311a394763f7f0a b2d16944125c400987a843ac598259e9 - - default default] Tap Mirror: Handle Delete Port: 22a7739e-4bb4-4b06-acca-5a296c54b627
2026-05-09 02:47:34.681 8 INFO neutron.db.ovn_revision_numbers_db [None req-39e1d090-c58e-4535-9c86-6a090f6346c2 67be6a3273e740a2872af5505c61ef9c def990b2d9724868bc0866249c83adec - - default default] Successfully bumped revision number for resource c02871ce-b668-45ab-a607-7d2ee90e6cb4 (type: security_groups) to 1
2026-05-09 02:47:34.691 8 INFO neutron.db.ovn_revision_numbers_db [None req-39e1d090-c58e-4535-9c86-6a090f6346c2 67be6a3273e740a2872af5505c61ef9c def990b2d9724868bc0866249c83adec - - default default] Successfully bumped revision number for resource 5858fc2b-94a4-40b5-8234-e2c896c9f9a8 (type: security_group_rules) to 0
2026-05-09 02:47:34.701 8 INFO neutron.db.ovn_revision_numbers_db [None req-39e1d090-c58e-4535-9c86-6a090f6346c2 67be6a3273e740a2872af5505c61ef9c def990b2d9724868bc0866249c83adec - - default default] Successfully bumped revision number for resource be8efc73-7bdc-4c60-bca6-c4eff8b42c50 (type: security_group_rules) to 0 [pid: 8|app: 0|req: 1014/2144] 10.0.0.103 () {34 vars in 685 bytes} [Sat May 9 02:47:34 2026] POST /v2.0/security-groups => generated 1673 bytes in 161 msecs (HTTP/1.1 201) 4 headers in 163 bytes (1 switches on core 0) [pid: 8|app: 0|req: 1015/2145] 10.0.0.103 () {32 vars in 688 bytes} [Sat May 9 02:47:34 2026] GET /v2.0/networks?tags-any=red%2Cblue => generated 1873 bytes in 37 msecs (HTTP/1.1 200) 4 headers in 158 bytes (1 switches on core 0)
2026-05-09 02:47:34.814 7 INFO neutron.services.segments.plugin [-] Segment 2bbf88b2-0338-4cfa-8120-5a7f743d7246 resource provider aggregate not found
2026-05-09 02:47:34.815 7 INFO neutron.services.segments.plugin [-] Segment 2bbf88b2-0338-4cfa-8120-5a7f743d7246 resource provider aggregate not found
2026-05-09 02:47:34.830 7 INFO neutron.services.segments.plugin [-] Segment 2bbf88b2-0338-4cfa-8120-5a7f743d7246 resource provider not found; error: Placement Client Error (4xx): {"errors": [{"status": 404, "title": "Not Found", "detail": "The resource could not be found.\n\n No resource provider with uuid 2bbf88b2-0338-4cfa-8120-5a7f743d7246 found for delete ", "request_id": "req-68bc6b97-1b31-4873-9140-ab26a4abe841"}]}
2026-05-09 02:47:34.834 7 INFO neutron.services.segments.plugin [-] Segment 2bbf88b2-0338-4cfa-8120-5a7f743d7246 resource provider not found; error: Placement Client Error (4xx): {"errors": [{"status": 404, "title": "Not Found", "detail": "The resource could not be found.\n\n No resource provider with uuid 2bbf88b2-0338-4cfa-8120-5a7f743d7246 found for delete ", "request_id": "req-c66e4ec1-d8ec-42f2-860d-b97ae1ef26da"}]} [pid: 7|app: 0|req: 1131/2146] 10.0.0.103 () {32 vars in 726 bytes} [Sat May 9 02:47:34 2026] DELETE /v2.0/networks/5e517909-bacf-4bc8-b569-6b2069a37515 => generated 0 bytes in 320 msecs (HTTP/1.1 204) 3 headers in 131 bytes (1 switches on core 0)
2026-05-09 02:47:34.902 8 INFO neutron.db.ovn_revision_numbers_db [None req-da4cbe6d-2360-42d5-bc2a-089bbd0e2c83 67be6a3273e740a2872af5505c61ef9c def990b2d9724868bc0866249c83adec - - default default] Successfully bumped revision number for resource 21bf02aa-8613-482e-a074-f339f376f15c (type: security_group_rules) to 0 [pid: 7|app: 0|req: 1132/2147] 10.0.0.103 () {32 vars in 674 bytes} [Sat May 9 02:47:34 2026] GET /v2.0/networks?not-tags=red => generated 1874 bytes in 72 msecs (HTTP/1.1 200) 4 headers in 158 bytes (1 switches on core 0) [pid: 8|app: 0|req: 1016/2148] 10.0.0.103 () {34 vars in 695 bytes} [Sat May 9 02:47:34 2026] POST /v2.0/security-group-rules => generated 597 bytes in 153 msecs (HTTP/1.1 201) 4 headers in 162 bytes (1 switches on core 0) [pid: 8|app: 0|req: 1017/2149] 10.0.0.103 () {32 vars in 688 bytes} [Sat May 9 02:47:34 2026] GET /v2.0/networks?not-tags=red%2Cblue => generated 2487 bytes in 55 msecs (HTTP/1.1 200) 4 headers in 158 bytes (1 switches on core 0)
2026-05-09 02:47:34.997 7 INFO neutron.db.segments_db [None req-de39e526-a6d1-4e03-857f-6aaede4d5c56 58413248852647f1b311a394763f7f0a b2d16944125c400987a843ac598259e9 - - default default] Added segment a17342eb-d827-4eeb-84ac-0111055f14f0 of type geneve for network 02f7c5cd-aeff-44ff-aa1f-7895b2521a01
2026-05-09 02:47:35.092 8 INFO neutron.db.ovn_revision_numbers_db [None req-1f47ea66-8036-4491-bb19-ba168cf3d2cc 67be6a3273e740a2872af5505c61ef9c def990b2d9724868bc0866249c83adec - - default default] Successfully bumped revision number for resource b06cda57-c61f-43ff-9343-ce21dfa28f99 (type: security_group_rules) to 0
2026-05-09 02:47:35.101 7 INFO neutron.db.ovn_revision_numbers_db [None req-de39e526-a6d1-4e03-857f-6aaede4d5c56 58413248852647f1b311a394763f7f0a b2d16944125c400987a843ac598259e9 - - default default] Successfully bumped revision number for resource 02f7c5cd-aeff-44ff-aa1f-7895b2521a01 (type: networks) to 1 [pid: 8|app: 0|req: 1018/2150] 10.0.0.103 () {34 vars in 695 bytes} [Sat May 9 02:47:34 2026] POST /v2.0/security-group-rules => generated 596 bytes in 128 msecs (HTTP/1.1 201) 4 headers in 162 bytes (1 switches on core 0) [pid: 8|app: 0|req: 1019/2151] 10.0.0.103 () {32 vars in 684 bytes} [Sat May 9 02:47:35 2026] GET /v2.0/networks?not-tags-any=blue => generated 2487 bytes in 73 msecs (HTTP/1.1 200) 4 headers in 158 bytes (1 switches on core 0)
2026-05-09 02:47:35.262 7 WARNING neutron.scheduler.dhcp_agent_scheduler [None req-de39e526-a6d1-4e03-857f-6aaede4d5c56 58413248852647f1b311a394763f7f0a b2d16944125c400987a843ac598259e9 - - default default] No more DHCP agents
2026-05-09 02:47:35.263 7 WARNING neutron.api.rpc.agentnotifiers.dhcp_rpc_agent_api [None req-de39e526-a6d1-4e03-857f-6aaede4d5c56 58413248852647f1b311a394763f7f0a b2d16944125c400987a843ac598259e9 - - default default] Unable to schedule network 02f7c5cd-aeff-44ff-aa1f-7895b2521a01: no agents available; will retry on subsequent port and subnet creation events.
2026-05-09 02:47:35.333 8 INFO neutron.plugins.ml2.drivers.ovn.mech_driver.mech_driver [None req-9a75bfb6-3d86-4f31-a082-804bc7bbea9b - - - - - -] OVN reports status down for port: 8dc10425-4e01-4e87-bf3a-0f26d420b9cf
2026-05-09 02:47:35.343 7 INFO neutron.db.ovn_revision_numbers_db [None req-de39e526-a6d1-4e03-857f-6aaede4d5c56 58413248852647f1b311a394763f7f0a b2d16944125c400987a843ac598259e9 - - default default] Successfully bumped revision number for resource 8dc10425-4e01-4e87-bf3a-0f26d420b9cf (type: ports) to 1
2026-05-09 02:47:35.371 8 INFO neutron.db.ovn_revision_numbers_db [None req-e2e8db20-4157-4df2-9942-81cd8fbbc756 67be6a3273e740a2872af5505c61ef9c def990b2d9724868bc0866249c83adec - - default default] Successfully bumped revision number for resource 7b9f337a-9f76-436c-af6c-31ad2639f617 (type: security_group_rules) to 0 [pid: 7|app: 0|req: 1133/2152] 10.0.0.103 () {34 vars in 670 bytes} [Sat May 9 02:47:34 2026] POST /v2.0/networks => generated 629 bytes in 458 msecs (HTTP/1.1 201) 4 headers in 162 bytes (1 switches on core 0) [pid: 8|app: 0|req: 1020/2153] 10.0.0.103 () {34 vars in 695 bytes} [Sat May 9 02:47:35 2026] POST /v2.0/security-group-rules => generated 602 bytes in 236 msecs (HTTP/1.1 201) 4 headers in 162 bytes (1 switches on core 0) [pid: 7|app: 0|req: 1134/2154] 10.0.0.103 () {32 vars in 696 bytes} [Sat May 9 02:47:35 2026] GET /v2.0/networks?not-tags-any=red%2Cblue => generated 1874 bytes in 51 msecs (HTTP/1.1 200) 4 headers in 158 bytes (1 switches on core 0)
2026-05-09 02:47:35.617 8 WARNING neutron.scheduler.dhcp_agent_scheduler [None req-df072eaf-4d61-47af-ac01-01bddc2eca54 58413248852647f1b311a394763f7f0a b2d16944125c400987a843ac598259e9 - - default default] No more DHCP agents
2026-05-09 02:47:35.618 8 WARNING neutron.api.rpc.agentnotifiers.dhcp_rpc_agent_api [None req-df072eaf-4d61-47af-ac01-01bddc2eca54 58413248852647f1b311a394763f7f0a b2d16944125c400987a843ac598259e9 - - default default] Unable to schedule network 02f7c5cd-aeff-44ff-aa1f-7895b2521a01: no agents available; will retry on subsequent port and subnet creation events.
2026-05-09 02:47:35.624 7 INFO neutron.db.ovn_revision_numbers_db [None req-1804b23d-6126-42e8-b45b-fbac2d672b1a 67be6a3273e740a2872af5505c61ef9c def990b2d9724868bc0866249c83adec - - default default] Successfully bumped revision number for resource 10b254a8-0c97-4af7-8038-beb7fe7fcb1e (type: security_group_rules) to 0 [pid: 7|app: 0|req: 1135/2155] 10.0.0.103 () {34 vars in 695 bytes} [Sat May 9 02:47:35 2026] POST /v2.0/security-group-rules => generated 601 bytes in 220 msecs (HTTP/1.1 201) 4 headers in 162 bytes (1 switches on core 0)
2026-05-09 02:47:35.756 7 INFO neutron_taas.services.taas.taas_plugin [None req-4cbd7aa4-337a-412c-84e3-1cb2fa1bc763 e799628a5efb4804b180d200d473ba22 a89bded01a1f45a69b26b7ef79148339 - - default default] TaaS: Handle Delete Port: 5e48e4b1-3098-48bb-ad45-ee121c135eb6
2026-05-09 02:47:35.759 7 INFO neutron_taas.services.taas.tap_mirror_plugin [None req-4cbd7aa4-337a-412c-84e3-1cb2fa1bc763 e799628a5efb4804b180d200d473ba22 a89bded01a1f45a69b26b7ef79148339 - - default default] Tap Mirror: Handle Delete Port: 5e48e4b1-3098-48bb-ad45-ee121c135eb6 [pid: 7|app: 0|req: 1136/2156] 10.0.0.103 () {32 vars in 726 bytes} [Sat May 9 02:47:35 2026] DELETE /v2.0/networks/fbe4f3c2-7d1c-49e7-8d33-275b19432bcf => generated 0 bytes in 359 msecs (HTTP/1.1 204) 3 headers in 131 bytes (1 switches on core 0)
2026-05-09 02:47:36.064 7 INFO neutron.db.securitygroups_db [None req-e80244dc-63df-4eaf-ac0c-c7aa2756f96a 67be6a3273e740a2872af5505c61ef9c def990b2d9724868bc0866249c83adec - - default default] Project def990b2d9724868bc0866249c83adec added a security group rule with legacy IPv6 ICMP protocol name icmp, ipv6-icmp should be used instead. It was automatically converted.
2026-05-09 02:47:36.093 8 INFO neutron.db.ovn_revision_numbers_db [None req-e5d625ff-616f-42c4-81da-50f6f78d3cb6 - - - - - -] Successfully bumped revision number for resource 8dc10425-4e01-4e87-bf3a-0f26d420b9cf (type: ports) to 2
2026-05-09 02:47:36.134 8 INFO neutron.db.ovn_revision_numbers_db [None req-e5d625ff-616f-42c4-81da-50f6f78d3cb6 - - - - - -] Successfully bumped revision number for resource dc6ac9d8-6117-4ee3-b947-82ceee7588da (type: subnets) to 0 [pid: 8|app: 0|req: 1021/2157] 10.0.0.103 () {34 vars in 669 bytes} [Sat May 9 02:47:35 2026] POST /v2.0/subnets => generated 626 bytes in 729 msecs (HTTP/1.1 201) 4 headers in 162 bytes (1 switches on core 0)
2026-05-09 02:47:36.205 7 INFO neutron.db.ovn_revision_numbers_db [None req-e80244dc-63df-4eaf-ac0c-c7aa2756f96a 67be6a3273e740a2872af5505c61ef9c def990b2d9724868bc0866249c83adec - - default default] Successfully bumped revision number for resource bab07c4e-8a87-432b-91d0-0820a2b0dc39 (type: security_group_rules) to 0 [pid: 7|app: 0|req: 1137/2158] 10.0.0.103 () {34 vars in 695 bytes} [Sat May 9 02:47:36 2026] POST /v2.0/security-group-rules => generated 607 bytes in 217 msecs (HTTP/1.1 201) 4 headers in 162 bytes (1 switches on core 0) [pid: 8|app: 0|req: 1022/2159] 10.0.0.246 () {28 vars in 583 bytes} [Sat May 9 02:47:36 2026] GET /v2.0/subnets => generated 3298 bytes in 81 msecs (HTTP/1.1 200) 4 headers in 158 bytes (1 switches on core 0)
2026-05-09 02:47:36.330 8 INFO neutron.db.ovn_revision_numbers_db [None req-5ccda91f-6cd0-4d09-8a8d-78e37796c901 58413248852647f1b311a394763f7f0a b2d16944125c400987a843ac598259e9 - - default default] Successfully bumped revision number for resource cca63079-aa37-4ccb-bfb0-1fd14280afd6 (type: routers) to 1
2026-05-09 02:47:36.339 7 INFO neutron_taas.services.taas.taas_plugin [None req-beae9346-aa49-490a-9b10-04d474dc568d e799628a5efb4804b180d200d473ba22 a89bded01a1f45a69b26b7ef79148339 - - default default] TaaS: Handle Delete Port: da72c9ac-06fc-44ed-9542-0701c8bbac91
2026-05-09 02:47:36.342 7 INFO neutron_taas.services.taas.tap_mirror_plugin [None req-beae9346-aa49-490a-9b10-04d474dc568d e799628a5efb4804b180d200d473ba22 a89bded01a1f45a69b26b7ef79148339 - - default default] Tap Mirror: Handle Delete Port: da72c9ac-06fc-44ed-9542-0701c8bbac91 [pid: 8|app: 0|req: 1023/2160] 10.0.0.103 () {34 vars in 669 bytes} [Sat May 9 02:47:36 2026] POST /v2.0/routers => generated 603 bytes in 107 msecs (HTTP/1.1 201) 4 headers in 162 bytes (1 switches on core 0)
2026-05-09 02:47:36.378 8 INFO neutron.db.securitygroups_db [None req-f8487698-0f18-49c8-ae48-3dd22f40898a 67be6a3273e740a2872af5505c61ef9c def990b2d9724868bc0866249c83adec - - default default] Project def990b2d9724868bc0866249c83adec added a security group rule with legacy IPv6 ICMP protocol name icmp, ipv6-icmp should be used instead. It was automatically converted.
2026-05-09 02:47:36.487 8 INFO neutron.db.ovn_revision_numbers_db [None req-f8487698-0f18-49c8-ae48-3dd22f40898a 67be6a3273e740a2872af5505c61ef9c def990b2d9724868bc0866249c83adec - - default default] Successfully bumped revision number for resource a1b5466c-a8fc-4712-9853-1fa746133c0c (type: security_group_rules) to 0 [pid: 8|app: 0|req: 1024/2161] 10.0.0.103 () {34 vars in 695 bytes} [Sat May 9 02:47:36 2026] POST /v2.0/security-group-rules => generated 606 bytes in 173 msecs (HTTP/1.1 201) 4 headers in 162 bytes (1 switches on core 0) [pid: 7|app: 0|req: 1138/2162] 10.0.0.103 () {32 vars in 726 bytes} [Sat May 9 02:47:36 2026] DELETE /v2.0/networks/248739a4-00b3-4102-a4e7-016fc589bba1 => generated 0 bytes in 308 msecs (HTTP/1.1 204) 3 headers in 131 bytes (1 switches on core 0) [pid: 8|app: 0|req: 1025/2163] 10.0.0.246 () {28 vars in 579 bytes} [Sat May 9 02:47:36 2026] GET /v2.0/ports => generated 15304 bytes in 82 msecs (HTTP/1.1 200) 4 headers in 159 bytes (1 switches on core 0)
2026-05-09 02:47:36.728 8 INFO neutron_taas.services.taas.taas_plugin [None req-cb25b533-3ac1-4c03-87fd-3d9a2c4bcbeb e799628a5efb4804b180d200d473ba22 a89bded01a1f45a69b26b7ef79148339 - - default default] TaaS: Handle Delete Port: 05403554-bb6c-49df-918a-72d9941e819d
2026-05-09 02:47:36.731 8 INFO neutron_taas.services.taas.tap_mirror_plugin [None req-cb25b533-3ac1-4c03-87fd-3d9a2c4bcbeb e799628a5efb4804b180d200d473ba22 a89bded01a1f45a69b26b7ef79148339 - - default default] Tap Mirror: Handle Delete Port: 05403554-bb6c-49df-918a-72d9941e819d
2026-05-09 02:47:36.863 7 INFO neutron.services.segments.plugin [-] Segment e49bfafd-4371-45f5-9cbb-409bf6f76d47 resource provider aggregate not found
2026-05-09 02:47:36.868 7 INFO neutron.services.segments.plugin [-] Segment e49bfafd-4371-45f5-9cbb-409bf6f76d47 resource provider aggregate not found
2026-05-09 02:47:36.898 8 INFO neutron.services.segments.plugin [-] Segment 6d016b61-5a1f-4238-959c-8f1dd9919e3a resource provider aggregate not found
2026-05-09 02:47:36.899 7 INFO neutron.services.segments.plugin [-] Segment e49bfafd-4371-45f5-9cbb-409bf6f76d47 resource provider not found; error: Placement Client Error (4xx): {"errors": [{"status": 404, "title": "Not Found", "detail": "The resource could not be found.\n\n No resource provider with uuid e49bfafd-4371-45f5-9cbb-409bf6f76d47 found for delete ", "request_id": "req-cbe02ca3-29f7-4c2c-963a-df3f27b25f09"}]}
2026-05-09 02:47:36.907 7 INFO neutron.services.segments.plugin [-] Segment e49bfafd-4371-45f5-9cbb-409bf6f76d47 resource provider not found; error: Placement Client Error (4xx): {"errors": [{"status": 404, "title": "Not Found", "detail": "The resource could not be found.\n\n No resource provider with uuid e49bfafd-4371-45f5-9cbb-409bf6f76d47 found for delete ", "request_id": "req-35755401-dd76-44f4-8aec-8a71634c4ab5"}]}
2026-05-09 02:47:36.918 8 INFO neutron.services.segments.plugin [-] Segment 6d016b61-5a1f-4238-959c-8f1dd9919e3a resource provider aggregate not found
2026-05-09 02:47:36.922 7 INFO neutron.services.segments.plugin [-] Segment ffe03bcb-a815-4a22-a603-0bf4fb9bddf8 resource provider aggregate not found
2026-05-09 02:47:36.927 8 INFO neutron.services.segments.plugin [-] Segment 6d016b61-5a1f-4238-959c-8f1dd9919e3a resource provider not found; error: Placement Client Error (4xx): {"errors": [{"status": 404, "title": "Not Found", "detail": "The resource could not be found.\n\n No resource provider with uuid 6d016b61-5a1f-4238-959c-8f1dd9919e3a found for delete ", "request_id": "req-b6d057d9-2645-4063-af62-1ee77ec068e7"}]}
2026-05-09 02:47:36.928 7 INFO neutron.services.segments.plugin [-] Segment ffe03bcb-a815-4a22-a603-0bf4fb9bddf8 resource provider aggregate not found
2026-05-09 02:47:36.938 8 INFO neutron.services.segments.plugin [-] Segment 6d016b61-5a1f-4238-959c-8f1dd9919e3a resource provider not found; error: Placement Client Error (4xx): {"errors": [{"status": 404, "title": "Not Found", "detail": "The resource could not be found.\n\n No resource provider with uuid 6d016b61-5a1f-4238-959c-8f1dd9919e3a found for delete ", "request_id": "req-f38e36a3-15e9-498f-b96e-d7a20f0e7b1e"}]}
2026-05-09 02:47:36.949 7 INFO neutron.services.segments.plugin [-] Segment ffe03bcb-a815-4a22-a603-0bf4fb9bddf8 resource provider not found; error: Placement Client Error (4xx): {"errors": [{"status": 404, "title": "Not Found", "detail": "The resource could not be found.\n\n No resource provider with uuid ffe03bcb-a815-4a22-a603-0bf4fb9bddf8 found for delete ", "request_id": "req-8c837284-12a9-47ad-a794-e0cc2acdd6e0"}]}
2026-05-09 02:47:36.956 7 INFO neutron.services.segments.plugin [-] Segment ffe03bcb-a815-4a22-a603-0bf4fb9bddf8 resource provider not found; error: Placement Client Error (4xx): {"errors": [{"status": 404, "title": "Not Found", "detail": "The resource could not be found.\n\n No resource provider with uuid ffe03bcb-a815-4a22-a603-0bf4fb9bddf8 found for delete ", "request_id": "req-01370ad9-2635-447d-95fd-8ce62f518245"}]} [pid: 8|app: 0|req: 1026/2164] 10.0.0.103 () {32 vars in 726 bytes} [Sat May 9 02:47:36 2026] DELETE /v2.0/networks/2285985a-6196-46a9-9b9a-1c121e60e4e1 => generated 0 bytes in 355 msecs (HTTP/1.1 204) 3 headers in 131 bytes (1 switches on core 0)
2026-05-09 02:47:36.982 7 WARNING neutron.scheduler.dhcp_agent_scheduler [None req-2a0932cb-e5f9-4308-abe3-ebbd3d969e9c 58413248852647f1b311a394763f7f0a b2d16944125c400987a843ac598259e9 - - default default] No more DHCP agents
2026-05-09 02:47:36.983 7 WARNING neutron.api.rpc.agentnotifiers.dhcp_rpc_agent_api [None req-2a0932cb-e5f9-4308-abe3-ebbd3d969e9c 58413248852647f1b311a394763f7f0a b2d16944125c400987a843ac598259e9 - - default default] Unable to schedule network 02f7c5cd-aeff-44ff-aa1f-7895b2521a01: no agents available; will retry on subsequent port and subnet creation events. [pid: 8|app: 0|req: 1027/2165] 10.0.0.246 () {28 vars in 599 bytes} [Sat May 9 02:47:36 2026] GET /v2.0/security-groups => generated 34357 bytes in 40 msecs (HTTP/1.1 200) 4 headers in 159 bytes (1 switches on core 0)
2026-05-09 02:47:37.056 8 INFO neutron.plugins.ml2.drivers.ovn.mech_driver.mech_driver [None req-9a75bfb6-3d86-4f31-a082-804bc7bbea9b - - - - - -] OVN reports status down for port: 9a2a42cd-433b-4c2f-b227-4e3a8d6a9909
2026-05-09 02:47:37.094 7 INFO neutron.db.ovn_revision_numbers_db [None req-2a0932cb-e5f9-4308-abe3-ebbd3d969e9c 58413248852647f1b311a394763f7f0a b2d16944125c400987a843ac598259e9 - - default default] Successfully bumped revision number for resource 9a2a42cd-433b-4c2f-b227-4e3a8d6a9909 (type: ports) to 1
2026-05-09 02:47:37.148 8 INFO neutron.db.ovn_revision_numbers_db [None req-bbd2cf9f-9cfb-4fa7-9ae9-6686025787a1 67be6a3273e740a2872af5505c61ef9c def990b2d9724868bc0866249c83adec - - default default] Successfully bumped revision number for resource 4d92735a-8b29-46f6-9eb4-a18bd62fce3a (type: security_groups) to 1
2026-05-09 02:47:37.162 8 INFO neutron.db.ovn_revision_numbers_db [None req-bbd2cf9f-9cfb-4fa7-9ae9-6686025787a1 67be6a3273e740a2872af5505c61ef9c def990b2d9724868bc0866249c83adec - - default default] Successfully bumped revision number for resource 157d2448-c0c1-46b8-a994-624fc442eb20 (type: security_group_rules) to 0
2026-05-09 02:47:37.177 8 INFO neutron.db.ovn_revision_numbers_db [None req-bbd2cf9f-9cfb-4fa7-9ae9-6686025787a1 67be6a3273e740a2872af5505c61ef9c def990b2d9724868bc0866249c83adec - - default default] Successfully bumped revision number for resource d4c372aa-2890-4866-a870-669805a51969 (type: security_group_rules) to 0 [pid: 8|app: 0|req: 1028/2166] 10.0.0.103 () {34 vars in 685 bytes} [Sat May 9 02:47:36 2026] POST /v2.0/security-groups => generated 1660 bytes in 232 msecs (HTTP/1.1 201) 4 headers in 163 bytes (1 switches on core 0)
2026-05-09 02:47:37.345 8 INFO neutron_taas.services.taas.taas_plugin [None req-56573ec3-a3c8-429a-a8a9-791258eeeca3 e799628a5efb4804b180d200d473ba22 a89bded01a1f45a69b26b7ef79148339 - - default default] TaaS: Handle Delete Port: 2dd4eb5f-ca90-4151-9407-04c6b005b376
