2026-05-09 02:44:56.380 8 INFO neutron.services.segments.plugin [-] Segment 06e2e1a1-98fe-43d7-9e20-63d310c15dd7 resource provider not found; error: Placement Client Error (4xx): {"errors": [{"status": 404, "title": "Not Found", "detail": "The resource could not be found.\n\n No resource provider with uuid 06e2e1a1-98fe-43d7-9e20-63d310c15dd7 found for delete ", "request_id": "req-d305b903-37f4-4f22-ab65-3a8b64c70e32"}]}
2026-05-09 02:44:56.391 8 INFO neutron.services.segments.plugin [-] Segment 06e2e1a1-98fe-43d7-9e20-63d310c15dd7 resource provider not found; error: Placement Client Error (4xx): {"errors": [{"status": 404, "title": "Not Found", "detail": "The resource could not be found.\n\n No resource provider with uuid 06e2e1a1-98fe-43d7-9e20-63d310c15dd7 found for delete ", "request_id": "req-80589050-2d53-44fd-93f6-562462adc338"}]}
2026-05-09 02:44:56.560 8 WARNING neutron.scheduler.dhcp_agent_scheduler [None req-c5474bc3-b03c-415b-a36c-e3541fe2c1c2 3fb08fdc294844448a14ccae09ab47b9 279fdba876b0416ab199839ad40d3c29 - - default default] No more DHCP agents
2026-05-09 02:44:56.562 8 WARNING neutron.api.rpc.agentnotifiers.dhcp_rpc_agent_api [None req-c5474bc3-b03c-415b-a36c-e3541fe2c1c2 3fb08fdc294844448a14ccae09ab47b9 279fdba876b0416ab199839ad40d3c29 - - default default] Unable to schedule network 5de6835c-e8a5-4373-a646-6bca125e7a85: no agents available; will retry on subsequent port and subnet creation events.
2026-05-09 02:44:56.628 8 INFO neutron.db.ovn_revision_numbers_db [None req-c5474bc3-b03c-415b-a36c-e3541fe2c1c2 3fb08fdc294844448a14ccae09ab47b9 279fdba876b0416ab199839ad40d3c29 - - default default] Successfully bumped revision number for resource 4fbfee9e-d49a-474c-8f42-604686ab6279 (type: ports) to 1
2026-05-09 02:44:56.628 7 INFO neutron.plugins.ml2.drivers.ovn.mech_driver.mech_driver [None req-c44b03df-96b1-4ee3-91c0-b84178feacc2 - - - - - -] OVN reports status down for port: 4fbfee9e-d49a-474c-8f42-604686ab6279 [pid: 8|app: 0|req: 523/1126] 10.0.0.103 () {34 vars in 665 bytes} [Sat May 9 02:44:56 2026] POST /v2.0/ports => generated 778 bytes in 336 msecs (HTTP/1.1 201) 4 headers in 162 bytes (1 switches on core 0) /var/lib/openstack/lib/python3.12/site-packages/pycadf/identifier.py:70: UserWarning: Invalid uuid: neutron. To ensure interoperability, identifiers should be a valid uuid. warnings.warn(('Invalid uuid: %s. To ensure interoperability, ' [pid: 8|app: 0|req: 524/1127] 10.0.0.103 () {34 vars in 677 bytes} [Sat May 9 02:44:56 2026] POST /v2.0/subnetpools => generated 549 bytes in 199 msecs (HTTP/1.1 201) 4 headers in 162 bytes (1 switches on core 0)
2026-05-09 02:44:57.095 8 INFO neutron.db.ovn_revision_numbers_db [None req-578d06e8-217c-4ec1-9fa1-a31de167a694 3fb08fdc294844448a14ccae09ab47b9 279fdba876b0416ab199839ad40d3c29 - - default default] Successfully bumped revision number for resource 4fbfee9e-d49a-474c-8f42-604686ab6279 (type: ports) to 2 [pid: 8|app: 0|req: 525/1128] 10.0.0.103 () {34 vars in 737 bytes} [Sat May 9 02:44:56 2026] PUT /v2.0/ports/4fbfee9e-d49a-474c-8f42-604686ab6279 => generated 752 bytes in 271 msecs (HTTP/1.1 200) 4 headers in 157 bytes (1 switches on core 0) /var/lib/openstack/lib/python3.12/site-packages/pycadf/identifier.py:70: UserWarning: Invalid uuid: neutron. To ensure interoperability, identifiers should be a valid uuid. warnings.warn(('Invalid uuid: %s. To ensure interoperability, ' [pid: 8|app: 0|req: 526/1129] 10.0.0.103 () {32 vars in 729 bytes} [Sat May 9 02:44:57 2026] GET /v2.0/subnetpools/769d2022-0f1a-499e-9a6e-04028f01b6ac => generated 549 bytes in 18 msecs (HTTP/1.1 200) 4 headers in 157 bytes (1 switches on core 0)
2026-05-09 02:44:57.187 7 INFO neutron.plugins.ml2.drivers.ovn.mech_driver.mech_driver [None req-c44b03df-96b1-4ee3-91c0-b84178feacc2 - - - - - -] OVN reports status down for port: 4fbfee9e-d49a-474c-8f42-604686ab6279
2026-05-09 02:44:57.242 8 INFO neutron_taas.services.taas.taas_plugin [None req-c6f89b62-71bd-4b39-ba17-0d47d7924d4b 3fb08fdc294844448a14ccae09ab47b9 279fdba876b0416ab199839ad40d3c29 - - default default] TaaS: Handle Delete Port: 4fbfee9e-d49a-474c-8f42-604686ab6279
2026-05-09 02:44:57.245 8 INFO neutron_taas.services.taas.tap_mirror_plugin [None req-c6f89b62-71bd-4b39-ba17-0d47d7924d4b 3fb08fdc294844448a14ccae09ab47b9 279fdba876b0416ab199839ad40d3c29 - - default default] Tap Mirror: Handle Delete Port: 4fbfee9e-d49a-474c-8f42-604686ab6279 [pid: 8|app: 0|req: 527/1130] 10.0.0.103 () {32 vars in 720 bytes} [Sat May 9 02:44:57 2026] DELETE /v2.0/ports/4fbfee9e-d49a-474c-8f42-604686ab6279 => generated 0 bytes in 212 msecs (HTTP/1.1 204) 3 headers in 131 bytes (1 switches on core 0) [pid: 7|app: 0|req: 604/1131] 10.0.0.103 () {34 vars in 789 bytes} [Sat May 9 02:44:55 2026] PUT /v2.0/routers/ec903a82-0792-41ed-9d87-6390a085fbc0/remove_router_interface => generated 309 bytes in 1419 msecs (HTTP/1.1 200) 4 headers in 157 bytes (1 switches on core 0) /var/lib/openstack/lib/python3.12/site-packages/pycadf/identifier.py:70: UserWarning: Invalid uuid: neutron. To ensure interoperability, identifiers should be a valid uuid. warnings.warn(('Invalid uuid: %s. To ensure interoperability, ' [pid: 8|app: 0|req: 528/1132] 10.0.0.103 () {34 vars in 749 bytes} [Sat May 9 02:44:57 2026] PUT /v2.0/subnetpools/769d2022-0f1a-499e-9a6e-04028f01b6ac => generated 501 bytes in 68 msecs (HTTP/1.1 200) 4 headers in 157 bytes (1 switches on core 0) [pid: 7|app: 0|req: 605/1133] 10.0.0.103 () {32 vars in 643 bytes} [Sat May 9 02:44:57 2026] GET /v2.0/ports => generated 1537 bytes in 67 msecs (HTTP/1.1 200) 4 headers in 158 bytes (1 switches on core 0) [pid: 7|app: 0|req: 606/1134] 10.0.0.103 () {32 vars in 732 bytes} [Sat May 9 02:44:57 2026] DELETE /v2.0/subnetpools/769d2022-0f1a-499e-9a6e-04028f01b6ac => generated 0 bytes in 63 msecs (HTTP/1.1 204) 2 headers in 112 bytes (1 switches on core 0)
2026-05-09 02:44:57.549 7 INFO neutron.pecan_wsgi.hooks.translation [None req-515aba8e-db99-4dbf-83f4-268f6a7956ef 3fb08fdc294844448a14ccae09ab47b9 279fdba876b0416ab199839ad40d3c29 - - default default] GET failed (client error): The resource could not be found. [pid: 7|app: 0|req: 607/1135] 10.0.0.103 () {32 vars in 717 bytes} [Sat May 9 02:44:57 2026] GET /v2.0/ports/4fbfee9e-d49a-474c-8f42-604686ab6279 => generated 132 bytes in 19 msecs (HTTP/1.1 404) 4 headers in 164 bytes (1 switches on core 0)
2026-05-09 02:44:57.559 7 INFO neutron.api.v2.resource [None req-ea40fc9a-4bbd-48f8-8b73-8d1b02e3237b 5e02f086259145819a65c2135a4b8578 1a0ee1f0014f455eaffd34342aef7993 - - default default] show failed (client error): The resource could not be found. [pid: 7|app: 0|req: 608/1136] 10.0.0.103 () {32 vars in 729 bytes} [Sat May 9 02:44:57 2026] GET /v2.0/subnetpools/769d2022-0f1a-499e-9a6e-04028f01b6ac => generated 145 bytes in 8 msecs (HTTP/1.1 404) 4 headers in 164 bytes (1 switches on core 0) [pid: 7|app: 0|req: 609/1137] 10.0.0.103 () {32 vars in 643 bytes} [Sat May 9 02:44:57 2026] GET /v2.0/ports => generated 1537 bytes in 39 msecs (HTTP/1.1 200) 4 headers in 158 bytes (1 switches on core 0)
2026-05-09 02:44:57.610 7 INFO neutron.api.v2.resource [None req-e89a4e5d-b521-44a0-8de3-03a40bd05023 5e02f086259145819a65c2135a4b8578 1a0ee1f0014f455eaffd34342aef7993 - - default default] delete failed (client error): The resource could not be found. [pid: 7|app: 0|req: 610/1138] 10.0.0.103 () {32 vars in 732 bytes} [Sat May 9 02:44:57 2026] DELETE /v2.0/subnetpools/769d2022-0f1a-499e-9a6e-04028f01b6ac => generated 145 bytes in 12 msecs (HTTP/1.1 404) 4 headers in 164 bytes (1 switches on core 0) [pid: 7|app: 0|req: 611/1139] 10.0.0.103 () {32 vars in 717 bytes} [Sat May 9 02:44:57 2026] GET /v2.0/ports/ff02ee93-389d-49c6-9f0a-c16f152a951d => generated 778 bytes in 56 msecs (HTTP/1.1 200) 4 headers in 157 bytes (1 switches on core 0)
2026-05-09 02:44:57.687 7 INFO neutron.pecan_wsgi.hooks.translation [None req-b04407f6-d306-4615-a008-f60dc569ad70 3fb08fdc294844448a14ccae09ab47b9 279fdba876b0416ab199839ad40d3c29 - - default default] DELETE failed (client error): The resource could not be found. [pid: 7|app: 0|req: 612/1140] 10.0.0.103 () {32 vars in 720 bytes} [Sat May 9 02:44:57 2026] DELETE /v2.0/ports/43aa5514-d523-4df7-a9c0-cc6f319ac181 => generated 132 bytes in 18 msecs (HTTP/1.1 404) 4 headers in 164 bytes (1 switches on core 0)
2026-05-09 02:44:57.704 7 INFO neutron.pecan_wsgi.hooks.translation [None req-23fd5118-c5fb-478e-a8bf-b778065afa43 3fb08fdc294844448a14ccae09ab47b9 279fdba876b0416ab199839ad40d3c29 - - default default] DELETE failed (client error): The resource could not be found. [pid: 7|app: 0|req: 613/1141] 10.0.0.103 () {32 vars in 724 bytes} [Sat May 9 02:44:57 2026] DELETE /v2.0/subnets/0949243c-edb2-49ee-85bb-fe7504277782 => generated 136 bytes in 12 msecs (HTTP/1.1 404) 4 headers in 164 bytes (1 switches on core 0)
2026-05-09 02:44:57.724 7 INFO neutron.pecan_wsgi.hooks.translation [None req-f65333ba-dad0-4023-b767-8a26efb00ae0 3fb08fdc294844448a14ccae09ab47b9 279fdba876b0416ab199839ad40d3c29 - - default default] DELETE failed (client error): The resource could not be found. [pid: 7|app: 0|req: 614/1142] 10.0.0.103 () {32 vars in 724 bytes} [Sat May 9 02:44:57 2026] DELETE /v2.0/subnets/01de3fda-a26c-4f66-86d8-395446e46000 => generated 136 bytes in 15 msecs (HTTP/1.1 404) 4 headers in 164 bytes (1 switches on core 0)
2026-05-09 02:44:57.797 8 INFO neutron_taas.services.taas.taas_plugin [None req-5d0456c3-ae52-46b8-bbb9-a0177d20fedf 48198d15ab824e58bd0bc53a5f33f480 33d672a0e6464e19ac8103a2b7a9886e - - default default] TaaS: Handle Delete Port: 9235dd9e-c030-4744-aa18-3be32df4d0d3
2026-05-09 02:44:57.808 8 INFO neutron_taas.services.taas.tap_mirror_plugin [None req-5d0456c3-ae52-46b8-bbb9-a0177d20fedf 48198d15ab824e58bd0bc53a5f33f480 33d672a0e6464e19ac8103a2b7a9886e - - default default] Tap Mirror: Handle Delete Port: 9235dd9e-c030-4744-aa18-3be32df4d0d3
2026-05-09 02:44:57.866 7 INFO neutron_taas.services.taas.taas_plugin [None req-12fcc767-0eab-41d5-9e7b-ac09514112dc 3fb08fdc294844448a14ccae09ab47b9 279fdba876b0416ab199839ad40d3c29 - - default default] TaaS: Handle Delete Port: ff02ee93-389d-49c6-9f0a-c16f152a951d
2026-05-09 02:44:57.870 7 INFO neutron_taas.services.taas.tap_mirror_plugin [None req-12fcc767-0eab-41d5-9e7b-ac09514112dc 3fb08fdc294844448a14ccae09ab47b9 279fdba876b0416ab199839ad40d3c29 - - default default] Tap Mirror: Handle Delete Port: ff02ee93-389d-49c6-9f0a-c16f152a951d [pid: 7|app: 0|req: 615/1143] 10.0.0.103 () {32 vars in 720 bytes} [Sat May 9 02:44:57 2026] DELETE /v2.0/ports/ff02ee93-389d-49c6-9f0a-c16f152a951d => generated 0 bytes in 258 msecs (HTTP/1.1 204) 3 headers in 131 bytes (1 switches on core 0)
2026-05-09 02:44:58.131 7 INFO neutron_taas.services.taas.taas_plugin [None req-d7e9b973-8323-434b-a40a-db023e96cc0c 3fb08fdc294844448a14ccae09ab47b9 279fdba876b0416ab199839ad40d3c29 - - default default] TaaS: Handle Delete Port: 43d207ee-6e77-4f9d-a38e-5a5b7598e640
2026-05-09 02:44:58.150 7 INFO neutron_taas.services.taas.tap_mirror_plugin [None req-d7e9b973-8323-434b-a40a-db023e96cc0c 3fb08fdc294844448a14ccae09ab47b9 279fdba876b0416ab199839ad40d3c29 - - default default] Tap Mirror: Handle Delete Port: 43d207ee-6e77-4f9d-a38e-5a5b7598e640 [pid: 8|app: 0|req: 529/1144] 10.0.0.103 () {32 vars in 724 bytes} [Sat May 9 02:44:57 2026] DELETE /v2.0/routers/ec903a82-0792-41ed-9d87-6390a085fbc0 => generated 0 bytes in 887 msecs (HTTP/1.1 204) 2 headers in 112 bytes (1 switches on core 0)
2026-05-09 02:44:58.341 7 INFO neutron.services.segments.plugin [-] Segment 2ba29790-f9bd-46aa-b1ba-61f536e2449f resource provider aggregate not found
2026-05-09 02:44:58.342 7 INFO neutron.services.segments.plugin [-] Segment 2ba29790-f9bd-46aa-b1ba-61f536e2449f resource provider aggregate not found
2026-05-09 02:44:58.374 7 INFO neutron.services.segments.plugin [-] Segment 2ba29790-f9bd-46aa-b1ba-61f536e2449f resource provider not found; error: Placement Client Error (4xx): {"errors": [{"status": 404, "title": "Not Found", "detail": "The resource could not be found.\n\n No resource provider with uuid 2ba29790-f9bd-46aa-b1ba-61f536e2449f found for delete ", "request_id": "req-a6fda4d0-24ba-4463-96be-ba5bee0c2702"}]}
2026-05-09 02:44:58.375 7 INFO neutron.services.segments.plugin [-] Segment 2ba29790-f9bd-46aa-b1ba-61f536e2449f resource provider not found; error: Placement Client Error (4xx): {"errors": [{"status": 404, "title": "Not Found", "detail": "The resource could not be found.\n\n No resource provider with uuid 2ba29790-f9bd-46aa-b1ba-61f536e2449f found for delete ", "request_id": "req-211ed80f-dbab-451d-aa04-9be6326959e9"}]} [pid: 7|app: 0|req: 616/1145] 10.0.0.103 () {32 vars in 726 bytes} [Sat May 9 02:44:58 2026] DELETE /v2.0/networks/5de6835c-e8a5-4373-a646-6bca125e7a85 => generated 0 bytes in 385 msecs (HTTP/1.1 204) 3 headers in 131 bytes (1 switches on core 0) [pid: 7|app: 0|req: 617/1146] 10.0.0.103 () {32 vars in 724 bytes} [Sat May 9 02:44:58 2026] DELETE /v2.0/subnets/a86a0ad1-df78-404e-826b-f14425275396 => generated 0 bytes in 149 msecs (HTTP/1.1 204) 3 headers in 131 bytes (1 switches on core 0)
2026-05-09 02:44:58.611 8 INFO neutron.db.ovn_revision_numbers_db [None req-5fa9f930-4ac3-4a66-914a-3f1f64e19538 48198d15ab824e58bd0bc53a5f33f480 33d672a0e6464e19ac8103a2b7a9886e - - default default] Successfully bumped revision number for resource b7f0c9b2-07e4-429f-915b-d9769079c352 (type: security_groups) to 1
2026-05-09 02:44:58.620 8 INFO neutron.db.ovn_revision_numbers_db [None req-5fa9f930-4ac3-4a66-914a-3f1f64e19538 48198d15ab824e58bd0bc53a5f33f480 33d672a0e6464e19ac8103a2b7a9886e - - default default] Successfully bumped revision number for resource 28cfdc33-996b-44c6-9a00-20ad13d09482 (type: security_group_rules) to 0
2026-05-09 02:44:58.633 8 INFO neutron.db.ovn_revision_numbers_db [None req-5fa9f930-4ac3-4a66-914a-3f1f64e19538 48198d15ab824e58bd0bc53a5f33f480 33d672a0e6464e19ac8103a2b7a9886e - - default default] Successfully bumped revision number for resource b31986b2-5146-4f64-8021-15c4218087a5 (type: security_group_rules) to 0
2026-05-09 02:44:58.647 8 INFO neutron.db.ovn_revision_numbers_db [None req-5fa9f930-4ac3-4a66-914a-3f1f64e19538 48198d15ab824e58bd0bc53a5f33f480 33d672a0e6464e19ac8103a2b7a9886e - - default default] Successfully bumped revision number for resource e4410ed4-8de8-4706-a87e-fe5d69c25954 (type: security_group_rules) to 0
2026-05-09 02:44:58.656 7 INFO neutron_taas.services.taas.taas_plugin [None req-602ade70-91b6-4c97-bd28-4707898da560 48198d15ab824e58bd0bc53a5f33f480 33d672a0e6464e19ac8103a2b7a9886e - - default default] TaaS: Handle Delete Port: ae257429-ef8b-434f-a5e7-7100215b545e
2026-05-09 02:44:58.659 7 INFO neutron_taas.services.taas.tap_mirror_plugin [None req-602ade70-91b6-4c97-bd28-4707898da560 48198d15ab824e58bd0bc53a5f33f480 33d672a0e6464e19ac8103a2b7a9886e - - default default] Tap Mirror: Handle Delete Port: ae257429-ef8b-434f-a5e7-7100215b545e
2026-05-09 02:44:58.659 8 INFO neutron.db.ovn_revision_numbers_db [None req-5fa9f930-4ac3-4a66-914a-3f1f64e19538 48198d15ab824e58bd0bc53a5f33f480 33d672a0e6464e19ac8103a2b7a9886e - - default default] Successfully bumped revision number for resource f72a2ea2-8aab-47df-bbfa-3b5e6445f48b (type: security_group_rules) to 0 [pid: 8|app: 0|req: 530/1147] 10.0.0.103 () {32 vars in 774 bytes} [Sat May 9 02:44:58 2026] GET /v2.0/security-groups?tenant_id=1a0ee1f0014f455eaffd34342aef7993&name=default => generated 2925 bytes in 387 msecs (HTTP/1.1 200) 4 headers in 158 bytes (1 switches on core 0) [pid: 7|app: 0|req: 618/1148] 10.0.0.103 () {32 vars in 726 bytes} [Sat May 9 02:44:58 2026] DELETE /v2.0/networks/1ada9dae-3e06-435c-be12-ce0c58a37f5b => generated 0 bytes in 310 msecs (HTTP/1.1 204) 3 headers in 131 bytes (1 switches on core 0) [pid: 8|app: 0|req: 531/1149] 10.0.0.103 () {32 vars in 740 bytes} [Sat May 9 02:44:58 2026] DELETE /v2.0/security-groups/b7f0c9b2-07e4-429f-915b-d9769079c352 => generated 0 bytes in 248 msecs (HTTP/1.1 204) 2 headers in 112 bytes (1 switches on core 0) [pid: 8|app: 0|req: 532/1150] 10.0.0.103 () {32 vars in 774 bytes} [Sat May 9 02:44:58 2026] GET /v2.0/security-groups?tenant_id=0048287baf1748ed9ea0bc1b438d2b1a&name=default => generated 2925 bytes in 27 msecs (HTTP/1.1 200) 4 headers in 158 bytes (1 switches on core 0) [pid: 7|app: 0|req: 619/1151] 10.0.0.103 () {32 vars in 774 bytes} [Sat May 9 02:44:58 2026] GET /v2.0/security-groups?tenant_id=279fdba876b0416ab199839ad40d3c29&name=default => generated 2925 bytes in 125 msecs (HTTP/1.1 200) 4 headers in 158 bytes (1 switches on core 0) [pid: 8|app: 0|req: 533/1152] 10.0.0.103 () {32 vars in 740 bytes} [Sat May 9 02:44:58 2026] DELETE /v2.0/security-groups/c4ee1302-37f5-495e-b62f-191c3f983148 => generated 0 bytes in 266 msecs (HTTP/1.1 204) 2 headers in 112 bytes (1 switches on core 0) [pid: 7|app: 0|req: 620/1153] 10.0.0.103 () {32 vars in 740 bytes} [Sat May 9 02:44:58 2026] DELETE /v2.0/security-groups/ccc8dc2c-d50c-4615-822a-6057afd6e03a => generated 0 bytes in 294 msecs (HTTP/1.1 204) 2 headers in 112 bytes (1 switches on core 0) [pid: 8|app: 0|req: 534/1154] 10.0.0.3 () {34 vars in 988 bytes} [Sat May 9 02:45:00 2026] GET /v2.0/ports?device_id=7a25f00f-f349-4522-ae82-5fd9e5c47d0c => generated 1213 bytes in 188 msecs (HTTP/1.1 200) 4 headers in 158 bytes (1 switches on core 0) [pid: 7|app: 0|req: 621/1155] 10.0.0.3 () {34 vars in 1038 bytes} [Sat May 9 02:45:00 2026] GET /v2.0/security-groups?id=d3ac2f59-862c-4493-b206-6c6f26c9a121&fields=id&fields=name => generated 113 bytes in 35 msecs (HTTP/1.1 200) 4 headers in 157 bytes (1 switches on core 0)
2026-05-09 02:45:00.405 7 INFO neutron.services.segments.plugin [-] Segment 7b43495d-414a-4c5f-b3e5-647b3b3f304c resource provider aggregate not found
2026-05-09 02:45:00.418 7 INFO neutron.services.segments.plugin [-] Segment 7b43495d-414a-4c5f-b3e5-647b3b3f304c resource provider aggregate not found
2026-05-09 02:45:00.422 7 INFO neutron.services.segments.plugin [-] Segment 7b43495d-414a-4c5f-b3e5-647b3b3f304c resource provider not found; error: Placement Client Error (4xx): {"errors": [{"status": 404, "title": "Not Found", "detail": "The resource could not be found.\n\n No resource provider with uuid 7b43495d-414a-4c5f-b3e5-647b3b3f304c found for delete ", "request_id": "req-a46c541f-70a2-4d96-8d4c-e01b16c3d9f1"}]}
2026-05-09 02:45:00.468 7 INFO neutron.services.segments.plugin [-] Segment 7b43495d-414a-4c5f-b3e5-647b3b3f304c resource provider not found; error: Placement Client Error (4xx): {"errors": [{"status": 404, "title": "Not Found", "detail": "The resource could not be found.\n\n No resource provider with uuid 7b43495d-414a-4c5f-b3e5-647b3b3f304c found for delete ", "request_id": "req-bd241a6c-c450-460b-bf7a-41aa89b9637b"}]} [pid: 8|app: 0|req: 535/1156] 10.0.0.103 () {32 vars in 623 bytes} [Sat May 9 02:45:00 2026] GET / => generated 151 bytes in 3 msecs (HTTP/1.1 200) 3 headers in 91 bytes (1 switches on core 0) [pid: 7|app: 0|req: 622/1157] 10.0.0.103 () {32 vars in 633 bytes} [Sat May 9 02:45:00 2026] GET /v2.0/ => generated 632 bytes in 167 msecs (HTTP/1.1 200) 4 headers in 157 bytes (1 switches on core 0)
2026-05-09 02:45:01.454 8 INFO neutron.db.ovn_revision_numbers_db [None req-90758fb2-c5cb-4c7c-81fa-5afd6df4fe34 48198d15ab824e58bd0bc53a5f33f480 33d672a0e6464e19ac8103a2b7a9886e - - default default] Successfully bumped revision number for resource ea13f942-0a2d-4767-aad4-abdc7042357b (type: security_groups) to 1
2026-05-09 02:45:01.473 8 INFO neutron.db.ovn_revision_numbers_db [None req-90758fb2-c5cb-4c7c-81fa-5afd6df4fe34 48198d15ab824e58bd0bc53a5f33f480 33d672a0e6464e19ac8103a2b7a9886e - - default default] Successfully bumped revision number for resource 1b92f268-936c-4d65-ae3e-3bc9d7f3a2fe (type: security_group_rules) to 0
2026-05-09 02:45:01.485 8 INFO neutron.db.ovn_revision_numbers_db [None req-90758fb2-c5cb-4c7c-81fa-5afd6df4fe34 48198d15ab824e58bd0bc53a5f33f480 33d672a0e6464e19ac8103a2b7a9886e - - default default] Successfully bumped revision number for resource 300a5a57-4857-44c2-9ff2-b72ad9c419d7 (type: security_group_rules) to 0
2026-05-09 02:45:01.500 8 INFO neutron.db.ovn_revision_numbers_db [None req-90758fb2-c5cb-4c7c-81fa-5afd6df4fe34 48198d15ab824e58bd0bc53a5f33f480 33d672a0e6464e19ac8103a2b7a9886e - - default default] Successfully bumped revision number for resource 6c8ee9c4-10d2-48f4-93b6-375f667c37a8 (type: security_group_rules) to 0
2026-05-09 02:45:01.512 8 INFO neutron.db.ovn_revision_numbers_db [None req-90758fb2-c5cb-4c7c-81fa-5afd6df4fe34 48198d15ab824e58bd0bc53a5f33f480 33d672a0e6464e19ac8103a2b7a9886e - - default default] Successfully bumped revision number for resource 8b9a30d2-63a8-499e-aa48-f2200d825238 (type: security_group_rules) to 0
2026-05-09 02:45:01.586 7 INFO neutron.db.ovn_revision_numbers_db [None req-42451491-0596-4b57-8c0b-8f86f58321a5 46d64ed0a89f4e8f9b409094a70850dd 5e3a761b17bb441db63427be5ff3f72d - - default default] Successfully bumped revision number for resource 712612da-d794-4edb-9207-0a903855a8e1 (type: security_groups) to 1
2026-05-09 02:45:01.589 8 INFO neutron.db.segments_db [None req-90758fb2-c5cb-4c7c-81fa-5afd6df4fe34 48198d15ab824e58bd0bc53a5f33f480 33d672a0e6464e19ac8103a2b7a9886e - - default default] Added segment 9af4d6c0-a542-4785-8a86-e5d07dcf4e63 of type geneve for network 46a51b23-e1ca-4f0a-90ae-71a24539464b
2026-05-09 02:45:01.599 7 INFO neutron.db.ovn_revision_numbers_db [None req-42451491-0596-4b57-8c0b-8f86f58321a5 46d64ed0a89f4e8f9b409094a70850dd 5e3a761b17bb441db63427be5ff3f72d - - default default] Successfully bumped revision number for resource 72127e3c-2207-4f28-94a3-63c27c1aee66 (type: security_group_rules) to 0
2026-05-09 02:45:01.610 7 INFO neutron.db.ovn_revision_numbers_db [None req-42451491-0596-4b57-8c0b-8f86f58321a5 46d64ed0a89f4e8f9b409094a70850dd 5e3a761b17bb441db63427be5ff3f72d - - default default] Successfully bumped revision number for resource 76b6eca2-00d0-4a16-82d4-6cbc6f1e5f79 (type: security_group_rules) to 0
2026-05-09 02:45:01.627 7 INFO neutron.db.ovn_revision_numbers_db [None req-42451491-0596-4b57-8c0b-8f86f58321a5 46d64ed0a89f4e8f9b409094a70850dd 5e3a761b17bb441db63427be5ff3f72d - - default default] Successfully bumped revision number for resource bbcaad8a-cc19-4d76-9e29-5cf54d7d48c4 (type: security_group_rules) to 0
2026-05-09 02:45:01.637 7 INFO neutron.db.ovn_revision_numbers_db [None req-42451491-0596-4b57-8c0b-8f86f58321a5 46d64ed0a89f4e8f9b409094a70850dd 5e3a761b17bb441db63427be5ff3f72d - - default default] Successfully bumped revision number for resource ca3e654a-cf5f-4aa0-acaf-f2aac5970833 (type: security_group_rules) to 0
2026-05-09 02:45:01.720 8 INFO neutron.db.ovn_revision_numbers_db [None req-90758fb2-c5cb-4c7c-81fa-5afd6df4fe34 48198d15ab824e58bd0bc53a5f33f480 33d672a0e6464e19ac8103a2b7a9886e - - default default] Successfully bumped revision number for resource 46a51b23-e1ca-4f0a-90ae-71a24539464b (type: networks) to 1
2026-05-09 02:45:01.757 7 INFO neutron.db.ovn_revision_numbers_db [None req-42451491-0596-4b57-8c0b-8f86f58321a5 46d64ed0a89f4e8f9b409094a70850dd 5e3a761b17bb441db63427be5ff3f72d - - default default] Successfully bumped revision number for resource 470ca8c3-2ced-4b8f-b387-d16fbf10d99d (type: security_groups) to 1
2026-05-09 02:45:01.770 7 INFO neutron.db.ovn_revision_numbers_db [None req-42451491-0596-4b57-8c0b-8f86f58321a5 46d64ed0a89f4e8f9b409094a70850dd 5e3a761b17bb441db63427be5ff3f72d - - default default] Successfully bumped revision number for resource 78c086f0-038c-4c42-9162-d9e02808242b (type: security_group_rules) to 0
2026-05-09 02:45:01.780 7 INFO neutron.db.ovn_revision_numbers_db [None req-42451491-0596-4b57-8c0b-8f86f58321a5 46d64ed0a89f4e8f9b409094a70850dd 5e3a761b17bb441db63427be5ff3f72d - - default default] Successfully bumped revision number for resource b6318ebe-aac5-434d-99d8-e54608268b9a (type: security_group_rules) to 0 [pid: 7|app: 0|req: 623/1158] 10.0.0.103 () {34 vars in 684 bytes} [Sat May 9 02:45:01 2026] POST /v2.0/security-groups => generated 1624 bytes in 602 msecs (HTTP/1.1 201) 4 headers in 163 bytes (1 switches on core 0)
2026-05-09 02:45:01.868 8 WARNING neutron.scheduler.dhcp_agent_scheduler [None req-90758fb2-c5cb-4c7c-81fa-5afd6df4fe34 48198d15ab824e58bd0bc53a5f33f480 33d672a0e6464e19ac8103a2b7a9886e - - default default] No more DHCP agents
2026-05-09 02:45:01.869 8 WARNING neutron.api.rpc.agentnotifiers.dhcp_rpc_agent_api [None req-90758fb2-c5cb-4c7c-81fa-5afd6df4fe34 48198d15ab824e58bd0bc53a5f33f480 33d672a0e6464e19ac8103a2b7a9886e - - default default] Unable to schedule network 46a51b23-e1ca-4f0a-90ae-71a24539464b: no agents available; will retry on subsequent port and subnet creation events.
2026-05-09 02:45:01.928 7 INFO neutron.plugins.ml2.drivers.ovn.mech_driver.mech_driver [None req-c44b03df-96b1-4ee3-91c0-b84178feacc2 - - - - - -] OVN reports status down for port: 3bd26e16-a46e-42a3-aa60-b2f025d3ae50
2026-05-09 02:45:01.964 8 INFO neutron.db.ovn_revision_numbers_db [None req-90758fb2-c5cb-4c7c-81fa-5afd6df4fe34 48198d15ab824e58bd0bc53a5f33f480 33d672a0e6464e19ac8103a2b7a9886e - - default default] Successfully bumped revision number for resource 3bd26e16-a46e-42a3-aa60-b2f025d3ae50 (type: ports) to 1 [pid: 8|app: 0|req: 536/1159] 10.0.0.103 () {34 vars in 671 bytes} [Sat May 9 02:45:01 2026] POST /v2.0/networks => generated 751 bytes in 892 msecs (HTTP/1.1 201) 4 headers in 162 bytes (1 switches on core 0)
2026-05-09 02:45:02.025 7 INFO neutron.db.ovn_revision_numbers_db [None req-a28defe2-e38c-4630-94f5-0ecbef7670a8 48198d15ab824e58bd0bc53a5f33f480 33d672a0e6464e19ac8103a2b7a9886e - - default default] Successfully bumped revision number for resource acd60e91-24a2-4996-b7e2-4aa893aab9a1 (type: security_groups) to 1
2026-05-09 02:45:02.042 7 INFO neutron.db.ovn_revision_numbers_db [None req-a28defe2-e38c-4630-94f5-0ecbef7670a8 48198d15ab824e58bd0bc53a5f33f480 33d672a0e6464e19ac8103a2b7a9886e - - default default] Successfully bumped revision number for resource 12d024e7-b783-464e-8bca-43e5f71edfa3 (type: security_group_rules) to 0 [pid: 8|app: 0|req: 537/1160] 10.0.0.103 () {32 vars in 663 bytes} [Sat May 9 02:45:01 2026] GET /v2.0/security-groups => generated 4529 bytes in 54 msecs (HTTP/1.1 200) 4 headers in 158 bytes (1 switches on core 0)
2026-05-09 02:45:02.055 7 INFO neutron.db.ovn_revision_numbers_db [None req-a28defe2-e38c-4630-94f5-0ecbef7670a8 48198d15ab824e58bd0bc53a5f33f480 33d672a0e6464e19ac8103a2b7a9886e - - default default] Successfully bumped revision number for resource 619eb05e-7dc1-4e3f-96d6-232d607b697c (type: security_group_rules) to 0
2026-05-09 02:45:02.067 7 INFO neutron.db.ovn_revision_numbers_db [None req-a28defe2-e38c-4630-94f5-0ecbef7670a8 48198d15ab824e58bd0bc53a5f33f480 33d672a0e6464e19ac8103a2b7a9886e - - default default] Successfully bumped revision number for resource e7e17e67-7eec-47da-bbc8-e49a5a50ddd5 (type: security_group_rules) to 0
2026-05-09 02:45:02.078 7 INFO neutron.db.ovn_revision_numbers_db [None req-a28defe2-e38c-4630-94f5-0ecbef7670a8 48198d15ab824e58bd0bc53a5f33f480 33d672a0e6464e19ac8103a2b7a9886e - - default default] Successfully bumped revision number for resource f0b8121a-f8b9-409b-b513-6a5642b35748 (type: security_group_rules) to 0 [pid: 7|app: 0|req: 624/1161] 10.0.0.103 () {32 vars in 774 bytes} [Sat May 9 02:45:01 2026] GET /v2.0/security-groups?tenant_id=87792a28a65141a5b16177cd04777367&name=default => generated 2925 bytes in 297 msecs (HTTP/1.1 200) 4 headers in 158 bytes (1 switches on core 0)
2026-05-09 02:45:02.170 8 WARNING neutron.scheduler.dhcp_agent_scheduler [None req-d78b5a64-aef0-4f3e-b692-7562faa31c30 48198d15ab824e58bd0bc53a5f33f480 33d672a0e6464e19ac8103a2b7a9886e - - default default] No more DHCP agents
2026-05-09 02:45:02.171 8 WARNING neutron.api.rpc.agentnotifiers.dhcp_rpc_agent_api [None req-d78b5a64-aef0-4f3e-b692-7562faa31c30 48198d15ab824e58bd0bc53a5f33f480 33d672a0e6464e19ac8103a2b7a9886e - - default default] Unable to schedule network 46a51b23-e1ca-4f0a-90ae-71a24539464b: no agents available; will retry on subsequent port and subnet creation events.
2026-05-09 02:45:02.176 7 INFO neutron.db.ovn_revision_numbers_db [None req-26135009-6d90-4e06-be6e-965d934f743c 46d64ed0a89f4e8f9b409094a70850dd 5e3a761b17bb441db63427be5ff3f72d - - default default] Successfully bumped revision number for resource 470ca8c3-2ced-4b8f-b387-d16fbf10d99d (type: security_groups) to 2 [pid: 7|app: 0|req: 625/1162] 10.0.0.103 () {34 vars in 758 bytes} [Sat May 9 02:45:02 2026] PUT /v2.0/security-groups/470ca8c3-2ced-4b8f-b387-d16fbf10d99d => generated 1663 bytes in 84 msecs (HTTP/1.1 200) 4 headers in 158 bytes (1 switches on core 0) [pid: 7|app: 0|req: 626/1163] 10.0.0.103 () {32 vars in 740 bytes} [Sat May 9 02:45:02 2026] DELETE /v2.0/security-groups/acd60e91-24a2-4996-b7e2-4aa893aab9a1 => generated 0 bytes in 241 msecs (HTTP/1.1 204) 2 headers in 112 bytes (1 switches on core 0) [pid: 7|app: 0|req: 627/1164] 10.0.0.103 () {32 vars in 737 bytes} [Sat May 9 02:45:02 2026] GET /v2.0/security-groups/470ca8c3-2ced-4b8f-b387-d16fbf10d99d => generated 1663 bytes in 19 msecs (HTTP/1.1 200) 4 headers in 158 bytes (1 switches on core 0) [pid: 7|app: 0|req: 628/1165] 10.0.0.103 () {32 vars in 740 bytes} [Sat May 9 02:45:02 2026] DELETE /v2.0/security-groups/470ca8c3-2ced-4b8f-b387-d16fbf10d99d => generated 0 bytes in 101 msecs (HTTP/1.1 204) 2 headers in 112 bytes (1 switches on core 0) [pid: 7|app: 0|req: 629/1166] 10.0.0.103 () {32 vars in 663 bytes} [Sat May 9 02:45:02 2026] GET /v2.0/security-groups => generated 2925 bytes in 33 msecs (HTTP/1.1 200) 4 headers in 158 bytes (1 switches on core 0)
2026-05-09 02:45:02.613 8 INFO neutron.db.ovn_revision_numbers_db [None req-1bda5fc7-841b-4f9c-8582-6d1ca738d374 - - - - - -] Successfully bumped revision number for resource 3bd26e16-a46e-42a3-aa60-b2f025d3ae50 (type: ports) to 2
2026-05-09 02:45:02.624 7 INFO neutron.api.v2.resource [None req-05c1482b-8d82-4416-8200-5544ded2c45e 46d64ed0a89f4e8f9b409094a70850dd 5e3a761b17bb441db63427be5ff3f72d - - default default] delete failed (client error): The resource could not be found. [pid: 7|app: 0|req: 630/1167] 10.0.0.103 () {32 vars in 740 bytes} [Sat May 9 02:45:02 2026] DELETE /v2.0/security-groups/470ca8c3-2ced-4b8f-b387-d16fbf10d99d => generated 146 bytes in 12 msecs (HTTP/1.1 404) 4 headers in 164 bytes (1 switches on core 0)
2026-05-09 02:45:02.652 8 INFO neutron.db.ovn_revision_numbers_db [None req-1bda5fc7-841b-4f9c-8582-6d1ca738d374 - - - - - -] Successfully bumped revision number for resource 6feccece-ce4d-4a33-b51b-3c00b2865dde (type: subnets) to 0 [pid: 8|app: 0|req: 538/1168] 10.0.0.103 () {34 vars in 669 bytes} [Sat May 9 02:45:02 2026] POST /v2.0/subnets => generated 695 bytes in 617 msecs (HTTP/1.1 201) 4 headers in 162 bytes (1 switches on core 0)
2026-05-09 02:45:02.754 7 INFO neutron.db.ovn_revision_numbers_db [None req-859224c6-a6d0-41fa-a4ab-901a6cf76b98 46d64ed0a89f4e8f9b409094a70850dd 5e3a761b17bb441db63427be5ff3f72d - - default default] Successfully bumped revision number for resource c0dd41db-7e12-4d8e-b5cc-38ee64883d3b (type: security_groups) to 1
2026-05-09 02:45:02.766 7 INFO neutron.db.ovn_revision_numbers_db [None req-859224c6-a6d0-41fa-a4ab-901a6cf76b98 46d64ed0a89f4e8f9b409094a70850dd 5e3a761b17bb441db63427be5ff3f72d - - default default] Successfully bumped revision number for resource 432e673e-05c5-46f8-b963-1e64fce166cc (type: security_group_rules) to 0
2026-05-09 02:45:02.775 7 INFO neutron.db.ovn_revision_numbers_db [None req-859224c6-a6d0-41fa-a4ab-901a6cf76b98 46d64ed0a89f4e8f9b409094a70850dd 5e3a761b17bb441db63427be5ff3f72d - - default default] Successfully bumped revision number for resource b6a61d40-52af-47fc-9e2b-bbec0cb0be64 (type: security_group_rules) to 0 [pid: 7|app: 0|req: 631/1169] 10.0.0.103 () {34 vars in 684 bytes} [Sat May 9 02:45:02 2026] POST /v2.0/security-groups => generated 1625 bytes in 180 msecs (HTTP/1.1 201) 4 headers in 163 bytes (1 switches on core 0)
2026-05-09 02:45:02.955 7 INFO neutron.db.ovn_revision_numbers_db [None req-0f529bc9-8a97-4b37-9322-09ba31d3647f 46d64ed0a89f4e8f9b409094a70850dd 5e3a761b17bb441db63427be5ff3f72d - - default default] Successfully bumped revision number for resource ea0540af-c6e6-45a5-8da8-5e9f14d2f6e8 (type: security_group_rules) to 0 [pid: 7|app: 0|req: 632/1170] 10.0.0.103 () {34 vars in 695 bytes} [Sat May 9 02:45:02 2026] POST /v2.0/security-group-rules => generated 601 bytes in 170 msecs (HTTP/1.1 201) 4 headers in 162 bytes (1 switches on core 0) [pid: 7|app: 0|req: 633/1171] 10.0.0.103 () {32 vars in 747 bytes} [Sat May 9 02:45:02 2026] GET /v2.0/security-group-rules/ea0540af-c6e6-45a5-8da8-5e9f14d2f6e8 => generated 601 bytes in 14 msecs (HTTP/1.1 200) 4 headers in 157 bytes (1 switches on core 0)
2026-05-09 02:45:03.063 8 WARNING neutron.scheduler.dhcp_agent_scheduler [None req-6752c77f-36c7-46f5-b494-c812acbe1f66 48198d15ab824e58bd0bc53a5f33f480 33d672a0e6464e19ac8103a2b7a9886e - - default default] No more DHCP agents
2026-05-09 02:45:03.064 8 WARNING neutron.api.rpc.agentnotifiers.dhcp_rpc_agent_api [None req-6752c77f-36c7-46f5-b494-c812acbe1f66 48198d15ab824e58bd0bc53a5f33f480 33d672a0e6464e19ac8103a2b7a9886e - - default default] Unable to schedule network 7574d4d0-7c11-4040-ac6e-73310bb21930: no agents available; will retry on subsequent port and subnet creation events. [pid: 7|app: 0|req: 634/1172] 10.0.0.103 () {32 vars in 673 bytes} [Sat May 9 02:45:03 2026] GET /v2.0/security-group-rules => generated 4138 bytes in 68 msecs (HTTP/1.1 200) 4 headers in 158 bytes (1 switches on core 0)
2026-05-09 02:45:03.187 8 INFO neutron.plugins.ml2.drivers.ovn.mech_driver.mech_driver [None req-0249e117-3248-4897-87b3-486f6f2133bf - - - - - -] OVN reports status down for port: 1d3aade1-95a8-4513-b05d-ad4c058cdaad [pid: 7|app: 0|req: 635/1173] 10.0.0.103 () {32 vars in 750 bytes} [Sat May 9 02:45:03 2026] DELETE /v2.0/security-group-rules/ea0540af-c6e6-45a5-8da8-5e9f14d2f6e8 => generated 0 bytes in 124 msecs (HTTP/1.1 204) 2 headers in 112 bytes (1 switches on core 0) [pid: 7|app: 0|req: 636/1174] 10.0.0.103 () {32 vars in 673 bytes} [Sat May 9 02:45:03 2026] GET /v2.0/security-group-rules => generated 3560 bytes in 65 msecs (HTTP/1.1 200) 4 headers in 158 bytes (1 switches on core 0)
2026-05-09 02:45:03.284 8 INFO neutron.db.ovn_revision_numbers_db [None req-6752c77f-36c7-46f5-b494-c812acbe1f66 48198d15ab824e58bd0bc53a5f33f480 33d672a0e6464e19ac8103a2b7a9886e - - default default] Successfully bumped revision number for resource 1d3aade1-95a8-4513-b05d-ad4c058cdaad (type: ports) to 1
2026-05-09 02:45:03.463 7 INFO neutron.db.ovn_revision_numbers_db [None req-d571060c-cf46-43d8-a689-aa9e3ac359be 46d64ed0a89f4e8f9b409094a70850dd 5e3a761b17bb441db63427be5ff3f72d - - default default] Successfully bumped revision number for resource 50fc9803-94ad-4f8a-8694-cccd382cfba9 (type: security_group_rules) to 0 [pid: 7|app: 0|req: 637/1175] 10.0.0.103 () {34 vars in 695 bytes} [Sat May 9 02:45:03 2026] POST /v2.0/security-group-rules => generated 601 bytes in 237 msecs (HTTP/1.1 201) 4 headers in 162 bytes (1 switches on core 0) [pid: 7|app: 0|req: 638/1176] 10.0.0.103 () {32 vars in 747 bytes} [Sat May 9 02:45:03 2026] GET /v2.0/security-group-rules/50fc9803-94ad-4f8a-8694-cccd382cfba9 => generated 601 bytes in 20 msecs (HTTP/1.1 200) 4 headers in 157 bytes (1 switches on core 0) [pid: 7|app: 0|req: 639/1177] 10.0.0.103 () {32 vars in 673 bytes} [Sat May 9 02:45:03 2026] GET /v2.0/security-group-rules => generated 4138 bytes in 65 msecs (HTTP/1.1 200) 4 headers in 158 bytes (1 switches on core 0) [pid: 7|app: 0|req: 640/1178] 10.0.0.103 () {32 vars in 750 bytes} [Sat May 9 02:45:03 2026] DELETE /v2.0/security-group-rules/50fc9803-94ad-4f8a-8694-cccd382cfba9 => generated 0 bytes in 142 msecs (HTTP/1.1 204) 2 headers in 112 bytes (1 switches on core 0) [pid: 7|app: 0|req: 641/1179] 10.0.0.103 () {32 vars in 673 bytes} [Sat May 9 02:45:03 2026] GET /v2.0/security-group-rules => generated 3560 bytes in 60 msecs (HTTP/1.1 200) 4 headers in 158 bytes (1 switches on core 0)
2026-05-09 02:45:03.949 8 INFO neutron.plugins.ml2.drivers.ovn.mech_driver.ovsdb.commands [None req-eba890dc-db35-45d9-b24e-00a0ec83645f - - - - - -] Schedule LRP lrp-1d3aade1-95a8-4513-b05d-ad4c058cdaad on gateway 9a16bfaf-693f-41b6-8a1b-3f750e18191c with priority 1
2026-05-09 02:45:04.000 7 INFO neutron.db.ovn_revision_numbers_db [None req-630390e8-6e6e-498b-a97f-b01071c29f31 46d64ed0a89f4e8f9b409094a70850dd 5e3a761b17bb441db63427be5ff3f72d - - default default] Successfully bumped revision number for resource b1302c84-6234-4779-a157-d1e0e53ef744 (type: security_group_rules) to 0
2026-05-09 02:45:04.023 8 INFO neutron.plugins.ml2.drivers.ovn.mech_driver.mech_driver [None req-0249e117-3248-4897-87b3-486f6f2133bf - - - - - -] OVN reports status up for port: 1d3aade1-95a8-4513-b05d-ad4c058cdaad
2026-05-09 02:45:04.027 8 INFO neutron.plugins.ml2.drivers.ovn.mech_driver.ovsdb.ovsdb_monitor [None req-47259d21-8304-43fd-9358-ba2fbad8040a - - - - - -] Router 14388225-86c0-49dc-91c3-d7b7062dbe44 is bound to host instance [pid: 7|app: 0|req: 642/1180] 10.0.0.103 () {34 vars in 695 bytes} [Sat May 9 02:45:03 2026] POST /v2.0/security-group-rules => generated 602 bytes in 207 msecs (HTTP/1.1 201) 4 headers in 162 bytes (1 switches on core 0) [pid: 7|app: 0|req: 643/1181] 10.0.0.103 () {32 vars in 747 bytes} [Sat May 9 02:45:04 2026] GET /v2.0/security-group-rules/b1302c84-6234-4779-a157-d1e0e53ef744 => generated 602 bytes in 19 msecs (HTTP/1.1 200) 4 headers in 157 bytes (1 switches on core 0)
2026-05-09 02:45:04.070 8 INFO neutron.plugins.ml2.plugin [None req-0249e117-3248-4897-87b3-486f6f2133bf - - - - - -] Attempt 1 to provision port 1d3aade1-95a8-4513-b05d-ad4c058cdaad
2026-05-09 02:45:04.096 8 INFO neutron.db.ovn_revision_numbers_db [None req-6752c77f-36c7-46f5-b494-c812acbe1f66 48198d15ab824e58bd0bc53a5f33f480 33d672a0e6464e19ac8103a2b7a9886e - - default default] Successfully bumped revision number for resource 1d3aade1-95a8-4513-b05d-ad4c058cdaad (type: router_ports) to 1 [pid: 7|app: 0|req: 644/1182] 10.0.0.103 () {32 vars in 673 bytes} [Sat May 9 02:45:04 2026] GET /v2.0/security-group-rules => generated 4139 bytes in 56 msecs (HTTP/1.1 200) 4 headers in 158 bytes (1 switches on core 0) [pid: 7|app: 0|req: 645/1183] 10.0.0.103 () {32 vars in 750 bytes} [Sat May 9 02:45:04 2026] DELETE /v2.0/security-group-rules/b1302c84-6234-4779-a157-d1e0e53ef744 => generated 0 bytes in 140 msecs (HTTP/1.1 204) 2 headers in 112 bytes (1 switches on core 0)
2026-05-09 02:45:04.294 8 INFO neutron.db.ovn_revision_numbers_db [None req-6752c77f-36c7-46f5-b494-c812acbe1f66 48198d15ab824e58bd0bc53a5f33f480 33d672a0e6464e19ac8103a2b7a9886e - - default default] Successfully bumped revision number for resource 14388225-86c0-49dc-91c3-d7b7062dbe44 (type: routers) to 2 [pid: 8|app: 0|req: 539/1184] 10.0.0.103 () {34 vars in 669 bytes} [Sat May 9 02:45:02 2026] POST /v2.0/routers => generated 973 bytes in 1672 msecs (HTTP/1.1 201) 4 headers in 162 bytes (1 switches on core 0) [pid: 8|app: 0|req: 540/1185] 10.0.0.103 () {32 vars in 673 bytes} [Sat May 9 02:45:04 2026] GET /v2.0/security-group-rules => generated 3560 bytes in 158 msecs (HTTP/1.1 200) 4 headers in 158 bytes (1 switches on core 0)
2026-05-09 02:45:04.676 7 INFO neutron.db.ovn_revision_numbers_db [None req-b756c4c2-65ba-4d5b-9718-bfc9185c3306 48198d15ab824e58bd0bc53a5f33f480 33d672a0e6464e19ac8103a2b7a9886e - - default default] Successfully bumped revision number for resource e06c9fbb-e2ea-4a66-9a2c-c5e565b340af (type: security_groups) to 1
2026-05-09 02:45:04.690 7 INFO neutron.db.ovn_revision_numbers_db [None req-b756c4c2-65ba-4d5b-9718-bfc9185c3306 48198d15ab824e58bd0bc53a5f33f480 33d672a0e6464e19ac8103a2b7a9886e - - default default] Successfully bumped revision number for resource 77dbbf06-670c-4d13-82af-d6b463b06f67 (type: security_group_rules) to 0
2026-05-09 02:45:04.704 7 INFO neutron.db.ovn_revision_numbers_db [None req-b756c4c2-65ba-4d5b-9718-bfc9185c3306 48198d15ab824e58bd0bc53a5f33f480 33d672a0e6464e19ac8103a2b7a9886e - - default default] Successfully bumped revision number for resource 8866a8ee-92fc-46d5-94a9-0bb576355332 (type: security_group_rules) to 0
2026-05-09 02:45:04.720 7 INFO neutron.db.ovn_revision_numbers_db [None req-b756c4c2-65ba-4d5b-9718-bfc9185c3306 48198d15ab824e58bd0bc53a5f33f480 33d672a0e6464e19ac8103a2b7a9886e - - default default] Successfully bumped revision number for resource b768abd1-8bf0-4e74-883a-ee572c5a4a59 (type: security_group_rules) to 0
2026-05-09 02:45:04.741 7 INFO neutron.db.ovn_revision_numbers_db [None req-b756c4c2-65ba-4d5b-9718-bfc9185c3306 48198d15ab824e58bd0bc53a5f33f480 33d672a0e6464e19ac8103a2b7a9886e - - default default] Successfully bumped revision number for resource f4536ff0-10d6-49f7-9079-04426c13821e (type: security_group_rules) to 0
2026-05-09 02:45:04.809 7 INFO neutron.db.segments_db [None req-b756c4c2-65ba-4d5b-9718-bfc9185c3306 48198d15ab824e58bd0bc53a5f33f480 33d672a0e6464e19ac8103a2b7a9886e - - default default] Added segment 3ac4dce5-78fa-429c-8100-45f937af7d5b of type geneve for network c1d1e315-5ba5-4bf9-9fff-cff9c7ab1f07
2026-05-09 02:45:04.901 7 INFO neutron.db.ovn_revision_numbers_db [None req-b756c4c2-65ba-4d5b-9718-bfc9185c3306 48198d15ab824e58bd0bc53a5f33f480 33d672a0e6464e19ac8103a2b7a9886e - - default default] Successfully bumped revision number for resource c1d1e315-5ba5-4bf9-9fff-cff9c7ab1f07 (type: networks) to 1
2026-05-09 02:45:05.076 7 WARNING neutron.scheduler.dhcp_agent_scheduler [None req-b756c4c2-65ba-4d5b-9718-bfc9185c3306 48198d15ab824e58bd0bc53a5f33f480 33d672a0e6464e19ac8103a2b7a9886e - - default default] No more DHCP agents
2026-05-09 02:45:05.078 7 WARNING neutron.api.rpc.agentnotifiers.dhcp_rpc_agent_api [None req-b756c4c2-65ba-4d5b-9718-bfc9185c3306 48198d15ab824e58bd0bc53a5f33f480 33d672a0e6464e19ac8103a2b7a9886e - - default default] Unable to schedule network c1d1e315-5ba5-4bf9-9fff-cff9c7ab1f07: no agents available; will retry on subsequent port and subnet creation events.
2026-05-09 02:45:05.161 7 INFO neutron.db.ovn_revision_numbers_db [None req-b756c4c2-65ba-4d5b-9718-bfc9185c3306 48198d15ab824e58bd0bc53a5f33f480 33d672a0e6464e19ac8103a2b7a9886e - - default default] Successfully bumped revision number for resource 704accda-61e8-471c-9435-2486451d8d5b (type: ports) to 1 [pid: 7|app: 0|req: 646/1186] 10.0.0.103 () {34 vars in 671 bytes} [Sat May 9 02:45:04 2026] POST /v2.0/networks => generated 743 bytes in 920 msecs (HTTP/1.1 201) 4 headers in 162 bytes (1 switches on core 0) [pid: 7|app: 0|req: 647/1187] 10.0.0.103 () {32 vars in 740 bytes} [Sat May 9 02:45:05 2026] DELETE /v2.0/security-groups/c0dd41db-7e12-4d8e-b5cc-38ee64883d3b => generated 0 bytes in 127 msecs (HTTP/1.1 204) 2 headers in 112 bytes (1 switches on core 0)
2026-05-09 02:45:05.445 7 WARNING neutron.scheduler.dhcp_agent_scheduler [None req-c1649aad-7450-4d3e-887a-52c268d255d9 48198d15ab824e58bd0bc53a5f33f480 33d672a0e6464e19ac8103a2b7a9886e - - default default] No more DHCP agents
2026-05-09 02:45:05.446 7 WARNING neutron.api.rpc.agentnotifiers.dhcp_rpc_agent_api [None req-c1649aad-7450-4d3e-887a-52c268d255d9 48198d15ab824e58bd0bc53a5f33f480 33d672a0e6464e19ac8103a2b7a9886e - - default default] Unable to schedule network c1d1e315-5ba5-4bf9-9fff-cff9c7ab1f07: no agents available; will retry on subsequent port and subnet creation events.
2026-05-09 02:45:05.533 8 WARNING neutron.scheduler.dhcp_agent_scheduler [None req-db742d44-c4ea-4b75-8479-0f268dca9386 48198d15ab824e58bd0bc53a5f33f480 33d672a0e6464e19ac8103a2b7a9886e - - default default] No more DHCP agents
2026-05-09 02:45:05.540 8 WARNING neutron.api.rpc.agentnotifiers.dhcp_rpc_agent_api [None req-db742d44-c4ea-4b75-8479-0f268dca9386 48198d15ab824e58bd0bc53a5f33f480 33d672a0e6464e19ac8103a2b7a9886e - - default default] Unable to schedule network 46a51b23-e1ca-4f0a-90ae-71a24539464b: no agents available; will retry on subsequent port and subnet creation events.
2026-05-09 02:45:05.751 8 INFO neutron.db.ovn_revision_numbers_db [None req-030efefe-bced-4f71-bc3c-a64b72e06dc3 - - - - - -] Successfully bumped revision number for resource 1d3aade1-95a8-4513-b05d-ad4c058cdaad (type: ports) to 4
2026-05-09 02:45:05.775 7 INFO neutron.plugins.ml2.drivers.ovn.mech_driver.mech_driver [None req-c44b03df-96b1-4ee3-91c0-b84178feacc2 - - - - - -] OVN reports status down for port: 9f97bd3d-6035-49d5-af91-fed85d6bb40b
2026-05-09 02:45:05.820 8 INFO neutron.db.ovn_revision_numbers_db [None req-db742d44-c4ea-4b75-8479-0f268dca9386 48198d15ab824e58bd0bc53a5f33f480 33d672a0e6464e19ac8103a2b7a9886e - - default default] Successfully bumped revision number for resource 9f97bd3d-6035-49d5-af91-fed85d6bb40b (type: ports) to 1
2026-05-09 02:45:06.011 7 INFO neutron.db.ovn_revision_numbers_db [None req-69b42e59-2da7-48c9-b019-26120b8dcab9 - - - - - -] Successfully bumped revision number for resource 704accda-61e8-471c-9435-2486451d8d5b (type: ports) to 2
2026-05-09 02:45:06.048 7 INFO neutron.db.ovn_revision_numbers_db [None req-69b42e59-2da7-48c9-b019-26120b8dcab9 - - - - - -] Successfully bumped revision number for resource 0af85495-29be-4f1b-9a00-f20fe1b6baf5 (type: subnets) to 0 [pid: 7|app: 0|req: 648/1188] 10.0.0.103 () {34 vars in 669 bytes} [Sat May 9 02:45:05 2026] POST /v2.0/subnets => generated 687 bytes in 759 msecs (HTTP/1.1 201) 4 headers in 162 bytes (1 switches on core 0) [pid: 7|app: 0|req: 649/1189] 10.0.0.103 () {32 vars in 663 bytes} [Sat May 9 02:45:06 2026] GET /v2.0/security-groups => generated 2925 bytes in 45 msecs (HTTP/1.1 200) 4 headers in 158 bytes (1 switches on core 0) [pid: 7|app: 0|req: 650/1190] 10.0.0.23 () {34 vars in 989 bytes} [Sat May 9 02:45:06 2026] GET /v2.0/ports?device_id=7a25f00f-f349-4522-ae82-5fd9e5c47d0c => generated 975 bytes in 68 msecs (HTTP/1.1 200) 4 headers in 157 bytes (1 switches on core 0)
2026-05-09 02:45:06.435 8 INFO neutron.db.ovn_revision_numbers_db [None req-030efefe-bced-4f71-bc3c-a64b72e06dc3 - - - - - -] Successfully bumped revision number for resource 1d3aade1-95a8-4513-b05d-ad4c058cdaad (type: ports) to 5
2026-05-09 02:45:06.590 7 WARNING neutron.scheduler.dhcp_agent_scheduler [None req-6cb02de4-50b0-4cef-bf76-2f5d92923a80 48198d15ab824e58bd0bc53a5f33f480 33d672a0e6464e19ac8103a2b7a9886e - - default default] No more DHCP agents
2026-05-09 02:45:06.592 7 WARNING neutron.api.rpc.agentnotifiers.dhcp_rpc_agent_api [None req-6cb02de4-50b0-4cef-bf76-2f5d92923a80 48198d15ab824e58bd0bc53a5f33f480 33d672a0e6464e19ac8103a2b7a9886e - - default default] Unable to schedule network 7574d4d0-7c11-4040-ac6e-73310bb21930: no agents available; will retry on subsequent port and subnet creation events.
2026-05-09 02:45:06.706 7 INFO neutron.plugins.ml2.drivers.ovn.mech_driver.mech_driver [None req-c44b03df-96b1-4ee3-91c0-b84178feacc2 - - - - - -] OVN reports status down for port: e7509d2e-9789-497d-ab41-64a5f9ba89fc
2026-05-09 02:45:06.740 8 INFO neutron.plugins.ml2.drivers.ovn.mech_driver.mech_driver [None req-0249e117-3248-4897-87b3-486f6f2133bf - - - - - -] OVN reports status down for port: 704accda-61e8-471c-9435-2486451d8d5b
2026-05-09 02:45:06.757 7 INFO neutron.db.ovn_revision_numbers_db [None req-6cb02de4-50b0-4cef-bf76-2f5d92923a80 48198d15ab824e58bd0bc53a5f33f480 33d672a0e6464e19ac8103a2b7a9886e - - default default] Successfully bumped revision number for resource e7509d2e-9789-497d-ab41-64a5f9ba89fc (type: ports) to 1
2026-05-09 02:45:06.874 7 INFO neutron.plugins.ml2.drivers.ovn.mech_driver.mech_driver [None req-c44b03df-96b1-4ee3-91c0-b84178feacc2 - - - - - -] OVN reports status up for port: 9f97bd3d-6035-49d5-af91-fed85d6bb40b
2026-05-09 02:45:06.896 7 INFO neutron.plugins.ml2.plugin [None req-c44b03df-96b1-4ee3-91c0-b84178feacc2 - - - - - -] Attempt 1 to provision port 9f97bd3d-6035-49d5-af91-fed85d6bb40b
2026-05-09 02:45:06.914 8 WARNING neutron.scheduler.dhcp_agent_scheduler [None req-db742d44-c4ea-4b75-8479-0f268dca9386 48198d15ab824e58bd0bc53a5f33f480 33d672a0e6464e19ac8103a2b7a9886e - - default default] No more DHCP agents
2026-05-09 02:45:06.915 8 WARNING neutron.api.rpc.agentnotifiers.dhcp_rpc_agent_api [None req-db742d44-c4ea-4b75-8479-0f268dca9386 48198d15ab824e58bd0bc53a5f33f480 33d672a0e6464e19ac8103a2b7a9886e - - default default] Unable to schedule network 46a51b23-e1ca-4f0a-90ae-71a24539464b: no agents available; will retry on subsequent port and subnet creation events.
