2026-05-09 02:46:58.788 8 INFO neutron.db.ovn_revision_numbers_db [None req-769b0ffe-f123-4dd1-821b-0d7bb330bedd 48198d15ab824e58bd0bc53a5f33f480 33d672a0e6464e19ac8103a2b7a9886e - - default default] Successfully bumped revision number for resource d2a5c067-3ee2-4050-b15d-a1c965cfeabd (type: security_group_rules) to 0
2026-05-09 02:46:58.799 8 INFO neutron.db.ovn_revision_numbers_db [None req-769b0ffe-f123-4dd1-821b-0d7bb330bedd 48198d15ab824e58bd0bc53a5f33f480 33d672a0e6464e19ac8103a2b7a9886e - - default default] Successfully bumped revision number for resource ee55b013-1736-4ec1-aaca-c3547762051c (type: security_group_rules) to 0 [pid: 8|app: 0|req: 947/2015] 10.0.0.103 () {32 vars in 774 bytes} [Sat May 9 02:46:58 2026] GET /v2.0/security-groups?tenant_id=d4abeb36b0ef42e4b916c977e4ee101d&name=default => generated 2925 bytes in 214 msecs (HTTP/1.1 200) 4 headers in 158 bytes (1 switches on core 0) [pid: 7|app: 0|req: 1069/2016] 10.0.0.103 () {32 vars in 740 bytes} [Sat May 9 02:46:58 2026] DELETE /v2.0/security-groups/14176ad4-3afa-4687-a622-355c11e0381e => generated 0 bytes in 216 msecs (HTTP/1.1 204) 2 headers in 112 bytes (1 switches on core 0)
2026-05-09 02:47:01.596 8 INFO neutron.db.ovn_revision_numbers_db [None req-4b4f492a-2938-4bde-9eaf-b3e21b18bc62 48198d15ab824e58bd0bc53a5f33f480 33d672a0e6464e19ac8103a2b7a9886e - - default default] Successfully bumped revision number for resource 295c4600-b12a-4a86-ac45-e486f04ab7b2 (type: security_groups) to 1
2026-05-09 02:47:01.617 8 INFO neutron.db.ovn_revision_numbers_db [None req-4b4f492a-2938-4bde-9eaf-b3e21b18bc62 48198d15ab824e58bd0bc53a5f33f480 33d672a0e6464e19ac8103a2b7a9886e - - default default] Successfully bumped revision number for resource 482ffd53-090e-4b90-b6cf-a96ba13951ec (type: security_group_rules) to 0
2026-05-09 02:47:01.633 8 INFO neutron.db.ovn_revision_numbers_db [None req-4b4f492a-2938-4bde-9eaf-b3e21b18bc62 48198d15ab824e58bd0bc53a5f33f480 33d672a0e6464e19ac8103a2b7a9886e - - default default] Successfully bumped revision number for resource 4c357052-d176-4ad0-b984-93a250ca95af (type: security_group_rules) to 0
2026-05-09 02:47:01.647 8 INFO neutron.db.ovn_revision_numbers_db [None req-4b4f492a-2938-4bde-9eaf-b3e21b18bc62 48198d15ab824e58bd0bc53a5f33f480 33d672a0e6464e19ac8103a2b7a9886e - - default default] Successfully bumped revision number for resource 95743add-f7e8-46ab-b993-9e9a060926d7 (type: security_group_rules) to 0
2026-05-09 02:47:01.662 8 INFO neutron.db.ovn_revision_numbers_db [None req-4b4f492a-2938-4bde-9eaf-b3e21b18bc62 48198d15ab824e58bd0bc53a5f33f480 33d672a0e6464e19ac8103a2b7a9886e - - default default] Successfully bumped revision number for resource f9ad69ed-c4f6-4b39-90fb-b68871264bc4 (type: security_group_rules) to 0 [pid: 8|app: 0|req: 948/2017] 10.0.0.103 () {32 vars in 774 bytes} [Sat May 9 02:47:01 2026] GET /v2.0/security-groups?tenant_id=386a0cbeb8534e9782c2ab6bc755b08d&name=default => generated 2925 bytes in 412 msecs (HTTP/1.1 200) 4 headers in 158 bytes (1 switches on core 0) [pid: 8|app: 0|req: 949/2018] 10.0.0.3 () {34 vars in 988 bytes} [Sat May 9 02:47:01 2026] GET /v2.0/ports?device_id=8b11b77b-292f-4978-8fa9-696667992402 => generated 1213 bytes in 47 msecs (HTTP/1.1 200) 4 headers in 158 bytes (1 switches on core 0) [pid: 8|app: 0|req: 950/2019] 10.0.0.3 () {34 vars in 1038 bytes} [Sat May 9 02:47:01 2026] GET /v2.0/security-groups?id=45204785-6f58-4bfe-9d50-c570c5a35ca2&fields=id&fields=name => generated 113 bytes in 48 msecs (HTTP/1.1 200) 4 headers in 157 bytes (1 switches on core 0) [pid: 7|app: 0|req: 1070/2020] 10.0.0.103 () {32 vars in 740 bytes} [Sat May 9 02:47:01 2026] DELETE /v2.0/security-groups/295c4600-b12a-4a86-ac45-e486f04ab7b2 => generated 0 bytes in 266 msecs (HTTP/1.1 204) 2 headers in 112 bytes (1 switches on core 0)
2026-05-09 02:47:03.898 8 INFO neutron.db.ovn_revision_numbers_db [None req-72682685-994f-4bce-b7bc-3be3afb0bcf0 6fec7cf9edfd4eb8ac6c1680830fa722 5fd236bc8094493295a4cde1d8d3a007 - - default default] Successfully bumped revision number for resource a57967b9-9d70-4a02-8c86-1e971c1774be (type: security_groups) to 1
2026-05-09 02:47:03.910 8 INFO neutron.db.ovn_revision_numbers_db [None req-72682685-994f-4bce-b7bc-3be3afb0bcf0 6fec7cf9edfd4eb8ac6c1680830fa722 5fd236bc8094493295a4cde1d8d3a007 - - default default] Successfully bumped revision number for resource 6146cac5-0957-4dab-83b0-2958f9e6ff74 (type: security_group_rules) to 0
2026-05-09 02:47:03.926 8 INFO neutron.db.ovn_revision_numbers_db [None req-72682685-994f-4bce-b7bc-3be3afb0bcf0 6fec7cf9edfd4eb8ac6c1680830fa722 5fd236bc8094493295a4cde1d8d3a007 - - default default] Successfully bumped revision number for resource be254bb9-36c7-4173-80a5-32dccb3a04fc (type: security_group_rules) to 0
2026-05-09 02:47:03.939 8 INFO neutron.db.ovn_revision_numbers_db [None req-72682685-994f-4bce-b7bc-3be3afb0bcf0 6fec7cf9edfd4eb8ac6c1680830fa722 5fd236bc8094493295a4cde1d8d3a007 - - default default] Successfully bumped revision number for resource dd45eedb-bdd9-44af-896a-e5c99ddd4814 (type: security_group_rules) to 0
2026-05-09 02:47:03.951 8 INFO neutron.db.ovn_revision_numbers_db [None req-72682685-994f-4bce-b7bc-3be3afb0bcf0 6fec7cf9edfd4eb8ac6c1680830fa722 5fd236bc8094493295a4cde1d8d3a007 - - default default] Successfully bumped revision number for resource f826370d-fe59-46d0-b11d-ebf31998be41 (type: security_group_rules) to 0
2026-05-09 02:47:04.028 8 INFO neutron.db.segments_db [None req-72682685-994f-4bce-b7bc-3be3afb0bcf0 6fec7cf9edfd4eb8ac6c1680830fa722 5fd236bc8094493295a4cde1d8d3a007 - - default default] Added segment 02348d56-8cfc-4a81-b8bb-6deaf07e2e94 of type geneve for network 82f47694-cf5a-442b-a229-467b8e58188f
2026-05-09 02:47:04.142 8 INFO neutron.db.ovn_revision_numbers_db [None req-72682685-994f-4bce-b7bc-3be3afb0bcf0 6fec7cf9edfd4eb8ac6c1680830fa722 5fd236bc8094493295a4cde1d8d3a007 - - default default] Successfully bumped revision number for resource 82f47694-cf5a-442b-a229-467b8e58188f (type: networks) to 1 [pid: 7|app: 0|req: 1071/2021] 10.0.0.23 () {34 vars in 989 bytes} [Sat May 9 02:47:04 2026] GET /v2.0/ports?device_id=8b11b77b-292f-4978-8fa9-696667992402 => generated 975 bytes in 97 msecs (HTTP/1.1 200) 4 headers in 157 bytes (1 switches on core 0) [pid: 7|app: 0|req: 1072/2022] 10.0.0.23 () {34 vars in 1039 bytes} [Sat May 9 02:47:04 2026] GET /v2.0/security-groups?id=45204785-6f58-4bfe-9d50-c570c5a35ca2&fields=id&fields=name => generated 113 bytes in 37 msecs (HTTP/1.1 200) 4 headers in 157 bytes (1 switches on core 0)
2026-05-09 02:47:04.315 8 WARNING neutron.scheduler.dhcp_agent_scheduler [None req-72682685-994f-4bce-b7bc-3be3afb0bcf0 6fec7cf9edfd4eb8ac6c1680830fa722 5fd236bc8094493295a4cde1d8d3a007 - - default default] No more DHCP agents
2026-05-09 02:47:04.317 8 WARNING neutron.api.rpc.agentnotifiers.dhcp_rpc_agent_api [None req-72682685-994f-4bce-b7bc-3be3afb0bcf0 6fec7cf9edfd4eb8ac6c1680830fa722 5fd236bc8094493295a4cde1d8d3a007 - - default default] Unable to schedule network 82f47694-cf5a-442b-a229-467b8e58188f: no agents available; will retry on subsequent port and subnet creation events.
2026-05-09 02:47:04.369 8 INFO neutron.plugins.ml2.drivers.ovn.mech_driver.mech_driver [None req-983a5efb-c6f4-417e-a2d3-f520f9283390 - - - - - -] OVN reports status down for port: 5cac2ee3-a031-4b52-b5ad-4799433d0e47
2026-05-09 02:47:04.421 8 INFO neutron.db.ovn_revision_numbers_db [None req-72682685-994f-4bce-b7bc-3be3afb0bcf0 6fec7cf9edfd4eb8ac6c1680830fa722 5fd236bc8094493295a4cde1d8d3a007 - - default default] Successfully bumped revision number for resource 5cac2ee3-a031-4b52-b5ad-4799433d0e47 (type: ports) to 1 [pid: 8|app: 0|req: 951/2023] 10.0.0.103 () {34 vars in 670 bytes} [Sat May 9 02:47:03 2026] POST /v2.0/networks => generated 645 bytes in 887 msecs (HTTP/1.1 201) 4 headers in 162 bytes (1 switches on core 0)
2026-05-09 02:47:04.692 7 WARNING neutron.scheduler.dhcp_agent_scheduler [None req-a1b9a3f8-1ab8-4792-9989-8bdaf7b0ec99 6fec7cf9edfd4eb8ac6c1680830fa722 5fd236bc8094493295a4cde1d8d3a007 - - default default] No more DHCP agents
2026-05-09 02:47:04.693 7 WARNING neutron.api.rpc.agentnotifiers.dhcp_rpc_agent_api [None req-a1b9a3f8-1ab8-4792-9989-8bdaf7b0ec99 6fec7cf9edfd4eb8ac6c1680830fa722 5fd236bc8094493295a4cde1d8d3a007 - - default default] Unable to schedule network 82f47694-cf5a-442b-a229-467b8e58188f: no agents available; will retry on subsequent port and subnet creation events.
2026-05-09 02:47:04.750 8 INFO neutron.plugins.ml2.drivers.ovn.mech_driver.mech_driver [None req-983a5efb-c6f4-417e-a2d3-f520f9283390 - - - - - -] OVN reports status down for port: 25802957-8d7f-46ea-9c55-25f7bda99692
2026-05-09 02:47:04.788 7 INFO neutron.db.ovn_revision_numbers_db [None req-a1b9a3f8-1ab8-4792-9989-8bdaf7b0ec99 6fec7cf9edfd4eb8ac6c1680830fa722 5fd236bc8094493295a4cde1d8d3a007 - - default default] Successfully bumped revision number for resource 25802957-8d7f-46ea-9c55-25f7bda99692 (type: ports) to 1 [pid: 7|app: 0|req: 1073/2024] 10.0.0.103 () {34 vars in 665 bytes} [Sat May 9 02:47:04 2026] POST /v2.0/ports => generated 775 bytes in 357 msecs (HTTP/1.1 201) 4 headers in 162 bytes (1 switches on core 0)
2026-05-09 02:47:04.923 8 INFO neutron.db.segments_db [None req-7d438cd3-b91e-4805-b35c-6b4ca35eafe0 6fec7cf9edfd4eb8ac6c1680830fa722 5fd236bc8094493295a4cde1d8d3a007 - - default default] Added segment ebfda651-ebd0-4677-9ac7-44bc8201ebb1 of type geneve for network 6c01f4d5-5148-4029-b208-d7a2c3802c2a
2026-05-09 02:47:05.022 8 INFO neutron.db.ovn_revision_numbers_db [None req-7d438cd3-b91e-4805-b35c-6b4ca35eafe0 6fec7cf9edfd4eb8ac6c1680830fa722 5fd236bc8094493295a4cde1d8d3a007 - - default default] Successfully bumped revision number for resource 6c01f4d5-5148-4029-b208-d7a2c3802c2a (type: networks) to 1
2026-05-09 02:47:05.179 8 WARNING neutron.scheduler.dhcp_agent_scheduler [None req-7d438cd3-b91e-4805-b35c-6b4ca35eafe0 6fec7cf9edfd4eb8ac6c1680830fa722 5fd236bc8094493295a4cde1d8d3a007 - - default default] No more DHCP agents
2026-05-09 02:47:05.181 8 WARNING neutron.api.rpc.agentnotifiers.dhcp_rpc_agent_api [None req-7d438cd3-b91e-4805-b35c-6b4ca35eafe0 6fec7cf9edfd4eb8ac6c1680830fa722 5fd236bc8094493295a4cde1d8d3a007 - - default default] Unable to schedule network 6c01f4d5-5148-4029-b208-d7a2c3802c2a: no agents available; will retry on subsequent port and subnet creation events.
2026-05-09 02:47:05.234 8 INFO neutron.plugins.ml2.drivers.ovn.mech_driver.mech_driver [None req-983a5efb-c6f4-417e-a2d3-f520f9283390 - - - - - -] OVN reports status down for port: 679d8145-ab9a-4175-b1b3-ac16bb666899
2026-05-09 02:47:05.240 7 INFO neutron.plugins.ml2.drivers.ovn.mech_driver.mech_driver [None req-7260884a-e1c2-4f86-969a-5cdb2262bb32 - - - - - -] OVN reports status down for port: 9420b565-f966-47c1-9f3f-ff58178cac3a
2026-05-09 02:47:05.285 8 INFO neutron.db.ovn_revision_numbers_db [None req-7d438cd3-b91e-4805-b35c-6b4ca35eafe0 6fec7cf9edfd4eb8ac6c1680830fa722 5fd236bc8094493295a4cde1d8d3a007 - - default default] Successfully bumped revision number for resource 9420b565-f966-47c1-9f3f-ff58178cac3a (type: ports) to 1 [pid: 8|app: 0|req: 952/2025] 10.0.0.103 () {34 vars in 670 bytes} [Sat May 9 02:47:04 2026] POST /v2.0/networks => generated 631 bytes in 498 msecs (HTTP/1.1 201) 4 headers in 162 bytes (1 switches on core 0) /var/lib/openstack/lib/python3.12/site-packages/pycadf/identifier.py:70: UserWarning: Invalid uuid: neutron. To ensure interoperability, identifiers should be a valid uuid. warnings.warn(('Invalid uuid: %s. To ensure interoperability, '
2026-05-09 02:47:05.400 8 INFO neutron.notifiers.nova [-] Nova event matching ['req-a9f908ed-4035-420f-a8e0-76e75d13590d'] response: {'server_uuid': '8b11b77b-292f-4978-8fa9-696667992402', 'name': 'network-vif-unplugged', 'status': 'completed', 'tag': '679d8145-ab9a-4175-b1b3-ac16bb666899', 'code': 200} [pid: 8|app: 0|req: 953/2026] 10.0.0.23 () {34 vars in 989 bytes} [Sat May 9 02:47:05 2026] GET /v2.0/ports?device_id=8b11b77b-292f-4978-8fa9-696667992402 => generated 973 bytes in 139 msecs (HTTP/1.1 200) 4 headers in 157 bytes (1 switches on core 0)
2026-05-09 02:47:05.537 7 WARNING neutron.scheduler.dhcp_agent_scheduler [None req-c0b86170-7ae8-4543-882d-26518d11118a 6fec7cf9edfd4eb8ac6c1680830fa722 5fd236bc8094493295a4cde1d8d3a007 - - default default] No more DHCP agents
2026-05-09 02:47:05.540 7 WARNING neutron.api.rpc.agentnotifiers.dhcp_rpc_agent_api [None req-c0b86170-7ae8-4543-882d-26518d11118a 6fec7cf9edfd4eb8ac6c1680830fa722 5fd236bc8094493295a4cde1d8d3a007 - - default default] Unable to schedule network 6c01f4d5-5148-4029-b208-d7a2c3802c2a: no agents available; will retry on subsequent port and subnet creation events.
2026-05-09 02:47:05.601 8 INFO neutron.db.ovn_revision_numbers_db [None req-983a5efb-c6f4-417e-a2d3-f520f9283390 - - - - - -] Successfully bumped revision number for resource 679d8145-ab9a-4175-b1b3-ac16bb666899 (type: ports) to 6
2026-05-09 02:47:05.773 8 INFO neutron.db.ovn_revision_numbers_db [None req-38db3a15-524f-4c57-9877-2b2e39c80523 48198d15ab824e58bd0bc53a5f33f480 33d672a0e6464e19ac8103a2b7a9886e - - default default] Successfully bumped revision number for resource f3463458-d99a-439d-b9d5-6f2e095f39fd (type: security_groups) to 1
2026-05-09 02:47:05.784 8 INFO neutron.db.ovn_revision_numbers_db [None req-38db3a15-524f-4c57-9877-2b2e39c80523 48198d15ab824e58bd0bc53a5f33f480 33d672a0e6464e19ac8103a2b7a9886e - - default default] Successfully bumped revision number for resource 3072182e-b7bd-4bfc-8e56-1ecccd03e7d7 (type: security_group_rules) to 0
2026-05-09 02:47:05.795 8 INFO neutron.db.ovn_revision_numbers_db [None req-38db3a15-524f-4c57-9877-2b2e39c80523 48198d15ab824e58bd0bc53a5f33f480 33d672a0e6464e19ac8103a2b7a9886e - - default default] Successfully bumped revision number for resource a3fda2e0-4f58-4b72-a618-ba24cc349bb6 (type: security_group_rules) to 0
2026-05-09 02:47:05.806 8 INFO neutron.db.ovn_revision_numbers_db [None req-38db3a15-524f-4c57-9877-2b2e39c80523 48198d15ab824e58bd0bc53a5f33f480 33d672a0e6464e19ac8103a2b7a9886e - - default default] Successfully bumped revision number for resource d585d75c-e2df-429d-8f28-4c55929460d3 (type: security_group_rules) to 0
2026-05-09 02:47:05.818 8 INFO neutron.db.ovn_revision_numbers_db [None req-38db3a15-524f-4c57-9877-2b2e39c80523 48198d15ab824e58bd0bc53a5f33f480 33d672a0e6464e19ac8103a2b7a9886e - - default default] Successfully bumped revision number for resource d8ffa643-2eef-4dc0-ad38-8564419be65b (type: security_group_rules) to 0 [pid: 8|app: 0|req: 954/2027] 10.0.0.103 () {32 vars in 774 bytes} [Sat May 9 02:47:05 2026] GET /v2.0/security-groups?tenant_id=ed60540ba1674aca8a8fd15957855432&name=default => generated 2925 bytes in 322 msecs (HTTP/1.1 200) 4 headers in 158 bytes (1 switches on core 0) /var/lib/openstack/lib/python3.12/site-packages/pycadf/identifier.py:70: UserWarning: Invalid uuid: neutron. To ensure interoperability, identifiers should be a valid uuid. warnings.warn(('Invalid uuid: %s. To ensure interoperability, ' [pid: 8|app: 0|req: 955/2028] 10.0.0.23 () {34 vars in 1039 bytes} [Sat May 9 02:47:05 2026] GET /v2.0/security-groups?id=45204785-6f58-4bfe-9d50-c570c5a35ca2&fields=id&fields=name => generated 113 bytes in 30 msecs (HTTP/1.1 200) 4 headers in 157 bytes (1 switches on core 0)
2026-05-09 02:47:06.018 7 INFO neutron.db.ovn_revision_numbers_db [None req-ed872c50-2bed-4437-9650-0c403885720e - - - - - -] Successfully bumped revision number for resource 9420b565-f966-47c1-9f3f-ff58178cac3a (type: ports) to 2
2026-05-09 02:47:06.054 7 INFO neutron.db.ovn_revision_numbers_db [None req-ed872c50-2bed-4437-9650-0c403885720e - - - - - -] Successfully bumped revision number for resource 68451fb1-cdc6-42e4-bc0d-68360676d524 (type: subnets) to 0 [pid: 7|app: 0|req: 1074/2029] 10.0.0.103 () {34 vars in 669 bytes} [Sat May 9 02:47:05 2026] POST /v2.0/subnets => generated 626 bytes in 725 msecs (HTTP/1.1 201) 4 headers in 162 bytes (1 switches on core 0) [pid: 8|app: 0|req: 956/2030] 10.0.0.103 () {32 vars in 740 bytes} [Sat May 9 02:47:05 2026] DELETE /v2.0/security-groups/f3463458-d99a-439d-b9d5-6f2e095f39fd => generated 0 bytes in 284 msecs (HTTP/1.1 204) 2 headers in 112 bytes (1 switches on core 0)
2026-05-09 02:47:06.343 7 WARNING neutron.scheduler.dhcp_agent_scheduler [None req-5ea5c088-07cd-4c25-8085-6af498f4bb98 6fec7cf9edfd4eb8ac6c1680830fa722 5fd236bc8094493295a4cde1d8d3a007 - - default default] No more DHCP agents
2026-05-09 02:47:06.344 7 WARNING neutron.api.rpc.agentnotifiers.dhcp_rpc_agent_api [None req-5ea5c088-07cd-4c25-8085-6af498f4bb98 6fec7cf9edfd4eb8ac6c1680830fa722 5fd236bc8094493295a4cde1d8d3a007 - - default default] Unable to schedule network 6c01f4d5-5148-4029-b208-d7a2c3802c2a: no agents available; will retry on subsequent port and subnet creation events.
2026-05-09 02:47:06.455 8 INFO neutron.plugins.ml2.drivers.ovn.mech_driver.mech_driver [None req-55fb13a0-074e-42c7-aeb9-19b0bfc364b2 - - - - - -] OVN reports status down for port: 2cf0558c-5b6c-45bf-948b-b5603e3ce2ba [pid: 8|app: 0|req: 957/2031] 199.204.45.44 () {34 vars in 993 bytes} [Sat May 9 02:47:06 2026] GET /v2.0/ports?device_id=8b11b77b-292f-4978-8fa9-696667992402 => generated 973 bytes in 68 msecs (HTTP/1.1 200) 4 headers in 157 bytes (1 switches on core 0)
2026-05-09 02:47:06.474 7 INFO neutron.db.ovn_revision_numbers_db [None req-5ea5c088-07cd-4c25-8085-6af498f4bb98 6fec7cf9edfd4eb8ac6c1680830fa722 5fd236bc8094493295a4cde1d8d3a007 - - default default] Successfully bumped revision number for resource 2cf0558c-5b6c-45bf-948b-b5603e3ce2ba (type: ports) to 1 [pid: 7|app: 0|req: 1075/2032] 10.0.0.103 () {34 vars in 665 bytes} [Sat May 9 02:47:06 2026] POST /v2.0/ports => generated 954 bytes in 423 msecs (HTTP/1.1 201) 4 headers in 162 bytes (1 switches on core 0) /var/lib/openstack/lib/python3.12/site-packages/pycadf/identifier.py:70: UserWarning: Invalid uuid: neutron. To ensure interoperability, identifiers should be a valid uuid. warnings.warn(('Invalid uuid: %s. To ensure interoperability, '
2026-05-09 02:47:06.622 7 INFO neutron_taas.services.taas.taas_plugin [None req-0f964547-65b3-4106-8e43-8a00fffa327b 6fec7cf9edfd4eb8ac6c1680830fa722 5fd236bc8094493295a4cde1d8d3a007 - - default default] TaaS: Handle Delete Port: 2cf0558c-5b6c-45bf-948b-b5603e3ce2ba
2026-05-09 02:47:06.627 7 INFO neutron_taas.services.taas.tap_mirror_plugin [None req-0f964547-65b3-4106-8e43-8a00fffa327b 6fec7cf9edfd4eb8ac6c1680830fa722 5fd236bc8094493295a4cde1d8d3a007 - - default default] Tap Mirror: Handle Delete Port: 2cf0558c-5b6c-45bf-948b-b5603e3ce2ba
2026-05-09 02:47:06.650 8 INFO neutron_taas.services.taas.taas_plugin [req-3f417411-8d58-4335-8fc9-8e30a1f11df8 req-e6a3a6ea-7ebc-4e8a-af69-960ed925875e 465aae515f7a425d9ff6bcfe1ee63a3f 27c68352f53f4b368e886b8ff6b1a214 - - default default] TaaS: Handle Delete Port: 679d8145-ab9a-4175-b1b3-ac16bb666899
2026-05-09 02:47:06.657 8 INFO neutron_taas.services.taas.tap_mirror_plugin [req-3f417411-8d58-4335-8fc9-8e30a1f11df8 req-e6a3a6ea-7ebc-4e8a-af69-960ed925875e 465aae515f7a425d9ff6bcfe1ee63a3f 27c68352f53f4b368e886b8ff6b1a214 - - default default] Tap Mirror: Handle Delete Port: 679d8145-ab9a-4175-b1b3-ac16bb666899 [pid: 7|app: 0|req: 1076/2033] 10.0.0.103 () {32 vars in 720 bytes} [Sat May 9 02:47:06 2026] DELETE /v2.0/ports/2cf0558c-5b6c-45bf-948b-b5603e3ce2ba => generated 0 bytes in 301 msecs (HTTP/1.1 204) 3 headers in 131 bytes (1 switches on core 0)
2026-05-09 02:47:06.831 7 INFO neutron.pecan_wsgi.hooks.translation [None req-b209bd58-d818-4e91-bd58-b0f5daeb9de5 6fec7cf9edfd4eb8ac6c1680830fa722 5fd236bc8094493295a4cde1d8d3a007 - - default default] DELETE failed (client error): The resource could not be found. [pid: 7|app: 0|req: 1077/2034] 10.0.0.103 () {32 vars in 720 bytes} [Sat May 9 02:47:06 2026] DELETE /v2.0/ports/2cf0558c-5b6c-45bf-948b-b5603e3ce2ba => generated 132 bytes in 19 msecs (HTTP/1.1 404) 4 headers in 164 bytes (1 switches on core 0)
2026-05-09 02:47:06.843 8 INFO neutron.db.l3_db [req-3f417411-8d58-4335-8fc9-8e30a1f11df8 req-e6a3a6ea-7ebc-4e8a-af69-960ed925875e 465aae515f7a425d9ff6bcfe1ee63a3f 27c68352f53f4b368e886b8ff6b1a214 - - default default] Floating IP 3e8385be-fd72-46a5-b167-0f3887d9faec disassociated. External IP: 10.96.250.209, port: 679d8145-ab9a-4175-b1b3-ac16bb666899.
2026-05-09 02:47:06.856 7 INFO neutron.pecan_wsgi.hooks.translation [None req-8a55957d-e2c8-41bd-a924-66656bb25222 6fec7cf9edfd4eb8ac6c1680830fa722 5fd236bc8094493295a4cde1d8d3a007 - - default default] GET failed (client error): The resource could not be found. [pid: 7|app: 0|req: 1078/2035] 10.0.0.103 () {32 vars in 717 bytes} [Sat May 9 02:47:06 2026] GET /v2.0/ports/2cf0558c-5b6c-45bf-948b-b5603e3ce2ba => generated 132 bytes in 20 msecs (HTTP/1.1 404) 4 headers in 164 bytes (1 switches on core 0) [pid: 8|app: 0|req: 958/2036] 199.204.45.44 () {36 vars in 996 bytes} [Sat May 9 02:47:06 2026] DELETE /v2.0/ports/679d8145-ab9a-4175-b1b3-ac16bb666899 => generated 0 bytes in 486 msecs (HTTP/1.1 204) 3 headers in 131 bytes (1 switches on core 0) /var/lib/openstack/lib/python3.12/site-packages/pycadf/identifier.py:70: UserWarning: Invalid uuid: neutron. To ensure interoperability, identifiers should be a valid uuid. warnings.warn(('Invalid uuid: %s. To ensure interoperability, ' [pid: 8|app: 0|req: 959/2037] 10.0.0.23 () {34 vars in 989 bytes} [Sat May 9 02:47:06 2026] GET /v2.0/ports?device_id=8b11b77b-292f-4978-8fa9-696667992402 => generated 12 bytes in 18 msecs (HTTP/1.1 200) 4 headers in 156 bytes (1 switches on core 0) [pid: 7|app: 0|req: 1079/2038] 10.0.0.103 () {32 vars in 724 bytes} [Sat May 9 02:47:06 2026] DELETE /v2.0/subnets/68451fb1-cdc6-42e4-bc0d-68360676d524 => generated 0 bytes in 186 msecs (HTTP/1.1 204) 3 headers in 131 bytes (1 switches on core 0)
2026-05-09 02:47:07.247 8 INFO neutron_taas.services.taas.taas_plugin [None req-23060b03-e337-4671-9ba7-32e0725b5f94 6fec7cf9edfd4eb8ac6c1680830fa722 5fd236bc8094493295a4cde1d8d3a007 - - default default] TaaS: Handle Delete Port: 9420b565-f966-47c1-9f3f-ff58178cac3a
2026-05-09 02:47:07.250 8 INFO neutron_taas.services.taas.tap_mirror_plugin [None req-23060b03-e337-4671-9ba7-32e0725b5f94 6fec7cf9edfd4eb8ac6c1680830fa722 5fd236bc8094493295a4cde1d8d3a007 - - default default] Tap Mirror: Handle Delete Port: 9420b565-f966-47c1-9f3f-ff58178cac3a
2026-05-09 02:47:07.427 8 INFO neutron.services.segments.plugin [-] Segment ebfda651-ebd0-4677-9ac7-44bc8201ebb1 resource provider aggregate not found
2026-05-09 02:47:07.430 8 INFO neutron.services.segments.plugin [-] Segment ebfda651-ebd0-4677-9ac7-44bc8201ebb1 resource provider aggregate not found
2026-05-09 02:47:07.444 8 INFO neutron.notifiers.nova [-] Nova event matching ['req-263437d7-5fd3-4c81-ab56-a225ffd0c3da'] response: {'server_uuid': '8b11b77b-292f-4978-8fa9-696667992402', 'name': 'network-vif-unplugged', 'status': 'completed', 'tag': '679d8145-ab9a-4175-b1b3-ac16bb666899', 'code': 200}
2026-05-09 02:47:07.444 8 INFO neutron.notifiers.nova [-] Nova event matching ['req-263437d7-5fd3-4c81-ab56-a225ffd0c3da'] response: {'server_uuid': '8b11b77b-292f-4978-8fa9-696667992402', 'name': 'network-vif-deleted', 'tag': '679d8145-ab9a-4175-b1b3-ac16bb666899', 'status': 'completed', 'code': 200}
2026-05-09 02:47:07.449 8 INFO neutron.services.segments.plugin [-] Segment ebfda651-ebd0-4677-9ac7-44bc8201ebb1 resource provider not found; error: Placement Client Error (4xx): {"errors": [{"status": 404, "title": "Not Found", "detail": "The resource could not be found.\n\n No resource provider with uuid ebfda651-ebd0-4677-9ac7-44bc8201ebb1 found for delete ", "request_id": "req-bb682170-973b-4cee-b29c-96f7c3ed7bf4"}]}
2026-05-09 02:47:07.451 8 INFO neutron.services.segments.plugin [-] Segment ebfda651-ebd0-4677-9ac7-44bc8201ebb1 resource provider not found; error: Placement Client Error (4xx): {"errors": [{"status": 404, "title": "Not Found", "detail": "The resource could not be found.\n\n No resource provider with uuid ebfda651-ebd0-4677-9ac7-44bc8201ebb1 found for delete ", "request_id": "req-41267c73-9452-4b7c-942b-bc95b09bfa7f"}]} [pid: 8|app: 0|req: 960/2039] 10.0.0.103 () {32 vars in 726 bytes} [Sat May 9 02:47:07 2026] DELETE /v2.0/networks/6c01f4d5-5148-4029-b208-d7a2c3802c2a => generated 0 bytes in 416 msecs (HTTP/1.1 204) 3 headers in 131 bytes (1 switches on core 0)
2026-05-09 02:47:07.579 7 INFO neutron.db.segments_db [None req-ce749248-6f56-46fd-8414-6a7cc023ddff 6fec7cf9edfd4eb8ac6c1680830fa722 5fd236bc8094493295a4cde1d8d3a007 - - default default] Added segment 5eb7e1c2-6f7d-4c92-b7b1-aec9b52db1d8 of type geneve for network 90fecc90-1b9e-43ef-a2a2-af28e15d2fbb
2026-05-09 02:47:07.702 7 INFO neutron.db.ovn_revision_numbers_db [None req-ce749248-6f56-46fd-8414-6a7cc023ddff 6fec7cf9edfd4eb8ac6c1680830fa722 5fd236bc8094493295a4cde1d8d3a007 - - default default] Successfully bumped revision number for resource 90fecc90-1b9e-43ef-a2a2-af28e15d2fbb (type: networks) to 1
2026-05-09 02:47:07.866 7 WARNING neutron.scheduler.dhcp_agent_scheduler [None req-ce749248-6f56-46fd-8414-6a7cc023ddff 6fec7cf9edfd4eb8ac6c1680830fa722 5fd236bc8094493295a4cde1d8d3a007 - - default default] No more DHCP agents
2026-05-09 02:47:07.867 7 WARNING neutron.api.rpc.agentnotifiers.dhcp_rpc_agent_api [None req-ce749248-6f56-46fd-8414-6a7cc023ddff 6fec7cf9edfd4eb8ac6c1680830fa722 5fd236bc8094493295a4cde1d8d3a007 - - default default] Unable to schedule network 90fecc90-1b9e-43ef-a2a2-af28e15d2fbb: no agents available; will retry on subsequent port and subnet creation events.
2026-05-09 02:47:07.916 8 INFO neutron.plugins.ml2.drivers.ovn.mech_driver.mech_driver [None req-55fb13a0-074e-42c7-aeb9-19b0bfc364b2 - - - - - -] OVN reports status down for port: 0f6604e4-8178-4bbd-9c5c-99197ac159f6
2026-05-09 02:47:07.943 7 INFO neutron.db.ovn_revision_numbers_db [None req-ce749248-6f56-46fd-8414-6a7cc023ddff 6fec7cf9edfd4eb8ac6c1680830fa722 5fd236bc8094493295a4cde1d8d3a007 - - default default] Successfully bumped revision number for resource 0f6604e4-8178-4bbd-9c5c-99197ac159f6 (type: ports) to 1 [pid: 7|app: 0|req: 1080/2040] 10.0.0.103 () {34 vars in 670 bytes} [Sat May 9 02:47:07 2026] POST /v2.0/networks => generated 631 bytes in 493 msecs (HTTP/1.1 201) 4 headers in 162 bytes (1 switches on core 0) [pid: 7|app: 0|req: 1081/2041] 10.0.0.23 () {34 vars in 989 bytes} [Sat May 9 02:47:08 2026] GET /v2.0/ports?device_id=8b11b77b-292f-4978-8fa9-696667992402 => generated 12 bytes in 22 msecs (HTTP/1.1 200) 4 headers in 156 bytes (1 switches on core 0)
2026-05-09 02:47:08.199 8 WARNING neutron.scheduler.dhcp_agent_scheduler [None req-987fd0ce-7e9b-430c-957e-fa2983b8e001 6fec7cf9edfd4eb8ac6c1680830fa722 5fd236bc8094493295a4cde1d8d3a007 - - default default] No more DHCP agents
2026-05-09 02:47:08.200 8 WARNING neutron.api.rpc.agentnotifiers.dhcp_rpc_agent_api [None req-987fd0ce-7e9b-430c-957e-fa2983b8e001 6fec7cf9edfd4eb8ac6c1680830fa722 5fd236bc8094493295a4cde1d8d3a007 - - default default] Unable to schedule network 90fecc90-1b9e-43ef-a2a2-af28e15d2fbb: no agents available; will retry on subsequent port and subnet creation events.
2026-05-09 02:47:08.648 8 INFO neutron.db.ovn_revision_numbers_db [None req-a81b3af1-813c-494d-b684-8e0f28fe9046 - - - - - -] Successfully bumped revision number for resource 0f6604e4-8178-4bbd-9c5c-99197ac159f6 (type: ports) to 2
2026-05-09 02:47:08.676 8 INFO neutron.db.ovn_revision_numbers_db [None req-a81b3af1-813c-494d-b684-8e0f28fe9046 - - - - - -] Successfully bumped revision number for resource f5adf93b-76ae-4597-bf32-76308e225d29 (type: subnets) to 0 [pid: 8|app: 0|req: 961/2044] 10.0.0.103 () {34 vars in 669 bytes} [Sat May 9 02:47:07 2026] POST /v2.0/subnets => generated 626 bytes in 719 msecs (HTTP/1.1 201) 4 headers in 162 bytes (1 switches on core 0)
2026-05-09 02:47:08.941 7 WARNING neutron.scheduler.dhcp_agent_scheduler [None req-503da147-100f-4441-9a50-63c1ff626a52 6fec7cf9edfd4eb8ac6c1680830fa722 5fd236bc8094493295a4cde1d8d3a007 - - default default] No more DHCP agents
2026-05-09 02:47:08.942 7 WARNING neutron.api.rpc.agentnotifiers.dhcp_rpc_agent_api [None req-503da147-100f-4441-9a50-63c1ff626a52 6fec7cf9edfd4eb8ac6c1680830fa722 5fd236bc8094493295a4cde1d8d3a007 - - default default] Unable to schedule network 90fecc90-1b9e-43ef-a2a2-af28e15d2fbb: no agents available; will retry on subsequent port and subnet creation events.
2026-05-09 02:47:09.063 7 INFO neutron.plugins.ml2.drivers.ovn.mech_driver.mech_driver [None req-7260884a-e1c2-4f86-969a-5cdb2262bb32 - - - - - -] OVN reports status down for port: 49bd012f-0d91-4a0a-9645-818ef48005d5
2026-05-09 02:47:09.117 7 INFO neutron.db.ovn_revision_numbers_db [None req-503da147-100f-4441-9a50-63c1ff626a52 6fec7cf9edfd4eb8ac6c1680830fa722 5fd236bc8094493295a4cde1d8d3a007 - - default default] Successfully bumped revision number for resource 49bd012f-0d91-4a0a-9645-818ef48005d5 (type: ports) to 1 [pid: 8|app: 0|req: 962/2045] 10.0.0.23 () {34 vars in 989 bytes} [Sat May 9 02:47:09 2026] GET /v2.0/ports?device_id=8b11b77b-292f-4978-8fa9-696667992402 => generated 12 bytes in 26 msecs (HTTP/1.1 200) 4 headers in 156 bytes (1 switches on core 0) [pid: 7|app: 0|req: 1084/2046] 10.0.0.103 () {34 vars in 665 bytes} [Sat May 9 02:47:08 2026] POST /v2.0/ports => generated 915 bytes in 511 msecs (HTTP/1.1 201) 4 headers in 162 bytes (1 switches on core 0)
2026-05-09 02:47:09.338 8 INFO neutron_taas.services.taas.taas_plugin [None req-790d8f94-b692-4ee2-a013-63aedd064194 6fec7cf9edfd4eb8ac6c1680830fa722 5fd236bc8094493295a4cde1d8d3a007 - - default default] TaaS: Handle Delete Port: 49bd012f-0d91-4a0a-9645-818ef48005d5
2026-05-09 02:47:09.341 8 INFO neutron_taas.services.taas.tap_mirror_plugin [None req-790d8f94-b692-4ee2-a013-63aedd064194 6fec7cf9edfd4eb8ac6c1680830fa722 5fd236bc8094493295a4cde1d8d3a007 - - default default] Tap Mirror: Handle Delete Port: 49bd012f-0d91-4a0a-9645-818ef48005d5 [pid: 8|app: 0|req: 963/2047] 10.0.0.103 () {32 vars in 720 bytes} [Sat May 9 02:47:09 2026] DELETE /v2.0/ports/49bd012f-0d91-4a0a-9645-818ef48005d5 => generated 0 bytes in 277 msecs (HTTP/1.1 204) 3 headers in 131 bytes (1 switches on core 0)
2026-05-09 02:47:09.513 7 INFO neutron.pecan_wsgi.hooks.translation [None req-c8fdec6b-46d6-4eae-a72e-c4597480e375 6fec7cf9edfd4eb8ac6c1680830fa722 5fd236bc8094493295a4cde1d8d3a007 - - default default] GET failed (client error): The resource could not be found. [pid: 7|app: 0|req: 1085/2048] 10.0.0.103 () {32 vars in 717 bytes} [Sat May 9 02:47:09 2026] GET /v2.0/ports/49bd012f-0d91-4a0a-9645-818ef48005d5 => generated 132 bytes in 18 msecs (HTTP/1.1 404) 4 headers in 164 bytes (1 switches on core 0) [pid: 8|app: 0|req: 964/2049] 10.0.0.103 () {32 vars in 724 bytes} [Sat May 9 02:47:09 2026] DELETE /v2.0/subnets/f5adf93b-76ae-4597-bf32-76308e225d29 => generated 0 bytes in 196 msecs (HTTP/1.1 204) 3 headers in 131 bytes (1 switches on core 0)
2026-05-09 02:47:09.832 7 INFO neutron_taas.services.taas.taas_plugin [None req-b734daf2-2827-4d65-a40a-b50703858f36 6fec7cf9edfd4eb8ac6c1680830fa722 5fd236bc8094493295a4cde1d8d3a007 - - default default] TaaS: Handle Delete Port: 0f6604e4-8178-4bbd-9c5c-99197ac159f6
2026-05-09 02:47:09.835 7 INFO neutron_taas.services.taas.tap_mirror_plugin [None req-b734daf2-2827-4d65-a40a-b50703858f36 6fec7cf9edfd4eb8ac6c1680830fa722 5fd236bc8094493295a4cde1d8d3a007 - - default default] Tap Mirror: Handle Delete Port: 0f6604e4-8178-4bbd-9c5c-99197ac159f6
2026-05-09 02:47:10.004 7 INFO neutron.services.segments.plugin [-] Segment 5eb7e1c2-6f7d-4c92-b7b1-aec9b52db1d8 resource provider aggregate not found
2026-05-09 02:47:10.008 7 INFO neutron.services.segments.plugin [-] Segment 5eb7e1c2-6f7d-4c92-b7b1-aec9b52db1d8 resource provider aggregate not found
2026-05-09 02:47:10.029 7 INFO neutron.services.segments.plugin [-] Segment 5eb7e1c2-6f7d-4c92-b7b1-aec9b52db1d8 resource provider not found; error: Placement Client Error (4xx): {"errors": [{"status": 404, "title": "Not Found", "detail": "The resource could not be found.\n\n No resource provider with uuid 5eb7e1c2-6f7d-4c92-b7b1-aec9b52db1d8 found for delete ", "request_id": "req-48174e54-1a72-439c-9adc-dbb411625686"}]}
2026-05-09 02:47:10.032 7 INFO neutron.services.segments.plugin [-] Segment 5eb7e1c2-6f7d-4c92-b7b1-aec9b52db1d8 resource provider not found; error: Placement Client Error (4xx): {"errors": [{"status": 404, "title": "Not Found", "detail": "The resource could not be found.\n\n No resource provider with uuid 5eb7e1c2-6f7d-4c92-b7b1-aec9b52db1d8 found for delete ", "request_id": "req-a588f62d-8432-4667-b1fe-02a6e96fc543"}]} [pid: 7|app: 0|req: 1086/2050] 10.0.0.103 () {32 vars in 726 bytes} [Sat May 9 02:47:09 2026] DELETE /v2.0/networks/90fecc90-1b9e-43ef-a2a2-af28e15d2fbb => generated 0 bytes in 334 msecs (HTTP/1.1 204) 3 headers in 131 bytes (1 switches on core 0)
2026-05-09 02:47:10.284 8 WARNING neutron.scheduler.dhcp_agent_scheduler [None req-dec42a35-e7fd-4272-b4c0-403c6c2eb0c9 6fec7cf9edfd4eb8ac6c1680830fa722 5fd236bc8094493295a4cde1d8d3a007 - - default default] No more DHCP agents
2026-05-09 02:47:10.285 8 WARNING neutron.api.rpc.agentnotifiers.dhcp_rpc_agent_api [None req-dec42a35-e7fd-4272-b4c0-403c6c2eb0c9 6fec7cf9edfd4eb8ac6c1680830fa722 5fd236bc8094493295a4cde1d8d3a007 - - default default] Unable to schedule network 82f47694-cf5a-442b-a229-467b8e58188f: no agents available; will retry on subsequent port and subnet creation events.
2026-05-09 02:47:10.351 7 INFO neutron.plugins.ml2.drivers.ovn.mech_driver.mech_driver [None req-7260884a-e1c2-4f86-969a-5cdb2262bb32 - - - - - -] OVN reports status down for port: e989ff35-1503-4f9a-babb-2d85f5ec3be1
2026-05-09 02:47:10.354 8 INFO neutron.db.ovn_revision_numbers_db [None req-dec42a35-e7fd-4272-b4c0-403c6c2eb0c9 6fec7cf9edfd4eb8ac6c1680830fa722 5fd236bc8094493295a4cde1d8d3a007 - - default default] Successfully bumped revision number for resource e989ff35-1503-4f9a-babb-2d85f5ec3be1 (type: ports) to 1 [pid: 8|app: 0|req: 965/2051] 10.0.0.103 () {34 vars in 665 bytes} [Sat May 9 02:47:10 2026] POST /v2.0/ports => generated 775 bytes in 354 msecs (HTTP/1.1 201) 4 headers in 162 bytes (1 switches on core 0) /var/lib/openstack/lib/python3.12/site-packages/pycadf/identifier.py:70: UserWarning: Invalid uuid: neutron. To ensure interoperability, identifiers should be a valid uuid. warnings.warn(('Invalid uuid: %s. To ensure interoperability, ' [pid: 7|app: 0|req: 1087/2052] 10.0.0.103 () {32 vars in 740 bytes} [Sat May 9 02:47:10 2026] DELETE /v2.0/security-groups/45204785-6f58-4bfe-9d50-c570c5a35ca2 => generated 0 bytes in 227 msecs (HTTP/1.1 204) 2 headers in 112 bytes (1 switches on core 0)
2026-05-09 02:47:10.592 7 INFO neutron_taas.services.taas.taas_plugin [None req-2c37c845-87bd-42ce-9670-81a74f1a5f9f 465aae515f7a425d9ff6bcfe1ee63a3f 27c68352f53f4b368e886b8ff6b1a214 - - default default] TaaS: Handle Delete Port: 400b6883-446e-4d7a-b349-2e23c6e13a6f
2026-05-09 02:47:10.594 7 INFO neutron_taas.services.taas.tap_mirror_plugin [None req-2c37c845-87bd-42ce-9670-81a74f1a5f9f 465aae515f7a425d9ff6bcfe1ee63a3f 27c68352f53f4b368e886b8ff6b1a214 - - default default] Tap Mirror: Handle Delete Port: 400b6883-446e-4d7a-b349-2e23c6e13a6f
2026-05-09 02:47:10.645 7 INFO neutron.plugins.ml2.drivers.ovn.mech_driver.mech_driver [None req-7260884a-e1c2-4f86-969a-5cdb2262bb32 - - - - - -] OVN reports status down for port: e989ff35-1503-4f9a-babb-2d85f5ec3be1
2026-05-09 02:47:10.649 8 INFO neutron.db.ovn_revision_numbers_db [None req-33f86920-75ca-448f-9f7b-66aa6e2ac433 6fec7cf9edfd4eb8ac6c1680830fa722 5fd236bc8094493295a4cde1d8d3a007 - - default default] Successfully bumped revision number for resource e989ff35-1503-4f9a-babb-2d85f5ec3be1 (type: ports) to 2 [pid: 8|app: 0|req: 966/2053] 10.0.0.103 () {34 vars in 737 bytes} [Sat May 9 02:47:10 2026] PUT /v2.0/ports/e989ff35-1503-4f9a-babb-2d85f5ec3be1 => generated 752 bytes in 247 msecs (HTTP/1.1 200) 4 headers in 157 bytes (1 switches on core 0) /var/lib/openstack/lib/python3.12/site-packages/pycadf/identifier.py:70: UserWarning: Invalid uuid: neutron. To ensure interoperability, identifiers should be a valid uuid. warnings.warn(('Invalid uuid: %s. To ensure interoperability, '
2026-05-09 02:47:10.803 8 INFO neutron_taas.services.taas.taas_plugin [None req-a5bdf2fd-91e7-423c-9315-309d11604ae0 6fec7cf9edfd4eb8ac6c1680830fa722 5fd236bc8094493295a4cde1d8d3a007 - - default default] TaaS: Handle Delete Port: e989ff35-1503-4f9a-babb-2d85f5ec3be1
2026-05-09 02:47:10.806 8 INFO neutron_taas.services.taas.tap_mirror_plugin [None req-a5bdf2fd-91e7-423c-9315-309d11604ae0 6fec7cf9edfd4eb8ac6c1680830fa722 5fd236bc8094493295a4cde1d8d3a007 - - default default] Tap Mirror: Handle Delete Port: e989ff35-1503-4f9a-babb-2d85f5ec3be1 [pid: 7|app: 0|req: 1088/2054] 10.0.0.103 () {32 vars in 732 bytes} [Sat May 9 02:47:10 2026] DELETE /v2.0/floatingips/3e8385be-fd72-46a5-b167-0f3887d9faec => generated 0 bytes in 343 msecs (HTTP/1.1 204) 2 headers in 112 bytes (1 switches on core 0) [pid: 8|app: 0|req: 967/2055] 10.0.0.103 () {32 vars in 720 bytes} [Sat May 9 02:47:10 2026] DELETE /v2.0/ports/e989ff35-1503-4f9a-babb-2d85f5ec3be1 => generated 0 bytes in 238 msecs (HTTP/1.1 204) 3 headers in 131 bytes (1 switches on core 0) [pid: 7|app: 0|req: 1089/2056] 10.0.0.103 () {32 vars in 643 bytes} [Sat May 9 02:47:10 2026] GET /v2.0/ports => generated 1534 bytes in 77 msecs (HTTP/1.1 200) 4 headers in 158 bytes (1 switches on core 0) [pid: 8|app: 0|req: 968/2057] 10.0.0.23 () {34 vars in 989 bytes} [Sat May 9 02:47:10 2026] GET /v2.0/ports?device_id=8282d827-c1b0-4564-8632-7c8f561d2b18 => generated 975 bytes in 73 msecs (HTTP/1.1 200) 4 headers in 157 bytes (1 switches on core 0)
2026-05-09 02:47:11.012 7 INFO neutron.pecan_wsgi.hooks.translation [None req-7bb72a40-1ee4-4c67-b274-c8c1804627ae 6fec7cf9edfd4eb8ac6c1680830fa722 5fd236bc8094493295a4cde1d8d3a007 - - default default] GET failed (client error): The resource could not be found. [pid: 7|app: 0|req: 1090/2058] 10.0.0.103 () {32 vars in 717 bytes} [Sat May 9 02:47:10 2026] GET /v2.0/ports/e989ff35-1503-4f9a-babb-2d85f5ec3be1 => generated 132 bytes in 15 msecs (HTTP/1.1 404) 4 headers in 164 bytes (1 switches on core 0) [pid: 8|app: 0|req: 969/2059] 10.0.0.23 () {34 vars in 1039 bytes} [Sat May 9 02:47:11 2026] GET /v2.0/security-groups?id=502b9c30-e13c-40fc-9f57-9e3f96534e75&fields=id&fields=name => generated 114 bytes in 29 msecs (HTTP/1.1 200) 4 headers in 157 bytes (1 switches on core 0) [pid: 7|app: 0|req: 1091/2060] 10.0.0.103 () {32 vars in 643 bytes} [Sat May 9 02:47:11 2026] GET /v2.0/ports => generated 1534 bytes in 43 msecs (HTTP/1.1 200) 4 headers in 158 bytes (1 switches on core 0) [pid: 8|app: 0|req: 970/2061] 10.0.0.103 () {32 vars in 717 bytes} [Sat May 9 02:47:11 2026] GET /v2.0/ports/25802957-8d7f-46ea-9c55-25f7bda99692 => generated 775 bytes in 30 msecs (HTTP/1.1 200) 4 headers in 157 bytes (1 switches on core 0)
2026-05-09 02:47:11.127 7 INFO neutron.pecan_wsgi.hooks.translation [None req-fe02e73d-9708-4f7a-891e-b4db5d03a168 6fec7cf9edfd4eb8ac6c1680830fa722 5fd236bc8094493295a4cde1d8d3a007 - - default default] DELETE failed (client error): The resource could not be found. [pid: 7|app: 0|req: 1092/2062] 10.0.0.103 () {32 vars in 720 bytes} [Sat May 9 02:47:11 2026] DELETE /v2.0/ports/49bd012f-0d91-4a0a-9645-818ef48005d5 => generated 132 bytes in 19 msecs (HTTP/1.1 404) 4 headers in 164 bytes (1 switches on core 0)
2026-05-09 02:47:11.142 8 INFO neutron.pecan_wsgi.hooks.translation [None req-7dc5b918-dab2-4b71-8fc7-3d91748c2cfd 6fec7cf9edfd4eb8ac6c1680830fa722 5fd236bc8094493295a4cde1d8d3a007 - - default default] DELETE failed (client error): The resource could not be found. [pid: 8|app: 0|req: 971/2063] 10.0.0.103 () {32 vars in 724 bytes} [Sat May 9 02:47:11 2026] DELETE /v2.0/subnets/f5adf93b-76ae-4597-bf32-76308e225d29 => generated 136 bytes in 10 msecs (HTTP/1.1 404) 4 headers in 164 bytes (1 switches on core 0)
2026-05-09 02:47:11.161 7 INFO neutron.pecan_wsgi.hooks.translation [None req-00dbf3c0-d24b-4862-8440-bb1a744d648c 6fec7cf9edfd4eb8ac6c1680830fa722 5fd236bc8094493295a4cde1d8d3a007 - - default default] DELETE failed (client error): The resource could not be found. [pid: 7|app: 0|req: 1093/2064] 10.0.0.103 () {32 vars in 724 bytes} [Sat May 9 02:47:11 2026] DELETE /v2.0/subnets/68451fb1-cdc6-42e4-bc0d-68360676d524 => generated 136 bytes in 15 msecs (HTTP/1.1 404) 4 headers in 164 bytes (1 switches on core 0)
2026-05-09 02:47:11.288 8 INFO neutron_taas.services.taas.taas_plugin [None req-d0b9b6b3-24a6-4ebe-9c96-d76081acfad0 6fec7cf9edfd4eb8ac6c1680830fa722 5fd236bc8094493295a4cde1d8d3a007 - - default default] TaaS: Handle Delete Port: 25802957-8d7f-46ea-9c55-25f7bda99692
2026-05-09 02:47:11.291 8 INFO neutron_taas.services.taas.tap_mirror_plugin [None req-d0b9b6b3-24a6-4ebe-9c96-d76081acfad0 6fec7cf9edfd4eb8ac6c1680830fa722 5fd236bc8094493295a4cde1d8d3a007 - - default default] Tap Mirror: Handle Delete Port: 25802957-8d7f-46ea-9c55-25f7bda99692 [pid: 8|app: 0|req: 972/2065] 10.0.0.103 () {32 vars in 720 bytes} [Sat May 9 02:47:11 2026] DELETE /v2.0/ports/25802957-8d7f-46ea-9c55-25f7bda99692 => generated 0 bytes in 237 msecs (HTTP/1.1 204) 3 headers in 131 bytes (1 switches on core 0)
2026-05-09 02:47:11.526 7 INFO neutron_taas.services.taas.taas_plugin [None req-2058b83d-cc40-4aaf-9473-c9fe64c6d8db 6fec7cf9edfd4eb8ac6c1680830fa722 5fd236bc8094493295a4cde1d8d3a007 - - default default] TaaS: Handle Delete Port: 5cac2ee3-a031-4b52-b5ad-4799433d0e47
2026-05-09 02:47:11.528 7 INFO neutron_taas.services.taas.tap_mirror_plugin [None req-2058b83d-cc40-4aaf-9473-c9fe64c6d8db 6fec7cf9edfd4eb8ac6c1680830fa722 5fd236bc8094493295a4cde1d8d3a007 - - default default] Tap Mirror: Handle Delete Port: 5cac2ee3-a031-4b52-b5ad-4799433d0e47 [pid: 7|app: 0|req: 1094/2066] 10.0.0.103 () {32 vars in 726 bytes} [Sat May 9 02:47:11 2026] DELETE /v2.0/networks/82f47694-cf5a-442b-a229-467b8e58188f => generated 0 bytes in 327 msecs (HTTP/1.1 204) 3 headers in 131 bytes (1 switches on core 0)
2026-05-09 02:47:12.003 8 INFO neutron.plugins.ml2.drivers.ovn.mech_driver.mech_driver [None req-55fb13a0-074e-42c7-aeb9-19b0bfc364b2 - - - - - -] OVN reports status down for port: 0ee27626-3169-4ae5-8294-521c3fc0cc7e
2026-05-09 02:47:12.052 7 INFO neutron.services.segments.plugin [-] Segment 02348d56-8cfc-4a81-b8bb-6deaf07e2e94 resource provider aggregate not found
2026-05-09 02:47:12.068 7 INFO neutron.services.segments.plugin [-] Segment 02348d56-8cfc-4a81-b8bb-6deaf07e2e94 resource provider aggregate not found
2026-05-09 02:47:12.075 7 INFO neutron.services.segments.plugin [-] Segment 02348d56-8cfc-4a81-b8bb-6deaf07e2e94 resource provider not found; error: Placement Client Error (4xx): {"errors": [{"status": 404, "title": "Not Found", "detail": "The resource could not be found.\n\n No resource provider with uuid 02348d56-8cfc-4a81-b8bb-6deaf07e2e94 found for delete ", "request_id": "req-62af0108-3c42-4534-8fb4-b4bad9b36bfc"}]}
2026-05-09 02:47:12.092 7 INFO neutron.services.segments.plugin [-] Segment 02348d56-8cfc-4a81-b8bb-6deaf07e2e94 resource provider not found; error: Placement Client Error (4xx): {"errors": [{"status": 404, "title": "Not Found", "detail": "The resource could not be found.\n\n No resource provider with uuid 02348d56-8cfc-4a81-b8bb-6deaf07e2e94 found for delete ", "request_id": "req-2e443992-2bd7-45f8-be7d-ca0ce8e78342"}]}
2026-05-09 02:47:12.152 8 INFO neutron.notifiers.nova [-] Nova event matching ['req-866cdc31-6ffb-4ae3-b89a-f49ecf589aec'] response: {'server_uuid': '8282d827-c1b0-4564-8632-7c8f561d2b18', 'name': 'network-vif-unplugged', 'status': 'completed', 'tag': '0ee27626-3169-4ae5-8294-521c3fc0cc7e', 'code': 200} [pid: 8|app: 0|req: 973/2067] 10.0.0.23 () {34 vars in 989 bytes} [Sat May 9 02:47:12 2026] GET /v2.0/ports?device_id=8282d827-c1b0-4564-8632-7c8f561d2b18 => generated 973 bytes in 70 msecs (HTTP/1.1 200) 4 headers in 157 bytes (1 switches on core 0) [pid: 7|app: 0|req: 1095/2068] 10.0.0.23 () {34 vars in 1039 bytes} [Sat May 9 02:47:12 2026] GET /v2.0/security-groups?id=502b9c30-e13c-40fc-9f57-9e3f96534e75&fields=id&fields=name => generated 114 bytes in 32 msecs (HTTP/1.1 200) 4 headers in 157 bytes (1 switches on core 0)
2026-05-09 02:47:12.309 8 INFO neutron.db.ovn_revision_numbers_db [None req-55fb13a0-074e-42c7-aeb9-19b0bfc364b2 - - - - - -] Successfully bumped revision number for resource 0ee27626-3169-4ae5-8294-521c3fc0cc7e (type: ports) to 6 /var/lib/openstack/lib/python3.12/site-packages/pycadf/identifier.py:70: UserWarning: Invalid uuid: neutron. To ensure interoperability, identifiers should be a valid uuid. warnings.warn(('Invalid uuid: %s. To ensure interoperability, ' [pid: 8|app: 0|req: 974/2069] 10.0.0.103 () {32 vars in 774 bytes} [Sat May 9 02:47:12 2026] GET /v2.0/security-groups?tenant_id=5fd236bc8094493295a4cde1d8d3a007&name=default => generated 2925 bytes in 198 msecs (HTTP/1.1 200) 4 headers in 158 bytes (1 switches on core 0) [pid: 7|app: 0|req: 1096/2070] 10.0.0.103 () {32 vars in 740 bytes} [Sat May 9 02:47:12 2026] DELETE /v2.0/security-groups/a57967b9-9d70-4a02-8c86-1e971c1774be => generated 0 bytes in 270 msecs (HTTP/1.1 204) 2 headers in 112 bytes (1 switches on core 0) [pid: 8|app: 0|req: 975/2071] 199.204.45.44 () {34 vars in 993 bytes} [Sat May 9 02:47:13 2026] GET /v2.0/ports?device_id=8282d827-c1b0-4564-8632-7c8f561d2b18 => generated 973 bytes in 36 msecs (HTTP/1.1 200) 4 headers in 157 bytes (1 switches on core 0) [pid: 8|app: 0|req: 976/2072] 10.0.0.23 () {34 vars in 989 bytes} [Sat May 9 02:47:13 2026] GET /v2.0/ports?device_id=8282d827-c1b0-4564-8632-7c8f561d2b18 => generated 973 bytes in 36 msecs (HTTP/1.1 200) 4 headers in 157 bytes (1 switches on core 0) [pid: 8|app: 0|req: 977/2073] 10.0.0.23 () {34 vars in 1039 bytes} [Sat May 9 02:47:13 2026] GET /v2.0/security-groups?id=502b9c30-e13c-40fc-9f57-9e3f96534e75&fields=id&fields=name => generated 114 bytes in 43 msecs (HTTP/1.1 200) 4 headers in 157 bytes (1 switches on core 0)
2026-05-09 02:47:13.458 7 INFO neutron_taas.services.taas.taas_plugin [req-77089dea-0321-4af8-ae54-8a0fd9376ce9 req-5769940b-fda7-47c3-97be-9fef4b518ce2 465aae515f7a425d9ff6bcfe1ee63a3f 27c68352f53f4b368e886b8ff6b1a214 - - default default] TaaS: Handle Delete Port: 0ee27626-3169-4ae5-8294-521c3fc0cc7e
2026-05-09 02:47:13.461 7 INFO neutron_taas.services.taas.tap_mirror_plugin [req-77089dea-0321-4af8-ae54-8a0fd9376ce9 req-5769940b-fda7-47c3-97be-9fef4b518ce2 465aae515f7a425d9ff6bcfe1ee63a3f 27c68352f53f4b368e886b8ff6b1a214 - - default default] Tap Mirror: Handle Delete Port: 0ee27626-3169-4ae5-8294-521c3fc0cc7e [pid: 7|app: 0|req: 1097/2074] 199.204.45.44 () {36 vars in 996 bytes} [Sat May 9 02:47:13 2026] DELETE /v2.0/ports/0ee27626-3169-4ae5-8294-521c3fc0cc7e => generated 0 bytes in 368 msecs (HTTP/1.1 204) 3 headers in 131 bytes (1 switches on core 0)
2026-05-09 02:47:13.627 7 INFO neutron.notifiers.nova [-] Nova event matching ['req-7887fdde-e785-485c-a505-d9dafdc66312'] response: {'server_uuid': '8282d827-c1b0-4564-8632-7c8f561d2b18', 'name': 'network-vif-deleted', 'tag': '0ee27626-3169-4ae5-8294-521c3fc0cc7e', 'status': 'completed', 'code': 200}
2026-05-09 02:47:14.197 8 INFO neutron.notifiers.nova [-] Nova event matching ['req-40ff58d8-43a5-4093-a728-79cbc861a61a'] response: {'server_uuid': '8282d827-c1b0-4564-8632-7c8f561d2b18', 'name': 'network-vif-unplugged', 'status': 'completed', 'tag': '0ee27626-3169-4ae5-8294-521c3fc0cc7e', 'code': 200} [pid: 7|app: 0|req: 1098/2075] 10.0.0.23 () {34 vars in 989 bytes} [Sat May 9 02:47:14 2026] GET /v2.0/ports?device_id=8282d827-c1b0-4564-8632-7c8f561d2b18 => generated 12 bytes in 33 msecs (HTTP/1.1 200) 4 headers in 156 bytes (1 switches on core 0)
2026-05-09 02:47:14.735 8 INFO neutron.db.ovn_revision_numbers_db [None req-fbf68611-f1f5-4734-ae1b-642918628a58 58413248852647f1b311a394763f7f0a b2d16944125c400987a843ac598259e9 - - default default] Successfully bumped revision number for resource 3326a50a-07c9-477a-a5c0-cc7e13ee2972 (type: security_groups) to 1
2026-05-09 02:47:14.747 8 INFO neutron.db.ovn_revision_numbers_db [None req-fbf68611-f1f5-4734-ae1b-642918628a58 58413248852647f1b311a394763f7f0a b2d16944125c400987a843ac598259e9 - - default default] Successfully bumped revision number for resource 5ddfb32e-deb6-41a8-9e49-cf7c5a40f120 (type: security_group_rules) to 0
2026-05-09 02:47:14.760 8 INFO neutron.db.ovn_revision_numbers_db [None req-fbf68611-f1f5-4734-ae1b-642918628a58 58413248852647f1b311a394763f7f0a b2d16944125c400987a843ac598259e9 - - default default] Successfully bumped revision number for resource 658f3953-5520-424e-9bd2-db3147c42089 (type: security_group_rules) to 0
2026-05-09 02:47:14.774 8 INFO neutron.db.ovn_revision_numbers_db [None req-fbf68611-f1f5-4734-ae1b-642918628a58 58413248852647f1b311a394763f7f0a b2d16944125c400987a843ac598259e9 - - default default] Successfully bumped revision number for resource 80672cad-9e25-4dc5-a3b1-85bed3b0ec8a (type: security_group_rules) to 0
2026-05-09 02:47:14.786 8 INFO neutron.db.ovn_revision_numbers_db [None req-fbf68611-f1f5-4734-ae1b-642918628a58 58413248852647f1b311a394763f7f0a b2d16944125c400987a843ac598259e9 - - default default] Successfully bumped revision number for resource ff20b1f7-4e77-4c20-8fed-4c1f732cc71b (type: security_group_rules) to 0
2026-05-09 02:47:14.874 8 INFO neutron.db.segments_db [None req-fbf68611-f1f5-4734-ae1b-642918628a58 58413248852647f1b311a394763f7f0a b2d16944125c400987a843ac598259e9 - - default default] Added segment 95d21fe4-3add-4103-8185-31aec642f74c of type geneve for network 7a3a6564-d661-4463-ae88-2e6040b726f4
