2026-05-08 00:35:19.706 7 INFO neutron.db.ovn_revision_numbers_db [None req-1ff9e2b5-0af0-4f4f-bcd1-62d64621acec 334eba75b6ad49818fb9a3ff87075921 cadce71f380944e2a5a96fd8b4a78c6f - - default default] Successfully bumped revision number for resource 7bc7efe2-e29d-403c-a539-f78047705430 (type: security_group_rules) to 0
2026-05-08 00:35:19.707 8 INFO neutron.db.ovn_revision_numbers_db [None req-275fa3dc-b760-43af-915c-5d6ee557b001 334eba75b6ad49818fb9a3ff87075921 cadce71f380944e2a5a96fd8b4a78c6f - - default default] Successfully bumped revision number for resource b6a64f99-ea30-44ca-90d1-34fac56b0ad3 (type: security_groups) to 1
2026-05-08 00:35:19.718 7 INFO neutron.db.ovn_revision_numbers_db [None req-1ff9e2b5-0af0-4f4f-bcd1-62d64621acec 334eba75b6ad49818fb9a3ff87075921 cadce71f380944e2a5a96fd8b4a78c6f - - default default] Successfully bumped revision number for resource 827234d1-4cf7-4147-9d11-8a2c6c1fd313 (type: security_group_rules) to 0
2026-05-08 00:35:19.721 8 INFO neutron.db.ovn_revision_numbers_db [None req-275fa3dc-b760-43af-915c-5d6ee557b001 334eba75b6ad49818fb9a3ff87075921 cadce71f380944e2a5a96fd8b4a78c6f - - default default] Successfully bumped revision number for resource 1f4a4e00-dd01-48db-a826-ddac39716ad4 (type: security_group_rules) to 0
2026-05-08 00:35:19.731 7 INFO neutron.db.ovn_revision_numbers_db [None req-1ff9e2b5-0af0-4f4f-bcd1-62d64621acec 334eba75b6ad49818fb9a3ff87075921 cadce71f380944e2a5a96fd8b4a78c6f - - default default] Successfully bumped revision number for resource 9fa913f1-9db8-4a34-81af-af20ecf7c959 (type: security_group_rules) to 0
2026-05-08 00:35:19.736 8 INFO neutron.db.ovn_revision_numbers_db [None req-275fa3dc-b760-43af-915c-5d6ee557b001 334eba75b6ad49818fb9a3ff87075921 cadce71f380944e2a5a96fd8b4a78c6f - - default default] Successfully bumped revision number for resource 4fc54279-c827-4a69-aec3-ae4ed6eae983 (type: security_group_rules) to 0
2026-05-08 00:35:19.746 8 INFO neutron.db.ovn_revision_numbers_db [None req-275fa3dc-b760-43af-915c-5d6ee557b001 334eba75b6ad49818fb9a3ff87075921 cadce71f380944e2a5a96fd8b4a78c6f - - default default] Successfully bumped revision number for resource cd1f044c-38b8-4e0f-96e6-2fff64f094f2 (type: security_group_rules) to 0
2026-05-08 00:35:19.757 8 INFO neutron.db.ovn_revision_numbers_db [None req-275fa3dc-b760-43af-915c-5d6ee557b001 334eba75b6ad49818fb9a3ff87075921 cadce71f380944e2a5a96fd8b4a78c6f - - default default] Successfully bumped revision number for resource eb339838-188d-4ef4-8396-4c25fe929354 (type: security_group_rules) to 0 [pid: 7|app: 0|req: 653/1300] 10.0.0.94 () {32 vars in 773 bytes} [Fri May 8 00:35:19 2026] GET /v2.0/security-groups?tenant_id=d255b3751cf04a94a272e087e3e5dbc0&name=default => generated 2925 bytes in 360 msecs (HTTP/1.1 200) 4 headers in 158 bytes (1 switches on core 0) [pid: 8|app: 0|req: 648/1301] 10.0.0.94 () {32 vars in 773 bytes} [Fri May 8 00:35:19 2026] GET /v2.0/security-groups?tenant_id=a2d2f5fd741e4eb99402dfa772d2de0f&name=default => generated 2925 bytes in 379 msecs (HTTP/1.1 200) 4 headers in 158 bytes (1 switches on core 0) [pid: 7|app: 0|req: 654/1302] 199.19.213.213 () {34 vars in 986 bytes} [Fri May 8 00:35:19 2026] GET /v2.0/networks?id=9e6c189a-5c5f-4a08-b775-985af30fffdd => generated 817 bytes in 46 msecs (HTTP/1.1 200) 4 headers in 157 bytes (1 switches on core 0) [pid: 8|app: 0|req: 649/1303] 10.0.0.94 () {32 vars in 739 bytes} [Fri May 8 00:35:19 2026] DELETE /v2.0/security-groups/35f81b68-468f-4b51-9650-02e47844ec94 => generated 0 bytes in 260 msecs (HTTP/1.1 204) 2 headers in 112 bytes (1 switches on core 0) [pid: 7|app: 0|req: 655/1304] 10.0.0.94 () {32 vars in 739 bytes} [Fri May 8 00:35:19 2026] DELETE /v2.0/security-groups/b6a64f99-ea30-44ca-90d1-34fac56b0ad3 => generated 0 bytes in 264 msecs (HTTP/1.1 204) 2 headers in 112 bytes (1 switches on core 0) [pid: 8|app: 0|req: 650/1305] 199.19.213.213 () {34 vars in 1058 bytes} [Fri May 8 00:35:20 2026] GET /v2.0/floatingips?fixed_ip_address=10.100.0.6&port_id=0057ef07-5641-48c5-8cd8-8a30370bc8f1 => generated 858 bytes in 34 msecs (HTTP/1.1 200) 4 headers in 157 bytes (1 switches on core 0) [pid: 7|app: 0|req: 656/1306] 199.19.213.213 () {34 vars in 984 bytes} [Fri May 8 00:35:20 2026] GET /v2.0/subnets?id=32e3858d-804e-442c-9428-97eff3240bc8 => generated 698 bytes in 22 msecs (HTTP/1.1 200) 4 headers in 157 bytes (1 switches on core 0) [pid: 8|app: 0|req: 651/1307] 199.19.213.213 () {34 vars in 1052 bytes} [Fri May 8 00:35:20 2026] GET /v2.0/ports?network_id=9e6c189a-5c5f-4a08-b775-985af30fffdd&device_owner=network%3Adhcp => generated 12 bytes in 18 msecs (HTTP/1.1 200) 4 headers in 156 bytes (1 switches on core 0) [pid: 7|app: 0|req: 657/1308] 199.19.213.213 () {34 vars in 1012 bytes} [Fri May 8 00:35:20 2026] GET /v2.0/networks/9e6c189a-5c5f-4a08-b775-985af30fffdd?fields=segments => generated 14 bytes in 45 msecs (HTTP/1.1 200) 4 headers in 156 bytes (1 switches on core 0) [pid: 7|app: 0|req: 658/1309] 199.19.213.213 () {34 vars in 1112 bytes} [Fri May 8 00:35:20 2026] GET /v2.0/networks/9e6c189a-5c5f-4a08-b775-985af30fffdd?fields=provider%3Aphysical_network&fields=provider%3Anetwork_type => generated 79 bytes in 42 msecs (HTTP/1.1 200) 4 headers in 156 bytes (1 switches on core 0)
2026-05-08 00:35:20.319 8 INFO neutron.db.ovn_revision_numbers_db [None req-fb2aec06-209c-433d-bfa1-d09bb866385d 334eba75b6ad49818fb9a3ff87075921 cadce71f380944e2a5a96fd8b4a78c6f - - default default] Successfully bumped revision number for resource b6a0c437-8cda-4da8-becd-29f7c36b197f (type: security_groups) to 1
2026-05-08 00:35:20.329 8 INFO neutron.db.ovn_revision_numbers_db [None req-fb2aec06-209c-433d-bfa1-d09bb866385d 334eba75b6ad49818fb9a3ff87075921 cadce71f380944e2a5a96fd8b4a78c6f - - default default] Successfully bumped revision number for resource 04f428ce-42d0-4f26-9465-428747eece77 (type: security_group_rules) to 0
2026-05-08 00:35:20.339 8 INFO neutron.db.ovn_revision_numbers_db [None req-fb2aec06-209c-433d-bfa1-d09bb866385d 334eba75b6ad49818fb9a3ff87075921 cadce71f380944e2a5a96fd8b4a78c6f - - default default] Successfully bumped revision number for resource 997c584a-0275-4133-ad83-22e12d1d0775 (type: security_group_rules) to 0
2026-05-08 00:35:20.350 8 INFO neutron.db.ovn_revision_numbers_db [None req-fb2aec06-209c-433d-bfa1-d09bb866385d 334eba75b6ad49818fb9a3ff87075921 cadce71f380944e2a5a96fd8b4a78c6f - - default default] Successfully bumped revision number for resource a299e6fb-c77e-4686-944a-cb9abd4fef71 (type: security_group_rules) to 0
2026-05-08 00:35:20.360 8 INFO neutron.db.ovn_revision_numbers_db [None req-fb2aec06-209c-433d-bfa1-d09bb866385d 334eba75b6ad49818fb9a3ff87075921 cadce71f380944e2a5a96fd8b4a78c6f - - default default] Successfully bumped revision number for resource eea51caa-ea06-47fa-a8bc-6a9728dbac3d (type: security_group_rules) to 0 [pid: 7|app: 0|req: 659/1310] 199.19.213.213 () {34 vars in 994 bytes} [Fri May 8 00:35:20 2026] GET /v2.0/ports?device_id=4e633c20-60a6-4bdb-8c20-bd28190c3b47 => generated 969 bytes in 33 msecs (HTTP/1.1 200) 4 headers in 157 bytes (1 switches on core 0) [pid: 8|app: 0|req: 652/1311] 10.0.0.94 () {32 vars in 773 bytes} [Fri May 8 00:35:20 2026] GET /v2.0/security-groups?tenant_id=c1990e9b3563492aaec5bf7cbd30311a&name=default => generated 2925 bytes in 180 msecs (HTTP/1.1 200) 4 headers in 158 bytes (1 switches on core 0)
2026-05-08 00:35:20.532 7 INFO neutron_taas.services.taas.taas_plugin [req-8682a1f0-5308-4877-adda-5f037830a4d2 req-81c78a3a-d9bd-4136-8f4e-3ccb605d2505 9da6ac31c0384ee6ad14c368083f8d1f 0e2d41c5261f44b2a28dc3ffa420f554 - - default default] TaaS: Handle Delete Port: 0057ef07-5641-48c5-8cd8-8a30370bc8f1
2026-05-08 00:35:20.535 7 INFO neutron_taas.services.taas.tap_mirror_plugin [req-8682a1f0-5308-4877-adda-5f037830a4d2 req-81c78a3a-d9bd-4136-8f4e-3ccb605d2505 9da6ac31c0384ee6ad14c368083f8d1f 0e2d41c5261f44b2a28dc3ffa420f554 - - default default] Tap Mirror: Handle Delete Port: 0057ef07-5641-48c5-8cd8-8a30370bc8f1 [pid: 8|app: 0|req: 653/1312] 10.0.0.94 () {32 vars in 739 bytes} [Fri May 8 00:35:20 2026] DELETE /v2.0/security-groups/b6a0c437-8cda-4da8-becd-29f7c36b197f => generated 0 bytes in 181 msecs (HTTP/1.1 204) 2 headers in 112 bytes (1 switches on core 0) [pid: 8|app: 0|req: 654/1313] 10.0.0.13 () {34 vars in 989 bytes} [Fri May 8 00:35:20 2026] GET /v2.0/ports?device_id=4e633c20-60a6-4bdb-8c20-bd28190c3b47 => generated 969 bytes in 64 msecs (HTTP/1.1 200) 4 headers in 157 bytes (1 switches on core 0) [pid: 8|app: 0|req: 655/1314] 10.0.0.13 () {34 vars in 1039 bytes} [Fri May 8 00:35:20 2026] GET /v2.0/security-groups?id=6d6ecf48-4b2a-43a7-afa7-b33b5532efc0&fields=id&fields=name => generated 113 bytes in 27 msecs (HTTP/1.1 200) 4 headers in 157 bytes (1 switches on core 0)
2026-05-08 00:35:20.789 7 INFO neutron.db.l3_db [req-8682a1f0-5308-4877-adda-5f037830a4d2 req-81c78a3a-d9bd-4136-8f4e-3ccb605d2505 9da6ac31c0384ee6ad14c368083f8d1f 0e2d41c5261f44b2a28dc3ffa420f554 - - default default] Floating IP 0d140dbb-8816-48d6-a36b-cd8db4bc342d disassociated. External IP: 10.96.250.207, port: 0057ef07-5641-48c5-8cd8-8a30370bc8f1.
2026-05-08 00:35:20.880 8 INFO neutron.notifiers.nova [-] Nova event matching ['req-d9f559e2-d0c2-41da-872a-9f1a60e7e360'] response: {'server_uuid': '4e633c20-60a6-4bdb-8c20-bd28190c3b47', 'name': 'network-vif-unplugged', 'status': 'completed', 'tag': '0057ef07-5641-48c5-8cd8-8a30370bc8f1', 'code': 200}
2026-05-08 00:35:20.881 8 INFO neutron.notifiers.nova [-] Nova event matching ['req-d9f559e2-d0c2-41da-872a-9f1a60e7e360'] response: {'server_uuid': '4e633c20-60a6-4bdb-8c20-bd28190c3b47', 'name': 'network-vif-unplugged', 'status': 'completed', 'tag': '0057ef07-5641-48c5-8cd8-8a30370bc8f1', 'code': 200} [pid: 7|app: 0|req: 660/1315] 199.19.213.213 () {36 vars in 997 bytes} [Fri May 8 00:35:20 2026] DELETE /v2.0/ports/0057ef07-5641-48c5-8cd8-8a30370bc8f1 => generated 0 bytes in 536 msecs (HTTP/1.1 204) 3 headers in 131 bytes (1 switches on core 0)
2026-05-08 00:35:20.970 7 INFO neutron.notifiers.nova [-] Nova event matching ['req-4ca9837f-83f0-43e7-a406-21ebc74cf1da'] response: {'server_uuid': '4e633c20-60a6-4bdb-8c20-bd28190c3b47', 'name': 'network-vif-deleted', 'tag': '0057ef07-5641-48c5-8cd8-8a30370bc8f1', 'status': 'completed', 'code': 200} [pid: 8|app: 0|req: 656/1316] 10.0.0.13 () {34 vars in 989 bytes} [Fri May 8 00:35:21 2026] GET /v2.0/ports?device_id=4e633c20-60a6-4bdb-8c20-bd28190c3b47 => generated 12 bytes in 15 msecs (HTTP/1.1 200) 4 headers in 156 bytes (1 switches on core 0) /var/lib/openstack/lib/python3.12/site-packages/pycadf/identifier.py:70: UserWarning: Invalid uuid: neutron. To ensure interoperability, identifiers should be a valid uuid. warnings.warn(('Invalid uuid: %s. To ensure interoperability, '
2026-05-08 00:35:22.232 7 INFO neutron.db.ovn_revision_numbers_db [None req-1dcb56d7-6c5d-40b0-81f2-b37c1c147c2b 334eba75b6ad49818fb9a3ff87075921 cadce71f380944e2a5a96fd8b4a78c6f - - default default] Successfully bumped revision number for resource 3054c832-b420-4afe-b948-4a38c6f30439 (type: security_groups) to 1
2026-05-08 00:35:22.245 7 INFO neutron.db.ovn_revision_numbers_db [None req-1dcb56d7-6c5d-40b0-81f2-b37c1c147c2b 334eba75b6ad49818fb9a3ff87075921 cadce71f380944e2a5a96fd8b4a78c6f - - default default] Successfully bumped revision number for resource 4ae4d0f2-0667-43f7-9a3a-943ac931180b (type: security_group_rules) to 0
2026-05-08 00:35:22.257 7 INFO neutron.db.ovn_revision_numbers_db [None req-1dcb56d7-6c5d-40b0-81f2-b37c1c147c2b 334eba75b6ad49818fb9a3ff87075921 cadce71f380944e2a5a96fd8b4a78c6f - - default default] Successfully bumped revision number for resource 4df9a159-d78d-4ca9-aef2-40ac821c6ecb (type: security_group_rules) to 0
2026-05-08 00:35:22.268 7 INFO neutron.db.ovn_revision_numbers_db [None req-1dcb56d7-6c5d-40b0-81f2-b37c1c147c2b 334eba75b6ad49818fb9a3ff87075921 cadce71f380944e2a5a96fd8b4a78c6f - - default default] Successfully bumped revision number for resource 5539e178-6e8f-4c15-8b83-6ecf516faed3 (type: security_group_rules) to 0
2026-05-08 00:35:22.286 7 INFO neutron.db.ovn_revision_numbers_db [None req-1dcb56d7-6c5d-40b0-81f2-b37c1c147c2b 334eba75b6ad49818fb9a3ff87075921 cadce71f380944e2a5a96fd8b4a78c6f - - default default] Successfully bumped revision number for resource d71ee0eb-3ed8-4f05-b793-7e8bb3b6f66f (type: security_group_rules) to 0
2026-05-08 00:35:22.304 8 INFO neutron.db.ovn_revision_numbers_db [None req-82a92b7e-f68c-415b-a89c-7be52f555330 334eba75b6ad49818fb9a3ff87075921 cadce71f380944e2a5a96fd8b4a78c6f - - default default] Successfully bumped revision number for resource bcd5b4c8-3aa0-464d-86bf-9adb3dc9cee8 (type: security_groups) to 1
2026-05-08 00:35:22.314 8 INFO neutron.db.ovn_revision_numbers_db [None req-82a92b7e-f68c-415b-a89c-7be52f555330 334eba75b6ad49818fb9a3ff87075921 cadce71f380944e2a5a96fd8b4a78c6f - - default default] Successfully bumped revision number for resource 6f03fdbc-7c7b-4eb1-a525-e1a2a2c8b63c (type: security_group_rules) to 0
2026-05-08 00:35:22.328 8 INFO neutron.db.ovn_revision_numbers_db [None req-82a92b7e-f68c-415b-a89c-7be52f555330 334eba75b6ad49818fb9a3ff87075921 cadce71f380944e2a5a96fd8b4a78c6f - - default default] Successfully bumped revision number for resource 8066b8e3-bce0-4cf5-8766-ed839c10d032 (type: security_group_rules) to 0
2026-05-08 00:35:22.339 8 INFO neutron.db.ovn_revision_numbers_db [None req-82a92b7e-f68c-415b-a89c-7be52f555330 334eba75b6ad49818fb9a3ff87075921 cadce71f380944e2a5a96fd8b4a78c6f - - default default] Successfully bumped revision number for resource 98aa8725-0efb-4d69-a929-9e173a4a87b9 (type: security_group_rules) to 0
2026-05-08 00:35:22.350 8 INFO neutron.db.ovn_revision_numbers_db [None req-82a92b7e-f68c-415b-a89c-7be52f555330 334eba75b6ad49818fb9a3ff87075921 cadce71f380944e2a5a96fd8b4a78c6f - - default default] Successfully bumped revision number for resource ea722fee-dbea-4367-8340-abfcff58dd96 (type: security_group_rules) to 0
2026-05-08 00:35:22.378 7 INFO neutron.db.segments_db [None req-1dcb56d7-6c5d-40b0-81f2-b37c1c147c2b 334eba75b6ad49818fb9a3ff87075921 cadce71f380944e2a5a96fd8b4a78c6f - - default default] Added segment e0a9e4fd-0144-43c2-8592-ede570cd4cd0 of type geneve for network 546b84ef-bd8a-4ae2-a81d-48b6a1c72e9a [pid: 8|app: 0|req: 657/1317] 10.0.0.94 () {32 vars in 773 bytes} [Fri May 8 00:35:22 2026] GET /v2.0/security-groups?tenant_id=0e95c199deef4d6f8e0f953a352a596c&name=default => generated 2925 bytes in 274 msecs (HTTP/1.1 200) 4 headers in 158 bytes (1 switches on core 0)
2026-05-08 00:35:22.489 7 INFO neutron.db.ovn_revision_numbers_db [None req-1dcb56d7-6c5d-40b0-81f2-b37c1c147c2b 334eba75b6ad49818fb9a3ff87075921 cadce71f380944e2a5a96fd8b4a78c6f - - default default] Successfully bumped revision number for resource 546b84ef-bd8a-4ae2-a81d-48b6a1c72e9a (type: networks) to 1 [pid: 8|app: 0|req: 658/1318] 10.0.0.94 () {32 vars in 739 bytes} [Fri May 8 00:35:22 2026] DELETE /v2.0/security-groups/bcd5b4c8-3aa0-464d-86bf-9adb3dc9cee8 => generated 0 bytes in 247 msecs (HTTP/1.1 204) 2 headers in 112 bytes (1 switches on core 0)
2026-05-08 00:35:22.681 7 WARNING neutron.scheduler.dhcp_agent_scheduler [None req-1dcb56d7-6c5d-40b0-81f2-b37c1c147c2b 334eba75b6ad49818fb9a3ff87075921 cadce71f380944e2a5a96fd8b4a78c6f - - default default] No more DHCP agents
2026-05-08 00:35:22.684 7 WARNING neutron.api.rpc.agentnotifiers.dhcp_rpc_agent_api [None req-1dcb56d7-6c5d-40b0-81f2-b37c1c147c2b 334eba75b6ad49818fb9a3ff87075921 cadce71f380944e2a5a96fd8b4a78c6f - - default default] Unable to schedule network 546b84ef-bd8a-4ae2-a81d-48b6a1c72e9a: no agents available; will retry on subsequent port and subnet creation events.
2026-05-08 00:35:22.742 7 INFO neutron.plugins.ml2.drivers.ovn.mech_driver.mech_driver [None req-1e12a72c-0934-42a5-aef2-144a1a9721ca - - - - - -] OVN reports status down for port: c1954876-e44b-484f-9de4-783af31f0370
2026-05-08 00:35:22.794 7 INFO neutron.db.ovn_revision_numbers_db [None req-1dcb56d7-6c5d-40b0-81f2-b37c1c147c2b 334eba75b6ad49818fb9a3ff87075921 cadce71f380944e2a5a96fd8b4a78c6f - - default default] Successfully bumped revision number for resource c1954876-e44b-484f-9de4-783af31f0370 (type: ports) to 1 [pid: 7|app: 0|req: 661/1319] 10.0.0.94 () {34 vars in 670 bytes} [Fri May 8 00:35:21 2026] POST /v2.0/networks => generated 781 bytes in 980 msecs (HTTP/1.1 201) 4 headers in 162 bytes (1 switches on core 0) [pid: 7|app: 0|req: 662/1320] 10.0.0.13 () {34 vars in 989 bytes} [Fri May 8 00:35:22 2026] GET /v2.0/ports?device_id=4e633c20-60a6-4bdb-8c20-bd28190c3b47 => generated 12 bytes in 27 msecs (HTTP/1.1 200) 4 headers in 156 bytes (1 switches on core 0)
2026-05-08 00:35:22.997 7 WARNING neutron.scheduler.dhcp_agent_scheduler [None req-279abf9a-3d61-4aeb-a606-d93a89e24a20 334eba75b6ad49818fb9a3ff87075921 cadce71f380944e2a5a96fd8b4a78c6f - - default default] No more DHCP agents
2026-05-08 00:35:22.999 7 WARNING neutron.api.rpc.agentnotifiers.dhcp_rpc_agent_api [None req-279abf9a-3d61-4aeb-a606-d93a89e24a20 334eba75b6ad49818fb9a3ff87075921 cadce71f380944e2a5a96fd8b4a78c6f - - default default] Unable to schedule network 546b84ef-bd8a-4ae2-a81d-48b6a1c72e9a: no agents available; will retry on subsequent port and subnet creation events.
2026-05-08 00:35:23.141 8 INFO neutron.db.ovn_revision_numbers_db [None req-4589a2bf-34c4-4c71-be56-59c671c2b2ed 334eba75b6ad49818fb9a3ff87075921 cadce71f380944e2a5a96fd8b4a78c6f - - default default] Successfully bumped revision number for resource 03b21e1c-0622-49f5-ae4a-4e0bc4eff098 (type: security_groups) to 1
2026-05-08 00:35:23.157 8 INFO neutron.db.ovn_revision_numbers_db [None req-4589a2bf-34c4-4c71-be56-59c671c2b2ed 334eba75b6ad49818fb9a3ff87075921 cadce71f380944e2a5a96fd8b4a78c6f - - default default] Successfully bumped revision number for resource 216d60ce-5592-44b7-9b2f-4afd47155d13 (type: security_group_rules) to 0
2026-05-08 00:35:23.171 8 INFO neutron.db.ovn_revision_numbers_db [None req-4589a2bf-34c4-4c71-be56-59c671c2b2ed 334eba75b6ad49818fb9a3ff87075921 cadce71f380944e2a5a96fd8b4a78c6f - - default default] Successfully bumped revision number for resource 582cf952-a790-4822-a529-9dde48b6182c (type: security_group_rules) to 0
2026-05-08 00:35:23.187 8 INFO neutron.db.ovn_revision_numbers_db [None req-4589a2bf-34c4-4c71-be56-59c671c2b2ed 334eba75b6ad49818fb9a3ff87075921 cadce71f380944e2a5a96fd8b4a78c6f - - default default] Successfully bumped revision number for resource 5a2ccf4f-2a6e-40fb-9cae-993242aee03e (type: security_group_rules) to 0
2026-05-08 00:35:23.200 8 INFO neutron.db.ovn_revision_numbers_db [None req-4589a2bf-34c4-4c71-be56-59c671c2b2ed 334eba75b6ad49818fb9a3ff87075921 cadce71f380944e2a5a96fd8b4a78c6f - - default default] Successfully bumped revision number for resource 66297572-d37e-4d22-8ebd-435a4872e4e3 (type: security_group_rules) to 0 [pid: 8|app: 0|req: 659/1321] 10.0.0.94 () {32 vars in 773 bytes} [Fri May 8 00:35:22 2026] GET /v2.0/security-groups?tenant_id=f97430f1f9eb4650a8337290335db7f9&name=default => generated 2925 bytes in 462 msecs (HTTP/1.1 200) 4 headers in 158 bytes (1 switches on core 0) [pid: 8|app: 0|req: 660/1322] 10.0.0.94 () {32 vars in 739 bytes} [Fri May 8 00:35:23 2026] DELETE /v2.0/security-groups/03b21e1c-0622-49f5-ae4a-4e0bc4eff098 => generated 0 bytes in 212 msecs (HTTP/1.1 204) 2 headers in 112 bytes (1 switches on core 0)
2026-05-08 00:35:23.483 7 INFO neutron.db.ovn_revision_numbers_db [None req-75b452ab-34a4-4701-a5db-327f017502dd - - - - - -] Successfully bumped revision number for resource c1954876-e44b-484f-9de4-783af31f0370 (type: ports) to 2
2026-05-08 00:35:23.520 7 INFO neutron.db.ovn_revision_numbers_db [None req-75b452ab-34a4-4701-a5db-327f017502dd - - - - - -] Successfully bumped revision number for resource 5c38bd31-ac5c-4457-a98b-2f71b9ff720c (type: subnets) to 0 [pid: 7|app: 0|req: 663/1325] 10.0.0.94 () {34 vars in 668 bytes} [Fri May 8 00:35:22 2026] POST /v2.0/subnets => generated 687 bytes in 674 msecs (HTTP/1.1 201) 4 headers in 162 bytes (1 switches on core 0)
2026-05-08 00:35:23.916 8 WARNING neutron.scheduler.dhcp_agent_scheduler [None req-040a1c87-037d-40db-a9bf-3832d2912c50 334eba75b6ad49818fb9a3ff87075921 cadce71f380944e2a5a96fd8b4a78c6f - - default default] No more DHCP agents
2026-05-08 00:35:23.917 8 WARNING neutron.api.rpc.agentnotifiers.dhcp_rpc_agent_api [None req-040a1c87-037d-40db-a9bf-3832d2912c50 334eba75b6ad49818fb9a3ff87075921 cadce71f380944e2a5a96fd8b4a78c6f - - default default] Unable to schedule network 42b162ea-5281-4651-bb84-42dcc8020237: no agents available; will retry on subsequent port and subnet creation events. [pid: 7|app: 0|req: 664/1326] 10.0.0.13 () {34 vars in 989 bytes} [Fri May 8 00:35:23 2026] GET /v2.0/ports?device_id=4e633c20-60a6-4bdb-8c20-bd28190c3b47 => generated 12 bytes in 19 msecs (HTTP/1.1 200) 4 headers in 156 bytes (1 switches on core 0)
2026-05-08 00:35:24.028 7 INFO neutron.plugins.ml2.drivers.ovn.mech_driver.mech_driver [None req-1e12a72c-0934-42a5-aef2-144a1a9721ca - - - - - -] OVN reports status down for port: 672c1a20-10e5-4b3e-919f-201b73cb2a72
2026-05-08 00:35:24.043 8 INFO neutron.db.ovn_revision_numbers_db [None req-040a1c87-037d-40db-a9bf-3832d2912c50 334eba75b6ad49818fb9a3ff87075921 cadce71f380944e2a5a96fd8b4a78c6f - - default default] Successfully bumped revision number for resource 672c1a20-10e5-4b3e-919f-201b73cb2a72 (type: ports) to 1
2026-05-08 00:35:24.598 8 INFO neutron.plugins.ml2.drivers.ovn.mech_driver.ovsdb.commands [None req-124e39da-8e96-4752-880e-4f00f79e9e72 - - - - - -] Schedule LRP lrp-672c1a20-10e5-4b3e-919f-201b73cb2a72 on gateway dc12a94f-0dfc-4460-abaf-fbe435884e72 with priority 1
2026-05-08 00:35:24.631 7 INFO neutron.db.ovn_revision_numbers_db [None req-fd86a24c-aa7d-48a2-9763-bc0a334392ce 334eba75b6ad49818fb9a3ff87075921 cadce71f380944e2a5a96fd8b4a78c6f - - default default] Successfully bumped revision number for resource d844c8c3-e4d7-4b4e-83bf-a4944ee9d5b3 (type: security_groups) to 1
2026-05-08 00:35:24.654 7 INFO neutron.db.ovn_revision_numbers_db [None req-fd86a24c-aa7d-48a2-9763-bc0a334392ce 334eba75b6ad49818fb9a3ff87075921 cadce71f380944e2a5a96fd8b4a78c6f - - default default] Successfully bumped revision number for resource 85175dcc-5940-4e93-9228-c3b1c8f85f82 (type: security_group_rules) to 0
2026-05-08 00:35:24.658 8 INFO neutron.db.ovn_revision_numbers_db [None req-040a1c87-037d-40db-a9bf-3832d2912c50 334eba75b6ad49818fb9a3ff87075921 cadce71f380944e2a5a96fd8b4a78c6f - - default default] Successfully bumped revision number for resource 672c1a20-10e5-4b3e-919f-201b73cb2a72 (type: router_ports) to 1
2026-05-08 00:35:24.669 7 INFO neutron.plugins.ml2.drivers.ovn.mech_driver.ovsdb.ovsdb_monitor [None req-8e1c67db-2c77-4751-b3c7-431746f73e95 - - - - - -] Router da054c3a-6ed1-4297-a851-b7eb77f5ba1c is bound to host instance
2026-05-08 00:35:24.678 7 INFO neutron.plugins.ml2.drivers.ovn.mech_driver.mech_driver [None req-1e12a72c-0934-42a5-aef2-144a1a9721ca - - - - - -] OVN reports status up for port: 672c1a20-10e5-4b3e-919f-201b73cb2a72
2026-05-08 00:35:24.697 7 INFO neutron.db.ovn_revision_numbers_db [None req-fd86a24c-aa7d-48a2-9763-bc0a334392ce 334eba75b6ad49818fb9a3ff87075921 cadce71f380944e2a5a96fd8b4a78c6f - - default default] Successfully bumped revision number for resource 8cee189c-477a-47c3-8498-3ac92614cb36 (type: security_group_rules) to 0
2026-05-08 00:35:24.712 7 INFO neutron.plugins.ml2.plugin [None req-1e12a72c-0934-42a5-aef2-144a1a9721ca - - - - - -] Attempt 1 to provision port 672c1a20-10e5-4b3e-919f-201b73cb2a72
2026-05-08 00:35:24.724 8 INFO neutron.db.ovn_revision_numbers_db [None req-040a1c87-037d-40db-a9bf-3832d2912c50 334eba75b6ad49818fb9a3ff87075921 cadce71f380944e2a5a96fd8b4a78c6f - - default default] Successfully bumped revision number for resource da054c3a-6ed1-4297-a851-b7eb77f5ba1c (type: routers) to 2
2026-05-08 00:35:24.728 7 INFO neutron.db.ovn_revision_numbers_db [None req-fd86a24c-aa7d-48a2-9763-bc0a334392ce 334eba75b6ad49818fb9a3ff87075921 cadce71f380944e2a5a96fd8b4a78c6f - - default default] Successfully bumped revision number for resource cdc190bc-5141-4569-a254-1ff6bfaf15af (type: security_group_rules) to 0 [pid: 8|app: 0|req: 663/1327] 10.0.0.94 () {34 vars in 668 bytes} [Fri May 8 00:35:23 2026] POST /v2.0/routers => generated 965 bytes in 1206 msecs (HTTP/1.1 201) 4 headers in 162 bytes (1 switches on core 0)
2026-05-08 00:35:24.758 7 INFO neutron.db.ovn_revision_numbers_db [None req-fd86a24c-aa7d-48a2-9763-bc0a334392ce 334eba75b6ad49818fb9a3ff87075921 cadce71f380944e2a5a96fd8b4a78c6f - - default default] Successfully bumped revision number for resource da0792b2-f55f-427d-a7bc-ff0094df933a (type: security_group_rules) to 0
2026-05-08 00:35:24.885 7 INFO neutron.db.segments_db [None req-fd86a24c-aa7d-48a2-9763-bc0a334392ce 334eba75b6ad49818fb9a3ff87075921 cadce71f380944e2a5a96fd8b4a78c6f - - default default] Added segment 5305cddf-5e95-4bee-a77d-9b8d9a1b0dc9 of type geneve for network 6936daef-14f1-4cbb-8eaa-452bf7d4cf84
2026-05-08 00:35:25.085 7 INFO neutron.db.ovn_revision_numbers_db [None req-fd86a24c-aa7d-48a2-9763-bc0a334392ce 334eba75b6ad49818fb9a3ff87075921 cadce71f380944e2a5a96fd8b4a78c6f - - default default] Successfully bumped revision number for resource 6936daef-14f1-4cbb-8eaa-452bf7d4cf84 (type: networks) to 1
2026-05-08 00:35:25.190 8 WARNING neutron.scheduler.dhcp_agent_scheduler [None req-8f109a70-1012-480a-8c1c-5802bd643fd6 334eba75b6ad49818fb9a3ff87075921 cadce71f380944e2a5a96fd8b4a78c6f - - default default] No more DHCP agents
2026-05-08 00:35:25.191 8 WARNING neutron.api.rpc.agentnotifiers.dhcp_rpc_agent_api [None req-8f109a70-1012-480a-8c1c-5802bd643fd6 334eba75b6ad49818fb9a3ff87075921 cadce71f380944e2a5a96fd8b4a78c6f - - default default] Unable to schedule network 546b84ef-bd8a-4ae2-a81d-48b6a1c72e9a: no agents available; will retry on subsequent port and subnet creation events.
2026-05-08 00:35:25.286 8 INFO neutron.plugins.ml2.drivers.ovn.mech_driver.mech_driver [None req-bc2a804d-2970-4186-be78-db401429946c - - - - - -] OVN reports status down for port: c2fbc765-b689-4ac7-a0b4-0e152bac2e38
2026-05-08 00:35:25.341 8 INFO neutron.db.ovn_revision_numbers_db [None req-8f109a70-1012-480a-8c1c-5802bd643fd6 334eba75b6ad49818fb9a3ff87075921 cadce71f380944e2a5a96fd8b4a78c6f - - default default] Successfully bumped revision number for resource c2fbc765-b689-4ac7-a0b4-0e152bac2e38 (type: ports) to 1
2026-05-08 00:35:25.367 7 WARNING neutron.scheduler.dhcp_agent_scheduler [None req-fd86a24c-aa7d-48a2-9763-bc0a334392ce 334eba75b6ad49818fb9a3ff87075921 cadce71f380944e2a5a96fd8b4a78c6f - - default default] No more DHCP agents
2026-05-08 00:35:25.370 7 WARNING neutron.api.rpc.agentnotifiers.dhcp_rpc_agent_api [None req-fd86a24c-aa7d-48a2-9763-bc0a334392ce 334eba75b6ad49818fb9a3ff87075921 cadce71f380944e2a5a96fd8b4a78c6f - - default default] Unable to schedule network 6936daef-14f1-4cbb-8eaa-452bf7d4cf84: no agents available; will retry on subsequent port and subnet creation events.
2026-05-08 00:35:25.452 8 INFO neutron.plugins.ml2.drivers.ovn.mech_driver.mech_driver [None req-bc2a804d-2970-4186-be78-db401429946c - - - - - -] OVN reports status down for port: a93d0a42-a5a2-49dc-b20f-44c1d8524330
2026-05-08 00:35:25.488 7 INFO neutron.db.ovn_revision_numbers_db [None req-fd86a24c-aa7d-48a2-9763-bc0a334392ce 334eba75b6ad49818fb9a3ff87075921 cadce71f380944e2a5a96fd8b4a78c6f - - default default] Successfully bumped revision number for resource a93d0a42-a5a2-49dc-b20f-44c1d8524330 (type: ports) to 1 [pid: 7|app: 0|req: 665/1328] 10.0.0.94 () {34 vars in 670 bytes} [Fri May 8 00:35:24 2026] POST /v2.0/networks => generated 782 bytes in 1230 msecs (HTTP/1.1 201) 4 headers in 162 bytes (1 switches on core 0) [pid: 7|app: 0|req: 666/1329] 10.0.0.94 () {32 vars in 739 bytes} [Fri May 8 00:35:25 2026] DELETE /v2.0/security-groups/6d6ecf48-4b2a-43a7-afa7-b33b5532efc0 => generated 0 bytes in 240 msecs (HTTP/1.1 204) 2 headers in 112 bytes (1 switches on core 0) [pid: 7|app: 0|req: 667/1330] 10.0.0.94 () {32 vars in 652 bytes} [Fri May 8 00:35:25 2026] GET /v2.0/extensions => generated 20541 bytes in 96 msecs (HTTP/1.1 200) 4 headers in 159 bytes (1 switches on core 0)
2026-05-08 00:35:25.942 7 INFO neutron.db.ovn_revision_numbers_db [None req-a656ec26-fc0c-438b-b099-b7b0307a6722 - - - - - -] Successfully bumped revision number for resource 672c1a20-10e5-4b3e-919f-201b73cb2a72 (type: ports) to 4
2026-05-08 00:35:25.961 8 INFO neutron.plugins.ml2.drivers.ovn.mech_driver.mech_driver [None req-bc2a804d-2970-4186-be78-db401429946c - - - - - -] OVN reports status up for port: c2fbc765-b689-4ac7-a0b4-0e152bac2e38
2026-05-08 00:35:25.983 8 INFO neutron.plugins.ml2.plugin [None req-bc2a804d-2970-4186-be78-db401429946c - - - - - -] Attempt 1 to provision port c2fbc765-b689-4ac7-a0b4-0e152bac2e38
2026-05-08 00:35:26.070 8 WARNING neutron.scheduler.dhcp_agent_scheduler [None req-8f109a70-1012-480a-8c1c-5802bd643fd6 334eba75b6ad49818fb9a3ff87075921 cadce71f380944e2a5a96fd8b4a78c6f - - default default] No more DHCP agents
2026-05-08 00:35:26.072 8 WARNING neutron.api.rpc.agentnotifiers.dhcp_rpc_agent_api [None req-8f109a70-1012-480a-8c1c-5802bd643fd6 334eba75b6ad49818fb9a3ff87075921 cadce71f380944e2a5a96fd8b4a78c6f - - default default] Unable to schedule network 546b84ef-bd8a-4ae2-a81d-48b6a1c72e9a: no agents available; will retry on subsequent port and subnet creation events.
2026-05-08 00:35:26.146 7 WARNING neutron.scheduler.dhcp_agent_scheduler [None req-ddb0ae28-db7a-4ef2-a4c0-3a0e948b19bb 334eba75b6ad49818fb9a3ff87075921 cadce71f380944e2a5a96fd8b4a78c6f - - default default] No more DHCP agents
2026-05-08 00:35:26.148 7 WARNING neutron.api.rpc.agentnotifiers.dhcp_rpc_agent_api [None req-ddb0ae28-db7a-4ef2-a4c0-3a0e948b19bb 334eba75b6ad49818fb9a3ff87075921 cadce71f380944e2a5a96fd8b4a78c6f - - default default] Unable to schedule network 6936daef-14f1-4cbb-8eaa-452bf7d4cf84: no agents available; will retry on subsequent port and subnet creation events.
2026-05-08 00:35:26.522 7 INFO neutron.db.ovn_revision_numbers_db [None req-a656ec26-fc0c-438b-b099-b7b0307a6722 - - - - - -] Successfully bumped revision number for resource 672c1a20-10e5-4b3e-919f-201b73cb2a72 (type: ports) to 5
2026-05-08 00:35:26.602 8 INFO neutron.db.ovn_revision_numbers_db [None req-bc2a804d-2970-4186-be78-db401429946c - - - - - -] Successfully bumped revision number for resource c2fbc765-b689-4ac7-a0b4-0e152bac2e38 (type: ports) to 2
2026-05-08 00:35:26.831 7 INFO neutron.db.ovn_revision_numbers_db [None req-080c074c-3bbc-497f-a136-6e1bbaf198ce - - - - - -] Successfully bumped revision number for resource a93d0a42-a5a2-49dc-b20f-44c1d8524330 (type: ports) to 2
2026-05-08 00:35:26.864 7 INFO neutron.db.ovn_revision_numbers_db [None req-080c074c-3bbc-497f-a136-6e1bbaf198ce - - - - - -] Successfully bumped revision number for resource 2253af80-0e2d-402f-99a4-e6b48a409b82 (type: subnets) to 0 [pid: 7|app: 0|req: 668/1331] 10.0.0.94 () {34 vars in 668 bytes} [Fri May 8 00:35:25 2026] POST /v2.0/subnets => generated 688 bytes in 1024 msecs (HTTP/1.1 201) 4 headers in 162 bytes (1 switches on core 0)
2026-05-08 00:35:26.899 7 INFO neutron.api.v2.resource [None req-693447b3-10b5-4165-b05b-ad17927ed3eb 9da6ac31c0384ee6ad14c368083f8d1f 0e2d41c5261f44b2a28dc3ffa420f554 - - default default] show failed (client error): The resource could not be found. [pid: 7|app: 0|req: 669/1332] 10.0.0.94 () {32 vars in 736 bytes} [Fri May 8 00:35:26 2026] GET /v2.0/security-groups/6d6ecf48-4b2a-43a7-afa7-b33b5532efc0 => generated 146 bytes in 11 msecs (HTTP/1.1 404) 4 headers in 164 bytes (1 switches on core 0) [pid: 7|app: 0|req: 670/1333] 10.0.0.94 () {32 vars in 680 bytes} [Fri May 8 00:35:26 2026] GET /v2.0/extensions/address-group => generated 159 bytes in 3 msecs (HTTP/1.1 200) 4 headers in 157 bytes (1 switches on core 0)
2026-05-08 00:35:26.926 8 INFO neutron.db.ovn_revision_numbers_db [None req-8f109a70-1012-480a-8c1c-5802bd643fd6 334eba75b6ad49818fb9a3ff87075921 cadce71f380944e2a5a96fd8b4a78c6f - - default default] Successfully bumped revision number for resource c2fbc765-b689-4ac7-a0b4-0e152bac2e38 (type: router_ports) to 1 [pid: 8|app: 0|req: 664/1334] 10.0.0.94 () {34 vars in 782 bytes} [Fri May 8 00:35:24 2026] PUT /v2.0/routers/da054c3a-6ed1-4297-a851-b7eb77f5ba1c/add_router_interface => generated 309 bytes in 2185 msecs (HTTP/1.1 200) 4 headers in 157 bytes (1 switches on core 0)
2026-05-08 00:35:27.053 8 INFO neutron_taas.services.taas.taas_plugin [None req-e65ee8c0-68ce-44da-a5d0-9b78827c58ac 9da6ac31c0384ee6ad14c368083f8d1f 0e2d41c5261f44b2a28dc3ffa420f554 - - default default] TaaS: Handle Delete Port: acad7613-cf51-4ba5-9055-bc453fc712a0
2026-05-08 00:35:27.056 8 INFO neutron_taas.services.taas.tap_mirror_plugin [None req-e65ee8c0-68ce-44da-a5d0-9b78827c58ac 9da6ac31c0384ee6ad14c368083f8d1f 0e2d41c5261f44b2a28dc3ffa420f554 - - default default] Tap Mirror: Handle Delete Port: acad7613-cf51-4ba5-9055-bc453fc712a0 [pid: 8|app: 0|req: 665/1335] 10.0.0.94 () {32 vars in 731 bytes} [Fri May 8 00:35:26 2026] DELETE /v2.0/floatingips/0d140dbb-8816-48d6-a36b-cd8db4bc342d => generated 0 bytes in 286 msecs (HTTP/1.1 204) 2 headers in 112 bytes (1 switches on core 0) [pid: 8|app: 0|req: 666/1336] 10.0.0.94 () {32 vars in 680 bytes} [Fri May 8 00:35:27 2026] GET /v2.0/extensions/address-scope => generated 163 bytes in 4 msecs (HTTP/1.1 200) 4 headers in 157 bytes (1 switches on core 0)
2026-05-08 00:35:27.335 7 WARNING neutron.scheduler.dhcp_agent_scheduler [None req-e51d1f66-fd49-4687-a298-96b52689df1c 334eba75b6ad49818fb9a3ff87075921 cadce71f380944e2a5a96fd8b4a78c6f - - default default] No more DHCP agents
2026-05-08 00:35:27.337 7 WARNING neutron.api.rpc.agentnotifiers.dhcp_rpc_agent_api [None req-e51d1f66-fd49-4687-a298-96b52689df1c 334eba75b6ad49818fb9a3ff87075921 cadce71f380944e2a5a96fd8b4a78c6f - - default default] Unable to schedule network 42b162ea-5281-4651-bb84-42dcc8020237: no agents available; will retry on subsequent port and subnet creation events.
2026-05-08 00:35:27.493 7 INFO neutron.db.ovn_revision_numbers_db [None req-e51d1f66-fd49-4687-a298-96b52689df1c 334eba75b6ad49818fb9a3ff87075921 cadce71f380944e2a5a96fd8b4a78c6f - - default default] Successfully bumped revision number for resource ce5fa5d9-7b25-4895-865b-4e20af5a5982 (type: ports) to 1
2026-05-08 00:35:27.543 8 INFO neutron_taas.services.taas.taas_plugin [None req-cbada87e-0559-4ca0-b259-0513dfa73c1c 334eba75b6ad49818fb9a3ff87075921 cadce71f380944e2a5a96fd8b4a78c6f - - default default] TaaS: Handle Delete Port: e535f273-15d4-4e45-b767-d5f17d585dee
2026-05-08 00:35:27.547 8 INFO neutron_taas.services.taas.tap_mirror_plugin [None req-cbada87e-0559-4ca0-b259-0513dfa73c1c 334eba75b6ad49818fb9a3ff87075921 cadce71f380944e2a5a96fd8b4a78c6f - - default default] Tap Mirror: Handle Delete Port: e535f273-15d4-4e45-b767-d5f17d585dee
2026-05-08 00:35:28.107 7 INFO neutron.plugins.ml2.drivers.ovn.mech_driver.ovsdb.commands [None req-421e6457-faea-430e-b8a3-f0d921078361 - - - - - -] Schedule LRP lrp-ce5fa5d9-7b25-4895-865b-4e20af5a5982 on gateway dc12a94f-0dfc-4460-abaf-fbe435884e72 with priority 1
2026-05-08 00:35:28.162 7 INFO neutron.plugins.ml2.drivers.ovn.mech_driver.ovsdb.ovsdb_monitor [None req-a656ec26-fc0c-438b-b099-b7b0307a6722 - - - - - -] Router d345adf7-4ef0-487c-9165-5b08e4e7e707 is bound to host instance
2026-05-08 00:35:28.228 7 INFO neutron.db.ovn_revision_numbers_db [None req-e51d1f66-fd49-4687-a298-96b52689df1c 334eba75b6ad49818fb9a3ff87075921 cadce71f380944e2a5a96fd8b4a78c6f - - default default] Successfully bumped revision number for resource ce5fa5d9-7b25-4895-865b-4e20af5a5982 (type: router_ports) to 1
2026-05-08 00:35:28.322 7 INFO neutron.db.ovn_revision_numbers_db [None req-e51d1f66-fd49-4687-a298-96b52689df1c 334eba75b6ad49818fb9a3ff87075921 cadce71f380944e2a5a96fd8b4a78c6f - - default default] Successfully bumped revision number for resource d345adf7-4ef0-487c-9165-5b08e4e7e707 (type: routers) to 2 [pid: 7|app: 0|req: 671/1337] 10.0.0.94 () {34 vars in 668 bytes} [Fri May 8 00:35:26 2026] POST /v2.0/routers => generated 966 bytes in 1450 msecs (HTTP/1.1 201) 4 headers in 162 bytes (1 switches on core 0) [pid: 7|app: 0|req: 672/1338] 10.0.0.94 () {32 vars in 664 bytes} [Fri May 8 00:35:28 2026] GET /v2.0/extensions/agent => generated 153 bytes in 10 msecs (HTTP/1.1 200) 4 headers in 157 bytes (1 switches on core 0) [pid: 8|app: 0|req: 667/1339] 10.0.0.94 () {34 vars in 788 bytes} [Fri May 8 00:35:27 2026] PUT /v2.0/routers/e8620e42-e644-44fb-82e0-bf584ee5d84b/remove_router_interface => generated 309 bytes in 1315 msecs (HTTP/1.1 200) 4 headers in 157 bytes (1 switches on core 0) /var/lib/openstack/lib/python3.12/site-packages/pycadf/identifier.py:70: UserWarning: Invalid uuid: neutron. To ensure interoperability, identifiers should be a valid uuid. warnings.warn(('Invalid uuid: %s. To ensure interoperability, '
2026-05-08 00:35:28.649 7 INFO neutron.db.ovn_revision_numbers_db [None req-94b66b3a-b33a-410f-b5ea-cfa099a7fe9f 334eba75b6ad49818fb9a3ff87075921 cadce71f380944e2a5a96fd8b4a78c6f - - default default] Successfully bumped revision number for resource 37e65bc1-a515-4fcb-b4b4-d7bc9398b163 (type: security_groups) to 1
2026-05-08 00:35:28.672 7 INFO neutron.db.ovn_revision_numbers_db [None req-94b66b3a-b33a-410f-b5ea-cfa099a7fe9f 334eba75b6ad49818fb9a3ff87075921 cadce71f380944e2a5a96fd8b4a78c6f - - default default] Successfully bumped revision number for resource 27736ec7-fb5e-4b6d-b710-c219bbd00f29 (type: security_group_rules) to 0
2026-05-08 00:35:28.689 7 INFO neutron.db.ovn_revision_numbers_db [None req-94b66b3a-b33a-410f-b5ea-cfa099a7fe9f 334eba75b6ad49818fb9a3ff87075921 cadce71f380944e2a5a96fd8b4a78c6f - - default default] Successfully bumped revision number for resource 4b8bedd8-53a7-4440-bd7f-1c894c7803da (type: security_group_rules) to 0
2026-05-08 00:35:28.719 7 INFO neutron.db.ovn_revision_numbers_db [None req-94b66b3a-b33a-410f-b5ea-cfa099a7fe9f 334eba75b6ad49818fb9a3ff87075921 cadce71f380944e2a5a96fd8b4a78c6f - - default default] Successfully bumped revision number for resource 4d835b0d-b714-455f-a394-c5346ca8272f (type: security_group_rules) to 0
2026-05-08 00:35:28.744 7 INFO neutron.db.ovn_revision_numbers_db [None req-94b66b3a-b33a-410f-b5ea-cfa099a7fe9f 334eba75b6ad49818fb9a3ff87075921 cadce71f380944e2a5a96fd8b4a78c6f - - default default] Successfully bumped revision number for resource b46065c4-cc1c-4ba6-bfdb-4af28fd3be83 (type: security_group_rules) to 0
2026-05-08 00:35:28.860 7 INFO neutron.db.segments_db [None req-94b66b3a-b33a-410f-b5ea-cfa099a7fe9f 334eba75b6ad49818fb9a3ff87075921 cadce71f380944e2a5a96fd8b4a78c6f - - default default] Added segment 954a3388-9301-412d-99a3-0dcf07caf293 of type geneve for network 5333d300-8273-4d57-9c38-b2038c7cab1b
2026-05-08 00:35:29.014 8 WARNING neutron.scheduler.dhcp_agent_scheduler [None req-88a97bc6-02aa-49bd-92db-eefdce10ed2f 334eba75b6ad49818fb9a3ff87075921 cadce71f380944e2a5a96fd8b4a78c6f - - default default] No more DHCP agents
2026-05-08 00:35:29.016 8 WARNING neutron.api.rpc.agentnotifiers.dhcp_rpc_agent_api [None req-88a97bc6-02aa-49bd-92db-eefdce10ed2f 334eba75b6ad49818fb9a3ff87075921 cadce71f380944e2a5a96fd8b4a78c6f - - default default] Unable to schedule network 6936daef-14f1-4cbb-8eaa-452bf7d4cf84: no agents available; will retry on subsequent port and subnet creation events.
2026-05-08 00:35:29.094 7 INFO neutron.db.ovn_revision_numbers_db [None req-94b66b3a-b33a-410f-b5ea-cfa099a7fe9f 334eba75b6ad49818fb9a3ff87075921 cadce71f380944e2a5a96fd8b4a78c6f - - default default] Successfully bumped revision number for resource 5333d300-8273-4d57-9c38-b2038c7cab1b (type: networks) to 1
2026-05-08 00:35:29.149 8 INFO neutron.db.ovn_revision_numbers_db [None req-88a97bc6-02aa-49bd-92db-eefdce10ed2f 334eba75b6ad49818fb9a3ff87075921 cadce71f380944e2a5a96fd8b4a78c6f - - default default] Successfully bumped revision number for resource 1c9c24b9-ca72-4bc0-b235-79e3195b83b0 (type: ports) to 1
2026-05-08 00:35:29.168 7 INFO neutron.plugins.ml2.drivers.ovn.mech_driver.mech_driver [None req-1e12a72c-0934-42a5-aef2-144a1a9721ca - - - - - -] OVN reports status down for port: 1c9c24b9-ca72-4bc0-b235-79e3195b83b0
2026-05-08 00:35:29.508 7 WARNING neutron.scheduler.dhcp_agent_scheduler [None req-94b66b3a-b33a-410f-b5ea-cfa099a7fe9f 334eba75b6ad49818fb9a3ff87075921 cadce71f380944e2a5a96fd8b4a78c6f - - default default] No more DHCP agents
2026-05-08 00:35:29.511 7 WARNING neutron.api.rpc.agentnotifiers.dhcp_rpc_agent_api [None req-94b66b3a-b33a-410f-b5ea-cfa099a7fe9f 334eba75b6ad49818fb9a3ff87075921 cadce71f380944e2a5a96fd8b4a78c6f - - default default] Unable to schedule network 5333d300-8273-4d57-9c38-b2038c7cab1b: no agents available; will retry on subsequent port and subnet creation events.
2026-05-08 00:35:29.621 7 INFO neutron.plugins.ml2.drivers.ovn.mech_driver.mech_driver [None req-1e12a72c-0934-42a5-aef2-144a1a9721ca - - - - - -] OVN reports status down for port: f2870285-abf9-42fa-9287-56e94cd4e332
2026-05-08 00:35:29.628 7 INFO neutron.db.ovn_revision_numbers_db [None req-4b9e6d78-97c9-4103-8e91-6bdd86a082be - - - - - -] Successfully bumped revision number for resource ce5fa5d9-7b25-4895-865b-4e20af5a5982 (type: ports) to 4
2026-05-08 00:35:29.689 7 INFO neutron.db.ovn_revision_numbers_db [None req-94b66b3a-b33a-410f-b5ea-cfa099a7fe9f 334eba75b6ad49818fb9a3ff87075921 cadce71f380944e2a5a96fd8b4a78c6f - - default default] Successfully bumped revision number for resource f2870285-abf9-42fa-9287-56e94cd4e332 (type: ports) to 1 [pid: 7|app: 0|req: 673/1340] 10.0.0.94 () {34 vars in 670 bytes} [Fri May 8 00:35:28 2026] POST /v2.0/networks => generated 781 bytes in 1392 msecs (HTTP/1.1 201) 4 headers in 162 bytes (1 switches on core 0) [pid: 7|app: 0|req: 674/1341] 10.0.0.94 () {32 vars in 696 bytes} [Fri May 8 00:35:29 2026] GET /v2.0/extensions/allowed-address-pairs => generated 184 bytes in 33 msecs (HTTP/1.1 200) 4 headers in 157 bytes (1 switches on core 0)
2026-05-08 00:35:29.859 8 WARNING neutron.scheduler.dhcp_agent_scheduler [None req-88a97bc6-02aa-49bd-92db-eefdce10ed2f 334eba75b6ad49818fb9a3ff87075921 cadce71f380944e2a5a96fd8b4a78c6f - - default default] No more DHCP agents
2026-05-08 00:35:29.860 8 WARNING neutron.api.rpc.agentnotifiers.dhcp_rpc_agent_api [None req-88a97bc6-02aa-49bd-92db-eefdce10ed2f 334eba75b6ad49818fb9a3ff87075921 cadce71f380944e2a5a96fd8b4a78c6f - - default default] Unable to schedule network 6936daef-14f1-4cbb-8eaa-452bf7d4cf84: no agents available; will retry on subsequent port and subnet creation events.
2026-05-08 00:35:29.884 7 INFO neutron.plugins.ml2.drivers.ovn.mech_driver.mech_driver [None req-1e12a72c-0934-42a5-aef2-144a1a9721ca - - - - - -] OVN reports status up for port: 1c9c24b9-ca72-4bc0-b235-79e3195b83b0
2026-05-08 00:35:29.929 7 INFO neutron.plugins.ml2.plugin [None req-1e12a72c-0934-42a5-aef2-144a1a9721ca - - - - - -] Attempt 1 to provision port 1c9c24b9-ca72-4bc0-b235-79e3195b83b0
2026-05-08 00:35:30.321 8 INFO neutron.db.ovn_revision_numbers_db [None req-88a97bc6-02aa-49bd-92db-eefdce10ed2f 334eba75b6ad49818fb9a3ff87075921 cadce71f380944e2a5a96fd8b4a78c6f - - default default] Successfully bumped revision number for resource 1c9c24b9-ca72-4bc0-b235-79e3195b83b0 (type: router_ports) to 1 [pid: 8|app: 0|req: 668/1342] 10.0.0.94 () {34 vars in 782 bytes} [Fri May 8 00:35:28 2026] PUT /v2.0/routers/d345adf7-4ef0-487c-9165-5b08e4e7e707/add_router_interface => generated 309 bytes in 1787 msecs (HTTP/1.1 200) 4 headers in 157 bytes (1 switches on core 0)
2026-05-08 00:35:30.437 8 WARNING neutron.scheduler.dhcp_agent_scheduler [None req-d28ae5eb-3685-4389-af05-0af0f3526002 334eba75b6ad49818fb9a3ff87075921 cadce71f380944e2a5a96fd8b4a78c6f - - default default] No more DHCP agents
2026-05-08 00:35:30.438 8 WARNING neutron.api.rpc.agentnotifiers.dhcp_rpc_agent_api [None req-d28ae5eb-3685-4389-af05-0af0f3526002 334eba75b6ad49818fb9a3ff87075921 cadce71f380944e2a5a96fd8b4a78c6f - - default default] Unable to schedule network 5333d300-8273-4d57-9c38-b2038c7cab1b: no agents available; will retry on subsequent port and subnet creation events.
2026-05-08 00:35:30.872 8 INFO neutron.db.ovn_revision_numbers_db [None req-5f3a4e5d-d0af-4ed5-8c3b-d2906af321d2 - - - - - -] Successfully bumped revision number for resource f2870285-abf9-42fa-9287-56e94cd4e332 (type: ports) to 2
2026-05-08 00:35:30.912 8 INFO neutron.db.ovn_revision_numbers_db [None req-5f3a4e5d-d0af-4ed5-8c3b-d2906af321d2 - - - - - -] Successfully bumped revision number for resource 75800035-d330-412f-a207-24f4e4af87f1 (type: subnets) to 0 [pid: 8|app: 0|req: 669/1343] 10.0.0.94 () {34 vars in 668 bytes} [Fri May 8 00:35:30 2026] POST /v2.0/subnets => generated 687 bytes in 601 msecs (HTTP/1.1 201) 4 headers in 162 bytes (1 switches on core 0) [pid: 8|app: 0|req: 670/1344] 10.0.0.94 () {32 vars in 700 bytes} [Fri May 8 00:35:30 2026] GET /v2.0/extensions/auto-allocated-topology => generated 200 bytes in 4 msecs (HTTP/1.1 200) 4 headers in 157 bytes (1 switches on core 0)
2026-05-08 00:35:31.300 7 INFO neutron.db.ovn_revision_numbers_db [None req-4b9e6d78-97c9-4103-8e91-6bdd86a082be - - - - - -] Successfully bumped revision number for resource ce5fa5d9-7b25-4895-865b-4e20af5a5982 (type: ports) to 5
2026-05-08 00:35:31.338 8 WARNING neutron.scheduler.dhcp_agent_scheduler [None req-e9b02d56-9efa-4402-8cca-5ebd6476a809 334eba75b6ad49818fb9a3ff87075921 cadce71f380944e2a5a96fd8b4a78c6f - - default default] No more DHCP agents
2026-05-08 00:35:31.339 8 WARNING neutron.api.rpc.agentnotifiers.dhcp_rpc_agent_api [None req-e9b02d56-9efa-4402-8cca-5ebd6476a809 334eba75b6ad49818fb9a3ff87075921 cadce71f380944e2a5a96fd8b4a78c6f - - default default] Unable to schedule network 42b162ea-5281-4651-bb84-42dcc8020237: no agents available; will retry on subsequent port and subnet creation events.
2026-05-08 00:35:31.364 7 INFO neutron_taas.services.taas.taas_plugin [None req-7e3c14fd-f1c7-4ae7-9c47-e9a06701fa95 334eba75b6ad49818fb9a3ff87075921 cadce71f380944e2a5a96fd8b4a78c6f - - default default] TaaS: Handle Delete Port: 535220c1-0d5d-4909-8f47-21ada784b334
2026-05-08 00:35:31.370 7 INFO neutron_taas.services.taas.tap_mirror_plugin [None req-7e3c14fd-f1c7-4ae7-9c47-e9a06701fa95 334eba75b6ad49818fb9a3ff87075921 cadce71f380944e2a5a96fd8b4a78c6f - - default default] Tap Mirror: Handle Delete Port: 535220c1-0d5d-4909-8f47-21ada784b334
2026-05-08 00:35:31.491 8 INFO neutron.db.ovn_revision_numbers_db [None req-e9b02d56-9efa-4402-8cca-5ebd6476a809 334eba75b6ad49818fb9a3ff87075921 cadce71f380944e2a5a96fd8b4a78c6f - - default default] Successfully bumped revision number for resource cd0d35d7-c57b-4af1-8180-33e79e79df08 (type: ports) to 1
2026-05-08 00:35:31.648 7 INFO neutron.db.ovn_revision_numbers_db [None req-1e12a72c-0934-42a5-aef2-144a1a9721ca - - - - - -] Successfully bumped revision number for resource 1c9c24b9-ca72-4bc0-b235-79e3195b83b0 (type: ports) to 2
2026-05-08 00:35:32.033 8 INFO neutron.plugins.ml2.drivers.ovn.mech_driver.ovsdb.commands [None req-124e39da-8e96-4752-880e-4f00f79e9e72 - - - - - -] Schedule LRP lrp-cd0d35d7-c57b-4af1-8180-33e79e79df08 on gateway dc12a94f-0dfc-4460-abaf-fbe435884e72 with priority 1 [pid: 7|app: 0|req: 675/1345] 10.0.0.94 () {32 vars in 723 bytes} [Fri May 8 00:35:29 2026] DELETE /v2.0/routers/e8620e42-e644-44fb-82e0-bf584ee5d84b => generated 0 bytes in 2299 msecs (HTTP/1.1 204) 2 headers in 112 bytes (1 switches on core 0) [pid: 7|app: 0|req: 676/1346] 10.0.0.94 () {32 vars in 688 bytes} [Fri May 8 00:35:32 2026] GET /v2.0/extensions/availability_zone => generated 178 bytes in 4 msecs (HTTP/1.1 200) 4 headers in 157 bytes (1 switches on core 0)
2026-05-08 00:35:32.098 8 INFO neutron.plugins.ml2.drivers.ovn.mech_driver.ovsdb.ovsdb_monitor [None req-da797046-afdb-473c-addd-a4790d05373d - - - - - -] Router ffcd90cd-b197-4400-9b5a-f3768f16eb46 is bound to host instance
2026-05-08 00:35:32.179 8 INFO neutron.db.ovn_revision_numbers_db [None req-e9b02d56-9efa-4402-8cca-5ebd6476a809 334eba75b6ad49818fb9a3ff87075921 cadce71f380944e2a5a96fd8b4a78c6f - - default default] Successfully bumped revision number for resource cd0d35d7-c57b-4af1-8180-33e79e79df08 (type: router_ports) to 1 [pid: 7|app: 0|req: 677/1347] 10.0.0.94 () {32 vars in 723 bytes} [Fri May 8 00:35:32 2026] DELETE /v2.0/subnets/32e3858d-804e-442c-9428-97eff3240bc8 => generated 0 bytes in 150 msecs (HTTP/1.1 204) 3 headers in 131 bytes (1 switches on core 0) [pid: 7|app: 0|req: 678/1348] 10.0.0.94 () {32 vars in 692 bytes} [Fri May 8 00:35:32 2026] GET /v2.0/extensions/default-subnetpools => generated 211 bytes in 4 msecs (HTTP/1.1 200) 4 headers in 157 bytes (1 switches on core 0)
2026-05-08 00:35:32.321 8 INFO neutron.db.ovn_revision_numbers_db [None req-e9b02d56-9efa-4402-8cca-5ebd6476a809 334eba75b6ad49818fb9a3ff87075921 cadce71f380944e2a5a96fd8b4a78c6f - - default default] Successfully bumped revision number for resource ffcd90cd-b197-4400-9b5a-f3768f16eb46 (type: routers) to 2
2026-05-08 00:35:32.354 7 INFO neutron_taas.services.taas.taas_plugin [None req-88ca5ceb-b51b-47dc-9ae1-6672ba16efe8 334eba75b6ad49818fb9a3ff87075921 cadce71f380944e2a5a96fd8b4a78c6f - - default default] TaaS: Handle Delete Port: e197d7e2-01b2-4145-9eb3-9431203e36f9 [pid: 8|app: 0|req: 671/1349] 10.0.0.94 () {34 vars in 668 bytes} [Fri May 8 00:35:30 2026] POST /v2.0/routers => generated 965 bytes in 1419 msecs (HTTP/1.1 201) 4 headers in 162 bytes (1 switches on core 0)
