2026-05-08 00:37:12.621 7 INFO neutron.services.segments.plugin [-] Segment 9f977eb9-631a-459e-b7ca-b154dcf3616b resource provider not found; error: Placement Client Error (4xx): {"errors": [{"status": 404, "title": "Not Found", "detail": "The resource could not be found.\n\n No resource provider with uuid 9f977eb9-631a-459e-b7ca-b154dcf3616b found for delete ", "request_id": "req-183f2cf6-0d04-477e-b1ce-410bb4179f19"}]} [pid: 7|app: 0|req: 1175/2205] 10.0.0.94 () {32 vars in 725 bytes} [Fri May 8 00:37:12 2026] DELETE /v2.0/networks/8225a40a-dbc6-4ab1-9d91-e2b847f5365f => generated 0 bytes in 394 msecs (HTTP/1.1 204) 3 headers in 131 bytes (1 switches on core 0) [pid: 7|app: 0|req: 1176/2206] 10.0.0.13 () {34 vars in 981 bytes} [Fri May 8 00:37:12 2026] GET /v2.0/networks?id=9ad87d8f-338d-4db5-bebf-0971203fbf9a => generated 698 bytes in 45 msecs (HTTP/1.1 200) 4 headers in 157 bytes (1 switches on core 0)
2026-05-08 00:37:12.727 8 WARNING neutron.scheduler.dhcp_agent_scheduler [None req-04e3a36e-aff1-4093-8257-eb2564ba4090 e9d06a37c22e463e9ddc3760b054bf43 f84af913cc6b4a9891a0866503c79668 - - default default] No more DHCP agents
2026-05-08 00:37:12.729 8 WARNING neutron.api.rpc.agentnotifiers.dhcp_rpc_agent_api [None req-04e3a36e-aff1-4093-8257-eb2564ba4090 e9d06a37c22e463e9ddc3760b054bf43 f84af913cc6b4a9891a0866503c79668 - - default default] Unable to schedule network 5748ab8a-4936-41a3-b3f2-da6384d55765: no agents available; will retry on subsequent port and subnet creation events.
2026-05-08 00:37:12.772 7 INFO neutron.plugins.ml2.drivers.ovn.mech_driver.mech_driver [None req-67feb4ba-46d8-4918-955b-bdd996a203be - - - - - -] OVN reports status down for port: b9e0070f-f1cc-4928-aaae-542f71b32fc9
2026-05-08 00:37:12.801 8 INFO neutron.db.ovn_revision_numbers_db [None req-04e3a36e-aff1-4093-8257-eb2564ba4090 e9d06a37c22e463e9ddc3760b054bf43 f84af913cc6b4a9891a0866503c79668 - - default default] Successfully bumped revision number for resource b9e0070f-f1cc-4928-aaae-542f71b32fc9 (type: ports) to 1 [pid: 8|app: 0|req: 1031/2207] 10.0.0.94 () {34 vars in 669 bytes} [Fri May 8 00:37:12 2026] POST /v2.0/networks => generated 665 bytes in 735 msecs (HTTP/1.1 201) 4 headers in 162 bytes (1 switches on core 0)
2026-05-08 00:37:12.908 7 WARNING neutron.scheduler.dhcp_agent_scheduler [None req-eba5ec67-be09-42db-bbc0-7cb2f99f1a88 debbba89ed544f63ad2f63d44b7339cf 33220e7f62d14845ab991842c093f0a8 - - default default] No more DHCP agents
2026-05-08 00:37:12.909 7 WARNING neutron.api.rpc.agentnotifiers.dhcp_rpc_agent_api [None req-eba5ec67-be09-42db-bbc0-7cb2f99f1a88 debbba89ed544f63ad2f63d44b7339cf 33220e7f62d14845ab991842c093f0a8 - - default default] Unable to schedule network c2a75b9c-ac64-4e5f-83d5-f843d497e13a: no agents available; will retry on subsequent port and subnet creation events.
2026-05-08 00:37:12.932 8 INFO neutron_taas.services.taas.taas_plugin [None req-313449e9-11ef-4286-803a-ebb89bd8464c 2b43978b57ef49429af338404d5affbb 11bc426b68834d3ea5af02afa99be695 - - default default] TaaS: Handle Delete Port: d5ad7dd2-1f28-44f5-8da3-7430632d7f47
2026-05-08 00:37:12.935 8 INFO neutron_taas.services.taas.tap_mirror_plugin [None req-313449e9-11ef-4286-803a-ebb89bd8464c 2b43978b57ef49429af338404d5affbb 11bc426b68834d3ea5af02afa99be695 - - default default] Tap Mirror: Handle Delete Port: d5ad7dd2-1f28-44f5-8da3-7430632d7f47 [pid: 8|app: 0|req: 1032/2208] 10.0.0.94 () {32 vars in 725 bytes} [Fri May 8 00:37:12 2026] DELETE /v2.0/networks/298219e9-72b0-4d88-bbb4-04bbcd562b37 => generated 0 bytes in 292 msecs (HTTP/1.1 204) 3 headers in 131 bytes (1 switches on core 0) [pid: 8|app: 0|req: 1033/2209] 10.0.0.13 () {34 vars in 964 bytes} [Fri May 8 00:37:13 2026] GET /v2.0/quotas/ef50c66272024895b469ee7c487b1766 => generated 292 bytes in 8 msecs (HTTP/1.1 200) 4 headers in 157 bytes (1 switches on core 0)
2026-05-08 00:37:13.310 8 WARNING neutron.scheduler.dhcp_agent_scheduler [None req-394bef64-72f0-4a8b-b2e7-4d21c4f96109 e9d06a37c22e463e9ddc3760b054bf43 f84af913cc6b4a9891a0866503c79668 - - default default] No more DHCP agents
2026-05-08 00:37:13.311 8 WARNING neutron.api.rpc.agentnotifiers.dhcp_rpc_agent_api [None req-394bef64-72f0-4a8b-b2e7-4d21c4f96109 e9d06a37c22e463e9ddc3760b054bf43 f84af913cc6b4a9891a0866503c79668 - - default default] Unable to schedule network 5748ab8a-4936-41a3-b3f2-da6384d55765: no agents available; will retry on subsequent port and subnet creation events.
2026-05-08 00:37:13.327 7 INFO neutron.db.ovn_revision_numbers_db [None req-278e3923-dc1e-48c6-87b9-1cdf6721084d - - - - - -] Successfully bumped revision number for resource 745f6ebe-a105-4e25-8123-d122f66f1f79 (type: ports) to 2
2026-05-08 00:37:13.368 7 INFO neutron.db.ovn_revision_numbers_db [None req-278e3923-dc1e-48c6-87b9-1cdf6721084d - - - - - -] Successfully bumped revision number for resource 42114247-9252-4ed9-82b3-2be581b52e3e (type: subnets) to 0 [pid: 7|app: 0|req: 1177/2210] 10.0.0.94 () {34 vars in 668 bytes} [Fri May 8 00:37:12 2026] POST /v2.0/subnets => generated 626 bytes in 695 msecs (HTTP/1.1 201) 4 headers in 162 bytes (1 switches on core 0)
2026-05-08 00:37:13.505 7 INFO neutron_taas.services.taas.taas_plugin [None req-f78d4da5-0721-484b-9477-82df3a50e044 2b43978b57ef49429af338404d5affbb 11bc426b68834d3ea5af02afa99be695 - - default default] TaaS: Handle Delete Port: f3fc535d-d947-4899-aecd-564564b22604
2026-05-08 00:37:13.508 7 INFO neutron_taas.services.taas.tap_mirror_plugin [None req-f78d4da5-0721-484b-9477-82df3a50e044 2b43978b57ef49429af338404d5affbb 11bc426b68834d3ea5af02afa99be695 - - default default] Tap Mirror: Handle Delete Port: f3fc535d-d947-4899-aecd-564564b22604
2026-05-08 00:37:13.712 8 INFO neutron.db.ovn_revision_numbers_db [None req-3844726c-3a54-4ab0-90d0-0601eeccf5e1 - - - - - -] Successfully bumped revision number for resource b9e0070f-f1cc-4928-aaae-542f71b32fc9 (type: ports) to 2 [pid: 7|app: 0|req: 1178/2211] 10.0.0.94 () {32 vars in 725 bytes} [Fri May 8 00:37:13 2026] DELETE /v2.0/networks/ff9c34e8-1abb-4b65-a1bf-299f76058bbf => generated 0 bytes in 328 msecs (HTTP/1.1 204) 3 headers in 131 bytes (1 switches on core 0)
2026-05-08 00:37:13.744 8 INFO neutron.db.ovn_revision_numbers_db [None req-3844726c-3a54-4ab0-90d0-0601eeccf5e1 - - - - - -] Successfully bumped revision number for resource ae44b421-ef80-46d6-9170-9fbd50b709c4 (type: subnets) to 0 [pid: 8|app: 0|req: 1034/2212] 10.0.0.94 () {34 vars in 668 bytes} [Fri May 8 00:37:13 2026] POST /v2.0/subnets => generated 626 bytes in 634 msecs (HTTP/1.1 201) 4 headers in 162 bytes (1 switches on core 0) [pid: 7|app: 0|req: 1179/2213] 10.0.0.13 () {34 vars in 1001 bytes} [Fri May 8 00:37:13 2026] GET /v2.0/ports?tenant_id=ef50c66272024895b469ee7c487b1766&fields=id => generated 149 bytes in 69 msecs (HTTP/1.1 200) 4 headers in 157 bytes (1 switches on core 0)
2026-05-08 00:37:13.841 8 INFO neutron.db.segments_db [None req-5c384aeb-bdbd-403f-8ce8-32bd621486ae debbba89ed544f63ad2f63d44b7339cf 33220e7f62d14845ab991842c093f0a8 - - default default] Added segment 5189c964-e875-41ab-8598-a2a92c68c34c of type geneve for network 53bc5c5e-00db-42ae-861b-857835d3ce3d
2026-05-08 00:37:13.938 8 INFO neutron.db.ovn_revision_numbers_db [None req-5c384aeb-bdbd-403f-8ce8-32bd621486ae debbba89ed544f63ad2f63d44b7339cf 33220e7f62d14845ab991842c093f0a8 - - default default] Successfully bumped revision number for resource 53bc5c5e-00db-42ae-861b-857835d3ce3d (type: networks) to 1
2026-05-08 00:37:14.060 8 INFO neutron.services.segments.plugin [-] Segment 47f89941-174e-4e35-86d5-b4c3895cb264 resource provider aggregate not found
2026-05-08 00:37:14.065 8 INFO neutron.services.segments.plugin [-] Segment 47f89941-174e-4e35-86d5-b4c3895cb264 resource provider aggregate not found
2026-05-08 00:37:14.085 8 INFO neutron.services.segments.plugin [-] Segment 47f89941-174e-4e35-86d5-b4c3895cb264 resource provider not found; error: Placement Client Error (4xx): {"errors": [{"status": 404, "title": "Not Found", "detail": "The resource could not be found.\n\n No resource provider with uuid 47f89941-174e-4e35-86d5-b4c3895cb264 found for delete ", "request_id": "req-6e9e32b5-ac37-4447-b8ed-5804e219e1e7"}]}
2026-05-08 00:37:14.095 8 INFO neutron.services.segments.plugin [-] Segment 47f89941-174e-4e35-86d5-b4c3895cb264 resource provider not found; error: Placement Client Error (4xx): {"errors": [{"status": 404, "title": "Not Found", "detail": "The resource could not be found.\n\n No resource provider with uuid 47f89941-174e-4e35-86d5-b4c3895cb264 found for delete ", "request_id": "req-6a8a9866-080a-44da-a683-12967394a242"}]}
2026-05-08 00:37:14.113 8 WARNING neutron.scheduler.dhcp_agent_scheduler [None req-5c384aeb-bdbd-403f-8ce8-32bd621486ae debbba89ed544f63ad2f63d44b7339cf 33220e7f62d14845ab991842c093f0a8 - - default default] No more DHCP agents
2026-05-08 00:37:14.114 8 WARNING neutron.api.rpc.agentnotifiers.dhcp_rpc_agent_api [None req-5c384aeb-bdbd-403f-8ce8-32bd621486ae debbba89ed544f63ad2f63d44b7339cf 33220e7f62d14845ab991842c093f0a8 - - default default] Unable to schedule network 53bc5c5e-00db-42ae-861b-857835d3ce3d: no agents available; will retry on subsequent port and subnet creation events.
2026-05-08 00:37:14.155 7 INFO neutron.plugins.ml2.drivers.ovn.mech_driver.mech_driver [None req-67feb4ba-46d8-4918-955b-bdd996a203be - - - - - -] OVN reports status down for port: 0fc4fbe5-d0b6-4553-9a48-c64653adfab6
2026-05-08 00:37:14.177 7 WARNING neutron.scheduler.dhcp_agent_scheduler [None req-1753d68d-b019-4c6b-b850-4e3134fd04d0 e9d06a37c22e463e9ddc3760b054bf43 f84af913cc6b4a9891a0866503c79668 - - default default] No more DHCP agents
2026-05-08 00:37:14.182 7 WARNING neutron.api.rpc.agentnotifiers.dhcp_rpc_agent_api [None req-1753d68d-b019-4c6b-b850-4e3134fd04d0 e9d06a37c22e463e9ddc3760b054bf43 f84af913cc6b4a9891a0866503c79668 - - default default] Unable to schedule network 42b162ea-5281-4651-bb84-42dcc8020237: no agents available; will retry on subsequent port and subnet creation events.
2026-05-08 00:37:14.183 8 INFO neutron.db.ovn_revision_numbers_db [None req-5c384aeb-bdbd-403f-8ce8-32bd621486ae debbba89ed544f63ad2f63d44b7339cf 33220e7f62d14845ab991842c093f0a8 - - default default] Successfully bumped revision number for resource 0fc4fbe5-d0b6-4553-9a48-c64653adfab6 (type: ports) to 1 [pid: 8|app: 0|req: 1035/2214] 10.0.0.94 () {34 vars in 669 bytes} [Fri May 8 00:37:13 2026] POST /v2.0/networks => generated 670 bytes in 446 msecs (HTTP/1.1 201) 4 headers in 162 bytes (1 switches on core 0) [pid: 8|app: 0|req: 1036/2215] 10.0.0.13 () {34 vars in 1007 bytes} [Fri May 8 00:37:14 2026] GET /v2.0/networks/9ad87d8f-338d-4db5-bebf-0971203fbf9a?fields=segments => generated 14 bytes in 36 msecs (HTTP/1.1 200) 4 headers in 156 bytes (1 switches on core 0)
2026-05-08 00:37:14.321 7 INFO neutron.plugins.ml2.drivers.ovn.mech_driver.mech_driver [None req-67feb4ba-46d8-4918-955b-bdd996a203be - - - - - -] OVN reports status down for port: b0a777ee-b0d8-4143-a02c-443eb4844fe8 [pid: 8|app: 0|req: 1037/2216] 10.0.0.94 () {32 vars in 773 bytes} [Fri May 8 00:37:14 2026] GET /v2.0/security-groups?tenant_id=11bc426b68834d3ea5af02afa99be695&name=default => generated 2925 bytes in 113 msecs (HTTP/1.1 200) 4 headers in 158 bytes (1 switches on core 0)
2026-05-08 00:37:14.375 7 INFO neutron.db.ovn_revision_numbers_db [None req-1753d68d-b019-4c6b-b850-4e3134fd04d0 e9d06a37c22e463e9ddc3760b054bf43 f84af913cc6b4a9891a0866503c79668 - - default default] Successfully bumped revision number for resource b0a777ee-b0d8-4143-a02c-443eb4844fe8 (type: ports) to 1
2026-05-08 00:37:14.514 8 WARNING neutron.scheduler.dhcp_agent_scheduler [None req-501da848-6a80-46e6-a0de-718254dbef49 debbba89ed544f63ad2f63d44b7339cf 33220e7f62d14845ab991842c093f0a8 - - default default] No more DHCP agents
2026-05-08 00:37:14.516 8 WARNING neutron.api.rpc.agentnotifiers.dhcp_rpc_agent_api [None req-501da848-6a80-46e6-a0de-718254dbef49 debbba89ed544f63ad2f63d44b7339cf 33220e7f62d14845ab991842c093f0a8 - - default default] Unable to schedule network 53bc5c5e-00db-42ae-861b-857835d3ce3d: no agents available; will retry on subsequent port and subnet creation events.
2026-05-08 00:37:14.655 7 INFO neutron.services.segments.plugin [-] Segment 7189fafb-7a5d-4a56-9722-6e6c92a96099 resource provider aggregate not found
2026-05-08 00:37:14.660 7 INFO neutron.services.segments.plugin [-] Segment 7189fafb-7a5d-4a56-9722-6e6c92a96099 resource provider aggregate not found
2026-05-08 00:37:14.679 7 INFO neutron.services.segments.plugin [-] Segment 7189fafb-7a5d-4a56-9722-6e6c92a96099 resource provider not found; error: Placement Client Error (4xx): {"errors": [{"status": 404, "title": "Not Found", "detail": "The resource could not be found.\n\n No resource provider with uuid 7189fafb-7a5d-4a56-9722-6e6c92a96099 found for delete ", "request_id": "req-4f5589d4-a8d1-4ec1-87a9-1ad418455f5d"}]}
2026-05-08 00:37:14.681 7 INFO neutron.services.segments.plugin [-] Segment 7189fafb-7a5d-4a56-9722-6e6c92a96099 resource provider not found; error: Placement Client Error (4xx): {"errors": [{"status": 404, "title": "Not Found", "detail": "The resource could not be found.\n\n No resource provider with uuid 7189fafb-7a5d-4a56-9722-6e6c92a96099 found for delete ", "request_id": "req-64008c90-2f11-4f85-86f9-a98940c0edf0"}]}
2026-05-08 00:37:14.913 8 INFO neutron.db.ovn_revision_numbers_db [None req-93c437f5-6e6c-4bf5-9802-8067d239fb03 - - - - - -] Successfully bumped revision number for resource 0fc4fbe5-d0b6-4553-9a48-c64653adfab6 (type: ports) to 2
2026-05-08 00:37:14.940 8 INFO neutron.db.ovn_revision_numbers_db [None req-93c437f5-6e6c-4bf5-9802-8067d239fb03 - - - - - -] Successfully bumped revision number for resource 4acd4635-0bd5-4965-9380-6f5460598229 (type: subnets) to 0 [pid: 8|app: 0|req: 1038/2217] 10.0.0.94 () {34 vars in 668 bytes} [Fri May 8 00:37:14 2026] POST /v2.0/subnets => generated 629 bytes in 601 msecs (HTTP/1.1 201) 4 headers in 162 bytes (1 switches on core 0) [pid: 8|app: 0|req: 1039/2218] 10.0.0.13 () {34 vars in 1107 bytes} [Fri May 8 00:37:14 2026] GET /v2.0/networks/9ad87d8f-338d-4db5-bebf-0971203fbf9a?fields=provider%3Aphysical_network&fields=provider%3Anetwork_type => generated 79 bytes in 33 msecs (HTTP/1.1 200) 4 headers in 156 bytes (1 switches on core 0)
2026-05-08 00:37:15.021 7 INFO neutron.plugins.ml2.drivers.ovn.mech_driver.ovsdb.commands [None req-421e6457-faea-430e-b8a3-f0d921078361 - - - - - -] Schedule LRP lrp-b0a777ee-b0d8-4143-a02c-443eb4844fe8 on gateway dc12a94f-0dfc-4460-abaf-fbe435884e72 with priority 1
2026-05-08 00:37:15.045 7 INFO neutron.plugins.ml2.drivers.ovn.mech_driver.mech_driver [None req-67feb4ba-46d8-4918-955b-bdd996a203be - - - - - -] OVN reports status up for port: b0a777ee-b0d8-4143-a02c-443eb4844fe8
2026-05-08 00:37:15.070 7 INFO neutron.plugins.ml2.plugin [None req-67feb4ba-46d8-4918-955b-bdd996a203be - - - - - -] Attempt 1 to provision port b0a777ee-b0d8-4143-a02c-443eb4844fe8
2026-05-08 00:37:15.091 7 INFO neutron.db.ovn_revision_numbers_db [None req-1753d68d-b019-4c6b-b850-4e3134fd04d0 e9d06a37c22e463e9ddc3760b054bf43 f84af913cc6b4a9891a0866503c79668 - - default default] Successfully bumped revision number for resource b0a777ee-b0d8-4143-a02c-443eb4844fe8 (type: router_ports) to 1
2026-05-08 00:37:15.230 7 INFO neutron.db.ovn_revision_numbers_db [None req-1753d68d-b019-4c6b-b850-4e3134fd04d0 e9d06a37c22e463e9ddc3760b054bf43 f84af913cc6b4a9891a0866503c79668 - - default default] Successfully bumped revision number for resource 8ab6d4fe-38b9-4bd8-9264-7e8883abe169 (type: routers) to 2 [pid: 8|app: 0|req: 1040/2219] 10.0.0.94 () {32 vars in 739 bytes} [Fri May 8 00:37:14 2026] DELETE /v2.0/security-groups/5bf4f6c3-d953-4655-aefd-899a22b9032f => generated 0 bytes in 252 msecs (HTTP/1.1 204) 2 headers in 112 bytes (1 switches on core 0) [pid: 7|app: 0|req: 1180/2220] 10.0.0.94 () {34 vars in 668 bytes} [Fri May 8 00:37:13 2026] POST /v2.0/routers => generated 935 bytes in 1467 msecs (HTTP/1.1 201) 4 headers in 162 bytes (1 switches on core 0) [pid: 7|app: 0|req: 1181/2221] 10.0.0.13 () {34 vars in 989 bytes} [Fri May 8 00:37:15 2026] GET /v2.0/ports?device_id=11e98c19-02ff-4177-8106-8ef0bab5a41d => generated 12 bytes in 21 msecs (HTTP/1.1 200) 4 headers in 156 bytes (1 switches on core 0)
2026-05-08 00:37:15.328 8 INFO neutron.db.segments_db [None req-cf4f7072-460a-4bee-a23f-980a3938439b debbba89ed544f63ad2f63d44b7339cf 33220e7f62d14845ab991842c093f0a8 - - default default] Added segment 6074fd7d-4430-444a-a017-16877b2a8708 of type geneve for network 697da498-ffd8-4b27-a6d1-ce3f418df7f6
2026-05-08 00:37:15.450 8 INFO neutron.db.ovn_revision_numbers_db [None req-cf4f7072-460a-4bee-a23f-980a3938439b debbba89ed544f63ad2f63d44b7339cf 33220e7f62d14845ab991842c093f0a8 - - default default] Successfully bumped revision number for resource 697da498-ffd8-4b27-a6d1-ce3f418df7f6 (type: networks) to 1
2026-05-08 00:37:15.634 8 WARNING neutron.scheduler.dhcp_agent_scheduler [None req-cf4f7072-460a-4bee-a23f-980a3938439b debbba89ed544f63ad2f63d44b7339cf 33220e7f62d14845ab991842c093f0a8 - - default default] No more DHCP agents
2026-05-08 00:37:15.636 8 WARNING neutron.api.rpc.agentnotifiers.dhcp_rpc_agent_api [None req-cf4f7072-460a-4bee-a23f-980a3938439b debbba89ed544f63ad2f63d44b7339cf 33220e7f62d14845ab991842c093f0a8 - - default default] Unable to schedule network 697da498-ffd8-4b27-a6d1-ce3f418df7f6: no agents available; will retry on subsequent port and subnet creation events.
2026-05-08 00:37:15.713 8 INFO neutron.db.ovn_revision_numbers_db [None req-cf4f7072-460a-4bee-a23f-980a3938439b debbba89ed544f63ad2f63d44b7339cf 33220e7f62d14845ab991842c093f0a8 - - default default] Successfully bumped revision number for resource ceb6595d-d097-4225-b4b8-abad4ef3f1d0 (type: ports) to 1 [pid: 8|app: 0|req: 1041/2222] 10.0.0.94 () {34 vars in 669 bytes} [Fri May 8 00:37:15 2026] POST /v2.0/networks => generated 669 bytes in 497 msecs (HTTP/1.1 201) 4 headers in 162 bytes (1 switches on core 0)
2026-05-08 00:37:15.792 7 WARNING neutron.scheduler.dhcp_agent_scheduler [None req-5d14a135-27cc-4c71-a2b4-2e6fd80ba4f5 e9d06a37c22e463e9ddc3760b054bf43 f84af913cc6b4a9891a0866503c79668 - - default default] No more DHCP agents
2026-05-08 00:37:15.793 7 WARNING neutron.api.rpc.agentnotifiers.dhcp_rpc_agent_api [None req-5d14a135-27cc-4c71-a2b4-2e6fd80ba4f5 e9d06a37c22e463e9ddc3760b054bf43 f84af913cc6b4a9891a0866503c79668 - - default default] Unable to schedule network 5748ab8a-4936-41a3-b3f2-da6384d55765: no agents available; will retry on subsequent port and subnet creation events.
2026-05-08 00:37:15.905 8 INFO neutron.plugins.ml2.drivers.ovn.mech_driver.mech_driver [None req-dd8c74e6-584d-4db2-a161-eb4b2ee71c95 - - - - - -] OVN reports status down for port: 052a01e2-0805-4f45-a0f0-b4878288fe08
2026-05-08 00:37:15.934 7 INFO neutron.db.ovn_revision_numbers_db [None req-5d14a135-27cc-4c71-a2b4-2e6fd80ba4f5 e9d06a37c22e463e9ddc3760b054bf43 f84af913cc6b4a9891a0866503c79668 - - default default] Successfully bumped revision number for resource 052a01e2-0805-4f45-a0f0-b4878288fe08 (type: ports) to 1
2026-05-08 00:37:15.983 8 WARNING neutron.scheduler.dhcp_agent_scheduler [None req-8a704d12-11a5-4d16-af73-0842afab1ff7 debbba89ed544f63ad2f63d44b7339cf 33220e7f62d14845ab991842c093f0a8 - - default default] No more DHCP agents
2026-05-08 00:37:15.985 8 WARNING neutron.api.rpc.agentnotifiers.dhcp_rpc_agent_api [None req-8a704d12-11a5-4d16-af73-0842afab1ff7 debbba89ed544f63ad2f63d44b7339cf 33220e7f62d14845ab991842c093f0a8 - - default default] Unable to schedule network 697da498-ffd8-4b27-a6d1-ce3f418df7f6: no agents available; will retry on subsequent port and subnet creation events.
2026-05-08 00:37:16.427 8 INFO neutron.db.ovn_revision_numbers_db [None req-259df9b4-30fa-4954-b5c1-129cfe1ae97f - - - - - -] Successfully bumped revision number for resource ceb6595d-d097-4225-b4b8-abad4ef3f1d0 (type: ports) to 2
2026-05-08 00:37:16.455 8 INFO neutron.db.ovn_revision_numbers_db [None req-259df9b4-30fa-4954-b5c1-129cfe1ae97f - - - - - -] Successfully bumped revision number for resource 7149ec0d-6a29-4e04-9c97-2488e76ce314 (type: subnets) to 0 [pid: 8|app: 0|req: 1042/2223] 10.0.0.94 () {34 vars in 668 bytes} [Fri May 8 00:37:15 2026] POST /v2.0/subnets => generated 629 bytes in 726 msecs (HTTP/1.1 201) 4 headers in 162 bytes (1 switches on core 0) [pid: 8|app: 0|req: 1043/2224] 10.0.0.13 () {34 vars in 989 bytes} [Fri May 8 00:37:16 2026] GET /v2.0/ports?device_id=11e98c19-02ff-4177-8106-8ef0bab5a41d => generated 12 bytes in 19 msecs (HTTP/1.1 200) 4 headers in 156 bytes (1 switches on core 0)
2026-05-08 00:37:16.553 8 INFO neutron.plugins.ml2.drivers.ovn.mech_driver.mech_driver [None req-dd8c74e6-584d-4db2-a161-eb4b2ee71c95 - - - - - -] OVN reports status up for port: 052a01e2-0805-4f45-a0f0-b4878288fe08
2026-05-08 00:37:16.565 8 INFO neutron.plugins.ml2.plugin [None req-dd8c74e6-584d-4db2-a161-eb4b2ee71c95 - - - - - -] Attempt 1 to provision port 052a01e2-0805-4f45-a0f0-b4878288fe08
2026-05-08 00:37:16.589 8 INFO neutron.db.segments_db [None req-13583451-165e-41d8-8dfe-8f05bd5edf36 debbba89ed544f63ad2f63d44b7339cf 33220e7f62d14845ab991842c093f0a8 - - default default] Added segment 192b7be9-8279-40c6-9e27-301c20aa3b13 of type geneve for network c6ab418e-535b-4de9-b109-1b30ead54e84
2026-05-08 00:37:16.621 7 WARNING neutron.scheduler.dhcp_agent_scheduler [None req-5d14a135-27cc-4c71-a2b4-2e6fd80ba4f5 e9d06a37c22e463e9ddc3760b054bf43 f84af913cc6b4a9891a0866503c79668 - - default default] No more DHCP agents
2026-05-08 00:37:16.622 7 WARNING neutron.api.rpc.agentnotifiers.dhcp_rpc_agent_api [None req-5d14a135-27cc-4c71-a2b4-2e6fd80ba4f5 e9d06a37c22e463e9ddc3760b054bf43 f84af913cc6b4a9891a0866503c79668 - - default default] Unable to schedule network 5748ab8a-4936-41a3-b3f2-da6384d55765: no agents available; will retry on subsequent port and subnet creation events.
2026-05-08 00:37:16.800 8 INFO neutron.db.ovn_revision_numbers_db [None req-13583451-165e-41d8-8dfe-8f05bd5edf36 debbba89ed544f63ad2f63d44b7339cf 33220e7f62d14845ab991842c093f0a8 - - default default] Successfully bumped revision number for resource c6ab418e-535b-4de9-b109-1b30ead54e84 (type: networks) to 1
2026-05-08 00:37:17.035 7 INFO neutron.db.ovn_revision_numbers_db [None req-5d14a135-27cc-4c71-a2b4-2e6fd80ba4f5 e9d06a37c22e463e9ddc3760b054bf43 f84af913cc6b4a9891a0866503c79668 - - default default] Successfully bumped revision number for resource 052a01e2-0805-4f45-a0f0-b4878288fe08 (type: router_ports) to 1 [pid: 7|app: 0|req: 1182/2225] 10.0.0.94 () {34 vars in 782 bytes} [Fri May 8 00:37:15 2026] PUT /v2.0/routers/8ab6d4fe-38b9-4bd8-9264-7e8883abe169/add_router_interface => generated 309 bytes in 1768 msecs (HTTP/1.1 200) 4 headers in 157 bytes (1 switches on core 0)
2026-05-08 00:37:17.063 8 WARNING neutron.scheduler.dhcp_agent_scheduler [None req-13583451-165e-41d8-8dfe-8f05bd5edf36 debbba89ed544f63ad2f63d44b7339cf 33220e7f62d14845ab991842c093f0a8 - - default default] No more DHCP agents
2026-05-08 00:37:17.076 8 WARNING neutron.api.rpc.agentnotifiers.dhcp_rpc_agent_api [None req-13583451-165e-41d8-8dfe-8f05bd5edf36 debbba89ed544f63ad2f63d44b7339cf 33220e7f62d14845ab991842c093f0a8 - - default default] Unable to schedule network c6ab418e-535b-4de9-b109-1b30ead54e84: no agents available; will retry on subsequent port and subnet creation events.
2026-05-08 00:37:17.230 8 INFO neutron.db.ovn_revision_numbers_db [None req-13583451-165e-41d8-8dfe-8f05bd5edf36 debbba89ed544f63ad2f63d44b7339cf 33220e7f62d14845ab991842c093f0a8 - - default default] Successfully bumped revision number for resource 0993a25c-f6d6-4575-b462-bd97da7bfb55 (type: ports) to 1 [pid: 8|app: 0|req: 1044/2226] 10.0.0.94 () {34 vars in 669 bytes} [Fri May 8 00:37:16 2026] POST /v2.0/networks => generated 670 bytes in 776 msecs (HTTP/1.1 201) 4 headers in 162 bytes (1 switches on core 0)
2026-05-08 00:37:17.349 7 INFO neutron.db.ovn_revision_numbers_db [None req-acae67a5-83de-44d9-82a3-232611d5c556 57339593f1884212a59c71035aacd6b3 f3e9765fd3d445a5ba62aa03a7619e54 - - default default] Successfully bumped revision number for resource becff978-bbe4-4b15-923d-34cc5deaa73e (type: security_groups) to 1
2026-05-08 00:37:17.362 7 INFO neutron.db.ovn_revision_numbers_db [None req-acae67a5-83de-44d9-82a3-232611d5c556 57339593f1884212a59c71035aacd6b3 f3e9765fd3d445a5ba62aa03a7619e54 - - default default] Successfully bumped revision number for resource 3390ac60-32a6-4f0a-ab91-346f066ac287 (type: security_group_rules) to 0
2026-05-08 00:37:17.374 7 INFO neutron.db.ovn_revision_numbers_db [None req-acae67a5-83de-44d9-82a3-232611d5c556 57339593f1884212a59c71035aacd6b3 f3e9765fd3d445a5ba62aa03a7619e54 - - default default] Successfully bumped revision number for resource e0652a06-8eea-4a51-b4c9-a86cdc7b3bfa (type: security_group_rules) to 0
2026-05-08 00:37:17.386 7 INFO neutron.db.ovn_revision_numbers_db [None req-acae67a5-83de-44d9-82a3-232611d5c556 57339593f1884212a59c71035aacd6b3 f3e9765fd3d445a5ba62aa03a7619e54 - - default default] Successfully bumped revision number for resource e4965b1d-326f-4da5-8745-5a8c72f7f206 (type: security_group_rules) to 0
2026-05-08 00:37:17.395 7 INFO neutron.db.ovn_revision_numbers_db [None req-acae67a5-83de-44d9-82a3-232611d5c556 57339593f1884212a59c71035aacd6b3 f3e9765fd3d445a5ba62aa03a7619e54 - - default default] Successfully bumped revision number for resource e64ab455-dbb6-4ca6-851e-5e5984807f00 (type: security_group_rules) to 0
2026-05-08 00:37:17.508 7 INFO neutron.db.ovn_revision_numbers_db [None req-acae67a5-83de-44d9-82a3-232611d5c556 57339593f1884212a59c71035aacd6b3 f3e9765fd3d445a5ba62aa03a7619e54 - - default default] Successfully bumped revision number for resource ddb43567-a86e-4d2a-bdc0-b55ba1585a5f (type: security_groups) to 1
2026-05-08 00:37:17.520 7 INFO neutron.db.ovn_revision_numbers_db [None req-acae67a5-83de-44d9-82a3-232611d5c556 57339593f1884212a59c71035aacd6b3 f3e9765fd3d445a5ba62aa03a7619e54 - - default default] Successfully bumped revision number for resource 16016e43-573d-40bc-87f7-c3899a60bc71 (type: security_group_rules) to 0
2026-05-08 00:37:17.532 7 INFO neutron.db.ovn_revision_numbers_db [None req-acae67a5-83de-44d9-82a3-232611d5c556 57339593f1884212a59c71035aacd6b3 f3e9765fd3d445a5ba62aa03a7619e54 - - default default] Successfully bumped revision number for resource 9649bc92-c8b0-4671-9d4b-1566d55ce4b3 (type: security_group_rules) to 0
2026-05-08 00:37:17.545 8 INFO neutron.db.ovn_revision_numbers_db [None req-dd8c74e6-584d-4db2-a161-eb4b2ee71c95 - - - - - -] Successfully bumped revision number for resource 052a01e2-0805-4f45-a0f0-b4878288fe08 (type: ports) to 2 [pid: 7|app: 0|req: 1183/2227] 10.0.0.94 () {34 vars in 683 bytes} [Fri May 8 00:37:17 2026] POST /v2.0/security-groups => generated 1625 bytes in 522 msecs (HTTP/1.1 201) 4 headers in 163 bytes (1 switches on core 0)
2026-05-08 00:37:17.730 7 WARNING neutron.scheduler.dhcp_agent_scheduler [None req-aaf15901-f36c-473d-91e5-e50a624dfd1c debbba89ed544f63ad2f63d44b7339cf 33220e7f62d14845ab991842c093f0a8 - - default default] No more DHCP agents
2026-05-08 00:37:17.731 7 WARNING neutron.api.rpc.agentnotifiers.dhcp_rpc_agent_api [None req-aaf15901-f36c-473d-91e5-e50a624dfd1c debbba89ed544f63ad2f63d44b7339cf 33220e7f62d14845ab991842c093f0a8 - - default default] Unable to schedule network c6ab418e-535b-4de9-b109-1b30ead54e84: no agents available; will retry on subsequent port and subnet creation events.
2026-05-08 00:37:18.199 7 INFO neutron.db.ovn_revision_numbers_db [None req-8056f564-8ba1-441b-95ff-19a415daeeea - - - - - -] Successfully bumped revision number for resource 0993a25c-f6d6-4575-b462-bd97da7bfb55 (type: ports) to 2
2026-05-08 00:37:18.224 7 INFO neutron.db.ovn_revision_numbers_db [None req-8056f564-8ba1-441b-95ff-19a415daeeea - - - - - -] Successfully bumped revision number for resource 047720a9-9950-4eb2-962d-9bf0dc33c3b8 (type: subnets) to 0 [pid: 7|app: 0|req: 1184/2228] 10.0.0.94 () {34 vars in 668 bytes} [Fri May 8 00:37:17 2026] POST /v2.0/subnets => generated 629 bytes in 675 msecs (HTTP/1.1 201) 4 headers in 162 bytes (1 switches on core 0) [pid: 7|app: 0|req: 1185/2229] 10.0.0.13 () {34 vars in 989 bytes} [Fri May 8 00:37:18 2026] GET /v2.0/ports?device_id=11e98c19-02ff-4177-8106-8ef0bab5a41d => generated 12 bytes in 19 msecs (HTTP/1.1 200) 4 headers in 156 bytes (1 switches on core 0) [pid: 7|app: 0|req: 1186/2230] 10.0.0.94 () {32 vars in 662 bytes} [Fri May 8 00:37:18 2026] GET /v2.0/security-groups => generated 4530 bytes in 36 msecs (HTTP/1.1 200) 4 headers in 158 bytes (1 switches on core 0)
2026-05-08 00:37:18.373 7 INFO neutron.db.segments_db [None req-3c7799ae-44da-4543-a2f1-15354fb1620b debbba89ed544f63ad2f63d44b7339cf 33220e7f62d14845ab991842c093f0a8 - - default default] Added segment 84087e26-4c3c-4566-b952-8acfb7b983d1 of type geneve for network 5b94b1ad-9e91-4380-9f4f-5ccc77ef9bd2
2026-05-08 00:37:18.476 7 INFO neutron.db.ovn_revision_numbers_db [None req-3c7799ae-44da-4543-a2f1-15354fb1620b debbba89ed544f63ad2f63d44b7339cf 33220e7f62d14845ab991842c093f0a8 - - default default] Successfully bumped revision number for resource 5b94b1ad-9e91-4380-9f4f-5ccc77ef9bd2 (type: networks) to 1
2026-05-08 00:37:18.513 8 WARNING neutron.scheduler.dhcp_agent_scheduler [None req-646d8134-bdc0-429a-bd5f-0bdc1b24b991 - - - - - -] No more DHCP agents
2026-05-08 00:37:18.514 8 WARNING neutron.api.rpc.agentnotifiers.dhcp_rpc_agent_api [None req-646d8134-bdc0-429a-bd5f-0bdc1b24b991 - - - - - -] Unable to schedule network 42b162ea-5281-4651-bb84-42dcc8020237: no agents available; will retry on subsequent port and subnet creation events.
2026-05-08 00:37:18.646 8 INFO neutron.db.ovn_revision_numbers_db [None req-646d8134-bdc0-429a-bd5f-0bdc1b24b991 - - - - - -] Successfully bumped revision number for resource b27087ed-0b4c-49a9-8d0f-85028bc518d8 (type: ports) to 1
2026-05-08 00:37:18.658 7 WARNING neutron.scheduler.dhcp_agent_scheduler [None req-3c7799ae-44da-4543-a2f1-15354fb1620b debbba89ed544f63ad2f63d44b7339cf 33220e7f62d14845ab991842c093f0a8 - - default default] No more DHCP agents
2026-05-08 00:37:18.659 7 WARNING neutron.api.rpc.agentnotifiers.dhcp_rpc_agent_api [None req-3c7799ae-44da-4543-a2f1-15354fb1620b debbba89ed544f63ad2f63d44b7339cf 33220e7f62d14845ab991842c093f0a8 - - default default] Unable to schedule network 5b94b1ad-9e91-4380-9f4f-5ccc77ef9bd2: no agents available; will retry on subsequent port and subnet creation events.
2026-05-08 00:37:18.751 7 INFO neutron.db.ovn_revision_numbers_db [None req-3c7799ae-44da-4543-a2f1-15354fb1620b debbba89ed544f63ad2f63d44b7339cf 33220e7f62d14845ab991842c093f0a8 - - default default] Successfully bumped revision number for resource d3f9d006-82e1-41b7-90fc-8ffb21c7b3f4 (type: ports) to 1 [pid: 7|app: 0|req: 1187/2231] 10.0.0.94 () {34 vars in 669 bytes} [Fri May 8 00:37:18 2026] POST /v2.0/networks => generated 668 bytes in 475 msecs (HTTP/1.1 201) 4 headers in 162 bytes (1 switches on core 0)
2026-05-08 00:37:18.839 7 INFO neutron.db.ovn_revision_numbers_db [None req-267edb1e-4610-4f61-b780-24826193759f 57339593f1884212a59c71035aacd6b3 f3e9765fd3d445a5ba62aa03a7619e54 - - default default] Successfully bumped revision number for resource ddb43567-a86e-4d2a-bdc0-b55ba1585a5f (type: security_groups) to 2 [pid: 7|app: 0|req: 1188/2232] 10.0.0.94 () {34 vars in 757 bytes} [Fri May 8 00:37:18 2026] PUT /v2.0/security-groups/ddb43567-a86e-4d2a-bdc0-b55ba1585a5f => generated 1663 bytes in 99 msecs (HTTP/1.1 200) 4 headers in 158 bytes (1 switches on core 0)
2026-05-08 00:37:18.896 8 INFO neutron.db.ovn_revision_numbers_db [None req-646d8134-bdc0-429a-bd5f-0bdc1b24b991 - - - - - -] Successfully bumped revision number for resource b27087ed-0b4c-49a9-8d0f-85028bc518d8 (type: ports) to 3
2026-05-08 00:37:18.961 8 INFO neutron.db.segments_db [None req-646d8134-bdc0-429a-bd5f-0bdc1b24b991 - - - - - -] Added segment 1098d7e1-d36b-40d7-a2f0-00375b98b390 of type geneve for network 61a2b622-4baa-45e9-af23-2cfc03b95d23
2026-05-08 00:37:19.048 7 WARNING neutron.scheduler.dhcp_agent_scheduler [None req-245c042e-4f76-485e-8594-e4b4111f884f debbba89ed544f63ad2f63d44b7339cf 33220e7f62d14845ab991842c093f0a8 - - default default] No more DHCP agents
2026-05-08 00:37:19.051 7 WARNING neutron.api.rpc.agentnotifiers.dhcp_rpc_agent_api [None req-245c042e-4f76-485e-8594-e4b4111f884f debbba89ed544f63ad2f63d44b7339cf 33220e7f62d14845ab991842c093f0a8 - - default default] Unable to schedule network 5b94b1ad-9e91-4380-9f4f-5ccc77ef9bd2: no agents available; will retry on subsequent port and subnet creation events.
2026-05-08 00:37:19.081 8 INFO neutron.db.ovn_revision_numbers_db [None req-9ddf4ac3-7972-4f2a-a058-4b7d8d800090 - - - - - -] Successfully bumped revision number for resource 61a2b622-4baa-45e9-af23-2cfc03b95d23 (type: networks) to 1
2026-05-08 00:37:19.217 8 WARNING neutron.scheduler.dhcp_agent_scheduler [None req-9ddf4ac3-7972-4f2a-a058-4b7d8d800090 - - - - - -] No more DHCP agents
2026-05-08 00:37:19.219 8 WARNING neutron.api.rpc.agentnotifiers.dhcp_rpc_agent_api [None req-9ddf4ac3-7972-4f2a-a058-4b7d8d800090 - - - - - -] Unable to schedule network 61a2b622-4baa-45e9-af23-2cfc03b95d23: no agents available; will retry on subsequent port and subnet creation events.
2026-05-08 00:37:19.305 8 INFO neutron.db.ovn_revision_numbers_db [None req-9ddf4ac3-7972-4f2a-a058-4b7d8d800090 - - - - - -] Successfully bumped revision number for resource 0fe24427-e17b-4ca0-b61d-35cc6dddd535 (type: ports) to 1
2026-05-08 00:37:19.430 8 WARNING neutron.scheduler.dhcp_agent_scheduler [None req-9ddf4ac3-7972-4f2a-a058-4b7d8d800090 - - - - - -] No more DHCP agents
2026-05-08 00:37:19.431 8 WARNING neutron.api.rpc.agentnotifiers.dhcp_rpc_agent_api [None req-9ddf4ac3-7972-4f2a-a058-4b7d8d800090 - - - - - -] Unable to schedule network 61a2b622-4baa-45e9-af23-2cfc03b95d23: no agents available; will retry on subsequent port and subnet creation events.
2026-05-08 00:37:19.461 8 INFO neutron.db.ovn_revision_numbers_db [None req-9ddf4ac3-7972-4f2a-a058-4b7d8d800090 - - - - - -] Successfully bumped revision number for resource ff83fc1b-3352-43ec-8a51-41f9e7917345 (type: subnets) to 0
2026-05-08 00:37:19.490 7 INFO neutron.db.ovn_revision_numbers_db [None req-6c0f8422-61fc-4717-a307-6245bca0b6c6 - - - - - -] Successfully bumped revision number for resource d3f9d006-82e1-41b7-90fc-8ffb21c7b3f4 (type: ports) to 2
2026-05-08 00:37:19.520 7 INFO neutron.db.ovn_revision_numbers_db [None req-6c0f8422-61fc-4717-a307-6245bca0b6c6 - - - - - -] Successfully bumped revision number for resource 2bae132d-c3f1-4c61-a493-5418a24ccf15 (type: subnets) to 0 [pid: 7|app: 0|req: 1189/2233] 10.0.0.94 () {34 vars in 668 bytes} [Fri May 8 00:37:18 2026] POST /v2.0/subnets => generated 629 bytes in 670 msecs (HTTP/1.1 201) 4 headers in 162 bytes (1 switches on core 0) [pid: 7|app: 0|req: 1190/2234] 10.0.0.94 () {32 vars in 736 bytes} [Fri May 8 00:37:19 2026] GET /v2.0/security-groups/ddb43567-a86e-4d2a-bdc0-b55ba1585a5f => generated 1663 bytes in 19 msecs (HTTP/1.1 200) 4 headers in 158 bytes (1 switches on core 0) [pid: 7|app: 0|req: 1191/2235] 10.0.0.13 () {34 vars in 989 bytes} [Fri May 8 00:37:19 2026] GET /v2.0/ports?device_id=11e98c19-02ff-4177-8106-8ef0bab5a41d => generated 12 bytes in 15 msecs (HTTP/1.1 200) 4 headers in 156 bytes (1 switches on core 0) [pid: 7|app: 0|req: 1192/2236] 199.19.213.213 () {34 vars in 986 bytes} [Fri May 8 00:37:19 2026] GET /v2.0/networks?id=9ad87d8f-338d-4db5-bebf-0971203fbf9a => generated 698 bytes in 37 msecs (HTTP/1.1 200) 4 headers in 157 bytes (1 switches on core 0) [pid: 7|app: 0|req: 1193/2237] 10.0.0.94 () {34 vars in 750 bytes} [Fri May 8 00:37:19 2026] PUT /v2.0/subnets/42114247-9252-4ed9-82b3-2be581b52e3e/tags => generated 17 bytes in 63 msecs (HTTP/1.1 200) 4 headers in 156 bytes (1 switches on core 0) [pid: 7|app: 0|req: 1194/2238] 10.0.0.94 () {32 vars in 739 bytes} [Fri May 8 00:37:19 2026] DELETE /v2.0/security-groups/ddb43567-a86e-4d2a-bdc0-b55ba1585a5f => generated 0 bytes in 124 msecs (HTTP/1.1 204) 2 headers in 112 bytes (1 switches on core 0)
2026-05-08 00:37:19.837 8 WARNING neutron.scheduler.dhcp_agent_scheduler [None req-9ddf4ac3-7972-4f2a-a058-4b7d8d800090 - - - - - -] No more DHCP agents
2026-05-08 00:37:19.841 8 WARNING neutron.api.rpc.agentnotifiers.dhcp_rpc_agent_api [None req-9ddf4ac3-7972-4f2a-a058-4b7d8d800090 - - - - - -] Unable to schedule network 61a2b622-4baa-45e9-af23-2cfc03b95d23: no agents available; will retry on subsequent port and subnet creation events. [pid: 7|app: 0|req: 1195/2239] 199.19.213.213 () {34 vars in 1050 bytes} [Fri May 8 00:37:19 2026] GET /v2.0/security-groups?fields=id&fields=name&tenant_id=ef50c66272024895b469ee7c487b1766 => generated 274 bytes in 61 msecs (HTTP/1.1 200) 4 headers in 157 bytes (1 switches on core 0) [pid: 7|app: 0|req: 1196/2240] 10.0.0.94 () {34 vars in 750 bytes} [Fri May 8 00:37:19 2026] PUT /v2.0/subnets/4acd4635-0bd5-4965-9380-6f5460598229/tags => generated 25 bytes in 56 msecs (HTTP/1.1 200) 4 headers in 156 bytes (1 switches on core 0) [pid: 7|app: 0|req: 1197/2241] 10.0.0.94 () {32 vars in 662 bytes} [Fri May 8 00:37:19 2026] GET /v2.0/security-groups => generated 2925 bytes in 31 msecs (HTTP/1.1 200) 4 headers in 158 bytes (1 switches on core 0)
2026-05-08 00:37:20.029 8 INFO neutron.db.ovn_revision_numbers_db [None req-9ddf4ac3-7972-4f2a-a058-4b7d8d800090 - - - - - -] Successfully bumped revision number for resource d0f91cc2-84a3-460c-9d66-7134eb2dcd0d (type: ports) to 1
2026-05-08 00:37:20.244 7 WARNING neutron.scheduler.dhcp_agent_scheduler [req-a20c9bd2-d184-4d42-9aba-37880c741725 req-6961b1e5-191e-4778-8d2e-6f46915bc98d cc43d344280a44bba878f32c852317ef ef50c66272024895b469ee7c487b1766 - - default default] No more DHCP agents
2026-05-08 00:37:20.246 7 WARNING neutron.api.rpc.agentnotifiers.dhcp_rpc_agent_api [req-a20c9bd2-d184-4d42-9aba-37880c741725 req-6961b1e5-191e-4778-8d2e-6f46915bc98d cc43d344280a44bba878f32c852317ef ef50c66272024895b469ee7c487b1766 - - default default] Unable to schedule network 9ad87d8f-338d-4db5-bebf-0971203fbf9a: no agents available; will retry on subsequent port and subnet creation events.
2026-05-08 00:37:20.397 7 INFO neutron.db.ovn_revision_numbers_db [req-a20c9bd2-d184-4d42-9aba-37880c741725 req-6961b1e5-191e-4778-8d2e-6f46915bc98d cc43d344280a44bba878f32c852317ef ef50c66272024895b469ee7c487b1766 - - default default] Successfully bumped revision number for resource ba1967d7-c9ba-49b0-bdf7-f1b02f298a21 (type: ports) to 1 [pid: 7|app: 0|req: 1198/2242] 199.19.213.213 () {38 vars in 955 bytes} [Fri May 8 00:37:19 2026] POST /v2.0/ports => generated 954 bytes in 501 msecs (HTTP/1.1 201) 4 headers in 162 bytes (1 switches on core 0) /var/lib/openstack/lib/python3.12/site-packages/pycadf/identifier.py:70: UserWarning: Invalid uuid: neutron. To ensure interoperability, identifiers should be a valid uuid. warnings.warn(('Invalid uuid: %s. To ensure interoperability, ' [pid: 7|app: 0|req: 1199/2243] 10.0.0.94 () {34 vars in 750 bytes} [Fri May 8 00:37:20 2026] PUT /v2.0/subnets/7149ec0d-6a29-4e04-9c97-2488e76ce314/tags => generated 34 bytes in 51 msecs (HTTP/1.1 200) 4 headers in 156 bytes (1 switches on core 0)
2026-05-08 00:37:20.515 7 INFO neutron.api.v2.resource [None req-ab9c787f-4f9c-457b-a10f-4f312888263d 57339593f1884212a59c71035aacd6b3 f3e9765fd3d445a5ba62aa03a7619e54 - - default default] delete failed (client error): The resource could not be found. [pid: 7|app: 0|req: 1200/2244] 10.0.0.94 () {32 vars in 739 bytes} [Fri May 8 00:37:20 2026] DELETE /v2.0/security-groups/ddb43567-a86e-4d2a-bdc0-b55ba1585a5f => generated 146 bytes in 11 msecs (HTTP/1.1 404) 4 headers in 164 bytes (1 switches on core 0)
2026-05-08 00:37:20.670 8 WARNING neutron.scheduler.dhcp_agent_scheduler [None req-9ddf4ac3-7972-4f2a-a058-4b7d8d800090 - - - - - -] No more DHCP agents
2026-05-08 00:37:20.672 8 WARNING neutron.api.rpc.agentnotifiers.dhcp_rpc_agent_api [None req-9ddf4ac3-7972-4f2a-a058-4b7d8d800090 - - - - - -] Unable to schedule network 61a2b622-4baa-45e9-af23-2cfc03b95d23: no agents available; will retry on subsequent port and subnet creation events.
2026-05-08 00:37:20.877 7 WARNING neutron.plugins.ml2.drivers.ovn.mech_driver.ovsdb.ovn_client [None req-67feb4ba-46d8-4918-955b-bdd996a203be - - - - - -] No hosting information found for port b0a777ee-b0d8-4143-a02c-443eb4844fe8: RuntimeError: No hosting information found for port b0a777ee-b0d8-4143-a02c-443eb4844fe8
2026-05-08 00:37:20.878 7 INFO neutron.plugins.ml2.drivers.ovn.mech_driver.mech_driver [None req-67feb4ba-46d8-4918-955b-bdd996a203be - - - - - -] OVN reports status down for port: ceb6595d-d097-4225-b4b8-abad4ef3f1d0
2026-05-08 00:37:20.904 7 INFO neutron.db.ovn_revision_numbers_db [req-a20c9bd2-d184-4d42-9aba-37880c741725 req-1cadbfc6-7c20-423f-ac50-0bec4c77802b e406cf22705944b2ae09c641d3c64166 6b9510b8b2a34891a55be91df8398edf - - 43948d061a0e4659a602e4120d0d44dc 43948d061a0e4659a602e4120d0d44dc] Successfully bumped revision number for resource ba1967d7-c9ba-49b0-bdf7-f1b02f298a21 (type: ports) to 2
2026-05-08 00:37:20.973 7 INFO neutron.plugins.ml2.drivers.ovn.mech_driver.mech_driver [None req-67feb4ba-46d8-4918-955b-bdd996a203be - - - - - -] OVN reports status down for port: b27087ed-0b4c-49a9-8d0f-85028bc518d8
2026-05-08 00:37:21.096 7 INFO neutron.plugins.ml2.drivers.ovn.mech_driver.mech_driver [None req-67feb4ba-46d8-4918-955b-bdd996a203be - - - - - -] OVN reports status down for port: d3f9d006-82e1-41b7-90fc-8ffb21c7b3f4
2026-05-08 00:37:21.200 8 INFO neutron.db.ovn_revision_numbers_db [None req-9ddf4ac3-7972-4f2a-a058-4b7d8d800090 - - - - - -] Successfully bumped revision number for resource d0f91cc2-84a3-460c-9d66-7134eb2dcd0d (type: router_ports) to 1
2026-05-08 00:37:21.241 7 INFO neutron.db.ovn_revision_numbers_db [req-a20c9bd2-d184-4d42-9aba-37880c741725 req-1cadbfc6-7c20-423f-ac50-0bec4c77802b e406cf22705944b2ae09c641d3c64166 6b9510b8b2a34891a55be91df8398edf - - 43948d061a0e4659a602e4120d0d44dc 43948d061a0e4659a602e4120d0d44dc] Successfully bumped revision number for resource ba1967d7-c9ba-49b0-bdf7-f1b02f298a21 (type: ports) to 4 [pid: 7|app: 0|req: 1201/2245] 199.19.213.213 () {38 vars in 1028 bytes} [Fri May 8 00:37:20 2026] PUT /v2.0/ports/ba1967d7-c9ba-49b0-bdf7-f1b02f298a21 => generated 1204 bytes in 744 msecs (HTTP/1.1 200) 4 headers in 158 bytes (1 switches on core 0) /var/lib/openstack/lib/python3.12/site-packages/pycadf/identifier.py:70: UserWarning: Invalid uuid: neutron. To ensure interoperability, identifiers should be a valid uuid. warnings.warn(('Invalid uuid: %s. To ensure interoperability, '
2026-05-08 00:37:21.306 7 INFO neutron.notifiers.nova [-] Nova event matching ['req-47fa2e96-a739-47de-af47-3274556c6e17'] response: {'name': 'network-changed', 'server_uuid': '11e98c19-02ff-4177-8106-8ef0bab5a41d', 'tag': 'ba1967d7-c9ba-49b0-bdf7-f1b02f298a21', 'status': 'completed', 'code': 200} [pid: 7|app: 0|req: 1202/2246] 10.0.0.94 () {34 vars in 750 bytes} [Fri May 8 00:37:21 2026] PUT /v2.0/subnets/047720a9-9950-4eb2-962d-9bf0dc33c3b8/tags => generated 19 bytes in 55 msecs (HTTP/1.1 200) 4 headers in 156 bytes (1 switches on core 0)
2026-05-08 00:37:21.424 8 WARNING neutron.scheduler.dhcp_agent_scheduler [None req-9ddf4ac3-7972-4f2a-a058-4b7d8d800090 - - - - - -] No more DHCP agents
2026-05-08 00:37:21.426 8 WARNING neutron.api.rpc.agentnotifiers.dhcp_rpc_agent_api [None req-9ddf4ac3-7972-4f2a-a058-4b7d8d800090 - - - - - -] Unable to schedule network 61a2b622-4baa-45e9-af23-2cfc03b95d23: no agents available; will retry on subsequent port and subnet creation events.
2026-05-08 00:37:21.427 7 INFO neutron.db.ovn_revision_numbers_db [None req-3a18ad80-8abc-49bd-962d-018fabbbf9fa 57339593f1884212a59c71035aacd6b3 f3e9765fd3d445a5ba62aa03a7619e54 - - default default] Successfully bumped revision number for resource a7a25641-04db-4d76-8f02-e34c641c79ca (type: security_groups) to 1
2026-05-08 00:37:21.439 7 INFO neutron.db.ovn_revision_numbers_db [None req-3a18ad80-8abc-49bd-962d-018fabbbf9fa 57339593f1884212a59c71035aacd6b3 f3e9765fd3d445a5ba62aa03a7619e54 - - default default] Successfully bumped revision number for resource 13c60029-f13b-4ffd-b008-a2892c4c51e2 (type: security_group_rules) to 0
2026-05-08 00:37:21.451 7 INFO neutron.db.ovn_revision_numbers_db [None req-3a18ad80-8abc-49bd-962d-018fabbbf9fa 57339593f1884212a59c71035aacd6b3 f3e9765fd3d445a5ba62aa03a7619e54 - - default default] Successfully bumped revision number for resource 8051ff81-796f-4806-bac2-072e83737d73 (type: security_group_rules) to 0 [pid: 7|app: 0|req: 1203/2247] 10.0.0.94 () {34 vars in 683 bytes} [Fri May 8 00:37:21 2026] POST /v2.0/security-groups => generated 1624 bytes in 167 msecs (HTTP/1.1 201) 4 headers in 163 bytes (1 switches on core 0) [pid: 7|app: 0|req: 1204/2248] 10.0.0.13 () {34 vars in 989 bytes} [Fri May 8 00:37:21 2026] GET /v2.0/ports?device_id=11e98c19-02ff-4177-8106-8ef0bab5a41d => generated 969 bytes in 47 msecs (HTTP/1.1 200) 4 headers in 157 bytes (1 switches on core 0)
2026-05-08 00:37:21.568 8 INFO neutron.db.ovn_revision_numbers_db [None req-9ddf4ac3-7972-4f2a-a058-4b7d8d800090 - - - - - -] Successfully bumped revision number for resource 4b4d0208-f563-4e5c-84b2-8ca0035f0b46 (type: ports) to 1 [pid: 7|app: 0|req: 1205/2249] 10.0.0.94 () {32 vars in 663 bytes} [Fri May 8 00:37:21 2026] GET /v2.0/subnets?tags=red => generated 1904 bytes in 46 msecs (HTTP/1.1 200) 4 headers in 158 bytes (1 switches on core 0)
2026-05-08 00:37:21.697 7 INFO neutron.db.ovn_revision_numbers_db [None req-86ab599f-b4d4-4d37-85b5-aadc0ee492e5 57339593f1884212a59c71035aacd6b3 f3e9765fd3d445a5ba62aa03a7619e54 - - default default] Successfully bumped revision number for resource 8c5ceb3d-4bd0-49ee-998d-c5dfe9330a66 (type: security_group_rules) to 0 [pid: 7|app: 0|req: 1206/2250] 10.0.0.94 () {34 vars in 694 bytes} [Fri May 8 00:37:21 2026] POST /v2.0/security-group-rules => generated 601 bytes in 159 msecs (HTTP/1.1 201) 4 headers in 162 bytes (1 switches on core 0) [pid: 7|app: 0|req: 1207/2251] 10.0.0.13 () {34 vars in 1039 bytes} [Fri May 8 00:37:21 2026] GET /v2.0/security-groups?id=aedeb82a-0376-47d0-b3b7-c30b28447f09&fields=id&fields=name => generated 114 bytes in 38 msecs (HTTP/1.1 200) 4 headers in 157 bytes (1 switches on core 0)
2026-05-08 00:37:21.785 8 INFO neutron.db.ovn_revision_numbers_db [None req-9ddf4ac3-7972-4f2a-a058-4b7d8d800090 - - - - - -] Successfully bumped revision number for resource 4b4d0208-f563-4e5c-84b2-8ca0035f0b46 (type: ports) to 3 [pid: 7|app: 0|req: 1208/2252] 10.0.0.94 () {32 vars in 677 bytes} [Fri May 8 00:37:21 2026] GET /v2.0/subnets?tags=red%2Cblue => generated 1283 bytes in 55 msecs (HTTP/1.1 200) 4 headers in 158 bytes (1 switches on core 0) [pid: 7|app: 0|req: 1209/2253] 10.0.0.94 () {32 vars in 746 bytes} [Fri May 8 00:37:21 2026] GET /v2.0/security-group-rules/8c5ceb3d-4bd0-49ee-998d-c5dfe9330a66 => generated 601 bytes in 15 msecs (HTTP/1.1 200) 4 headers in 157 bytes (1 switches on core 0) [pid: 7|app: 0|req: 1210/2254] 199.19.213.213 () {34 vars in 1080 bytes} [Fri May 8 00:37:21 2026] GET /v2.0/ports?tenant_id=ef50c66272024895b469ee7c487b1766&device_id=11e98c19-02ff-4177-8106-8ef0bab5a41d => generated 1207 bytes in 33 msecs (HTTP/1.1 200) 4 headers in 158 bytes (1 switches on core 0) [pid: 7|app: 0|req: 1211/2255] 10.0.0.94 () {32 vars in 673 bytes} [Fri May 8 00:37:21 2026] GET /v2.0/subnets?tags-any=blue => generated 1283 bytes in 36 msecs (HTTP/1.1 200) 4 headers in 158 bytes (1 switches on core 0) [pid: 7|app: 0|req: 1212/2256] 10.0.0.94 () {32 vars in 672 bytes} [Fri May 8 00:37:21 2026] GET /v2.0/security-group-rules => generated 4138 bytes in 62 msecs (HTTP/1.1 200) 4 headers in 158 bytes (1 switches on core 0) [pid: 7|app: 0|req: 1213/2257] 199.19.213.213 () {34 vars in 1018 bytes} [Fri May 8 00:37:21 2026] GET /v2.0/networks?tenant_id=ef50c66272024895b469ee7c487b1766&shared=False => generated 796 bytes in 42 msecs (HTTP/1.1 200) 4 headers in 157 bytes (1 switches on core 0) [pid: 8|app: 0|req: 1045/2258] 10.0.0.94 () {34 vars in 684 bytes} [Fri May 8 00:37:17 2026] POST /v2.0/vpn/vpnservices => generated 458 bytes in 4759 msecs (HTTP/1.1 201) 4 headers in 162 bytes (1 switches on core 0) [pid: 7|app: 0|req: 1214/2259] 10.0.0.94 () {32 vars in 685 bytes} [Fri May 8 00:37:22 2026] GET /v2.0/subnets?tags-any=red%2Cblue => generated 1904 bytes in 29 msecs (HTTP/1.1 200) 4 headers in 158 bytes (1 switches on core 0) [pid: 7|app: 0|req: 1215/2260] 199.19.213.213 () {34 vars in 930 bytes} [Fri May 8 00:37:22 2026] GET /v2.0/networks?shared=True => generated 791 bytes in 60 msecs (HTTP/1.1 200) 4 headers in 157 bytes (1 switches on core 0) [pid: 8|app: 0|req: 1046/2261] 10.0.0.94 () {32 vars in 749 bytes} [Fri May 8 00:37:22 2026] DELETE /v2.0/security-group-rules/8c5ceb3d-4bd0-49ee-998d-c5dfe9330a66 => generated 0 bytes in 118 msecs (HTTP/1.1 204) 2 headers in 112 bytes (1 switches on core 0) [pid: 8|app: 0|req: 1047/2262] 10.0.0.94 () {32 vars in 671 bytes} [Fri May 8 00:37:22 2026] GET /v2.0/subnets?not-tags=red => generated 1894 bytes in 41 msecs (HTTP/1.1 200) 4 headers in 158 bytes (1 switches on core 0) [pid: 8|app: 0|req: 1048/2263] 10.0.0.94 () {32 vars in 672 bytes} [Fri May 8 00:37:22 2026] GET /v2.0/security-group-rules => generated 3560 bytes in 65 msecs (HTTP/1.1 200) 4 headers in 158 bytes (1 switches on core 0) [pid: 8|app: 0|req: 1049/2264] 10.0.0.94 () {32 vars in 685 bytes} [Fri May 8 00:37:22 2026] GET /v2.0/subnets?not-tags=red%2Cblue => generated 2515 bytes in 42 msecs (HTTP/1.1 200) 4 headers in 158 bytes (1 switches on core 0)
