2026-05-08 00:34:48.588 8 INFO neutron.plugins.ml2.drivers.ovn.mech_driver.mech_driver [None req-266e10aa-2bd2-4fe6-8306-8643cd16d991 - - - - - -] OVN reports status down for port: 535220c1-0d5d-4909-8f47-21ada784b334
2026-05-08 00:34:48.894 8 WARNING neutron.scheduler.dhcp_agent_scheduler [None req-ee642240-7f63-4abb-bf7a-af81f2b89ee2 c861d4d7e2ed4dec9f9914f827415ea4 0ef16a58f83d446eb7b65d1aa8e8c93e - - default default] No more DHCP agents
2026-05-08 00:34:48.895 8 WARNING neutron.api.rpc.agentnotifiers.dhcp_rpc_agent_api [None req-ee642240-7f63-4abb-bf7a-af81f2b89ee2 c861d4d7e2ed4dec9f9914f827415ea4 0ef16a58f83d446eb7b65d1aa8e8c93e - - default default] Unable to schedule network 90378fef-22dd-4214-88e4-008ee0744917: no agents available; will retry on subsequent port and subnet creation events.
2026-05-08 00:34:49.077 8 INFO neutron.db.ovn_revision_numbers_db [None req-ee642240-7f63-4abb-bf7a-af81f2b89ee2 c861d4d7e2ed4dec9f9914f827415ea4 0ef16a58f83d446eb7b65d1aa8e8c93e - - default default] Successfully bumped revision number for resource d4e3647a-e028-4507-9197-fc86ef813448 (type: router_ports) to 1 [pid: 8|app: 0|req: 532/1076] 10.0.0.94 () {34 vars in 782 bytes} [Fri May 8 00:34:47 2026] PUT /v2.0/routers/840d97c6-1d62-4e38-8d49-8c043309cb5b/add_router_interface => generated 309 bytes in 1421 msecs (HTTP/1.1 200) 4 headers in 157 bytes (1 switches on core 0)
2026-05-08 00:34:49.181 7 INFO neutron.plugins.ml2.drivers.ovn.mech_driver.ovsdb.commands [None req-421e6457-faea-430e-b8a3-f0d921078361 - - - - - -] Schedule LRP lrp-535220c1-0d5d-4909-8f47-21ada784b334 on gateway dc12a94f-0dfc-4460-abaf-fbe435884e72 with priority 1
2026-05-08 00:34:49.265 7 INFO neutron.db.ovn_revision_numbers_db [None req-07f42ef4-ae51-41ce-ad3f-4e4cb018003f 334eba75b6ad49818fb9a3ff87075921 cadce71f380944e2a5a96fd8b4a78c6f - - default default] Successfully bumped revision number for resource 535220c1-0d5d-4909-8f47-21ada784b334 (type: router_ports) to 1
2026-05-08 00:34:49.316 8 INFO neutron.plugins.ml2.drivers.ovn.mech_driver.mech_driver [None req-266e10aa-2bd2-4fe6-8306-8643cd16d991 - - - - - -] OVN reports status up for port: 535220c1-0d5d-4909-8f47-21ada784b334
2026-05-08 00:34:49.328 7 INFO neutron.db.ovn_revision_numbers_db [None req-07f42ef4-ae51-41ce-ad3f-4e4cb018003f 334eba75b6ad49818fb9a3ff87075921 cadce71f380944e2a5a96fd8b4a78c6f - - default default] Successfully bumped revision number for resource e8620e42-e644-44fb-82e0-bf584ee5d84b (type: routers) to 2
2026-05-08 00:34:49.329 8 INFO neutron.plugins.ml2.drivers.ovn.mech_driver.ovsdb.ovsdb_monitor [None req-dba0fe49-4d73-46a0-887c-65652c97a3cb - - - - - -] Router e8620e42-e644-44fb-82e0-bf584ee5d84b is bound to host instance [pid: 7|app: 0|req: 545/1077] 10.0.0.94 () {34 vars in 668 bytes} [Fri May 8 00:34:48 2026] POST /v2.0/routers => generated 973 bytes in 1253 msecs (HTTP/1.1 201) 4 headers in 162 bytes (1 switches on core 0) [pid: 7|app: 0|req: 546/1078] 10.0.0.127 () {34 vars in 990 bytes} [Fri May 8 00:34:49 2026] GET /v2.0/ports?device_id=ef6c9d9c-725b-464e-9b10-88aaf029765e => generated 1209 bytes in 33 msecs (HTTP/1.1 200) 4 headers in 158 bytes (1 switches on core 0)
2026-05-08 00:34:49.388 8 INFO neutron.plugins.ml2.plugin [None req-266e10aa-2bd2-4fe6-8306-8643cd16d991 - - - - - -] Attempt 1 to provision port 535220c1-0d5d-4909-8f47-21ada784b334 [pid: 7|app: 0|req: 547/1079] 10.0.0.94 () {32 vars in 716 bytes} [Fri May 8 00:34:49 2026] GET /v2.0/ports/d4e3647a-e028-4507-9197-fc86ef813448 => generated 953 bytes in 34 msecs (HTTP/1.1 200) 4 headers in 157 bytes (1 switches on core 0)
2026-05-08 00:34:49.623 8 WARNING neutron.scheduler.dhcp_agent_scheduler [None req-2a4652d6-2261-44d5-81c9-4a545f6babf3 024a22f8afc0406286c48c33fe8a7a96 8576453b208a4d4eaccf93573d5b52b1 - - default default] No more DHCP agents
2026-05-08 00:34:49.625 8 WARNING neutron.api.rpc.agentnotifiers.dhcp_rpc_agent_api [None req-2a4652d6-2261-44d5-81c9-4a545f6babf3 024a22f8afc0406286c48c33fe8a7a96 8576453b208a4d4eaccf93573d5b52b1 - - default default] Unable to schedule network 22250464-172d-4a83-8bfd-53337541b403: no agents available; will retry on subsequent port and subnet creation events.
2026-05-08 00:34:49.829 7 WARNING neutron.scheduler.dhcp_agent_scheduler [None req-f1c4d9d2-b216-40dd-b355-2e223e4da233 334eba75b6ad49818fb9a3ff87075921 cadce71f380944e2a5a96fd8b4a78c6f - - default default] No more DHCP agents
2026-05-08 00:34:49.830 7 WARNING neutron.api.rpc.agentnotifiers.dhcp_rpc_agent_api [None req-f1c4d9d2-b216-40dd-b355-2e223e4da233 334eba75b6ad49818fb9a3ff87075921 cadce71f380944e2a5a96fd8b4a78c6f - - default default] Unable to schedule network 9e6c189a-5c5f-4a08-b775-985af30fffdd: no agents available; will retry on subsequent port and subnet creation events.
2026-05-08 00:34:49.858 8 INFO neutron.db.ovn_revision_numbers_db [None req-2a4652d6-2261-44d5-81c9-4a545f6babf3 024a22f8afc0406286c48c33fe8a7a96 8576453b208a4d4eaccf93573d5b52b1 - - default default] Successfully bumped revision number for resource c8f44336-030a-4544-8191-fe1d0c230514 (type: ports) to 1
2026-05-08 00:34:49.983 7 INFO neutron.db.ovn_revision_numbers_db [None req-f1c4d9d2-b216-40dd-b355-2e223e4da233 334eba75b6ad49818fb9a3ff87075921 cadce71f380944e2a5a96fd8b4a78c6f - - default default] Successfully bumped revision number for resource e535f273-15d4-4e45-b767-d5f17d585dee (type: ports) to 1 [pid: 8|app: 0|req: 533/1080] 10.0.0.94 () {34 vars in 664 bytes} [Fri May 8 00:34:49 2026] POST /v2.0/ports => generated 927 bytes in 904 msecs (HTTP/1.1 201) 4 headers in 162 bytes (1 switches on core 0) [pid: 8|app: 0|req: 534/1081] 10.0.0.127 () {34 vars in 1040 bytes} [Fri May 8 00:34:49 2026] GET /v2.0/security-groups?id=8c848569-b7eb-4d3e-b4d1-f86cb742044d&fields=id&fields=name => generated 114 bytes in 62 msecs (HTTP/1.1 200) 4 headers in 157 bytes (1 switches on core 0) [pid: 8|app: 0|req: 535/1082] 10.0.0.94 () {32 vars in 716 bytes} [Fri May 8 00:34:50 2026] GET /v2.0/ports/d4e3647a-e028-4507-9197-fc86ef813448 => generated 953 bytes in 143 msecs (HTTP/1.1 200) 4 headers in 157 bytes (1 switches on core 0)
2026-05-08 00:34:50.392 8 INFO neutron_taas.services.taas.taas_plugin [None req-7bf63867-fbb7-411b-b9ca-90dd91a5739c 024a22f8afc0406286c48c33fe8a7a96 8576453b208a4d4eaccf93573d5b52b1 - - default default] TaaS: Handle Delete Port: c8f44336-030a-4544-8191-fe1d0c230514
2026-05-08 00:34:50.397 8 INFO neutron_taas.services.taas.tap_mirror_plugin [None req-7bf63867-fbb7-411b-b9ca-90dd91a5739c 024a22f8afc0406286c48c33fe8a7a96 8576453b208a4d4eaccf93573d5b52b1 - - default default] Tap Mirror: Handle Delete Port: c8f44336-030a-4544-8191-fe1d0c230514 [pid: 8|app: 0|req: 536/1083] 10.0.0.94 () {32 vars in 719 bytes} [Fri May 8 00:34:50 2026] DELETE /v2.0/ports/c8f44336-030a-4544-8191-fe1d0c230514 => generated 0 bytes in 424 msecs (HTTP/1.1 204) 3 headers in 131 bytes (1 switches on core 0)
2026-05-08 00:34:50.662 7 WARNING neutron.scheduler.dhcp_agent_scheduler [None req-f1c4d9d2-b216-40dd-b355-2e223e4da233 334eba75b6ad49818fb9a3ff87075921 cadce71f380944e2a5a96fd8b4a78c6f - - default default] No more DHCP agents
2026-05-08 00:34:50.664 8 INFO neutron.pecan_wsgi.hooks.translation [None req-c020085e-c8d3-4aa0-a3d2-e682e9f25100 024a22f8afc0406286c48c33fe8a7a96 8576453b208a4d4eaccf93573d5b52b1 - - default default] GET failed (client error): The resource could not be found.
2026-05-08 00:34:50.665 7 WARNING neutron.api.rpc.agentnotifiers.dhcp_rpc_agent_api [None req-f1c4d9d2-b216-40dd-b355-2e223e4da233 334eba75b6ad49818fb9a3ff87075921 cadce71f380944e2a5a96fd8b4a78c6f - - default default] Unable to schedule network 9e6c189a-5c5f-4a08-b775-985af30fffdd: no agents available; will retry on subsequent port and subnet creation events. [pid: 8|app: 0|req: 537/1084] 10.0.0.94 () {32 vars in 716 bytes} [Fri May 8 00:34:50 2026] GET /v2.0/ports/c8f44336-030a-4544-8191-fe1d0c230514 => generated 132 bytes in 43 msecs (HTTP/1.1 404) 4 headers in 164 bytes (1 switches on core 0)
2026-05-08 00:34:50.806 8 INFO neutron.db.ovn_revision_numbers_db [None req-da797046-afdb-473c-addd-a4790d05373d - - - - - -] Successfully bumped revision number for resource 535220c1-0d5d-4909-8f47-21ada784b334 (type: ports) to 4 [pid: 8|app: 0|req: 538/1085] 10.0.0.94 () {32 vars in 723 bytes} [Fri May 8 00:34:50 2026] DELETE /v2.0/subnets/e67513e6-d93a-48bd-97db-f2c0bc239268 => generated 0 bytes in 243 msecs (HTTP/1.1 204) 3 headers in 131 bytes (1 switches on core 0)
2026-05-08 00:34:51.134 8 INFO neutron_taas.services.taas.taas_plugin [None req-5df479ef-658a-4e5e-b7d9-69b0df1aecb6 024a22f8afc0406286c48c33fe8a7a96 8576453b208a4d4eaccf93573d5b52b1 - - default default] TaaS: Handle Delete Port: f08e968b-53db-40e4-b6a3-d3d0d1be3da1
2026-05-08 00:34:51.139 8 INFO neutron_taas.services.taas.tap_mirror_plugin [None req-5df479ef-658a-4e5e-b7d9-69b0df1aecb6 024a22f8afc0406286c48c33fe8a7a96 8576453b208a4d4eaccf93573d5b52b1 - - default default] Tap Mirror: Handle Delete Port: f08e968b-53db-40e4-b6a3-d3d0d1be3da1
2026-05-08 00:34:51.168 7 INFO neutron.db.ovn_revision_numbers_db [None req-f1c4d9d2-b216-40dd-b355-2e223e4da233 334eba75b6ad49818fb9a3ff87075921 cadce71f380944e2a5a96fd8b4a78c6f - - default default] Successfully bumped revision number for resource e535f273-15d4-4e45-b767-d5f17d585dee (type: router_ports) to 1 [pid: 7|app: 0|req: 548/1086] 10.0.0.94 () {34 vars in 782 bytes} [Fri May 8 00:34:49 2026] PUT /v2.0/routers/e8620e42-e644-44fb-82e0-bf584ee5d84b/add_router_interface => generated 309 bytes in 1764 msecs (HTTP/1.1 200) 4 headers in 157 bytes (1 switches on core 0) [pid: 7|app: 0|req: 549/1087] 10.0.0.94 () {32 vars in 716 bytes} [Fri May 8 00:34:51 2026] GET /v2.0/ports/d4e3647a-e028-4507-9197-fc86ef813448 => generated 953 bytes in 73 msecs (HTTP/1.1 200) 4 headers in 157 bytes (1 switches on core 0)
2026-05-08 00:34:51.360 8 INFO neutron.db.ovn_revision_numbers_db [None req-da797046-afdb-473c-addd-a4790d05373d - - - - - -] Successfully bumped revision number for resource 535220c1-0d5d-4909-8f47-21ada784b334 (type: ports) to 5
2026-05-08 00:34:51.439 8 INFO neutron.services.segments.plugin [-] Segment fa3f2b66-5c44-4ae2-a1ff-927424771a5a resource provider aggregate not found
2026-05-08 00:34:51.452 8 INFO neutron.services.segments.plugin [-] Segment fa3f2b66-5c44-4ae2-a1ff-927424771a5a resource provider aggregate not found
2026-05-08 00:34:51.473 8 INFO neutron.services.segments.plugin [-] Segment fa3f2b66-5c44-4ae2-a1ff-927424771a5a resource provider not found; error: Placement Client Error (4xx): {"errors": [{"status": 404, "title": "Not Found", "detail": "The resource could not be found.\n\n No resource provider with uuid fa3f2b66-5c44-4ae2-a1ff-927424771a5a found for delete ", "request_id": "req-1030626e-153e-40fa-9eb1-3f19bf1a4390"}]}
2026-05-08 00:34:51.475 8 INFO neutron.services.segments.plugin [-] Segment fa3f2b66-5c44-4ae2-a1ff-927424771a5a resource provider not found; error: Placement Client Error (4xx): {"errors": [{"status": 404, "title": "Not Found", "detail": "The resource could not be found.\n\n No resource provider with uuid fa3f2b66-5c44-4ae2-a1ff-927424771a5a found for delete ", "request_id": "req-1536d726-b89c-4a59-9806-cfde8b1353f2"}]} [pid: 8|app: 0|req: 539/1088] 10.0.0.94 () {32 vars in 725 bytes} [Fri May 8 00:34:50 2026] DELETE /v2.0/networks/22250464-172d-4a83-8bfd-53337541b403 => generated 0 bytes in 595 msecs (HTTP/1.1 204) 3 headers in 131 bytes (1 switches on core 0)
2026-05-08 00:34:51.738 7 WARNING neutron.scheduler.dhcp_agent_scheduler [None req-f2e8781e-1aa1-4a69-afaa-61b0b45b7728 024a22f8afc0406286c48c33fe8a7a96 8576453b208a4d4eaccf93573d5b52b1 - - default default] No more DHCP agents
2026-05-08 00:34:51.739 7 WARNING neutron.api.rpc.agentnotifiers.dhcp_rpc_agent_api [None req-f2e8781e-1aa1-4a69-afaa-61b0b45b7728 024a22f8afc0406286c48c33fe8a7a96 8576453b208a4d4eaccf93573d5b52b1 - - default default] Unable to schedule network 35bee619-0091-4ea1-ab5e-2674ebbcba45: no agents available; will retry on subsequent port and subnet creation events.
2026-05-08 00:34:51.830 8 INFO neutron.db.ovn_revision_numbers_db [None req-01dc67d0-e571-4c96-840d-8ddff18c9ca5 9da6ac31c0384ee6ad14c368083f8d1f 0e2d41c5261f44b2a28dc3ffa420f554 - - default default] Successfully bumped revision number for resource 6d6ecf48-4b2a-43a7-afa7-b33b5532efc0 (type: security_groups) to 1
2026-05-08 00:34:51.842 8 INFO neutron.db.ovn_revision_numbers_db [None req-01dc67d0-e571-4c96-840d-8ddff18c9ca5 9da6ac31c0384ee6ad14c368083f8d1f 0e2d41c5261f44b2a28dc3ffa420f554 - - default default] Successfully bumped revision number for resource b6f99a49-b742-49b9-a163-43c4153b08fc (type: security_group_rules) to 0
2026-05-08 00:34:51.844 7 INFO neutron.db.ovn_revision_numbers_db [None req-f2e8781e-1aa1-4a69-afaa-61b0b45b7728 024a22f8afc0406286c48c33fe8a7a96 8576453b208a4d4eaccf93573d5b52b1 - - default default] Successfully bumped revision number for resource b7e9da49-ef2f-48b3-a658-81ae1858bbfe (type: ports) to 1
2026-05-08 00:34:51.853 8 INFO neutron.db.ovn_revision_numbers_db [None req-01dc67d0-e571-4c96-840d-8ddff18c9ca5 9da6ac31c0384ee6ad14c368083f8d1f 0e2d41c5261f44b2a28dc3ffa420f554 - - default default] Successfully bumped revision number for resource eedda515-9ef7-4911-a89e-987afa39eed5 (type: security_group_rules) to 0 [pid: 8|app: 0|req: 540/1089] 10.0.0.94 () {34 vars in 684 bytes} [Fri May 8 00:34:51 2026] POST /v2.0/security-groups => generated 1660 bytes in 200 msecs (HTTP/1.1 201) 4 headers in 163 bytes (1 switches on core 0) [pid: 7|app: 0|req: 550/1090] 10.0.0.94 () {34 vars in 664 bytes} [Fri May 8 00:34:51 2026] POST /v2.0/ports => generated 778 bytes in 383 msecs (HTTP/1.1 201) 4 headers in 162 bytes (1 switches on core 0) /var/lib/openstack/lib/python3.12/site-packages/pycadf/identifier.py:70: UserWarning: Invalid uuid: neutron. To ensure interoperability, identifiers should be a valid uuid. warnings.warn(('Invalid uuid: %s. To ensure interoperability, '
2026-05-08 00:34:52.020 8 INFO neutron.db.ovn_revision_numbers_db [None req-32957fdb-07e8-45c3-aa86-b7fabbda2c33 9da6ac31c0384ee6ad14c368083f8d1f 0e2d41c5261f44b2a28dc3ffa420f554 - - default default] Successfully bumped revision number for resource 59144f1a-754e-45a4-8af6-26935978d4bc (type: security_group_rules) to 0 [pid: 8|app: 0|req: 541/1091] 10.0.0.94 () {34 vars in 694 bytes} [Fri May 8 00:34:51 2026] POST /v2.0/security-group-rules => generated 597 bytes in 155 msecs (HTTP/1.1 201) 4 headers in 162 bytes (1 switches on core 0)
2026-05-08 00:34:52.056 7 WARNING neutron.plugins.ml2.drivers.ovn.mech_driver.ovsdb.ovn_client [None req-53be1c01-687b-490c-9f62-14928c23e328 - - - - - -] No hosting information found for port 61534d06-ea97-439f-9805-ca36f7929e6b: RuntimeError: No hosting information found for port 61534d06-ea97-439f-9805-ca36f7929e6b
2026-05-08 00:34:52.056 7 INFO neutron.plugins.ml2.drivers.ovn.mech_driver.mech_driver [None req-53be1c01-687b-490c-9f62-14928c23e328 - - - - - -] OVN reports status down for port: e197d7e2-01b2-4145-9eb3-9431203e36f9
2026-05-08 00:34:52.102 8 INFO neutron.plugins.ml2.drivers.ovn.mech_driver.mech_driver [None req-266e10aa-2bd2-4fe6-8306-8643cd16d991 - - - - - -] OVN reports status down for port: c8f44336-030a-4544-8191-fe1d0c230514
2026-05-08 00:34:52.206 8 INFO neutron.db.ovn_revision_numbers_db [None req-fd2d3d6e-2414-4601-b05f-c8a19651e683 9da6ac31c0384ee6ad14c368083f8d1f 0e2d41c5261f44b2a28dc3ffa420f554 - - default default] Successfully bumped revision number for resource da243c8b-cb98-469a-9d1e-cabe70b05d96 (type: security_group_rules) to 0 [pid: 8|app: 0|req: 542/1092] 10.0.0.94 () {34 vars in 694 bytes} [Fri May 8 00:34:52 2026] POST /v2.0/security-group-rules => generated 602 bytes in 182 msecs (HTTP/1.1 201) 4 headers in 162 bytes (1 switches on core 0)
2026-05-08 00:34:52.313 7 INFO neutron.db.ovn_revision_numbers_db [None req-daa14b2a-9dbb-41cf-8ae8-4216c1dd7db9 024a22f8afc0406286c48c33fe8a7a96 8576453b208a4d4eaccf93573d5b52b1 - - default default] Successfully bumped revision number for resource b7e9da49-ef2f-48b3-a658-81ae1858bbfe (type: ports) to 2
2026-05-08 00:34:52.327 7 INFO neutron.db.ovn_revision_numbers_db [None req-53be1c01-687b-490c-9f62-14928c23e328 - - - - - -] Successfully bumped revision number for resource 61534d06-ea97-439f-9805-ca36f7929e6b (type: router_ports) to 2 [pid: 7|app: 0|req: 551/1093] 10.0.0.94 () {34 vars in 736 bytes} [Fri May 8 00:34:51 2026] PUT /v2.0/ports/b7e9da49-ef2f-48b3-a658-81ae1858bbfe => generated 752 bytes in 425 msecs (HTTP/1.1 200) 4 headers in 157 bytes (1 switches on core 0) /var/lib/openstack/lib/python3.12/site-packages/pycadf/identifier.py:70: UserWarning: Invalid uuid: neutron. To ensure interoperability, identifiers should be a valid uuid. warnings.warn(('Invalid uuid: %s. To ensure interoperability, ' [pid: 7|app: 0|req: 552/1094] 10.0.0.94 () {32 vars in 716 bytes} [Fri May 8 00:34:52 2026] GET /v2.0/ports/d4e3647a-e028-4507-9197-fc86ef813448 => generated 953 bytes in 62 msecs (HTTP/1.1 200) 4 headers in 157 bytes (1 switches on core 0)
2026-05-08 00:34:52.408 7 INFO neutron.plugins.ml2.drivers.ovn.mech_driver.mech_driver [None req-53be1c01-687b-490c-9f62-14928c23e328 - - - - - -] OVN reports status down for port: d4e3647a-e028-4507-9197-fc86ef813448
2026-05-08 00:34:52.432 8 WARNING neutron.scheduler.dhcp_agent_scheduler [None req-e205e891-1e62-4c83-aabe-6067c87b985f 9da6ac31c0384ee6ad14c368083f8d1f 0e2d41c5261f44b2a28dc3ffa420f554 - - default default] No more DHCP agents
2026-05-08 00:34:52.433 8 WARNING neutron.api.rpc.agentnotifiers.dhcp_rpc_agent_api [None req-e205e891-1e62-4c83-aabe-6067c87b985f 9da6ac31c0384ee6ad14c368083f8d1f 0e2d41c5261f44b2a28dc3ffa420f554 - - default default] Unable to schedule network 42b162ea-5281-4651-bb84-42dcc8020237: no agents available; will retry on subsequent port and subnet creation events.
2026-05-08 00:34:52.506 7 WARNING neutron.plugins.ml2.drivers.ovn.mech_driver.ovsdb.ovn_client [None req-53be1c01-687b-490c-9f62-14928c23e328 - - - - - -] Logical_Switch_Port d4e3647a-e028-4507-9197-fc86ef813448 host information not removed, the port state is up
2026-05-08 00:34:52.506 7 INFO neutron.plugins.ml2.drivers.ovn.mech_driver.mech_driver [None req-53be1c01-687b-490c-9f62-14928c23e328 - - - - - -] OVN reports status up for port: d4e3647a-e028-4507-9197-fc86ef813448
2026-05-08 00:34:52.526 7 INFO neutron.plugins.ml2.plugin [None req-53be1c01-687b-490c-9f62-14928c23e328 - - - - - -] Attempt 1 to provision port d4e3647a-e028-4507-9197-fc86ef813448
2026-05-08 00:34:52.583 7 INFO neutron_taas.services.taas.taas_plugin [None req-db7b263b-3f99-44cc-a4c9-bfb829af3e37 024a22f8afc0406286c48c33fe8a7a96 8576453b208a4d4eaccf93573d5b52b1 - - default default] TaaS: Handle Delete Port: b7e9da49-ef2f-48b3-a658-81ae1858bbfe
2026-05-08 00:34:52.589 7 INFO neutron_taas.services.taas.tap_mirror_plugin [None req-db7b263b-3f99-44cc-a4c9-bfb829af3e37 024a22f8afc0406286c48c33fe8a7a96 8576453b208a4d4eaccf93573d5b52b1 - - default default] Tap Mirror: Handle Delete Port: b7e9da49-ef2f-48b3-a658-81ae1858bbfe [pid: 8|app: 0|req: 543/1095] 10.0.0.94 () {34 vars in 675 bytes} [Fri May 8 00:34:52 2026] POST /v2.0/floatingips => generated 552 bytes in 461 msecs (HTTP/1.1 201) 4 headers in 162 bytes (1 switches on core 0) [pid: 7|app: 0|req: 553/1096] 10.0.0.94 () {32 vars in 719 bytes} [Fri May 8 00:34:52 2026] DELETE /v2.0/ports/b7e9da49-ef2f-48b3-a658-81ae1858bbfe => generated 0 bytes in 398 msecs (HTTP/1.1 204) 3 headers in 131 bytes (1 switches on core 0) [pid: 8|app: 0|req: 544/1097] 10.0.0.94 () {32 vars in 642 bytes} [Fri May 8 00:34:52 2026] GET /v2.0/ports => generated 1537 bytes in 63 msecs (HTTP/1.1 200) 4 headers in 158 bytes (1 switches on core 0)
2026-05-08 00:34:52.888 7 INFO neutron.pecan_wsgi.hooks.translation [None req-f250d465-08a0-4750-a605-6cf45e74eb81 024a22f8afc0406286c48c33fe8a7a96 8576453b208a4d4eaccf93573d5b52b1 - - default default] GET failed (client error): The resource could not be found. [pid: 7|app: 0|req: 554/1098] 10.0.0.94 () {32 vars in 716 bytes} [Fri May 8 00:34:52 2026] GET /v2.0/ports/b7e9da49-ef2f-48b3-a658-81ae1858bbfe => generated 132 bytes in 25 msecs (HTTP/1.1 404) 4 headers in 164 bytes (1 switches on core 0) [pid: 8|app: 0|req: 545/1099] 10.0.0.94 () {32 vars in 642 bytes} [Fri May 8 00:34:52 2026] GET /v2.0/ports => generated 1537 bytes in 66 msecs (HTTP/1.1 200) 4 headers in 158 bytes (1 switches on core 0) [pid: 7|app: 0|req: 555/1100] 10.0.0.94 () {32 vars in 716 bytes} [Fri May 8 00:34:52 2026] GET /v2.0/ports/8f246f2a-4f0e-4aa7-a1c6-4af5bb34d432 => generated 778 bytes in 44 msecs (HTTP/1.1 200) 4 headers in 157 bytes (1 switches on core 0)
2026-05-08 00:34:53.033 8 INFO neutron.pecan_wsgi.hooks.translation [None req-762bb58b-e23b-487f-a4fe-9976c50e9c6c 024a22f8afc0406286c48c33fe8a7a96 8576453b208a4d4eaccf93573d5b52b1 - - default default] DELETE failed (client error): The resource could not be found. [pid: 8|app: 0|req: 546/1101] 10.0.0.94 () {32 vars in 719 bytes} [Fri May 8 00:34:53 2026] DELETE /v2.0/ports/c8f44336-030a-4544-8191-fe1d0c230514 => generated 132 bytes in 21 msecs (HTTP/1.1 404) 4 headers in 164 bytes (1 switches on core 0)
2026-05-08 00:34:53.050 7 INFO neutron.db.ovn_revision_numbers_db [None req-53be1c01-687b-490c-9f62-14928c23e328 - - - - - -] Successfully bumped revision number for resource d4e3647a-e028-4507-9197-fc86ef813448 (type: ports) to 2
2026-05-08 00:34:53.057 7 INFO neutron.pecan_wsgi.hooks.translation [None req-1a06a384-396d-433c-940e-6b9c30d467d2 024a22f8afc0406286c48c33fe8a7a96 8576453b208a4d4eaccf93573d5b52b1 - - default default] DELETE failed (client error): The resource could not be found. [pid: 7|app: 0|req: 556/1102] 10.0.0.94 () {32 vars in 723 bytes} [Fri May 8 00:34:53 2026] DELETE /v2.0/subnets/e67513e6-d93a-48bd-97db-f2c0bc239268 => generated 136 bytes in 22 msecs (HTTP/1.1 404) 4 headers in 164 bytes (1 switches on core 0)
2026-05-08 00:34:53.080 8 INFO neutron.pecan_wsgi.hooks.translation [None req-ff333d70-8d40-4c77-afd1-c1e2957935b6 024a22f8afc0406286c48c33fe8a7a96 8576453b208a4d4eaccf93573d5b52b1 - - default default] DELETE failed (client error): The resource could not be found. [pid: 8|app: 0|req: 547/1103] 10.0.0.94 () {32 vars in 723 bytes} [Fri May 8 00:34:53 2026] DELETE /v2.0/subnets/4b344fbe-cc26-402e-a5cb-43c4ece2839c => generated 136 bytes in 18 msecs (HTTP/1.1 404) 4 headers in 164 bytes (1 switches on core 0)
2026-05-08 00:34:53.215 7 INFO neutron_taas.services.taas.taas_plugin [None req-7eb57e69-4f1e-4fba-849a-934227e43840 024a22f8afc0406286c48c33fe8a7a96 8576453b208a4d4eaccf93573d5b52b1 - - default default] TaaS: Handle Delete Port: 8f246f2a-4f0e-4aa7-a1c6-4af5bb34d432
2026-05-08 00:34:53.218 7 INFO neutron_taas.services.taas.tap_mirror_plugin [None req-7eb57e69-4f1e-4fba-849a-934227e43840 024a22f8afc0406286c48c33fe8a7a96 8576453b208a4d4eaccf93573d5b52b1 - - default default] Tap Mirror: Handle Delete Port: 8f246f2a-4f0e-4aa7-a1c6-4af5bb34d432 [pid: 7|app: 0|req: 557/1105] 10.0.0.94 () {32 vars in 719 bytes} [Fri May 8 00:34:53 2026] DELETE /v2.0/ports/8f246f2a-4f0e-4aa7-a1c6-4af5bb34d432 => generated 0 bytes in 227 msecs (HTTP/1.1 204) 3 headers in 131 bytes (1 switches on core 0)
2026-05-08 00:34:53.423 7 INFO neutron_taas.services.taas.taas_plugin [None req-415e9ef6-bda8-44ef-9988-9c0f9ec68248 024a22f8afc0406286c48c33fe8a7a96 8576453b208a4d4eaccf93573d5b52b1 - - default default] TaaS: Handle Delete Port: 49178e5f-f28d-45c6-90b2-3c1556c09de5
2026-05-08 00:34:53.425 7 INFO neutron_taas.services.taas.tap_mirror_plugin [None req-415e9ef6-bda8-44ef-9988-9c0f9ec68248 024a22f8afc0406286c48c33fe8a7a96 8576453b208a4d4eaccf93573d5b52b1 - - default default] Tap Mirror: Handle Delete Port: 49178e5f-f28d-45c6-90b2-3c1556c09de5 [pid: 8|app: 0|req: 550/1107] 10.0.0.94 () {32 vars in 716 bytes} [Fri May 8 00:34:53 2026] GET /v2.0/ports/d4e3647a-e028-4507-9197-fc86ef813448 => generated 955 bytes in 27 msecs (HTTP/1.1 200) 4 headers in 157 bytes (1 switches on core 0)
2026-05-08 00:34:53.600 7 INFO neutron.services.segments.plugin [-] Segment 740dad40-c95e-4415-9415-47a55ba668b6 resource provider aggregate not found
2026-05-08 00:34:53.604 7 INFO neutron.services.segments.plugin [-] Segment 740dad40-c95e-4415-9415-47a55ba668b6 resource provider aggregate not found
2026-05-08 00:34:53.617 7 INFO neutron.services.segments.plugin [-] Segment 740dad40-c95e-4415-9415-47a55ba668b6 resource provider not found; error: Placement Client Error (4xx): {"errors": [{"status": 404, "title": "Not Found", "detail": "The resource could not be found.\n\n No resource provider with uuid 740dad40-c95e-4415-9415-47a55ba668b6 found for delete ", "request_id": "req-aceda203-b5c4-4dd5-a03a-fea3e9333b7a"}]}
2026-05-08 00:34:53.645 7 INFO neutron.services.segments.plugin [-] Segment 740dad40-c95e-4415-9415-47a55ba668b6 resource provider not found; error: Placement Client Error (4xx): {"errors": [{"status": 404, "title": "Not Found", "detail": "The resource could not be found.\n\n No resource provider with uuid 740dad40-c95e-4415-9415-47a55ba668b6 found for delete ", "request_id": "req-66521fdf-aadd-456f-8f65-0776c7479e19"}]} [pid: 7|app: 0|req: 558/1108] 10.0.0.94 () {32 vars in 725 bytes} [Fri May 8 00:34:53 2026] DELETE /v2.0/networks/35bee619-0091-4ea1-ab5e-2674ebbcba45 => generated 0 bytes in 338 msecs (HTTP/1.1 204) 3 headers in 131 bytes (1 switches on core 0)
2026-05-08 00:34:53.787 8 INFO neutron_taas.services.taas.taas_plugin [None req-0a8275f3-a270-413e-9d6a-846b1ea153de c861d4d7e2ed4dec9f9914f827415ea4 0ef16a58f83d446eb7b65d1aa8e8c93e - - default default] TaaS: Handle Delete Port: d4e3647a-e028-4507-9197-fc86ef813448
2026-05-08 00:34:53.789 8 INFO neutron_taas.services.taas.tap_mirror_plugin [None req-0a8275f3-a270-413e-9d6a-846b1ea153de c861d4d7e2ed4dec9f9914f827415ea4 0ef16a58f83d446eb7b65d1aa8e8c93e - - default default] Tap Mirror: Handle Delete Port: d4e3647a-e028-4507-9197-fc86ef813448 [pid: 8|app: 0|req: 551/1109] 10.0.0.94 () {34 vars in 788 bytes} [Fri May 8 00:34:53 2026] PUT /v2.0/routers/840d97c6-1d62-4e38-8d49-8c043309cb5b/remove_router_interface => generated 309 bytes in 692 msecs (HTTP/1.1 200) 4 headers in 157 bytes (1 switches on core 0) /var/lib/openstack/lib/python3.12/site-packages/pycadf/identifier.py:70: UserWarning: Invalid uuid: neutron. To ensure interoperability, identifiers should be a valid uuid. warnings.warn(('Invalid uuid: %s. To ensure interoperability, ' [pid: 8|app: 0|req: 552/1110] 10.0.0.94 () {32 vars in 716 bytes} [Fri May 8 00:34:54 2026] GET /v2.0/ports/61534d06-ea97-439f-9805-ca36f7929e6b => generated 947 bytes in 82 msecs (HTTP/1.1 200) 4 headers in 157 bytes (1 switches on core 0) [pid: 7|app: 0|req: 559/1111] 10.0.0.94 () {32 vars in 773 bytes} [Fri May 8 00:34:54 2026] GET /v2.0/security-groups?tenant_id=8576453b208a4d4eaccf93573d5b52b1&name=default => generated 2925 bytes in 124 msecs (HTTP/1.1 200) 4 headers in 158 bytes (1 switches on core 0) [pid: 7|app: 0|req: 560/1112] 10.0.0.94 () {32 vars in 739 bytes} [Fri May 8 00:34:54 2026] DELETE /v2.0/security-groups/d527b058-f179-4698-8024-cd133b122de8 => generated 0 bytes in 216 msecs (HTTP/1.1 204) 2 headers in 112 bytes (1 switches on core 0)
2026-05-08 00:34:54.492 8 INFO neutron_taas.services.taas.taas_plugin [None req-384066ab-bad5-4ee3-8a76-3aa250d73cdd c861d4d7e2ed4dec9f9914f827415ea4 0ef16a58f83d446eb7b65d1aa8e8c93e - - default default] TaaS: Handle Delete Port: 61534d06-ea97-439f-9805-ca36f7929e6b
2026-05-08 00:34:54.495 8 INFO neutron_taas.services.taas.tap_mirror_plugin [None req-384066ab-bad5-4ee3-8a76-3aa250d73cdd c861d4d7e2ed4dec9f9914f827415ea4 0ef16a58f83d446eb7b65d1aa8e8c93e - - default default] Tap Mirror: Handle Delete Port: 61534d06-ea97-439f-9805-ca36f7929e6b [pid: 8|app: 0|req: 553/1113] 10.0.0.94 () {34 vars in 788 bytes} [Fri May 8 00:34:54 2026] PUT /v2.0/routers/840d97c6-1d62-4e38-8d49-8c043309cb5b/remove_router_interface => generated 309 bytes in 564 msecs (HTTP/1.1 200) 4 headers in 157 bytes (1 switches on core 0) [pid: 7|app: 0|req: 561/1114] 10.0.0.94 () {32 vars in 735 bytes} [Fri May 8 00:34:54 2026] GET /v2.0/ports?device_id=840d97c6-1d62-4e38-8d49-8c043309cb5b => generated 12 bytes in 21 msecs (HTTP/1.1 200) 4 headers in 156 bytes (1 switches on core 0) /var/lib/openstack/lib/python3.12/site-packages/pycadf/identifier.py:70: UserWarning: Invalid uuid: neutron. To ensure interoperability, identifiers should be a valid uuid. warnings.warn(('Invalid uuid: %s. To ensure interoperability, ' [pid: 8|app: 0|req: 554/1115] 10.0.0.94 () {32 vars in 723 bytes} [Fri May 8 00:34:54 2026] DELETE /v2.0/routers/840d97c6-1d62-4e38-8d49-8c043309cb5b => generated 0 bytes in 218 msecs (HTTP/1.1 204) 2 headers in 112 bytes (1 switches on core 0) [pid: 7|app: 0|req: 562/1116] 10.0.0.94 () {32 vars in 723 bytes} [Fri May 8 00:34:55 2026] DELETE /v2.0/subnets/e5c98461-dc69-426a-868a-e4a62787a796 => generated 0 bytes in 157 msecs (HTTP/1.1 204) 3 headers in 131 bytes (1 switches on core 0) [pid: 8|app: 0|req: 555/1117] 10.0.0.94 () {32 vars in 723 bytes} [Fri May 8 00:34:55 2026] DELETE /v2.0/subnets/ff91d2f9-8cbb-4037-af85-2a0c99181a69 => generated 0 bytes in 129 msecs (HTTP/1.1 204) 3 headers in 131 bytes (1 switches on core 0)
2026-05-08 00:34:55.455 7 INFO neutron_taas.services.taas.taas_plugin [None req-fe8c7f06-e6c1-46f9-8578-81c963da03ba c861d4d7e2ed4dec9f9914f827415ea4 0ef16a58f83d446eb7b65d1aa8e8c93e - - default default] TaaS: Handle Delete Port: ec9e3c6c-038f-447a-93f9-d1a6dd73dfcb
2026-05-08 00:34:55.458 7 INFO neutron_taas.services.taas.tap_mirror_plugin [None req-fe8c7f06-e6c1-46f9-8578-81c963da03ba c861d4d7e2ed4dec9f9914f827415ea4 0ef16a58f83d446eb7b65d1aa8e8c93e - - default default] Tap Mirror: Handle Delete Port: ec9e3c6c-038f-447a-93f9-d1a6dd73dfcb
2026-05-08 00:34:55.668 7 INFO neutron.services.segments.plugin [-] Segment 3142cbb3-7187-426a-8f03-e24a481c0cf8 resource provider aggregate not found
2026-05-08 00:34:55.673 7 INFO neutron.services.segments.plugin [-] Segment 3142cbb3-7187-426a-8f03-e24a481c0cf8 resource provider aggregate not found
2026-05-08 00:34:55.690 7 INFO neutron.services.segments.plugin [-] Segment 3142cbb3-7187-426a-8f03-e24a481c0cf8 resource provider not found; error: Placement Client Error (4xx): {"errors": [{"status": 404, "title": "Not Found", "detail": "The resource could not be found.\n\n No resource provider with uuid 3142cbb3-7187-426a-8f03-e24a481c0cf8 found for delete ", "request_id": "req-750dc6cb-7eb4-4824-b567-fe9cfe5f6cae"}]} [pid: 8|app: 0|req: 556/1118] 10.0.0.13 () {34 vars in 989 bytes} [Fri May 8 00:34:55 2026] GET /v2.0/ports?device_id=ef6c9d9c-725b-464e-9b10-88aaf029765e => generated 971 bytes in 84 msecs (HTTP/1.1 200) 4 headers in 157 bytes (1 switches on core 0)
2026-05-08 00:34:55.698 7 INFO neutron.services.segments.plugin [-] Segment 3142cbb3-7187-426a-8f03-e24a481c0cf8 resource provider not found; error: Placement Client Error (4xx): {"errors": [{"status": 404, "title": "Not Found", "detail": "The resource could not be found.\n\n No resource provider with uuid 3142cbb3-7187-426a-8f03-e24a481c0cf8 found for delete ", "request_id": "req-efbc30d6-ac42-4675-905b-0da5f9413cb2"}]} [pid: 7|app: 0|req: 563/1119] 10.0.0.94 () {32 vars in 725 bytes} [Fri May 8 00:34:55 2026] DELETE /v2.0/networks/90378fef-22dd-4214-88e4-008ee0744917 => generated 0 bytes in 376 msecs (HTTP/1.1 204) 3 headers in 131 bytes (1 switches on core 0) [pid: 8|app: 0|req: 557/1120] 10.0.0.13 () {34 vars in 1039 bytes} [Fri May 8 00:34:55 2026] GET /v2.0/security-groups?id=8c848569-b7eb-4d3e-b4d1-f86cb742044d&fields=id&fields=name => generated 114 bytes in 31 msecs (HTTP/1.1 200) 4 headers in 157 bytes (1 switches on core 0)
2026-05-08 00:34:55.828 7 INFO neutron_taas.services.taas.taas_plugin [None req-91169712-e0ff-46d3-b9ed-0cf2fd4c61e6 c861d4d7e2ed4dec9f9914f827415ea4 0ef16a58f83d446eb7b65d1aa8e8c93e - - default default] TaaS: Handle Delete Port: 84c60668-a920-48a6-ac00-1d7cc09b4e57
2026-05-08 00:34:55.830 7 INFO neutron_taas.services.taas.tap_mirror_plugin [None req-91169712-e0ff-46d3-b9ed-0cf2fd4c61e6 c861d4d7e2ed4dec9f9914f827415ea4 0ef16a58f83d446eb7b65d1aa8e8c93e - - default default] Tap Mirror: Handle Delete Port: 84c60668-a920-48a6-ac00-1d7cc09b4e57 [pid: 8|app: 0|req: 558/1121] 10.0.0.13 () {34 vars in 989 bytes} [Fri May 8 00:34:55 2026] GET /v2.0/ports?device_id=ef6c9d9c-725b-464e-9b10-88aaf029765e => generated 971 bytes in 36 msecs (HTTP/1.1 200) 4 headers in 157 bytes (1 switches on core 0) [pid: 8|app: 0|req: 559/1122] 10.0.0.13 () {34 vars in 1039 bytes} [Fri May 8 00:34:55 2026] GET /v2.0/security-groups?id=8c848569-b7eb-4d3e-b4d1-f86cb742044d&fields=id&fields=name => generated 114 bytes in 44 msecs (HTTP/1.1 200) 4 headers in 157 bytes (1 switches on core 0) [pid: 7|app: 0|req: 564/1123] 10.0.0.94 () {32 vars in 725 bytes} [Fri May 8 00:34:55 2026] DELETE /v2.0/networks/c5c9547a-a8b2-4317-95b2-9aab0a676f0e => generated 0 bytes in 339 msecs (HTTP/1.1 204) 3 headers in 131 bytes (1 switches on core 0)
2026-05-08 00:34:56.146 8 INFO neutron.db.segments_db [None req-f239321e-c9b5-4119-be48-d72786d9ef3b c861d4d7e2ed4dec9f9914f827415ea4 0ef16a58f83d446eb7b65d1aa8e8c93e - - default default] Added segment fb129191-ab4d-457b-ae25-41558119728c of type geneve for network 290e7694-bac5-4a07-b940-cbbef03e5f12
2026-05-08 00:34:56.269 8 INFO neutron.db.ovn_revision_numbers_db [None req-f239321e-c9b5-4119-be48-d72786d9ef3b c861d4d7e2ed4dec9f9914f827415ea4 0ef16a58f83d446eb7b65d1aa8e8c93e - - default default] Successfully bumped revision number for resource 290e7694-bac5-4a07-b940-cbbef03e5f12 (type: networks) to 1
2026-05-08 00:34:56.372 7 INFO neutron.db.ovn_revision_numbers_db [None req-48077f2f-c06e-49c1-a056-136fab003f2f cbd4c17af1334fae8cb1b011eb9678ba a386df252b584e12bf8aea7c0d6d72c3 - - default default] Successfully bumped revision number for resource 686e5857-308e-489d-a8e9-f30158766491 (type: security_groups) to 1
2026-05-08 00:34:56.383 7 INFO neutron.db.ovn_revision_numbers_db [None req-48077f2f-c06e-49c1-a056-136fab003f2f cbd4c17af1334fae8cb1b011eb9678ba a386df252b584e12bf8aea7c0d6d72c3 - - default default] Successfully bumped revision number for resource 18c8f62c-0ce3-4492-97f5-485348a64af4 (type: security_group_rules) to 0
2026-05-08 00:34:56.394 7 INFO neutron.db.ovn_revision_numbers_db [None req-48077f2f-c06e-49c1-a056-136fab003f2f cbd4c17af1334fae8cb1b011eb9678ba a386df252b584e12bf8aea7c0d6d72c3 - - default default] Successfully bumped revision number for resource 863dd7a0-b843-4222-ae56-80a087448ecc (type: security_group_rules) to 0
2026-05-08 00:34:56.407 7 INFO neutron.db.ovn_revision_numbers_db [None req-48077f2f-c06e-49c1-a056-136fab003f2f cbd4c17af1334fae8cb1b011eb9678ba a386df252b584e12bf8aea7c0d6d72c3 - - default default] Successfully bumped revision number for resource d9a6cfa0-b491-4b9b-9390-59d983ea4f7b (type: security_group_rules) to 0
2026-05-08 00:34:56.417 7 INFO neutron.db.ovn_revision_numbers_db [None req-48077f2f-c06e-49c1-a056-136fab003f2f cbd4c17af1334fae8cb1b011eb9678ba a386df252b584e12bf8aea7c0d6d72c3 - - default default] Successfully bumped revision number for resource eb21e865-cf89-4eb8-bea8-a973b47dd865 (type: security_group_rules) to 0
2026-05-08 00:34:56.456 8 WARNING neutron.scheduler.dhcp_agent_scheduler [None req-f239321e-c9b5-4119-be48-d72786d9ef3b c861d4d7e2ed4dec9f9914f827415ea4 0ef16a58f83d446eb7b65d1aa8e8c93e - - default default] No more DHCP agents
2026-05-08 00:34:56.458 8 WARNING neutron.api.rpc.agentnotifiers.dhcp_rpc_agent_api [None req-f239321e-c9b5-4119-be48-d72786d9ef3b c861d4d7e2ed4dec9f9914f827415ea4 0ef16a58f83d446eb7b65d1aa8e8c93e - - default default] Unable to schedule network 290e7694-bac5-4a07-b940-cbbef03e5f12: no agents available; will retry on subsequent port and subnet creation events.
2026-05-08 00:34:56.506 7 INFO neutron.db.segments_db [None req-48077f2f-c06e-49c1-a056-136fab003f2f cbd4c17af1334fae8cb1b011eb9678ba a386df252b584e12bf8aea7c0d6d72c3 - - default default] Added segment 198306b8-ba66-466d-8cba-527557c89685 of type geneve for network 3667e029-911a-48d1-b953-abac3e970954
2026-05-08 00:34:56.520 8 INFO neutron.plugins.ml2.drivers.ovn.mech_driver.mech_driver [None req-266e10aa-2bd2-4fe6-8306-8643cd16d991 - - - - - -] OVN reports status down for port: a8253022-a45c-4efd-95a0-85a242931d2a
2026-05-08 00:34:56.584 8 INFO neutron.db.ovn_revision_numbers_db [None req-f239321e-c9b5-4119-be48-d72786d9ef3b c861d4d7e2ed4dec9f9914f827415ea4 0ef16a58f83d446eb7b65d1aa8e8c93e - - default default] Successfully bumped revision number for resource a8253022-a45c-4efd-95a0-85a242931d2a (type: ports) to 1
2026-05-08 00:34:56.640 7 INFO neutron.db.ovn_revision_numbers_db [None req-48077f2f-c06e-49c1-a056-136fab003f2f cbd4c17af1334fae8cb1b011eb9678ba a386df252b584e12bf8aea7c0d6d72c3 - - default default] Successfully bumped revision number for resource 3667e029-911a-48d1-b953-abac3e970954 (type: networks) to 1 [pid: 8|app: 0|req: 560/1124] 10.0.0.94 () {34 vars in 669 bytes} [Fri May 8 00:34:56 2026] POST /v2.0/networks => generated 671 bytes in 583 msecs (HTTP/1.1 201) 4 headers in 162 bytes (1 switches on core 0)
2026-05-08 00:34:56.805 7 WARNING neutron.scheduler.dhcp_agent_scheduler [None req-48077f2f-c06e-49c1-a056-136fab003f2f cbd4c17af1334fae8cb1b011eb9678ba a386df252b584e12bf8aea7c0d6d72c3 - - default default] No more DHCP agents
2026-05-08 00:34:56.807 7 WARNING neutron.api.rpc.agentnotifiers.dhcp_rpc_agent_api [None req-48077f2f-c06e-49c1-a056-136fab003f2f cbd4c17af1334fae8cb1b011eb9678ba a386df252b584e12bf8aea7c0d6d72c3 - - default default] Unable to schedule network 3667e029-911a-48d1-b953-abac3e970954: no agents available; will retry on subsequent port and subnet creation events.
2026-05-08 00:34:56.863 8 WARNING neutron.scheduler.dhcp_agent_scheduler [None req-d229b4cc-3620-4a54-b516-6f9f4926b9f0 c861d4d7e2ed4dec9f9914f827415ea4 0ef16a58f83d446eb7b65d1aa8e8c93e - - default default] No more DHCP agents
2026-05-08 00:34:56.865 8 WARNING neutron.api.rpc.agentnotifiers.dhcp_rpc_agent_api [None req-d229b4cc-3620-4a54-b516-6f9f4926b9f0 c861d4d7e2ed4dec9f9914f827415ea4 0ef16a58f83d446eb7b65d1aa8e8c93e - - default default] Unable to schedule network 290e7694-bac5-4a07-b940-cbbef03e5f12: no agents available; will retry on subsequent port and subnet creation events.
2026-05-08 00:34:56.875 8 INFO neutron.plugins.ml2.drivers.ovn.mech_driver.mech_driver [None req-266e10aa-2bd2-4fe6-8306-8643cd16d991 - - - - - -] OVN reports status down for port: 6c11372b-7926-4366-bac3-b17fa6c1c4e7
2026-05-08 00:34:56.891 7 INFO neutron.db.ovn_revision_numbers_db [None req-48077f2f-c06e-49c1-a056-136fab003f2f cbd4c17af1334fae8cb1b011eb9678ba a386df252b584e12bf8aea7c0d6d72c3 - - default default] Successfully bumped revision number for resource 6c11372b-7926-4366-bac3-b17fa6c1c4e7 (type: ports) to 1 [pid: 7|app: 0|req: 565/1125] 10.0.0.94 () {34 vars in 669 bytes} [Fri May 8 00:34:56 2026] POST /v2.0/networks => generated 683 bytes in 842 msecs (HTTP/1.1 201) 4 headers in 162 bytes (1 switches on core 0)
2026-05-08 00:34:56.962 8 INFO neutron.db.ovn_revision_numbers_db [None req-d229b4cc-3620-4a54-b516-6f9f4926b9f0 c861d4d7e2ed4dec9f9914f827415ea4 0ef16a58f83d446eb7b65d1aa8e8c93e - - default default] Successfully bumped revision number for resource e4031a97-1406-449a-9b1e-6baa48aa7885 (type: subnets) to 0 [pid: 8|app: 0|req: 561/1126] 10.0.0.94 () {34 vars in 668 bytes} [Fri May 8 00:34:56 2026] POST /v2.0/subnets => generated 646 bytes in 334 msecs (HTTP/1.1 201) 4 headers in 162 bytes (1 switches on core 0)
2026-05-08 00:34:57.128 8 INFO neutron.db.ovn_revision_numbers_db [None req-bd677d62-b516-4c2f-8805-091ce719d7a4 c861d4d7e2ed4dec9f9914f827415ea4 0ef16a58f83d446eb7b65d1aa8e8c93e - - default default] Successfully bumped revision number for resource 0eb4361e-6e9a-4620-8c7c-f76c7037359d (type: routers) to 1 [pid: 8|app: 0|req: 562/1127] 10.0.0.94 () {34 vars in 668 bytes} [Fri May 8 00:34:56 2026] POST /v2.0/routers => generated 607 bytes in 145 msecs (HTTP/1.1 201) 4 headers in 162 bytes (1 switches on core 0) [pid: 8|app: 0|req: 563/1128] 10.0.0.13 () {34 vars in 989 bytes} [Fri May 8 00:34:57 2026] GET /v2.0/ports?device_id=ef6c9d9c-725b-464e-9b10-88aaf029765e => generated 971 bytes in 39 msecs (HTTP/1.1 200) 4 headers in 157 bytes (1 switches on core 0)
2026-05-08 00:34:57.200 7 WARNING neutron.scheduler.dhcp_agent_scheduler [None req-0c194487-fe73-4e3d-8614-3588054073b2 cbd4c17af1334fae8cb1b011eb9678ba a386df252b584e12bf8aea7c0d6d72c3 - - default default] No more DHCP agents
2026-05-08 00:34:57.201 7 WARNING neutron.api.rpc.agentnotifiers.dhcp_rpc_agent_api [None req-0c194487-fe73-4e3d-8614-3588054073b2 cbd4c17af1334fae8cb1b011eb9678ba a386df252b584e12bf8aea7c0d6d72c3 - - default default] Unable to schedule network 3667e029-911a-48d1-b953-abac3e970954: no agents available; will retry on subsequent port and subnet creation events.
2026-05-08 00:34:57.282 7 INFO neutron.db.ovn_revision_numbers_db [None req-0c194487-fe73-4e3d-8614-3588054073b2 cbd4c17af1334fae8cb1b011eb9678ba a386df252b584e12bf8aea7c0d6d72c3 - - default default] Successfully bumped revision number for resource 9812b3b1-6ccb-4599-9a0c-d2032d66794c (type: ports) to 1
2026-05-08 00:34:57.312 8 INFO neutron.plugins.ml2.drivers.ovn.mech_driver.mech_driver [None req-266e10aa-2bd2-4fe6-8306-8643cd16d991 - - - - - -] OVN reports status down for port: 9812b3b1-6ccb-4599-9a0c-d2032d66794c [pid: 7|app: 0|req: 566/1129] 10.0.0.94 () {34 vars in 664 bytes} [Fri May 8 00:34:56 2026] POST /v2.0/ports => generated 775 bytes in 428 msecs (HTTP/1.1 201) 4 headers in 162 bytes (1 switches on core 0) /var/lib/openstack/lib/python3.12/site-packages/pycadf/identifier.py:70: UserWarning: Invalid uuid: neutron. To ensure interoperability, identifiers should be a valid uuid. warnings.warn(('Invalid uuid: %s. To ensure interoperability, ' [pid: 7|app: 0|req: 567/1130] 10.0.0.13 () {34 vars in 1039 bytes} [Fri May 8 00:34:57 2026] GET /v2.0/security-groups?id=8c848569-b7eb-4d3e-b4d1-f86cb742044d&fields=id&fields=name => generated 114 bytes in 24 msecs (HTTP/1.1 200) 4 headers in 157 bytes (1 switches on core 0) [pid: 7|app: 0|req: 568/1131] 10.0.0.13 () {34 vars in 1097 bytes} [Fri May 8 00:34:57 2026] GET /v2.0/security-groups?name=tempest-securitygroup--635782102&fields=id&tenant_id=0e2d41c5261f44b2a28dc3ffa420f554 => generated 69 bytes in 23 msecs (HTTP/1.1 200) 4 headers in 156 bytes (1 switches on core 0)
2026-05-08 00:34:57.489 7 INFO neutron.db.segments_db [None req-f8004d3a-140d-408c-bb1b-849f7a6fd6c1 cbd4c17af1334fae8cb1b011eb9678ba a386df252b584e12bf8aea7c0d6d72c3 - - default default] Added segment ad3a9dac-b8dc-4a1c-aecc-bb2330c7d982 of type geneve for network 3250c059-bab9-47eb-ac79-7110699e77ff
2026-05-08 00:34:57.601 7 INFO neutron.db.ovn_revision_numbers_db [None req-f8004d3a-140d-408c-bb1b-849f7a6fd6c1 cbd4c17af1334fae8cb1b011eb9678ba a386df252b584e12bf8aea7c0d6d72c3 - - default default] Successfully bumped revision number for resource 3250c059-bab9-47eb-ac79-7110699e77ff (type: networks) to 1
2026-05-08 00:34:57.707 7 INFO neutron.services.segments.plugin [-] Segment 0934587d-648e-4ed3-abd5-e400e9b44026 resource provider aggregate not found
2026-05-08 00:34:57.720 7 INFO neutron.services.segments.plugin [-] Segment 0934587d-648e-4ed3-abd5-e400e9b44026 resource provider aggregate not found
2026-05-08 00:34:57.726 7 INFO neutron.services.segments.plugin [-] Segment 0934587d-648e-4ed3-abd5-e400e9b44026 resource provider not found; error: Placement Client Error (4xx): {"errors": [{"status": 404, "title": "Not Found", "detail": "The resource could not be found.\n\n No resource provider with uuid 0934587d-648e-4ed3-abd5-e400e9b44026 found for delete ", "request_id": "req-934447b3-6281-49f8-b2ce-4dbcd792e3a8"}]}
2026-05-08 00:34:57.745 7 INFO neutron.services.segments.plugin [-] Segment 0934587d-648e-4ed3-abd5-e400e9b44026 resource provider not found; error: Placement Client Error (4xx): {"errors": [{"status": 404, "title": "Not Found", "detail": "The resource could not be found.\n\n No resource provider with uuid 0934587d-648e-4ed3-abd5-e400e9b44026 found for delete ", "request_id": "req-fdf33dce-cc0d-4f45-aa0c-e472399a8d65"}]}
2026-05-08 00:34:57.802 7 WARNING neutron.scheduler.dhcp_agent_scheduler [None req-f8004d3a-140d-408c-bb1b-849f7a6fd6c1 cbd4c17af1334fae8cb1b011eb9678ba a386df252b584e12bf8aea7c0d6d72c3 - - default default] No more DHCP agents
2026-05-08 00:34:57.805 7 WARNING neutron.api.rpc.agentnotifiers.dhcp_rpc_agent_api [None req-f8004d3a-140d-408c-bb1b-849f7a6fd6c1 cbd4c17af1334fae8cb1b011eb9678ba a386df252b584e12bf8aea7c0d6d72c3 - - default default] Unable to schedule network 3250c059-bab9-47eb-ac79-7110699e77ff: no agents available; will retry on subsequent port and subnet creation events.
2026-05-08 00:34:57.894 7 INFO neutron.db.ovn_revision_numbers_db [None req-f8004d3a-140d-408c-bb1b-849f7a6fd6c1 cbd4c17af1334fae8cb1b011eb9678ba a386df252b584e12bf8aea7c0d6d72c3 - - default default] Successfully bumped revision number for resource e949ad46-75f8-4a26-a1d9-1a979f314f28 (type: ports) to 1 [pid: 7|app: 0|req: 569/1132] 10.0.0.94 () {34 vars in 669 bytes} [Fri May 8 00:34:57 2026] POST /v2.0/networks => generated 669 bytes in 515 msecs (HTTP/1.1 201) 4 headers in 162 bytes (1 switches on core 0)
2026-05-08 00:34:57.942 8 WARNING neutron.scheduler.dhcp_agent_scheduler [None req-1ea27653-446a-42eb-b7a6-b6c9fc1bf7f7 c861d4d7e2ed4dec9f9914f827415ea4 0ef16a58f83d446eb7b65d1aa8e8c93e - - default default] No more DHCP agents
2026-05-08 00:34:57.943 8 WARNING neutron.api.rpc.agentnotifiers.dhcp_rpc_agent_api [None req-1ea27653-446a-42eb-b7a6-b6c9fc1bf7f7 c861d4d7e2ed4dec9f9914f827415ea4 0ef16a58f83d446eb7b65d1aa8e8c93e - - default default] Unable to schedule network 290e7694-bac5-4a07-b940-cbbef03e5f12: no agents available; will retry on subsequent port and subnet creation events. [pid: 7|app: 0|req: 570/1133] 10.0.0.13 () {34 vars in 981 bytes} [Fri May 8 00:34:57 2026] GET /v2.0/networks?id=9e6c189a-5c5f-4a08-b775-985af30fffdd => generated 718 bytes in 43 msecs (HTTP/1.1 200) 4 headers in 157 bytes (1 switches on core 0)
2026-05-08 00:34:58.035 8 INFO neutron.db.ovn_revision_numbers_db [None req-1ea27653-446a-42eb-b7a6-b6c9fc1bf7f7 c861d4d7e2ed4dec9f9914f827415ea4 0ef16a58f83d446eb7b65d1aa8e8c93e - - default default] Successfully bumped revision number for resource a824b6d5-7cb0-4b54-bd6b-f3c44c072aad (type: ports) to 1 [pid: 8|app: 0|req: 564/1134] 10.0.0.94 () {34 vars in 664 bytes} [Fri May 8 00:34:57 2026] POST /v2.0/ports => generated 959 bytes in 869 msecs (HTTP/1.1 201) 4 headers in 162 bytes (1 switches on core 0) /var/lib/openstack/lib/python3.12/site-packages/pycadf/identifier.py:70: UserWarning: Invalid uuid: neutron. To ensure interoperability, identifiers should be a valid uuid. warnings.warn(('Invalid uuid: %s. To ensure interoperability, ' [pid: 8|app: 0|req: 565/1135] 10.0.0.13 () {34 vars in 964 bytes} [Fri May 8 00:34:58 2026] GET /v2.0/quotas/0e2d41c5261f44b2a28dc3ffa420f554 => generated 292 bytes in 6 msecs (HTTP/1.1 200) 4 headers in 157 bytes (1 switches on core 0)
2026-05-08 00:34:58.174 7 WARNING neutron.scheduler.dhcp_agent_scheduler [None req-78ae3285-1f30-421d-88ad-ab8b87b27db2 cbd4c17af1334fae8cb1b011eb9678ba a386df252b584e12bf8aea7c0d6d72c3 - - default default] No more DHCP agents
2026-05-08 00:34:58.175 7 WARNING neutron.api.rpc.agentnotifiers.dhcp_rpc_agent_api [None req-78ae3285-1f30-421d-88ad-ab8b87b27db2 cbd4c17af1334fae8cb1b011eb9678ba a386df252b584e12bf8aea7c0d6d72c3 - - default default] Unable to schedule network 3250c059-bab9-47eb-ac79-7110699e77ff: no agents available; will retry on subsequent port and subnet creation events.
2026-05-08 00:34:58.419 8 INFO neutron.db.ovn_revision_numbers_db [None req-63bb25b0-6792-4248-a47d-f223b41a5e04 c861d4d7e2ed4dec9f9914f827415ea4 0ef16a58f83d446eb7b65d1aa8e8c93e - - default default] Successfully bumped revision number for resource a824b6d5-7cb0-4b54-bd6b-f3c44c072aad (type: ports) to 2
2026-05-08 00:34:58.520 7 WARNING neutron.plugins.ml2.drivers.ovn.mech_driver.ovsdb.ovn_client [None req-bb1b2bf9-876d-45df-8920-d29760616a08 - - - - - -] No port found with ID d4e3647a-e028-4507-9197-fc86ef813448: RuntimeError: No port found with ID d4e3647a-e028-4507-9197-fc86ef813448
2026-05-08 00:34:58.537 7 INFO neutron.plugins.ml2.drivers.ovn.mech_driver.mech_driver [None req-bb1b2bf9-876d-45df-8920-d29760616a08 - - - - - -] OVN reports status down for port: e535f273-15d4-4e45-b767-d5f17d585dee
2026-05-08 00:34:58.647 7 WARNING neutron.plugins.ml2.drivers.ovn.mech_driver.ovsdb.ovn_client [None req-bb1b2bf9-876d-45df-8920-d29760616a08 - - - - - -] Logical_Switch_Port e535f273-15d4-4e45-b767-d5f17d585dee host information not removed, the port state is up
2026-05-08 00:34:58.648 7 INFO neutron.plugins.ml2.drivers.ovn.mech_driver.mech_driver [None req-bb1b2bf9-876d-45df-8920-d29760616a08 - - - - - -] OVN reports status up for port: e535f273-15d4-4e45-b767-d5f17d585dee
2026-05-08 00:34:58.658 7 INFO neutron.db.ovn_revision_numbers_db [None req-4a411133-f8ba-450c-beea-034458db3626 - - - - - -] Successfully bumped revision number for resource e949ad46-75f8-4a26-a1d9-1a979f314f28 (type: ports) to 2
2026-05-08 00:34:58.664 7 INFO neutron.plugins.ml2.plugin [None req-bb1b2bf9-876d-45df-8920-d29760616a08 - - - - - -] Attempt 1 to provision port e535f273-15d4-4e45-b767-d5f17d585dee
