2026-06-08 09:59:53.550 7 INFO neutron.plugins.ml2.plugin [None req-9333d3ab-453c-47f0-865f-f14078b29b0e - - - - - -] Attempt 1 to provision port 84515ed1-e4d8-4a5a-a401-05447b270e8d
2026-06-08 09:59:53.685 8 INFO neutron.db.ovn_revision_numbers_db [None req-e02bb506-80b3-4e3e-848e-b870e9c639ae 4a3a228cbabd41f3950dd7bc08957ba5 9d483c8db99f4905b2a5599b9f64f003 - - default default] Successfully bumped revision number for resource d139238b-494a-4b66-a3b3-7067264e203e (type: security_groups) to 1
2026-06-08 09:59:53.698 8 INFO neutron.db.ovn_revision_numbers_db [None req-e02bb506-80b3-4e3e-848e-b870e9c639ae 4a3a228cbabd41f3950dd7bc08957ba5 9d483c8db99f4905b2a5599b9f64f003 - - default default] Successfully bumped revision number for resource 34ea7692-e646-4999-a3f0-625c30d08151 (type: security_group_rules) to 0
2026-06-08 09:59:53.712 8 INFO neutron.db.ovn_revision_numbers_db [None req-e02bb506-80b3-4e3e-848e-b870e9c639ae 4a3a228cbabd41f3950dd7bc08957ba5 9d483c8db99f4905b2a5599b9f64f003 - - default default] Successfully bumped revision number for resource 5ec7ee7f-1003-45ce-b0f9-9a294bfecaa6 (type: security_group_rules) to 0
2026-06-08 09:59:53.726 8 INFO neutron.db.ovn_revision_numbers_db [None req-e02bb506-80b3-4e3e-848e-b870e9c639ae 4a3a228cbabd41f3950dd7bc08957ba5 9d483c8db99f4905b2a5599b9f64f003 - - default default] Successfully bumped revision number for resource ba37b9d8-b817-4970-8b74-15d462509582 (type: security_group_rules) to 0
2026-06-08 09:59:53.729 7 INFO neutron.db.ovn_revision_numbers_db [None req-d9b946c4-9953-45cb-8258-2e336d93fa4d - - - - - -] Successfully bumped revision number for resource 5f0cbf11-b53c-4482-a3e6-6d8326df8387 (type: ports) to 5
2026-06-08 09:59:53.740 8 INFO neutron.db.ovn_revision_numbers_db [None req-e02bb506-80b3-4e3e-848e-b870e9c639ae 4a3a228cbabd41f3950dd7bc08957ba5 9d483c8db99f4905b2a5599b9f64f003 - - default default] Successfully bumped revision number for resource e8c306e2-9232-4230-b37b-1e6ad98b1e49 (type: security_group_rules) to 0 [pid: 8|app: 0|req: 824/1420] 10.0.0.124 () {32 vars in 774 bytes} [Mon Jun 8 09:59:53 2026] GET /v2.0/security-groups?tenant_id=9b305eeb9d4c4707ad0c386da6bfad60&name=default => generated 2925 bytes in 791 msecs (HTTP/1.1 200) 4 headers in 158 bytes (1 switches on core 0) [pid: 8|app: 0|req: 826/1422] 199.204.45.3 () {34 vars in 1078 bytes} [Mon Jun 8 09:59:53 2026] GET /v2.0/ports?tenant_id=f318bd72fe954b1e910933f2826886fb&device_id=1adafaaf-6349-4956-8265-f44c703826f7 => generated 1207 bytes in 36 msecs (HTTP/1.1 200) 4 headers in 158 bytes (1 switches on core 0)
2026-06-08 09:59:53.984 7 WARNING neutron.scheduler.dhcp_agent_scheduler [None req-d8a5202b-518a-46bc-b677-083af5221b8e 4a3a228cbabd41f3950dd7bc08957ba5 9d483c8db99f4905b2a5599b9f64f003 - - default default] No more DHCP agents
2026-06-08 09:59:53.989 7 WARNING neutron.api.rpc.agentnotifiers.dhcp_rpc_agent_api [None req-d8a5202b-518a-46bc-b677-083af5221b8e 4a3a228cbabd41f3950dd7bc08957ba5 9d483c8db99f4905b2a5599b9f64f003 - - default default] Unable to schedule network 04037107-ae0b-451d-8cbc-9d3bf034ca5f: no agents available; will retry on subsequent port and subnet creation events. [pid: 8|app: 0|req: 827/1423] 10.0.0.124 () {32 vars in 740 bytes} [Mon Jun 8 09:59:53 2026] DELETE /v2.0/security-groups/d139238b-494a-4b66-a3b3-7067264e203e => generated 0 bytes in 301 msecs (HTTP/1.1 204) 2 headers in 112 bytes (1 switches on core 0) [pid: 8|app: 0|req: 828/1424] 199.204.45.3 () {34 vars in 1016 bytes} [Mon Jun 8 09:59:54 2026] GET /v2.0/networks?tenant_id=f318bd72fe954b1e910933f2826886fb&shared=False => generated 806 bytes in 64 msecs (HTTP/1.1 200) 4 headers in 157 bytes (1 switches on core 0) [pid: 8|app: 0|req: 829/1425] 10.0.0.135 () {34 vars in 990 bytes} [Mon Jun 8 09:59:54 2026] GET /v2.0/ports?device_id=1adafaaf-6349-4956-8265-f44c703826f7 => generated 969 bytes in 48 msecs (HTTP/1.1 200) 4 headers in 157 bytes (1 switches on core 0) [pid: 8|app: 0|req: 830/1426] 199.204.45.3 () {34 vars in 928 bytes} [Mon Jun 8 09:59:54 2026] GET /v2.0/networks?shared=True => generated 791 bytes in 57 msecs (HTTP/1.1 200) 4 headers in 157 bytes (1 switches on core 0) [pid: 8|app: 0|req: 831/1427] 10.0.0.135 () {34 vars in 1040 bytes} [Mon Jun 8 09:59:54 2026] GET /v2.0/security-groups?id=5a3f96a7-77e7-46ec-a5b9-564ed4f49323&fields=id&fields=name => generated 113 bytes in 37 msecs (HTTP/1.1 200) 4 headers in 157 bytes (1 switches on core 0)
2026-06-08 09:59:54.542 8 INFO neutron.db.ovn_revision_numbers_db [None req-cce6edc5-1499-409e-b390-177a680573cb 4a3a228cbabd41f3950dd7bc08957ba5 9d483c8db99f4905b2a5599b9f64f003 - - default default] Successfully bumped revision number for resource 424a0203-ff09-4229-a0bc-62235fc5b6d2 (type: security_groups) to 1
2026-06-08 09:59:54.576 8 INFO neutron.db.ovn_revision_numbers_db [None req-cce6edc5-1499-409e-b390-177a680573cb 4a3a228cbabd41f3950dd7bc08957ba5 9d483c8db99f4905b2a5599b9f64f003 - - default default] Successfully bumped revision number for resource 04142ec4-63b8-4ec9-b934-7afbbba97f41 (type: security_group_rules) to 0
2026-06-08 09:59:54.590 8 INFO neutron.db.ovn_revision_numbers_db [None req-cce6edc5-1499-409e-b390-177a680573cb 4a3a228cbabd41f3950dd7bc08957ba5 9d483c8db99f4905b2a5599b9f64f003 - - default default] Successfully bumped revision number for resource 6dfa80dc-0fef-419d-8f69-840f180646e5 (type: security_group_rules) to 0
2026-06-08 09:59:54.600 8 INFO neutron.db.ovn_revision_numbers_db [None req-cce6edc5-1499-409e-b390-177a680573cb 4a3a228cbabd41f3950dd7bc08957ba5 9d483c8db99f4905b2a5599b9f64f003 - - default default] Successfully bumped revision number for resource 8fbeed47-8bde-4950-a64d-a1831c54f370 (type: security_group_rules) to 0
2026-06-08 09:59:54.612 8 INFO neutron.db.ovn_revision_numbers_db [None req-cce6edc5-1499-409e-b390-177a680573cb 4a3a228cbabd41f3950dd7bc08957ba5 9d483c8db99f4905b2a5599b9f64f003 - - default default] Successfully bumped revision number for resource edef32e3-bdfa-4e22-87a2-f7a4504e98ef (type: security_group_rules) to 0
2026-06-08 09:59:54.644 7 INFO neutron.db.ovn_revision_numbers_db [None req-9333d3ab-453c-47f0-865f-f14078b29b0e - - - - - -] Successfully bumped revision number for resource 84515ed1-e4d8-4a5a-a401-05447b270e8d (type: ports) to 2 [pid: 8|app: 0|req: 832/1428] 10.0.0.124 () {32 vars in 774 bytes} [Mon Jun 8 09:59:54 2026] GET /v2.0/security-groups?tenant_id=ac7aa9651ece4ce393b7d0854fe16e9e&name=default => generated 2925 bytes in 310 msecs (HTTP/1.1 200) 4 headers in 158 bytes (1 switches on core 0) [pid: 8|app: 0|req: 833/1429] 10.0.0.124 () {32 vars in 740 bytes} [Mon Jun 8 09:59:54 2026] DELETE /v2.0/security-groups/424a0203-ff09-4229-a0bc-62235fc5b6d2 => generated 0 bytes in 291 msecs (HTTP/1.1 204) 2 headers in 112 bytes (1 switches on core 0)
2026-06-08 09:59:55.224 7 INFO neutron.db.ovn_revision_numbers_db [None req-d8a5202b-518a-46bc-b677-083af5221b8e 4a3a228cbabd41f3950dd7bc08957ba5 9d483c8db99f4905b2a5599b9f64f003 - - default default] Successfully bumped revision number for resource 84515ed1-e4d8-4a5a-a401-05447b270e8d (type: router_ports) to 1 [pid: 7|app: 0|req: 597/1430] 10.0.0.124 () {34 vars in 783 bytes} [Mon Jun 8 09:59:49 2026] PUT /v2.0/routers/9ebf8492-895d-4c0c-b5d4-a0c468470900/add_router_interface => generated 309 bytes in 5378 msecs (HTTP/1.1 200) 4 headers in 157 bytes (1 switches on core 0) [pid: 8|app: 0|req: 834/1431] 199.204.45.3 () {34 vars in 1078 bytes} [Mon Jun 8 09:59:55 2026] GET /v2.0/ports?tenant_id=f318bd72fe954b1e910933f2826886fb&device_id=1adafaaf-6349-4956-8265-f44c703826f7 => generated 1207 bytes in 48 msecs (HTTP/1.1 200) 4 headers in 158 bytes (1 switches on core 0) [pid: 7|app: 0|req: 598/1432] 199.204.45.3 () {34 vars in 1056 bytes} [Mon Jun 8 09:59:55 2026] GET /v2.0/floatingips?fixed_ip_address=10.100.0.4&port_id=53fe93fb-e054-4ee5-b404-dcad9c19c321 => generated 19 bytes in 29 msecs (HTTP/1.1 200) 4 headers in 156 bytes (1 switches on core 0) [pid: 7|app: 0|req: 599/1433] 199.204.45.3 () {34 vars in 982 bytes} [Mon Jun 8 09:59:55 2026] GET /v2.0/subnets?id=156056e6-b0cd-44ae-975c-55c36fc7a9db => generated 687 bytes in 33 msecs (HTTP/1.1 200) 4 headers in 157 bytes (1 switches on core 0) [pid: 8|app: 0|req: 835/1434] 10.0.0.135 () {34 vars in 990 bytes} [Mon Jun 8 09:59:55 2026] GET /v2.0/ports?device_id=1adafaaf-6349-4956-8265-f44c703826f7 => generated 969 bytes in 56 msecs (HTTP/1.1 200) 4 headers in 157 bytes (1 switches on core 0) [pid: 7|app: 0|req: 600/1435] 199.204.45.3 () {34 vars in 1050 bytes} [Mon Jun 8 09:59:55 2026] GET /v2.0/ports?network_id=ab57fe61-caa7-44ff-bb1f-0509d1dc9a39&device_owner=network%3Adhcp => generated 12 bytes in 36 msecs (HTTP/1.1 200) 4 headers in 156 bytes (1 switches on core 0) [pid: 8|app: 0|req: 836/1436] 10.0.0.135 () {34 vars in 1040 bytes} [Mon Jun 8 09:59:55 2026] GET /v2.0/security-groups?id=5a3f96a7-77e7-46ec-a5b9-564ed4f49323&fields=id&fields=name => generated 113 bytes in 42 msecs (HTTP/1.1 200) 4 headers in 157 bytes (1 switches on core 0) [pid: 7|app: 0|req: 601/1437] 199.204.45.3 () {34 vars in 1010 bytes} [Mon Jun 8 09:59:55 2026] GET /v2.0/networks/ab57fe61-caa7-44ff-bb1f-0509d1dc9a39?fields=segments => generated 14 bytes in 56 msecs (HTTP/1.1 200) 4 headers in 156 bytes (1 switches on core 0) [pid: 8|app: 0|req: 837/1438] 199.204.45.3 () {34 vars in 1110 bytes} [Mon Jun 8 09:59:55 2026] GET /v2.0/networks/ab57fe61-caa7-44ff-bb1f-0509d1dc9a39?fields=provider%3Aphysical_network&fields=provider%3Anetwork_type => generated 79 bytes in 45 msecs (HTTP/1.1 200) 4 headers in 156 bytes (1 switches on core 0)
2026-06-08 09:59:56.491 7 INFO neutron.db.ovn_revision_numbers_db [None req-ef56ec0f-d963-4e98-aecc-50b01659f1f5 4a3a228cbabd41f3950dd7bc08957ba5 9d483c8db99f4905b2a5599b9f64f003 - - default default] Successfully bumped revision number for resource c33a4724-7056-4587-b9a9-cb0f7e1816f6 (type: security_groups) to 1
2026-06-08 09:59:56.502 7 INFO neutron.db.ovn_revision_numbers_db [None req-ef56ec0f-d963-4e98-aecc-50b01659f1f5 4a3a228cbabd41f3950dd7bc08957ba5 9d483c8db99f4905b2a5599b9f64f003 - - default default] Successfully bumped revision number for resource 14c12286-07f7-4e3e-a037-f927a8058147 (type: security_group_rules) to 0
2026-06-08 09:59:56.515 7 INFO neutron.db.ovn_revision_numbers_db [None req-ef56ec0f-d963-4e98-aecc-50b01659f1f5 4a3a228cbabd41f3950dd7bc08957ba5 9d483c8db99f4905b2a5599b9f64f003 - - default default] Successfully bumped revision number for resource 277664fa-d261-4194-ac5f-4d7aff60189d (type: security_group_rules) to 0
2026-06-08 09:59:56.527 7 INFO neutron.db.ovn_revision_numbers_db [None req-ef56ec0f-d963-4e98-aecc-50b01659f1f5 4a3a228cbabd41f3950dd7bc08957ba5 9d483c8db99f4905b2a5599b9f64f003 - - default default] Successfully bumped revision number for resource 689aceda-5254-46a5-9c17-f2d01576e078 (type: security_group_rules) to 0
2026-06-08 09:59:56.540 7 INFO neutron.db.ovn_revision_numbers_db [None req-ef56ec0f-d963-4e98-aecc-50b01659f1f5 4a3a228cbabd41f3950dd7bc08957ba5 9d483c8db99f4905b2a5599b9f64f003 - - default default] Successfully bumped revision number for resource afc1b647-5cb9-4e7a-b973-aafa21e33af1 (type: security_group_rules) to 0
2026-06-08 09:59:56.616 7 INFO neutron.db.segments_db [None req-ef56ec0f-d963-4e98-aecc-50b01659f1f5 4a3a228cbabd41f3950dd7bc08957ba5 9d483c8db99f4905b2a5599b9f64f003 - - default default] Added segment 4f50922a-bf7d-4459-b1d9-1441537f24c3 of type geneve for network afa30962-086d-4f12-a83e-12b839157546 [pid: 8|app: 0|req: 838/1439] 10.0.0.135 () {34 vars in 990 bytes} [Mon Jun 8 09:59:56 2026] GET /v2.0/ports?device_id=1adafaaf-6349-4956-8265-f44c703826f7 => generated 969 bytes in 95 msecs (HTTP/1.1 200) 4 headers in 157 bytes (1 switches on core 0)
2026-06-08 09:59:56.769 7 INFO neutron.db.ovn_revision_numbers_db [None req-ef56ec0f-d963-4e98-aecc-50b01659f1f5 4a3a228cbabd41f3950dd7bc08957ba5 9d483c8db99f4905b2a5599b9f64f003 - - default default] Successfully bumped revision number for resource afa30962-086d-4f12-a83e-12b839157546 (type: networks) to 1 [pid: 8|app: 0|req: 839/1440] 10.0.0.135 () {34 vars in 1040 bytes} [Mon Jun 8 09:59:56 2026] GET /v2.0/security-groups?id=5a3f96a7-77e7-46ec-a5b9-564ed4f49323&fields=id&fields=name => generated 113 bytes in 66 msecs (HTTP/1.1 200) 4 headers in 157 bytes (1 switches on core 0)
2026-06-08 09:59:56.946 7 WARNING neutron.scheduler.dhcp_agent_scheduler [None req-ef56ec0f-d963-4e98-aecc-50b01659f1f5 4a3a228cbabd41f3950dd7bc08957ba5 9d483c8db99f4905b2a5599b9f64f003 - - default default] No more DHCP agents
2026-06-08 09:59:56.948 7 WARNING neutron.api.rpc.agentnotifiers.dhcp_rpc_agent_api [None req-ef56ec0f-d963-4e98-aecc-50b01659f1f5 4a3a228cbabd41f3950dd7bc08957ba5 9d483c8db99f4905b2a5599b9f64f003 - - default default] Unable to schedule network afa30962-086d-4f12-a83e-12b839157546: no agents available; will retry on subsequent port and subnet creation events.
2026-06-08 09:59:57.068 7 INFO neutron.db.ovn_revision_numbers_db [None req-ef56ec0f-d963-4e98-aecc-50b01659f1f5 4a3a228cbabd41f3950dd7bc08957ba5 9d483c8db99f4905b2a5599b9f64f003 - - default default] Successfully bumped revision number for resource 374d19b4-5b3d-43d0-83b6-304fa9383f9d (type: ports) to 1 [pid: 7|app: 0|req: 602/1441] 10.0.0.124 () {34 vars in 671 bytes} [Mon Jun 8 09:59:56 2026] POST /v2.0/networks => generated 763 bytes in 791 msecs (HTTP/1.1 201) 4 headers in 162 bytes (1 switches on core 0)
2026-06-08 09:59:57.309 8 INFO neutron.db.ovn_revision_numbers_db [None req-a4f514d5-d7c4-43a4-b572-93df700d34de 4cc7226368774be096ebd8dea8c89659 fd3d4dfd6ce74ca889aee7913abaf001 - - default default] Successfully bumped revision number for resource 1905b5ad-5e6d-46b0-be8f-d0dd03981e1d (type: security_groups) to 1
2026-06-08 09:59:57.329 8 INFO neutron.db.ovn_revision_numbers_db [None req-a4f514d5-d7c4-43a4-b572-93df700d34de 4cc7226368774be096ebd8dea8c89659 fd3d4dfd6ce74ca889aee7913abaf001 - - default default] Successfully bumped revision number for resource 24d7b8d6-6692-474b-b60d-b36135d0850d (type: security_group_rules) to 0
2026-06-08 09:59:57.342 8 INFO neutron.db.ovn_revision_numbers_db [None req-a4f514d5-d7c4-43a4-b572-93df700d34de 4cc7226368774be096ebd8dea8c89659 fd3d4dfd6ce74ca889aee7913abaf001 - - default default] Successfully bumped revision number for resource 472dbd07-38a6-460c-9fda-c3980178cbcb (type: security_group_rules) to 0
2026-06-08 09:59:57.355 8 INFO neutron.db.ovn_revision_numbers_db [None req-a4f514d5-d7c4-43a4-b572-93df700d34de 4cc7226368774be096ebd8dea8c89659 fd3d4dfd6ce74ca889aee7913abaf001 - - default default] Successfully bumped revision number for resource b2c25c13-26ea-42a9-824c-5ab09315eab2 (type: security_group_rules) to 0
2026-06-08 09:59:57.370 8 INFO neutron.db.ovn_revision_numbers_db [None req-a4f514d5-d7c4-43a4-b572-93df700d34de 4cc7226368774be096ebd8dea8c89659 fd3d4dfd6ce74ca889aee7913abaf001 - - default default] Successfully bumped revision number for resource e4f5ec68-403e-494d-9663-8459ac8c1b8e (type: security_group_rules) to 0
2026-06-08 09:59:57.371 7 WARNING neutron.scheduler.dhcp_agent_scheduler [None req-f6aaa046-2597-4489-a17c-09dadce2368a 4a3a228cbabd41f3950dd7bc08957ba5 9d483c8db99f4905b2a5599b9f64f003 - - default default] No more DHCP agents
2026-06-08 09:59:57.373 7 WARNING neutron.api.rpc.agentnotifiers.dhcp_rpc_agent_api [None req-f6aaa046-2597-4489-a17c-09dadce2368a 4a3a228cbabd41f3950dd7bc08957ba5 9d483c8db99f4905b2a5599b9f64f003 - - default default] Unable to schedule network afa30962-086d-4f12-a83e-12b839157546: no agents available; will retry on subsequent port and subnet creation events.
2026-06-08 09:59:57.455 8 INFO neutron.db.segments_db [None req-a4f514d5-d7c4-43a4-b572-93df700d34de 4cc7226368774be096ebd8dea8c89659 fd3d4dfd6ce74ca889aee7913abaf001 - - default default] Added segment 90375f83-a4cc-45aa-a0cc-916a8da4271e of type geneve for network 9f1139bb-a432-40ef-8ef8-e451ed46b8cf
2026-06-08 09:59:57.589 8 INFO neutron.db.ovn_revision_numbers_db [None req-a4f514d5-d7c4-43a4-b572-93df700d34de 4cc7226368774be096ebd8dea8c89659 fd3d4dfd6ce74ca889aee7913abaf001 - - default default] Successfully bumped revision number for resource 9f1139bb-a432-40ef-8ef8-e451ed46b8cf (type: networks) to 1
2026-06-08 09:59:57.764 8 WARNING neutron.scheduler.dhcp_agent_scheduler [None req-a4f514d5-d7c4-43a4-b572-93df700d34de 4cc7226368774be096ebd8dea8c89659 fd3d4dfd6ce74ca889aee7913abaf001 - - default default] No more DHCP agents
2026-06-08 09:59:57.767 8 WARNING neutron.api.rpc.agentnotifiers.dhcp_rpc_agent_api [None req-a4f514d5-d7c4-43a4-b572-93df700d34de 4cc7226368774be096ebd8dea8c89659 fd3d4dfd6ce74ca889aee7913abaf001 - - default default] Unable to schedule network 9f1139bb-a432-40ef-8ef8-e451ed46b8cf: no agents available; will retry on subsequent port and subnet creation events.
2026-06-08 09:59:57.887 8 INFO neutron.db.ovn_revision_numbers_db [None req-a4f514d5-d7c4-43a4-b572-93df700d34de 4cc7226368774be096ebd8dea8c89659 fd3d4dfd6ce74ca889aee7913abaf001 - - default default] Successfully bumped revision number for resource 4d10bb9e-f4fc-4c0c-907c-3365c69787eb (type: ports) to 1 [pid: 8|app: 0|req: 840/1442] 10.0.0.124 () {34 vars in 670 bytes} [Mon Jun 8 09:59:56 2026] POST /v2.0/networks => generated 669 bytes in 1019 msecs (HTTP/1.1 201) 4 headers in 162 bytes (1 switches on core 0) [pid: 8|app: 0|req: 841/1443] 10.0.0.135 () {34 vars in 990 bytes} [Mon Jun 8 09:59:57 2026] GET /v2.0/ports?device_id=1adafaaf-6349-4956-8265-f44c703826f7 => generated 969 bytes in 82 msecs (HTTP/1.1 200) 4 headers in 157 bytes (1 switches on core 0)
2026-06-08 09:59:57.995 7 INFO neutron.db.ovn_revision_numbers_db [None req-3e0a36cc-cf8f-40a3-b7af-0c716c0d4e61 - - - - - -] Successfully bumped revision number for resource 374d19b4-5b3d-43d0-83b6-304fa9383f9d (type: ports) to 2
2026-06-08 09:59:58.024 7 INFO neutron.db.ovn_revision_numbers_db [None req-3e0a36cc-cf8f-40a3-b7af-0c716c0d4e61 - - - - - -] Successfully bumped revision number for resource e2698b03-5571-4ef6-a1dc-3fa978a56c02 (type: subnets) to 0 [pid: 7|app: 0|req: 603/1444] 10.0.0.124 () {34 vars in 669 bytes} [Mon Jun 8 09:59:57 2026] POST /v2.0/subnets => generated 688 bytes in 941 msecs (HTTP/1.1 201) 4 headers in 162 bytes (1 switches on core 0) [pid: 7|app: 0|req: 604/1445] 10.0.0.135 () {34 vars in 1040 bytes} [Mon Jun 8 09:59:58 2026] GET /v2.0/security-groups?id=5a3f96a7-77e7-46ec-a5b9-564ed4f49323&fields=id&fields=name => generated 113 bytes in 27 msecs (HTTP/1.1 200) 4 headers in 157 bytes (1 switches on core 0)
2026-06-08 09:59:58.218 8 WARNING neutron.scheduler.dhcp_agent_scheduler [None req-38bc0ea9-23b6-4b0b-9ad9-4190c229fc73 4cc7226368774be096ebd8dea8c89659 fd3d4dfd6ce74ca889aee7913abaf001 - - default default] No more DHCP agents
2026-06-08 09:59:58.220 8 WARNING neutron.api.rpc.agentnotifiers.dhcp_rpc_agent_api [None req-38bc0ea9-23b6-4b0b-9ad9-4190c229fc73 4cc7226368774be096ebd8dea8c89659 fd3d4dfd6ce74ca889aee7913abaf001 - - default default] Unable to schedule network 9f1139bb-a432-40ef-8ef8-e451ed46b8cf: no agents available; will retry on subsequent port and subnet creation events.
2026-06-08 09:59:58.258 8 INFO neutron.db.ovn_revision_numbers_db [None req-38bc0ea9-23b6-4b0b-9ad9-4190c229fc73 4cc7226368774be096ebd8dea8c89659 fd3d4dfd6ce74ca889aee7913abaf001 - - default default] Successfully bumped revision number for resource d49c5bd2-9ffc-4c23-9975-983c31c425f7 (type: subnets) to 0 [pid: 8|app: 0|req: 842/1446] 10.0.0.124 () {34 vars in 669 bytes} [Mon Jun 8 09:59:57 2026] POST /v2.0/subnets => generated 627 bytes in 304 msecs (HTTP/1.1 201) 4 headers in 162 bytes (1 switches on core 0)
2026-06-08 09:59:58.486 7 INFO neutron.db.ovn_revision_numbers_db [None req-2a2823f5-b638-4c9c-a710-8911e0db4cfe 4a3a228cbabd41f3950dd7bc08957ba5 9d483c8db99f4905b2a5599b9f64f003 - - default default] Successfully bumped revision number for resource 4af7466c-ef10-44e8-9654-12777a66f603 (type: security_groups) to 1
2026-06-08 09:59:58.501 7 INFO neutron.db.ovn_revision_numbers_db [None req-2a2823f5-b638-4c9c-a710-8911e0db4cfe 4a3a228cbabd41f3950dd7bc08957ba5 9d483c8db99f4905b2a5599b9f64f003 - - default default] Successfully bumped revision number for resource 070e58c2-a276-45e4-b8e9-8b1d24c38ae4 (type: security_group_rules) to 0
2026-06-08 09:59:58.517 7 INFO neutron.db.ovn_revision_numbers_db [None req-2a2823f5-b638-4c9c-a710-8911e0db4cfe 4a3a228cbabd41f3950dd7bc08957ba5 9d483c8db99f4905b2a5599b9f64f003 - - default default] Successfully bumped revision number for resource 4aa67504-e159-4137-8d66-bfc7a8af6d25 (type: security_group_rules) to 0
2026-06-08 09:59:58.533 7 INFO neutron.db.ovn_revision_numbers_db [None req-2a2823f5-b638-4c9c-a710-8911e0db4cfe 4a3a228cbabd41f3950dd7bc08957ba5 9d483c8db99f4905b2a5599b9f64f003 - - default default] Successfully bumped revision number for resource cf0c000d-6c30-478c-a332-645743cc7126 (type: security_group_rules) to 0
2026-06-08 09:59:58.554 7 INFO neutron.db.ovn_revision_numbers_db [None req-2a2823f5-b638-4c9c-a710-8911e0db4cfe 4a3a228cbabd41f3950dd7bc08957ba5 9d483c8db99f4905b2a5599b9f64f003 - - default default] Successfully bumped revision number for resource cf8a805c-4989-4b82-8434-ec39912d6fbf (type: security_group_rules) to 0 [pid: 7|app: 0|req: 605/1447] 10.0.0.124 () {32 vars in 774 bytes} [Mon Jun 8 09:59:58 2026] GET /v2.0/security-groups?tenant_id=58cbfe8080a24be6ae600e14e33dd317&name=default => generated 2925 bytes in 532 msecs (HTTP/1.1 200) 4 headers in 158 bytes (1 switches on core 0)
2026-06-08 09:59:58.840 8 WARNING neutron.scheduler.dhcp_agent_scheduler [None req-b093a6a6-8c87-4028-adee-36b7e01b8e45 4a3a228cbabd41f3950dd7bc08957ba5 9d483c8db99f4905b2a5599b9f64f003 - - default default] No more DHCP agents
2026-06-08 09:59:58.841 8 WARNING neutron.api.rpc.agentnotifiers.dhcp_rpc_agent_api [None req-b093a6a6-8c87-4028-adee-36b7e01b8e45 4a3a228cbabd41f3950dd7bc08957ba5 9d483c8db99f4905b2a5599b9f64f003 - - default default] Unable to schedule network de2a2076-7aef-41cf-9601-8ce9dbe9161f: no agents available; will retry on subsequent port and subnet creation events.
2026-06-08 09:59:59.023 8 INFO neutron.db.ovn_revision_numbers_db [None req-b093a6a6-8c87-4028-adee-36b7e01b8e45 4a3a228cbabd41f3950dd7bc08957ba5 9d483c8db99f4905b2a5599b9f64f003 - - default default] Successfully bumped revision number for resource 66b70439-2c00-4e2c-ab09-b474e172a6f6 (type: ports) to 1
2026-06-08 09:59:59.117 7 WARNING neutron.scheduler.dhcp_agent_scheduler [None req-469ab752-964c-4902-b11b-ba792843bead 4cc7226368774be096ebd8dea8c89659 fd3d4dfd6ce74ca889aee7913abaf001 - - default default] No more DHCP agents
2026-06-08 09:59:59.120 7 WARNING neutron.api.rpc.agentnotifiers.dhcp_rpc_agent_api [None req-469ab752-964c-4902-b11b-ba792843bead 4cc7226368774be096ebd8dea8c89659 fd3d4dfd6ce74ca889aee7913abaf001 - - default default] Unable to schedule network de2a2076-7aef-41cf-9601-8ce9dbe9161f: no agents available; will retry on subsequent port and subnet creation events.
2026-06-08 09:59:59.335 7 INFO neutron.db.ovn_revision_numbers_db [None req-469ab752-964c-4902-b11b-ba792843bead 4cc7226368774be096ebd8dea8c89659 fd3d4dfd6ce74ca889aee7913abaf001 - - default default] Successfully bumped revision number for resource 6bd0935b-1e07-4529-82b7-380c067093c7 (type: ports) to 1
2026-06-08 09:59:59.740 7 WARNING neutron.plugins.ml2.drivers.ovn.mech_driver.ovsdb.ovn_client [None req-02c6d864-231c-42b4-a769-9c67599a0918 - - - - - -] No hosting information found for port 84515ed1-e4d8-4a5a-a401-05447b270e8d: RuntimeError: No hosting information found for port 84515ed1-e4d8-4a5a-a401-05447b270e8d
2026-06-08 09:59:59.905 8 INFO neutron.plugins.ml2.drivers.ovn.mech_driver.ovsdb.commands [-] Schedule LRP lrp-66b70439-2c00-4e2c-ab09-b474e172a6f6 on gateway aa758f04-94bc-4bd8-9fb3-afbb504e72ff with priority 1
2026-06-08 10:00:00.069 7 INFO neutron.db.ovn_revision_numbers_db [None req-02c6d864-231c-42b4-a769-9c67599a0918 - - - - - -] Successfully bumped revision number for resource 84515ed1-e4d8-4a5a-a401-05447b270e8d (type: router_ports) to 2
2026-06-08 10:00:00.070 7 INFO neutron.plugins.ml2.drivers.ovn.mech_driver.mech_driver [None req-02c6d864-231c-42b4-a769-9c67599a0918 - - - - - -] OVN reports status down for port: 374d19b4-5b3d-43d0-83b6-304fa9383f9d
2026-06-08 10:00:00.128 8 INFO neutron.db.ovn_revision_numbers_db [None req-b093a6a6-8c87-4028-adee-36b7e01b8e45 4a3a228cbabd41f3950dd7bc08957ba5 9d483c8db99f4905b2a5599b9f64f003 - - default default] Successfully bumped revision number for resource 66b70439-2c00-4e2c-ab09-b474e172a6f6 (type: router_ports) to 1
2026-06-08 10:00:00.249 8 INFO neutron.db.ovn_revision_numbers_db [None req-b093a6a6-8c87-4028-adee-36b7e01b8e45 4a3a228cbabd41f3950dd7bc08957ba5 9d483c8db99f4905b2a5599b9f64f003 - - default default] Successfully bumped revision number for resource 445cf320-1972-4f68-abc7-61102a09ca36 (type: routers) to 2
2026-06-08 10:00:00.250 7 INFO neutron.plugins.ml2.drivers.ovn.mech_driver.ovsdb.ovsdb_monitor [None req-d9b946c4-9953-45cb-8258-2e336d93fa4d - - - - - -] Router 445cf320-1972-4f68-abc7-61102a09ca36 is bound to host instance [pid: 8|app: 0|req: 843/1448] 10.0.0.124 () {34 vars in 669 bytes} [Mon Jun 8 09:59:58 2026] POST /v2.0/routers => generated 966 bytes in 1985 msecs (HTTP/1.1 201) 4 headers in 162 bytes (1 switches on core 0) [pid: 8|app: 0|req: 844/1449] 10.0.0.124 () {32 vars in 740 bytes} [Mon Jun 8 10:00:00 2026] DELETE /v2.0/security-groups/4af7466c-ef10-44e8-9654-12777a66f603 => generated 0 bytes in 419 msecs (HTTP/1.1 204) 2 headers in 112 bytes (1 switches on core 0)
2026-06-08 10:00:00.703 7 INFO neutron.plugins.ml2.drivers.ovn.mech_driver.mech_driver [None req-02c6d864-231c-42b4-a769-9c67599a0918 - - - - - -] OVN reports status down for port: 4d10bb9e-f4fc-4c0c-907c-3365c69787eb [pid: 8|app: 0|req: 845/1450] 10.0.0.135 () {34 vars in 990 bytes} [Mon Jun 8 10:00:00 2026] GET /v2.0/ports?device_id=1adafaaf-6349-4956-8265-f44c703826f7 => generated 969 bytes in 47 msecs (HTTP/1.1 200) 4 headers in 157 bytes (1 switches on core 0)
2026-06-08 10:00:00.992 7 INFO neutron.plugins.ml2.drivers.ovn.mech_driver.mech_driver [None req-02c6d864-231c-42b4-a769-9c67599a0918 - - - - - -] OVN reports status up for port: 53fe93fb-e054-4ee5-b404-dcad9c19c321
2026-06-08 10:00:01.035 7 INFO neutron.plugins.ml2.plugin [None req-02c6d864-231c-42b4-a769-9c67599a0918 - - - - - -] Attempt 1 to provision port 53fe93fb-e054-4ee5-b404-dcad9c19c321
2026-06-08 10:00:01.232 7 INFO neutron.plugins.ml2.drivers.ovn.mech_driver.ovsdb.commands [None req-be83ef31-fb46-43b1-964e-0168e3cefc95 - - - - - -] Schedule LRP lrp-6bd0935b-1e07-4529-82b7-380c067093c7 on gateway aa758f04-94bc-4bd8-9fb3-afbb504e72ff with priority 1
2026-06-08 10:00:01.355 8 WARNING neutron.scheduler.dhcp_agent_scheduler [None req-da11cc4c-1f7c-4398-807c-3b2114770262 4a3a228cbabd41f3950dd7bc08957ba5 9d483c8db99f4905b2a5599b9f64f003 - - default default] No more DHCP agents
2026-06-08 10:00:01.361 8 WARNING neutron.api.rpc.agentnotifiers.dhcp_rpc_agent_api [None req-da11cc4c-1f7c-4398-807c-3b2114770262 4a3a228cbabd41f3950dd7bc08957ba5 9d483c8db99f4905b2a5599b9f64f003 - - default default] Unable to schedule network afa30962-086d-4f12-a83e-12b839157546: no agents available; will retry on subsequent port and subnet creation events.
2026-06-08 10:00:01.428 7 INFO neutron.notifiers.nova [-] Nova event matching ['req-fc25e936-f29b-4eb9-9ff8-d155ab323eb5'] response: {'server_uuid': '1adafaaf-6349-4956-8265-f44c703826f7', 'name': 'network-vif-plugged', 'status': 'completed', 'tag': '53fe93fb-e054-4ee5-b404-dcad9c19c321', 'code': 200}
2026-06-08 10:00:01.615 8 INFO neutron.db.ovn_revision_numbers_db [None req-da11cc4c-1f7c-4398-807c-3b2114770262 4a3a228cbabd41f3950dd7bc08957ba5 9d483c8db99f4905b2a5599b9f64f003 - - default default] Successfully bumped revision number for resource e071a730-a8e8-4151-94ce-ee8b6f6beb80 (type: ports) to 1
2026-06-08 10:00:01.696 7 INFO neutron.db.ovn_revision_numbers_db [None req-469ab752-964c-4902-b11b-ba792843bead 4cc7226368774be096ebd8dea8c89659 fd3d4dfd6ce74ca889aee7913abaf001 - - default default] Successfully bumped revision number for resource 6bd0935b-1e07-4529-82b7-380c067093c7 (type: router_ports) to 1
2026-06-08 10:00:01.921 7 INFO neutron.db.ovn_revision_numbers_db [None req-469ab752-964c-4902-b11b-ba792843bead 4cc7226368774be096ebd8dea8c89659 fd3d4dfd6ce74ca889aee7913abaf001 - - default default] Successfully bumped revision number for resource 1461455a-2470-478b-8299-4e1b2492febe (type: routers) to 2 [pid: 7|app: 0|req: 606/1451] 10.0.0.124 () {34 vars in 669 bytes} [Mon Jun 8 09:59:58 2026] POST /v2.0/routers => generated 954 bytes in 3407 msecs (HTTP/1.1 201) 4 headers in 162 bytes (1 switches on core 0)
2026-06-08 10:00:02.096 7 INFO neutron.db.ovn_revision_numbers_db [None req-02c6d864-231c-42b4-a769-9c67599a0918 - - - - - -] Successfully bumped revision number for resource 53fe93fb-e054-4ee5-b404-dcad9c19c321 (type: ports) to 5 [pid: 7|app: 0|req: 607/1452] 10.0.0.135 () {34 vars in 1040 bytes} [Mon Jun 8 10:00:02 2026] GET /v2.0/security-groups?id=5a3f96a7-77e7-46ec-a5b9-564ed4f49323&fields=id&fields=name => generated 113 bytes in 128 msecs (HTTP/1.1 200) 4 headers in 157 bytes (1 switches on core 0)
2026-06-08 10:00:02.435 7 INFO neutron.plugins.ml2.drivers.ovn.mech_driver.mech_driver [None req-614ad1c2-a82c-4109-b784-29e6e5fdfbf9 - - - - - -] OVN reports status down for port: 66b70439-2c00-4e2c-ab09-b474e172a6f6
2026-06-08 10:00:02.646 8 WARNING neutron.scheduler.dhcp_agent_scheduler [None req-da11cc4c-1f7c-4398-807c-3b2114770262 4a3a228cbabd41f3950dd7bc08957ba5 9d483c8db99f4905b2a5599b9f64f003 - - default default] No more DHCP agents
2026-06-08 10:00:02.648 8 WARNING neutron.api.rpc.agentnotifiers.dhcp_rpc_agent_api [None req-da11cc4c-1f7c-4398-807c-3b2114770262 4a3a228cbabd41f3950dd7bc08957ba5 9d483c8db99f4905b2a5599b9f64f003 - - default default] Unable to schedule network afa30962-086d-4f12-a83e-12b839157546: no agents available; will retry on subsequent port and subnet creation events.
2026-06-08 10:00:02.830 7 WARNING neutron.plugins.ml2.drivers.ovn.mech_driver.ovsdb.ovn_client [None req-614ad1c2-a82c-4109-b784-29e6e5fdfbf9 - - - - - -] Logical_Switch_Port %s host information not removed, the port state is up
2026-06-08 10:00:02.831 7 INFO neutron.plugins.ml2.drivers.ovn.mech_driver.mech_driver [None req-614ad1c2-a82c-4109-b784-29e6e5fdfbf9 - - - - - -] OVN reports status down for port: 6bd0935b-1e07-4529-82b7-380c067093c7
2026-06-08 10:00:03.041 7 WARNING neutron.plugins.ml2.drivers.ovn.mech_driver.ovsdb.ovn_client [None req-614ad1c2-a82c-4109-b784-29e6e5fdfbf9 - - - - - -] Logical_Switch_Port %s host information not removed, the port state is up
2026-06-08 10:00:03.042 7 INFO neutron.plugins.ml2.drivers.ovn.mech_driver.mech_driver [None req-614ad1c2-a82c-4109-b784-29e6e5fdfbf9 - - - - - -] OVN reports status up for port: 66b70439-2c00-4e2c-ab09-b474e172a6f6
2026-06-08 10:00:03.093 7 INFO neutron.plugins.ml2.plugin [None req-614ad1c2-a82c-4109-b784-29e6e5fdfbf9 - - - - - -] Attempt 1 to provision port 66b70439-2c00-4e2c-ab09-b474e172a6f6
2026-06-08 10:00:04.025 8 INFO neutron.db.ovn_revision_numbers_db [None req-da11cc4c-1f7c-4398-807c-3b2114770262 4a3a228cbabd41f3950dd7bc08957ba5 9d483c8db99f4905b2a5599b9f64f003 - - default default] Successfully bumped revision number for resource e071a730-a8e8-4151-94ce-ee8b6f6beb80 (type: router_ports) to 1 [pid: 8|app: 0|req: 846/1454] 10.0.0.124 () {34 vars in 783 bytes} [Mon Jun 8 10:00:00 2026] PUT /v2.0/routers/445cf320-1972-4f68-abc7-61102a09ca36/add_router_interface => generated 309 bytes in 3282 msecs (HTTP/1.1 200) 4 headers in 157 bytes (1 switches on core 0) [pid: 8|app: 0|req: 847/1455] 10.0.0.135 () {34 vars in 990 bytes} [Mon Jun 8 10:00:04 2026] GET /v2.0/ports?device_id=1adafaaf-6349-4956-8265-f44c703826f7 => generated 971 bytes in 116 msecs (HTTP/1.1 200) 4 headers in 157 bytes (1 switches on core 0)
2026-06-08 10:00:04.199 7 INFO neutron.notifiers.nova [-] Nova event matching ['req-6a5bac58-e20e-4961-aa5d-9a20b56dee47'] response: {'server_uuid': '1adafaaf-6349-4956-8265-f44c703826f7', 'name': 'network-vif-plugged', 'status': 'completed', 'tag': '53fe93fb-e054-4ee5-b404-dcad9c19c321', 'code': 200}
2026-06-08 10:00:04.323 7 INFO neutron.db.ovn_revision_numbers_db [None req-1c64c00d-16fc-4041-b879-a5e22deeca44 - - - - - -] Successfully bumped revision number for resource 66b70439-2c00-4e2c-ab09-b474e172a6f6 (type: ports) to 4
2026-06-08 10:00:04.552 8 INFO neutron.db.ovn_revision_numbers_db [None req-ecc045c2-9125-4c51-94a9-621b2ac76b72 4a3a228cbabd41f3950dd7bc08957ba5 9d483c8db99f4905b2a5599b9f64f003 - - default default] Successfully bumped revision number for resource 61fdb1af-d6b1-4fea-8195-2fdd1fcbcf5c (type: security_groups) to 1
2026-06-08 10:00:04.568 8 INFO neutron.db.ovn_revision_numbers_db [None req-ecc045c2-9125-4c51-94a9-621b2ac76b72 4a3a228cbabd41f3950dd7bc08957ba5 9d483c8db99f4905b2a5599b9f64f003 - - default default] Successfully bumped revision number for resource 79af26e8-4cbd-4008-b67f-b03886dd1b73 (type: security_group_rules) to 0
2026-06-08 10:00:04.584 8 INFO neutron.db.ovn_revision_numbers_db [None req-ecc045c2-9125-4c51-94a9-621b2ac76b72 4a3a228cbabd41f3950dd7bc08957ba5 9d483c8db99f4905b2a5599b9f64f003 - - default default] Successfully bumped revision number for resource cca0be05-89df-49b9-bf95-2d76f5357062 (type: security_group_rules) to 0
2026-06-08 10:00:04.597 8 INFO neutron.db.ovn_revision_numbers_db [None req-ecc045c2-9125-4c51-94a9-621b2ac76b72 4a3a228cbabd41f3950dd7bc08957ba5 9d483c8db99f4905b2a5599b9f64f003 - - default default] Successfully bumped revision number for resource e5323b6a-8bfa-45c4-a34a-14680828cc4c (type: security_group_rules) to 0
2026-06-08 10:00:04.622 8 INFO neutron.db.ovn_revision_numbers_db [None req-ecc045c2-9125-4c51-94a9-621b2ac76b72 4a3a228cbabd41f3950dd7bc08957ba5 9d483c8db99f4905b2a5599b9f64f003 - - default default] Successfully bumped revision number for resource e5ec32f1-ba9e-41d0-a21f-3a84e8e416e6 (type: security_group_rules) to 0 [pid: 8|app: 0|req: 848/1456] 10.0.0.124 () {32 vars in 774 bytes} [Mon Jun 8 10:00:04 2026] GET /v2.0/security-groups?tenant_id=ae0dd3afbcc74b5eb91e3725490a76f3&name=default => generated 2925 bytes in 566 msecs (HTTP/1.1 200) 4 headers in 158 bytes (1 switches on core 0) [pid: 8|app: 0|req: 849/1457] 10.0.0.135 () {34 vars in 1040 bytes} [Mon Jun 8 10:00:04 2026] GET /v2.0/security-groups?id=5a3f96a7-77e7-46ec-a5b9-564ed4f49323&fields=id&fields=name => generated 113 bytes in 59 msecs (HTTP/1.1 200) 4 headers in 157 bytes (1 switches on core 0)
2026-06-08 10:00:05.020 7 WARNING neutron.scheduler.dhcp_agent_scheduler [None req-f04b16c7-2485-454b-a060-913dafa002b1 4cc7226368774be096ebd8dea8c89659 fd3d4dfd6ce74ca889aee7913abaf001 - - default default] No more DHCP agents
2026-06-08 10:00:05.022 7 WARNING neutron.api.rpc.agentnotifiers.dhcp_rpc_agent_api [None req-f04b16c7-2485-454b-a060-913dafa002b1 4cc7226368774be096ebd8dea8c89659 fd3d4dfd6ce74ca889aee7913abaf001 - - default default] Unable to schedule network 9f1139bb-a432-40ef-8ef8-e451ed46b8cf: no agents available; will retry on subsequent port and subnet creation events. [pid: 8|app: 0|req: 850/1458] 10.0.0.124 () {32 vars in 740 bytes} [Mon Jun 8 10:00:04 2026] DELETE /v2.0/security-groups/61fdb1af-d6b1-4fea-8195-2fdd1fcbcf5c => generated 0 bytes in 444 msecs (HTTP/1.1 204) 2 headers in 112 bytes (1 switches on core 0)
2026-06-08 10:00:05.312 7 INFO neutron.db.ovn_revision_numbers_db [None req-614ad1c2-a82c-4109-b784-29e6e5fdfbf9 - - - - - -] Successfully bumped revision number for resource 66b70439-2c00-4e2c-ab09-b474e172a6f6 (type: ports) to 5
2026-06-08 10:00:05.452 8 INFO neutron.db.ovn_revision_numbers_db [None req-88b66bca-37ed-4879-91b5-476d9fd10017 b8ed2de96f5341a98c6ce7f3f38efcdf ed74b386311742ecbc57b5eafeb9d063 - - default default] Successfully bumped revision number for resource 56ac41e9-668e-4e9a-a8b8-64ea0cb2726d (type: security_groups) to 1
2026-06-08 10:00:05.472 8 INFO neutron.db.ovn_revision_numbers_db [None req-88b66bca-37ed-4879-91b5-476d9fd10017 b8ed2de96f5341a98c6ce7f3f38efcdf ed74b386311742ecbc57b5eafeb9d063 - - default default] Successfully bumped revision number for resource 2d96c247-6485-49bf-94f3-0f99adf69a79 (type: security_group_rules) to 0
2026-06-08 10:00:05.493 8 INFO neutron.db.ovn_revision_numbers_db [None req-88b66bca-37ed-4879-91b5-476d9fd10017 b8ed2de96f5341a98c6ce7f3f38efcdf ed74b386311742ecbc57b5eafeb9d063 - - default default] Successfully bumped revision number for resource 99183d6f-60bd-4b56-8928-4bc074b0736d (type: security_group_rules) to 0
2026-06-08 10:00:05.512 7 INFO neutron.plugins.ml2.drivers.ovn.mech_driver.mech_driver [None req-4b8c4658-3780-4eed-abe8-02871528e15e - - - - - -] OVN reports status up for port: 6bd0935b-1e07-4529-82b7-380c067093c7 [pid: 8|app: 0|req: 851/1459] 10.0.0.124 () {34 vars in 685 bytes} [Mon Jun 8 10:00:05 2026] POST /v2.0/security-groups => generated 1675 bytes in 330 msecs (HTTP/1.1 201) 4 headers in 163 bytes (1 switches on core 0)
2026-06-08 10:00:05.553 7 INFO neutron.plugins.ml2.plugin [None req-4b8c4658-3780-4eed-abe8-02871528e15e - - - - - -] Attempt 1 to provision port 6bd0935b-1e07-4529-82b7-380c067093c7
2026-06-08 10:00:05.555 7 INFO neutron.db.ovn_revision_numbers_db [None req-f04b16c7-2485-454b-a060-913dafa002b1 4cc7226368774be096ebd8dea8c89659 fd3d4dfd6ce74ca889aee7913abaf001 - - default default] Successfully bumped revision number for resource 17fcfd15-255f-45b8-b48e-9e441d4507b2 (type: ports) to 1 [pid: 8|app: 0|req: 852/1460] 10.0.0.135 () {34 vars in 990 bytes} [Mon Jun 8 10:00:05 2026] GET /v2.0/ports?device_id=1adafaaf-6349-4956-8265-f44c703826f7 => generated 971 bytes in 32 msecs (HTTP/1.1 200) 4 headers in 157 bytes (1 switches on core 0)
2026-06-08 10:00:05.785 8 INFO neutron.db.ovn_revision_numbers_db [None req-7c5845d9-b3a1-4668-bccc-e6fdd2be212a b8ed2de96f5341a98c6ce7f3f38efcdf ed74b386311742ecbc57b5eafeb9d063 - - default default] Successfully bumped revision number for resource aa095939-96c3-4531-94f0-fe2c830aeb93 (type: security_group_rules) to 0 [pid: 8|app: 0|req: 853/1461] 10.0.0.124 () {34 vars in 695 bytes} [Mon Jun 8 10:00:05 2026] POST /v2.0/security-group-rules => generated 597 bytes in 234 msecs (HTTP/1.1 201) 4 headers in 162 bytes (1 switches on core 0)
2026-06-08 10:00:06.474 8 INFO neutron.db.ovn_revision_numbers_db [None req-9bd7af1e-d9d4-4267-8700-67c23e0b4b7f 1ef1ac11b6ef4b72aa8b071d811c0d50 f318bd72fe954b1e910933f2826886fb - - default default] Successfully bumped revision number for resource e3ee5719-5ce2-4c8d-ab6b-9a83fd914dd6 (type: floatingips) to 1
2026-06-08 10:00:06.533 7 WARNING neutron.scheduler.dhcp_agent_scheduler [None req-f04b16c7-2485-454b-a060-913dafa002b1 4cc7226368774be096ebd8dea8c89659 fd3d4dfd6ce74ca889aee7913abaf001 - - default default] No more DHCP agents
2026-06-08 10:00:06.535 7 WARNING neutron.api.rpc.agentnotifiers.dhcp_rpc_agent_api [None req-f04b16c7-2485-454b-a060-913dafa002b1 4cc7226368774be096ebd8dea8c89659 fd3d4dfd6ce74ca889aee7913abaf001 - - default default] Unable to schedule network 9f1139bb-a432-40ef-8ef8-e451ed46b8cf: no agents available; will retry on subsequent port and subnet creation events.
2026-06-08 10:00:06.605 8 INFO neutron.db.ovn_revision_numbers_db [None req-9bd7af1e-d9d4-4267-8700-67c23e0b4b7f 1ef1ac11b6ef4b72aa8b071d811c0d50 f318bd72fe954b1e910933f2826886fb - - default default] Successfully bumped revision number for resource e3ee5719-5ce2-4c8d-ab6b-9a83fd914dd6 (type: floatingips) to 2
2026-06-08 10:00:06.606 8 INFO neutron.db.l3_db [None req-9bd7af1e-d9d4-4267-8700-67c23e0b4b7f 1ef1ac11b6ef4b72aa8b071d811c0d50 f318bd72fe954b1e910933f2826886fb - - default default] Floating IP e3ee5719-5ce2-4c8d-ab6b-9a83fd914dd6 associated. External IP: 10.96.250.203, port: 53fe93fb-e054-4ee5-b404-dcad9c19c321. [pid: 8|app: 0|req: 854/1462] 10.0.0.124 () {34 vars in 749 bytes} [Mon Jun 8 10:00:05 2026] PUT /v2.0/floatingips/e3ee5719-5ce2-4c8d-ab6b-9a83fd914dd6 => generated 855 bytes in 826 msecs (HTTP/1.1 200) 4 headers in 157 bytes (1 switches on core 0)
2026-06-08 10:00:06.691 8 INFO neutron.notifiers.nova [-] Nova event matching ['req-65ee3dde-8bb0-43c3-890e-7eb772d874fc'] response: {'name': 'network-changed', 'server_uuid': '1adafaaf-6349-4956-8265-f44c703826f7', 'tag': '53fe93fb-e054-4ee5-b404-dcad9c19c321', 'status': 'completed', 'code': 200}
2026-06-08 10:00:06.870 8 INFO neutron.db.ovn_revision_numbers_db [None req-5749885f-3f65-46f6-a06c-3a5e28639b57 b8ed2de96f5341a98c6ce7f3f38efcdf ed74b386311742ecbc57b5eafeb9d063 - - default default] Successfully bumped revision number for resource d4578369-f30c-43d1-879e-ef54f1868f8f (type: security_group_rules) to 0 [pid: 8|app: 0|req: 855/1463] 10.0.0.124 () {34 vars in 695 bytes} [Mon Jun 8 10:00:06 2026] POST /v2.0/security-group-rules => generated 596 bytes in 293 msecs (HTTP/1.1 201) 4 headers in 162 bytes (1 switches on core 0) [pid: 8|app: 0|req: 856/1464] 10.0.0.135 () {34 vars in 990 bytes} [Mon Jun 8 10:00:06 2026] GET /v2.0/ports?device_id=1adafaaf-6349-4956-8265-f44c703826f7 => generated 971 bytes in 71 msecs (HTTP/1.1 200) 4 headers in 157 bytes (1 switches on core 0)
2026-06-08 10:00:07.072 7 INFO neutron.db.ovn_revision_numbers_db [None req-f04b16c7-2485-454b-a060-913dafa002b1 4cc7226368774be096ebd8dea8c89659 fd3d4dfd6ce74ca889aee7913abaf001 - - default default] Successfully bumped revision number for resource 17fcfd15-255f-45b8-b48e-9e441d4507b2 (type: router_ports) to 1 [pid: 7|app: 0|req: 609/1465] 10.0.0.124 () {34 vars in 783 bytes} [Mon Jun 8 10:00:02 2026] PUT /v2.0/routers/1461455a-2470-478b-8299-4e1b2492febe/add_router_interface => generated 309 bytes in 4929 msecs (HTTP/1.1 200) 4 headers in 157 bytes (1 switches on core 0) /var/lib/openstack/lib/python3.12/site-packages/pycadf/identifier.py:70: UserWarning: Invalid uuid: neutron. To ensure interoperability, identifiers should be a valid uuid. warnings.warn(('Invalid uuid: %s. To ensure interoperability, ' [pid: 7|app: 0|req: 610/1466] 10.0.0.135 () {34 vars in 1040 bytes} [Mon Jun 8 10:00:07 2026] GET /v2.0/security-groups?id=5a3f96a7-77e7-46ec-a5b9-564ed4f49323&fields=id&fields=name => generated 113 bytes in 28 msecs (HTTP/1.1 200) 4 headers in 157 bytes (1 switches on core 0)
2026-06-08 10:00:07.220 8 INFO neutron.db.ovn_revision_numbers_db [None req-665ac4c7-8c40-4599-a5ef-04d4737f2d16 b8ed2de96f5341a98c6ce7f3f38efcdf ed74b386311742ecbc57b5eafeb9d063 - - default default] Successfully bumped revision number for resource 1ffd0726-ac6f-462b-a374-2f83539c1a1c (type: security_group_rules) to 0 [pid: 8|app: 0|req: 857/1467] 10.0.0.124 () {34 vars in 695 bytes} [Mon Jun 8 10:00:07 2026] POST /v2.0/security-group-rules => generated 602 bytes in 259 msecs (HTTP/1.1 201) 4 headers in 162 bytes (1 switches on core 0)
2026-06-08 10:00:07.407 7 WARNING neutron.scheduler.dhcp_agent_scheduler [None req-6b51fc61-5394-46cf-80b2-d2438d70f3d0 4cc7226368774be096ebd8dea8c89659 fd3d4dfd6ce74ca889aee7913abaf001 - - default default] No more DHCP agents
2026-06-08 10:00:07.408 7 WARNING neutron.api.rpc.agentnotifiers.dhcp_rpc_agent_api [None req-6b51fc61-5394-46cf-80b2-d2438d70f3d0 4cc7226368774be096ebd8dea8c89659 fd3d4dfd6ce74ca889aee7913abaf001 - - default default] Unable to schedule network 9f1139bb-a432-40ef-8ef8-e451ed46b8cf: no agents available; will retry on subsequent port and subnet creation events.
2026-06-08 10:00:07.635 7 INFO neutron.db.ovn_revision_numbers_db [None req-6b51fc61-5394-46cf-80b2-d2438d70f3d0 4cc7226368774be096ebd8dea8c89659 fd3d4dfd6ce74ca889aee7913abaf001 - - default default] Successfully bumped revision number for resource 74641f17-ae40-4b9f-9159-14a31c490d31 (type: ports) to 1 [pid: 7|app: 0|req: 611/1468] 10.0.0.124 () {34 vars in 665 bytes} [Mon Jun 8 10:00:07 2026] POST /v2.0/ports => generated 958 bytes in 587 msecs (HTTP/1.1 201) 4 headers in 162 bytes (1 switches on core 0) /var/lib/openstack/lib/python3.12/site-packages/pycadf/identifier.py:70: UserWarning: Invalid uuid: neutron. To ensure interoperability, identifiers should be a valid uuid. warnings.warn(('Invalid uuid: %s. To ensure interoperability, ' [pid: 7|app: 0|req: 612/1469] 199.204.45.3 () {34 vars in 1078 bytes} [Mon Jun 8 10:00:07 2026] GET /v2.0/ports?tenant_id=f318bd72fe954b1e910933f2826886fb&device_id=1adafaaf-6349-4956-8265-f44c703826f7 => generated 1209 bytes in 44 msecs (HTTP/1.1 200) 4 headers in 158 bytes (1 switches on core 0)
2026-06-08 10:00:07.785 8 INFO neutron.db.ovn_revision_numbers_db [None req-0224759d-6d1e-42fd-a598-f228193ab7bf 8b0d358719e9459994a1dce4c895e41e 03c53383cfc94a1b9b9acec7ecdfd5c2 - - default default] Successfully bumped revision number for resource 16aee71e-0a3e-44f4-b45e-6166b5dcd78e (type: security_groups) to 1
2026-06-08 10:00:07.798 8 INFO neutron.db.ovn_revision_numbers_db [None req-0224759d-6d1e-42fd-a598-f228193ab7bf 8b0d358719e9459994a1dce4c895e41e 03c53383cfc94a1b9b9acec7ecdfd5c2 - - default default] Successfully bumped revision number for resource 4d043716-bc07-4f60-8ecd-d2239c6b4b7e (type: security_group_rules) to 0
2026-06-08 10:00:07.813 8 INFO neutron.db.ovn_revision_numbers_db [None req-0224759d-6d1e-42fd-a598-f228193ab7bf 8b0d358719e9459994a1dce4c895e41e 03c53383cfc94a1b9b9acec7ecdfd5c2 - - default default] Successfully bumped revision number for resource 8e315d28-1f5a-402d-9e16-fd6f163d1dd6 (type: security_group_rules) to 0
2026-06-08 10:00:07.829 8 INFO neutron.db.ovn_revision_numbers_db [None req-0224759d-6d1e-42fd-a598-f228193ab7bf 8b0d358719e9459994a1dce4c895e41e 03c53383cfc94a1b9b9acec7ecdfd5c2 - - default default] Successfully bumped revision number for resource a6d0efb9-8a2f-46ef-9bfb-d11248c800ba (type: security_group_rules) to 0
2026-06-08 10:00:07.842 8 INFO neutron.db.ovn_revision_numbers_db [None req-0224759d-6d1e-42fd-a598-f228193ab7bf 8b0d358719e9459994a1dce4c895e41e 03c53383cfc94a1b9b9acec7ecdfd5c2 - - default default] Successfully bumped revision number for resource bac3d9f8-9b74-4169-a190-52698738afdb (type: security_group_rules) to 0
2026-06-08 10:00:07.918 7 INFO neutron.db.ovn_revision_numbers_db [None req-98d736eb-306a-4f6d-bbe4-daa89ae22595 b8ed2de96f5341a98c6ce7f3f38efcdf ed74b386311742ecbc57b5eafeb9d063 - - default default] Successfully bumped revision number for resource b7a92dd9-3bc5-4e63-82f6-ba4f77e8d851 (type: security_group_rules) to 0 [pid: 7|app: 0|req: 613/1470] 10.0.0.124 () {34 vars in 695 bytes} [Mon Jun 8 10:00:07 2026] POST /v2.0/security-group-rules => generated 601 bytes in 204 msecs (HTTP/1.1 201) 4 headers in 162 bytes (1 switches on core 0)
2026-06-08 10:00:07.946 8 INFO neutron.db.segments_db [None req-0224759d-6d1e-42fd-a598-f228193ab7bf 8b0d358719e9459994a1dce4c895e41e 03c53383cfc94a1b9b9acec7ecdfd5c2 - - default default] Added segment 69050ba2-cbfa-4eb4-beb4-03bf243a7db2 of type geneve for network ae6d5593-21bf-4f52-a83c-71e367222113 [pid: 7|app: 0|req: 614/1471] 10.0.0.135 () {34 vars in 990 bytes} [Mon Jun 8 10:00:07 2026] GET /v2.0/ports?device_id=1adafaaf-6349-4956-8265-f44c703826f7 => generated 971 bytes in 71 msecs (HTTP/1.1 200) 4 headers in 157 bytes (1 switches on core 0)
2026-06-08 10:00:08.030 8 INFO neutron.db.segments_db [None req-0224759d-6d1e-42fd-a598-f228193ab7bf 8b0d358719e9459994a1dce4c895e41e 03c53383cfc94a1b9b9acec7ecdfd5c2 - - default default] Added segment 8f8047c8-66da-4855-80d4-97ff11d618c9 of type geneve for network 71d2d5aa-9314-47f8-98d6-1c86fd6d3e78
2026-06-08 10:00:08.193 8 INFO neutron.db.ovn_revision_numbers_db [None req-0224759d-6d1e-42fd-a598-f228193ab7bf 8b0d358719e9459994a1dce4c895e41e 03c53383cfc94a1b9b9acec7ecdfd5c2 - - default default] Successfully bumped revision number for resource ae6d5593-21bf-4f52-a83c-71e367222113 (type: networks) to 1
2026-06-08 10:00:08.324 7 WARNING neutron.scheduler.dhcp_agent_scheduler [None req-eca87ccf-b5e3-49ed-b71d-8add21e2ea73 4cc7226368774be096ebd8dea8c89659 fd3d4dfd6ce74ca889aee7913abaf001 - - default default] No more DHCP agents
2026-06-08 10:00:08.326 7 WARNING neutron.api.rpc.agentnotifiers.dhcp_rpc_agent_api [None req-eca87ccf-b5e3-49ed-b71d-8add21e2ea73 4cc7226368774be096ebd8dea8c89659 fd3d4dfd6ce74ca889aee7913abaf001 - - default default] Unable to schedule network 9f1139bb-a432-40ef-8ef8-e451ed46b8cf: no agents available; will retry on subsequent port and subnet creation events.
2026-06-08 10:00:08.361 8 WARNING neutron.scheduler.dhcp_agent_scheduler [None req-0224759d-6d1e-42fd-a598-f228193ab7bf 8b0d358719e9459994a1dce4c895e41e 03c53383cfc94a1b9b9acec7ecdfd5c2 - - default default] No more DHCP agents
2026-06-08 10:00:08.363 8 WARNING neutron.api.rpc.agentnotifiers.dhcp_rpc_agent_api [None req-0224759d-6d1e-42fd-a598-f228193ab7bf 8b0d358719e9459994a1dce4c895e41e 03c53383cfc94a1b9b9acec7ecdfd5c2 - - default default] Unable to schedule network ae6d5593-21bf-4f52-a83c-71e367222113: no agents available; will retry on subsequent port and subnet creation events.
2026-06-08 10:00:08.561 8 INFO neutron.db.ovn_revision_numbers_db [None req-0224759d-6d1e-42fd-a598-f228193ab7bf 8b0d358719e9459994a1dce4c895e41e 03c53383cfc94a1b9b9acec7ecdfd5c2 - - default default] Successfully bumped revision number for resource 18652647-8180-4466-aafd-a02aee532d31 (type: ports) to 1
