2026-06-08 10:01:58.439 7 INFO neutron.db.segments_db [None req-a4c391f3-4dc9-418b-a5f1-6207af481ec9 924d7061f2d64d3ea73d19d7c0a9a912 10799835e0e64bfb8308c3f6ab85e432 - - default default] Added segment 11fc1f93-af09-42c2-89a3-561a03b4aff9 of type geneve for network 9e21dad3-92b6-45f5-96bf-5078c3268902
2026-06-08 10:01:58.600 7 INFO neutron.db.ovn_revision_numbers_db [None req-a4c391f3-4dc9-418b-a5f1-6207af481ec9 924d7061f2d64d3ea73d19d7c0a9a912 10799835e0e64bfb8308c3f6ab85e432 - - default default] Successfully bumped revision number for resource 9e21dad3-92b6-45f5-96bf-5078c3268902 (type: networks) to 1
2026-06-08 10:01:58.775 7 WARNING neutron.scheduler.dhcp_agent_scheduler [None req-a4c391f3-4dc9-418b-a5f1-6207af481ec9 924d7061f2d64d3ea73d19d7c0a9a912 10799835e0e64bfb8308c3f6ab85e432 - - default default] No more DHCP agents
2026-06-08 10:01:58.783 7 WARNING neutron.api.rpc.agentnotifiers.dhcp_rpc_agent_api [None req-a4c391f3-4dc9-418b-a5f1-6207af481ec9 924d7061f2d64d3ea73d19d7c0a9a912 10799835e0e64bfb8308c3f6ab85e432 - - default default] Unable to schedule network 9e21dad3-92b6-45f5-96bf-5078c3268902: no agents available; will retry on subsequent port and subnet creation events.
2026-06-08 10:01:58.937 7 INFO neutron.plugins.ml2.drivers.ovn.mech_driver.mech_driver [None req-eab02529-b99b-46a6-84bb-5a5ddb7177c9 - - - - - -] OVN reports status down for port: 18c04a8e-0cff-4fd6-afa0-3225ff60d303
2026-06-08 10:01:58.963 8 INFO neutron.db.ovn_revision_numbers_db [None req-8a2a5765-38fb-4f49-9dd7-4c34926dff3c 4a3a228cbabd41f3950dd7bc08957ba5 9d483c8db99f4905b2a5599b9f64f003 - - default default] Successfully bumped revision number for resource 75ad8af9-804d-4b05-b230-388c8240cca3 (type: security_groups) to 1
2026-06-08 10:01:58.978 8 INFO neutron.db.ovn_revision_numbers_db [None req-8a2a5765-38fb-4f49-9dd7-4c34926dff3c 4a3a228cbabd41f3950dd7bc08957ba5 9d483c8db99f4905b2a5599b9f64f003 - - default default] Successfully bumped revision number for resource 4dea38e3-60b8-4738-ad82-8d97e9e8beac (type: security_group_rules) to 0
2026-06-08 10:01:58.990 8 INFO neutron.db.ovn_revision_numbers_db [None req-8a2a5765-38fb-4f49-9dd7-4c34926dff3c 4a3a228cbabd41f3950dd7bc08957ba5 9d483c8db99f4905b2a5599b9f64f003 - - default default] Successfully bumped revision number for resource 8513a546-5783-4d32-8bb5-17307c8b8a0c (type: security_group_rules) to 0
2026-06-08 10:01:59.004 8 INFO neutron.db.ovn_revision_numbers_db [None req-8a2a5765-38fb-4f49-9dd7-4c34926dff3c 4a3a228cbabd41f3950dd7bc08957ba5 9d483c8db99f4905b2a5599b9f64f003 - - default default] Successfully bumped revision number for resource a9c8dd14-ecaa-49cc-ab68-4a0443bfd379 (type: security_group_rules) to 0
2026-06-08 10:01:59.010 7 INFO neutron.db.ovn_revision_numbers_db [None req-a4c391f3-4dc9-418b-a5f1-6207af481ec9 924d7061f2d64d3ea73d19d7c0a9a912 10799835e0e64bfb8308c3f6ab85e432 - - default default] Successfully bumped revision number for resource 18c04a8e-0cff-4fd6-afa0-3225ff60d303 (type: ports) to 1
2026-06-08 10:01:59.018 8 INFO neutron.db.ovn_revision_numbers_db [None req-8a2a5765-38fb-4f49-9dd7-4c34926dff3c 4a3a228cbabd41f3950dd7bc08957ba5 9d483c8db99f4905b2a5599b9f64f003 - - default default] Successfully bumped revision number for resource eb6b7509-b01b-43fb-9ffd-ae8a4c74b656 (type: security_group_rules) to 0 [pid: 8|app: 0|req: 1202/2102] 10.0.0.124 () {32 vars in 774 bytes} [Mon Jun 8 10:01:58 2026] GET /v2.0/security-groups?tenant_id=68a0b2cc29b240a98c683ac8f3dae03a&name=default => generated 2925 bytes in 509 msecs (HTTP/1.1 200) 4 headers in 158 bytes (1 switches on core 0) [pid: 7|app: 0|req: 901/2103] 10.0.0.124 () {34 vars in 670 bytes} [Mon Jun 8 10:01:57 2026] POST /v2.0/networks => generated 667 bytes in 1252 msecs (HTTP/1.1 201) 4 headers in 162 bytes (1 switches on core 0)
2026-06-08 10:01:59.442 7 WARNING neutron.scheduler.dhcp_agent_scheduler [None req-b0231271-0c15-47d7-8eb9-b3dcb01094b7 924d7061f2d64d3ea73d19d7c0a9a912 10799835e0e64bfb8308c3f6ab85e432 - - default default] No more DHCP agents
2026-06-08 10:01:59.444 7 WARNING neutron.api.rpc.agentnotifiers.dhcp_rpc_agent_api [None req-b0231271-0c15-47d7-8eb9-b3dcb01094b7 924d7061f2d64d3ea73d19d7c0a9a912 10799835e0e64bfb8308c3f6ab85e432 - - default default] Unable to schedule network 9e21dad3-92b6-45f5-96bf-5078c3268902: no agents available; will retry on subsequent port and subnet creation events. [pid: 8|app: 0|req: 1203/2104] 10.0.0.124 () {32 vars in 740 bytes} [Mon Jun 8 10:01:59 2026] DELETE /v2.0/security-groups/75ad8af9-804d-4b05-b230-388c8240cca3 => generated 0 bytes in 429 msecs (HTTP/1.1 204) 2 headers in 112 bytes (1 switches on core 0)
2026-06-08 10:01:59.577 7 INFO neutron.plugins.ml2.drivers.ovn.mech_driver.mech_driver [None req-eab02529-b99b-46a6-84bb-5a5ddb7177c9 - - - - - -] OVN reports status down for port: 43ef00e8-5a54-46fe-a2b7-8973b3ae0125
2026-06-08 10:01:59.652 7 INFO neutron.db.ovn_revision_numbers_db [None req-b0231271-0c15-47d7-8eb9-b3dcb01094b7 924d7061f2d64d3ea73d19d7c0a9a912 10799835e0e64bfb8308c3f6ab85e432 - - default default] Successfully bumped revision number for resource 43ef00e8-5a54-46fe-a2b7-8973b3ae0125 (type: ports) to 1 [pid: 7|app: 0|req: 902/2105] 10.0.0.124 () {34 vars in 665 bytes} [Mon Jun 8 10:01:59 2026] POST /v2.0/ports => generated 779 bytes in 652 msecs (HTTP/1.1 201) 4 headers in 162 bytes (1 switches on core 0) /var/lib/openstack/lib/python3.12/site-packages/pycadf/identifier.py:70: UserWarning: Invalid uuid: neutron. To ensure interoperability, identifiers should be a valid uuid. warnings.warn(('Invalid uuid: %s. To ensure interoperability, '
2026-06-08 10:01:59.843 7 INFO neutron.db.segments_db [None req-7fa64410-67b8-47ca-a351-0808766365d0 924d7061f2d64d3ea73d19d7c0a9a912 10799835e0e64bfb8308c3f6ab85e432 - - default default] Added segment 2815c6c4-904a-46aa-815e-f532c95e5606 of type geneve for network ff9f7f45-7019-4c0a-a0b1-3d2b26b50d39
2026-06-08 10:01:59.883 8 INFO neutron.db.ovn_revision_numbers_db [None req-9fdba30d-0645-41ad-b308-64b0b7f9f0db 4a3a228cbabd41f3950dd7bc08957ba5 9d483c8db99f4905b2a5599b9f64f003 - - default default] Successfully bumped revision number for resource 7badcefa-85a4-4387-8938-4c2db94f7a26 (type: security_groups) to 1
2026-06-08 10:01:59.896 8 INFO neutron.db.ovn_revision_numbers_db [None req-9fdba30d-0645-41ad-b308-64b0b7f9f0db 4a3a228cbabd41f3950dd7bc08957ba5 9d483c8db99f4905b2a5599b9f64f003 - - default default] Successfully bumped revision number for resource 0b923d85-efa8-4a54-a354-560f1b0d6379 (type: security_group_rules) to 0
2026-06-08 10:01:59.906 8 INFO neutron.db.ovn_revision_numbers_db [None req-9fdba30d-0645-41ad-b308-64b0b7f9f0db 4a3a228cbabd41f3950dd7bc08957ba5 9d483c8db99f4905b2a5599b9f64f003 - - default default] Successfully bumped revision number for resource 27c81a64-d4ae-4b8e-a491-8f2df3bf64ba (type: security_group_rules) to 0
2026-06-08 10:01:59.923 8 INFO neutron.db.ovn_revision_numbers_db [None req-9fdba30d-0645-41ad-b308-64b0b7f9f0db 4a3a228cbabd41f3950dd7bc08957ba5 9d483c8db99f4905b2a5599b9f64f003 - - default default] Successfully bumped revision number for resource 4a556608-f522-4bdf-8172-4e28153ffac8 (type: security_group_rules) to 0
2026-06-08 10:01:59.939 8 INFO neutron.db.ovn_revision_numbers_db [None req-9fdba30d-0645-41ad-b308-64b0b7f9f0db 4a3a228cbabd41f3950dd7bc08957ba5 9d483c8db99f4905b2a5599b9f64f003 - - default default] Successfully bumped revision number for resource 4fb0d580-7a4c-4e21-9b5f-5dd82355fa1c (type: security_group_rules) to 0
2026-06-08 10:02:00.004 7 INFO neutron.db.ovn_revision_numbers_db [None req-7fa64410-67b8-47ca-a351-0808766365d0 924d7061f2d64d3ea73d19d7c0a9a912 10799835e0e64bfb8308c3f6ab85e432 - - default default] Successfully bumped revision number for resource ff9f7f45-7019-4c0a-a0b1-3d2b26b50d39 (type: networks) to 1 [pid: 8|app: 0|req: 1204/2106] 10.0.0.124 () {32 vars in 774 bytes} [Mon Jun 8 10:01:59 2026] GET /v2.0/security-groups?tenant_id=23d8bbe137b24c0b83ed16671014efd8&name=default => generated 2925 bytes in 334 msecs (HTTP/1.1 200) 4 headers in 158 bytes (1 switches on core 0)
2026-06-08 10:02:00.188 7 WARNING neutron.scheduler.dhcp_agent_scheduler [None req-7fa64410-67b8-47ca-a351-0808766365d0 924d7061f2d64d3ea73d19d7c0a9a912 10799835e0e64bfb8308c3f6ab85e432 - - default default] No more DHCP agents
2026-06-08 10:02:00.190 7 WARNING neutron.api.rpc.agentnotifiers.dhcp_rpc_agent_api [None req-7fa64410-67b8-47ca-a351-0808766365d0 924d7061f2d64d3ea73d19d7c0a9a912 10799835e0e64bfb8308c3f6ab85e432 - - default default] Unable to schedule network ff9f7f45-7019-4c0a-a0b1-3d2b26b50d39: no agents available; will retry on subsequent port and subnet creation events.
2026-06-08 10:02:00.285 7 INFO neutron.plugins.ml2.drivers.ovn.mech_driver.mech_driver [None req-eab02529-b99b-46a6-84bb-5a5ddb7177c9 - - - - - -] OVN reports status down for port: 37f5b57d-27ec-4323-9fb7-74431a0fa30e
2026-06-08 10:02:00.370 7 INFO neutron.db.ovn_revision_numbers_db [None req-7fa64410-67b8-47ca-a351-0808766365d0 924d7061f2d64d3ea73d19d7c0a9a912 10799835e0e64bfb8308c3f6ab85e432 - - default default] Successfully bumped revision number for resource 37f5b57d-27ec-4323-9fb7-74431a0fa30e (type: ports) to 1 [pid: 7|app: 0|req: 903/2107] 10.0.0.124 () {34 vars in 670 bytes} [Mon Jun 8 10:01:59 2026] POST /v2.0/networks => generated 654 bytes in 721 msecs (HTTP/1.1 201) 4 headers in 162 bytes (1 switches on core 0) [pid: 8|app: 0|req: 1205/2108] 10.0.0.124 () {32 vars in 740 bytes} [Mon Jun 8 10:02:00 2026] DELETE /v2.0/security-groups/7badcefa-85a4-4387-8938-4c2db94f7a26 => generated 0 bytes in 453 msecs (HTTP/1.1 204) 2 headers in 112 bytes (1 switches on core 0)
2026-06-08 10:02:00.737 7 WARNING neutron.scheduler.dhcp_agent_scheduler [None req-0220bf04-009d-4d24-9361-8e15807d2675 924d7061f2d64d3ea73d19d7c0a9a912 10799835e0e64bfb8308c3f6ab85e432 - - default default] No more DHCP agents
2026-06-08 10:02:00.738 7 WARNING neutron.api.rpc.agentnotifiers.dhcp_rpc_agent_api [None req-0220bf04-009d-4d24-9361-8e15807d2675 924d7061f2d64d3ea73d19d7c0a9a912 10799835e0e64bfb8308c3f6ab85e432 - - default default] Unable to schedule network ff9f7f45-7019-4c0a-a0b1-3d2b26b50d39: no agents available; will retry on subsequent port and subnet creation events.
2026-06-08 10:02:00.780 7 INFO neutron.db.ovn_revision_numbers_db [None req-0220bf04-009d-4d24-9361-8e15807d2675 924d7061f2d64d3ea73d19d7c0a9a912 10799835e0e64bfb8308c3f6ab85e432 - - default default] Successfully bumped revision number for resource bb1a0d3e-271d-4e36-a1ec-9b8e2c2efe78 (type: subnets) to 0 [pid: 7|app: 0|req: 904/2109] 10.0.0.124 () {34 vars in 669 bytes} [Mon Jun 8 10:02:00 2026] POST /v2.0/subnets => generated 646 bytes in 328 msecs (HTTP/1.1 201) 4 headers in 162 bytes (1 switches on core 0)
2026-06-08 10:02:01.113 8 WARNING neutron.scheduler.dhcp_agent_scheduler [None req-1f1b916c-0e7a-46cc-bf31-c727baeb525c 924d7061f2d64d3ea73d19d7c0a9a912 10799835e0e64bfb8308c3f6ab85e432 - - default default] No more DHCP agents
2026-06-08 10:02:01.114 8 WARNING neutron.api.rpc.agentnotifiers.dhcp_rpc_agent_api [None req-1f1b916c-0e7a-46cc-bf31-c727baeb525c 924d7061f2d64d3ea73d19d7c0a9a912 10799835e0e64bfb8308c3f6ab85e432 - - default default] Unable to schedule network ff9f7f45-7019-4c0a-a0b1-3d2b26b50d39: no agents available; will retry on subsequent port and subnet creation events.
2026-06-08 10:02:01.243 7 INFO neutron.plugins.ml2.drivers.ovn.mech_driver.mech_driver [None req-eab02529-b99b-46a6-84bb-5a5ddb7177c9 - - - - - -] OVN reports status down for port: 947ead95-8fa7-47a4-b32b-066aaccf1de4
2026-06-08 10:02:01.315 8 INFO neutron.db.ovn_revision_numbers_db [None req-1f1b916c-0e7a-46cc-bf31-c727baeb525c 924d7061f2d64d3ea73d19d7c0a9a912 10799835e0e64bfb8308c3f6ab85e432 - - default default] Successfully bumped revision number for resource 947ead95-8fa7-47a4-b32b-066aaccf1de4 (type: ports) to 1 [pid: 8|app: 0|req: 1206/2110] 10.0.0.124 () {34 vars in 665 bytes} [Mon Jun 8 10:02:00 2026] POST /v2.0/ports => generated 965 bytes in 581 msecs (HTTP/1.1 201) 4 headers in 162 bytes (1 switches on core 0) /var/lib/openstack/lib/python3.12/site-packages/pycadf/identifier.py:70: UserWarning: Invalid uuid: neutron. To ensure interoperability, identifiers should be a valid uuid. warnings.warn(('Invalid uuid: %s. To ensure interoperability, '
2026-06-08 10:02:01.550 7 INFO neutron_taas.services.taas.taas_plugin [None req-d4fa5808-3be3-428a-9d36-ac8e8d657ee0 924d7061f2d64d3ea73d19d7c0a9a912 10799835e0e64bfb8308c3f6ab85e432 - - default default] TaaS: Handle Delete Port: 947ead95-8fa7-47a4-b32b-066aaccf1de4
2026-06-08 10:02:01.554 7 INFO neutron_taas.services.taas.tap_mirror_plugin [None req-d4fa5808-3be3-428a-9d36-ac8e8d657ee0 924d7061f2d64d3ea73d19d7c0a9a912 10799835e0e64bfb8308c3f6ab85e432 - - default default] Tap Mirror: Handle Delete Port: 947ead95-8fa7-47a4-b32b-066aaccf1de4
2026-06-08 10:02:01.759 8 INFO neutron.db.ovn_revision_numbers_db [None req-3f4d833a-29b1-4dfe-ba2c-983731a5f906 4a3a228cbabd41f3950dd7bc08957ba5 9d483c8db99f4905b2a5599b9f64f003 - - default default] Successfully bumped revision number for resource 1fe1e8a3-475a-4062-8a24-966172bc1766 (type: security_groups) to 1
2026-06-08 10:02:01.796 8 INFO neutron.db.ovn_revision_numbers_db [None req-3f4d833a-29b1-4dfe-ba2c-983731a5f906 4a3a228cbabd41f3950dd7bc08957ba5 9d483c8db99f4905b2a5599b9f64f003 - - default default] Successfully bumped revision number for resource 87a6297d-468f-4daf-b024-3b5ec66d7349 (type: security_group_rules) to 0 [pid: 7|app: 0|req: 905/2111] 10.0.0.124 () {32 vars in 720 bytes} [Mon Jun 8 10:02:01 2026] DELETE /v2.0/ports/947ead95-8fa7-47a4-b32b-066aaccf1de4 => generated 0 bytes in 421 msecs (HTTP/1.1 204) 3 headers in 131 bytes (1 switches on core 0)
2026-06-08 10:02:01.819 8 INFO neutron.db.ovn_revision_numbers_db [None req-3f4d833a-29b1-4dfe-ba2c-983731a5f906 4a3a228cbabd41f3950dd7bc08957ba5 9d483c8db99f4905b2a5599b9f64f003 - - default default] Successfully bumped revision number for resource bbb14aa2-d5a0-41f1-bb40-f5412f55f659 (type: security_group_rules) to 0
2026-06-08 10:02:01.840 8 INFO neutron.db.ovn_revision_numbers_db [None req-3f4d833a-29b1-4dfe-ba2c-983731a5f906 4a3a228cbabd41f3950dd7bc08957ba5 9d483c8db99f4905b2a5599b9f64f003 - - default default] Successfully bumped revision number for resource c450213d-5548-423b-9d87-4c6f3c03f764 (type: security_group_rules) to 0
2026-06-08 10:02:01.847 7 INFO neutron.pecan_wsgi.hooks.translation [None req-b18e10be-a041-4fad-8b46-6fe6fb6b0270 924d7061f2d64d3ea73d19d7c0a9a912 10799835e0e64bfb8308c3f6ab85e432 - - default default] DELETE failed (client error): The resource could not be found. [pid: 7|app: 0|req: 906/2112] 10.0.0.124 () {32 vars in 720 bytes} [Mon Jun 8 10:02:01 2026] DELETE /v2.0/ports/947ead95-8fa7-47a4-b32b-066aaccf1de4 => generated 132 bytes in 26 msecs (HTTP/1.1 404) 4 headers in 164 bytes (1 switches on core 0)
2026-06-08 10:02:01.861 8 INFO neutron.db.ovn_revision_numbers_db [None req-3f4d833a-29b1-4dfe-ba2c-983731a5f906 4a3a228cbabd41f3950dd7bc08957ba5 9d483c8db99f4905b2a5599b9f64f003 - - default default] Successfully bumped revision number for resource f14a7c0e-9d38-40a7-99c4-6e02c248cdcd (type: security_group_rules) to 0
2026-06-08 10:02:01.875 7 INFO neutron.pecan_wsgi.hooks.translation [None req-24ff76ea-951a-493b-8007-93c5fd08e277 924d7061f2d64d3ea73d19d7c0a9a912 10799835e0e64bfb8308c3f6ab85e432 - - default default] GET failed (client error): The resource could not be found. [pid: 7|app: 0|req: 907/2113] 10.0.0.124 () {32 vars in 717 bytes} [Mon Jun 8 10:02:01 2026] GET /v2.0/ports/947ead95-8fa7-47a4-b32b-066aaccf1de4 => generated 132 bytes in 21 msecs (HTTP/1.1 404) 4 headers in 164 bytes (1 switches on core 0) [pid: 8|app: 0|req: 1207/2115] 10.0.0.124 () {32 vars in 774 bytes} [Mon Jun 8 10:02:01 2026] GET /v2.0/security-groups?tenant_id=a8a9d17949c64c9493b7fc9d85c6fb2b&name=default => generated 2925 bytes in 476 msecs (HTTP/1.1 200) 4 headers in 158 bytes (1 switches on core 0) [pid: 7|app: 0|req: 909/2116] 10.0.0.124 () {32 vars in 724 bytes} [Mon Jun 8 10:02:01 2026] DELETE /v2.0/subnets/bb1a0d3e-271d-4e36-a1ec-9b8e2c2efe78 => generated 0 bytes in 165 msecs (HTTP/1.1 204) 3 headers in 131 bytes (1 switches on core 0)
2026-06-08 10:02:02.285 7 INFO neutron_taas.services.taas.taas_plugin [None req-48de7d31-77cb-497a-9be5-e5f675154209 924d7061f2d64d3ea73d19d7c0a9a912 10799835e0e64bfb8308c3f6ab85e432 - - default default] TaaS: Handle Delete Port: 37f5b57d-27ec-4323-9fb7-74431a0fa30e
2026-06-08 10:02:02.290 7 INFO neutron_taas.services.taas.tap_mirror_plugin [None req-48de7d31-77cb-497a-9be5-e5f675154209 924d7061f2d64d3ea73d19d7c0a9a912 10799835e0e64bfb8308c3f6ab85e432 - - default default] Tap Mirror: Handle Delete Port: 37f5b57d-27ec-4323-9fb7-74431a0fa30e [pid: 8|app: 0|req: 1208/2117] 10.0.0.124 () {32 vars in 740 bytes} [Mon Jun 8 10:02:01 2026] DELETE /v2.0/security-groups/1fe1e8a3-475a-4062-8a24-966172bc1766 => generated 0 bytes in 395 msecs (HTTP/1.1 204) 2 headers in 112 bytes (1 switches on core 0)
2026-06-08 10:02:02.534 7 INFO neutron.services.segments.plugin [-] Segment 2815c6c4-904a-46aa-815e-f532c95e5606 resource provider aggregate not found
2026-06-08 10:02:02.536 7 INFO neutron.services.segments.plugin [-] Segment 2815c6c4-904a-46aa-815e-f532c95e5606 resource provider aggregate not found
2026-06-08 10:02:02.554 7 INFO neutron.services.segments.plugin [-] Segment 2815c6c4-904a-46aa-815e-f532c95e5606 resource provider not found; error: Placement Client Error (4xx): {"errors": [{"status": 404, "title": "Not Found", "detail": "The resource could not be found.\n\n No resource provider with uuid 2815c6c4-904a-46aa-815e-f532c95e5606 found for delete ", "request_id": "req-ca977800-90f0-44ab-9465-d0b6ad1aafcc"}]}
2026-06-08 10:02:02.554 7 INFO neutron.services.segments.plugin [-] Segment 2815c6c4-904a-46aa-815e-f532c95e5606 resource provider not found; error: Placement Client Error (4xx): {"errors": [{"status": 404, "title": "Not Found", "detail": "The resource could not be found.\n\n No resource provider with uuid 2815c6c4-904a-46aa-815e-f532c95e5606 found for delete ", "request_id": "req-07f27c04-0c1f-4b20-b2fa-a6006e036c63"}]} [pid: 7|app: 0|req: 910/2118] 10.0.0.124 () {32 vars in 726 bytes} [Mon Jun 8 10:02:02 2026] DELETE /v2.0/networks/ff9f7f45-7019-4c0a-a0b1-3d2b26b50d39 => generated 0 bytes in 531 msecs (HTTP/1.1 204) 3 headers in 131 bytes (1 switches on core 0)
2026-06-08 10:02:02.708 8 INFO neutron.db.segments_db [None req-1e249822-2bda-4fea-a4f5-436687442f61 924d7061f2d64d3ea73d19d7c0a9a912 10799835e0e64bfb8308c3f6ab85e432 - - default default] Added segment 71254089-1835-48f1-8401-f94cdc9a7248 of type geneve for network b7d13b9c-af72-41e8-8b62-690676a2ee49
2026-06-08 10:02:02.846 8 INFO neutron.db.ovn_revision_numbers_db [None req-1e249822-2bda-4fea-a4f5-436687442f61 924d7061f2d64d3ea73d19d7c0a9a912 10799835e0e64bfb8308c3f6ab85e432 - - default default] Successfully bumped revision number for resource b7d13b9c-af72-41e8-8b62-690676a2ee49 (type: networks) to 1
2026-06-08 10:02:03.042 8 WARNING neutron.scheduler.dhcp_agent_scheduler [None req-1e249822-2bda-4fea-a4f5-436687442f61 924d7061f2d64d3ea73d19d7c0a9a912 10799835e0e64bfb8308c3f6ab85e432 - - default default] No more DHCP agents
2026-06-08 10:02:03.043 8 WARNING neutron.api.rpc.agentnotifiers.dhcp_rpc_agent_api [None req-1e249822-2bda-4fea-a4f5-436687442f61 924d7061f2d64d3ea73d19d7c0a9a912 10799835e0e64bfb8308c3f6ab85e432 - - default default] Unable to schedule network b7d13b9c-af72-41e8-8b62-690676a2ee49: no agents available; will retry on subsequent port and subnet creation events.
2026-06-08 10:02:03.129 7 INFO neutron.plugins.ml2.drivers.ovn.mech_driver.mech_driver [None req-eab02529-b99b-46a6-84bb-5a5ddb7177c9 - - - - - -] OVN reports status down for port: 9da022a1-24e5-4940-8df6-6d92dc223c06
2026-06-08 10:02:03.210 8 INFO neutron.db.ovn_revision_numbers_db [None req-1e249822-2bda-4fea-a4f5-436687442f61 924d7061f2d64d3ea73d19d7c0a9a912 10799835e0e64bfb8308c3f6ab85e432 - - default default] Successfully bumped revision number for resource 9da022a1-24e5-4940-8df6-6d92dc223c06 (type: ports) to 1 [pid: 8|app: 0|req: 1209/2119] 10.0.0.124 () {34 vars in 670 bytes} [Mon Jun 8 10:02:02 2026] POST /v2.0/networks => generated 654 bytes in 678 msecs (HTTP/1.1 201) 4 headers in 162 bytes (1 switches on core 0)
2026-06-08 10:02:03.563 7 WARNING neutron.scheduler.dhcp_agent_scheduler [None req-90afb545-0c74-47b4-a94a-05e77bb86794 924d7061f2d64d3ea73d19d7c0a9a912 10799835e0e64bfb8308c3f6ab85e432 - - default default] No more DHCP agents
2026-06-08 10:02:03.565 7 WARNING neutron.api.rpc.agentnotifiers.dhcp_rpc_agent_api [None req-90afb545-0c74-47b4-a94a-05e77bb86794 924d7061f2d64d3ea73d19d7c0a9a912 10799835e0e64bfb8308c3f6ab85e432 - - default default] Unable to schedule network b7d13b9c-af72-41e8-8b62-690676a2ee49: no agents available; will retry on subsequent port and subnet creation events.
2026-06-08 10:02:03.609 7 INFO neutron.db.ovn_revision_numbers_db [None req-90afb545-0c74-47b4-a94a-05e77bb86794 924d7061f2d64d3ea73d19d7c0a9a912 10799835e0e64bfb8308c3f6ab85e432 - - default default] Successfully bumped revision number for resource 5b6e7965-9e88-4794-a07b-92d854197b72 (type: subnets) to 0 [pid: 7|app: 0|req: 911/2120] 10.0.0.124 () {34 vars in 669 bytes} [Mon Jun 8 10:02:03 2026] POST /v2.0/subnets => generated 646 bytes in 344 msecs (HTTP/1.1 201) 4 headers in 162 bytes (1 switches on core 0)
2026-06-08 10:02:03.952 8 WARNING neutron.scheduler.dhcp_agent_scheduler [None req-1f1d0177-21ec-4ee3-a83c-57ba966bf170 924d7061f2d64d3ea73d19d7c0a9a912 10799835e0e64bfb8308c3f6ab85e432 - - default default] No more DHCP agents
2026-06-08 10:02:03.954 8 WARNING neutron.api.rpc.agentnotifiers.dhcp_rpc_agent_api [None req-1f1d0177-21ec-4ee3-a83c-57ba966bf170 924d7061f2d64d3ea73d19d7c0a9a912 10799835e0e64bfb8308c3f6ab85e432 - - default default] Unable to schedule network b7d13b9c-af72-41e8-8b62-690676a2ee49: no agents available; will retry on subsequent port and subnet creation events.
2026-06-08 10:02:04.099 7 INFO neutron.plugins.ml2.drivers.ovn.mech_driver.mech_driver [None req-eab02529-b99b-46a6-84bb-5a5ddb7177c9 - - - - - -] OVN reports status down for port: 05fe7854-35dd-4665-b404-9fd4001ce828
2026-06-08 10:02:04.170 8 INFO neutron.db.ovn_revision_numbers_db [None req-1f1d0177-21ec-4ee3-a83c-57ba966bf170 924d7061f2d64d3ea73d19d7c0a9a912 10799835e0e64bfb8308c3f6ab85e432 - - default default] Successfully bumped revision number for resource 05fe7854-35dd-4665-b404-9fd4001ce828 (type: ports) to 1 [pid: 8|app: 0|req: 1210/2121] 10.0.0.124 () {34 vars in 665 bytes} [Mon Jun 8 10:02:03 2026] POST /v2.0/ports => generated 928 bytes in 625 msecs (HTTP/1.1 201) 4 headers in 162 bytes (1 switches on core 0)
2026-06-08 10:02:04.483 7 INFO neutron.db.ovn_revision_numbers_db [None req-97c35f48-5b20-4c56-86a9-0d41878e37c8 22dfa7d64708466ea5e043cec889a0cb 9702dad58f424832a341e99e6d622872 - - default default] Successfully bumped revision number for resource 393cbc9e-6e9e-43d2-a140-db07a0796060 (type: security_groups) to 1
2026-06-08 10:02:04.490 8 INFO neutron_taas.services.taas.taas_plugin [None req-0cb82b04-1cce-4f42-951f-dfcb8c5f222f 924d7061f2d64d3ea73d19d7c0a9a912 10799835e0e64bfb8308c3f6ab85e432 - - default default] TaaS: Handle Delete Port: 05fe7854-35dd-4665-b404-9fd4001ce828
2026-06-08 10:02:04.498 7 INFO neutron.db.ovn_revision_numbers_db [None req-97c35f48-5b20-4c56-86a9-0d41878e37c8 22dfa7d64708466ea5e043cec889a0cb 9702dad58f424832a341e99e6d622872 - - default default] Successfully bumped revision number for resource 70019677-b8d4-4389-b222-5c42e18e2a2e (type: security_group_rules) to 0
2026-06-08 10:02:04.500 8 INFO neutron_taas.services.taas.tap_mirror_plugin [None req-0cb82b04-1cce-4f42-951f-dfcb8c5f222f 924d7061f2d64d3ea73d19d7c0a9a912 10799835e0e64bfb8308c3f6ab85e432 - - default default] Tap Mirror: Handle Delete Port: 05fe7854-35dd-4665-b404-9fd4001ce828
2026-06-08 10:02:04.512 7 INFO neutron.db.ovn_revision_numbers_db [None req-97c35f48-5b20-4c56-86a9-0d41878e37c8 22dfa7d64708466ea5e043cec889a0cb 9702dad58f424832a341e99e6d622872 - - default default] Successfully bumped revision number for resource 9530b674-092a-4d4b-b068-3e5fc4ff6a93 (type: security_group_rules) to 0
2026-06-08 10:02:04.532 7 INFO neutron.db.ovn_revision_numbers_db [None req-97c35f48-5b20-4c56-86a9-0d41878e37c8 22dfa7d64708466ea5e043cec889a0cb 9702dad58f424832a341e99e6d622872 - - default default] Successfully bumped revision number for resource 969a6f0b-f444-45ed-bb39-7b16a902eeac (type: security_group_rules) to 0
2026-06-08 10:02:04.545 7 INFO neutron.db.ovn_revision_numbers_db [None req-97c35f48-5b20-4c56-86a9-0d41878e37c8 22dfa7d64708466ea5e043cec889a0cb 9702dad58f424832a341e99e6d622872 - - default default] Successfully bumped revision number for resource a801b6d9-1e15-4db1-a1d9-4d35c5c7243f (type: security_group_rules) to 0
2026-06-08 10:02:04.651 7 INFO neutron.db.segments_db [None req-97c35f48-5b20-4c56-86a9-0d41878e37c8 22dfa7d64708466ea5e043cec889a0cb 9702dad58f424832a341e99e6d622872 - - default default] Added segment 1b957a40-1bd9-4ad1-998c-59416a3d200d of type geneve for network 38e685ab-cae2-4800-8b5a-17eefdbec6d1 [pid: 8|app: 0|req: 1211/2122] 10.0.0.124 () {32 vars in 720 bytes} [Mon Jun 8 10:02:04 2026] DELETE /v2.0/ports/05fe7854-35dd-4665-b404-9fd4001ce828 => generated 0 bytes in 407 msecs (HTTP/1.1 204) 3 headers in 131 bytes (1 switches on core 0)
2026-06-08 10:02:04.720 8 INFO neutron.pecan_wsgi.hooks.translation [None req-22e724be-1d10-4eef-b2a4-273af4e5ff2b 924d7061f2d64d3ea73d19d7c0a9a912 10799835e0e64bfb8308c3f6ab85e432 - - default default] GET failed (client error): The resource could not be found. [pid: 8|app: 0|req: 1212/2123] 10.0.0.124 () {32 vars in 717 bytes} [Mon Jun 8 10:02:04 2026] GET /v2.0/ports/05fe7854-35dd-4665-b404-9fd4001ce828 => generated 132 bytes in 27 msecs (HTTP/1.1 404) 4 headers in 164 bytes (1 switches on core 0)
2026-06-08 10:02:04.845 7 INFO neutron.db.ovn_revision_numbers_db [None req-97c35f48-5b20-4c56-86a9-0d41878e37c8 22dfa7d64708466ea5e043cec889a0cb 9702dad58f424832a341e99e6d622872 - - default default] Successfully bumped revision number for resource 38e685ab-cae2-4800-8b5a-17eefdbec6d1 (type: networks) to 1 [pid: 8|app: 0|req: 1213/2124] 10.0.0.124 () {32 vars in 724 bytes} [Mon Jun 8 10:02:04 2026] DELETE /v2.0/subnets/5b6e7965-9e88-4794-a07b-92d854197b72 => generated 0 bytes in 250 msecs (HTTP/1.1 204) 3 headers in 131 bytes (1 switches on core 0)
2026-06-08 10:02:05.040 7 WARNING neutron.scheduler.dhcp_agent_scheduler [None req-97c35f48-5b20-4c56-86a9-0d41878e37c8 22dfa7d64708466ea5e043cec889a0cb 9702dad58f424832a341e99e6d622872 - - default default] No more DHCP agents
2026-06-08 10:02:05.042 7 WARNING neutron.api.rpc.agentnotifiers.dhcp_rpc_agent_api [None req-97c35f48-5b20-4c56-86a9-0d41878e37c8 22dfa7d64708466ea5e043cec889a0cb 9702dad58f424832a341e99e6d622872 - - default default] Unable to schedule network 38e685ab-cae2-4800-8b5a-17eefdbec6d1: no agents available; will retry on subsequent port and subnet creation events.
2026-06-08 10:02:05.126 7 INFO neutron.plugins.ml2.drivers.ovn.mech_driver.mech_driver [None req-eab02529-b99b-46a6-84bb-5a5ddb7177c9 - - - - - -] OVN reports status down for port: 7ec49045-b605-40ab-b470-deb566ba1004
2026-06-08 10:02:05.212 7 INFO neutron.db.ovn_revision_numbers_db [None req-97c35f48-5b20-4c56-86a9-0d41878e37c8 22dfa7d64708466ea5e043cec889a0cb 9702dad58f424832a341e99e6d622872 - - default default] Successfully bumped revision number for resource 7ec49045-b605-40ab-b470-deb566ba1004 (type: ports) to 1
2026-06-08 10:02:05.222 8 INFO neutron_taas.services.taas.taas_plugin [None req-9d8c3e50-7446-4668-86d4-a48014b21a0d 924d7061f2d64d3ea73d19d7c0a9a912 10799835e0e64bfb8308c3f6ab85e432 - - default default] TaaS: Handle Delete Port: 9da022a1-24e5-4940-8df6-6d92dc223c06
2026-06-08 10:02:05.225 8 INFO neutron_taas.services.taas.tap_mirror_plugin [None req-9d8c3e50-7446-4668-86d4-a48014b21a0d 924d7061f2d64d3ea73d19d7c0a9a912 10799835e0e64bfb8308c3f6ab85e432 - - default default] Tap Mirror: Handle Delete Port: 9da022a1-24e5-4940-8df6-6d92dc223c06 [pid: 7|app: 0|req: 912/2125] 10.0.0.124 () {34 vars in 670 bytes} [Mon Jun 8 10:02:04 2026] POST /v2.0/networks => generated 650 bytes in 1236 msecs (HTTP/1.1 201) 4 headers in 162 bytes (1 switches on core 0)
2026-06-08 10:02:05.480 8 INFO neutron.services.segments.plugin [-] Segment 71254089-1835-48f1-8401-f94cdc9a7248 resource provider aggregate not found
2026-06-08 10:02:05.483 8 INFO neutron.services.segments.plugin [-] Segment 71254089-1835-48f1-8401-f94cdc9a7248 resource provider aggregate not found
2026-06-08 10:02:05.509 8 INFO neutron.services.segments.plugin [-] Segment 71254089-1835-48f1-8401-f94cdc9a7248 resource provider not found; error: Placement Client Error (4xx): {"errors": [{"status": 404, "title": "Not Found", "detail": "The resource could not be found.\n\n No resource provider with uuid 71254089-1835-48f1-8401-f94cdc9a7248 found for delete ", "request_id": "req-734852dc-6bec-42e5-a416-d2133a05d97e"}]}
2026-06-08 10:02:05.512 8 INFO neutron.services.segments.plugin [-] Segment 71254089-1835-48f1-8401-f94cdc9a7248 resource provider not found; error: Placement Client Error (4xx): {"errors": [{"status": 404, "title": "Not Found", "detail": "The resource could not be found.\n\n No resource provider with uuid 71254089-1835-48f1-8401-f94cdc9a7248 found for delete ", "request_id": "req-e9f966d9-8720-4630-b54f-aa3eae059108"}]} [pid: 8|app: 0|req: 1214/2126] 10.0.0.124 () {32 vars in 726 bytes} [Mon Jun 8 10:02:04 2026] DELETE /v2.0/networks/b7d13b9c-af72-41e8-8b62-690676a2ee49 => generated 0 bytes in 577 msecs (HTTP/1.1 204) 3 headers in 131 bytes (1 switches on core 0)
2026-06-08 10:02:05.579 7 WARNING neutron.scheduler.dhcp_agent_scheduler [None req-85ceb4e0-3076-4771-98a4-511c4629c452 22dfa7d64708466ea5e043cec889a0cb 9702dad58f424832a341e99e6d622872 - - default default] No more DHCP agents
2026-06-08 10:02:05.580 7 WARNING neutron.api.rpc.agentnotifiers.dhcp_rpc_agent_api [None req-85ceb4e0-3076-4771-98a4-511c4629c452 22dfa7d64708466ea5e043cec889a0cb 9702dad58f424832a341e99e6d622872 - - default default] Unable to schedule network 38e685ab-cae2-4800-8b5a-17eefdbec6d1: no agents available; will retry on subsequent port and subnet creation events.
2026-06-08 10:02:05.713 7 INFO neutron.plugins.ml2.drivers.ovn.mech_driver.mech_driver [None req-eab02529-b99b-46a6-84bb-5a5ddb7177c9 - - - - - -] OVN reports status down for port: 2e3ee912-219e-45f8-8deb-bc032e474b49
2026-06-08 10:02:05.813 7 INFO neutron.db.ovn_revision_numbers_db [None req-85ceb4e0-3076-4771-98a4-511c4629c452 22dfa7d64708466ea5e043cec889a0cb 9702dad58f424832a341e99e6d622872 - - default default] Successfully bumped revision number for resource 2e3ee912-219e-45f8-8deb-bc032e474b49 (type: ports) to 1 [pid: 7|app: 0|req: 913/2127] 10.0.0.124 () {34 vars in 664 bytes} [Mon Jun 8 10:02:05 2026] POST /v2.0/ports => generated 743 bytes in 635 msecs (HTTP/1.1 201) 4 headers in 162 bytes (1 switches on core 0) /var/lib/openstack/lib/python3.12/site-packages/pycadf/identifier.py:70: UserWarning: Invalid uuid: neutron. To ensure interoperability, identifiers should be a valid uuid. warnings.warn(('Invalid uuid: %s. To ensure interoperability, '
2026-06-08 10:02:05.938 8 WARNING neutron.scheduler.dhcp_agent_scheduler [None req-c6991d10-59f4-4fcb-8a48-7f8afbeab7cd 924d7061f2d64d3ea73d19d7c0a9a912 10799835e0e64bfb8308c3f6ab85e432 - - default default] No more DHCP agents
2026-06-08 10:02:05.939 8 WARNING neutron.api.rpc.agentnotifiers.dhcp_rpc_agent_api [None req-c6991d10-59f4-4fcb-8a48-7f8afbeab7cd 924d7061f2d64d3ea73d19d7c0a9a912 10799835e0e64bfb8308c3f6ab85e432 - - default default] Unable to schedule network 9e21dad3-92b6-45f5-96bf-5078c3268902: no agents available; will retry on subsequent port and subnet creation events.
2026-06-08 10:02:06.065 7 INFO neutron.plugins.ml2.drivers.ovn.mech_driver.mech_driver [None req-eab02529-b99b-46a6-84bb-5a5ddb7177c9 - - - - - -] OVN reports status down for port: 11539176-3880-4a72-827b-6de13710c9a8
2026-06-08 10:02:06.922 8 INFO neutron.db.ovn_revision_numbers_db [None req-c6991d10-59f4-4fcb-8a48-7f8afbeab7cd 924d7061f2d64d3ea73d19d7c0a9a912 10799835e0e64bfb8308c3f6ab85e432 - - default default] Successfully bumped revision number for resource 11539176-3880-4a72-827b-6de13710c9a8 (type: ports) to 1 [pid: 8|app: 0|req: 1215/2128] 10.0.0.124 () {34 vars in 665 bytes} [Mon Jun 8 10:02:05 2026] POST /v2.0/ports => generated 778 bytes in 1436 msecs (HTTP/1.1 201) 4 headers in 162 bytes (1 switches on core 0) /var/lib/openstack/lib/python3.12/site-packages/pycadf/identifier.py:70: UserWarning: Invalid uuid: neutron. To ensure interoperability, identifiers should be a valid uuid. warnings.warn(('Invalid uuid: %s. To ensure interoperability, ' [pid: 7|app: 0|req: 914/2129] 10.0.0.124 () {34 vars in 666 bytes} [Mon Jun 8 10:02:05 2026] POST /v2.0/trunks => generated 409 bytes in 1164 msecs (HTTP/1.1 201) 4 headers in 162 bytes (1 switches on core 0) [pid: 7|app: 0|req: 915/2130] 10.0.0.124 () {34 vars in 749 bytes} [Mon Jun 8 10:02:07 2026] PUT /v2.0/trunks/5edd442a-a78a-42d5-939e-e9807dd0eef4/tags => generated 25 bytes in 34 msecs (HTTP/1.1 200) 4 headers in 156 bytes (1 switches on core 0) [pid: 7|app: 0|req: 916/2131] 10.0.0.124 () {32 vars in 729 bytes} [Mon Jun 8 10:02:07 2026] GET /v2.0/trunks/5edd442a-a78a-42d5-939e-e9807dd0eef4/tags => generated 25 bytes in 31 msecs (HTTP/1.1 200) 4 headers in 156 bytes (1 switches on core 0) [pid: 7|app: 0|req: 917/2132] 10.0.0.124 () {34 vars in 760 bytes} [Mon Jun 8 10:02:07 2026] PUT /v2.0/trunks/5edd442a-a78a-42d5-939e-e9807dd0eef4/tags/green => generated 4 bytes in 45 msecs (HTTP/1.1 201) 4 headers in 160 bytes (1 switches on core 0) [pid: 7|app: 0|req: 918/2133] 10.0.0.124 () {32 vars in 729 bytes} [Mon Jun 8 10:02:07 2026] GET /v2.0/trunks/5edd442a-a78a-42d5-939e-e9807dd0eef4/tags => generated 34 bytes in 25 msecs (HTTP/1.1 200) 4 headers in 156 bytes (1 switches on core 0)
2026-06-08 10:02:07.323 7 INFO neutron.plugins.ml2.drivers.ovn.mech_driver.mech_driver [None req-eab02529-b99b-46a6-84bb-5a5ddb7177c9 - - - - - -] OVN reports status down for port: 11539176-3880-4a72-827b-6de13710c9a8 [pid: 7|app: 0|req: 919/2134] 10.0.0.124 () {34 vars in 756 bytes} [Mon Jun 8 10:02:07 2026] PUT /v2.0/trunks/5edd442a-a78a-42d5-939e-e9807dd0eef4/tags/red => generated 4 bytes in 78 msecs (HTTP/1.1 201) 4 headers in 160 bytes (1 switches on core 0)
2026-06-08 10:02:07.357 8 INFO neutron.db.ovn_revision_numbers_db [None req-90a5a6fc-3719-4c30-b645-8413b76712bf 924d7061f2d64d3ea73d19d7c0a9a912 10799835e0e64bfb8308c3f6ab85e432 - - default default] Successfully bumped revision number for resource 11539176-3880-4a72-827b-6de13710c9a8 (type: ports) to 2 [pid: 8|app: 0|req: 1216/2135] 10.0.0.124 () {34 vars in 737 bytes} [Mon Jun 8 10:02:07 2026] PUT /v2.0/ports/11539176-3880-4a72-827b-6de13710c9a8 => generated 752 bytes in 369 msecs (HTTP/1.1 200) 4 headers in 157 bytes (1 switches on core 0) /var/lib/openstack/lib/python3.12/site-packages/pycadf/identifier.py:70: UserWarning: Invalid uuid: neutron. To ensure interoperability, identifiers should be a valid uuid. warnings.warn(('Invalid uuid: %s. To ensure interoperability, ' [pid: 7|app: 0|req: 920/2136] 10.0.0.124 () {32 vars in 729 bytes} [Mon Jun 8 10:02:07 2026] GET /v2.0/trunks/5edd442a-a78a-42d5-939e-e9807dd0eef4/tags => generated 34 bytes in 43 msecs (HTTP/1.1 200) 4 headers in 156 bytes (1 switches on core 0) [pid: 7|app: 0|req: 921/2137] 10.0.0.124 () {34 vars in 778 bytes} [Mon Jun 8 10:02:07 2026] PUT /v2.0/trunks/5edd442a-a78a-42d5-939e-e9807dd0eef4/tags/black.or.white => generated 4 bytes in 62 msecs (HTTP/1.1 201) 4 headers in 160 bytes (1 switches on core 0) [pid: 7|app: 0|req: 922/2138] 10.0.0.124 () {32 vars in 729 bytes} [Mon Jun 8 10:02:07 2026] GET /v2.0/trunks/5edd442a-a78a-42d5-939e-e9807dd0eef4/tags => generated 52 bytes in 23 msecs (HTTP/1.1 200) 4 headers in 156 bytes (1 switches on core 0)
2026-06-08 10:02:07.547 8 INFO neutron_taas.services.taas.taas_plugin [None req-90da7fa5-7fc8-4906-8126-232fa979ad4f 924d7061f2d64d3ea73d19d7c0a9a912 10799835e0e64bfb8308c3f6ab85e432 - - default default] TaaS: Handle Delete Port: 11539176-3880-4a72-827b-6de13710c9a8
2026-06-08 10:02:07.550 8 INFO neutron_taas.services.taas.tap_mirror_plugin [None req-90da7fa5-7fc8-4906-8126-232fa979ad4f 924d7061f2d64d3ea73d19d7c0a9a912 10799835e0e64bfb8308c3f6ab85e432 - - default default] Tap Mirror: Handle Delete Port: 11539176-3880-4a72-827b-6de13710c9a8 [pid: 8|app: 0|req: 1217/2139] 10.0.0.124 () {32 vars in 720 bytes} [Mon Jun 8 10:02:07 2026] DELETE /v2.0/ports/11539176-3880-4a72-827b-6de13710c9a8 => generated 0 bytes in 380 msecs (HTTP/1.1 204) 3 headers in 131 bytes (1 switches on core 0) [pid: 8|app: 0|req: 1218/2140] 10.0.0.124 () {34 vars in 749 bytes} [Mon Jun 8 10:02:07 2026] PUT /v2.0/trunks/5edd442a-a78a-42d5-939e-e9807dd0eef4/tags => generated 37 bytes in 60 msecs (HTTP/1.1 200) 4 headers in 156 bytes (1 switches on core 0)
2026-06-08 10:02:07.883 7 INFO neutron.db.ovn_revision_numbers_db [None req-52164cab-af8e-4be5-9e2f-97dd788e565a 4a3a228cbabd41f3950dd7bc08957ba5 9d483c8db99f4905b2a5599b9f64f003 - - default default] Successfully bumped revision number for resource 52f8c0e2-a1b0-497a-bd40-548f4125de11 (type: security_groups) to 1
2026-06-08 10:02:07.897 7 INFO neutron.db.ovn_revision_numbers_db [None req-52164cab-af8e-4be5-9e2f-97dd788e565a 4a3a228cbabd41f3950dd7bc08957ba5 9d483c8db99f4905b2a5599b9f64f003 - - default default] Successfully bumped revision number for resource 12e8fd53-779d-4148-936f-f8d29fec70ab (type: security_group_rules) to 0 [pid: 8|app: 0|req: 1219/2141] 10.0.0.124 () {32 vars in 643 bytes} [Mon Jun 8 10:02:07 2026] GET /v2.0/ports => generated 1538 bytes in 81 msecs (HTTP/1.1 200) 4 headers in 158 bytes (1 switches on core 0)
2026-06-08 10:02:07.909 7 INFO neutron.db.ovn_revision_numbers_db [None req-52164cab-af8e-4be5-9e2f-97dd788e565a 4a3a228cbabd41f3950dd7bc08957ba5 9d483c8db99f4905b2a5599b9f64f003 - - default default] Successfully bumped revision number for resource aa3156e3-c17e-462a-93bd-b3519002ad5e (type: security_group_rules) to 0
2026-06-08 10:02:07.924 7 INFO neutron.db.ovn_revision_numbers_db [None req-52164cab-af8e-4be5-9e2f-97dd788e565a 4a3a228cbabd41f3950dd7bc08957ba5 9d483c8db99f4905b2a5599b9f64f003 - - default default] Successfully bumped revision number for resource b2660701-5409-48cf-91e5-f6fdcdd3c5b5 (type: security_group_rules) to 0
2026-06-08 10:02:07.940 7 INFO neutron.db.ovn_revision_numbers_db [None req-52164cab-af8e-4be5-9e2f-97dd788e565a 4a3a228cbabd41f3950dd7bc08957ba5 9d483c8db99f4905b2a5599b9f64f003 - - default default] Successfully bumped revision number for resource e769bb10-d875-46a5-9d37-fa1b879983bc (type: security_group_rules) to 0 [pid: 8|app: 0|req: 1220/2142] 10.0.0.124 () {32 vars in 729 bytes} [Mon Jun 8 10:02:07 2026] GET /v2.0/trunks/5edd442a-a78a-42d5-939e-e9807dd0eef4/tags => generated 37 bytes in 43 msecs (HTTP/1.1 200) 4 headers in 156 bytes (1 switches on core 0)
2026-06-08 10:02:07.971 8 INFO neutron.pecan_wsgi.hooks.translation [None req-f27688d3-eb84-4801-8d97-de6b0137f30d 924d7061f2d64d3ea73d19d7c0a9a912 10799835e0e64bfb8308c3f6ab85e432 - - default default] GET failed (client error): The resource could not be found. [pid: 8|app: 0|req: 1221/2143] 10.0.0.124 () {32 vars in 717 bytes} [Mon Jun 8 10:02:07 2026] GET /v2.0/ports/11539176-3880-4a72-827b-6de13710c9a8 => generated 132 bytes in 21 msecs (HTTP/1.1 404) 4 headers in 164 bytes (1 switches on core 0) [pid: 7|app: 0|req: 923/2144] 10.0.0.124 () {32 vars in 774 bytes} [Mon Jun 8 10:02:07 2026] GET /v2.0/security-groups?tenant_id=76ea9d96e3844355ba31ea27ab16166c&name=default => generated 2925 bytes in 495 msecs (HTTP/1.1 200) 4 headers in 158 bytes (1 switches on core 0) [pid: 8|app: 0|req: 1222/2146] 10.0.0.124 () {32 vars in 737 bytes} [Mon Jun 8 10:02:07 2026] GET /v2.0/trunks/5edd442a-a78a-42d5-939e-e9807dd0eef4/tags/red => generated 0 bytes in 24 msecs (HTTP/1.1 204) 2 headers in 112 bytes (1 switches on core 0) [pid: 8|app: 0|req: 1223/2147] 10.0.0.124 () {32 vars in 643 bytes} [Mon Jun 8 10:02:07 2026] GET /v2.0/ports => generated 1538 bytes in 42 msecs (HTTP/1.1 200) 4 headers in 158 bytes (1 switches on core 0)
2026-06-08 10:02:08.074 8 INFO neutron.api.v2.resource [None req-e0f20d47-545c-4b48-b805-f4ee12fd4dd2 22dfa7d64708466ea5e043cec889a0cb 9702dad58f424832a341e99e6d622872 - - default default] show failed (client error): The resource could not be found. [pid: 8|app: 0|req: 1224/2148] 10.0.0.124 () {32 vars in 741 bytes} [Mon Jun 8 10:02:08 2026] GET /v2.0/trunks/5edd442a-a78a-42d5-939e-e9807dd0eef4/tags/green => generated 99 bytes in 36 msecs (HTTP/1.1 404) 4 headers in 163 bytes (1 switches on core 0) [pid: 8|app: 0|req: 1225/2149] 10.0.0.124 () {32 vars in 717 bytes} [Mon Jun 8 10:02:08 2026] GET /v2.0/ports/43ef00e8-5a54-46fe-a2b7-8973b3ae0125 => generated 779 bytes in 54 msecs (HTTP/1.1 200) 4 headers in 157 bytes (1 switches on core 0) [pid: 8|app: 0|req: 1226/2150] 10.0.0.124 () {32 vars in 740 bytes} [Mon Jun 8 10:02:08 2026] DELETE /v2.0/trunks/5edd442a-a78a-42d5-939e-e9807dd0eef4/tags/red => generated 0 bytes in 67 msecs (HTTP/1.1 204) 2 headers in 112 bytes (1 switches on core 0)
2026-06-08 10:02:08.228 8 INFO neutron.pecan_wsgi.hooks.translation [None req-b6ebeda2-3e4b-466b-9b6e-f3a205ea47d9 924d7061f2d64d3ea73d19d7c0a9a912 10799835e0e64bfb8308c3f6ab85e432 - - default default] DELETE failed (client error): The resource could not be found. [pid: 8|app: 0|req: 1227/2151] 10.0.0.124 () {32 vars in 720 bytes} [Mon Jun 8 10:02:08 2026] DELETE /v2.0/ports/05fe7854-35dd-4665-b404-9fd4001ce828 => generated 132 bytes in 34 msecs (HTTP/1.1 404) 4 headers in 164 bytes (1 switches on core 0) [pid: 8|app: 0|req: 1228/2152] 10.0.0.124 () {32 vars in 729 bytes} [Mon Jun 8 10:02:08 2026] GET /v2.0/trunks/5edd442a-a78a-42d5-939e-e9807dd0eef4/tags => generated 30 bytes in 33 msecs (HTTP/1.1 200) 4 headers in 156 bytes (1 switches on core 0)
2026-06-08 10:02:08.299 8 INFO neutron.pecan_wsgi.hooks.translation [None req-1089ee32-0508-4d40-8e63-2ed2575db663 924d7061f2d64d3ea73d19d7c0a9a912 10799835e0e64bfb8308c3f6ab85e432 - - default default] DELETE failed (client error): The resource could not be found. [pid: 8|app: 0|req: 1229/2153] 10.0.0.124 () {32 vars in 724 bytes} [Mon Jun 8 10:02:08 2026] DELETE /v2.0/subnets/5b6e7965-9e88-4794-a07b-92d854197b72 => generated 136 bytes in 39 msecs (HTTP/1.1 404) 4 headers in 164 bytes (1 switches on core 0) [pid: 7|app: 0|req: 925/2154] 10.0.0.124 () {32 vars in 740 bytes} [Mon Jun 8 10:02:07 2026] DELETE /v2.0/security-groups/52f8c0e2-a1b0-497a-bd40-548f4125de11 => generated 0 bytes in 345 msecs (HTTP/1.1 204) 2 headers in 112 bytes (1 switches on core 0)
2026-06-08 10:02:08.338 7 INFO neutron.pecan_wsgi.hooks.translation [None req-489c11b3-1148-4306-b677-b48ca7650ae1 924d7061f2d64d3ea73d19d7c0a9a912 10799835e0e64bfb8308c3f6ab85e432 - - default default] DELETE failed (client error): The resource could not be found. [pid: 7|app: 0|req: 926/2155] 10.0.0.124 () {32 vars in 724 bytes} [Mon Jun 8 10:02:08 2026] DELETE /v2.0/subnets/bb1a0d3e-271d-4e36-a1ec-9b8e2c2efe78 => generated 136 bytes in 14 msecs (HTTP/1.1 404) 4 headers in 164 bytes (1 switches on core 0)
2026-06-08 10:02:08.343 8 INFO neutron.api.v2.resource [None req-5fc44368-75b5-42df-aed0-0908ff9be705 22dfa7d64708466ea5e043cec889a0cb 9702dad58f424832a341e99e6d622872 - - default default] delete failed (client error): The resource could not be found. [pid: 8|app: 0|req: 1230/2156] 10.0.0.124 () {32 vars in 744 bytes} [Mon Jun 8 10:02:08 2026] DELETE /v2.0/trunks/5edd442a-a78a-42d5-939e-e9807dd0eef4/tags/green => generated 99 bytes in 38 msecs (HTTP/1.1 404) 4 headers in 163 bytes (1 switches on core 0) [pid: 8|app: 0|req: 1231/2157] 10.0.0.124 () {32 vars in 732 bytes} [Mon Jun 8 10:02:08 2026] DELETE /v2.0/trunks/5edd442a-a78a-42d5-939e-e9807dd0eef4/tags => generated 0 bytes in 40 msecs (HTTP/1.1 204) 2 headers in 112 bytes (1 switches on core 0) [pid: 8|app: 0|req: 1232/2158] 10.0.0.124 () {32 vars in 729 bytes} [Mon Jun 8 10:02:08 2026] GET /v2.0/trunks/5edd442a-a78a-42d5-939e-e9807dd0eef4/tags => generated 12 bytes in 27 msecs (HTTP/1.1 200) 4 headers in 156 bytes (1 switches on core 0) [pid: 8|app: 0|req: 1233/2159] 10.0.0.124 () {32 vars in 719 bytes} [Mon Jun 8 10:02:08 2026] GET /v2.0/trunks/5edd442a-a78a-42d5-939e-e9807dd0eef4 => generated 409 bytes in 21 msecs (HTTP/1.1 200) 4 headers in 157 bytes (1 switches on core 0)
2026-06-08 10:02:08.487 7 INFO neutron_taas.services.taas.taas_plugin [None req-a0787418-1a73-40a9-a4a2-b3111d9368b2 924d7061f2d64d3ea73d19d7c0a9a912 10799835e0e64bfb8308c3f6ab85e432 - - default default] TaaS: Handle Delete Port: 43ef00e8-5a54-46fe-a2b7-8973b3ae0125
2026-06-08 10:02:08.490 7 INFO neutron_taas.services.taas.tap_mirror_plugin [None req-a0787418-1a73-40a9-a4a2-b3111d9368b2 924d7061f2d64d3ea73d19d7c0a9a912 10799835e0e64bfb8308c3f6ab85e432 - - default default] Tap Mirror: Handle Delete Port: 43ef00e8-5a54-46fe-a2b7-8973b3ae0125 [pid: 8|app: 0|req: 1234/2160] 10.0.0.124 () {32 vars in 717 bytes} [Mon Jun 8 10:02:08 2026] GET /v2.0/ports/2e3ee912-219e-45f8-8deb-bc032e474b49 => generated 826 bytes in 106 msecs (HTTP/1.1 200) 4 headers in 157 bytes (1 switches on core 0) [pid: 7|app: 0|req: 927/2161] 10.0.0.124 () {32 vars in 720 bytes} [Mon Jun 8 10:02:08 2026] DELETE /v2.0/ports/43ef00e8-5a54-46fe-a2b7-8973b3ae0125 => generated 0 bytes in 313 msecs (HTTP/1.1 204) 3 headers in 131 bytes (1 switches on core 0) [pid: 8|app: 0|req: 1235/2162] 10.0.0.124 () {32 vars in 722 bytes} [Mon Jun 8 10:02:08 2026] DELETE /v2.0/trunks/5edd442a-a78a-42d5-939e-e9807dd0eef4 => generated 0 bytes in 134 msecs (HTTP/1.1 204) 2 headers in 112 bytes (1 switches on core 0)
2026-06-08 10:02:08.829 7 INFO neutron_taas.services.taas.taas_plugin [None req-db9d3b15-2607-485c-b0ce-698467615d90 924d7061f2d64d3ea73d19d7c0a9a912 10799835e0e64bfb8308c3f6ab85e432 - - default default] TaaS: Handle Delete Port: 18c04a8e-0cff-4fd6-afa0-3225ff60d303
2026-06-08 10:02:08.831 7 INFO neutron_taas.services.taas.tap_mirror_plugin [None req-db9d3b15-2607-485c-b0ce-698467615d90 924d7061f2d64d3ea73d19d7c0a9a912 10799835e0e64bfb8308c3f6ab85e432 - - default default] Tap Mirror: Handle Delete Port: 18c04a8e-0cff-4fd6-afa0-3225ff60d303
2026-06-08 10:02:08.904 8 INFO neutron_taas.services.taas.taas_plugin [None req-b4d30336-d699-46e7-8b11-d71c198e9f6d 22dfa7d64708466ea5e043cec889a0cb 9702dad58f424832a341e99e6d622872 - - default default] TaaS: Handle Delete Port: 2e3ee912-219e-45f8-8deb-bc032e474b49
2026-06-08 10:02:08.912 8 INFO neutron_taas.services.taas.tap_mirror_plugin [None req-b4d30336-d699-46e7-8b11-d71c198e9f6d 22dfa7d64708466ea5e043cec889a0cb 9702dad58f424832a341e99e6d622872 - - default default] Tap Mirror: Handle Delete Port: 2e3ee912-219e-45f8-8deb-bc032e474b49
2026-06-08 10:02:09.058 7 INFO neutron.services.segments.plugin [-] Segment 11fc1f93-af09-42c2-89a3-561a03b4aff9 resource provider aggregate not found
2026-06-08 10:02:09.066 7 INFO neutron.services.segments.plugin [-] Segment 11fc1f93-af09-42c2-89a3-561a03b4aff9 resource provider aggregate not found
2026-06-08 10:02:09.091 7 INFO neutron.services.segments.plugin [-] Segment 11fc1f93-af09-42c2-89a3-561a03b4aff9 resource provider not found; error: Placement Client Error (4xx): {"errors": [{"status": 404, "title": "Not Found", "detail": "The resource could not be found.\n\n No resource provider with uuid 11fc1f93-af09-42c2-89a3-561a03b4aff9 found for delete ", "request_id": "req-47d5f3d2-2cbc-44f8-ab74-70c9ae2e76b6"}]}
2026-06-08 10:02:09.092 7 INFO neutron.services.segments.plugin [-] Segment 11fc1f93-af09-42c2-89a3-561a03b4aff9 resource provider not found; error: Placement Client Error (4xx): {"errors": [{"status": 404, "title": "Not Found", "detail": "The resource could not be found.\n\n No resource provider with uuid 11fc1f93-af09-42c2-89a3-561a03b4aff9 found for delete ", "request_id": "req-5c362a48-3e02-4643-86c3-340cb874883d"}]} [pid: 8|app: 0|req: 1236/2163] 10.0.0.124 () {32 vars in 720 bytes} [Mon Jun 8 10:02:08 2026] DELETE /v2.0/ports/2e3ee912-219e-45f8-8deb-bc032e474b49 => generated 0 bytes in 429 msecs (HTTP/1.1 204) 3 headers in 131 bytes (1 switches on core 0) [pid: 7|app: 0|req: 928/2164] 10.0.0.124 () {32 vars in 726 bytes} [Mon Jun 8 10:02:08 2026] DELETE /v2.0/networks/9e21dad3-92b6-45f5-96bf-5078c3268902 => generated 0 bytes in 516 msecs (HTTP/1.1 204) 3 headers in 131 bytes (1 switches on core 0)
2026-06-08 10:02:09.358 8 INFO neutron_taas.services.taas.taas_plugin [None req-30a76e7d-4acc-4da6-aeb9-c6ea1c36ed90 22dfa7d64708466ea5e043cec889a0cb 9702dad58f424832a341e99e6d622872 - - default default] TaaS: Handle Delete Port: 7ec49045-b605-40ab-b470-deb566ba1004
2026-06-08 10:02:09.361 8 INFO neutron_taas.services.taas.tap_mirror_plugin [None req-30a76e7d-4acc-4da6-aeb9-c6ea1c36ed90 22dfa7d64708466ea5e043cec889a0cb 9702dad58f424832a341e99e6d622872 - - default default] Tap Mirror: Handle Delete Port: 7ec49045-b605-40ab-b470-deb566ba1004
2026-06-08 10:02:09.695 8 INFO neutron.services.segments.plugin [-] Segment 1b957a40-1bd9-4ad1-998c-59416a3d200d resource provider aggregate not found
2026-06-08 10:02:09.700 8 INFO neutron.services.segments.plugin [-] Segment 1b957a40-1bd9-4ad1-998c-59416a3d200d resource provider aggregate not found
