2026-06-08 10:07:51.079 7 INFO neutron.api.v2.resource [None req-3289ab20-76d9-4436-9601-b86af88401b9 82deb78dcb854da8a4c7be36ccf74bfd 96f896907f9e41af997e90f703ea8342 - - default default] remove_router_interface failed (client error): The resource could not be found. [pid: 7|app: 0|req: 1615/3679] 10.0.0.124 () {34 vars in 789 bytes} [Mon Jun 8 10:07:50 2026] PUT /v2.0/routers/04b2ddbb-8455-4ceb-89ce-9eddfa561645/remove_router_interface => generated 198 bytes in 134 msecs (HTTP/1.1 404) 4 headers in 164 bytes (1 switches on core 0) /var/lib/openstack/lib/python3.12/site-packages/pycadf/identifier.py:70: UserWarning: Invalid uuid: neutron. To ensure interoperability, identifiers should be a valid uuid. warnings.warn(('Invalid uuid: %s. To ensure interoperability, '
2026-06-08 10:07:51.506 8 INFO neutron_taas.services.taas.taas_plugin [None req-de1e7f7b-68ca-43c4-8444-2dfa69b7586f 82deb78dcb854da8a4c7be36ccf74bfd 96f896907f9e41af997e90f703ea8342 - - default default] TaaS: Handle Delete Port: cc2201da-c937-44b8-9c4c-f0e1cd294244
2026-06-08 10:07:51.511 8 INFO neutron_taas.services.taas.tap_mirror_plugin [None req-de1e7f7b-68ca-43c4-8444-2dfa69b7586f 82deb78dcb854da8a4c7be36ccf74bfd 96f896907f9e41af997e90f703ea8342 - - default default] Tap Mirror: Handle Delete Port: cc2201da-c937-44b8-9c4c-f0e1cd294244 [pid: 8|app: 0|req: 2065/3680] 10.0.0.124 () {34 vars in 789 bytes} [Mon Jun 8 10:07:51 2026] PUT /v2.0/routers/04b2ddbb-8455-4ceb-89ce-9eddfa561645/remove_router_interface => generated 309 bytes in 1103 msecs (HTTP/1.1 200) 4 headers in 157 bytes (1 switches on core 0)
2026-06-08 10:07:52.325 7 INFO neutron.api.v2.resource [None req-1da62bab-2579-4211-838c-fd225fc73ae8 82deb78dcb854da8a4c7be36ccf74bfd 96f896907f9e41af997e90f703ea8342 - - default default] remove_router_interface failed (client error): The resource could not be found. [pid: 7|app: 0|req: 1616/3681] 10.0.0.124 () {34 vars in 789 bytes} [Mon Jun 8 10:07:52 2026] PUT /v2.0/routers/04b2ddbb-8455-4ceb-89ce-9eddfa561645/remove_router_interface => generated 198 bytes in 128 msecs (HTTP/1.1 404) 4 headers in 164 bytes (1 switches on core 0) /var/lib/openstack/lib/python3.12/site-packages/pycadf/identifier.py:70: UserWarning: Invalid uuid: neutron. To ensure interoperability, identifiers should be a valid uuid. warnings.warn(('Invalid uuid: %s. To ensure interoperability, '
2026-06-08 10:07:52.661 8 INFO neutron_taas.services.taas.taas_plugin [None req-d136a754-847b-4095-8844-45f377bb38a4 82deb78dcb854da8a4c7be36ccf74bfd 96f896907f9e41af997e90f703ea8342 - - default default] TaaS: Handle Delete Port: a3e52d01-fd19-433f-9907-10a77cfee6ae
2026-06-08 10:07:52.664 8 INFO neutron_taas.services.taas.tap_mirror_plugin [None req-d136a754-847b-4095-8844-45f377bb38a4 82deb78dcb854da8a4c7be36ccf74bfd 96f896907f9e41af997e90f703ea8342 - - default default] Tap Mirror: Handle Delete Port: a3e52d01-fd19-433f-9907-10a77cfee6ae [pid: 8|app: 0|req: 2066/3683] 10.0.0.124 () {34 vars in 789 bytes} [Mon Jun 8 10:07:52 2026] PUT /v2.0/routers/04b2ddbb-8455-4ceb-89ce-9eddfa561645/remove_router_interface => generated 309 bytes in 975 msecs (HTTP/1.1 200) 4 headers in 157 bytes (1 switches on core 0)
2026-06-08 10:07:53.453 7 INFO neutron.api.v2.resource [None req-aab5965b-8d55-4822-bd52-8b43fdf32b32 82deb78dcb854da8a4c7be36ccf74bfd 96f896907f9e41af997e90f703ea8342 - - default default] remove_router_interface failed (client error): The resource could not be found. [pid: 7|app: 0|req: 1618/3684] 10.0.0.124 () {34 vars in 789 bytes} [Mon Jun 8 10:07:53 2026] PUT /v2.0/routers/04b2ddbb-8455-4ceb-89ce-9eddfa561645/remove_router_interface => generated 198 bytes in 141 msecs (HTTP/1.1 404) 4 headers in 164 bytes (1 switches on core 0) /var/lib/openstack/lib/python3.12/site-packages/pycadf/identifier.py:70: UserWarning: Invalid uuid: neutron. To ensure interoperability, identifiers should be a valid uuid. warnings.warn(('Invalid uuid: %s. To ensure interoperability, '
2026-06-08 10:07:53.837 8 INFO neutron_taas.services.taas.taas_plugin [None req-3b2d9454-acd6-49fa-b0e7-6b8ad7290d13 82deb78dcb854da8a4c7be36ccf74bfd 96f896907f9e41af997e90f703ea8342 - - default default] TaaS: Handle Delete Port: a3b6a440-5184-493b-a543-26d7d5f574fa
2026-06-08 10:07:53.842 8 INFO neutron_taas.services.taas.tap_mirror_plugin [None req-3b2d9454-acd6-49fa-b0e7-6b8ad7290d13 82deb78dcb854da8a4c7be36ccf74bfd 96f896907f9e41af997e90f703ea8342 - - default default] Tap Mirror: Handle Delete Port: a3b6a440-5184-493b-a543-26d7d5f574fa [pid: 8|app: 0|req: 2067/3685] 10.0.0.124 () {32 vars in 724 bytes} [Mon Jun 8 10:07:53 2026] DELETE /v2.0/routers/04b2ddbb-8455-4ceb-89ce-9eddfa561645 => generated 0 bytes in 896 msecs (HTTP/1.1 204) 2 headers in 112 bytes (1 switches on core 0)
2026-06-08 10:07:54.391 7 INFO neutron.api.v2.resource [None req-7cef3c0d-d834-43b8-9e35-89428f740c4f 82deb78dcb854da8a4c7be36ccf74bfd 96f896907f9e41af997e90f703ea8342 - - default default] show failed (client error): The resource could not be found. [pid: 7|app: 0|req: 1619/3686] 10.0.0.124 () {32 vars in 721 bytes} [Mon Jun 8 10:07:54 2026] GET /v2.0/routers/04b2ddbb-8455-4ceb-89ce-9eddfa561645 => generated 135 bytes in 26 msecs (HTTP/1.1 404) 4 headers in 164 bytes (1 switches on core 0) [pid: 8|app: 0|req: 2068/3687] 10.0.0.124 () {32 vars in 724 bytes} [Mon Jun 8 10:07:54 2026] DELETE /v2.0/subnets/1cb3080e-8bf2-4405-b9c5-ef9dd27b68d7 => generated 0 bytes in 177 msecs (HTTP/1.1 204) 3 headers in 131 bytes (1 switches on core 0)
2026-06-08 10:07:54.594 7 INFO neutron.pecan_wsgi.hooks.translation [None req-2719db6a-819d-4df7-8c08-b3ee7c3e610e 82deb78dcb854da8a4c7be36ccf74bfd 96f896907f9e41af997e90f703ea8342 - - default default] GET failed (client error): The resource could not be found. [pid: 7|app: 0|req: 1620/3688] 10.0.0.124 () {32 vars in 721 bytes} [Mon Jun 8 10:07:54 2026] GET /v2.0/subnets/1cb3080e-8bf2-4405-b9c5-ef9dd27b68d7 => generated 136 bytes in 15 msecs (HTTP/1.1 404) 4 headers in 164 bytes (1 switches on core 0) [pid: 8|app: 0|req: 2069/3689] 10.0.0.124 () {32 vars in 724 bytes} [Mon Jun 8 10:07:54 2026] DELETE /v2.0/subnets/04f1e33e-c9f1-41d2-8341-7a369e07e14d => generated 0 bytes in 183 msecs (HTTP/1.1 204) 3 headers in 131 bytes (1 switches on core 0)
2026-06-08 10:07:54.805 7 INFO neutron.pecan_wsgi.hooks.translation [None req-a429a07a-41c0-4010-b231-2b911eba2782 82deb78dcb854da8a4c7be36ccf74bfd 96f896907f9e41af997e90f703ea8342 - - default default] GET failed (client error): The resource could not be found. [pid: 7|app: 0|req: 1621/3690] 10.0.0.124 () {32 vars in 721 bytes} [Mon Jun 8 10:07:54 2026] GET /v2.0/subnets/04f1e33e-c9f1-41d2-8341-7a369e07e14d => generated 136 bytes in 19 msecs (HTTP/1.1 404) 4 headers in 164 bytes (1 switches on core 0)
2026-06-08 10:07:54.949 8 INFO neutron_taas.services.taas.taas_plugin [None req-44a62c58-d833-4b07-9be3-db053afeeaf7 82deb78dcb854da8a4c7be36ccf74bfd 96f896907f9e41af997e90f703ea8342 - - default default] TaaS: Handle Delete Port: dbf478cf-7b1a-4a0f-8acc-4fb843fd1929
2026-06-08 10:07:54.952 8 INFO neutron_taas.services.taas.tap_mirror_plugin [None req-44a62c58-d833-4b07-9be3-db053afeeaf7 82deb78dcb854da8a4c7be36ccf74bfd 96f896907f9e41af997e90f703ea8342 - - default default] Tap Mirror: Handle Delete Port: dbf478cf-7b1a-4a0f-8acc-4fb843fd1929
2026-06-08 10:07:55.159 8 INFO neutron.services.segments.plugin [-] Segment 043481f5-50a0-43a2-a6ec-1af43eae298e resource provider aggregate not found
2026-06-08 10:07:55.164 8 INFO neutron.services.segments.plugin [-] Segment 043481f5-50a0-43a2-a6ec-1af43eae298e resource provider aggregate not found
2026-06-08 10:07:55.195 8 INFO neutron.services.segments.plugin [-] Segment 043481f5-50a0-43a2-a6ec-1af43eae298e resource provider not found; error: Placement Client Error (4xx): {"errors": [{"status": 404, "title": "Not Found", "detail": "The resource could not be found.\n\n No resource provider with uuid 043481f5-50a0-43a2-a6ec-1af43eae298e found for delete ", "request_id": "req-564eee75-1434-41a5-9b48-32ca494ce256"}]}
2026-06-08 10:07:55.200 8 INFO neutron.services.segments.plugin [-] Segment 043481f5-50a0-43a2-a6ec-1af43eae298e resource provider not found; error: Placement Client Error (4xx): {"errors": [{"status": 404, "title": "Not Found", "detail": "The resource could not be found.\n\n No resource provider with uuid 043481f5-50a0-43a2-a6ec-1af43eae298e found for delete ", "request_id": "req-cb4ec2d9-0b8d-4c9d-8e6c-e7a278bb4126"}]} [pid: 8|app: 0|req: 2070/3691] 10.0.0.124 () {32 vars in 726 bytes} [Mon Jun 8 10:07:54 2026] DELETE /v2.0/networks/41371612-b3c6-4433-844e-d18cf46afe03 => generated 0 bytes in 462 msecs (HTTP/1.1 204) 3 headers in 131 bytes (1 switches on core 0)
2026-06-08 10:07:55.302 7 INFO neutron.pecan_wsgi.hooks.translation [None req-b6892593-2199-4be1-8216-f9761ea4647a 82deb78dcb854da8a4c7be36ccf74bfd 96f896907f9e41af997e90f703ea8342 - - default default] GET failed (client error): The resource could not be found. [pid: 7|app: 0|req: 1622/3692] 10.0.0.124 () {32 vars in 723 bytes} [Mon Jun 8 10:07:55 2026] GET /v2.0/networks/41371612-b3c6-4433-844e-d18cf46afe03 => generated 138 bytes in 19 msecs (HTTP/1.1 404) 4 headers in 164 bytes (1 switches on core 0) [pid: 8|app: 0|req: 2071/3693] 10.0.0.124 () {32 vars in 724 bytes} [Mon Jun 8 10:07:55 2026] DELETE /v2.0/subnets/54a94e83-859f-40fa-af80-9b70be8723d0 => generated 0 bytes in 177 msecs (HTTP/1.1 204) 3 headers in 131 bytes (1 switches on core 0)
2026-06-08 10:07:55.512 7 INFO neutron.pecan_wsgi.hooks.translation [None req-db8badff-f61f-4902-a60d-ba7fab811faf 82deb78dcb854da8a4c7be36ccf74bfd 96f896907f9e41af997e90f703ea8342 - - default default] GET failed (client error): The resource could not be found. [pid: 7|app: 0|req: 1623/3694] 10.0.0.124 () {32 vars in 721 bytes} [Mon Jun 8 10:07:55 2026] GET /v2.0/subnets/54a94e83-859f-40fa-af80-9b70be8723d0 => generated 136 bytes in 22 msecs (HTTP/1.1 404) 4 headers in 164 bytes (1 switches on core 0) [pid: 8|app: 0|req: 2072/3695] 10.0.0.124 () {32 vars in 724 bytes} [Mon Jun 8 10:07:55 2026] DELETE /v2.0/subnets/a5b2e7ca-5643-48cb-8025-79ffad54fedf => generated 0 bytes in 179 msecs (HTTP/1.1 204) 3 headers in 131 bytes (1 switches on core 0)
2026-06-08 10:07:55.723 7 INFO neutron.pecan_wsgi.hooks.translation [None req-3a8ca84e-0637-4293-8586-dec6e3254473 82deb78dcb854da8a4c7be36ccf74bfd 96f896907f9e41af997e90f703ea8342 - - default default] GET failed (client error): The resource could not be found. [pid: 7|app: 0|req: 1624/3696] 10.0.0.124 () {32 vars in 721 bytes} [Mon Jun 8 10:07:55 2026] GET /v2.0/subnets/a5b2e7ca-5643-48cb-8025-79ffad54fedf => generated 136 bytes in 17 msecs (HTTP/1.1 404) 4 headers in 164 bytes (1 switches on core 0)
2026-06-08 10:07:55.856 8 INFO neutron_taas.services.taas.taas_plugin [None req-ac1cfb00-e441-48b5-9055-f5ca44465872 82deb78dcb854da8a4c7be36ccf74bfd 96f896907f9e41af997e90f703ea8342 - - default default] TaaS: Handle Delete Port: 8ade3dfa-9783-4236-9d69-41ef391447a8
2026-06-08 10:07:55.859 8 INFO neutron_taas.services.taas.tap_mirror_plugin [None req-ac1cfb00-e441-48b5-9055-f5ca44465872 82deb78dcb854da8a4c7be36ccf74bfd 96f896907f9e41af997e90f703ea8342 - - default default] Tap Mirror: Handle Delete Port: 8ade3dfa-9783-4236-9d69-41ef391447a8 [pid: 8|app: 0|req: 2073/3697] 10.0.0.124 () {32 vars in 726 bytes} [Mon Jun 8 10:07:55 2026] DELETE /v2.0/networks/9003047d-3db0-4634-ac6f-758e936a6b6d => generated 0 bytes in 393 msecs (HTTP/1.1 204) 3 headers in 131 bytes (1 switches on core 0)
2026-06-08 10:07:56.147 7 INFO neutron.pecan_wsgi.hooks.translation [None req-95de67e6-72c5-462d-827b-4aac6f9a1436 82deb78dcb854da8a4c7be36ccf74bfd 96f896907f9e41af997e90f703ea8342 - - default default] GET failed (client error): The resource could not be found. [pid: 7|app: 0|req: 1625/3698] 10.0.0.124 () {32 vars in 723 bytes} [Mon Jun 8 10:07:56 2026] GET /v2.0/networks/9003047d-3db0-4634-ac6f-758e936a6b6d => generated 138 bytes in 18 msecs (HTTP/1.1 404) 4 headers in 164 bytes (1 switches on core 0) [pid: 8|app: 0|req: 2074/3699] 10.0.0.124 () {32 vars in 724 bytes} [Mon Jun 8 10:07:56 2026] DELETE /v2.0/subnets/220396f9-d16e-4589-b370-97ba2eed4bf3 => generated 0 bytes in 206 msecs (HTTP/1.1 204) 3 headers in 131 bytes (1 switches on core 0)
2026-06-08 10:07:56.388 7 INFO neutron.pecan_wsgi.hooks.translation [None req-b334ca05-474e-46eb-b536-a436c7e77686 82deb78dcb854da8a4c7be36ccf74bfd 96f896907f9e41af997e90f703ea8342 - - default default] GET failed (client error): The resource could not be found. [pid: 7|app: 0|req: 1626/3700] 10.0.0.124 () {32 vars in 721 bytes} [Mon Jun 8 10:07:56 2026] GET /v2.0/subnets/220396f9-d16e-4589-b370-97ba2eed4bf3 => generated 136 bytes in 19 msecs (HTTP/1.1 404) 4 headers in 164 bytes (1 switches on core 0) [pid: 8|app: 0|req: 2075/3701] 10.0.0.124 () {32 vars in 724 bytes} [Mon Jun 8 10:07:56 2026] DELETE /v2.0/subnets/78d13c8f-3ba8-49ea-9aca-893fd1572360 => generated 0 bytes in 192 msecs (HTTP/1.1 204) 3 headers in 131 bytes (1 switches on core 0)
2026-06-08 10:07:56.620 7 INFO neutron.pecan_wsgi.hooks.translation [None req-7192db23-2a3b-4bf9-81a4-48f579ba7b6c 82deb78dcb854da8a4c7be36ccf74bfd 96f896907f9e41af997e90f703ea8342 - - default default] GET failed (client error): The resource could not be found. [pid: 7|app: 0|req: 1627/3702] 10.0.0.124 () {32 vars in 721 bytes} [Mon Jun 8 10:07:56 2026] GET /v2.0/subnets/78d13c8f-3ba8-49ea-9aca-893fd1572360 => generated 136 bytes in 26 msecs (HTTP/1.1 404) 4 headers in 164 bytes (1 switches on core 0)
2026-06-08 10:07:56.754 8 INFO neutron_taas.services.taas.taas_plugin [None req-6bf73f91-e312-4dda-bea1-1a6f3b5a37d8 82deb78dcb854da8a4c7be36ccf74bfd 96f896907f9e41af997e90f703ea8342 - - default default] TaaS: Handle Delete Port: 53406371-b79b-47e8-ae4d-0beb373bb470
2026-06-08 10:07:56.757 8 INFO neutron_taas.services.taas.tap_mirror_plugin [None req-6bf73f91-e312-4dda-bea1-1a6f3b5a37d8 82deb78dcb854da8a4c7be36ccf74bfd 96f896907f9e41af997e90f703ea8342 - - default default] Tap Mirror: Handle Delete Port: 53406371-b79b-47e8-ae4d-0beb373bb470 [pid: 8|app: 0|req: 2076/3703] 10.0.0.124 () {32 vars in 726 bytes} [Mon Jun 8 10:07:56 2026] DELETE /v2.0/networks/c0678d81-10ff-42e2-9e7a-60854e5a0e70 => generated 0 bytes in 388 msecs (HTTP/1.1 204) 3 headers in 131 bytes (1 switches on core 0)
2026-06-08 10:07:57.042 7 INFO neutron.pecan_wsgi.hooks.translation [None req-1f577fe8-e83c-4500-abb8-422631fbc55e 82deb78dcb854da8a4c7be36ccf74bfd 96f896907f9e41af997e90f703ea8342 - - default default] GET failed (client error): The resource could not be found. [pid: 7|app: 0|req: 1628/3704] 10.0.0.124 () {32 vars in 723 bytes} [Mon Jun 8 10:07:57 2026] GET /v2.0/networks/c0678d81-10ff-42e2-9e7a-60854e5a0e70 => generated 138 bytes in 19 msecs (HTTP/1.1 404) 4 headers in 164 bytes (1 switches on core 0)
2026-06-08 10:07:57.223 8 INFO neutron.services.segments.plugin [-] Segment e8d8f0ba-0793-4ee3-ad87-e1e9df7890ee resource provider aggregate not found
2026-06-08 10:07:57.230 8 INFO neutron.services.segments.plugin [-] Segment e8d8f0ba-0793-4ee3-ad87-e1e9df7890ee resource provider aggregate not found
2026-06-08 10:07:57.244 8 INFO neutron.services.segments.plugin [-] Segment e8d8f0ba-0793-4ee3-ad87-e1e9df7890ee resource provider not found; error: Placement Client Error (4xx): {"errors": [{"status": 404, "title": "Not Found", "detail": "The resource could not be found.\n\n No resource provider with uuid e8d8f0ba-0793-4ee3-ad87-e1e9df7890ee found for delete ", "request_id": "req-8fb89ba5-d33b-4270-9ddd-4394afda2600"}]}
2026-06-08 10:07:57.253 8 INFO neutron.services.segments.plugin [-] Segment e8d8f0ba-0793-4ee3-ad87-e1e9df7890ee resource provider not found; error: Placement Client Error (4xx): {"errors": [{"status": 404, "title": "Not Found", "detail": "The resource could not be found.\n\n No resource provider with uuid e8d8f0ba-0793-4ee3-ad87-e1e9df7890ee found for delete ", "request_id": "req-3ad3c17f-3288-4be5-9c27-253bcd520369"}]}
2026-06-08 10:07:57.273 8 INFO neutron.services.segments.plugin [-] Segment 819bda0e-65a6-4476-9576-dd77d5e8908e resource provider aggregate not found
2026-06-08 10:07:57.274 8 INFO neutron.services.segments.plugin [-] Segment 819bda0e-65a6-4476-9576-dd77d5e8908e resource provider aggregate not found
2026-06-08 10:07:57.298 8 INFO neutron.services.segments.plugin [-] Segment 819bda0e-65a6-4476-9576-dd77d5e8908e resource provider not found; error: Placement Client Error (4xx): {"errors": [{"status": 404, "title": "Not Found", "detail": "The resource could not be found.\n\n No resource provider with uuid 819bda0e-65a6-4476-9576-dd77d5e8908e found for delete ", "request_id": "req-e75ab3e0-f79f-4582-b93f-bb0363f9e0c2"}]}
2026-06-08 10:07:57.303 8 INFO neutron.services.segments.plugin [-] Segment 819bda0e-65a6-4476-9576-dd77d5e8908e resource provider not found; error: Placement Client Error (4xx): {"errors": [{"status": 404, "title": "Not Found", "detail": "The resource could not be found.\n\n No resource provider with uuid 819bda0e-65a6-4476-9576-dd77d5e8908e found for delete ", "request_id": "req-13add875-e5b2-4abc-91db-a4c9bd0b7f8e"}]}
2026-06-08 10:07:59.450 8 INFO neutron.db.ovn_revision_numbers_db [None req-2c9452c0-ecbd-423e-ae78-783f3826aa1d 4a3a228cbabd41f3950dd7bc08957ba5 9d483c8db99f4905b2a5599b9f64f003 - - default default] Successfully bumped revision number for resource 737a5dbc-8d1e-4295-b7ec-1f895a3237ae (type: security_groups) to 1
2026-06-08 10:07:59.464 8 INFO neutron.db.ovn_revision_numbers_db [None req-2c9452c0-ecbd-423e-ae78-783f3826aa1d 4a3a228cbabd41f3950dd7bc08957ba5 9d483c8db99f4905b2a5599b9f64f003 - - default default] Successfully bumped revision number for resource 27df5693-f786-44bc-aa92-ee1369348192 (type: security_group_rules) to 0
2026-06-08 10:07:59.477 8 INFO neutron.db.ovn_revision_numbers_db [None req-2c9452c0-ecbd-423e-ae78-783f3826aa1d 4a3a228cbabd41f3950dd7bc08957ba5 9d483c8db99f4905b2a5599b9f64f003 - - default default] Successfully bumped revision number for resource 331314ee-5587-4915-9861-f7820ba36bdb (type: security_group_rules) to 0
2026-06-08 10:07:59.488 8 INFO neutron.db.ovn_revision_numbers_db [None req-2c9452c0-ecbd-423e-ae78-783f3826aa1d 4a3a228cbabd41f3950dd7bc08957ba5 9d483c8db99f4905b2a5599b9f64f003 - - default default] Successfully bumped revision number for resource 8a4ae408-f686-4f6d-9ae4-ac78ed74c1f5 (type: security_group_rules) to 0
2026-06-08 10:07:59.499 8 INFO neutron.db.ovn_revision_numbers_db [None req-2c9452c0-ecbd-423e-ae78-783f3826aa1d 4a3a228cbabd41f3950dd7bc08957ba5 9d483c8db99f4905b2a5599b9f64f003 - - default default] Successfully bumped revision number for resource f17e8711-f7a4-4d09-8d59-47c835b2c0f7 (type: security_group_rules) to 0 [pid: 8|app: 0|req: 2077/3705] 10.0.0.124 () {32 vars in 774 bytes} [Mon Jun 8 10:07:59 2026] GET /v2.0/security-groups?tenant_id=daf4fce0f1ec4dd1a42d9011ca4398e2&name=default => generated 2929 bytes in 509 msecs (HTTP/1.1 200) 4 headers in 158 bytes (1 switches on core 0) [pid: 7|app: 0|req: 1629/3706] 10.0.0.124 () {32 vars in 740 bytes} [Mon Jun 8 10:07:59 2026] DELETE /v2.0/security-groups/737a5dbc-8d1e-4295-b7ec-1f895a3237ae => generated 0 bytes in 310 msecs (HTTP/1.1 204) 2 headers in 112 bytes (1 switches on core 0)
2026-06-08 10:08:00.159 8 INFO neutron.db.ovn_revision_numbers_db [None req-942dd253-2815-4ede-9413-31c59c8727ab 4a3a228cbabd41f3950dd7bc08957ba5 9d483c8db99f4905b2a5599b9f64f003 - - default default] Successfully bumped revision number for resource 171869cd-e383-4dee-a010-9163dadb9679 (type: security_groups) to 1
2026-06-08 10:08:00.171 8 INFO neutron.db.ovn_revision_numbers_db [None req-942dd253-2815-4ede-9413-31c59c8727ab 4a3a228cbabd41f3950dd7bc08957ba5 9d483c8db99f4905b2a5599b9f64f003 - - default default] Successfully bumped revision number for resource 34b473a3-663f-4012-90a1-18ced9947c86 (type: security_group_rules) to 0
2026-06-08 10:08:00.185 8 INFO neutron.db.ovn_revision_numbers_db [None req-942dd253-2815-4ede-9413-31c59c8727ab 4a3a228cbabd41f3950dd7bc08957ba5 9d483c8db99f4905b2a5599b9f64f003 - - default default] Successfully bumped revision number for resource 462ee4f1-a7b2-4d30-9871-d85f9f0a985d (type: security_group_rules) to 0
2026-06-08 10:08:00.198 8 INFO neutron.db.ovn_revision_numbers_db [None req-942dd253-2815-4ede-9413-31c59c8727ab 4a3a228cbabd41f3950dd7bc08957ba5 9d483c8db99f4905b2a5599b9f64f003 - - default default] Successfully bumped revision number for resource 68821b9c-a5ba-4947-bdad-d76f2e1c2225 (type: security_group_rules) to 0
2026-06-08 10:08:00.213 8 INFO neutron.db.ovn_revision_numbers_db [None req-942dd253-2815-4ede-9413-31c59c8727ab 4a3a228cbabd41f3950dd7bc08957ba5 9d483c8db99f4905b2a5599b9f64f003 - - default default] Successfully bumped revision number for resource f6628d17-7dc4-412f-806c-5dafac5d06c8 (type: security_group_rules) to 0 [pid: 8|app: 0|req: 2078/3707] 10.0.0.124 () {32 vars in 774 bytes} [Mon Jun 8 10:07:59 2026] GET /v2.0/security-groups?tenant_id=cc5699a579f746ff94dde66fc5c32713&name=default => generated 2929 bytes in 298 msecs (HTTP/1.1 200) 4 headers in 158 bytes (1 switches on core 0) [pid: 7|app: 0|req: 1630/3708] 10.0.0.124 () {32 vars in 740 bytes} [Mon Jun 8 10:08:00 2026] DELETE /v2.0/security-groups/171869cd-e383-4dee-a010-9163dadb9679 => generated 0 bytes in 326 msecs (HTTP/1.1 204) 2 headers in 112 bytes (1 switches on core 0)
2026-06-08 10:08:00.908 8 INFO neutron.db.ovn_revision_numbers_db [None req-cf5f2818-df32-46b6-b192-3d8a1a74597c 4a3a228cbabd41f3950dd7bc08957ba5 9d483c8db99f4905b2a5599b9f64f003 - - default default] Successfully bumped revision number for resource 94937fad-a83f-462a-b79a-d8ccfb0580d8 (type: security_groups) to 1
2026-06-08 10:08:00.920 8 INFO neutron.db.ovn_revision_numbers_db [None req-cf5f2818-df32-46b6-b192-3d8a1a74597c 4a3a228cbabd41f3950dd7bc08957ba5 9d483c8db99f4905b2a5599b9f64f003 - - default default] Successfully bumped revision number for resource 5d2de55d-d0f0-4842-8977-4ca86b6f2cac (type: security_group_rules) to 0
2026-06-08 10:08:00.936 8 INFO neutron.db.ovn_revision_numbers_db [None req-cf5f2818-df32-46b6-b192-3d8a1a74597c 4a3a228cbabd41f3950dd7bc08957ba5 9d483c8db99f4905b2a5599b9f64f003 - - default default] Successfully bumped revision number for resource 932178af-4612-4158-82a0-1337be1e39e7 (type: security_group_rules) to 0
2026-06-08 10:08:00.947 8 INFO neutron.db.ovn_revision_numbers_db [None req-cf5f2818-df32-46b6-b192-3d8a1a74597c 4a3a228cbabd41f3950dd7bc08957ba5 9d483c8db99f4905b2a5599b9f64f003 - - default default] Successfully bumped revision number for resource f30d245f-272e-42e0-86a5-6cff79455602 (type: security_group_rules) to 0
2026-06-08 10:08:00.958 8 INFO neutron.db.ovn_revision_numbers_db [None req-cf5f2818-df32-46b6-b192-3d8a1a74597c 4a3a228cbabd41f3950dd7bc08957ba5 9d483c8db99f4905b2a5599b9f64f003 - - default default] Successfully bumped revision number for resource fcd4c7b0-51cc-4041-a890-03157166aa79 (type: security_group_rules) to 0 [pid: 8|app: 0|req: 2079/3709] 10.0.0.124 () {32 vars in 774 bytes} [Mon Jun 8 10:08:00 2026] GET /v2.0/security-groups?tenant_id=8dd8fae2d33c40eaa8c815db3afea999&name=default => generated 2929 bytes in 255 msecs (HTTP/1.1 200) 4 headers in 158 bytes (1 switches on core 0) [pid: 7|app: 0|req: 1631/3710] 10.0.0.124 () {32 vars in 740 bytes} [Mon Jun 8 10:08:00 2026] DELETE /v2.0/security-groups/94937fad-a83f-462a-b79a-d8ccfb0580d8 => generated 0 bytes in 301 msecs (HTTP/1.1 204) 2 headers in 112 bytes (1 switches on core 0)
2026-06-08 10:08:01.626 8 INFO neutron.db.ovn_revision_numbers_db [None req-467240f1-f120-4e67-b544-90164f701e2b 4a3a228cbabd41f3950dd7bc08957ba5 9d483c8db99f4905b2a5599b9f64f003 - - default default] Successfully bumped revision number for resource 2c9914d1-c5e3-4023-9f74-3e4e89e110b9 (type: security_groups) to 1
2026-06-08 10:08:01.640 8 INFO neutron.db.ovn_revision_numbers_db [None req-467240f1-f120-4e67-b544-90164f701e2b 4a3a228cbabd41f3950dd7bc08957ba5 9d483c8db99f4905b2a5599b9f64f003 - - default default] Successfully bumped revision number for resource 096e57e7-5a7b-4b7f-b710-4e2be9ca0457 (type: security_group_rules) to 0
2026-06-08 10:08:01.653 8 INFO neutron.db.ovn_revision_numbers_db [None req-467240f1-f120-4e67-b544-90164f701e2b 4a3a228cbabd41f3950dd7bc08957ba5 9d483c8db99f4905b2a5599b9f64f003 - - default default] Successfully bumped revision number for resource 27014f47-b499-4021-b880-81c25840dc8e (type: security_group_rules) to 0
2026-06-08 10:08:01.666 8 INFO neutron.db.ovn_revision_numbers_db [None req-467240f1-f120-4e67-b544-90164f701e2b 4a3a228cbabd41f3950dd7bc08957ba5 9d483c8db99f4905b2a5599b9f64f003 - - default default] Successfully bumped revision number for resource 4a5c864c-ce5a-4b27-806d-7022b1551d43 (type: security_group_rules) to 0
2026-06-08 10:08:01.679 8 INFO neutron.db.ovn_revision_numbers_db [None req-467240f1-f120-4e67-b544-90164f701e2b 4a3a228cbabd41f3950dd7bc08957ba5 9d483c8db99f4905b2a5599b9f64f003 - - default default] Successfully bumped revision number for resource 56d57ada-3ebd-45a3-a901-4b73e590fb29 (type: security_group_rules) to 0 [pid: 8|app: 0|req: 2080/3711] 10.0.0.124 () {32 vars in 774 bytes} [Mon Jun 8 10:08:01 2026] GET /v2.0/security-groups?tenant_id=48785264ae2a403a869ff9accb58747c&name=default => generated 2929 bytes in 286 msecs (HTTP/1.1 200) 4 headers in 158 bytes (1 switches on core 0) [pid: 7|app: 0|req: 1632/3713] 10.0.0.124 () {32 vars in 740 bytes} [Mon Jun 8 10:08:01 2026] DELETE /v2.0/security-groups/2c9914d1-c5e3-4023-9f74-3e4e89e110b9 => generated 0 bytes in 328 msecs (HTTP/1.1 204) 2 headers in 112 bytes (1 switches on core 0)
2026-06-08 10:08:02.417 8 INFO neutron.db.ovn_revision_numbers_db [None req-03abd463-4e6c-4a84-9917-fae64a7ee13d 4a3a228cbabd41f3950dd7bc08957ba5 9d483c8db99f4905b2a5599b9f64f003 - - default default] Successfully bumped revision number for resource b661cede-5fa4-4068-ba45-a85434011c6c (type: security_groups) to 1
2026-06-08 10:08:02.433 8 INFO neutron.db.ovn_revision_numbers_db [None req-03abd463-4e6c-4a84-9917-fae64a7ee13d 4a3a228cbabd41f3950dd7bc08957ba5 9d483c8db99f4905b2a5599b9f64f003 - - default default] Successfully bumped revision number for resource 1873b0f6-2bb5-433c-8b88-fd53162a8c5d (type: security_group_rules) to 0
2026-06-08 10:08:02.446 8 INFO neutron.db.ovn_revision_numbers_db [None req-03abd463-4e6c-4a84-9917-fae64a7ee13d 4a3a228cbabd41f3950dd7bc08957ba5 9d483c8db99f4905b2a5599b9f64f003 - - default default] Successfully bumped revision number for resource 1f8e03d5-04ec-4d19-b4bd-10b574b037f5 (type: security_group_rules) to 0
2026-06-08 10:08:02.459 8 INFO neutron.db.ovn_revision_numbers_db [None req-03abd463-4e6c-4a84-9917-fae64a7ee13d 4a3a228cbabd41f3950dd7bc08957ba5 9d483c8db99f4905b2a5599b9f64f003 - - default default] Successfully bumped revision number for resource 4a72d217-aef4-417b-a168-29d0dcf50bc9 (type: security_group_rules) to 0
2026-06-08 10:08:02.474 8 INFO neutron.db.ovn_revision_numbers_db [None req-03abd463-4e6c-4a84-9917-fae64a7ee13d 4a3a228cbabd41f3950dd7bc08957ba5 9d483c8db99f4905b2a5599b9f64f003 - - default default] Successfully bumped revision number for resource 9faf8e80-c58a-4463-a4a8-3ce065ec90bc (type: security_group_rules) to 0 [pid: 8|app: 0|req: 2082/3714] 10.0.0.124 () {32 vars in 774 bytes} [Mon Jun 8 10:08:02 2026] GET /v2.0/security-groups?tenant_id=ae1700a7278546c1b28b766b5062e055&name=default => generated 2929 bytes in 304 msecs (HTTP/1.1 200) 4 headers in 158 bytes (1 switches on core 0) [pid: 7|app: 0|req: 1633/3715] 10.0.0.124 () {32 vars in 740 bytes} [Mon Jun 8 10:08:02 2026] DELETE /v2.0/security-groups/b661cede-5fa4-4068-ba45-a85434011c6c => generated 0 bytes in 316 msecs (HTTP/1.1 204) 2 headers in 112 bytes (1 switches on core 0)
2026-06-08 10:08:03.188 8 INFO neutron.db.ovn_revision_numbers_db [None req-f5e5b0f0-b769-449c-8e99-8374d582821e 4a3a228cbabd41f3950dd7bc08957ba5 9d483c8db99f4905b2a5599b9f64f003 - - default default] Successfully bumped revision number for resource 99336d07-db46-433e-bd70-a4d0ebd8c4b5 (type: security_groups) to 1
2026-06-08 10:08:03.204 8 INFO neutron.db.ovn_revision_numbers_db [None req-f5e5b0f0-b769-449c-8e99-8374d582821e 4a3a228cbabd41f3950dd7bc08957ba5 9d483c8db99f4905b2a5599b9f64f003 - - default default] Successfully bumped revision number for resource 17b0b088-6256-4e34-959d-7ce0d5e5f11d (type: security_group_rules) to 0
2026-06-08 10:08:03.225 8 INFO neutron.db.ovn_revision_numbers_db [None req-f5e5b0f0-b769-449c-8e99-8374d582821e 4a3a228cbabd41f3950dd7bc08957ba5 9d483c8db99f4905b2a5599b9f64f003 - - default default] Successfully bumped revision number for resource 1bd6e38d-8833-4959-a490-bcba0cc9daaa (type: security_group_rules) to 0
2026-06-08 10:08:03.245 8 INFO neutron.db.ovn_revision_numbers_db [None req-f5e5b0f0-b769-449c-8e99-8374d582821e 4a3a228cbabd41f3950dd7bc08957ba5 9d483c8db99f4905b2a5599b9f64f003 - - default default] Successfully bumped revision number for resource 39ed866e-5611-4019-aa9d-40b2f27fc843 (type: security_group_rules) to 0
2026-06-08 10:08:03.268 8 INFO neutron.db.ovn_revision_numbers_db [None req-f5e5b0f0-b769-449c-8e99-8374d582821e 4a3a228cbabd41f3950dd7bc08957ba5 9d483c8db99f4905b2a5599b9f64f003 - - default default] Successfully bumped revision number for resource 795f615c-59e1-4538-af34-f301e5132d83 (type: security_group_rules) to 0 [pid: 8|app: 0|req: 2083/3716] 10.0.0.124 () {32 vars in 774 bytes} [Mon Jun 8 10:08:02 2026] GET /v2.0/security-groups?tenant_id=1d02697281e14b76b8ad2b42601a5c72&name=default => generated 2929 bytes in 313 msecs (HTTP/1.1 200) 4 headers in 158 bytes (1 switches on core 0) [pid: 7|app: 0|req: 1634/3717] 10.0.0.124 () {32 vars in 740 bytes} [Mon Jun 8 10:08:03 2026] DELETE /v2.0/security-groups/99336d07-db46-433e-bd70-a4d0ebd8c4b5 => generated 0 bytes in 360 msecs (HTTP/1.1 204) 2 headers in 112 bytes (1 switches on core 0) [pid: 8|app: 0|req: 2084/3718] 10.0.0.124 () {32 vars in 774 bytes} [Mon Jun 8 10:08:03 2026] GET /v2.0/security-groups?tenant_id=96f896907f9e41af997e90f703ea8342&name=default => generated 2925 bytes in 30 msecs (HTTP/1.1 200) 4 headers in 158 bytes (1 switches on core 0) [pid: 7|app: 0|req: 1635/3719] 10.0.0.124 () {32 vars in 740 bytes} [Mon Jun 8 10:08:03 2026] DELETE /v2.0/security-groups/fd520976-e2d9-4cd4-9c71-7387dd2da0d3 => generated 0 bytes in 302 msecs (HTTP/1.1 204) 2 headers in 112 bytes (1 switches on core 0)
2026-06-08 10:08:09.103 7 WARNING neutron.scheduler.dhcp_agent_scheduler [None req-15359dfa-82a5-432b-9760-8dd58a7a24a6 07ec8bba25284aa984fd10212aeb9594 c1a01c061d8c4bf9b6bce4977e1a4906 - - default default] No more DHCP agents
2026-06-08 10:08:09.104 7 WARNING neutron.api.rpc.agentnotifiers.dhcp_rpc_agent_api [None req-15359dfa-82a5-432b-9760-8dd58a7a24a6 07ec8bba25284aa984fd10212aeb9594 c1a01c061d8c4bf9b6bce4977e1a4906 - - default default] Unable to schedule network de2a2076-7aef-41cf-9601-8ce9dbe9161f: no agents available; will retry on subsequent port and subnet creation events. [pid: 7|app: 0|req: 1636/3721] 10.0.0.124 () {34 vars in 676 bytes} [Mon Jun 8 10:08:08 2026] POST /v2.0/floatingips => generated 552 bytes in 801 msecs (HTTP/1.1 201) 4 headers in 162 bytes (1 switches on core 0)
2026-06-08 10:08:09.738 8 WARNING neutron.scheduler.dhcp_agent_scheduler [None req-fb146758-2b18-4975-97e6-25a574381d1b 07ec8bba25284aa984fd10212aeb9594 c1a01c061d8c4bf9b6bce4977e1a4906 - - default default] No more DHCP agents
2026-06-08 10:08:09.740 8 WARNING neutron.api.rpc.agentnotifiers.dhcp_rpc_agent_api [None req-fb146758-2b18-4975-97e6-25a574381d1b 07ec8bba25284aa984fd10212aeb9594 c1a01c061d8c4bf9b6bce4977e1a4906 - - default default] Unable to schedule network de2a2076-7aef-41cf-9601-8ce9dbe9161f: no agents available; will retry on subsequent port and subnet creation events. [pid: 8|app: 0|req: 2086/3722] 10.0.0.124 () {34 vars in 676 bytes} [Mon Jun 8 10:08:09 2026] POST /v2.0/floatingips => generated 552 bytes in 603 msecs (HTTP/1.1 201) 4 headers in 162 bytes (1 switches on core 0)
2026-06-08 10:08:10.306 7 WARNING neutron.scheduler.dhcp_agent_scheduler [None req-628e073a-b398-4d27-bf68-ac5663ccb7cf 07ec8bba25284aa984fd10212aeb9594 c1a01c061d8c4bf9b6bce4977e1a4906 - - default default] No more DHCP agents
2026-06-08 10:08:10.307 7 WARNING neutron.api.rpc.agentnotifiers.dhcp_rpc_agent_api [None req-628e073a-b398-4d27-bf68-ac5663ccb7cf 07ec8bba25284aa984fd10212aeb9594 c1a01c061d8c4bf9b6bce4977e1a4906 - - default default] Unable to schedule network de2a2076-7aef-41cf-9601-8ce9dbe9161f: no agents available; will retry on subsequent port and subnet creation events. [pid: 7|app: 0|req: 1637/3723] 10.0.0.124 () {34 vars in 676 bytes} [Mon Jun 8 10:08:10 2026] POST /v2.0/floatingips => generated 552 bytes in 598 msecs (HTTP/1.1 201) 4 headers in 162 bytes (1 switches on core 0)
2026-06-08 10:08:10.941 8 WARNING neutron.scheduler.dhcp_agent_scheduler [None req-447e0832-500e-46f4-b467-34b0c6e3abc7 07ec8bba25284aa984fd10212aeb9594 c1a01c061d8c4bf9b6bce4977e1a4906 - - default default] No more DHCP agents
2026-06-08 10:08:10.942 8 WARNING neutron.api.rpc.agentnotifiers.dhcp_rpc_agent_api [None req-447e0832-500e-46f4-b467-34b0c6e3abc7 07ec8bba25284aa984fd10212aeb9594 c1a01c061d8c4bf9b6bce4977e1a4906 - - default default] Unable to schedule network de2a2076-7aef-41cf-9601-8ce9dbe9161f: no agents available; will retry on subsequent port and subnet creation events. [pid: 8|app: 0|req: 2087/3724] 10.0.0.124 () {34 vars in 676 bytes} [Mon Jun 8 10:08:10 2026] POST /v2.0/floatingips => generated 552 bytes in 620 msecs (HTTP/1.1 201) 4 headers in 162 bytes (1 switches on core 0)
2026-06-08 10:08:11.552 7 WARNING neutron.scheduler.dhcp_agent_scheduler [None req-a6c52abc-ad8b-4431-a500-9f036cb0d2f1 07ec8bba25284aa984fd10212aeb9594 c1a01c061d8c4bf9b6bce4977e1a4906 - - default default] No more DHCP agents
2026-06-08 10:08:11.553 7 WARNING neutron.api.rpc.agentnotifiers.dhcp_rpc_agent_api [None req-a6c52abc-ad8b-4431-a500-9f036cb0d2f1 07ec8bba25284aa984fd10212aeb9594 c1a01c061d8c4bf9b6bce4977e1a4906 - - default default] Unable to schedule network de2a2076-7aef-41cf-9601-8ce9dbe9161f: no agents available; will retry on subsequent port and subnet creation events. [pid: 7|app: 0|req: 1638/3725] 10.0.0.124 () {34 vars in 676 bytes} [Mon Jun 8 10:08:11 2026] POST /v2.0/floatingips => generated 552 bytes in 556 msecs (HTTP/1.1 201) 4 headers in 162 bytes (1 switches on core 0) [pid: 8|app: 0|req: 2088/3726] 10.0.0.124 () {34 vars in 759 bytes} [Mon Jun 8 10:08:11 2026] PUT /v2.0/floatingips/72881b58-228c-4457-a6a5-ff362ef544bb/tags => generated 17 bytes in 89 msecs (HTTP/1.1 200) 4 headers in 156 bytes (1 switches on core 0) [pid: 7|app: 0|req: 1639/3727] 10.0.0.124 () {34 vars in 759 bytes} [Mon Jun 8 10:08:11 2026] PUT /v2.0/floatingips/a2660018-9a6d-441e-a858-fd2daf6168fd/tags => generated 25 bytes in 74 msecs (HTTP/1.1 200) 4 headers in 156 bytes (1 switches on core 0) [pid: 8|app: 0|req: 2089/3728] 10.0.0.124 () {34 vars in 759 bytes} [Mon Jun 8 10:08:12 2026] PUT /v2.0/floatingips/7296baf6-8648-44c1-8a2c-f6797d8b2169/tags => generated 34 bytes in 56 msecs (HTTP/1.1 200) 4 headers in 156 bytes (1 switches on core 0) [pid: 7|app: 0|req: 1640/3729] 10.0.0.124 () {34 vars in 759 bytes} [Mon Jun 8 10:08:12 2026] PUT /v2.0/floatingips/12cbf999-35bb-4f99-ac8b-abb3c06d61ad/tags => generated 19 bytes in 69 msecs (HTTP/1.1 200) 4 headers in 156 bytes (1 switches on core 0) [pid: 8|app: 0|req: 2090/3730] 10.0.0.124 () {32 vars in 672 bytes} [Mon Jun 8 10:08:12 2026] GET /v2.0/floatingips?tags=red => generated 1671 bytes in 76 msecs (HTTP/1.1 200) 4 headers in 158 bytes (1 switches on core 0) [pid: 7|app: 0|req: 1641/3731] 10.0.0.124 () {32 vars in 686 bytes} [Mon Jun 8 10:08:12 2026] GET /v2.0/floatingips?tags=red%2Cblue => generated 1128 bytes in 75 msecs (HTTP/1.1 200) 4 headers in 158 bytes (1 switches on core 0) [pid: 8|app: 0|req: 2091/3732] 10.0.0.124 () {32 vars in 682 bytes} [Mon Jun 8 10:08:12 2026] GET /v2.0/floatingips?tags-any=blue => generated 1128 bytes in 59 msecs (HTTP/1.1 200) 4 headers in 158 bytes (1 switches on core 0) [pid: 7|app: 0|req: 1642/3733] 10.0.0.124 () {32 vars in 694 bytes} [Mon Jun 8 10:08:12 2026] GET /v2.0/floatingips?tags-any=red%2Cblue => generated 1671 bytes in 73 msecs (HTTP/1.1 200) 4 headers in 158 bytes (1 switches on core 0) [pid: 8|app: 0|req: 2092/3734] 10.0.0.124 () {32 vars in 680 bytes} [Mon Jun 8 10:08:12 2026] GET /v2.0/floatingips?not-tags=red => generated 1100 bytes in 62 msecs (HTTP/1.1 200) 4 headers in 158 bytes (1 switches on core 0) [pid: 7|app: 0|req: 1643/3735] 10.0.0.124 () {32 vars in 694 bytes} [Mon Jun 8 10:08:12 2026] GET /v2.0/floatingips?not-tags=red%2Cblue => generated 1643 bytes in 74 msecs (HTTP/1.1 200) 4 headers in 158 bytes (1 switches on core 0) [pid: 8|app: 0|req: 2093/3736] 10.0.0.124 () {32 vars in 690 bytes} [Mon Jun 8 10:08:12 2026] GET /v2.0/floatingips?not-tags-any=blue => generated 1643 bytes in 61 msecs (HTTP/1.1 200) 4 headers in 158 bytes (1 switches on core 0) [pid: 7|app: 0|req: 1644/3737] 10.0.0.124 () {32 vars in 702 bytes} [Mon Jun 8 10:08:12 2026] GET /v2.0/floatingips?not-tags-any=red%2Cblue => generated 1100 bytes in 85 msecs (HTTP/1.1 200) 4 headers in 158 bytes (1 switches on core 0)
2026-06-08 10:08:12.933 8 INFO neutron_taas.services.taas.taas_plugin [None req-db0fda31-9918-467c-8bdb-a7183763d2b1 07ec8bba25284aa984fd10212aeb9594 c1a01c061d8c4bf9b6bce4977e1a4906 - - default default] TaaS: Handle Delete Port: bdb961a7-1366-4f14-8c70-11037962483e
2026-06-08 10:08:12.936 8 INFO neutron_taas.services.taas.tap_mirror_plugin [None req-db0fda31-9918-467c-8bdb-a7183763d2b1 07ec8bba25284aa984fd10212aeb9594 c1a01c061d8c4bf9b6bce4977e1a4906 - - default default] Tap Mirror: Handle Delete Port: bdb961a7-1366-4f14-8c70-11037962483e [pid: 8|app: 0|req: 2094/3738] 10.0.0.124 () {32 vars in 732 bytes} [Mon Jun 8 10:08:12 2026] DELETE /v2.0/floatingips/72881b58-228c-4457-a6a5-ff362ef544bb => generated 0 bytes in 292 msecs (HTTP/1.1 204) 2 headers in 112 bytes (1 switches on core 0)
2026-06-08 10:08:13.270 7 INFO neutron_taas.services.taas.taas_plugin [None req-0cb1dae7-3655-414c-acbc-232022ca0d39 07ec8bba25284aa984fd10212aeb9594 c1a01c061d8c4bf9b6bce4977e1a4906 - - default default] TaaS: Handle Delete Port: 7ff287b9-6b6c-45d2-b787-6e8fa256cb16
2026-06-08 10:08:13.276 7 INFO neutron_taas.services.taas.tap_mirror_plugin [None req-0cb1dae7-3655-414c-acbc-232022ca0d39 07ec8bba25284aa984fd10212aeb9594 c1a01c061d8c4bf9b6bce4977e1a4906 - - default default] Tap Mirror: Handle Delete Port: 7ff287b9-6b6c-45d2-b787-6e8fa256cb16 [pid: 7|app: 0|req: 1645/3739] 10.0.0.124 () {32 vars in 732 bytes} [Mon Jun 8 10:08:13 2026] DELETE /v2.0/floatingips/a2660018-9a6d-441e-a858-fd2daf6168fd => generated 0 bytes in 447 msecs (HTTP/1.1 204) 2 headers in 112 bytes (1 switches on core 0)
2026-06-08 10:08:13.676 8 INFO neutron_taas.services.taas.taas_plugin [None req-26352577-ef0d-42d7-9192-93b7c687178f 07ec8bba25284aa984fd10212aeb9594 c1a01c061d8c4bf9b6bce4977e1a4906 - - default default] TaaS: Handle Delete Port: bef76003-4ff7-4494-bab8-c0984fce4722
2026-06-08 10:08:13.679 8 INFO neutron_taas.services.taas.tap_mirror_plugin [None req-26352577-ef0d-42d7-9192-93b7c687178f 07ec8bba25284aa984fd10212aeb9594 c1a01c061d8c4bf9b6bce4977e1a4906 - - default default] Tap Mirror: Handle Delete Port: bef76003-4ff7-4494-bab8-c0984fce4722 [pid: 8|app: 0|req: 2095/3740] 10.0.0.124 () {32 vars in 732 bytes} [Mon Jun 8 10:08:13 2026] DELETE /v2.0/floatingips/7296baf6-8648-44c1-8a2c-f6797d8b2169 => generated 0 bytes in 290 msecs (HTTP/1.1 204) 2 headers in 112 bytes (1 switches on core 0)
2026-06-08 10:08:14.000 7 INFO neutron_taas.services.taas.taas_plugin [None req-fb4903a1-db3a-4c5f-bdcf-d2d0bc901608 07ec8bba25284aa984fd10212aeb9594 c1a01c061d8c4bf9b6bce4977e1a4906 - - default default] TaaS: Handle Delete Port: f4d8c4fc-4344-4159-af2a-b101c23befd6
2026-06-08 10:08:14.003 7 INFO neutron_taas.services.taas.tap_mirror_plugin [None req-fb4903a1-db3a-4c5f-bdcf-d2d0bc901608 07ec8bba25284aa984fd10212aeb9594 c1a01c061d8c4bf9b6bce4977e1a4906 - - default default] Tap Mirror: Handle Delete Port: f4d8c4fc-4344-4159-af2a-b101c23befd6 [pid: 7|app: 0|req: 1646/3741] 10.0.0.124 () {32 vars in 732 bytes} [Mon Jun 8 10:08:13 2026] DELETE /v2.0/floatingips/12cbf999-35bb-4f99-ac8b-abb3c06d61ad => generated 0 bytes in 349 msecs (HTTP/1.1 204) 2 headers in 112 bytes (1 switches on core 0)
2026-06-08 10:08:14.337 8 INFO neutron_taas.services.taas.taas_plugin [None req-adbd4ff9-ad88-4143-89aa-de1057554760 07ec8bba25284aa984fd10212aeb9594 c1a01c061d8c4bf9b6bce4977e1a4906 - - default default] TaaS: Handle Delete Port: 5507ca3f-0fbb-431c-99f4-0b46153335e9
2026-06-08 10:08:14.339 8 INFO neutron_taas.services.taas.tap_mirror_plugin [None req-adbd4ff9-ad88-4143-89aa-de1057554760 07ec8bba25284aa984fd10212aeb9594 c1a01c061d8c4bf9b6bce4977e1a4906 - - default default] Tap Mirror: Handle Delete Port: 5507ca3f-0fbb-431c-99f4-0b46153335e9 [pid: 8|app: 0|req: 2096/3742] 10.0.0.124 () {32 vars in 732 bytes} [Mon Jun 8 10:08:14 2026] DELETE /v2.0/floatingips/cfc65bf9-0610-4a76-a1a8-fb0cfa44e94f => generated 0 bytes in 314 msecs (HTTP/1.1 204) 2 headers in 112 bytes (1 switches on core 0)
2026-06-08 10:08:15.689 7 INFO neutron.db.ovn_revision_numbers_db [None req-43de1849-b4d0-47cc-9341-fc4048d9c9f2 4a3a228cbabd41f3950dd7bc08957ba5 9d483c8db99f4905b2a5599b9f64f003 - - default default] Successfully bumped revision number for resource cc86e2cc-4158-43f2-8cec-dc6d5ac7449c (type: security_groups) to 1
2026-06-08 10:08:15.702 7 INFO neutron.db.ovn_revision_numbers_db [None req-43de1849-b4d0-47cc-9341-fc4048d9c9f2 4a3a228cbabd41f3950dd7bc08957ba5 9d483c8db99f4905b2a5599b9f64f003 - - default default] Successfully bumped revision number for resource 169bc52d-f1a1-4bf7-8127-d24b63a80642 (type: security_group_rules) to 0
2026-06-08 10:08:15.714 7 INFO neutron.db.ovn_revision_numbers_db [None req-43de1849-b4d0-47cc-9341-fc4048d9c9f2 4a3a228cbabd41f3950dd7bc08957ba5 9d483c8db99f4905b2a5599b9f64f003 - - default default] Successfully bumped revision number for resource 539bbaf4-64b9-4da2-9e83-48346a3ab5b3 (type: security_group_rules) to 0
2026-06-08 10:08:15.726 7 INFO neutron.db.ovn_revision_numbers_db [None req-43de1849-b4d0-47cc-9341-fc4048d9c9f2 4a3a228cbabd41f3950dd7bc08957ba5 9d483c8db99f4905b2a5599b9f64f003 - - default default] Successfully bumped revision number for resource 8c407355-586e-473c-8c3b-583483c8887c (type: security_group_rules) to 0
2026-06-08 10:08:15.738 7 INFO neutron.db.ovn_revision_numbers_db [None req-43de1849-b4d0-47cc-9341-fc4048d9c9f2 4a3a228cbabd41f3950dd7bc08957ba5 9d483c8db99f4905b2a5599b9f64f003 - - default default] Successfully bumped revision number for resource 94558904-45c6-4861-9f47-f0a4c42fbac2 (type: security_group_rules) to 0 [pid: 7|app: 0|req: 1647/3743] 10.0.0.124 () {32 vars in 774 bytes} [Mon Jun 8 10:08:15 2026] GET /v2.0/security-groups?tenant_id=c1a01c061d8c4bf9b6bce4977e1a4906&name=default => generated 2929 bytes in 430 msecs (HTTP/1.1 200) 4 headers in 158 bytes (1 switches on core 0) [pid: 8|app: 0|req: 2097/3744] 10.0.0.124 () {32 vars in 740 bytes} [Mon Jun 8 10:08:15 2026] DELETE /v2.0/security-groups/cc86e2cc-4158-43f2-8cec-dc6d5ac7449c => generated 0 bytes in 339 msecs (HTTP/1.1 204) 2 headers in 112 bytes (1 switches on core 0)
2026-06-08 10:08:16.451 7 INFO neutron.db.ovn_revision_numbers_db [None req-6f3b67c6-e7e7-490f-b199-7a964f3ac49c 4a3a228cbabd41f3950dd7bc08957ba5 9d483c8db99f4905b2a5599b9f64f003 - - default default] Successfully bumped revision number for resource 89f81b73-27ee-4d8a-bd01-3489a9bef917 (type: security_groups) to 1
2026-06-08 10:08:16.464 7 INFO neutron.db.ovn_revision_numbers_db [None req-6f3b67c6-e7e7-490f-b199-7a964f3ac49c 4a3a228cbabd41f3950dd7bc08957ba5 9d483c8db99f4905b2a5599b9f64f003 - - default default] Successfully bumped revision number for resource 4f215485-4309-4dea-a3ae-85dbff1a8cf5 (type: security_group_rules) to 0
2026-06-08 10:08:16.475 7 INFO neutron.db.ovn_revision_numbers_db [None req-6f3b67c6-e7e7-490f-b199-7a964f3ac49c 4a3a228cbabd41f3950dd7bc08957ba5 9d483c8db99f4905b2a5599b9f64f003 - - default default] Successfully bumped revision number for resource a8ec1134-6546-4153-91fa-1bc25e260cef (type: security_group_rules) to 0
2026-06-08 10:08:16.488 7 INFO neutron.db.ovn_revision_numbers_db [None req-6f3b67c6-e7e7-490f-b199-7a964f3ac49c 4a3a228cbabd41f3950dd7bc08957ba5 9d483c8db99f4905b2a5599b9f64f003 - - default default] Successfully bumped revision number for resource c2f433a0-22bb-4e01-9aa0-54e45e8bc68b (type: security_group_rules) to 0
2026-06-08 10:08:16.501 7 INFO neutron.db.ovn_revision_numbers_db [None req-6f3b67c6-e7e7-490f-b199-7a964f3ac49c 4a3a228cbabd41f3950dd7bc08957ba5 9d483c8db99f4905b2a5599b9f64f003 - - default default] Successfully bumped revision number for resource ec14f08c-c746-4c83-bb04-ff87d87bf132 (type: security_group_rules) to 0 [pid: 7|app: 0|req: 1648/3745] 10.0.0.124 () {32 vars in 774 bytes} [Mon Jun 8 10:08:16 2026] GET /v2.0/security-groups?tenant_id=d57486004dec4194b339cbddf2f60054&name=default => generated 2929 bytes in 295 msecs (HTTP/1.1 200) 4 headers in 158 bytes (1 switches on core 0) [pid: 8|app: 0|req: 2098/3746] 10.0.0.124 () {32 vars in 740 bytes} [Mon Jun 8 10:08:16 2026] DELETE /v2.0/security-groups/89f81b73-27ee-4d8a-bd01-3489a9bef917 => generated 0 bytes in 306 msecs (HTTP/1.1 204) 2 headers in 112 bytes (1 switches on core 0)
2026-06-08 10:08:17.206 8 INFO neutron.db.ovn_revision_numbers_db [None req-9c09ae10-ec7c-4fa8-8a21-f428033bb183 4a3a228cbabd41f3950dd7bc08957ba5 9d483c8db99f4905b2a5599b9f64f003 - - default default] Successfully bumped revision number for resource dfe7e662-138e-4c33-a46b-ebee4c14ac40 (type: security_groups) to 1
2026-06-08 10:08:17.224 8 INFO neutron.db.ovn_revision_numbers_db [None req-9c09ae10-ec7c-4fa8-8a21-f428033bb183 4a3a228cbabd41f3950dd7bc08957ba5 9d483c8db99f4905b2a5599b9f64f003 - - default default] Successfully bumped revision number for resource 2ca01362-35f7-483e-8cf3-6c0b36a0cdb4 (type: security_group_rules) to 0
2026-06-08 10:08:17.254 8 INFO neutron.db.ovn_revision_numbers_db [None req-9c09ae10-ec7c-4fa8-8a21-f428033bb183 4a3a228cbabd41f3950dd7bc08957ba5 9d483c8db99f4905b2a5599b9f64f003 - - default default] Successfully bumped revision number for resource 437d3017-ab79-4221-a559-0a528fd33288 (type: security_group_rules) to 0
2026-06-08 10:08:17.273 8 INFO neutron.db.ovn_revision_numbers_db [None req-9c09ae10-ec7c-4fa8-8a21-f428033bb183 4a3a228cbabd41f3950dd7bc08957ba5 9d483c8db99f4905b2a5599b9f64f003 - - default default] Successfully bumped revision number for resource 9b4fc104-b53f-4a73-8c39-26b595ca177b (type: security_group_rules) to 0
2026-06-08 10:08:17.290 8 INFO neutron.db.ovn_revision_numbers_db [None req-9c09ae10-ec7c-4fa8-8a21-f428033bb183 4a3a228cbabd41f3950dd7bc08957ba5 9d483c8db99f4905b2a5599b9f64f003 - - default default] Successfully bumped revision number for resource e46df3e6-4e1a-4b4f-aff0-57a84af076d7 (type: security_group_rules) to 0 [pid: 8|app: 0|req: 2099/3748] 10.0.0.124 () {32 vars in 774 bytes} [Mon Jun 8 10:08:17 2026] GET /v2.0/security-groups?tenant_id=9c61cd04cc274372b02e362db54bfe65&name=default => generated 2929 bytes in 323 msecs (HTTP/1.1 200) 4 headers in 158 bytes (1 switches on core 0) [pid: 7|app: 0|req: 1650/3749] 10.0.0.124 () {32 vars in 740 bytes} [Mon Jun 8 10:08:17 2026] DELETE /v2.0/security-groups/dfe7e662-138e-4c33-a46b-ebee4c14ac40 => generated 0 bytes in 326 msecs (HTTP/1.1 204) 2 headers in 112 bytes (1 switches on core 0)
2026-06-08 10:08:22.472 8 INFO neutron.db.ovn_revision_numbers_db [None req-9f17000b-952e-4005-9ad3-f07bba9746ad 5139e6acef1947a08d1b3e2896c27209 6e960a6f962f4ce3a3cae79fde382249 - - default default] Successfully bumped revision number for resource 5ab4aa87-36f3-4beb-a01f-4e82d7a5fb88 (type: security_groups) to 1
2026-06-08 10:08:22.488 8 INFO neutron.db.ovn_revision_numbers_db [None req-9f17000b-952e-4005-9ad3-f07bba9746ad 5139e6acef1947a08d1b3e2896c27209 6e960a6f962f4ce3a3cae79fde382249 - - default default] Successfully bumped revision number for resource 9ebbc786-2af4-4ff0-bf01-b8c5a2dd699e (type: security_group_rules) to 0
2026-06-08 10:08:22.502 8 INFO neutron.db.ovn_revision_numbers_db [None req-9f17000b-952e-4005-9ad3-f07bba9746ad 5139e6acef1947a08d1b3e2896c27209 6e960a6f962f4ce3a3cae79fde382249 - - default default] Successfully bumped revision number for resource b55d5f0c-6633-4c3c-bc78-68dee494e7c2 (type: security_group_rules) to 0
2026-06-08 10:08:22.517 8 INFO neutron.db.ovn_revision_numbers_db [None req-9f17000b-952e-4005-9ad3-f07bba9746ad 5139e6acef1947a08d1b3e2896c27209 6e960a6f962f4ce3a3cae79fde382249 - - default default] Successfully bumped revision number for resource b62403f8-0c39-4045-a44a-f4b2c7672c02 (type: security_group_rules) to 0
2026-06-08 10:08:22.529 8 INFO neutron.db.ovn_revision_numbers_db [None req-9f17000b-952e-4005-9ad3-f07bba9746ad 5139e6acef1947a08d1b3e2896c27209 6e960a6f962f4ce3a3cae79fde382249 - - default default] Successfully bumped revision number for resource d5b3df41-f632-4523-a280-0a0a7a61ddaf (type: security_group_rules) to 0
2026-06-08 10:08:22.610 8 INFO neutron.db.segments_db [None req-9f17000b-952e-4005-9ad3-f07bba9746ad 5139e6acef1947a08d1b3e2896c27209 6e960a6f962f4ce3a3cae79fde382249 - - default default] Added segment 73805e80-e305-419f-8f70-4e3e98b2ecfd of type geneve for network c9052616-d0a4-491f-be73-a6ef08d62e8a
2026-06-08 10:08:22.767 8 INFO neutron.db.ovn_revision_numbers_db [None req-9f17000b-952e-4005-9ad3-f07bba9746ad 5139e6acef1947a08d1b3e2896c27209 6e960a6f962f4ce3a3cae79fde382249 - - default default] Successfully bumped revision number for resource c9052616-d0a4-491f-be73-a6ef08d62e8a (type: networks) to 1
