2026-04-25 01:24:39.777 7 INFO neutron.db.ovn_revision_numbers_db [None req-aade8356-9f39-4ece-9ced-bbc263cdd83a bea79651d5024ca3ab50d39e06bc4fed 1edde256f1444adcb894a7e2c5751078 - - default default] Successfully bumped revision number for resource af800504-45e1-49b7-9e2d-63ed64e5b407 (type: floatingips) to 4 /var/lib/openstack/lib/python3.12/site-packages/pycadf/identifier.py:70: UserWarning: Invalid uuid: neutron. To ensure interoperability, identifiers should be a valid uuid. warnings.warn(('Invalid uuid: %s. To ensure interoperability, '
2026-04-25 01:24:39.917 7 INFO neutron.db.ovn_revision_numbers_db [None req-aade8356-9f39-4ece-9ced-bbc263cdd83a bea79651d5024ca3ab50d39e06bc4fed 1edde256f1444adcb894a7e2c5751078 - - default default] Successfully bumped revision number for resource af800504-45e1-49b7-9e2d-63ed64e5b407 (type: floatingips) to 5
2026-04-25 01:24:39.918 7 INFO neutron.db.l3_db [None req-aade8356-9f39-4ece-9ced-bbc263cdd83a bea79651d5024ca3ab50d39e06bc4fed 1edde256f1444adcb894a7e2c5751078 - - default default] Floating IP af800504-45e1-49b7-9e2d-63ed64e5b407 associated. External IP: 10.96.250.203, port: 086d4a9c-b57a-4033-85b7-4a68d2761685.
2026-04-25 01:24:39.954 8 INFO neutron.db.ovn_revision_numbers_db [None req-d25ea4e5-ccd3-4842-85a7-fdef5e17a21d 26dd324098134da991e38d9625b0c9e8 bca6f3b31fef485a907114e1acc5b767 - - default default] Successfully bumped revision number for resource 3e08e3c2-9233-4b22-9631-b68e0d2915b2 (type: security_groups) to 1
2026-04-25 01:24:39.971 8 INFO neutron.db.ovn_revision_numbers_db [None req-d25ea4e5-ccd3-4842-85a7-fdef5e17a21d 26dd324098134da991e38d9625b0c9e8 bca6f3b31fef485a907114e1acc5b767 - - default default] Successfully bumped revision number for resource 73de308a-b532-4c2c-b0c6-18398593eddd (type: security_group_rules) to 0 [pid: 7|app: 0|req: 796/1445] 10.0.0.180 () {34 vars in 749 bytes} [Sat Apr 25 01:24:39 2026] PUT /v2.0/floatingips/af800504-45e1-49b7-9e2d-63ed64e5b407 => generated 855 bytes in 618 msecs (HTTP/1.1 200) 4 headers in 157 bytes (1 switches on core 0)
2026-04-25 01:24:39.986 8 INFO neutron.db.ovn_revision_numbers_db [None req-d25ea4e5-ccd3-4842-85a7-fdef5e17a21d 26dd324098134da991e38d9625b0c9e8 bca6f3b31fef485a907114e1acc5b767 - - default default] Successfully bumped revision number for resource 8db49df0-f8dd-4d7d-8fc3-cbea32390165 (type: security_group_rules) to 0
2026-04-25 01:24:40.004 8 INFO neutron.db.ovn_revision_numbers_db [None req-d25ea4e5-ccd3-4842-85a7-fdef5e17a21d 26dd324098134da991e38d9625b0c9e8 bca6f3b31fef485a907114e1acc5b767 - - default default] Successfully bumped revision number for resource 91c5d171-e7a3-4611-9720-e8bb91ebd3b3 (type: security_group_rules) to 0
2026-04-25 01:24:40.012 7 INFO neutron.notifiers.nova [-] Nova event matching ['req-30d9a897-f7b9-4c33-a3c5-01ec0eb6c952'] response: {'name': 'network-changed', 'server_uuid': '2916c98c-c495-4684-b966-0cddc1d80b9a', 'tag': '086d4a9c-b57a-4033-85b7-4a68d2761685', 'status': 'completed', 'code': 200}
2026-04-25 01:24:40.021 8 INFO neutron.db.ovn_revision_numbers_db [None req-d25ea4e5-ccd3-4842-85a7-fdef5e17a21d 26dd324098134da991e38d9625b0c9e8 bca6f3b31fef485a907114e1acc5b767 - - default default] Successfully bumped revision number for resource 9ccca210-00c4-4f63-bc09-1da947f2cfea (type: security_group_rules) to 0 [pid: 8|app: 0|req: 650/1446] 10.0.0.180 () {32 vars in 774 bytes} [Sat Apr 25 01:24:39 2026] GET /v2.0/security-groups?tenant_id=045af5f9c2ef4246834bb3b53c09203f&name=default => generated 2925 bytes in 374 msecs (HTTP/1.1 200) 4 headers in 158 bytes (1 switches on core 0) [pid: 8|app: 0|req: 651/1447] 10.0.0.180 () {32 vars in 729 bytes} [Sat Apr 25 01:24:40 2026] GET /v2.0/floatingips/af800504-45e1-49b7-9e2d-63ed64e5b407 => generated 857 bytes in 39 msecs (HTTP/1.1 200) 4 headers in 157 bytes (1 switches on core 0)
2026-04-25 01:24:40.284 7 WARNING neutron.scheduler.dhcp_agent_scheduler [None req-c90b45aa-9a4c-4fdd-be0c-663358a8fc62 b5e9ff7262b744dc891bb20556993797 cb04beabe1c24058862ce0f20ca84004 - - default default] No more DHCP agents
2026-04-25 01:24:40.286 7 WARNING neutron.api.rpc.agentnotifiers.dhcp_rpc_agent_api [None req-c90b45aa-9a4c-4fdd-be0c-663358a8fc62 b5e9ff7262b744dc891bb20556993797 cb04beabe1c24058862ce0f20ca84004 - - default default] Unable to schedule network e42bb864-5fe3-420f-a11b-2ca58f004930: no agents available; will retry on subsequent port and subnet creation events. [pid: 8|app: 0|req: 652/1448] 10.0.0.180 () {32 vars in 740 bytes} [Sat Apr 25 01:24:40 2026] DELETE /v2.0/security-groups/3e08e3c2-9233-4b22-9631-b68e0d2915b2 => generated 0 bytes in 257 msecs (HTTP/1.1 204) 2 headers in 112 bytes (1 switches on core 0)
2026-04-25 01:24:40.414 8 INFO neutron.plugins.ml2.drivers.ovn.mech_driver.mech_driver [None req-88265be8-255f-471f-b437-4a8d437ddf5b - - - - - -] OVN reports status down for port: 3a340706-84d6-4066-b999-933c6ccc769e
2026-04-25 01:24:40.452 7 INFO neutron.db.ovn_revision_numbers_db [None req-c90b45aa-9a4c-4fdd-be0c-663358a8fc62 b5e9ff7262b744dc891bb20556993797 cb04beabe1c24058862ce0f20ca84004 - - default default] Successfully bumped revision number for resource 3a340706-84d6-4066-b999-933c6ccc769e (type: ports) to 1 [pid: 7|app: 0|req: 797/1449] 10.0.0.180 () {34 vars in 665 bytes} [Sat Apr 25 01:24:39 2026] POST /v2.0/ports => generated 953 bytes in 560 msecs (HTTP/1.1 201) 4 headers in 162 bytes (1 switches on core 0) /var/lib/openstack/lib/python3.12/site-packages/pycadf/identifier.py:70: UserWarning: Invalid uuid: neutron. To ensure interoperability, identifiers should be a valid uuid. warnings.warn(('Invalid uuid: %s. To ensure interoperability, ' [pid: 7|app: 0|req: 798/1450] 199.204.45.3 () {34 vars in 1078 bytes} [Sat Apr 25 01:24:40 2026] GET /v2.0/ports?tenant_id=1edde256f1444adcb894a7e2c5751078&device_id=2916c98c-c495-4684-b966-0cddc1d80b9a => generated 1209 bytes in 38 msecs (HTTP/1.1 200) 4 headers in 158 bytes (1 switches on core 0) [pid: 7|app: 0|req: 799/1451] 199.204.45.3 () {34 vars in 984 bytes} [Sat Apr 25 01:24:40 2026] GET /v2.0/networks?id=4f717440-3a22-421c-ba0f-ebd561eda8fa => generated 798 bytes in 44 msecs (HTTP/1.1 200) 4 headers in 157 bytes (1 switches on core 0) [pid: 7|app: 0|req: 800/1452] 199.204.45.3 () {34 vars in 1056 bytes} [Sat Apr 25 01:24:40 2026] GET /v2.0/floatingips?fixed_ip_address=10.100.0.7&port_id=086d4a9c-b57a-4033-85b7-4a68d2761685 => generated 860 bytes in 54 msecs (HTTP/1.1 200) 4 headers in 157 bytes (1 switches on core 0)
2026-04-25 01:24:40.705 8 INFO neutron_taas.services.taas.taas_plugin [None req-7170667e-b79b-47fd-a243-64e6bacfc5fe b5e9ff7262b744dc891bb20556993797 cb04beabe1c24058862ce0f20ca84004 - - default default] TaaS: Handle Delete Port: 3a340706-84d6-4066-b999-933c6ccc769e
2026-04-25 01:24:40.709 8 INFO neutron_taas.services.taas.tap_mirror_plugin [None req-7170667e-b79b-47fd-a243-64e6bacfc5fe b5e9ff7262b744dc891bb20556993797 cb04beabe1c24058862ce0f20ca84004 - - default default] Tap Mirror: Handle Delete Port: 3a340706-84d6-4066-b999-933c6ccc769e [pid: 7|app: 0|req: 801/1453] 199.204.45.3 () {34 vars in 982 bytes} [Sat Apr 25 01:24:40 2026] GET /v2.0/subnets?id=d31a2918-0625-44d5-9481-a7924620783c => generated 677 bytes in 26 msecs (HTTP/1.1 200) 4 headers in 157 bytes (1 switches on core 0) [pid: 7|app: 0|req: 802/1454] 199.204.45.3 () {34 vars in 1050 bytes} [Sat Apr 25 01:24:40 2026] GET /v2.0/ports?network_id=4f717440-3a22-421c-ba0f-ebd561eda8fa&device_owner=network%3Adhcp => generated 12 bytes in 31 msecs (HTTP/1.1 200) 4 headers in 156 bytes (1 switches on core 0) [pid: 7|app: 0|req: 803/1455] 199.204.45.3 () {34 vars in 1010 bytes} [Sat Apr 25 01:24:40 2026] GET /v2.0/networks/4f717440-3a22-421c-ba0f-ebd561eda8fa?fields=segments => generated 14 bytes in 42 msecs (HTTP/1.1 200) 4 headers in 156 bytes (1 switches on core 0) [pid: 7|app: 0|req: 804/1456] 199.204.45.3 () {34 vars in 1110 bytes} [Sat Apr 25 01:24:40 2026] GET /v2.0/networks/4f717440-3a22-421c-ba0f-ebd561eda8fa?fields=provider%3Aphysical_network&fields=provider%3Anetwork_type => generated 79 bytes in 41 msecs (HTTP/1.1 200) 4 headers in 156 bytes (1 switches on core 0) [pid: 8|app: 0|req: 653/1457] 10.0.0.180 () {32 vars in 720 bytes} [Sat Apr 25 01:24:40 2026] DELETE /v2.0/ports/3a340706-84d6-4066-b999-933c6ccc769e => generated 0 bytes in 375 msecs (HTTP/1.1 204) 3 headers in 131 bytes (1 switches on core 0)
2026-04-25 01:24:40.931 7 INFO neutron.pecan_wsgi.hooks.translation [None req-05394517-2247-4395-a944-e7e66f324642 b5e9ff7262b744dc891bb20556993797 cb04beabe1c24058862ce0f20ca84004 - - default default] DELETE failed (client error): The resource could not be found. [pid: 7|app: 0|req: 805/1458] 10.0.0.180 () {32 vars in 720 bytes} [Sat Apr 25 01:24:40 2026] DELETE /v2.0/ports/3a340706-84d6-4066-b999-933c6ccc769e => generated 132 bytes in 15 msecs (HTTP/1.1 404) 4 headers in 164 bytes (1 switches on core 0)
2026-04-25 01:24:40.955 8 INFO neutron.pecan_wsgi.hooks.translation [None req-80222dcd-535d-4a52-b19a-4af44b678648 b5e9ff7262b744dc891bb20556993797 cb04beabe1c24058862ce0f20ca84004 - - default default] GET failed (client error): The resource could not be found. [pid: 8|app: 0|req: 654/1459] 10.0.0.180 () {32 vars in 717 bytes} [Sat Apr 25 01:24:40 2026] GET /v2.0/ports/3a340706-84d6-4066-b999-933c6ccc769e => generated 132 bytes in 20 msecs (HTTP/1.1 404) 4 headers in 164 bytes (1 switches on core 0) [pid: 7|app: 0|req: 806/1460] 10.0.0.180 () {32 vars in 724 bytes} [Sat Apr 25 01:24:40 2026] DELETE /v2.0/subnets/af755077-cd65-4811-9c28-0015fa399d0f => generated 0 bytes in 173 msecs (HTTP/1.1 204) 3 headers in 131 bytes (1 switches on core 0)
2026-04-25 01:24:41.281 8 INFO neutron_taas.services.taas.taas_plugin [None req-d55320b0-2106-4bc8-84d3-42953dff3aff b5e9ff7262b744dc891bb20556993797 cb04beabe1c24058862ce0f20ca84004 - - default default] TaaS: Handle Delete Port: e325b621-de22-43b8-b0a3-8aa9e4bcdbeb
2026-04-25 01:24:41.284 8 INFO neutron_taas.services.taas.tap_mirror_plugin [None req-d55320b0-2106-4bc8-84d3-42953dff3aff b5e9ff7262b744dc891bb20556993797 cb04beabe1c24058862ce0f20ca84004 - - default default] Tap Mirror: Handle Delete Port: e325b621-de22-43b8-b0a3-8aa9e4bcdbeb
2026-04-25 01:24:41.482 8 INFO neutron.services.segments.plugin [-] Segment cce1c52e-921c-46bb-8350-4cb557e2a850 resource provider aggregate not found
2026-04-25 01:24:41.485 8 INFO neutron.services.segments.plugin [-] Segment cce1c52e-921c-46bb-8350-4cb557e2a850 resource provider aggregate not found
2026-04-25 01:24:41.503 8 INFO neutron.services.segments.plugin [-] Segment cce1c52e-921c-46bb-8350-4cb557e2a850 resource provider not found; error: Placement Client Error (4xx): {"errors": [{"status": 404, "title": "Not Found", "detail": "The resource could not be found.\n\n No resource provider with uuid cce1c52e-921c-46bb-8350-4cb557e2a850 found for delete ", "request_id": "req-a80cbe0f-9cf5-46bf-b206-620922a79e4a"}]}
2026-04-25 01:24:41.505 8 INFO neutron.services.segments.plugin [-] Segment cce1c52e-921c-46bb-8350-4cb557e2a850 resource provider not found; error: Placement Client Error (4xx): {"errors": [{"status": 404, "title": "Not Found", "detail": "The resource could not be found.\n\n No resource provider with uuid cce1c52e-921c-46bb-8350-4cb557e2a850 found for delete ", "request_id": "req-cebf123e-e6b4-44b0-8a94-4cedbf7f93ce"}]} [pid: 8|app: 0|req: 655/1461] 10.0.0.180 () {32 vars in 726 bytes} [Sat Apr 25 01:24:41 2026] DELETE /v2.0/networks/e42bb864-5fe3-420f-a11b-2ca58f004930 => generated 0 bytes in 390 msecs (HTTP/1.1 204) 3 headers in 131 bytes (1 switches on core 0)
2026-04-25 01:24:41.625 7 INFO neutron.db.segments_db [None req-f0cded4f-5d1f-4102-a6ba-a1bca0e1eb7b b5e9ff7262b744dc891bb20556993797 cb04beabe1c24058862ce0f20ca84004 - - default default] Added segment 0a9e567f-5691-466f-8db4-4b53e9c87db7 of type geneve for network 8b5cc835-7ca7-4f72-8557-b5c164d45226
2026-04-25 01:24:41.735 7 INFO neutron.db.ovn_revision_numbers_db [None req-f0cded4f-5d1f-4102-a6ba-a1bca0e1eb7b b5e9ff7262b744dc891bb20556993797 cb04beabe1c24058862ce0f20ca84004 - - default default] Successfully bumped revision number for resource 8b5cc835-7ca7-4f72-8557-b5c164d45226 (type: networks) to 1
2026-04-25 01:24:41.911 7 WARNING neutron.scheduler.dhcp_agent_scheduler [None req-f0cded4f-5d1f-4102-a6ba-a1bca0e1eb7b b5e9ff7262b744dc891bb20556993797 cb04beabe1c24058862ce0f20ca84004 - - default default] No more DHCP agents
2026-04-25 01:24:41.912 7 WARNING neutron.api.rpc.agentnotifiers.dhcp_rpc_agent_api [None req-f0cded4f-5d1f-4102-a6ba-a1bca0e1eb7b b5e9ff7262b744dc891bb20556993797 cb04beabe1c24058862ce0f20ca84004 - - default default] Unable to schedule network 8b5cc835-7ca7-4f72-8557-b5c164d45226: no agents available; will retry on subsequent port and subnet creation events.
2026-04-25 01:24:41.964 8 INFO neutron.plugins.ml2.drivers.ovn.mech_driver.mech_driver [None req-88265be8-255f-471f-b437-4a8d437ddf5b - - - - - -] OVN reports status down for port: 7a8f0eff-baf8-4276-8c41-3fa44e314a26
2026-04-25 01:24:41.995 7 INFO neutron.db.ovn_revision_numbers_db [None req-f0cded4f-5d1f-4102-a6ba-a1bca0e1eb7b b5e9ff7262b744dc891bb20556993797 cb04beabe1c24058862ce0f20ca84004 - - default default] Successfully bumped revision number for resource 7a8f0eff-baf8-4276-8c41-3fa44e314a26 (type: ports) to 1 [pid: 7|app: 0|req: 807/1462] 10.0.0.180 () {34 vars in 670 bytes} [Sat Apr 25 01:24:41 2026] POST /v2.0/networks => generated 650 bytes in 489 msecs (HTTP/1.1 201) 4 headers in 162 bytes (1 switches on core 0)
2026-04-25 01:24:42.205 8 WARNING neutron.scheduler.dhcp_agent_scheduler [None req-f0098399-ba4d-4fb7-901d-0472e2af8fd6 b5e9ff7262b744dc891bb20556993797 cb04beabe1c24058862ce0f20ca84004 - - default default] No more DHCP agents
2026-04-25 01:24:42.206 8 WARNING neutron.api.rpc.agentnotifiers.dhcp_rpc_agent_api [None req-f0098399-ba4d-4fb7-901d-0472e2af8fd6 b5e9ff7262b744dc891bb20556993797 cb04beabe1c24058862ce0f20ca84004 - - default default] Unable to schedule network 8b5cc835-7ca7-4f72-8557-b5c164d45226: no agents available; will retry on subsequent port and subnet creation events.
2026-04-25 01:24:42.423 7 INFO neutron.db.ovn_revision_numbers_db [None req-860a2951-f948-457e-8a6f-d9957c08299c a509280be41b4400a93a4de9fb1614a6 8d88e7aa6af944499d601a6e9bb9b3ed - - default default] Successfully bumped revision number for resource e78ac9a2-b0ee-4a8e-b15e-781ac1f83554 (type: security_groups) to 1
2026-04-25 01:24:42.436 7 INFO neutron.db.ovn_revision_numbers_db [None req-860a2951-f948-457e-8a6f-d9957c08299c a509280be41b4400a93a4de9fb1614a6 8d88e7aa6af944499d601a6e9bb9b3ed - - default default] Successfully bumped revision number for resource 0e8964fb-55c6-47ec-b6c2-effa623c9cf8 (type: security_group_rules) to 0
2026-04-25 01:24:42.447 7 INFO neutron.db.ovn_revision_numbers_db [None req-860a2951-f948-457e-8a6f-d9957c08299c a509280be41b4400a93a4de9fb1614a6 8d88e7aa6af944499d601a6e9bb9b3ed - - default default] Successfully bumped revision number for resource 487e4633-ee1f-4956-8769-a30207362b19 (type: security_group_rules) to 0
2026-04-25 01:24:42.458 7 INFO neutron.db.ovn_revision_numbers_db [None req-860a2951-f948-457e-8a6f-d9957c08299c a509280be41b4400a93a4de9fb1614a6 8d88e7aa6af944499d601a6e9bb9b3ed - - default default] Successfully bumped revision number for resource ab441918-5162-47fb-aa2d-7526ea532009 (type: security_group_rules) to 0
2026-04-25 01:24:42.471 7 INFO neutron.db.ovn_revision_numbers_db [None req-860a2951-f948-457e-8a6f-d9957c08299c a509280be41b4400a93a4de9fb1614a6 8d88e7aa6af944499d601a6e9bb9b3ed - - default default] Successfully bumped revision number for resource ba44d433-473b-4197-b0a2-432d2d5b4ebf (type: security_group_rules) to 0
2026-04-25 01:24:42.549 7 INFO neutron.db.segments_db [None req-860a2951-f948-457e-8a6f-d9957c08299c a509280be41b4400a93a4de9fb1614a6 8d88e7aa6af944499d601a6e9bb9b3ed - - default default] Added segment b789bb68-03e7-4d7d-9bee-2a4527fb7ee9 of type geneve for network 91ed4db9-de94-4300-87a5-33a817ad92d4
2026-04-25 01:24:42.648 8 INFO neutron.db.ovn_revision_numbers_db [None req-5e60e27c-e2d5-4d5d-ace7-0ad203011acd - - - - - -] Successfully bumped revision number for resource 7a8f0eff-baf8-4276-8c41-3fa44e314a26 (type: ports) to 2
2026-04-25 01:24:42.686 7 INFO neutron.db.ovn_revision_numbers_db [None req-860a2951-f948-457e-8a6f-d9957c08299c a509280be41b4400a93a4de9fb1614a6 8d88e7aa6af944499d601a6e9bb9b3ed - - default default] Successfully bumped revision number for resource 91ed4db9-de94-4300-87a5-33a817ad92d4 (type: networks) to 1
2026-04-25 01:24:42.687 8 INFO neutron.db.ovn_revision_numbers_db [None req-5e60e27c-e2d5-4d5d-ace7-0ad203011acd - - - - - -] Successfully bumped revision number for resource 8b1dd505-8f96-4c81-834a-994a100969e5 (type: subnets) to 0 [pid: 8|app: 0|req: 656/1463] 10.0.0.180 () {34 vars in 669 bytes} [Sat Apr 25 01:24:42 2026] POST /v2.0/subnets => generated 626 bytes in 675 msecs (HTTP/1.1 201) 4 headers in 162 bytes (1 switches on core 0)
2026-04-25 01:24:42.857 7 WARNING neutron.scheduler.dhcp_agent_scheduler [None req-860a2951-f948-457e-8a6f-d9957c08299c a509280be41b4400a93a4de9fb1614a6 8d88e7aa6af944499d601a6e9bb9b3ed - - default default] No more DHCP agents
2026-04-25 01:24:42.858 7 WARNING neutron.api.rpc.agentnotifiers.dhcp_rpc_agent_api [None req-860a2951-f948-457e-8a6f-d9957c08299c a509280be41b4400a93a4de9fb1614a6 8d88e7aa6af944499d601a6e9bb9b3ed - - default default] Unable to schedule network 91ed4db9-de94-4300-87a5-33a817ad92d4: no agents available; will retry on subsequent port and subnet creation events.
2026-04-25 01:24:42.900 8 INFO neutron.plugins.ml2.drivers.ovn.mech_driver.mech_driver [None req-88265be8-255f-471f-b437-4a8d437ddf5b - - - - - -] OVN reports status down for port: acf04285-b24e-4827-8771-949b7aac341d
2026-04-25 01:24:42.934 7 INFO neutron.db.ovn_revision_numbers_db [None req-860a2951-f948-457e-8a6f-d9957c08299c a509280be41b4400a93a4de9fb1614a6 8d88e7aa6af944499d601a6e9bb9b3ed - - default default] Successfully bumped revision number for resource acf04285-b24e-4827-8771-949b7aac341d (type: ports) to 1 [pid: 7|app: 0|req: 808/1464] 10.0.0.180 () {34 vars in 670 bytes} [Sat Apr 25 01:24:42 2026] POST /v2.0/networks => generated 667 bytes in 805 msecs (HTTP/1.1 201) 4 headers in 162 bytes (1 switches on core 0)
2026-04-25 01:24:43.038 8 WARNING neutron.scheduler.dhcp_agent_scheduler [None req-d67a2909-8a68-4a4c-878a-71fa8ea3e6ae b5e9ff7262b744dc891bb20556993797 cb04beabe1c24058862ce0f20ca84004 - - default default] No more DHCP agents
2026-04-25 01:24:43.040 8 WARNING neutron.api.rpc.agentnotifiers.dhcp_rpc_agent_api [None req-d67a2909-8a68-4a4c-878a-71fa8ea3e6ae b5e9ff7262b744dc891bb20556993797 cb04beabe1c24058862ce0f20ca84004 - - default default] Unable to schedule network 8b5cc835-7ca7-4f72-8557-b5c164d45226: no agents available; will retry on subsequent port and subnet creation events.
2026-04-25 01:24:43.142 8 INFO neutron.plugins.ml2.drivers.ovn.mech_driver.mech_driver [None req-88265be8-255f-471f-b437-4a8d437ddf5b - - - - - -] OVN reports status down for port: e9f8d0ee-e0b9-41db-a8c8-4a60cc725e7f
2026-04-25 01:24:43.188 7 WARNING neutron.scheduler.dhcp_agent_scheduler [None req-3a0f02e9-878b-4f21-9448-681944494033 a509280be41b4400a93a4de9fb1614a6 8d88e7aa6af944499d601a6e9bb9b3ed - - default default] No more DHCP agents
2026-04-25 01:24:43.190 7 WARNING neutron.api.rpc.agentnotifiers.dhcp_rpc_agent_api [None req-3a0f02e9-878b-4f21-9448-681944494033 a509280be41b4400a93a4de9fb1614a6 8d88e7aa6af944499d601a6e9bb9b3ed - - default default] Unable to schedule network 91ed4db9-de94-4300-87a5-33a817ad92d4: no agents available; will retry on subsequent port and subnet creation events.
2026-04-25 01:24:43.201 8 INFO neutron.db.ovn_revision_numbers_db [None req-d67a2909-8a68-4a4c-878a-71fa8ea3e6ae b5e9ff7262b744dc891bb20556993797 cb04beabe1c24058862ce0f20ca84004 - - default default] Successfully bumped revision number for resource e9f8d0ee-e0b9-41db-a8c8-4a60cc725e7f (type: ports) to 1
2026-04-25 01:24:43.241 7 INFO neutron.plugins.ml2.drivers.ovn.mech_driver.mech_driver [None req-8d4bcdf1-4b06-45cc-a8a1-b8d14c45392e - - - - - -] OVN reports status down for port: 7ff700db-def9-4a84-bc6b-c5052d6e9ceb [pid: 8|app: 0|req: 657/1465] 10.0.0.180 () {34 vars in 665 bytes} [Sat Apr 25 01:24:42 2026] POST /v2.0/ports => generated 916 bytes in 573 msecs (HTTP/1.1 201) 4 headers in 162 bytes (1 switches on core 0)
2026-04-25 01:24:43.296 7 INFO neutron.db.ovn_revision_numbers_db [None req-3a0f02e9-878b-4f21-9448-681944494033 a509280be41b4400a93a4de9fb1614a6 8d88e7aa6af944499d601a6e9bb9b3ed - - default default] Successfully bumped revision number for resource 7ff700db-def9-4a84-bc6b-c5052d6e9ceb (type: ports) to 1 [pid: 7|app: 0|req: 809/1466] 10.0.0.180 () {34 vars in 665 bytes} [Sat Apr 25 01:24:42 2026] POST /v2.0/ports => generated 779 bytes in 408 msecs (HTTP/1.1 201) 4 headers in 162 bytes (1 switches on core 0) /var/lib/openstack/lib/python3.12/site-packages/pycadf/identifier.py:70: UserWarning: Invalid uuid: neutron. To ensure interoperability, identifiers should be a valid uuid. warnings.warn(('Invalid uuid: %s. To ensure interoperability, '
2026-04-25 01:24:43.410 8 INFO neutron_taas.services.taas.taas_plugin [None req-7ea2b345-5604-4425-8403-42a5d9e616dd b5e9ff7262b744dc891bb20556993797 cb04beabe1c24058862ce0f20ca84004 - - default default] TaaS: Handle Delete Port: e9f8d0ee-e0b9-41db-a8c8-4a60cc725e7f
2026-04-25 01:24:43.412 8 INFO neutron_taas.services.taas.tap_mirror_plugin [None req-7ea2b345-5604-4425-8403-42a5d9e616dd b5e9ff7262b744dc891bb20556993797 cb04beabe1c24058862ce0f20ca84004 - - default default] Tap Mirror: Handle Delete Port: e9f8d0ee-e0b9-41db-a8c8-4a60cc725e7f
2026-04-25 01:24:43.475 7 INFO neutron.db.segments_db [None req-858f97db-ed2e-42b9-afb6-9c64e536a0c0 a509280be41b4400a93a4de9fb1614a6 8d88e7aa6af944499d601a6e9bb9b3ed - - default default] Added segment dec74ccb-735b-472b-8e85-864dda696d7e of type geneve for network 23f0288e-a7de-424d-abe8-765b6410ed8e [pid: 8|app: 0|req: 658/1467] 10.0.0.180 () {32 vars in 720 bytes} [Sat Apr 25 01:24:43 2026] DELETE /v2.0/ports/e9f8d0ee-e0b9-41db-a8c8-4a60cc725e7f => generated 0 bytes in 249 msecs (HTTP/1.1 204) 3 headers in 131 bytes (1 switches on core 0)
2026-04-25 01:24:43.555 8 INFO neutron.pecan_wsgi.hooks.translation [None req-f3034eb1-211a-47c1-8353-57cd49a8978e b5e9ff7262b744dc891bb20556993797 cb04beabe1c24058862ce0f20ca84004 - - default default] GET failed (client error): The resource could not be found. [pid: 8|app: 0|req: 659/1468] 10.0.0.180 () {32 vars in 717 bytes} [Sat Apr 25 01:24:43 2026] GET /v2.0/ports/e9f8d0ee-e0b9-41db-a8c8-4a60cc725e7f => generated 132 bytes in 17 msecs (HTTP/1.1 404) 4 headers in 164 bytes (1 switches on core 0)
2026-04-25 01:24:43.591 7 INFO neutron.db.ovn_revision_numbers_db [None req-858f97db-ed2e-42b9-afb6-9c64e536a0c0 a509280be41b4400a93a4de9fb1614a6 8d88e7aa6af944499d601a6e9bb9b3ed - - default default] Successfully bumped revision number for resource 23f0288e-a7de-424d-abe8-765b6410ed8e (type: networks) to 1 [pid: 8|app: 0|req: 660/1469] 10.0.0.180 () {32 vars in 724 bytes} [Sat Apr 25 01:24:43 2026] DELETE /v2.0/subnets/8b1dd505-8f96-4c81-834a-994a100969e5 => generated 0 bytes in 189 msecs (HTTP/1.1 204) 3 headers in 131 bytes (1 switches on core 0)
2026-04-25 01:24:43.778 7 WARNING neutron.scheduler.dhcp_agent_scheduler [None req-858f97db-ed2e-42b9-afb6-9c64e536a0c0 a509280be41b4400a93a4de9fb1614a6 8d88e7aa6af944499d601a6e9bb9b3ed - - default default] No more DHCP agents
2026-04-25 01:24:43.779 7 WARNING neutron.api.rpc.agentnotifiers.dhcp_rpc_agent_api [None req-858f97db-ed2e-42b9-afb6-9c64e536a0c0 a509280be41b4400a93a4de9fb1614a6 8d88e7aa6af944499d601a6e9bb9b3ed - - default default] Unable to schedule network 23f0288e-a7de-424d-abe8-765b6410ed8e: no agents available; will retry on subsequent port and subnet creation events.
2026-04-25 01:24:43.841 8 INFO neutron.plugins.ml2.drivers.ovn.mech_driver.mech_driver [None req-88265be8-255f-471f-b437-4a8d437ddf5b - - - - - -] OVN reports status down for port: 45b4a4bd-15cd-4a3a-8d08-46ab9b1bb2ff
2026-04-25 01:24:43.889 7 INFO neutron.db.ovn_revision_numbers_db [None req-858f97db-ed2e-42b9-afb6-9c64e536a0c0 a509280be41b4400a93a4de9fb1614a6 8d88e7aa6af944499d601a6e9bb9b3ed - - default default] Successfully bumped revision number for resource 45b4a4bd-15cd-4a3a-8d08-46ab9b1bb2ff (type: ports) to 1 [pid: 7|app: 0|req: 810/1470] 10.0.0.180 () {34 vars in 670 bytes} [Sat Apr 25 01:24:43 2026] POST /v2.0/networks => generated 655 bytes in 543 msecs (HTTP/1.1 201) 4 headers in 162 bytes (1 switches on core 0)
2026-04-25 01:24:43.959 8 INFO neutron_taas.services.taas.taas_plugin [None req-c4ed7209-2c0b-479f-b31a-83818844d26a b5e9ff7262b744dc891bb20556993797 cb04beabe1c24058862ce0f20ca84004 - - default default] TaaS: Handle Delete Port: 7a8f0eff-baf8-4276-8c41-3fa44e314a26
2026-04-25 01:24:43.964 8 INFO neutron_taas.services.taas.tap_mirror_plugin [None req-c4ed7209-2c0b-479f-b31a-83818844d26a b5e9ff7262b744dc891bb20556993797 cb04beabe1c24058862ce0f20ca84004 - - default default] Tap Mirror: Handle Delete Port: 7a8f0eff-baf8-4276-8c41-3fa44e314a26
2026-04-25 01:24:44.113 7 WARNING neutron.scheduler.dhcp_agent_scheduler [None req-e6b019f2-f625-42b5-9053-67a3aa37ffa7 a509280be41b4400a93a4de9fb1614a6 8d88e7aa6af944499d601a6e9bb9b3ed - - default default] No more DHCP agents
2026-04-25 01:24:44.113 7 WARNING neutron.api.rpc.agentnotifiers.dhcp_rpc_agent_api [None req-e6b019f2-f625-42b5-9053-67a3aa37ffa7 a509280be41b4400a93a4de9fb1614a6 8d88e7aa6af944499d601a6e9bb9b3ed - - default default] Unable to schedule network 23f0288e-a7de-424d-abe8-765b6410ed8e: no agents available; will retry on subsequent port and subnet creation events.
2026-04-25 01:24:44.142 7 INFO neutron.db.ovn_revision_numbers_db [None req-e6b019f2-f625-42b5-9053-67a3aa37ffa7 a509280be41b4400a93a4de9fb1614a6 8d88e7aa6af944499d601a6e9bb9b3ed - - default default] Successfully bumped revision number for resource 717352df-3d03-4a98-b608-1372c1344115 (type: subnets) to 0 [pid: 7|app: 0|req: 811/1471] 10.0.0.180 () {34 vars in 669 bytes} [Sat Apr 25 01:24:43 2026] POST /v2.0/subnets => generated 646 bytes in 236 msecs (HTTP/1.1 201) 4 headers in 162 bytes (1 switches on core 0)
2026-04-25 01:24:44.166 8 INFO neutron.services.segments.plugin [-] Segment 0a9e567f-5691-466f-8db4-4b53e9c87db7 resource provider aggregate not found
2026-04-25 01:24:44.175 8 INFO neutron.services.segments.plugin [-] Segment 0a9e567f-5691-466f-8db4-4b53e9c87db7 resource provider aggregate not found
2026-04-25 01:24:44.190 8 INFO neutron.services.segments.plugin [-] Segment 0a9e567f-5691-466f-8db4-4b53e9c87db7 resource provider not found; error: Placement Client Error (4xx): {"errors": [{"status": 404, "title": "Not Found", "detail": "The resource could not be found.\n\n No resource provider with uuid 0a9e567f-5691-466f-8db4-4b53e9c87db7 found for delete ", "request_id": "req-4d61308e-d102-407f-b058-616fba2bee5e"}]}
2026-04-25 01:24:44.201 8 INFO neutron.services.segments.plugin [-] Segment 0a9e567f-5691-466f-8db4-4b53e9c87db7 resource provider not found; error: Placement Client Error (4xx): {"errors": [{"status": 404, "title": "Not Found", "detail": "The resource could not be found.\n\n No resource provider with uuid 0a9e567f-5691-466f-8db4-4b53e9c87db7 found for delete ", "request_id": "req-d258c03f-abaa-4176-aac1-b9f682835161"}]} [pid: 8|app: 0|req: 661/1472] 10.0.0.180 () {32 vars in 726 bytes} [Sat Apr 25 01:24:43 2026] DELETE /v2.0/networks/8b5cc835-7ca7-4f72-8557-b5c164d45226 => generated 0 bytes in 457 msecs (HTTP/1.1 204) 3 headers in 131 bytes (1 switches on core 0)
2026-04-25 01:24:44.468 7 WARNING neutron.scheduler.dhcp_agent_scheduler [None req-c60b7cb5-8dd4-4846-8f8c-3074e3881a2e a509280be41b4400a93a4de9fb1614a6 8d88e7aa6af944499d601a6e9bb9b3ed - - default default] No more DHCP agents
2026-04-25 01:24:44.469 7 WARNING neutron.api.rpc.agentnotifiers.dhcp_rpc_agent_api [None req-c60b7cb5-8dd4-4846-8f8c-3074e3881a2e a509280be41b4400a93a4de9fb1614a6 8d88e7aa6af944499d601a6e9bb9b3ed - - default default] Unable to schedule network 23f0288e-a7de-424d-abe8-765b6410ed8e: no agents available; will retry on subsequent port and subnet creation events.
2026-04-25 01:24:44.476 8 WARNING neutron.scheduler.dhcp_agent_scheduler [None req-f335ace2-f3b6-4512-89e4-ce8b93c0becf b5e9ff7262b744dc891bb20556993797 cb04beabe1c24058862ce0f20ca84004 - - default default] No more DHCP agents
2026-04-25 01:24:44.477 8 WARNING neutron.api.rpc.agentnotifiers.dhcp_rpc_agent_api [None req-f335ace2-f3b6-4512-89e4-ce8b93c0becf b5e9ff7262b744dc891bb20556993797 cb04beabe1c24058862ce0f20ca84004 - - default default] Unable to schedule network d668446f-3d91-4f67-ad41-199e0d20290e: no agents available; will retry on subsequent port and subnet creation events.
2026-04-25 01:24:44.526 8 INFO neutron.plugins.ml2.drivers.ovn.mech_driver.mech_driver [None req-88265be8-255f-471f-b437-4a8d437ddf5b - - - - - -] OVN reports status down for port: ac9e025e-c4b5-4763-be50-e007f5eb6b5e
2026-04-25 01:24:44.556 7 INFO neutron.plugins.ml2.drivers.ovn.mech_driver.mech_driver [None req-8d4bcdf1-4b06-45cc-a8a1-b8d14c45392e - - - - - -] OVN reports status down for port: 7a3f9a00-c9f7-40b0-8c2c-b6142d8b71cf
2026-04-25 01:24:44.607 8 INFO neutron.db.ovn_revision_numbers_db [None req-f335ace2-f3b6-4512-89e4-ce8b93c0becf b5e9ff7262b744dc891bb20556993797 cb04beabe1c24058862ce0f20ca84004 - - default default] Successfully bumped revision number for resource ac9e025e-c4b5-4763-be50-e007f5eb6b5e (type: ports) to 1
2026-04-25 01:24:44.611 7 INFO neutron.db.ovn_revision_numbers_db [None req-c60b7cb5-8dd4-4846-8f8c-3074e3881a2e a509280be41b4400a93a4de9fb1614a6 8d88e7aa6af944499d601a6e9bb9b3ed - - default default] Successfully bumped revision number for resource 7a3f9a00-c9f7-40b0-8c2c-b6142d8b71cf (type: ports) to 1 [pid: 7|app: 0|req: 812/1473] 10.0.0.180 () {34 vars in 665 bytes} [Sat Apr 25 01:24:44 2026] POST /v2.0/ports => generated 966 bytes in 498 msecs (HTTP/1.1 201) 4 headers in 162 bytes (1 switches on core 0) /var/lib/openstack/lib/python3.12/site-packages/pycadf/identifier.py:70: UserWarning: Invalid uuid: neutron. To ensure interoperability, identifiers should be a valid uuid. warnings.warn(('Invalid uuid: %s. To ensure interoperability, ' [pid: 8|app: 0|req: 662/1474] 10.0.0.180 () {34 vars in 665 bytes} [Sat Apr 25 01:24:44 2026] POST /v2.0/ports => generated 775 bytes in 485 msecs (HTTP/1.1 201) 4 headers in 162 bytes (1 switches on core 0) /var/lib/openstack/lib/python3.12/site-packages/pycadf/identifier.py:70: UserWarning: Invalid uuid: neutron. To ensure interoperability, identifiers should be a valid uuid. warnings.warn(('Invalid uuid: %s. To ensure interoperability, '
2026-04-25 01:24:44.809 7 INFO neutron_taas.services.taas.taas_plugin [None req-2b9d8e0c-3b69-49cb-bd81-b6cfea540296 a509280be41b4400a93a4de9fb1614a6 8d88e7aa6af944499d601a6e9bb9b3ed - - default default] TaaS: Handle Delete Port: 7a3f9a00-c9f7-40b0-8c2c-b6142d8b71cf
2026-04-25 01:24:44.814 7 INFO neutron_taas.services.taas.tap_mirror_plugin [None req-2b9d8e0c-3b69-49cb-bd81-b6cfea540296 a509280be41b4400a93a4de9fb1614a6 8d88e7aa6af944499d601a6e9bb9b3ed - - default default] Tap Mirror: Handle Delete Port: 7a3f9a00-c9f7-40b0-8c2c-b6142d8b71cf
2026-04-25 01:24:44.939 8 INFO neutron.plugins.ml2.drivers.ovn.mech_driver.mech_driver [None req-88265be8-255f-471f-b437-4a8d437ddf5b - - - - - -] OVN reports status down for port: ac9e025e-c4b5-4763-be50-e007f5eb6b5e [pid: 7|app: 0|req: 813/1475] 10.0.0.180 () {32 vars in 720 bytes} [Sat Apr 25 01:24:44 2026] DELETE /v2.0/ports/7a3f9a00-c9f7-40b0-8c2c-b6142d8b71cf => generated 0 bytes in 281 msecs (HTTP/1.1 204) 3 headers in 131 bytes (1 switches on core 0)
2026-04-25 01:24:44.967 7 INFO neutron.pecan_wsgi.hooks.translation [None req-0fdd1673-0e82-4fb3-a3e9-1012dcab1a84 a509280be41b4400a93a4de9fb1614a6 8d88e7aa6af944499d601a6e9bb9b3ed - - default default] DELETE failed (client error): The resource could not be found. [pid: 7|app: 0|req: 814/1476] 10.0.0.180 () {32 vars in 720 bytes} [Sat Apr 25 01:24:44 2026] DELETE /v2.0/ports/7a3f9a00-c9f7-40b0-8c2c-b6142d8b71cf => generated 132 bytes in 18 msecs (HTTP/1.1 404) 4 headers in 164 bytes (1 switches on core 0)
2026-04-25 01:24:44.991 7 INFO neutron.pecan_wsgi.hooks.translation [None req-c6667a97-0d55-4ca0-9f43-1377828728d6 a509280be41b4400a93a4de9fb1614a6 8d88e7aa6af944499d601a6e9bb9b3ed - - default default] GET failed (client error): The resource could not be found. [pid: 7|app: 0|req: 815/1477] 10.0.0.180 () {32 vars in 717 bytes} [Sat Apr 25 01:24:44 2026] GET /v2.0/ports/7a3f9a00-c9f7-40b0-8c2c-b6142d8b71cf => generated 132 bytes in 18 msecs (HTTP/1.1 404) 4 headers in 164 bytes (1 switches on core 0)
2026-04-25 01:24:44.996 8 INFO neutron.db.ovn_revision_numbers_db [None req-30d653b4-9931-4b39-a3b6-45868d7b976a b5e9ff7262b744dc891bb20556993797 cb04beabe1c24058862ce0f20ca84004 - - default default] Successfully bumped revision number for resource ac9e025e-c4b5-4763-be50-e007f5eb6b5e (type: ports) to 2 [pid: 8|app: 0|req: 663/1478] 10.0.0.180 () {34 vars in 737 bytes} [Sat Apr 25 01:24:44 2026] PUT /v2.0/ports/ac9e025e-c4b5-4763-be50-e007f5eb6b5e => generated 752 bytes in 317 msecs (HTTP/1.1 200) 4 headers in 157 bytes (1 switches on core 0) /var/lib/openstack/lib/python3.12/site-packages/pycadf/identifier.py:70: UserWarning: Invalid uuid: neutron. To ensure interoperability, identifiers should be a valid uuid. warnings.warn(('Invalid uuid: %s. To ensure interoperability, ' [pid: 7|app: 0|req: 816/1479] 10.0.0.180 () {32 vars in 724 bytes} [Sat Apr 25 01:24:44 2026] DELETE /v2.0/subnets/717352df-3d03-4a98-b608-1372c1344115 => generated 0 bytes in 125 msecs (HTTP/1.1 204) 3 headers in 131 bytes (1 switches on core 0)
2026-04-25 01:24:45.179 8 INFO neutron_taas.services.taas.taas_plugin [None req-3f06c4c2-27e4-4b2e-899c-83584213366b b5e9ff7262b744dc891bb20556993797 cb04beabe1c24058862ce0f20ca84004 - - default default] TaaS: Handle Delete Port: ac9e025e-c4b5-4763-be50-e007f5eb6b5e
2026-04-25 01:24:45.183 8 INFO neutron_taas.services.taas.tap_mirror_plugin [None req-3f06c4c2-27e4-4b2e-899c-83584213366b b5e9ff7262b744dc891bb20556993797 cb04beabe1c24058862ce0f20ca84004 - - default default] Tap Mirror: Handle Delete Port: ac9e025e-c4b5-4763-be50-e007f5eb6b5e
2026-04-25 01:24:45.253 7 INFO neutron_taas.services.taas.taas_plugin [None req-60cd1743-337d-4d83-909b-276eb82170d9 a509280be41b4400a93a4de9fb1614a6 8d88e7aa6af944499d601a6e9bb9b3ed - - default default] TaaS: Handle Delete Port: 45b4a4bd-15cd-4a3a-8d08-46ab9b1bb2ff
2026-04-25 01:24:45.256 7 INFO neutron_taas.services.taas.tap_mirror_plugin [None req-60cd1743-337d-4d83-909b-276eb82170d9 a509280be41b4400a93a4de9fb1614a6 8d88e7aa6af944499d601a6e9bb9b3ed - - default default] Tap Mirror: Handle Delete Port: 45b4a4bd-15cd-4a3a-8d08-46ab9b1bb2ff [pid: 8|app: 0|req: 664/1480] 10.0.0.180 () {32 vars in 720 bytes} [Sat Apr 25 01:24:45 2026] DELETE /v2.0/ports/ac9e025e-c4b5-4763-be50-e007f5eb6b5e => generated 0 bytes in 272 msecs (HTTP/1.1 204) 3 headers in 131 bytes (1 switches on core 0) [pid: 8|app: 0|req: 665/1481] 10.0.0.180 () {32 vars in 643 bytes} [Sat Apr 25 01:24:45 2026] GET /v2.0/ports => generated 1534 bytes in 45 msecs (HTTP/1.1 200) 4 headers in 158 bytes (1 switches on core 0)
2026-04-25 01:24:45.390 8 INFO neutron.pecan_wsgi.hooks.translation [None req-240c5645-f2dc-4468-bc50-ece5e1047aed b5e9ff7262b744dc891bb20556993797 cb04beabe1c24058862ce0f20ca84004 - - default default] GET failed (client error): The resource could not be found. [pid: 8|app: 0|req: 666/1482] 10.0.0.180 () {32 vars in 717 bytes} [Sat Apr 25 01:24:45 2026] GET /v2.0/ports/ac9e025e-c4b5-4763-be50-e007f5eb6b5e => generated 132 bytes in 30 msecs (HTTP/1.1 404) 4 headers in 164 bytes (1 switches on core 0) [pid: 8|app: 0|req: 667/1483] 10.0.0.180 () {32 vars in 643 bytes} [Sat Apr 25 01:24:45 2026] GET /v2.0/ports => generated 1534 bytes in 50 msecs (HTTP/1.1 200) 4 headers in 158 bytes (1 switches on core 0)
2026-04-25 01:24:45.466 7 INFO neutron.services.segments.plugin [-] Segment dec74ccb-735b-472b-8e85-864dda696d7e resource provider aggregate not found
2026-04-25 01:24:45.469 7 INFO neutron.services.segments.plugin [-] Segment dec74ccb-735b-472b-8e85-864dda696d7e resource provider aggregate not found
2026-04-25 01:24:45.490 7 INFO neutron.services.segments.plugin [-] Segment dec74ccb-735b-472b-8e85-864dda696d7e resource provider not found; error: Placement Client Error (4xx): {"errors": [{"status": 404, "title": "Not Found", "detail": "The resource could not be found.\n\n No resource provider with uuid dec74ccb-735b-472b-8e85-864dda696d7e found for delete ", "request_id": "req-43b406a5-d36f-4350-bd2f-922cca4e2505"}]} [pid: 8|app: 0|req: 668/1484] 10.0.0.180 () {32 vars in 717 bytes} [Sat Apr 25 01:24:45 2026] GET /v2.0/ports/97cca8fc-1866-4aa4-a988-1d6a35392302 => generated 775 bytes in 38 msecs (HTTP/1.1 200) 4 headers in 157 bytes (1 switches on core 0)
2026-04-25 01:24:45.492 7 INFO neutron.services.segments.plugin [-] Segment dec74ccb-735b-472b-8e85-864dda696d7e resource provider not found; error: Placement Client Error (4xx): {"errors": [{"status": 404, "title": "Not Found", "detail": "The resource could not be found.\n\n No resource provider with uuid dec74ccb-735b-472b-8e85-864dda696d7e found for delete ", "request_id": "req-2063d936-1248-4f82-80a7-37d5b1a65899"}]} [pid: 7|app: 0|req: 817/1485] 10.0.0.180 () {32 vars in 726 bytes} [Sat Apr 25 01:24:45 2026] DELETE /v2.0/networks/23f0288e-a7de-424d-abe8-765b6410ed8e => generated 0 bytes in 380 msecs (HTTP/1.1 204) 3 headers in 131 bytes (1 switches on core 0)
2026-04-25 01:24:45.515 8 INFO neutron.pecan_wsgi.hooks.translation [None req-f08f634d-fdfa-4fea-be11-a5207e8b3ade b5e9ff7262b744dc891bb20556993797 cb04beabe1c24058862ce0f20ca84004 - - default default] DELETE failed (client error): The resource could not be found. [pid: 8|app: 0|req: 669/1486] 10.0.0.180 () {32 vars in 720 bytes} [Sat Apr 25 01:24:45 2026] DELETE /v2.0/ports/e9f8d0ee-e0b9-41db-a8c8-4a60cc725e7f => generated 132 bytes in 20 msecs (HTTP/1.1 404) 4 headers in 164 bytes (1 switches on core 0)
2026-04-25 01:24:45.535 8 INFO neutron.pecan_wsgi.hooks.translation [None req-248e515c-6368-4385-9d2f-76bb0344c287 b5e9ff7262b744dc891bb20556993797 cb04beabe1c24058862ce0f20ca84004 - - default default] DELETE failed (client error): The resource could not be found. [pid: 8|app: 0|req: 670/1487] 10.0.0.180 () {32 vars in 724 bytes} [Sat Apr 25 01:24:45 2026] DELETE /v2.0/subnets/8b1dd505-8f96-4c81-834a-994a100969e5 => generated 136 bytes in 15 msecs (HTTP/1.1 404) 4 headers in 164 bytes (1 switches on core 0)
2026-04-25 01:24:45.553 8 INFO neutron.pecan_wsgi.hooks.translation [None req-2256ca72-18b0-4106-937e-7d249348aabb b5e9ff7262b744dc891bb20556993797 cb04beabe1c24058862ce0f20ca84004 - - default default] DELETE failed (client error): The resource could not be found. [pid: 8|app: 0|req: 671/1488] 10.0.0.180 () {32 vars in 724 bytes} [Sat Apr 25 01:24:45 2026] DELETE /v2.0/subnets/af755077-cd65-4811-9c28-0015fa399d0f => generated 136 bytes in 12 msecs (HTTP/1.1 404) 4 headers in 164 bytes (1 switches on core 0)
2026-04-25 01:24:45.601 7 INFO neutron.db.segments_db [None req-34d7a57c-de66-4c4f-bad0-221960de6054 a509280be41b4400a93a4de9fb1614a6 8d88e7aa6af944499d601a6e9bb9b3ed - - default default] Added segment 328645dc-abba-445f-8ca6-019da785d51c of type geneve for network 6230d4b6-f265-43be-975b-daaeaf21f3de
2026-04-25 01:24:45.690 8 INFO neutron_taas.services.taas.taas_plugin [None req-9398a62f-a753-4568-af9a-b3dd6eaaabac b5e9ff7262b744dc891bb20556993797 cb04beabe1c24058862ce0f20ca84004 - - default default] TaaS: Handle Delete Port: 97cca8fc-1866-4aa4-a988-1d6a35392302
2026-04-25 01:24:45.697 8 INFO neutron_taas.services.taas.tap_mirror_plugin [None req-9398a62f-a753-4568-af9a-b3dd6eaaabac b5e9ff7262b744dc891bb20556993797 cb04beabe1c24058862ce0f20ca84004 - - default default] Tap Mirror: Handle Delete Port: 97cca8fc-1866-4aa4-a988-1d6a35392302
2026-04-25 01:24:45.701 7 INFO neutron.db.ovn_revision_numbers_db [None req-34d7a57c-de66-4c4f-bad0-221960de6054 a509280be41b4400a93a4de9fb1614a6 8d88e7aa6af944499d601a6e9bb9b3ed - - default default] Successfully bumped revision number for resource 6230d4b6-f265-43be-975b-daaeaf21f3de (type: networks) to 1 [pid: 8|app: 0|req: 672/1489] 10.0.0.180 () {32 vars in 720 bytes} [Sat Apr 25 01:24:45 2026] DELETE /v2.0/ports/97cca8fc-1866-4aa4-a988-1d6a35392302 => generated 0 bytes in 248 msecs (HTTP/1.1 204) 3 headers in 131 bytes (1 switches on core 0)
2026-04-25 01:24:45.888 7 WARNING neutron.scheduler.dhcp_agent_scheduler [None req-34d7a57c-de66-4c4f-bad0-221960de6054 a509280be41b4400a93a4de9fb1614a6 8d88e7aa6af944499d601a6e9bb9b3ed - - default default] No more DHCP agents
2026-04-25 01:24:45.889 7 WARNING neutron.api.rpc.agentnotifiers.dhcp_rpc_agent_api [None req-34d7a57c-de66-4c4f-bad0-221960de6054 a509280be41b4400a93a4de9fb1614a6 8d88e7aa6af944499d601a6e9bb9b3ed - - default default] Unable to schedule network 6230d4b6-f265-43be-975b-daaeaf21f3de: no agents available; will retry on subsequent port and subnet creation events.
2026-04-25 01:24:45.914 8 INFO neutron_taas.services.taas.taas_plugin [None req-2ac86eba-8bfe-4d97-bdc3-a1bd7f7a54cb b5e9ff7262b744dc891bb20556993797 cb04beabe1c24058862ce0f20ca84004 - - default default] TaaS: Handle Delete Port: f4c4953e-1242-4263-8cf1-c6768fa84102
2026-04-25 01:24:45.917 8 INFO neutron_taas.services.taas.tap_mirror_plugin [None req-2ac86eba-8bfe-4d97-bdc3-a1bd7f7a54cb b5e9ff7262b744dc891bb20556993797 cb04beabe1c24058862ce0f20ca84004 - - default default] Tap Mirror: Handle Delete Port: f4c4953e-1242-4263-8cf1-c6768fa84102
2026-04-25 01:24:45.936 7 INFO neutron.plugins.ml2.drivers.ovn.mech_driver.mech_driver [None req-8d4bcdf1-4b06-45cc-a8a1-b8d14c45392e - - - - - -] OVN reports status down for port: 4cb0532e-deeb-46de-a142-f51469b1dac9
2026-04-25 01:24:45.989 7 INFO neutron.db.ovn_revision_numbers_db [None req-34d7a57c-de66-4c4f-bad0-221960de6054 a509280be41b4400a93a4de9fb1614a6 8d88e7aa6af944499d601a6e9bb9b3ed - - default default] Successfully bumped revision number for resource 4cb0532e-deeb-46de-a142-f51469b1dac9 (type: ports) to 1 [pid: 7|app: 0|req: 818/1490] 10.0.0.180 () {34 vars in 670 bytes} [Sat Apr 25 01:24:45 2026] POST /v2.0/networks => generated 655 bytes in 518 msecs (HTTP/1.1 201) 4 headers in 162 bytes (1 switches on core 0) [pid: 8|app: 0|req: 673/1491] 10.0.0.180 () {32 vars in 726 bytes} [Sat Apr 25 01:24:45 2026] DELETE /v2.0/networks/d668446f-3d91-4f67-ad41-199e0d20290e => generated 0 bytes in 346 msecs (HTTP/1.1 204) 3 headers in 131 bytes (1 switches on core 0)
2026-04-25 01:24:46.207 8 INFO neutron.services.segments.plugin [-] Segment 232daaf0-6db0-4c13-b69f-589c4eec3409 resource provider aggregate not found
2026-04-25 01:24:46.221 8 INFO neutron.services.segments.plugin [-] Segment 232daaf0-6db0-4c13-b69f-589c4eec3409 resource provider aggregate not found
2026-04-25 01:24:46.227 8 INFO neutron.services.segments.plugin [-] Segment 232daaf0-6db0-4c13-b69f-589c4eec3409 resource provider not found; error: Placement Client Error (4xx): {"errors": [{"status": 404, "title": "Not Found", "detail": "The resource could not be found.\n\n No resource provider with uuid 232daaf0-6db0-4c13-b69f-589c4eec3409 found for delete ", "request_id": "req-0dace538-f763-4787-b11c-546c32cd235d"}]}
2026-04-25 01:24:46.241 8 INFO neutron.services.segments.plugin [-] Segment 232daaf0-6db0-4c13-b69f-589c4eec3409 resource provider not found; error: Placement Client Error (4xx): {"errors": [{"status": 404, "title": "Not Found", "detail": "The resource could not be found.\n\n No resource provider with uuid 232daaf0-6db0-4c13-b69f-589c4eec3409 found for delete ", "request_id": "req-0ed983a1-08bc-4122-aeff-73f00f9ba035"}]}
2026-04-25 01:24:46.266 7 WARNING neutron.scheduler.dhcp_agent_scheduler [None req-4b1babe1-a35f-44bc-9583-318d48a84a0d a509280be41b4400a93a4de9fb1614a6 8d88e7aa6af944499d601a6e9bb9b3ed - - default default] No more DHCP agents
2026-04-25 01:24:46.268 7 WARNING neutron.api.rpc.agentnotifiers.dhcp_rpc_agent_api [None req-4b1babe1-a35f-44bc-9583-318d48a84a0d a509280be41b4400a93a4de9fb1614a6 8d88e7aa6af944499d601a6e9bb9b3ed - - default default] Unable to schedule network 6230d4b6-f265-43be-975b-daaeaf21f3de: no agents available; will retry on subsequent port and subnet creation events.
2026-04-25 01:24:46.297 7 INFO neutron.db.ovn_revision_numbers_db [None req-4b1babe1-a35f-44bc-9583-318d48a84a0d a509280be41b4400a93a4de9fb1614a6 8d88e7aa6af944499d601a6e9bb9b3ed - - default default] Successfully bumped revision number for resource 47ab0dba-47ac-47b4-872d-51733be06657 (type: subnets) to 0 [pid: 7|app: 0|req: 819/1492] 10.0.0.180 () {34 vars in 669 bytes} [Sat Apr 25 01:24:46 2026] POST /v2.0/subnets => generated 646 bytes in 280 msecs (HTTP/1.1 201) 4 headers in 162 bytes (1 switches on core 0)
2026-04-25 01:24:46.545 8 WARNING neutron.scheduler.dhcp_agent_scheduler [None req-751998b7-f968-4b42-9874-25bf76dfb81c a509280be41b4400a93a4de9fb1614a6 8d88e7aa6af944499d601a6e9bb9b3ed - - default default] No more DHCP agents
2026-04-25 01:24:46.546 8 WARNING neutron.api.rpc.agentnotifiers.dhcp_rpc_agent_api [None req-751998b7-f968-4b42-9874-25bf76dfb81c a509280be41b4400a93a4de9fb1614a6 8d88e7aa6af944499d601a6e9bb9b3ed - - default default] Unable to schedule network 6230d4b6-f265-43be-975b-daaeaf21f3de: no agents available; will retry on subsequent port and subnet creation events.
2026-04-25 01:24:46.603 7 INFO neutron.plugins.ml2.drivers.ovn.mech_driver.mech_driver [None req-8d4bcdf1-4b06-45cc-a8a1-b8d14c45392e - - - - - -] OVN reports status down for port: 9f9c698a-a90f-41cf-ade4-8b3d348b46a3
2026-04-25 01:24:46.638 8 INFO neutron.db.ovn_revision_numbers_db [None req-751998b7-f968-4b42-9874-25bf76dfb81c a509280be41b4400a93a4de9fb1614a6 8d88e7aa6af944499d601a6e9bb9b3ed - - default default] Successfully bumped revision number for resource 9f9c698a-a90f-41cf-ade4-8b3d348b46a3 (type: ports) to 1 [pid: 8|app: 0|req: 674/1493] 10.0.0.180 () {34 vars in 665 bytes} [Sat Apr 25 01:24:46 2026] POST /v2.0/ports => generated 923 bytes in 368 msecs (HTTP/1.1 201) 4 headers in 162 bytes (1 switches on core 0)
2026-04-25 01:24:46.807 8 INFO neutron_taas.services.taas.taas_plugin [None req-c9a05c2a-ba15-4462-87f1-c146fc929bee a509280be41b4400a93a4de9fb1614a6 8d88e7aa6af944499d601a6e9bb9b3ed - - default default] TaaS: Handle Delete Port: 9f9c698a-a90f-41cf-ade4-8b3d348b46a3
2026-04-25 01:24:46.810 8 INFO neutron_taas.services.taas.tap_mirror_plugin [None req-c9a05c2a-ba15-4462-87f1-c146fc929bee a509280be41b4400a93a4de9fb1614a6 8d88e7aa6af944499d601a6e9bb9b3ed - - default default] Tap Mirror: Handle Delete Port: 9f9c698a-a90f-41cf-ade4-8b3d348b46a3 [pid: 7|app: 0|req: 820/1494] 10.0.0.180 () {32 vars in 774 bytes} [Sat Apr 25 01:24:46 2026] GET /v2.0/security-groups?tenant_id=cb04beabe1c24058862ce0f20ca84004&name=default => generated 2925 bytes in 140 msecs (HTTP/1.1 200) 4 headers in 158 bytes (1 switches on core 0) [pid: 8|app: 0|req: 675/1495] 10.0.0.180 () {32 vars in 720 bytes} [Sat Apr 25 01:24:46 2026] DELETE /v2.0/ports/9f9c698a-a90f-41cf-ade4-8b3d348b46a3 => generated 0 bytes in 221 msecs (HTTP/1.1 204) 3 headers in 131 bytes (1 switches on core 0)
2026-04-25 01:24:46.942 8 INFO neutron.pecan_wsgi.hooks.translation [None req-a0109bba-7272-48df-9bf8-04a7ad2be941 a509280be41b4400a93a4de9fb1614a6 8d88e7aa6af944499d601a6e9bb9b3ed - - default default] GET failed (client error): The resource could not be found. [pid: 8|app: 0|req: 676/1496] 10.0.0.180 () {32 vars in 717 bytes} [Sat Apr 25 01:24:46 2026] GET /v2.0/ports/9f9c698a-a90f-41cf-ade4-8b3d348b46a3 => generated 132 bytes in 15 msecs (HTTP/1.1 404) 4 headers in 164 bytes (1 switches on core 0) [pid: 7|app: 0|req: 821/1497] 10.0.0.180 () {32 vars in 740 bytes} [Sat Apr 25 01:24:46 2026] DELETE /v2.0/security-groups/3b7e9f8b-c0b4-45b6-9925-3bee12110bf4 => generated 0 bytes in 219 msecs (HTTP/1.1 204) 2 headers in 112 bytes (1 switches on core 0) [pid: 8|app: 0|req: 677/1498] 10.0.0.180 () {32 vars in 724 bytes} [Sat Apr 25 01:24:46 2026] DELETE /v2.0/subnets/47ab0dba-47ac-47b4-872d-51733be06657 => generated 0 bytes in 140 msecs (HTTP/1.1 204) 3 headers in 131 bytes (1 switches on core 0)
2026-04-25 01:24:47.213 7 INFO neutron_taas.services.taas.taas_plugin [None req-76a5278f-d49f-4d3d-8c31-26cf613c87a5 a509280be41b4400a93a4de9fb1614a6 8d88e7aa6af944499d601a6e9bb9b3ed - - default default] TaaS: Handle Delete Port: 4cb0532e-deeb-46de-a142-f51469b1dac9
2026-04-25 01:24:47.216 7 INFO neutron_taas.services.taas.tap_mirror_plugin [None req-76a5278f-d49f-4d3d-8c31-26cf613c87a5 a509280be41b4400a93a4de9fb1614a6 8d88e7aa6af944499d601a6e9bb9b3ed - - default default] Tap Mirror: Handle Delete Port: 4cb0532e-deeb-46de-a142-f51469b1dac9 [pid: 7|app: 0|req: 822/1499] 10.0.0.180 () {32 vars in 726 bytes} [Sat Apr 25 01:24:47 2026] DELETE /v2.0/networks/6230d4b6-f265-43be-975b-daaeaf21f3de => generated 0 bytes in 341 msecs (HTTP/1.1 204) 3 headers in 131 bytes (1 switches on core 0)
2026-04-25 01:24:47.512 7 INFO neutron.services.segments.plugin [-] Segment 328645dc-abba-445f-8ca6-019da785d51c resource provider aggregate not found
2026-04-25 01:24:47.517 7 INFO neutron.services.segments.plugin [-] Segment 328645dc-abba-445f-8ca6-019da785d51c resource provider aggregate not found
