2026-04-25 01:24:47.534 7 INFO neutron.services.segments.plugin [-] Segment 328645dc-abba-445f-8ca6-019da785d51c resource provider not found; error: Placement Client Error (4xx): {"errors": [{"status": 404, "title": "Not Found", "detail": "The resource could not be found.\n\n No resource provider with uuid 328645dc-abba-445f-8ca6-019da785d51c found for delete ", "request_id": "req-c8f4436c-676f-49ba-a4cb-dae863f74b2c"}]}
2026-04-25 01:24:47.535 7 INFO neutron.services.segments.plugin [-] Segment 328645dc-abba-445f-8ca6-019da785d51c resource provider not found; error: Placement Client Error (4xx): {"errors": [{"status": 404, "title": "Not Found", "detail": "The resource could not be found.\n\n No resource provider with uuid 328645dc-abba-445f-8ca6-019da785d51c found for delete ", "request_id": "req-3c98961d-fd85-4b80-a25c-253fda799855"}]}
2026-04-25 01:24:47.647 8 WARNING neutron.scheduler.dhcp_agent_scheduler [None req-04af6861-f79a-486d-8a38-cbd5fadc5ee3 a509280be41b4400a93a4de9fb1614a6 8d88e7aa6af944499d601a6e9bb9b3ed - - default default] No more DHCP agents
2026-04-25 01:24:47.648 8 WARNING neutron.api.rpc.agentnotifiers.dhcp_rpc_agent_api [None req-04af6861-f79a-486d-8a38-cbd5fadc5ee3 a509280be41b4400a93a4de9fb1614a6 8d88e7aa6af944499d601a6e9bb9b3ed - - default default] Unable to schedule network 91ed4db9-de94-4300-87a5-33a817ad92d4: no agents available; will retry on subsequent port and subnet creation events.
2026-04-25 01:24:47.702 8 INFO neutron.plugins.ml2.drivers.ovn.mech_driver.mech_driver [None req-88265be8-255f-471f-b437-4a8d437ddf5b - - - - - -] OVN reports status down for port: fd39e7ff-d9d5-4f95-ad9d-2047cb43c263
2026-04-25 01:24:47.778 8 INFO neutron.db.ovn_revision_numbers_db [None req-04af6861-f79a-486d-8a38-cbd5fadc5ee3 a509280be41b4400a93a4de9fb1614a6 8d88e7aa6af944499d601a6e9bb9b3ed - - default default] Successfully bumped revision number for resource fd39e7ff-d9d5-4f95-ad9d-2047cb43c263 (type: ports) to 1 [pid: 8|app: 0|req: 678/1500] 10.0.0.180 () {34 vars in 665 bytes} [Sat Apr 25 01:24:47 2026] POST /v2.0/ports => generated 779 bytes in 427 msecs (HTTP/1.1 201) 4 headers in 162 bytes (1 switches on core 0)
2026-04-25 01:24:48.081 8 INFO neutron.plugins.ml2.drivers.ovn.mech_driver.mech_driver [None req-88265be8-255f-471f-b437-4a8d437ddf5b - - - - - -] OVN reports status down for port: fd39e7ff-d9d5-4f95-ad9d-2047cb43c263
2026-04-25 01:24:48.106 7 INFO neutron.db.ovn_revision_numbers_db [None req-fc34bc07-2592-4ce5-8d99-0f0c359903fd a509280be41b4400a93a4de9fb1614a6 8d88e7aa6af944499d601a6e9bb9b3ed - - default default] Successfully bumped revision number for resource fd39e7ff-d9d5-4f95-ad9d-2047cb43c263 (type: ports) to 2 [pid: 7|app: 0|req: 823/1501] 10.0.0.180 () {34 vars in 737 bytes} [Sat Apr 25 01:24:47 2026] PUT /v2.0/ports/fd39e7ff-d9d5-4f95-ad9d-2047cb43c263 => generated 752 bytes in 251 msecs (HTTP/1.1 200) 4 headers in 157 bytes (1 switches on core 0) /var/lib/openstack/lib/python3.12/site-packages/pycadf/identifier.py:70: UserWarning: Invalid uuid: neutron. To ensure interoperability, identifiers should be a valid uuid. warnings.warn(('Invalid uuid: %s. To ensure interoperability, '
2026-04-25 01:24:48.260 8 INFO neutron_taas.services.taas.taas_plugin [None req-d2995cbf-1955-4697-aa4d-ae2a750d1860 a509280be41b4400a93a4de9fb1614a6 8d88e7aa6af944499d601a6e9bb9b3ed - - default default] TaaS: Handle Delete Port: fd39e7ff-d9d5-4f95-ad9d-2047cb43c263
2026-04-25 01:24:48.263 8 INFO neutron_taas.services.taas.tap_mirror_plugin [None req-d2995cbf-1955-4697-aa4d-ae2a750d1860 a509280be41b4400a93a4de9fb1614a6 8d88e7aa6af944499d601a6e9bb9b3ed - - default default] Tap Mirror: Handle Delete Port: fd39e7ff-d9d5-4f95-ad9d-2047cb43c263 [pid: 8|app: 0|req: 679/1502] 10.0.0.180 () {32 vars in 720 bytes} [Sat Apr 25 01:24:48 2026] DELETE /v2.0/ports/fd39e7ff-d9d5-4f95-ad9d-2047cb43c263 => generated 0 bytes in 255 msecs (HTTP/1.1 204) 3 headers in 131 bytes (1 switches on core 0) /var/lib/openstack/lib/python3.12/site-packages/pycadf/identifier.py:70: UserWarning: Invalid uuid: neutron. To ensure interoperability, identifiers should be a valid uuid. warnings.warn(('Invalid uuid: %s. To ensure interoperability, ' [pid: 7|app: 0|req: 824/1503] 10.0.0.180 () {32 vars in 643 bytes} [Sat Apr 25 01:24:48 2026] GET /v2.0/ports => generated 1538 bytes in 89 msecs (HTTP/1.1 200) 4 headers in 158 bytes (1 switches on core 0)
2026-04-25 01:24:48.510 8 INFO neutron.pecan_wsgi.hooks.translation [None req-61d92823-0a48-4f84-9ca5-ee827e283365 a509280be41b4400a93a4de9fb1614a6 8d88e7aa6af944499d601a6e9bb9b3ed - - default default] GET failed (client error): The resource could not be found. [pid: 8|app: 0|req: 680/1504] 10.0.0.180 () {32 vars in 717 bytes} [Sat Apr 25 01:24:48 2026] GET /v2.0/ports/fd39e7ff-d9d5-4f95-ad9d-2047cb43c263 => generated 132 bytes in 22 msecs (HTTP/1.1 404) 4 headers in 164 bytes (1 switches on core 0) [pid: 7|app: 0|req: 825/1505] 10.0.0.180 () {32 vars in 643 bytes} [Sat Apr 25 01:24:48 2026] GET /v2.0/ports => generated 1538 bytes in 38 msecs (HTTP/1.1 200) 4 headers in 158 bytes (1 switches on core 0) [pid: 8|app: 0|req: 681/1506] 10.0.0.180 () {32 vars in 717 bytes} [Sat Apr 25 01:24:48 2026] GET /v2.0/ports/7ff700db-def9-4a84-bc6b-c5052d6e9ceb => generated 779 bytes in 38 msecs (HTTP/1.1 200) 4 headers in 157 bytes (1 switches on core 0)
2026-04-25 01:24:48.628 7 INFO neutron.pecan_wsgi.hooks.translation [None req-11418ad1-637c-4a37-ac7f-3b450de4701d a509280be41b4400a93a4de9fb1614a6 8d88e7aa6af944499d601a6e9bb9b3ed - - default default] DELETE failed (client error): The resource could not be found. [pid: 7|app: 0|req: 826/1507] 10.0.0.180 () {32 vars in 720 bytes} [Sat Apr 25 01:24:48 2026] DELETE /v2.0/ports/9f9c698a-a90f-41cf-ade4-8b3d348b46a3 => generated 132 bytes in 23 msecs (HTTP/1.1 404) 4 headers in 164 bytes (1 switches on core 0)
2026-04-25 01:24:48.651 8 INFO neutron.pecan_wsgi.hooks.translation [None req-9bc4a5ec-aff2-4360-acb1-1ad85027cc9c a509280be41b4400a93a4de9fb1614a6 8d88e7aa6af944499d601a6e9bb9b3ed - - default default] DELETE failed (client error): The resource could not be found. [pid: 8|app: 0|req: 682/1508] 10.0.0.180 () {32 vars in 724 bytes} [Sat Apr 25 01:24:48 2026] DELETE /v2.0/subnets/47ab0dba-47ac-47b4-872d-51733be06657 => generated 136 bytes in 18 msecs (HTTP/1.1 404) 4 headers in 164 bytes (1 switches on core 0)
2026-04-25 01:24:48.673 7 INFO neutron.pecan_wsgi.hooks.translation [None req-832bbd7a-b76b-468c-849b-a2cbb3039a62 a509280be41b4400a93a4de9fb1614a6 8d88e7aa6af944499d601a6e9bb9b3ed - - default default] DELETE failed (client error): The resource could not be found. [pid: 7|app: 0|req: 827/1509] 10.0.0.180 () {32 vars in 724 bytes} [Sat Apr 25 01:24:48 2026] DELETE /v2.0/subnets/717352df-3d03-4a98-b608-1372c1344115 => generated 136 bytes in 18 msecs (HTTP/1.1 404) 4 headers in 164 bytes (1 switches on core 0)
2026-04-25 01:24:48.805 8 INFO neutron_taas.services.taas.taas_plugin [None req-f20561fa-dae0-4153-a0ea-d7686f80aa66 a509280be41b4400a93a4de9fb1614a6 8d88e7aa6af944499d601a6e9bb9b3ed - - default default] TaaS: Handle Delete Port: 7ff700db-def9-4a84-bc6b-c5052d6e9ceb
2026-04-25 01:24:48.808 8 INFO neutron_taas.services.taas.tap_mirror_plugin [None req-f20561fa-dae0-4153-a0ea-d7686f80aa66 a509280be41b4400a93a4de9fb1614a6 8d88e7aa6af944499d601a6e9bb9b3ed - - default default] Tap Mirror: Handle Delete Port: 7ff700db-def9-4a84-bc6b-c5052d6e9ceb [pid: 8|app: 0|req: 683/1510] 10.0.0.180 () {32 vars in 720 bytes} [Sat Apr 25 01:24:48 2026] DELETE /v2.0/ports/7ff700db-def9-4a84-bc6b-c5052d6e9ceb => generated 0 bytes in 250 msecs (HTTP/1.1 204) 3 headers in 131 bytes (1 switches on core 0)
2026-04-25 01:24:49.019 7 INFO neutron.db.ovn_revision_numbers_db [None req-ae0179ef-7f63-41d0-b786-d3c2426beb48 0f902be556724601b15f104dde398bd4 4c30897d5775412aab488fc77e55b655 - - default default] Successfully bumped revision number for resource 76de8abd-10bb-4c2d-a6d3-06be02a88ef1 (type: security_groups) to 1
2026-04-25 01:24:49.033 7 INFO neutron.db.ovn_revision_numbers_db [None req-ae0179ef-7f63-41d0-b786-d3c2426beb48 0f902be556724601b15f104dde398bd4 4c30897d5775412aab488fc77e55b655 - - default default] Successfully bumped revision number for resource 1e9aa371-efe8-4d4b-8552-a4baf3073a9b (type: security_group_rules) to 0
2026-04-25 01:24:49.045 7 INFO neutron.db.ovn_revision_numbers_db [None req-ae0179ef-7f63-41d0-b786-d3c2426beb48 0f902be556724601b15f104dde398bd4 4c30897d5775412aab488fc77e55b655 - - default default] Successfully bumped revision number for resource e00f5696-9b22-4009-8bfb-cabc06375c81 (type: security_group_rules) to 0
2026-04-25 01:24:49.055 7 INFO neutron.db.ovn_revision_numbers_db [None req-ae0179ef-7f63-41d0-b786-d3c2426beb48 0f902be556724601b15f104dde398bd4 4c30897d5775412aab488fc77e55b655 - - default default] Successfully bumped revision number for resource e5ce1026-f3d9-45ea-901d-1306ff9e95de (type: security_group_rules) to 0
2026-04-25 01:24:49.067 7 INFO neutron.db.ovn_revision_numbers_db [None req-ae0179ef-7f63-41d0-b786-d3c2426beb48 0f902be556724601b15f104dde398bd4 4c30897d5775412aab488fc77e55b655 - - default default] Successfully bumped revision number for resource f08a76b4-9ffe-43e3-baa1-fa3714c36e37 (type: security_group_rules) to 0
2026-04-25 01:24:49.076 8 INFO neutron_taas.services.taas.taas_plugin [None req-a51411bc-0db1-4e7e-a051-eb539cda269e a509280be41b4400a93a4de9fb1614a6 8d88e7aa6af944499d601a6e9bb9b3ed - - default default] TaaS: Handle Delete Port: acf04285-b24e-4827-8771-949b7aac341d
2026-04-25 01:24:49.079 8 INFO neutron_taas.services.taas.tap_mirror_plugin [None req-a51411bc-0db1-4e7e-a051-eb539cda269e a509280be41b4400a93a4de9fb1614a6 8d88e7aa6af944499d601a6e9bb9b3ed - - default default] Tap Mirror: Handle Delete Port: acf04285-b24e-4827-8771-949b7aac341d
2026-04-25 01:24:49.169 7 INFO neutron.db.segments_db [None req-ae0179ef-7f63-41d0-b786-d3c2426beb48 0f902be556724601b15f104dde398bd4 4c30897d5775412aab488fc77e55b655 - - default default] Added segment 1eef22aa-1c08-4ca8-b2d4-df5831ef70b5 of type geneve for network 687b3ed5-5e8a-4714-9bfe-05f9e76e38ce
2026-04-25 01:24:49.269 8 INFO neutron.services.segments.plugin [-] Segment b789bb68-03e7-4d7d-9bee-2a4527fb7ee9 resource provider aggregate not found
2026-04-25 01:24:49.275 8 INFO neutron.services.segments.plugin [-] Segment b789bb68-03e7-4d7d-9bee-2a4527fb7ee9 resource provider aggregate not found
2026-04-25 01:24:49.293 8 INFO neutron.services.segments.plugin [-] Segment b789bb68-03e7-4d7d-9bee-2a4527fb7ee9 resource provider not found; error: Placement Client Error (4xx): {"errors": [{"status": 404, "title": "Not Found", "detail": "The resource could not be found.\n\n No resource provider with uuid b789bb68-03e7-4d7d-9bee-2a4527fb7ee9 found for delete ", "request_id": "req-09ee426b-b677-47c6-9d78-de93ade34f85"}]}
2026-04-25 01:24:49.295 8 INFO neutron.services.segments.plugin [-] Segment b789bb68-03e7-4d7d-9bee-2a4527fb7ee9 resource provider not found; error: Placement Client Error (4xx): {"errors": [{"status": 404, "title": "Not Found", "detail": "The resource could not be found.\n\n No resource provider with uuid b789bb68-03e7-4d7d-9bee-2a4527fb7ee9 found for delete ", "request_id": "req-47f6a591-d066-4d85-aaa2-dc65a072fcac"}]}
2026-04-25 01:24:49.310 7 INFO neutron.db.ovn_revision_numbers_db [None req-ae0179ef-7f63-41d0-b786-d3c2426beb48 0f902be556724601b15f104dde398bd4 4c30897d5775412aab488fc77e55b655 - - default default] Successfully bumped revision number for resource 687b3ed5-5e8a-4714-9bfe-05f9e76e38ce (type: networks) to 1 [pid: 8|app: 0|req: 684/1511] 10.0.0.180 () {32 vars in 726 bytes} [Sat Apr 25 01:24:48 2026] DELETE /v2.0/networks/91ed4db9-de94-4300-87a5-33a817ad92d4 => generated 0 bytes in 385 msecs (HTTP/1.1 204) 3 headers in 131 bytes (1 switches on core 0) [pid: 8|app: 0|req: 687/1514] 10.0.0.210 () {34 vars in 990 bytes} [Sat Apr 25 01:24:49 2026] GET /v2.0/ports?device_id=2916c98c-c495-4684-b966-0cddc1d80b9a => generated 1209 bytes in 37 msecs (HTTP/1.1 200) 4 headers in 158 bytes (1 switches on core 0)
2026-04-25 01:24:49.507 7 WARNING neutron.scheduler.dhcp_agent_scheduler [None req-ae0179ef-7f63-41d0-b786-d3c2426beb48 0f902be556724601b15f104dde398bd4 4c30897d5775412aab488fc77e55b655 - - default default] No more DHCP agents
2026-04-25 01:24:49.509 7 WARNING neutron.api.rpc.agentnotifiers.dhcp_rpc_agent_api [None req-ae0179ef-7f63-41d0-b786-d3c2426beb48 0f902be556724601b15f104dde398bd4 4c30897d5775412aab488fc77e55b655 - - default default] Unable to schedule network 687b3ed5-5e8a-4714-9bfe-05f9e76e38ce: no agents available; will retry on subsequent port and subnet creation events.
2026-04-25 01:24:49.577 7 INFO neutron.plugins.ml2.drivers.ovn.mech_driver.mech_driver [None req-8d4bcdf1-4b06-45cc-a8a1-b8d14c45392e - - - - - -] OVN reports status down for port: 6cc19de7-8838-405b-be46-df59088ae295
2026-04-25 01:24:49.658 7 INFO neutron.db.ovn_revision_numbers_db [None req-ae0179ef-7f63-41d0-b786-d3c2426beb48 0f902be556724601b15f104dde398bd4 4c30897d5775412aab488fc77e55b655 - - default default] Successfully bumped revision number for resource 6cc19de7-8838-405b-be46-df59088ae295 (type: ports) to 1
2026-04-25 01:24:49.674 8 INFO neutron.db.ovn_revision_numbers_db [None req-0a0177db-0601-41e5-818a-6471937534ed 26dd324098134da991e38d9625b0c9e8 bca6f3b31fef485a907114e1acc5b767 - - default default] Successfully bumped revision number for resource 038f6f6b-fca0-4e7f-92dc-39b51bea2c31 (type: security_groups) to 1
2026-04-25 01:24:49.685 8 INFO neutron.db.ovn_revision_numbers_db [None req-0a0177db-0601-41e5-818a-6471937534ed 26dd324098134da991e38d9625b0c9e8 bca6f3b31fef485a907114e1acc5b767 - - default default] Successfully bumped revision number for resource 6f028f2f-5cd4-48e3-b531-efb93454590b (type: security_group_rules) to 0
2026-04-25 01:24:49.697 8 INFO neutron.db.ovn_revision_numbers_db [None req-0a0177db-0601-41e5-818a-6471937534ed 26dd324098134da991e38d9625b0c9e8 bca6f3b31fef485a907114e1acc5b767 - - default default] Successfully bumped revision number for resource 7161775f-4e1d-418f-834a-4577f205f1f3 (type: security_group_rules) to 0
2026-04-25 01:24:49.708 8 INFO neutron.db.ovn_revision_numbers_db [None req-0a0177db-0601-41e5-818a-6471937534ed 26dd324098134da991e38d9625b0c9e8 bca6f3b31fef485a907114e1acc5b767 - - default default] Successfully bumped revision number for resource 9a7e7cc7-ee49-414a-9e36-8a324ab45314 (type: security_group_rules) to 0
2026-04-25 01:24:49.722 8 INFO neutron.db.ovn_revision_numbers_db [None req-0a0177db-0601-41e5-818a-6471937534ed 26dd324098134da991e38d9625b0c9e8 bca6f3b31fef485a907114e1acc5b767 - - default default] Successfully bumped revision number for resource bf1e8ebd-dba3-4bfb-8d05-05b8810595da (type: security_group_rules) to 0 [pid: 7|app: 0|req: 828/1515] 10.0.0.180 () {34 vars in 670 bytes} [Sat Apr 25 01:24:48 2026] POST /v2.0/networks => generated 649 bytes in 1026 msecs (HTTP/1.1 201) 4 headers in 162 bytes (1 switches on core 0) [pid: 7|app: 0|req: 829/1516] 10.0.0.210 () {34 vars in 1040 bytes} [Sat Apr 25 01:24:49 2026] GET /v2.0/security-groups?id=95aa0b6c-9a7c-4bf1-8e60-6bd53d8788e6&fields=id&fields=name => generated 114 bytes in 30 msecs (HTTP/1.1 200) 4 headers in 157 bytes (1 switches on core 0) [pid: 8|app: 0|req: 688/1517] 10.0.0.180 () {32 vars in 774 bytes} [Sat Apr 25 01:24:49 2026] GET /v2.0/security-groups?tenant_id=c1a9f433af2e40519d7038383dcce362&name=default => generated 2925 bytes in 406 msecs (HTTP/1.1 200) 4 headers in 158 bytes (1 switches on core 0)
2026-04-25 01:24:49.850 7 INFO neutron.db.segments_db [None req-5bb3dab7-7f38-4d21-b6f2-289186327c6c 0f902be556724601b15f104dde398bd4 4c30897d5775412aab488fc77e55b655 - - default default] Added segment 84c3f986-73d5-4ff6-9611-464817b2e2db of type geneve for network 675a7055-faa0-4e2d-b981-776b2610953e
2026-04-25 01:24:49.953 7 INFO neutron.db.ovn_revision_numbers_db [None req-5bb3dab7-7f38-4d21-b6f2-289186327c6c 0f902be556724601b15f104dde398bd4 4c30897d5775412aab488fc77e55b655 - - default default] Successfully bumped revision number for resource 675a7055-faa0-4e2d-b981-776b2610953e (type: networks) to 1 [pid: 8|app: 0|req: 689/1518] 10.0.0.180 () {32 vars in 740 bytes} [Sat Apr 25 01:24:49 2026] DELETE /v2.0/security-groups/038f6f6b-fca0-4e7f-92dc-39b51bea2c31 => generated 0 bytes in 256 msecs (HTTP/1.1 204) 2 headers in 112 bytes (1 switches on core 0)
2026-04-25 01:24:50.160 7 WARNING neutron.scheduler.dhcp_agent_scheduler [None req-5bb3dab7-7f38-4d21-b6f2-289186327c6c 0f902be556724601b15f104dde398bd4 4c30897d5775412aab488fc77e55b655 - - default default] No more DHCP agents
2026-04-25 01:24:50.163 7 WARNING neutron.api.rpc.agentnotifiers.dhcp_rpc_agent_api [None req-5bb3dab7-7f38-4d21-b6f2-289186327c6c 0f902be556724601b15f104dde398bd4 4c30897d5775412aab488fc77e55b655 - - default default] Unable to schedule network 675a7055-faa0-4e2d-b981-776b2610953e: no agents available; will retry on subsequent port and subnet creation events.
2026-04-25 01:24:50.224 8 INFO neutron.plugins.ml2.drivers.ovn.mech_driver.mech_driver [None req-88265be8-255f-471f-b437-4a8d437ddf5b - - - - - -] OVN reports status down for port: 61747dff-87c2-4e5e-93b4-3fc6571e7707
2026-04-25 01:24:50.238 7 INFO neutron.db.ovn_revision_numbers_db [None req-5bb3dab7-7f38-4d21-b6f2-289186327c6c 0f902be556724601b15f104dde398bd4 4c30897d5775412aab488fc77e55b655 - - default default] Successfully bumped revision number for resource 61747dff-87c2-4e5e-93b4-3fc6571e7707 (type: ports) to 1 [pid: 7|app: 0|req: 830/1519] 10.0.0.180 () {34 vars in 670 bytes} [Sat Apr 25 01:24:49 2026] POST /v2.0/networks => generated 647 bytes in 507 msecs (HTTP/1.1 201) 4 headers in 162 bytes (1 switches on core 0) [pid: 8|app: 0|req: 690/1520] 10.0.0.180 () {32 vars in 774 bytes} [Sat Apr 25 01:24:50 2026] GET /v2.0/security-groups?tenant_id=8d88e7aa6af944499d601a6e9bb9b3ed&name=default => generated 2925 bytes in 269 msecs (HTTP/1.1 200) 4 headers in 158 bytes (1 switches on core 0)
2026-04-25 01:24:50.481 7 WARNING neutron.scheduler.dhcp_agent_scheduler [None req-c9a84df2-9117-47a8-af06-7bf5643d4792 0f902be556724601b15f104dde398bd4 4c30897d5775412aab488fc77e55b655 - - default default] No more DHCP agents
2026-04-25 01:24:50.483 7 WARNING neutron.api.rpc.agentnotifiers.dhcp_rpc_agent_api [None req-c9a84df2-9117-47a8-af06-7bf5643d4792 0f902be556724601b15f104dde398bd4 4c30897d5775412aab488fc77e55b655 - - default default] Unable to schedule network 687b3ed5-5e8a-4714-9bfe-05f9e76e38ce: no agents available; will retry on subsequent port and subnet creation events. [pid: 8|app: 0|req: 691/1521] 10.0.0.180 () {32 vars in 740 bytes} [Sat Apr 25 01:24:50 2026] DELETE /v2.0/security-groups/e78ac9a2-b0ee-4a8e-b15e-781ac1f83554 => generated 0 bytes in 317 msecs (HTTP/1.1 204) 2 headers in 112 bytes (1 switches on core 0)
2026-04-25 01:24:51.015 7 INFO neutron.db.ovn_revision_numbers_db [None req-fff3a1c3-4959-4d1d-9f9a-a7dabb886b29 - - - - - -] Successfully bumped revision number for resource 6cc19de7-8838-405b-be46-df59088ae295 (type: ports) to 2
2026-04-25 01:24:51.060 7 INFO neutron.db.ovn_revision_numbers_db [None req-fff3a1c3-4959-4d1d-9f9a-a7dabb886b29 - - - - - -] Successfully bumped revision number for resource 0e7a9884-67dd-4ca7-bad2-2ae279e2cbcc (type: subnets) to 0 [pid: 7|app: 0|req: 831/1522] 10.0.0.180 () {34 vars in 669 bytes} [Sat Apr 25 01:24:50 2026] POST /v2.0/subnets => generated 626 bytes in 825 msecs (HTTP/1.1 201) 4 headers in 162 bytes (1 switches on core 0)
2026-04-25 01:24:51.334 8 WARNING neutron.scheduler.dhcp_agent_scheduler [None req-b78add21-d184-46e8-a5ae-0c26ee3b9331 0f902be556724601b15f104dde398bd4 4c30897d5775412aab488fc77e55b655 - - default default] No more DHCP agents
2026-04-25 01:24:51.335 8 WARNING neutron.api.rpc.agentnotifiers.dhcp_rpc_agent_api [None req-b78add21-d184-46e8-a5ae-0c26ee3b9331 0f902be556724601b15f104dde398bd4 4c30897d5775412aab488fc77e55b655 - - default default] Unable to schedule network 675a7055-faa0-4e2d-b981-776b2610953e: no agents available; will retry on subsequent port and subnet creation events. [pid: 7|app: 0|req: 832/1523] 10.0.0.17 () {34 vars in 989 bytes} [Sat Apr 25 01:24:51 2026] GET /v2.0/ports?device_id=2916c98c-c495-4684-b966-0cddc1d80b9a => generated 971 bytes in 71 msecs (HTTP/1.1 200) 4 headers in 157 bytes (1 switches on core 0) [pid: 7|app: 0|req: 833/1524] 10.0.0.17 () {34 vars in 1039 bytes} [Sat Apr 25 01:24:51 2026] GET /v2.0/security-groups?id=95aa0b6c-9a7c-4bf1-8e60-6bd53d8788e6&fields=id&fields=name => generated 114 bytes in 33 msecs (HTTP/1.1 200) 4 headers in 157 bytes (1 switches on core 0)
2026-04-25 01:24:51.830 8 INFO neutron.db.ovn_revision_numbers_db [None req-8ea79fe3-f305-47ea-8f6e-40502cf4538c - - - - - -] Successfully bumped revision number for resource 61747dff-87c2-4e5e-93b4-3fc6571e7707 (type: ports) to 2
2026-04-25 01:24:51.865 8 INFO neutron.db.ovn_revision_numbers_db [None req-8ea79fe3-f305-47ea-8f6e-40502cf4538c - - - - - -] Successfully bumped revision number for resource 416c63a6-bb5f-46d0-9719-1b6150db6c9d (type: subnets) to 0 [pid: 8|app: 0|req: 692/1525] 10.0.0.180 () {34 vars in 669 bytes} [Sat Apr 25 01:24:51 2026] POST /v2.0/subnets => generated 626 bytes in 785 msecs (HTTP/1.1 201) 4 headers in 162 bytes (1 switches on core 0)
2026-04-25 01:24:52.033 7 INFO neutron.db.ovn_revision_numbers_db [None req-e6c758db-674e-4d96-8ed0-35086d9135ed 0f902be556724601b15f104dde398bd4 4c30897d5775412aab488fc77e55b655 - - default default] Successfully bumped revision number for resource 2b55121b-71f4-4da7-97db-21e04afffc7a (type: routers) to 1 [pid: 7|app: 0|req: 834/1526] 10.0.0.180 () {34 vars in 669 bytes} [Sat Apr 25 01:24:51 2026] POST /v2.0/routers => generated 602 bytes in 155 msecs (HTTP/1.1 201) 4 headers in 162 bytes (1 switches on core 0)
2026-04-25 01:24:52.335 8 INFO neutron.db.ovn_revision_numbers_db [None req-87361647-d257-4fec-9567-5b91d1b07778 26dd324098134da991e38d9625b0c9e8 bca6f3b31fef485a907114e1acc5b767 - - default default] Successfully bumped revision number for resource 51e7ebb1-e71a-4af8-8786-4b92e8aaa2e4 (type: security_groups) to 1
2026-04-25 01:24:52.354 8 INFO neutron.db.ovn_revision_numbers_db [None req-87361647-d257-4fec-9567-5b91d1b07778 26dd324098134da991e38d9625b0c9e8 bca6f3b31fef485a907114e1acc5b767 - - default default] Successfully bumped revision number for resource 07907657-c98d-43ce-8ce3-2a9c79d880de (type: security_group_rules) to 0
2026-04-25 01:24:52.365 8 INFO neutron.db.ovn_revision_numbers_db [None req-87361647-d257-4fec-9567-5b91d1b07778 26dd324098134da991e38d9625b0c9e8 bca6f3b31fef485a907114e1acc5b767 - - default default] Successfully bumped revision number for resource 2d585415-01af-4d38-b107-6d5c008f4e4f (type: security_group_rules) to 0
2026-04-25 01:24:52.379 8 INFO neutron.db.ovn_revision_numbers_db [None req-87361647-d257-4fec-9567-5b91d1b07778 26dd324098134da991e38d9625b0c9e8 bca6f3b31fef485a907114e1acc5b767 - - default default] Successfully bumped revision number for resource 7c2229c8-7763-4fb4-b951-2f57e9941318 (type: security_group_rules) to 0
2026-04-25 01:24:52.391 8 INFO neutron.db.ovn_revision_numbers_db [None req-87361647-d257-4fec-9567-5b91d1b07778 26dd324098134da991e38d9625b0c9e8 bca6f3b31fef485a907114e1acc5b767 - - default default] Successfully bumped revision number for resource c09aba37-32e4-40ea-b037-de9d0b10cb25 (type: security_group_rules) to 0
2026-04-25 01:24:52.433 7 WARNING neutron.scheduler.dhcp_agent_scheduler [None req-fd5db730-4310-45e3-a726-9c417e0f0de2 0f902be556724601b15f104dde398bd4 4c30897d5775412aab488fc77e55b655 - - default default] No more DHCP agents
2026-04-25 01:24:52.434 7 WARNING neutron.api.rpc.agentnotifiers.dhcp_rpc_agent_api [None req-fd5db730-4310-45e3-a726-9c417e0f0de2 0f902be556724601b15f104dde398bd4 4c30897d5775412aab488fc77e55b655 - - default default] Unable to schedule network 687b3ed5-5e8a-4714-9bfe-05f9e76e38ce: no agents available; will retry on subsequent port and subnet creation events.
2026-04-25 01:24:52.468 8 INFO neutron.db.segments_db [None req-87361647-d257-4fec-9567-5b91d1b07778 26dd324098134da991e38d9625b0c9e8 bca6f3b31fef485a907114e1acc5b767 - - default default] Added segment 4b32954e-52c3-4a3b-8d9e-8c308a37915b of type geneve for network b901d439-afb3-423a-acdc-a6fa4ad01e56
2026-04-25 01:24:52.547 8 INFO neutron.plugins.ml2.drivers.ovn.mech_driver.mech_driver [None req-88265be8-255f-471f-b437-4a8d437ddf5b - - - - - -] OVN reports status down for port: 086d4a9c-b57a-4033-85b7-4a68d2761685
2026-04-25 01:24:52.555 7 INFO neutron.plugins.ml2.drivers.ovn.mech_driver.mech_driver [None req-8d4bcdf1-4b06-45cc-a8a1-b8d14c45392e - - - - - -] OVN reports status down for port: bdea430b-6c5c-4f8a-b449-01faef974b98
2026-04-25 01:24:52.653 7 INFO neutron.db.ovn_revision_numbers_db [None req-fd5db730-4310-45e3-a726-9c417e0f0de2 0f902be556724601b15f104dde398bd4 4c30897d5775412aab488fc77e55b655 - - default default] Successfully bumped revision number for resource bdea430b-6c5c-4f8a-b449-01faef974b98 (type: ports) to 1
2026-04-25 01:24:52.700 8 INFO neutron.db.ovn_revision_numbers_db [None req-87361647-d257-4fec-9567-5b91d1b07778 26dd324098134da991e38d9625b0c9e8 bca6f3b31fef485a907114e1acc5b767 - - default default] Successfully bumped revision number for resource b901d439-afb3-423a-acdc-a6fa4ad01e56 (type: networks) to 1
2026-04-25 01:24:52.782 8 INFO neutron.notifiers.nova [-] Nova event matching ['req-77ce7db5-508d-4edb-9f14-5f7a32c9e0ea'] response: {'server_uuid': '2916c98c-c495-4684-b966-0cddc1d80b9a', 'name': 'network-vif-unplugged', 'status': 'completed', 'tag': '086d4a9c-b57a-4033-85b7-4a68d2761685', 'code': 200}
2026-04-25 01:24:53.030 8 WARNING neutron.scheduler.dhcp_agent_scheduler [None req-87361647-d257-4fec-9567-5b91d1b07778 26dd324098134da991e38d9625b0c9e8 bca6f3b31fef485a907114e1acc5b767 - - default default] No more DHCP agents
2026-04-25 01:24:53.034 8 WARNING neutron.api.rpc.agentnotifiers.dhcp_rpc_agent_api [None req-87361647-d257-4fec-9567-5b91d1b07778 26dd324098134da991e38d9625b0c9e8 bca6f3b31fef485a907114e1acc5b767 - - default default] Unable to schedule network b901d439-afb3-423a-acdc-a6fa4ad01e56: no agents available; will retry on subsequent port and subnet creation events.
2026-04-25 01:24:53.049 8 INFO neutron.db.ovn_revision_numbers_db [None req-88265be8-255f-471f-b437-4a8d437ddf5b - - - - - -] Successfully bumped revision number for resource 086d4a9c-b57a-4033-85b7-4a68d2761685 (type: ports) to 6
2026-04-25 01:24:53.121 7 INFO neutron.plugins.ml2.drivers.ovn.mech_driver.mech_driver [None req-8d4bcdf1-4b06-45cc-a8a1-b8d14c45392e - - - - - -] OVN reports status down for port: 4f3de19b-41d2-4803-a514-9b491ea8f797
2026-04-25 01:24:53.162 8 INFO neutron.db.ovn_revision_numbers_db [None req-87361647-d257-4fec-9567-5b91d1b07778 26dd324098134da991e38d9625b0c9e8 bca6f3b31fef485a907114e1acc5b767 - - default default] Successfully bumped revision number for resource 4f3de19b-41d2-4803-a514-9b491ea8f797 (type: ports) to 1 [pid: 8|app: 0|req: 693/1527] 10.0.0.180 () {34 vars in 671 bytes} [Sat Apr 25 01:24:52 2026] POST /v2.0/networks => generated 762 bytes in 1171 msecs (HTTP/1.1 201) 4 headers in 162 bytes (1 switches on core 0) /var/lib/openstack/lib/python3.12/site-packages/pycadf/identifier.py:70: UserWarning: Invalid uuid: neutron. To ensure interoperability, identifiers should be a valid uuid. warnings.warn(('Invalid uuid: %s. To ensure interoperability, '
2026-04-25 01:24:53.320 7 INFO neutron.plugins.ml2.drivers.ovn.mech_driver.mech_driver [None req-8d4bcdf1-4b06-45cc-a8a1-b8d14c45392e - - - - - -] OVN reports status up for port: bdea430b-6c5c-4f8a-b449-01faef974b98
2026-04-25 01:24:53.343 7 INFO neutron.plugins.ml2.plugin [None req-8d4bcdf1-4b06-45cc-a8a1-b8d14c45392e - - - - - -] Attempt 1 to provision port bdea430b-6c5c-4f8a-b449-01faef974b98
2026-04-25 01:24:53.439 8 INFO neutron.db.ovn_revision_numbers_db [None req-fef54a2a-809b-44c0-98f5-38a3bda6d058 54fe0569e32d4fd8abe1d6e7cf1acdad 7485bc1e40114c5185d6cf47729eecab - - default default] Successfully bumped revision number for resource 06651e88-aaf0-407b-9ffd-a074290c53d4 (type: security_groups) to 1
2026-04-25 01:24:53.461 8 INFO neutron.db.ovn_revision_numbers_db [None req-fef54a2a-809b-44c0-98f5-38a3bda6d058 54fe0569e32d4fd8abe1d6e7cf1acdad 7485bc1e40114c5185d6cf47729eecab - - default default] Successfully bumped revision number for resource 4f46cb6d-88f3-4a97-bf33-054dbc30060c (type: security_group_rules) to 0
2026-04-25 01:24:53.465 7 WARNING neutron.scheduler.dhcp_agent_scheduler [None req-fd5db730-4310-45e3-a726-9c417e0f0de2 0f902be556724601b15f104dde398bd4 4c30897d5775412aab488fc77e55b655 - - default default] No more DHCP agents
2026-04-25 01:24:53.468 7 WARNING neutron.api.rpc.agentnotifiers.dhcp_rpc_agent_api [None req-fd5db730-4310-45e3-a726-9c417e0f0de2 0f902be556724601b15f104dde398bd4 4c30897d5775412aab488fc77e55b655 - - default default] Unable to schedule network 687b3ed5-5e8a-4714-9bfe-05f9e76e38ce: no agents available; will retry on subsequent port and subnet creation events.
2026-04-25 01:24:53.469 8 INFO neutron.db.ovn_revision_numbers_db [None req-fef54a2a-809b-44c0-98f5-38a3bda6d058 54fe0569e32d4fd8abe1d6e7cf1acdad 7485bc1e40114c5185d6cf47729eecab - - default default] Successfully bumped revision number for resource 643f36dd-4da5-495c-bc10-d7e838e6988d (type: security_group_rules) to 0
2026-04-25 01:24:53.482 8 INFO neutron.db.ovn_revision_numbers_db [None req-fef54a2a-809b-44c0-98f5-38a3bda6d058 54fe0569e32d4fd8abe1d6e7cf1acdad 7485bc1e40114c5185d6cf47729eecab - - default default] Successfully bumped revision number for resource 6cbd30df-7338-4b9b-a093-f763ce2a78d0 (type: security_group_rules) to 0
2026-04-25 01:24:53.494 8 INFO neutron.db.ovn_revision_numbers_db [None req-fef54a2a-809b-44c0-98f5-38a3bda6d058 54fe0569e32d4fd8abe1d6e7cf1acdad 7485bc1e40114c5185d6cf47729eecab - - default default] Successfully bumped revision number for resource 8ee01390-4d93-4a68-8554-9180b64e8e6b (type: security_group_rules) to 0
2026-04-25 01:24:53.605 8 INFO neutron.db.ovn_revision_numbers_db [None req-fef54a2a-809b-44c0-98f5-38a3bda6d058 54fe0569e32d4fd8abe1d6e7cf1acdad 7485bc1e40114c5185d6cf47729eecab - - default default] Successfully bumped revision number for resource 52223003-1950-4488-82e8-8145fa6320c3 (type: security_groups) to 1
2026-04-25 01:24:53.615 8 INFO neutron.db.ovn_revision_numbers_db [None req-fef54a2a-809b-44c0-98f5-38a3bda6d058 54fe0569e32d4fd8abe1d6e7cf1acdad 7485bc1e40114c5185d6cf47729eecab - - default default] Successfully bumped revision number for resource 18583757-e99f-46e1-9668-d377041317b4 (type: security_group_rules) to 0
2026-04-25 01:24:53.625 8 INFO neutron.db.ovn_revision_numbers_db [None req-fef54a2a-809b-44c0-98f5-38a3bda6d058 54fe0569e32d4fd8abe1d6e7cf1acdad 7485bc1e40114c5185d6cf47729eecab - - default default] Successfully bumped revision number for resource 6efa00b3-5996-4cff-b5dc-25cb1ce42356 (type: security_group_rules) to 0 [pid: 8|app: 0|req: 694/1528] 10.0.0.180 () {34 vars in 684 bytes} [Sat Apr 25 01:24:53 2026] POST /v2.0/security-groups => generated 1625 bytes in 467 msecs (HTTP/1.1 201) 4 headers in 163 bytes (1 switches on core 0) [pid: 8|app: 0|req: 695/1529] 10.0.0.17 () {34 vars in 989 bytes} [Sat Apr 25 01:24:53 2026] GET /v2.0/ports?device_id=2916c98c-c495-4684-b966-0cddc1d80b9a => generated 969 bytes in 81 msecs (HTTP/1.1 200) 4 headers in 157 bytes (1 switches on core 0)
2026-04-25 01:24:53.894 8 WARNING neutron.scheduler.dhcp_agent_scheduler [None req-78ea0408-700c-49dc-b869-2cbe2c9a6baf 26dd324098134da991e38d9625b0c9e8 bca6f3b31fef485a907114e1acc5b767 - - default default] No more DHCP agents
2026-04-25 01:24:53.895 8 WARNING neutron.api.rpc.agentnotifiers.dhcp_rpc_agent_api [None req-78ea0408-700c-49dc-b869-2cbe2c9a6baf 26dd324098134da991e38d9625b0c9e8 bca6f3b31fef485a907114e1acc5b767 - - default default] Unable to schedule network b901d439-afb3-423a-acdc-a6fa4ad01e56: no agents available; will retry on subsequent port and subnet creation events.
2026-04-25 01:24:54.373 8 INFO neutron.db.ovn_revision_numbers_db [None req-dbb24194-01ad-41e1-b08d-1b571b6716ba - - - - - -] Successfully bumped revision number for resource 4f3de19b-41d2-4803-a514-9b491ea8f797 (type: ports) to 2
2026-04-25 01:24:54.407 8 INFO neutron.db.ovn_revision_numbers_db [None req-dbb24194-01ad-41e1-b08d-1b571b6716ba - - - - - -] Successfully bumped revision number for resource 66df2d91-0b5d-4b32-84d1-82ac9dfbcab9 (type: subnets) to 0 [pid: 8|app: 0|req: 696/1530] 10.0.0.180 () {34 vars in 669 bytes} [Sat Apr 25 01:24:53 2026] POST /v2.0/subnets => generated 687 bytes in 680 msecs (HTTP/1.1 201) 4 headers in 162 bytes (1 switches on core 0) [pid: 8|app: 0|req: 697/1531] 10.0.0.180 () {32 vars in 663 bytes} [Sat Apr 25 01:24:54 2026] GET /v2.0/security-groups => generated 4530 bytes in 59 msecs (HTTP/1.1 200) 4 headers in 158 bytes (1 switches on core 0) [pid: 8|app: 0|req: 698/1532] 199.204.45.3 () {34 vars in 992 bytes} [Sat Apr 25 01:24:54 2026] GET /v2.0/ports?device_id=2916c98c-c495-4684-b966-0cddc1d80b9a => generated 969 bytes in 33 msecs (HTTP/1.1 200) 4 headers in 157 bytes (1 switches on core 0) [pid: 8|app: 0|req: 699/1533] 10.0.0.17 () {34 vars in 1039 bytes} [Sat Apr 25 01:24:54 2026] GET /v2.0/security-groups?id=95aa0b6c-9a7c-4bf1-8e60-6bd53d8788e6&fields=id&fields=name => generated 114 bytes in 37 msecs (HTTP/1.1 200) 4 headers in 157 bytes (1 switches on core 0)
2026-04-25 01:24:54.584 7 INFO neutron.db.ovn_revision_numbers_db [None req-fd5db730-4310-45e3-a726-9c417e0f0de2 0f902be556724601b15f104dde398bd4 4c30897d5775412aab488fc77e55b655 - - default default] Successfully bumped revision number for resource bdea430b-6c5c-4f8a-b449-01faef974b98 (type: router_ports) to 1 [pid: 7|app: 0|req: 835/1534] 10.0.0.180 () {34 vars in 783 bytes} [Sat Apr 25 01:24:52 2026] PUT /v2.0/routers/2b55121b-71f4-4da7-97db-21e04afffc7a/add_router_interface => generated 309 bytes in 2545 msecs (HTTP/1.1 200) 4 headers in 157 bytes (1 switches on core 0)
2026-04-25 01:24:54.770 7 INFO neutron.db.ovn_revision_numbers_db [None req-ba4ff667-dbf6-40fa-867b-cb461462e6d3 54fe0569e32d4fd8abe1d6e7cf1acdad 7485bc1e40114c5185d6cf47729eecab - - default default] Successfully bumped revision number for resource 52223003-1950-4488-82e8-8145fa6320c3 (type: security_groups) to 2
2026-04-25 01:24:54.775 7 INFO neutron.db.ovn_revision_numbers_db [None req-8d4bcdf1-4b06-45cc-a8a1-b8d14c45392e - - - - - -] Successfully bumped revision number for resource bdea430b-6c5c-4f8a-b449-01faef974b98 (type: ports) to 2 [pid: 7|app: 0|req: 836/1535] 10.0.0.180 () {34 vars in 758 bytes} [Sat Apr 25 01:24:54 2026] PUT /v2.0/security-groups/52223003-1950-4488-82e8-8145fa6320c3 => generated 1662 bytes in 216 msecs (HTTP/1.1 200) 4 headers in 158 bytes (1 switches on core 0)
2026-04-25 01:24:54.819 8 INFO neutron.notifiers.nova [-] Nova event matching ['req-5a611ad9-db44-4aee-a23b-dac229792f22'] response: {'server_uuid': '2916c98c-c495-4684-b966-0cddc1d80b9a', 'name': 'network-vif-unplugged', 'status': 'completed', 'tag': '086d4a9c-b57a-4033-85b7-4a68d2761685', 'code': 200}
2026-04-25 01:24:54.949 8 WARNING neutron.scheduler.dhcp_agent_scheduler [None req-2696fa67-d5b0-4319-a291-356fd0480db1 26dd324098134da991e38d9625b0c9e8 bca6f3b31fef485a907114e1acc5b767 - - default default] No more DHCP agents
2026-04-25 01:24:54.950 8 WARNING neutron.api.rpc.agentnotifiers.dhcp_rpc_agent_api [None req-2696fa67-d5b0-4319-a291-356fd0480db1 26dd324098134da991e38d9625b0c9e8 bca6f3b31fef485a907114e1acc5b767 - - default default] Unable to schedule network dfda6234-dd97-4fab-b166-f5e11d31ec2e: no agents available; will retry on subsequent port and subnet creation events.
2026-04-25 01:24:55.004 7 INFO neutron_taas.services.taas.taas_plugin [req-e34d8101-add7-49ca-ae5e-4ba78089ef98 req-d297bed4-aa42-478f-b30d-c9ab966a0b7d bea79651d5024ca3ab50d39e06bc4fed 1edde256f1444adcb894a7e2c5751078 - - default default] TaaS: Handle Delete Port: 086d4a9c-b57a-4033-85b7-4a68d2761685
2026-04-25 01:24:55.008 7 INFO neutron_taas.services.taas.tap_mirror_plugin [req-e34d8101-add7-49ca-ae5e-4ba78089ef98 req-d297bed4-aa42-478f-b30d-c9ab966a0b7d bea79651d5024ca3ab50d39e06bc4fed 1edde256f1444adcb894a7e2c5751078 - - default default] Tap Mirror: Handle Delete Port: 086d4a9c-b57a-4033-85b7-4a68d2761685
2026-04-25 01:24:55.046 8 INFO neutron.plugins.ml2.drivers.ovn.mech_driver.mech_driver [None req-24f02508-beca-48bc-ab40-9a9af17279af - - - - - -] OVN reports status down for port: 6098fcea-d2ab-42d4-a96c-492bc2e8ceae
2026-04-25 01:24:55.104 8 INFO neutron.db.ovn_revision_numbers_db [None req-2696fa67-d5b0-4319-a291-356fd0480db1 26dd324098134da991e38d9625b0c9e8 bca6f3b31fef485a907114e1acc5b767 - - default default] Successfully bumped revision number for resource 6098fcea-d2ab-42d4-a96c-492bc2e8ceae (type: ports) to 1
2026-04-25 01:24:55.216 7 INFO neutron.db.l3_db [req-e34d8101-add7-49ca-ae5e-4ba78089ef98 req-d297bed4-aa42-478f-b30d-c9ab966a0b7d bea79651d5024ca3ab50d39e06bc4fed 1edde256f1444adcb894a7e2c5751078 - - default default] Floating IP af800504-45e1-49b7-9e2d-63ed64e5b407 disassociated. External IP: 10.96.250.203, port: 086d4a9c-b57a-4033-85b7-4a68d2761685. [pid: 7|app: 0|req: 837/1536] 199.204.45.3 () {36 vars in 995 bytes} [Sat Apr 25 01:24:54 2026] DELETE /v2.0/ports/086d4a9c-b57a-4033-85b7-4a68d2761685 => generated 0 bytes in 540 msecs (HTTP/1.1 204) 3 headers in 131 bytes (1 switches on core 0)
2026-04-25 01:24:55.389 7 INFO neutron.notifiers.nova [-] Nova event matching ['req-cb080eb2-eea5-4a55-8818-e7b7e39241f2'] response: {'server_uuid': '2916c98c-c495-4684-b966-0cddc1d80b9a', 'name': 'network-vif-deleted', 'tag': '086d4a9c-b57a-4033-85b7-4a68d2761685', 'status': 'completed', 'code': 200} [pid: 7|app: 0|req: 838/1537] 10.0.0.180 () {32 vars in 717 bytes} [Sat Apr 25 01:24:55 2026] GET /v2.0/ports/bdea430b-6c5c-4f8a-b449-01faef974b98 => generated 943 bytes in 88 msecs (HTTP/1.1 200) 4 headers in 157 bytes (1 switches on core 0) [pid: 7|app: 0|req: 839/1538] 10.0.0.180 () {32 vars in 737 bytes} [Sat Apr 25 01:24:55 2026] GET /v2.0/security-groups/52223003-1950-4488-82e8-8145fa6320c3 => generated 1662 bytes in 25 msecs (HTTP/1.1 200) 4 headers in 158 bytes (1 switches on core 0)
2026-04-25 01:24:55.819 8 INFO neutron.plugins.ml2.drivers.ovn.mech_driver.ovsdb.commands [None req-c4091796-a388-439a-90d6-ee19b5af9833 - - - - - -] Schedule LRP lrp-6098fcea-d2ab-42d4-a96c-492bc2e8ceae on gateway 1ed0f74a-fc27-4c8d-bdae-b8f3b75d1ed1 with priority 1
2026-04-25 01:24:55.868 8 INFO neutron.plugins.ml2.drivers.ovn.mech_driver.ovsdb.ovsdb_monitor [None req-d83a71cc-00ff-463e-adae-9e1afc12d460 - - - - - -] Router ec172cd4-5faa-4575-a31b-ba479cb4afb4 is bound to host instance
2026-04-25 01:24:55.879 8 INFO neutron.plugins.ml2.drivers.ovn.mech_driver.mech_driver [None req-24f02508-beca-48bc-ab40-9a9af17279af - - - - - -] OVN reports status up for port: 6098fcea-d2ab-42d4-a96c-492bc2e8ceae
2026-04-25 01:24:55.946 8 INFO neutron.plugins.ml2.plugin [None req-24f02508-beca-48bc-ab40-9a9af17279af - - - - - -] Attempt 1 to provision port 6098fcea-d2ab-42d4-a96c-492bc2e8ceae
2026-04-25 01:24:55.955 7 WARNING neutron.scheduler.dhcp_agent_scheduler [None req-e24f38ea-eafb-436a-a0a5-6e002967f9c1 0f902be556724601b15f104dde398bd4 4c30897d5775412aab488fc77e55b655 - - default default] No more DHCP agents
2026-04-25 01:24:55.957 7 WARNING neutron.api.rpc.agentnotifiers.dhcp_rpc_agent_api [None req-e24f38ea-eafb-436a-a0a5-6e002967f9c1 0f902be556724601b15f104dde398bd4 4c30897d5775412aab488fc77e55b655 - - default default] Unable to schedule network 675a7055-faa0-4e2d-b981-776b2610953e: no agents available; will retry on subsequent port and subnet creation events.
2026-04-25 01:24:55.993 8 INFO neutron.db.ovn_revision_numbers_db [None req-2696fa67-d5b0-4319-a291-356fd0480db1 26dd324098134da991e38d9625b0c9e8 bca6f3b31fef485a907114e1acc5b767 - - default default] Successfully bumped revision number for resource 6098fcea-d2ab-42d4-a96c-492bc2e8ceae (type: router_ports) to 1
2026-04-25 01:24:56.109 7 INFO neutron.db.ovn_revision_numbers_db [None req-e24f38ea-eafb-436a-a0a5-6e002967f9c1 0f902be556724601b15f104dde398bd4 4c30897d5775412aab488fc77e55b655 - - default default] Successfully bumped revision number for resource ece952ec-5c82-452a-95fd-17ec3b012af1 (type: ports) to 1
2026-04-25 01:24:56.249 8 INFO neutron.db.ovn_revision_numbers_db [None req-2696fa67-d5b0-4319-a291-356fd0480db1 26dd324098134da991e38d9625b0c9e8 bca6f3b31fef485a907114e1acc5b767 - - default default] Successfully bumped revision number for resource ec172cd4-5faa-4575-a31b-ba479cb4afb4 (type: routers) to 2 [pid: 8|app: 0|req: 700/1539] 10.0.0.180 () {34 vars in 669 bytes} [Sat Apr 25 01:24:54 2026] POST /v2.0/routers => generated 965 bytes in 1726 msecs (HTTP/1.1 201) 4 headers in 162 bytes (1 switches on core 0) /var/lib/openstack/lib/python3.12/site-packages/pycadf/identifier.py:70: UserWarning: Invalid uuid: neutron. To ensure interoperability, identifiers should be a valid uuid. warnings.warn(('Invalid uuid: %s. To ensure interoperability, ' [pid: 8|app: 0|req: 701/1540] 10.0.0.180 () {32 vars in 740 bytes} [Sat Apr 25 01:24:56 2026] DELETE /v2.0/security-groups/52223003-1950-4488-82e8-8145fa6320c3 => generated 0 bytes in 262 msecs (HTTP/1.1 204) 2 headers in 112 bytes (1 switches on core 0) [pid: 8|app: 0|req: 702/1541] 10.0.0.17 () {34 vars in 989 bytes} [Sat Apr 25 01:24:56 2026] GET /v2.0/ports?device_id=2916c98c-c495-4684-b966-0cddc1d80b9a => generated 12 bytes in 39 msecs (HTTP/1.1 200) 4 headers in 156 bytes (1 switches on core 0)
2026-04-25 01:24:56.839 7 WARNING neutron.scheduler.dhcp_agent_scheduler [None req-e24f38ea-eafb-436a-a0a5-6e002967f9c1 0f902be556724601b15f104dde398bd4 4c30897d5775412aab488fc77e55b655 - - default default] No more DHCP agents
2026-04-25 01:24:56.841 7 WARNING neutron.api.rpc.agentnotifiers.dhcp_rpc_agent_api [None req-e24f38ea-eafb-436a-a0a5-6e002967f9c1 0f902be556724601b15f104dde398bd4 4c30897d5775412aab488fc77e55b655 - - default default] Unable to schedule network 675a7055-faa0-4e2d-b981-776b2610953e: no agents available; will retry on subsequent port and subnet creation events.
2026-04-25 01:24:57.030 7 INFO neutron.db.ovn_revision_numbers_db [None req-e24f38ea-eafb-436a-a0a5-6e002967f9c1 0f902be556724601b15f104dde398bd4 4c30897d5775412aab488fc77e55b655 - - default default] Successfully bumped revision number for resource ece952ec-5c82-452a-95fd-17ec3b012af1 (type: router_ports) to 1 [pid: 7|app: 0|req: 840/1542] 10.0.0.180 () {34 vars in 783 bytes} [Sat Apr 25 01:24:55 2026] PUT /v2.0/routers/2b55121b-71f4-4da7-97db-21e04afffc7a/add_router_interface => generated 309 bytes in 1569 msecs (HTTP/1.1 200) 4 headers in 157 bytes (1 switches on core 0) [pid: 7|app: 0|req: 841/1543] 10.0.0.180 () {32 vars in 663 bytes} [Sat Apr 25 01:24:57 2026] GET /v2.0/security-groups => generated 2925 bytes in 36 msecs (HTTP/1.1 200) 4 headers in 158 bytes (1 switches on core 0) [pid: 7|app: 0|req: 842/1544] 10.0.0.180 () {32 vars in 717 bytes} [Sat Apr 25 01:24:57 2026] GET /v2.0/ports/ece952ec-5c82-452a-95fd-17ec3b012af1 => generated 941 bytes in 65 msecs (HTTP/1.1 200) 4 headers in 157 bytes (1 switches on core 0)
2026-04-25 01:24:57.151 7 INFO neutron.api.v2.resource [None req-2640fb25-c12f-4c5e-94da-a4670e606dc1 54fe0569e32d4fd8abe1d6e7cf1acdad 7485bc1e40114c5185d6cf47729eecab - - default default] delete failed (client error): The resource could not be found. [pid: 7|app: 0|req: 843/1545] 10.0.0.180 () {32 vars in 740 bytes} [Sat Apr 25 01:24:57 2026] DELETE /v2.0/security-groups/52223003-1950-4488-82e8-8145fa6320c3 => generated 146 bytes in 12 msecs (HTTP/1.1 404) 4 headers in 164 bytes (1 switches on core 0) [pid: 7|app: 0|req: 844/1546] 10.0.0.180 () {32 vars in 717 bytes} [Sat Apr 25 01:24:57 2026] GET /v2.0/ports/ece952ec-5c82-452a-95fd-17ec3b012af1 => generated 941 bytes in 41 msecs (HTTP/1.1 200) 4 headers in 157 bytes (1 switches on core 0)
2026-04-25 01:24:57.328 7 INFO neutron.db.ovn_revision_numbers_db [None req-cbf56d74-311b-4bfd-b384-780e9b9deaa9 54fe0569e32d4fd8abe1d6e7cf1acdad 7485bc1e40114c5185d6cf47729eecab - - default default] Successfully bumped revision number for resource 87164ef3-4ad5-4298-8a83-adb0386ee8b1 (type: security_groups) to 1
2026-04-25 01:24:57.350 7 INFO neutron.db.ovn_revision_numbers_db [None req-cbf56d74-311b-4bfd-b384-780e9b9deaa9 54fe0569e32d4fd8abe1d6e7cf1acdad 7485bc1e40114c5185d6cf47729eecab - - default default] Successfully bumped revision number for resource 0881ce0f-600c-4f38-a53a-4d1f4acaf0e5 (type: security_group_rules) to 0
2026-04-25 01:24:57.362 7 INFO neutron.db.ovn_revision_numbers_db [None req-cbf56d74-311b-4bfd-b384-780e9b9deaa9 54fe0569e32d4fd8abe1d6e7cf1acdad 7485bc1e40114c5185d6cf47729eecab - - default default] Successfully bumped revision number for resource 1d6531ce-c52c-4e95-8f55-8e9312f70dce (type: security_group_rules) to 0 [pid: 7|app: 0|req: 845/1547] 10.0.0.180 () {34 vars in 684 bytes} [Sat Apr 25 01:24:57 2026] POST /v2.0/security-groups => generated 1625 bytes in 199 msecs (HTTP/1.1 201) 4 headers in 163 bytes (1 switches on core 0)
2026-04-25 01:24:57.537 7 INFO neutron.db.ovn_revision_numbers_db [None req-aa1c431b-7551-4da1-a5ef-57b0e9921d47 54fe0569e32d4fd8abe1d6e7cf1acdad 7485bc1e40114c5185d6cf47729eecab - - default default] Successfully bumped revision number for resource 3800862e-bf9e-4530-a9dd-59a58aead0b8 (type: security_group_rules) to 0 [pid: 7|app: 0|req: 846/1548] 10.0.0.180 () {34 vars in 695 bytes} [Sat Apr 25 01:24:57 2026] POST /v2.0/security-group-rules => generated 601 bytes in 170 msecs (HTTP/1.1 201) 4 headers in 162 bytes (1 switches on core 0)
2026-04-25 01:24:57.582 8 WARNING neutron.scheduler.dhcp_agent_scheduler [None req-008db953-f2b4-4b72-b615-b6ef4cf224d1 26dd324098134da991e38d9625b0c9e8 bca6f3b31fef485a907114e1acc5b767 - - default default] No more DHCP agents
2026-04-25 01:24:57.586 8 WARNING neutron.api.rpc.agentnotifiers.dhcp_rpc_agent_api [None req-008db953-f2b4-4b72-b615-b6ef4cf224d1 26dd324098134da991e38d9625b0c9e8 bca6f3b31fef485a907114e1acc5b767 - - default default] Unable to schedule network b901d439-afb3-423a-acdc-a6fa4ad01e56: no agents available; will retry on subsequent port and subnet creation events. [pid: 7|app: 0|req: 847/1549] 10.0.0.180 () {32 vars in 747 bytes} [Sat Apr 25 01:24:57 2026] GET /v2.0/security-group-rules/3800862e-bf9e-4530-a9dd-59a58aead0b8 => generated 601 bytes in 19 msecs (HTTP/1.1 200) 4 headers in 157 bytes (1 switches on core 0) [pid: 7|app: 0|req: 848/1550] 10.0.0.180 () {32 vars in 673 bytes} [Sat Apr 25 01:24:57 2026] GET /v2.0/security-group-rules => generated 4138 bytes in 86 msecs (HTTP/1.1 200) 4 headers in 158 bytes (1 switches on core 0) [pid: 7|app: 0|req: 849/1551] 10.0.0.17 () {34 vars in 989 bytes} [Sat Apr 25 01:24:57 2026] GET /v2.0/ports?device_id=2916c98c-c495-4684-b966-0cddc1d80b9a => generated 12 bytes in 18 msecs (HTTP/1.1 200) 4 headers in 156 bytes (1 switches on core 0)
2026-04-25 01:24:57.752 8 INFO neutron.db.ovn_revision_numbers_db [None req-3998716a-559c-48c4-a907-439afd2d387a - - - - - -] Successfully bumped revision number for resource 6098fcea-d2ab-42d4-a96c-492bc2e8ceae (type: ports) to 4 [pid: 7|app: 0|req: 850/1552] 10.0.0.180 () {32 vars in 750 bytes} [Sat Apr 25 01:24:57 2026] DELETE /v2.0/security-group-rules/3800862e-bf9e-4530-a9dd-59a58aead0b8 => generated 0 bytes in 158 msecs (HTTP/1.1 204) 2 headers in 112 bytes (1 switches on core 0)
2026-04-25 01:24:57.901 8 INFO neutron.db.ovn_revision_numbers_db [None req-008db953-f2b4-4b72-b615-b6ef4cf224d1 26dd324098134da991e38d9625b0c9e8 bca6f3b31fef485a907114e1acc5b767 - - default default] Successfully bumped revision number for resource 1a23c168-6085-4dfb-98d0-aa2a28a69100 (type: ports) to 1 [pid: 7|app: 0|req: 851/1553] 10.0.0.180 () {32 vars in 673 bytes} [Sat Apr 25 01:24:57 2026] GET /v2.0/security-group-rules => generated 3560 bytes in 101 msecs (HTTP/1.1 200) 4 headers in 158 bytes (1 switches on core 0)
2026-04-25 01:24:58.112 7 INFO neutron.db.ovn_revision_numbers_db [None req-aa557a4b-7909-4d3c-8b5b-a56e98acbd8b 54fe0569e32d4fd8abe1d6e7cf1acdad 7485bc1e40114c5185d6cf47729eecab - - default default] Successfully bumped revision number for resource 321e8ee7-b542-4ecc-b05b-77f0c6d33e4c (type: security_group_rules) to 0 [pid: 7|app: 0|req: 852/1554] 10.0.0.180 () {34 vars in 695 bytes} [Sat Apr 25 01:24:57 2026] POST /v2.0/security-group-rules => generated 601 bytes in 171 msecs (HTTP/1.1 201) 4 headers in 162 bytes (1 switches on core 0) [pid: 7|app: 0|req: 853/1555] 10.0.0.180 () {32 vars in 747 bytes} [Sat Apr 25 01:24:58 2026] GET /v2.0/security-group-rules/321e8ee7-b542-4ecc-b05b-77f0c6d33e4c => generated 601 bytes in 14 msecs (HTTP/1.1 200) 4 headers in 157 bytes (1 switches on core 0) [pid: 7|app: 0|req: 854/1556] 10.0.0.180 () {32 vars in 673 bytes} [Sat Apr 25 01:24:58 2026] GET /v2.0/security-group-rules => generated 4138 bytes in 53 msecs (HTTP/1.1 200) 4 headers in 158 bytes (1 switches on core 0) [pid: 7|app: 0|req: 855/1557] 10.0.0.180 () {32 vars in 717 bytes} [Sat Apr 25 01:24:58 2026] GET /v2.0/ports/ece952ec-5c82-452a-95fd-17ec3b012af1 => generated 941 bytes in 30 msecs (HTTP/1.1 200) 4 headers in 157 bytes (1 switches on core 0) [pid: 7|app: 0|req: 856/1558] 10.0.0.180 () {32 vars in 750 bytes} [Sat Apr 25 01:24:58 2026] DELETE /v2.0/security-group-rules/321e8ee7-b542-4ecc-b05b-77f0c6d33e4c => generated 0 bytes in 113 msecs (HTTP/1.1 204) 2 headers in 112 bytes (1 switches on core 0) [pid: 7|app: 0|req: 857/1559] 10.0.0.180 () {32 vars in 673 bytes} [Sat Apr 25 01:24:58 2026] GET /v2.0/security-group-rules => generated 3560 bytes in 58 msecs (HTTP/1.1 200) 4 headers in 158 bytes (1 switches on core 0)
