+ COMMAND=start + start + for KEYSTONE_WSGI_SCRIPT in keystone-wsgi-public ++ type -p keystone-wsgi-public + cp -a /var/lib/openstack/bin/keystone-wsgi-public /var/www/cgi-bin/keystone/ + '[' -f /etc/apache2/envvars ']' + source /etc/apache2/envvars ++ unset HOME ++ '[' '' '!=' '' ']' ++ SUFFIX= ++ export APACHE_RUN_USER=www-data ++ APACHE_RUN_USER=www-data ++ export APACHE_RUN_GROUP=www-data ++ APACHE_RUN_GROUP=www-data ++ export APACHE_PID_FILE=/var/run/apache2/apache2.pid ++ APACHE_PID_FILE=/var/run/apache2/apache2.pid ++ export APACHE_RUN_DIR=/var/run/apache2 ++ APACHE_RUN_DIR=/var/run/apache2 ++ export APACHE_LOCK_DIR=/var/lock/apache2 ++ APACHE_LOCK_DIR=/var/lock/apache2 ++ export APACHE_LOG_DIR=/var/log/apache2 ++ APACHE_LOG_DIR=/var/log/apache2 ++ export LANG=C ++ LANG=C ++ export LANG + '[' -f /var/run/apache2/apache2.pid ']' + exec apache2 -DFOREGROUND AH00558: apache2: Could not reliably determine the server's fully qualified domain name, using 10.0.0.69. Set the 'ServerName' directive globally to suppress this message AH00558: apache2: Could not reliably determine the server's fully qualified domain name, using 10.0.0.69. Set the 'ServerName' directive globally to suppress this message
[Tue Aug 04 15:27:52.247747 2026] [mpm_event:notice] [pid 1:tid 140609018910592] AH00489: Apache/2.4.58 (Ubuntu) mod_wsgi/5.0.0 Python/3.12 configured -- resuming normal operations
[Tue Aug 04 15:27:52.247872 2026] [core:notice] [pid 1:tid 140609018910592] AH00094: Command line: 'apache2 -D FOREGROUND'
[Tue Aug 04 15:28:49.956348 2026] [wsgi:error] [pid 12:tid 140608381089472] /var/lib/openstack/lib/python3.12/site-packages/oslo_utils/importutils.py:77: EventletDeprecationWarning:
[Tue Aug 04 15:28:49.956395 2026] [wsgi:error] [pid 12:tid 140608381089472] Eventlet is deprecated. It is currently being maintained in bugfix mode, and
[Tue Aug 04 15:28:49.956398 2026] [wsgi:error] [pid 12:tid 140608381089472] we strongly recommend against using it for new projects.
[Tue Aug 04 15:28:49.956399 2026] [wsgi:error] [pid 12:tid 140608381089472]
[Tue Aug 04 15:28:49.956400 2026] [wsgi:error] [pid 12:tid 140608381089472] If you are already using Eventlet, we recommend migrating to a different
[Tue Aug 04 15:28:49.956401 2026] [wsgi:error] [pid 12:tid 140608381089472] framework. For more detail see
[Tue Aug 04 15:28:49.956402 2026] [wsgi:error] [pid 12:tid 140608381089472] https://eventlet.readthedocs.io/en/latest/asyncio/migration.html
[Tue Aug 04 15:28:49.956403 2026] [wsgi:error] [pid 12:tid 140608381089472]
[Tue Aug 04 15:28:49.956404 2026] [wsgi:error] [pid 12:tid 140608381089472] __import__(import_str)
[Tue Aug 04 15:28:49.982285 2026] [wsgi:error] [pid 10:tid 140608381089472] /var/lib/openstack/lib/python3.12/site-packages/oslo_utils/importutils.py:77: EventletDeprecationWarning:
[Tue Aug 04 15:28:49.982329 2026] [wsgi:error] [pid 10:tid 140608381089472] Eventlet is deprecated. It is currently being maintained in bugfix mode, and
[Tue Aug 04 15:28:49.982331 2026] [wsgi:error] [pid 10:tid 140608381089472] we strongly recommend against using it for new projects.
[Tue Aug 04 15:28:49.982332 2026] [wsgi:error] [pid 10:tid 140608381089472]
[Tue Aug 04 15:28:49.982333 2026] [wsgi:error] [pid 10:tid 140608381089472] If you are already using Eventlet, we recommend migrating to a different
[Tue Aug 04 15:28:49.982334 2026] [wsgi:error] [pid 10:tid 140608381089472] framework. For more detail see
[Tue Aug 04 15:28:49.982335 2026] [wsgi:error] [pid 10:tid 140608381089472] https://eventlet.readthedocs.io/en/latest/asyncio/migration.html
[Tue Aug 04 15:28:49.982337 2026] [wsgi:error] [pid 10:tid 140608381089472]
[Tue Aug 04 15:28:49.982338 2026] [wsgi:error] [pid 10:tid 140608381089472] __import__(import_str) 10.0.0.163 - - [04/Aug/2026:15:28:49 +0000] "GET /v3/ HTTP/1.1" 200 249 10.0.0.163 - - [04/Aug/2026:15:28:49 +0000] "GET /v3/ HTTP/1.1" 200 249
[Tue Aug 04 15:29:02.422206 2026] [wsgi:error] [pid 11:tid 140608381089472] /var/lib/openstack/lib/python3.12/site-packages/oslo_utils/importutils.py:77: EventletDeprecationWarning:
[Tue Aug 04 15:29:02.422276 2026] [wsgi:error] [pid 11:tid 140608381089472] Eventlet is deprecated. It is currently being maintained in bugfix mode, and
[Tue Aug 04 15:29:02.422278 2026] [wsgi:error] [pid 11:tid 140608381089472] we strongly recommend against using it for new projects.
[Tue Aug 04 15:29:02.422279 2026] [wsgi:error] [pid 11:tid 140608381089472]
[Tue Aug 04 15:29:02.422280 2026] [wsgi:error] [pid 11:tid 140608381089472] If you are already using Eventlet, we recommend migrating to a different
[Tue Aug 04 15:29:02.422282 2026] [wsgi:error] [pid 11:tid 140608381089472] framework. For more detail see
[Tue Aug 04 15:29:02.422283 2026] [wsgi:error] [pid 11:tid 140608381089472] https://eventlet.readthedocs.io/en/latest/asyncio/migration.html
[Tue Aug 04 15:29:02.422284 2026] [wsgi:error] [pid 11:tid 140608381089472]
[Tue Aug 04 15:29:02.422285 2026] [wsgi:error] [pid 11:tid 140608381089472] __import__(import_str) 10.0.0.37 - - [04/Aug/2026:15:29:01 +0000] "GET / HTTP/1.1" 300 295
[Tue Aug 04 15:29:07.923840 2026] [wsgi:error] [pid 9:tid 140608381089472] /var/lib/openstack/lib/python3.12/site-packages/oslo_utils/importutils.py:77: EventletDeprecationWarning:
[Tue Aug 04 15:29:07.923879 2026] [wsgi:error] [pid 9:tid 140608381089472] Eventlet is deprecated. It is currently being maintained in bugfix mode, and
[Tue Aug 04 15:29:07.923881 2026] [wsgi:error] [pid 9:tid 140608381089472] we strongly recommend against using it for new projects.
[Tue Aug 04 15:29:07.923883 2026] [wsgi:error] [pid 9:tid 140608381089472]
[Tue Aug 04 15:29:07.923884 2026] [wsgi:error] [pid 9:tid 140608381089472] If you are already using Eventlet, we recommend migrating to a different
[Tue Aug 04 15:29:07.923885 2026] [wsgi:error] [pid 9:tid 140608381089472] framework. For more detail see
[Tue Aug 04 15:29:07.923886 2026] [wsgi:error] [pid 9:tid 140608381089472] https://eventlet.readthedocs.io/en/latest/asyncio/migration.html
[Tue Aug 04 15:29:07.923887 2026] [wsgi:error] [pid 9:tid 140608381089472]
[Tue Aug 04 15:29:07.923888 2026] [wsgi:error] [pid 9:tid 140608381089472] __import__(import_str)
[Tue Aug 04 15:29:12.726437 2026] [wsgi:error] [pid 9:tid 140608381089472] [remote 10.0.0.37:56802] 2026-08-04 15:29:12.721 9 WARNING keystone.identity.core [None req-6a750934-058e-4929-8e92-61282a018e97 - - - - - -] Invalid domain name (atmosphere) found in config file name: keystone.exception.DomainNotFound: Could not find domain: atmosphere.
[Tue Aug 04 15:29:12.782344 2026] [wsgi:error] [pid 9:tid 140608381089472] [remote 10.0.0.37:56802] 2026-08-04 15:29:12.781 9 WARNING keystone.common.password_hashing [None req-6a750934-058e-4929-8e92-61282a018e97 - - - - - -] Truncating password to algorithm specific maximum length 72 characters.
[Tue Aug 04 15:29:13.065854 2026] [wsgi:error] [pid 9:tid 140608381089472] [remote 10.0.0.37:56802] 2026-08-04 15:29:13.065 9 WARNING keystone.common.fernet_utils [None req-6a750934-058e-4929-8e92-61282a018e97 - - - - - -] key_repository is world readable: /etc/keystone/fernet-keys/ 10.0.0.37 - - [04/Aug/2026:15:29:07 +0000] "POST /v3/auth/tokens HTTP/1.1" 201 1360
[Tue Aug 04 15:29:13.464530 2026] [wsgi:error] [pid 12:tid 140608381089472] [remote 10.0.0.37:56802] 2026-08-04 15:29:13.461 12 WARNING keystone.identity.core [None req-4347aeb9-b473-4f25-a480-74abebfda816 - - - - - -] Invalid domain name (atmosphere) found in config file name: keystone.exception.DomainNotFound: Could not find domain: atmosphere. 10.0.0.37 - - [04/Aug/2026:15:29:13 +0000] "POST /v3/domains HTTP/1.1" 201 261 10.0.0.105 - - [04/Aug/2026:15:29:25 +0000] "GET / HTTP/1.1" 300 295
[Tue Aug 04 15:29:26.238487 2026] [wsgi:error] [pid 11:tid 140608381089472] [remote 10.0.0.105:52580] 2026-08-04 15:29:26.237 11 WARNING keystone.common.password_hashing [None req-d85965ff-75e4-48a1-be43-97fd35a77974 - - - - - -] Truncating password to algorithm specific maximum length 72 characters.
[Tue Aug 04 15:29:26.509278 2026] [wsgi:error] [pid 11:tid 140608381089472] [remote 10.0.0.105:52580] 2026-08-04 15:29:26.508 11 WARNING keystone.common.fernet_utils [None req-d85965ff-75e4-48a1-be43-97fd35a77974 - - - - - -] key_repository is world readable: /etc/keystone/fernet-keys/ 10.0.0.105 - - [04/Aug/2026:15:29:25 +0000] "POST /v3/auth/tokens HTTP/1.1" 201 1360 10.0.0.105 - - [04/Aug/2026:15:29:26 +0000] "GET /v3/roles/admin HTTP/1.1" 404 83
[Tue Aug 04 15:29:26.757615 2026] [wsgi:error] [pid 12:tid 140608381089472] [remote 10.0.0.105:52580] 2026-08-04 15:29:26.757 12 WARNING keystone.common.rbac_enforcer.enforcer [None req-e297f27a-8c75-48ed-8b75-636ddb77e9d5 5aedb9e1ed94400f90de34f76a1fe8d7 f16d1517345f4634b8269b24af9088bf - - default default] Deprecated policy rules found. Use oslopolicy-policy-generator and oslopolicy-policy-upgrade to detect and resolve deprecated policies in your configuration. 10.0.0.105 - - [04/Aug/2026:15:29:26 +0000] "GET /v3/roles?name=admin HTTP/1.1" 200 389
[Tue Aug 04 15:29:27.254160 2026] [wsgi:error] [pid 10:tid 140608381089472] [remote 10.0.0.105:52580] 2026-08-04 15:29:27.253 10 WARNING keystone.common.rbac_enforcer.enforcer [None req-ab178f9f-92ef-4db1-a58d-a62c78a322a7 5aedb9e1ed94400f90de34f76a1fe8d7 f16d1517345f4634b8269b24af9088bf - - default default] Deprecated policy rules found. Use oslopolicy-policy-generator and oslopolicy-policy-upgrade to detect and resolve deprecated policies in your configuration. 10.0.0.105 - - [04/Aug/2026:15:29:26 +0000] "GET /v3/users/admin-RegionOne HTTP/1.1" 404 93
[Tue Aug 04 15:29:27.421414 2026] [wsgi:error] [pid 11:tid 140608381089472] [remote 10.0.0.105:52580] 2026-08-04 15:29:27.421 11 WARNING keystone.common.rbac_enforcer.enforcer [None req-545e9e86-e80f-4150-8ca6-8423b5436455 5aedb9e1ed94400f90de34f76a1fe8d7 f16d1517345f4634b8269b24af9088bf - - default default] Deprecated policy rules found. Use oslopolicy-policy-generator and oslopolicy-policy-upgrade to detect and resolve deprecated policies in your configuration. 10.0.0.105 - - [04/Aug/2026:15:29:27 +0000] "GET /v3/users?name=admin-RegionOne HTTP/1.1" 200 422
[Tue Aug 04 15:29:27.612454 2026] [wsgi:error] [pid 9:tid 140608381089472] [remote 10.0.0.105:52580] 2026-08-04 15:29:27.612 9 WARNING keystone.common.rbac_enforcer.enforcer [None req-2dad3a48-42dd-4d67-8235-2747a12cb598 5aedb9e1ed94400f90de34f76a1fe8d7 f16d1517345f4634b8269b24af9088bf - - default default] Deprecated policy rules found. Use oslopolicy-policy-generator and oslopolicy-policy-upgrade to detect and resolve deprecated policies in your configuration. 10.0.0.105 - - [04/Aug/2026:15:29:27 +0000] "GET /v3/domains/default HTTP/1.1" 200 224 10.0.0.105 - - [04/Aug/2026:15:29:27 +0000] "PUT /v3/domains/default/users/5aedb9e1ed94400f90de34f76a1fe8d7/roles/b49afe8ba0d846d38b28bb6fc6daee46 HTTP/1.1" 204 - 10.0.0.163 - - [04/Aug/2026:15:29:37 +0000] "GET / HTTP/1.1" 300 281 10.0.0.163 - - [04/Aug/2026:15:29:39 +0000] "GET /v3 HTTP/1.1" 200 266
[Tue Aug 04 15:29:39.348250 2026] [wsgi:error] [pid 9:tid 140608381089472] [remote 10.0.0.163:50552] 2026-08-04 15:29:39.348 9 WARNING keystone.common.password_hashing [None req-b1efd28d-693f-4da0-8421-77dfeb14ec26 - - - - - -] Truncating password to algorithm specific maximum length 72 characters.
[Tue Aug 04 15:29:39.623343 2026] [wsgi:error] [pid 9:tid 140608381089472] [remote 10.0.0.163:50552] 2026-08-04 15:29:39.623 9 WARNING keystone.common.fernet_utils [None req-b1efd28d-693f-4da0-8421-77dfeb14ec26 - - - - - -] key_repository is world readable: /etc/keystone/fernet-keys/ 10.0.0.163 - - [04/Aug/2026:15:29:39 +0000] "POST /v3/auth/tokens HTTP/1.1" 201 1360 10.0.0.163 - - [04/Aug/2026:15:29:39 +0000] "GET / HTTP/1.1" 300 281 10.0.0.163 - - [04/Aug/2026:15:29:39 +0000] "GET /v3/domains/atmosphere HTTP/1.1" 404 90 10.0.0.163 - - [04/Aug/2026:15:29:39 +0000] "GET /v3/domains?name=atmosphere HTTP/1.1" 200 370 10.0.0.163 - - [04/Aug/2026:15:29:39 +0000] "GET /v3/domains/d6a66fd24ace4b9987d782a1e41af64b HTTP/1.1" 200 247 10.0.0.163 - - [04/Aug/2026:15:29:40 +0000] "GET /v3 HTTP/1.1" 200 266
[Tue Aug 04 15:29:40.767610 2026] [wsgi:error] [pid 10:tid 140608381089472] [remote 10.0.0.163:50552] 2026-08-04 15:29:40.766 10 WARNING keystone.common.password_hashing [None req-69daaea7-1f4e-46b8-99e1-b83ace3239f6 - - - - - -] Truncating password to algorithm specific maximum length 72 characters.
[Tue Aug 04 15:29:41.059272 2026] [wsgi:error] [pid 10:tid 140608381089472] [remote 10.0.0.163:50552] 2026-08-04 15:29:41.059 10 WARNING keystone.common.fernet_utils [None req-69daaea7-1f4e-46b8-99e1-b83ace3239f6 - - - - - -] key_repository is world readable: /etc/keystone/fernet-keys/ 10.0.0.163 - - [04/Aug/2026:15:29:40 +0000] "POST /v3/auth/tokens HTTP/1.1" 201 1360 10.0.0.163 - - [04/Aug/2026:15:29:41 +0000] "GET / HTTP/1.1" 300 281 10.0.0.163 - - [04/Aug/2026:15:29:41 +0000] "GET /v3/OS-FEDERATION/identity_providers/atmosphere HTTP/1.1" 404 101 10.0.0.163 - - [04/Aug/2026:15:29:41 +0000] "GET /v3/OS-FEDERATION/identity_providers HTTP/1.1" 200 156 10.0.0.163 - - [04/Aug/2026:15:29:41 +0000] "PUT /v3/OS-FEDERATION/identity_providers/atmosphere HTTP/1.1" 201 342 10.0.0.163 - - [04/Aug/2026:15:29:41 +0000] "GET /v3 HTTP/1.1" 200 266
[Tue Aug 04 15:29:41.914080 2026] [wsgi:error] [pid 9:tid 140608381089472] [remote 10.0.0.163:50552] 2026-08-04 15:29:41.913 9 WARNING keystone.common.password_hashing [None req-04162e97-3c67-4b8a-a7bf-47ed73254340 - - - - - -] Truncating password to algorithm specific maximum length 72 characters.
[Tue Aug 04 15:29:42.192089 2026] [wsgi:error] [pid 9:tid 140608381089472] [remote 10.0.0.163:50552] 2026-08-04 15:29:42.191 9 WARNING keystone.common.fernet_utils [None req-04162e97-3c67-4b8a-a7bf-47ed73254340 - - - - - -] key_repository is world readable: /etc/keystone/fernet-keys/ 10.0.0.163 - - [04/Aug/2026:15:29:41 +0000] "POST /v3/auth/tokens HTTP/1.1" 201 1360 10.0.0.163 - - [04/Aug/2026:15:29:42 +0000] "GET / HTTP/1.1" 300 281 10.0.0.163 - - [04/Aug/2026:15:29:42 +0000] "GET /v3/OS-FEDERATION/mappings/atmosphere-openid HTTP/1.1" 404 98 10.0.0.163 - - [04/Aug/2026:15:29:42 +0000] "GET /v3/OS-FEDERATION/mappings HTTP/1.1" 200 136 10.0.0.163 - - [04/Aug/2026:15:29:42 +0000] "PUT /v3/OS-FEDERATION/mappings/atmosphere-openid HTTP/1.1" 201 357 10.0.0.163 - - [04/Aug/2026:15:29:42 +0000] "GET /v3 HTTP/1.1" 200 266
[Tue Aug 04 15:29:42.972637 2026] [wsgi:error] [pid 10:tid 140608381089472] [remote 10.0.0.163:50552] 2026-08-04 15:29:42.972 10 WARNING keystone.common.password_hashing [None req-140f84be-47fb-4669-93ae-56f4c18c158b - - - - - -] Truncating password to algorithm specific maximum length 72 characters.
[Tue Aug 04 15:29:43.255954 2026] [wsgi:error] [pid 10:tid 140608381089472] [remote 10.0.0.163:50552] 2026-08-04 15:29:43.255 10 WARNING keystone.common.fernet_utils [None req-140f84be-47fb-4669-93ae-56f4c18c158b - - - - - -] key_repository is world readable: /etc/keystone/fernet-keys/ 10.0.0.163 - - [04/Aug/2026:15:29:42 +0000] "POST /v3/auth/tokens HTTP/1.1" 201 1360 10.0.0.163 - - [04/Aug/2026:15:29:43 +0000] "GET / HTTP/1.1" 300 281 10.0.0.163 - - [04/Aug/2026:15:29:43 +0000] "GET /v3/OS-FEDERATION/identity_providers/atmosphere/protocols/openid?idp_id=atmosphere HTTP/1.1" 404 131 10.0.0.163 - - [04/Aug/2026:15:29:43 +0000] "GET /v3/OS-FEDERATION/identity_providers/atmosphere/protocols HTTP/1.1" 200 168 10.0.0.163 - - [04/Aug/2026:15:29:43 +0000] "PUT /v3/OS-FEDERATION/identity_providers/atmosphere/protocols/openid HTTP/1.1" 201 224 10.0.0.163 - - [04/Aug/2026:15:29:49 +0000] "GET /v3/ HTTP/1.1" 200 249 10.0.0.163 - - [04/Aug/2026:15:29:49 +0000] "GET /v3/ HTTP/1.1" 200 249 10.0.0.163 - - [04/Aug/2026:15:30:49 +0000] "GET /v3/ HTTP/1.1" 200 249 10.0.0.163 - - [04/Aug/2026:15:30:49 +0000] "GET /v3/ HTTP/1.1" 200 249 10.0.0.145 - - [04/Aug/2026:15:31:07 +0000] "GET / HTTP/1.1" 300 295
[Tue Aug 04 15:31:07.744603 2026] [wsgi:error] [pid 9:tid 140608381089472] [remote 10.0.0.145:55982] 2026-08-04 15:31:07.744 9 WARNING keystone.common.password_hashing [None req-0b9e47ad-cf06-4a1d-90d2-65d056f6674e - - - - - -] Truncating password to algorithm specific maximum length 72 characters.
[Tue Aug 04 15:31:08.019595 2026] [wsgi:error] [pid 9:tid 140608381089472] [remote 10.0.0.145:55982] 2026-08-04 15:31:08.019 9 WARNING keystone.common.fernet_utils [None req-0b9e47ad-cf06-4a1d-90d2-65d056f6674e - - - - - -] key_repository is world readable: /etc/keystone/fernet-keys/ 10.0.0.145 - - [04/Aug/2026:15:31:07 +0000] "POST /v3/auth/tokens HTTP/1.1" 201 1360 10.0.0.145 - - [04/Aug/2026:15:31:08 +0000] "GET /v3/services HTTP/1.1" 200 355 10.0.0.145 - - [04/Aug/2026:15:31:11 +0000] "GET / HTTP/1.1" 300 295
[Tue Aug 04 15:31:11.767141 2026] [wsgi:error] [pid 11:tid 140608381089472] [remote 10.0.0.145:51124] 2026-08-04 15:31:11.766 11 WARNING keystone.common.password_hashing [None req-bdc586f3-b32e-4efa-a60c-8a49ad8c28b3 - - - - - -] Truncating password to algorithm specific maximum length 72 characters.
[Tue Aug 04 15:31:12.042258 2026] [wsgi:error] [pid 11:tid 140608381089472] [remote 10.0.0.145:51124] 2026-08-04 15:31:12.042 11 WARNING keystone.common.fernet_utils [None req-bdc586f3-b32e-4efa-a60c-8a49ad8c28b3 - - - - - -] key_repository is world readable: /etc/keystone/fernet-keys/ 10.0.0.145 - - [04/Aug/2026:15:31:11 +0000] "POST /v3/auth/tokens HTTP/1.1" 201 1360 10.0.0.145 - - [04/Aug/2026:15:31:12 +0000] "GET /v3/services HTTP/1.1" 200 355 10.0.0.145 - - [04/Aug/2026:15:31:15 +0000] "GET / HTTP/1.1" 300 295
[Tue Aug 04 15:31:15.798457 2026] [wsgi:error] [pid 10:tid 140608381089472] [remote 10.0.0.145:51130] 2026-08-04 15:31:15.798 10 WARNING keystone.common.password_hashing [None req-0fba860d-1321-4dd5-966e-56b55587030a - - - - - -] Truncating password to algorithm specific maximum length 72 characters.
[Tue Aug 04 15:31:16.077078 2026] [wsgi:error] [pid 10:tid 140608381089472] [remote 10.0.0.145:51130] 2026-08-04 15:31:16.076 10 WARNING keystone.common.fernet_utils [None req-0fba860d-1321-4dd5-966e-56b55587030a - - - - - -] key_repository is world readable: /etc/keystone/fernet-keys/ 10.0.0.145 - - [04/Aug/2026:15:31:15 +0000] "POST /v3/auth/tokens HTTP/1.1" 201 1360 10.0.0.145 - - [04/Aug/2026:15:31:16 +0000] "GET /v3/services HTTP/1.1" 200 355 10.0.0.145 - - [04/Aug/2026:15:31:19 +0000] "GET / HTTP/1.1" 300 295
[Tue Aug 04 15:31:19.849611 2026] [wsgi:error] [pid 12:tid 140608381089472] [remote 10.0.0.145:60176] 2026-08-04 15:31:19.849 12 WARNING keystone.common.password_hashing [None req-e446c6b5-e27b-4cf6-a76e-d388c968def7 - - - - - -] Truncating password to algorithm specific maximum length 72 characters.
[Tue Aug 04 15:31:20.160400 2026] [wsgi:error] [pid 12:tid 140608381089472] [remote 10.0.0.145:60176] 2026-08-04 15:31:20.160 12 WARNING keystone.common.fernet_utils [None req-e446c6b5-e27b-4cf6-a76e-d388c968def7 - - - - - -] key_repository is world readable: /etc/keystone/fernet-keys/ 10.0.0.145 - - [04/Aug/2026:15:31:19 +0000] "POST /v3/auth/tokens HTTP/1.1" 201 1360 10.0.0.145 - - [04/Aug/2026:15:31:20 +0000] "POST /v3/services HTTP/1.1" 201 296 10.0.0.161 - - [04/Aug/2026:15:31:30 +0000] "GET / HTTP/1.1" 300 295
[Tue Aug 04 15:31:30.994062 2026] [wsgi:error] [pid 9:tid 140608381089472] [remote 10.0.0.161:38522] 2026-08-04 15:31:30.993 9 WARNING keystone.common.password_hashing [None req-ca392dba-95eb-4051-8d48-8973e4f20a46 - - - - - -] Truncating password to algorithm specific maximum length 72 characters.
[Tue Aug 04 15:31:31.293690 2026] [wsgi:error] [pid 9:tid 140608381089472] [remote 10.0.0.161:38522] 2026-08-04 15:31:31.293 9 WARNING keystone.common.fernet_utils [None req-ca392dba-95eb-4051-8d48-8973e4f20a46 - - - - - -] key_repository is world readable: /etc/keystone/fernet-keys/ 10.0.0.161 - - [04/Aug/2026:15:31:31 +0000] "GET / HTTP/1.1" 300 295 10.0.0.161 - - [04/Aug/2026:15:31:30 +0000] "POST /v3/auth/tokens HTTP/1.1" 201 1464
[Tue Aug 04 15:31:31.315049 2026] [wsgi:error] [pid 10:tid 140608381089472] [remote 10.0.0.161:38536] 2026-08-04 15:31:31.314 10 WARNING keystone.common.password_hashing [None req-5e24f3eb-f2f7-44ae-8579-601568dfd577 - - - - - -] Truncating password to algorithm specific maximum length 72 characters. 10.0.0.161 - - [04/Aug/2026:15:31:31 +0000] "GET / HTTP/1.1" 300 295
[Tue Aug 04 15:31:31.375551 2026] [wsgi:error] [pid 12:tid 140608381089472] [remote 10.0.0.161:38540] 2026-08-04 15:31:31.375 12 WARNING keystone.common.password_hashing [None req-cd097392-6763-4b8a-812f-0a92c6702a9c - - - - - -] Truncating password to algorithm specific maximum length 72 characters. 10.0.0.161 - - [04/Aug/2026:15:31:31 +0000] "GET /v3/services HTTP/1.1" 200 639
[Tue Aug 04 15:31:31.595252 2026] [wsgi:error] [pid 10:tid 140608381089472] [remote 10.0.0.161:38536] 2026-08-04 15:31:31.595 10 WARNING keystone.common.fernet_utils [None req-5e24f3eb-f2f7-44ae-8579-601568dfd577 - - - - - -] key_repository is world readable: /etc/keystone/fernet-keys/ 10.0.0.161 - - [04/Aug/2026:15:31:31 +0000] "POST /v3/auth/tokens HTTP/1.1" 201 1464
[Tue Aug 04 15:31:31.678116 2026] [wsgi:error] [pid 12:tid 140608381089472] [remote 10.0.0.161:38540] 2026-08-04 15:31:31.677 12 WARNING keystone.common.fernet_utils [None req-cd097392-6763-4b8a-812f-0a92c6702a9c - - - - - -] key_repository is world readable: /etc/keystone/fernet-keys/ 10.0.0.161 - - [04/Aug/2026:15:31:31 +0000] "POST /v3/auth/tokens HTTP/1.1" 201 1464 10.0.0.161 - - [04/Aug/2026:15:31:31 +0000] "GET /v3/services HTTP/1.1" 200 639 10.0.0.161 - - [04/Aug/2026:15:31:31 +0000] "GET /v3/services HTTP/1.1" 200 639 10.0.0.161 - - [04/Aug/2026:15:31:33 +0000] "GET / HTTP/1.1" 300 295
[Tue Aug 04 15:31:33.041260 2026] [wsgi:error] [pid 12:tid 140608381089472] [remote 10.0.0.161:38546] 2026-08-04 15:31:33.040 12 WARNING keystone.common.password_hashing [None req-63d715f8-3a92-47bb-8e0e-0d8ce6af8cd4 - - - - - -] Truncating password to algorithm specific maximum length 72 characters.
[Tue Aug 04 15:31:33.331446 2026] [wsgi:error] [pid 12:tid 140608381089472] [remote 10.0.0.161:38546] 2026-08-04 15:31:33.331 12 WARNING keystone.common.fernet_utils [None req-63d715f8-3a92-47bb-8e0e-0d8ce6af8cd4 - - - - - -] key_repository is world readable: /etc/keystone/fernet-keys/ 10.0.0.161 - - [04/Aug/2026:15:31:33 +0000] "POST /v3/auth/tokens HTTP/1.1" 201 1464 10.0.0.161 - - [04/Aug/2026:15:31:33 +0000] "GET / HTTP/1.1" 300 295
[Tue Aug 04 15:31:33.388053 2026] [wsgi:error] [pid 9:tid 140608381089472] [remote 10.0.0.161:38554] 2026-08-04 15:31:33.387 9 WARNING keystone.common.password_hashing [None req-3994bc79-5345-4585-a28a-a3ad8af73b78 - - - - - -] Truncating password to algorithm specific maximum length 72 characters. 10.0.0.161 - - [04/Aug/2026:15:31:33 +0000] "GET / HTTP/1.1" 300 295
[Tue Aug 04 15:31:33.442060 2026] [wsgi:error] [pid 12:tid 140608381089472] [remote 10.0.0.161:38570] 2026-08-04 15:31:33.441 12 WARNING keystone.common.password_hashing [None req-25b47d29-de17-419e-ab7d-aa7fd78e965a - - - - - -] Truncating password to algorithm specific maximum length 72 characters. 10.0.0.161 - - [04/Aug/2026:15:31:33 +0000] "GET /v3/endpoints HTTP/1.1" 200 1227 10.0.0.161 - - [04/Aug/2026:15:31:33 +0000] "GET /v3/services/17073a1a751e409d8c1fe26c99b6b631 HTTP/1.1" 200 233 10.0.0.161 - - [04/Aug/2026:15:31:33 +0000] "GET /v3/services/17073a1a751e409d8c1fe26c99b6b631 HTTP/1.1" 200 233 10.0.0.161 - - [04/Aug/2026:15:31:33 +0000] "GET /v3/services/17073a1a751e409d8c1fe26c99b6b631 HTTP/1.1" 200 233
[Tue Aug 04 15:31:33.673441 2026] [wsgi:error] [pid 9:tid 140608381089472] [remote 10.0.0.161:38554] 2026-08-04 15:31:33.673 9 WARNING keystone.common.fernet_utils [None req-3994bc79-5345-4585-a28a-a3ad8af73b78 - - - - - -] key_repository is world readable: /etc/keystone/fernet-keys/ 10.0.0.161 - - [04/Aug/2026:15:31:33 +0000] "POST /v3/auth/tokens HTTP/1.1" 201 1464
[Tue Aug 04 15:31:33.732346 2026] [wsgi:error] [pid 12:tid 140608381089472] [remote 10.0.0.161:38570] 2026-08-04 15:31:33.732 12 WARNING keystone.common.fernet_utils [None req-25b47d29-de17-419e-ab7d-aa7fd78e965a - - - - - -] key_repository is world readable: /etc/keystone/fernet-keys/ 10.0.0.161 - - [04/Aug/2026:15:31:33 +0000] "POST /v3/auth/tokens HTTP/1.1" 201 1464 10.0.0.161 - - [04/Aug/2026:15:31:33 +0000] "GET /v3/endpoints HTTP/1.1" 200 1227 10.0.0.161 - - [04/Aug/2026:15:31:33 +0000] "GET /v3/services/17073a1a751e409d8c1fe26c99b6b631 HTTP/1.1" 200 233 10.0.0.161 - - [04/Aug/2026:15:31:33 +0000] "GET /v3/services/17073a1a751e409d8c1fe26c99b6b631 HTTP/1.1" 200 233 10.0.0.161 - - [04/Aug/2026:15:31:33 +0000] "GET /v3/endpoints HTTP/1.1" 200 1227 10.0.0.161 - - [04/Aug/2026:15:31:33 +0000] "GET /v3/services/17073a1a751e409d8c1fe26c99b6b631 HTTP/1.1" 200 233 10.0.0.161 - - [04/Aug/2026:15:31:33 +0000] "GET /v3/services/17073a1a751e409d8c1fe26c99b6b631 HTTP/1.1" 200 233 10.0.0.161 - - [04/Aug/2026:15:31:33 +0000] "GET /v3/services/17073a1a751e409d8c1fe26c99b6b631 HTTP/1.1" 200 233 10.0.0.161 - - [04/Aug/2026:15:31:33 +0000] "GET /v3/services/17073a1a751e409d8c1fe26c99b6b631 HTTP/1.1" 200 233 10.0.0.161 - - [04/Aug/2026:15:31:35 +0000] "GET / HTTP/1.1" 300 295
[Tue Aug 04 15:31:35.231128 2026] [wsgi:error] [pid 10:tid 140608381089472] [remote 10.0.0.161:38582] 2026-08-04 15:31:35.230 10 WARNING keystone.common.password_hashing [None req-75a1f1ec-b94d-44ff-9d96-aed59f60adf3 - - - - - -] Truncating password to algorithm specific maximum length 72 characters. 10.0.0.161 - - [04/Aug/2026:15:31:35 +0000] "GET / HTTP/1.1" 300 295
[Tue Aug 04 15:31:35.520375 2026] [wsgi:error] [pid 10:tid 140608381089472] [remote 10.0.0.161:38582] 2026-08-04 15:31:35.520 10 WARNING keystone.common.fernet_utils [None req-75a1f1ec-b94d-44ff-9d96-aed59f60adf3 - - - - - -] key_repository is world readable: /etc/keystone/fernet-keys/
[Tue Aug 04 15:31:35.521093 2026] [wsgi:error] [pid 12:tid 140608381089472] [remote 10.0.0.161:38588] 2026-08-04 15:31:35.520 12 WARNING keystone.common.password_hashing [None req-28085238-ba0c-4463-bb30-38653175d13d - - - - - -] Truncating password to algorithm specific maximum length 72 characters. 10.0.0.161 - - [04/Aug/2026:15:31:35 +0000] "POST /v3/auth/tokens HTTP/1.1" 201 1464 10.0.0.161 - - [04/Aug/2026:15:31:35 +0000] "GET / HTTP/1.1" 300 295
[Tue Aug 04 15:31:35.592267 2026] [wsgi:error] [pid 9:tid 140608381089472] [remote 10.0.0.161:38602] 2026-08-04 15:31:35.592 9 WARNING keystone.common.password_hashing [None req-ce6b6adc-b468-487f-986b-d3a4a59cc996 - - - - - -] Truncating password to algorithm specific maximum length 72 characters. 10.0.0.161 - - [04/Aug/2026:15:31:35 +0000] "GET /v3/services/cba5344365ab465abeaa87c3656e97d1 HTTP/1.1" 200 296 10.0.0.161 - - [04/Aug/2026:15:31:35 +0000] "GET /v3/regions/RegionOne HTTP/1.1" 200 173 10.0.0.161 - - [04/Aug/2026:15:31:35 +0000] "POST /v3/endpoints HTTP/1.1" 201 380
[Tue Aug 04 15:31:35.801388 2026] [wsgi:error] [pid 12:tid 140608381089472] [remote 10.0.0.161:38588] 2026-08-04 15:31:35.801 12 WARNING keystone.common.fernet_utils [None req-28085238-ba0c-4463-bb30-38653175d13d - - - - - -] key_repository is world readable: /etc/keystone/fernet-keys/ 10.0.0.161 - - [04/Aug/2026:15:31:35 +0000] "POST /v3/auth/tokens HTTP/1.1" 201 1641
[Tue Aug 04 15:31:35.872014 2026] [wsgi:error] [pid 9:tid 140608381089472] [remote 10.0.0.161:38602] 2026-08-04 15:31:35.871 9 WARNING keystone.common.fernet_utils [None req-ce6b6adc-b468-487f-986b-d3a4a59cc996 - - - - - -] key_repository is world readable: /etc/keystone/fernet-keys/ 10.0.0.161 - - [04/Aug/2026:15:31:35 +0000] "POST /v3/auth/tokens HTTP/1.1" 201 1641 10.0.0.161 - - [04/Aug/2026:15:31:35 +0000] "GET /v3/services/cba5344365ab465abeaa87c3656e97d1 HTTP/1.1" 200 296 10.0.0.161 - - [04/Aug/2026:15:31:35 +0000] "GET /v3/regions/RegionOne HTTP/1.1" 200 173 10.0.0.161 - - [04/Aug/2026:15:31:35 +0000] "GET /v3/services/cba5344365ab465abeaa87c3656e97d1 HTTP/1.1" 200 296 10.0.0.161 - - [04/Aug/2026:15:31:35 +0000] "POST /v3/endpoints HTTP/1.1" 201 370 10.0.0.161 - - [04/Aug/2026:15:31:36 +0000] "GET /v3/regions/RegionOne HTTP/1.1" 200 173 10.0.0.161 - - [04/Aug/2026:15:31:36 +0000] "POST /v3/endpoints HTTP/1.1" 201 383 10.0.0.161 - - [04/Aug/2026:15:31:37 +0000] "GET / HTTP/1.1" 300 295
[Tue Aug 04 15:31:37.216599 2026] [wsgi:error] [pid 12:tid 140608381089472] [remote 10.0.0.161:38610] 2026-08-04 15:31:37.216 12 WARNING keystone.common.password_hashing [None req-2d69b7f4-10de-4c66-b10e-1d4bc0c17096 - - - - - -] Truncating password to algorithm specific maximum length 72 characters.
[Tue Aug 04 15:31:37.500596 2026] [wsgi:error] [pid 12:tid 140608381089472] [remote 10.0.0.161:38610] 2026-08-04 15:31:37.500 12 WARNING keystone.common.fernet_utils [None req-2d69b7f4-10de-4c66-b10e-1d4bc0c17096 - - - - - -] key_repository is world readable: /etc/keystone/fernet-keys/ 10.0.0.161 - - [04/Aug/2026:15:31:37 +0000] "POST /v3/auth/tokens HTTP/1.1" 201 1992 10.0.0.161 - - [04/Aug/2026:15:31:37 +0000] "GET /v3/endpoints/8b0151acb5dd43bb879c29a38e43d974 HTTP/1.1" 200 380 10.0.0.161 - - [04/Aug/2026:15:31:37 +0000] "GET /v3/services/cba5344365ab465abeaa87c3656e97d1 HTTP/1.1" 200 296 10.0.0.161 - - [04/Aug/2026:15:31:37 +0000] "GET / HTTP/1.1" 300 295
[Tue Aug 04 15:31:37.723175 2026] [wsgi:error] [pid 12:tid 140608381089472] [remote 10.0.0.161:38624] 2026-08-04 15:31:37.722 12 WARNING keystone.common.password_hashing [None req-89f7578e-a81e-488f-8927-9c836e8b85ff - - - - - -] Truncating password to algorithm specific maximum length 72 characters. 10.0.0.161 - - [04/Aug/2026:15:31:37 +0000] "GET / HTTP/1.1" 300 295
[Tue Aug 04 15:31:37.826315 2026] [wsgi:error] [pid 10:tid 140608381089472] [remote 10.0.0.161:38632] 2026-08-04 15:31:37.826 10 WARNING keystone.common.password_hashing [None req-2def0f59-860e-46d8-836d-e33799447b38 - - - - - -] Truncating password to algorithm specific maximum length 72 characters.
[Tue Aug 04 15:31:38.007077 2026] [wsgi:error] [pid 12:tid 140608381089472] [remote 10.0.0.161:38624] 2026-08-04 15:31:38.006 12 WARNING keystone.common.fernet_utils [None req-89f7578e-a81e-488f-8927-9c836e8b85ff - - - - - -] key_repository is world readable: /etc/keystone/fernet-keys/ 10.0.0.161 - - [04/Aug/2026:15:31:37 +0000] "POST /v3/auth/tokens HTTP/1.1" 201 1992
[Tue Aug 04 15:31:38.109715 2026] [wsgi:error] [pid 10:tid 140608381089472] [remote 10.0.0.161:38632] 2026-08-04 15:31:38.109 10 WARNING keystone.common.fernet_utils [None req-2def0f59-860e-46d8-836d-e33799447b38 - - - - - -] key_repository is world readable: /etc/keystone/fernet-keys/ 10.0.0.161 - - [04/Aug/2026:15:31:37 +0000] "POST /v3/auth/tokens HTTP/1.1" 201 1992 10.0.0.161 - - [04/Aug/2026:15:31:38 +0000] "GET /v3/endpoints/9797174f886345eab313148b59616e6c HTTP/1.1" 200 370 10.0.0.161 - - [04/Aug/2026:15:31:38 +0000] "GET /v3/services/cba5344365ab465abeaa87c3656e97d1 HTTP/1.1" 200 296 10.0.0.161 - - [04/Aug/2026:15:31:38 +0000] "GET /v3/endpoints/8cfbb591b62e4b7d82af77348630630e HTTP/1.1" 200 383 10.0.0.161 - - [04/Aug/2026:15:31:38 +0000] "GET /v3/services/cba5344365ab465abeaa87c3656e97d1 HTTP/1.1" 200 296 10.0.0.163 - - [04/Aug/2026:15:31:49 +0000] "GET /v3/ HTTP/1.1" 200 249 10.0.0.163 - - [04/Aug/2026:15:31:49 +0000] "GET /v3/ HTTP/1.1" 200 249 10.0.0.16 - - [04/Aug/2026:15:31:51 +0000] "GET / HTTP/1.1" 300 295
[Tue Aug 04 15:31:51.324882 2026] [wsgi:error] [pid 12:tid 140608381089472] [remote 10.0.0.16:35888] 2026-08-04 15:31:51.324 12 WARNING keystone.common.password_hashing [None req-d8c90321-2d51-4146-ba1d-1b0fa76d3742 - - - - - -] Truncating password to algorithm specific maximum length 72 characters.
[Tue Aug 04 15:31:51.609838 2026] [wsgi:error] [pid 12:tid 140608381089472] [remote 10.0.0.16:35888] 2026-08-04 15:31:51.609 12 WARNING keystone.common.fernet_utils [None req-d8c90321-2d51-4146-ba1d-1b0fa76d3742 - - - - - -] key_repository is world readable: /etc/keystone/fernet-keys/ 10.0.0.16 - - [04/Aug/2026:15:31:51 +0000] "POST /v3/auth/tokens HTTP/1.1" 201 1992 10.0.0.16 - - [04/Aug/2026:15:31:51 +0000] "POST /v3/domains HTTP/1.1" 201 284 10.0.0.16 - - [04/Aug/2026:15:31:53 +0000] "GET / HTTP/1.1" 300 295
[Tue Aug 04 15:31:53.399868 2026] [wsgi:error] [pid 11:tid 140608381089472] [remote 10.0.0.16:35892] 2026-08-04 15:31:53.399 11 WARNING keystone.common.password_hashing [None req-99f1083f-15dc-4d86-9661-95841f8c3316 - - - - - -] Truncating password to algorithm specific maximum length 72 characters.
[Tue Aug 04 15:31:53.691029 2026] [wsgi:error] [pid 11:tid 140608381089472] [remote 10.0.0.16:35892] 2026-08-04 15:31:53.690 11 WARNING keystone.common.fernet_utils [None req-99f1083f-15dc-4d86-9661-95841f8c3316 - - - - - -] key_repository is world readable: /etc/keystone/fernet-keys/ 10.0.0.16 - - [04/Aug/2026:15:31:53 +0000] "POST /v3/auth/tokens HTTP/1.1" 201 1992
[Tue Aug 04 15:31:53.877190 2026] [wsgi:error] [pid 12:tid 140608381089472] [remote 10.0.0.16:35892] 2026-08-04 15:31:53.865 12 ERROR keystone.server.flask.application [None req-67177850-69ec-47c1-90dc-1c2c76634477 5aedb9e1ed94400f90de34f76a1fe8d7 f16d1517345f4634b8269b24af9088bf - - default default] Conflict occurred attempting to store project - it is not permitted to have two projects acting as domains with the same name: service.: keystone.exception.Conflict: Conflict occurred attempting to store project - it is not permitted to have two projects acting as domains with the same name: service.
[Tue Aug 04 15:31:53.877215 2026] [wsgi:error] [pid 12:tid 140608381089472] [remote 10.0.0.16:35892] 2026-08-04 15:31:53.865 12 ERROR keystone.server.flask.application
Traceback (most recent call last):
[Tue Aug 04 15:31:53.877217 2026] [wsgi:error] [pid 12:tid 140608381089472] [remote 10.0.0.16:35892] 2026-08-04 15:31:53.865 12 ERROR keystone.server.flask.application
File "/var/lib/openstack/lib/python3.12/site-packages/sqlalchemy/engine/base.py", line 1969, in _exec_single_context
[Tue Aug 04 15:31:53.877219 2026] [wsgi:error] [pid 12:tid 140608381089472] [remote 10.0.0.16:35892] 2026-08-04 15:31:53.865 12 ERROR keystone.server.flask.application self.dialect.do_execute(
[Tue Aug 04 15:31:53.877220 2026] [wsgi:error] [pid 12:tid 140608381089472] [remote 10.0.0.16:35892] 2026-08-04 15:31:53.865 12 ERROR keystone.server.flask.application
File "/var/lib/openstack/lib/python3.12/site-packages/sqlalchemy/engine/default.py", line 952, in do_execute
[Tue Aug 04 15:31:53.877222 2026] [wsgi:error] [pid 12:tid 140608381089472] [remote 10.0.0.16:35892] 2026-08-04 15:31:53.865 12 ERROR keystone.server.flask.application cursor.execute(statement, parameters)
[Tue Aug 04 15:31:53.877223 2026] [wsgi:error] [pid 12:tid 140608381089472] [remote 10.0.0.16:35892] 2026-08-04 15:31:53.865 12 ERROR keystone.server.flask.application
File "/var/lib/openstack/lib/python3.12/site-packages/pymysql/cursors.py", line 159, in execute
[Tue Aug 04 15:31:53.877225 2026] [wsgi:error] [pid 12:tid 140608381089472] [remote 10.0.0.16:35892] 2026-08-04 15:31:53.865 12 ERROR keystone.server.flask.application result = self._query(query)
[Tue Aug 04 15:31:53.877226 2026] [wsgi:error] [pid 12:tid 140608381089472] [remote 10.0.0.16:35892] 2026-08-04 15:31:53.865 12 ERROR keystone.server.flask.application ^^^^^^^^^^^^^^^^^^
[Tue Aug 04 15:31:53.877227 2026] [wsgi:error] [pid 12:tid 140608381089472] [remote 10.0.0.16:35892] 2026-08-04 15:31:53.865 12 ERROR keystone.server.flask.application
File "/var/lib/openstack/lib/python3.12/site-packages/pymysql/cursors.py", line 330, in _query
[Tue Aug 04 15:31:53.877229 2026] [wsgi:error] [pid 12:tid 140608381089472] [remote 10.0.0.16:35892] 2026-08-04 15:31:53.865 12 ERROR keystone.server.flask.application conn.query(q)
[Tue Aug 04 15:31:53.877230 2026] [wsgi:error] [pid 12:tid 140608381089472] [remote 10.0.0.16:35892] 2026-08-04 15:31:53.865 12 ERROR keystone.server.flask.application
File "/var/lib/openstack/lib/python3.12/site-packages/pymysql/connections.py", line 582, in query
[Tue Aug 04 15:31:53.877232 2026] [wsgi:error] [pid 12:tid 140608381089472] [remote 10.0.0.16:35892] 2026-08-04 15:31:53.865 12 ERROR keystone.server.flask.application self._affected_rows = self._read_query_result(unbuffered=unbuffered)
[Tue Aug 04 15:31:53.877233 2026] [wsgi:error] [pid 12:tid 140608381089472] [remote 10.0.0.16:35892] 2026-08-04 15:31:53.865 12 ERROR keystone.server.flask.application ^^^^^^^^^^^^^^^^^^^^^^^^^^^^^^^^^^^^^^^^^^^^^^
[Tue Aug 04 15:31:53.877234 2026] [wsgi:error] [pid 12:tid 140608381089472] [remote 10.0.0.16:35892] 2026-08-04 15:31:53.865 12 ERROR keystone.server.flask.application
File "/var/lib/openstack/lib/python3.12/site-packages/pymysql/connections.py", line 847, in _read_query_result
[Tue Aug 04 15:31:53.877236 2026] [wsgi:error] [pid 12:tid 140608381089472] [remote 10.0.0.16:35892] 2026-08-04 15:31:53.865 12 ERROR keystone.server.flask.application result.read()
[Tue Aug 04 15:31:53.877239 2026] [wsgi:error] [pid 12:tid 140608381089472] [remote 10.0.0.16:35892] 2026-08-04 15:31:53.865 12 ERROR keystone.server.flask.application
File "/var/lib/openstack/lib/python3.12/site-packages/pymysql/connections.py", line 1245, in read
[Tue Aug 04 15:31:53.877241 2026] [wsgi:error] [pid 12:tid 140608381089472] [remote 10.0.0.16:35892] 2026-08-04 15:31:53.865 12 ERROR keystone.server.flask.application first_packet = self.connection._read_packet()
[Tue Aug 04 15:31:53.877242 2026] [wsgi:error] [pid 12:tid 140608381089472] [remote 10.0.0.16:35892] 2026-08-04 15:31:53.865 12 ERROR keystone.server.flask.application ^^^^^^^^^^^^^^^^^^^^^^^^^^^^^^
[Tue Aug 04 15:31:53.877243 2026] [wsgi:error] [pid 12:tid 140608381089472] [remote 10.0.0.16:35892] 2026-08-04 15:31:53.865 12 ERROR keystone.server.flask.application
File "/var/lib/openstack/lib/python3.12/site-packages/pymysql/connections.py", line 803, in _read_packet
[Tue Aug 04 15:31:53.877245 2026] [wsgi:error] [pid 12:tid 140608381089472] [remote 10.0.0.16:35892] 2026-08-04 15:31:53.865 12 ERROR keystone.server.flask.application packet.raise_for_error()
[Tue Aug 04 15:31:53.877246 2026] [wsgi:error] [pid 12:tid 140608381089472] [remote 10.0.0.16:35892] 2026-08-04 15:31:53.865 12 ERROR keystone.server.flask.application
File "/var/lib/openstack/lib/python3.12/site-packages/pymysql/protocol.py", line 219, in raise_for_error
[Tue Aug 04 15:31:53.877247 2026] [wsgi:error] [pid 12:tid 140608381089472] [remote 10.0.0.16:35892] 2026-08-04 15:31:53.865 12 ERROR keystone.server.flask.application err.raise_mysql_exception(self._data)
[Tue Aug 04 15:31:53.877249 2026] [wsgi:error] [pid 12:tid 140608381089472] [remote 10.0.0.16:35892] 2026-08-04 15:31:53.865 12 ERROR keystone.server.flask.application
File "/var/lib/openstack/lib/python3.12/site-packages/pymysql/err.py", line 154, in raise_mysql_exception
[Tue Aug 04 15:31:53.877250 2026] [wsgi:error] [pid 12:tid 140608381089472] [remote 10.0.0.16:35892] 2026-08-04 15:31:53.865 12 ERROR keystone.server.flask.application raise errorclass(errno, errval, sqlstate=sqlstate)
[Tue Aug 04 15:31:53.877252 2026] [wsgi:error] [pid 12:tid 140608381089472] [remote 10.0.0.16:35892] 2026-08-04 15:31:53.865 12 ERROR keystone.server.flask.application pymysql.err.IntegrityError: (1062, "Duplicate entry '<>-service' for key 'project.ixu_project_name_domain_id'")
[Tue Aug 04 15:31:53.877253 2026] [wsgi:error] [pid 12:tid 140608381089472] [remote 10.0.0.16:35892] 2026-08-04 15:31:53.865 12 ERROR keystone.server.flask.application
[Tue Aug 04 15:31:53.877255 2026] [wsgi:error] [pid 12:tid 140608381089472] [remote 10.0.0.16:35892] 2026-08-04 15:31:53.865 12 ERROR keystone.server.flask.application The above exception was the direct cause of the following exception:
[Tue Aug 04 15:31:53.877256 2026] [wsgi:error] [pid 12:tid 140608381089472] [remote 10.0.0.16:35892] 2026-08-04 15:31:53.865 12 ERROR keystone.server.flask.application
[Tue Aug 04 15:31:53.877257 2026] [wsgi:error] [pid 12:tid 140608381089472] [remote 10.0.0.16:35892] 2026-08-04 15:31:53.865 12 ERROR keystone.server.flask.application
Traceback (most recent call last):
[Tue Aug 04 15:31:53.877258 2026] [wsgi:error] [pid 12:tid 140608381089472] [remote 10.0.0.16:35892] 2026-08-04 15:31:53.865 12 ERROR keystone.server.flask.application
File "/var/lib/openstack/lib/python3.12/site-packages/keystone/common/sql/core.py", line 575, in wrapper
[Tue Aug 04 15:31:53.877260 2026] [wsgi:error] [pid 12:tid 140608381089472] [remote 10.0.0.16:35892] 2026-08-04 15:31:53.865 12 ERROR keystone.server.flask.application return method(*args, **kwargs)
[Tue Aug 04 15:31:53.877262 2026] [wsgi:error] [pid 12:tid 140608381089472] [remote 10.0.0.16:35892] 2026-08-04 15:31:53.865 12 ERROR keystone.server.flask.application ^^^^^^^^^^^^^^^^^^^^^^^
[Tue Aug 04 15:31:53.877264 2026] [wsgi:error] [pid 12:tid 140608381089472] [remote 10.0.0.16:35892] 2026-08-04 15:31:53.865 12 ERROR keystone.server.flask.application
File "/var/lib/openstack/lib/python3.12/site-packages/keystone/resource/backends/sql.py", line 278, in create_project
[Tue Aug 04 15:31:53.877266 2026] [wsgi:error] [pid 12:tid 140608381089472] [remote 10.0.0.16:35892] 2026-08-04 15:31:53.865 12 ERROR keystone.server.flask.application with sql.session_for_write() as session:
[Tue Aug 04 15:31:53.877267 2026] [wsgi:error] [pid 12:tid 140608381089472] [remote 10.0.0.16:35892] 2026-08-04 15:31:53.865 12 ERROR keystone.server.flask.application
File "/usr/lib/python3.12/contextlib.py", line 144, in __exit__
[Tue Aug 04 15:31:53.877269 2026] [wsgi:error] [pid 12:tid 140608381089472] [remote 10.0.0.16:35892] 2026-08-04 15:31:53.865 12 ERROR keystone.server.flask.application next(self.gen)
[Tue Aug 04 15:31:53.877270 2026] [wsgi:error] [pid 12:tid 140608381089472] [remote 10.0.0.16:35892] 2026-08-04 15:31:53.865 12 ERROR keystone.server.flask.application
File "/var/lib/openstack/lib/python3.12/site-packages/oslo_db/sqlalchemy/enginefacade.py", line 1175, in _transaction_scope
[Tue Aug 04 15:31:53.877272 2026] [wsgi:error] [pid 12:tid 140608381089472] [remote 10.0.0.16:35892] 2026-08-04 15:31:53.865 12 ERROR keystone.server.flask.application with current._produce_block(
[Tue Aug 04 15:31:53.877273 2026] [wsgi:error] [pid 12:tid 140608381089472] [remote 10.0.0.16:35892] 2026-08-04 15:31:53.865 12 ERROR keystone.server.flask.application
File "/usr/lib/python3.12/contextlib.py", line 144, in __exit__
[Tue Aug 04 15:31:53.877274 2026] [wsgi:error] [pid 12:tid 140608381089472] [remote 10.0.0.16:35892] 2026-08-04 15:31:53.865 12 ERROR keystone.server.flask.application next(self.gen)
[Tue Aug 04 15:31:53.877276 2026] [wsgi:error] [pid 12:tid 140608381089472] [remote 10.0.0.16:35892] 2026-08-04 15:31:53.865 12 ERROR keystone.server.flask.application
File "/var/lib/openstack/lib/python3.12/site-packages/oslo_db/sqlalchemy/enginefacade.py", line 837, in _session
[Tue Aug 04 15:31:53.877277 2026] [wsgi:error] [pid 12:tid 140608381089472] [remote 10.0.0.16:35892] 2026-08-04 15:31:53.865 12 ERROR keystone.server.flask.application with excutils.save_and_reraise_exception():
[Tue Aug 04 15:31:53.877278 2026] [wsgi:error] [pid 12:tid 140608381089472] [remote 10.0.0.16:35892] 2026-08-04 15:31:53.865 12 ERROR keystone.server.flask.application
File "/var/lib/openstack/lib/python3.12/site-packages/oslo_utils/excutils.py", line 266, in __exit__
[Tue Aug 04 15:31:53.877280 2026] [wsgi:error] [pid 12:tid 140608381089472] [remote 10.0.0.16:35892] 2026-08-04 15:31:53.865 12 ERROR keystone.server.flask.application self.force_reraise()
[Tue Aug 04 15:31:53.877281 2026] [wsgi:error] [pid 12:tid 140608381089472] [remote 10.0.0.16:35892] 2026-08-04 15:31:53.865 12 ERROR keystone.server.flask.application
File "/var/lib/openstack/lib/python3.12/site-packages/oslo_utils/excutils.py", line 232, in force_reraise
[Tue Aug 04 15:31:53.877283 2026] [wsgi:error] [pid 12:tid 140608381089472] [remote 10.0.0.16:35892] 2026-08-04 15:31:53.865 12 ERROR keystone.server.flask.application raise self.value
[Tue Aug 04 15:31:53.877284 2026] [wsgi:error] [pid 12:tid 140608381089472] [remote 10.0.0.16:35892] 2026-08-04 15:31:53.865 12 ERROR keystone.server.flask.application
File "/var/lib/openstack/lib/python3.12/site-packages/oslo_db/sqlalchemy/enginefacade.py", line 835, in _session
[Tue Aug 04 15:31:53.877285 2026] [wsgi:error] [pid 12:tid 140608381089472] [remote 10.0.0.16:35892] 2026-08-04 15:31:53.865 12 ERROR keystone.server.flask.application self._end_session_transaction(self.session)
[Tue Aug 04 15:31:53.877287 2026] [wsgi:error] [pid 12:tid 140608381089472] [remote 10.0.0.16:35892] 2026-08-04 15:31:53.865 12 ERROR keystone.server.flask.application
File "/var/lib/openstack/lib/python3.12/site-packages/oslo_db/sqlalchemy/enginefacade.py", line 748, in _end_session_transaction
[Tue Aug 04 15:31:53.877289 2026] [wsgi:error] [pid 12:tid 140608381089472] [remote 10.0.0.16:35892] 2026-08-04 15:31:53.865 12 ERROR keystone.server.flask.application session.commit()
[Tue Aug 04 15:31:53.877290 2026] [wsgi:error] [pid 12:tid 140608381089472] [remote 10.0.0.16:35892] 2026-08-04 15:31:53.865 12 ERROR keystone.server.flask.application
File "/var/lib/openstack/lib/python3.12/site-packages/sqlalchemy/orm/session.py", line 2034, in commit
[Tue Aug 04 15:31:53.877292 2026] [wsgi:error] [pid 12:tid 140608381089472] [remote 10.0.0.16:35892] 2026-08-04 15:31:53.865 12 ERROR keystone.server.flask.application trans.commit(_to_root=True)
[Tue Aug 04 15:31:53.877293 2026] [wsgi:error] [pid 12:tid 140608381089472] [remote 10.0.0.16:35892] 2026-08-04 15:31:53.865 12 ERROR keystone.server.flask.application File "", line 2, in commit
[Tue Aug 04 15:31:53.877294 2026] [wsgi:error] [pid 12:tid 140608381089472] [remote 10.0.0.16:35892] 2026-08-04 15:31:53.865 12 ERROR keystone.server.flask.application
File "/var/lib/openstack/lib/python3.12/site-packages/sqlalchemy/orm/state_changes.py", line 137, in _go
[Tue Aug 04 15:31:53.877296 2026] [wsgi:error] [pid 12:tid 140608381089472] [remote 10.0.0.16:35892] 2026-08-04 15:31:53.865 12 ERROR keystone.server.flask.application ret_value = fn(self, *arg, **kw)
[Tue Aug 04 15:31:53.877297 2026] [wsgi:error] [pid 12:tid 140608381089472] [remote 10.0.0.16:35892] 2026-08-04 15:31:53.865 12 ERROR keystone.server.flask.application ^^^^^^^^^^^^^^^^^^^^
[Tue Aug 04 15:31:53.877299 2026] [wsgi:error] [pid 12:tid 140608381089472] [remote 10.0.0.16:35892] 2026-08-04 15:31:53.865 12 ERROR keystone.server.flask.application
File "/var/lib/openstack/lib/python3.12/site-packages/sqlalchemy/orm/session.py", line 1315, in commit
[Tue Aug 04 15:31:53.877300 2026] [wsgi:error] [pid 12:tid 140608381089472] [remote 10.0.0.16:35892] 2026-08-04 15:31:53.865 12 ERROR keystone.server.flask.application self._prepare_impl()
[Tue Aug 04 15:31:53.877318 2026] [wsgi:error] [pid 12:tid 140608381089472] [remote 10.0.0.16:35892] 2026-08-04 15:31:53.865 12 ERROR keystone.server.flask.application File "", line 2, in _prepare_impl
[Tue Aug 04 15:31:53.877320 2026] [wsgi:error] [pid 12:tid 140608381089472] [remote 10.0.0.16:35892] 2026-08-04 15:31:53.865 12 ERROR keystone.server.flask.application
File "/var/lib/openstack/lib/python3.12/site-packages/sqlalchemy/orm/state_changes.py", line 137, in _go
[Tue Aug 04 15:31:53.877322 2026] [wsgi:error] [pid 12:tid 140608381089472] [remote 10.0.0.16:35892] 2026-08-04 15:31:53.865 12 ERROR keystone.server.flask.application ret_value = fn(self, *arg, **kw)
[Tue Aug 04 15:31:53.877323 2026] [wsgi:error] [pid 12:tid 140608381089472] [remote 10.0.0.16:35892] 2026-08-04 15:31:53.865 12 ERROR keystone.server.flask.application ^^^^^^^^^^^^^^^^^^^^
[Tue Aug 04 15:31:53.877325 2026] [wsgi:error] [pid 12:tid 140608381089472] [remote 10.0.0.16:35892] 2026-08-04 15:31:53.865 12 ERROR keystone.server.flask.application
File "/var/lib/openstack/lib/python3.12/site-packages/sqlalchemy/orm/session.py", line 1290, in _prepare_impl
[Tue Aug 04 15:31:53.877326 2026] [wsgi:error] [pid 12:tid 140608381089472] [remote 10.0.0.16:35892] 2026-08-04 15:31:53.865 12 ERROR keystone.server.flask.application self.session.flush()
[Tue Aug 04 15:31:53.877328 2026] [wsgi:error] [pid 12:tid 140608381089472] [remote 10.0.0.16:35892] 2026-08-04 15:31:53.865 12 ERROR keystone.server.flask.application
File "/var/lib/openstack/lib/python3.12/site-packages/sqlalchemy/orm/session.py", line 4352, in flush
[Tue Aug 04 15:31:53.877329 2026] [wsgi:error] [pid 12:tid 140608381089472] [remote 10.0.0.16:35892] 2026-08-04 15:31:53.865 12 ERROR keystone.server.flask.application self._flush(objects)
[Tue Aug 04 15:31:53.877331 2026] [wsgi:error] [pid 12:tid 140608381089472] [remote 10.0.0.16:35892] 2026-08-04 15:31:53.865 12 ERROR keystone.server.flask.application
File "/var/lib/openstack/lib/python3.12/site-packages/sqlalchemy/orm/session.py", line 4487, in _flush
[Tue Aug 04 15:31:53.877332 2026] [wsgi:error] [pid 12:tid 140608381089472] [remote 10.0.0.16:35892] 2026-08-04 15:31:53.865 12 ERROR keystone.server.flask.application with util.safe_reraise():
[Tue Aug 04 15:31:53.877334 2026] [wsgi:error] [pid 12:tid 140608381089472] [remote 10.0.0.16:35892] 2026-08-04 15:31:53.865 12 ERROR keystone.server.flask.application
File "/var/lib/openstack/lib/python3.12/site-packages/sqlalchemy/util/langhelpers.py", line 122, in __exit__
[Tue Aug 04 15:31:53.877335 2026] [wsgi:error] [pid 12:tid 140608381089472] [remote 10.0.0.16:35892] 2026-08-04 15:31:53.865 12 ERROR keystone.server.flask.application raise exc_value.with_traceback(exc_tb)
[Tue Aug 04 15:31:53.877337 2026] [wsgi:error] [pid 12:tid 140608381089472] [remote 10.0.0.16:35892] 2026-08-04 15:31:53.865 12 ERROR keystone.server.flask.application
File "/var/lib/openstack/lib/python3.12/site-packages/sqlalchemy/orm/session.py", line 4448, in _flush
[Tue Aug 04 15:31:53.877339 2026] [wsgi:error] [pid 12:tid 140608381089472] [remote 10.0.0.16:35892] 2026-08-04 15:31:53.865 12 ERROR keystone.server.flask.application flush_context.execute()
[Tue Aug 04 15:31:53.877340 2026] [wsgi:error] [pid 12:tid 140608381089472] [remote 10.0.0.16:35892] 2026-08-04 15:31:53.865 12 ERROR keystone.server.flask.application
