May 19 23:22:29.250157 np0000175104 nova-scheduler[108278]: DEBUG cotyledon.oslo_config_glue [-] workarounds.disable_fallback_pcpu_query = False {{(pid=108278) log_opt_values /opt/stack/data/venv/lib/python3.12/site-packages/oslo_config/cfg.py:3256}}
May 19 23:22:29.250157 np0000175104 nova-scheduler[108278]: DEBUG cotyledon.oslo_config_glue [-] workarounds.disable_group_policy_check_upcall = False {{(pid=108278) log_opt_values /opt/stack/data/venv/lib/python3.12/site-packages/oslo_config/cfg.py:3256}}
May 19 23:22:29.250157 np0000175104 nova-scheduler[108278]: DEBUG cotyledon.oslo_config_glue [-] workarounds.disable_libvirt_livesnapshot = False {{(pid=108278) log_opt_values /opt/stack/data/venv/lib/python3.12/site-packages/oslo_config/cfg.py:3256}}
May 19 23:22:29.250157 np0000175104 nova-scheduler[108278]: DEBUG cotyledon.oslo_config_glue [-] workarounds.disable_rootwrap = False {{(pid=108278) log_opt_values /opt/stack/data/venv/lib/python3.12/site-packages/oslo_config/cfg.py:3256}}
May 19 23:22:29.250157 np0000175104 nova-scheduler[108278]: DEBUG cotyledon.oslo_config_glue [-] workarounds.enable_numa_live_migration = False {{(pid=108278) log_opt_values /opt/stack/data/venv/lib/python3.12/site-packages/oslo_config/cfg.py:3256}}
May 19 23:22:29.250157 np0000175104 nova-scheduler[108278]: DEBUG cotyledon.oslo_config_glue [-] workarounds.enable_qemu_monitor_announce_self = False {{(pid=108278) log_opt_values /opt/stack/data/venv/lib/python3.12/site-packages/oslo_config/cfg.py:3256}}
May 19 23:22:29.250438 np0000175104 nova-scheduler[108278]: DEBUG cotyledon.oslo_config_glue [-] workarounds.ensure_libvirt_rbd_instance_dir_cleanup = False {{(pid=108278) log_opt_values /opt/stack/data/venv/lib/python3.12/site-packages/oslo_config/cfg.py:3256}}
May 19 23:22:29.250438 np0000175104 nova-scheduler[108278]: DEBUG cotyledon.oslo_config_glue [-] workarounds.handle_virt_lifecycle_events = True {{(pid=108278) log_opt_values /opt/stack/data/venv/lib/python3.12/site-packages/oslo_config/cfg.py:3256}}
May 19 23:22:29.250438 np0000175104 nova-scheduler[108278]: DEBUG cotyledon.oslo_config_glue [-] workarounds.libvirt_disable_apic = False {{(pid=108278) log_opt_values /opt/stack/data/venv/lib/python3.12/site-packages/oslo_config/cfg.py:3256}}
May 19 23:22:29.250438 np0000175104 nova-scheduler[108278]: DEBUG cotyledon.oslo_config_glue [-] workarounds.never_download_image_if_on_rbd = False {{(pid=108278) log_opt_values /opt/stack/data/venv/lib/python3.12/site-packages/oslo_config/cfg.py:3256}}
May 19 23:22:29.250438 np0000175104 nova-scheduler[108278]: DEBUG cotyledon.oslo_config_glue [-] workarounds.qemu_monitor_announce_self_count = 3 {{(pid=108278) log_opt_values /opt/stack/data/venv/lib/python3.12/site-packages/oslo_config/cfg.py:3256}}
May 19 23:22:29.250438 np0000175104 nova-scheduler[108278]: DEBUG cotyledon.oslo_config_glue [-] workarounds.qemu_monitor_announce_self_interval = 1 {{(pid=108278) log_opt_values /opt/stack/data/venv/lib/python3.12/site-packages/oslo_config/cfg.py:3256}}
May 19 23:22:29.250438 np0000175104 nova-scheduler[108278]: DEBUG cotyledon.oslo_config_glue [-] workarounds.reserve_disk_resource_for_image_cache = False {{(pid=108278) log_opt_values /opt/stack/data/venv/lib/python3.12/site-packages/oslo_config/cfg.py:3256}}
May 19 23:22:29.250438 np0000175104 nova-scheduler[108278]: DEBUG cotyledon.oslo_config_glue [-] workarounds.skip_cpu_compare_at_startup = False {{(pid=108278) log_opt_values /opt/stack/data/venv/lib/python3.12/site-packages/oslo_config/cfg.py:3256}}
May 19 23:22:29.250438 np0000175104 nova-scheduler[108278]: DEBUG cotyledon.oslo_config_glue [-] workarounds.skip_cpu_compare_on_dest = False {{(pid=108278) log_opt_values /opt/stack/data/venv/lib/python3.12/site-packages/oslo_config/cfg.py:3256}}
May 19 23:22:29.250647 np0000175104 nova-scheduler[108278]: DEBUG cotyledon.oslo_config_glue [-] workarounds.skip_hypervisor_version_check_on_lm = False {{(pid=108278) log_opt_values /opt/stack/data/venv/lib/python3.12/site-packages/oslo_config/cfg.py:3256}}
May 19 23:22:29.250647 np0000175104 nova-scheduler[108278]: DEBUG cotyledon.oslo_config_glue [-] workarounds.skip_reserve_in_use_ironic_nodes = False {{(pid=108278) log_opt_values /opt/stack/data/venv/lib/python3.12/site-packages/oslo_config/cfg.py:3256}}
May 19 23:22:29.250647 np0000175104 nova-scheduler[108278]: DEBUG cotyledon.oslo_config_glue [-] workarounds.unified_limits_count_pcpu_as_vcpu = False {{(pid=108278) log_opt_values /opt/stack/data/venv/lib/python3.12/site-packages/oslo_config/cfg.py:3256}}
May 19 23:22:29.250647 np0000175104 nova-scheduler[108278]: DEBUG cotyledon.oslo_config_glue [-] workarounds.wait_for_vif_plugged_event_during_hard_reboot = [] {{(pid=108278) log_opt_values /opt/stack/data/venv/lib/python3.12/site-packages/oslo_config/cfg.py:3256}}
May 19 23:22:29.250647 np0000175104 nova-scheduler[108278]: DEBUG cotyledon.oslo_config_glue [-] wsgi.api_paste_config = /etc/nova/api-paste.ini {{(pid=108278) log_opt_values /opt/stack/data/venv/lib/python3.12/site-packages/oslo_config/cfg.py:3256}}
May 19 23:22:29.250647 np0000175104 nova-scheduler[108278]: DEBUG cotyledon.oslo_config_glue [-] wsgi.secure_proxy_ssl_header = None {{(pid=108278) log_opt_values /opt/stack/data/venv/lib/python3.12/site-packages/oslo_config/cfg.py:3256}}
May 19 23:22:29.250647 np0000175104 nova-scheduler[108278]: DEBUG cotyledon.oslo_config_glue [-] zvm.ca_file = None {{(pid=108278) log_opt_values /opt/stack/data/venv/lib/python3.12/site-packages/oslo_config/cfg.py:3256}}
May 19 23:22:29.250647 np0000175104 nova-scheduler[108278]: DEBUG cotyledon.oslo_config_glue [-] zvm.cloud_connector_url = None {{(pid=108278) log_opt_values /opt/stack/data/venv/lib/python3.12/site-packages/oslo_config/cfg.py:3256}}
May 19 23:22:29.250647 np0000175104 nova-scheduler[108278]: DEBUG cotyledon.oslo_config_glue [-] zvm.image_tmp_path = /opt/stack/data/nova/images {{(pid=108278) log_opt_values /opt/stack/data/venv/lib/python3.12/site-packages/oslo_config/cfg.py:3256}}
May 19 23:22:29.250873 np0000175104 nova-scheduler[108278]: DEBUG cotyledon.oslo_config_glue [-] zvm.reachable_timeout = 300 {{(pid=108278) log_opt_values /opt/stack/data/venv/lib/python3.12/site-packages/oslo_config/cfg.py:3256}}
May 19 23:22:29.250873 np0000175104 nova-scheduler[108278]: DEBUG cotyledon.oslo_config_glue [-] oslo_versionedobjects.fatal_exception_format_errors = False {{(pid=108278) log_opt_values /opt/stack/data/venv/lib/python3.12/site-packages/oslo_config/cfg.py:3256}}
May 19 23:22:29.250873 np0000175104 nova-scheduler[108278]: DEBUG cotyledon.oslo_config_glue [-] oslo_middleware.http_basic_auth_user_file = /etc/htpasswd {{(pid=108278) log_opt_values /opt/stack/data/venv/lib/python3.12/site-packages/oslo_config/cfg.py:3256}}
May 19 23:22:29.250873 np0000175104 nova-scheduler[108278]: DEBUG cotyledon.oslo_config_glue [-] oslo_messaging_metrics.metrics_buffer_size = 1000 {{(pid=108278) log_opt_values /opt/stack/data/venv/lib/python3.12/site-packages/oslo_config/cfg.py:3256}}
May 19 23:22:29.250873 np0000175104 nova-scheduler[108278]: DEBUG cotyledon.oslo_config_glue [-] oslo_messaging_metrics.metrics_enabled = False {{(pid=108278) log_opt_values /opt/stack/data/venv/lib/python3.12/site-packages/oslo_config/cfg.py:3256}}
May 19 23:22:29.250873 np0000175104 nova-scheduler[108278]: DEBUG cotyledon.oslo_config_glue [-] oslo_messaging_metrics.metrics_process_name = {{(pid=108278) log_opt_values /opt/stack/data/venv/lib/python3.12/site-packages/oslo_config/cfg.py:3256}}
May 19 23:22:29.250873 np0000175104 nova-scheduler[108278]: DEBUG cotyledon.oslo_config_glue [-] oslo_messaging_metrics.metrics_socket_file = /var/tmp/metrics_collector.sock {{(pid=108278) log_opt_values /opt/stack/data/venv/lib/python3.12/site-packages/oslo_config/cfg.py:3256}}
May 19 23:22:29.250873 np0000175104 nova-scheduler[108278]: DEBUG cotyledon.oslo_config_glue [-] oslo_messaging_metrics.metrics_thread_stop_timeout = 10 {{(pid=108278) log_opt_values /opt/stack/data/venv/lib/python3.12/site-packages/oslo_config/cfg.py:3256}}
May 19 23:22:29.251104 np0000175104 nova-scheduler[108278]: DEBUG cotyledon.oslo_config_glue [-] profiler.connection_string = messaging:// {{(pid=108278) log_opt_values /opt/stack/data/venv/lib/python3.12/site-packages/oslo_config/cfg.py:3256}}
May 19 23:22:29.251104 np0000175104 nova-scheduler[108278]: DEBUG cotyledon.oslo_config_glue [-] profiler.enabled = False {{(pid=108278) log_opt_values /opt/stack/data/venv/lib/python3.12/site-packages/oslo_config/cfg.py:3256}}
May 19 23:22:29.251104 np0000175104 nova-scheduler[108278]: DEBUG cotyledon.oslo_config_glue [-] profiler.es_doc_type = notification {{(pid=108278) log_opt_values /opt/stack/data/venv/lib/python3.12/site-packages/oslo_config/cfg.py:3256}}
May 19 23:22:29.251104 np0000175104 nova-scheduler[108278]: DEBUG cotyledon.oslo_config_glue [-] profiler.es_scroll_size = 10000 {{(pid=108278) log_opt_values /opt/stack/data/venv/lib/python3.12/site-packages/oslo_config/cfg.py:3256}}
May 19 23:22:29.251104 np0000175104 nova-scheduler[108278]: DEBUG cotyledon.oslo_config_glue [-] profiler.es_scroll_time = 2m {{(pid=108278) log_opt_values /opt/stack/data/venv/lib/python3.12/site-packages/oslo_config/cfg.py:3256}}
May 19 23:22:29.251104 np0000175104 nova-scheduler[108278]: DEBUG cotyledon.oslo_config_glue [-] profiler.filter_error_trace = False {{(pid=108278) log_opt_values /opt/stack/data/venv/lib/python3.12/site-packages/oslo_config/cfg.py:3256}}
May 19 23:22:29.251104 np0000175104 nova-scheduler[108278]: DEBUG cotyledon.oslo_config_glue [-] profiler.hmac_keys = **** {{(pid=108278) log_opt_values /opt/stack/data/venv/lib/python3.12/site-packages/oslo_config/cfg.py:3256}}
May 19 23:22:29.251104 np0000175104 nova-scheduler[108278]: DEBUG cotyledon.oslo_config_glue [-] profiler.sentinel_service_name = mymaster {{(pid=108278) log_opt_values /opt/stack/data/venv/lib/python3.12/site-packages/oslo_config/cfg.py:3256}}
May 19 23:22:29.251104 np0000175104 nova-scheduler[108278]: DEBUG cotyledon.oslo_config_glue [-] profiler.socket_timeout = 0.1 {{(pid=108278) log_opt_values /opt/stack/data/venv/lib/python3.12/site-packages/oslo_config/cfg.py:3256}}
May 19 23:22:29.251327 np0000175104 nova-scheduler[108278]: DEBUG cotyledon.oslo_config_glue [-] profiler.trace_requests = False {{(pid=108278) log_opt_values /opt/stack/data/venv/lib/python3.12/site-packages/oslo_config/cfg.py:3256}}
May 19 23:22:29.251327 np0000175104 nova-scheduler[108278]: DEBUG cotyledon.oslo_config_glue [-] profiler.trace_sqlalchemy = False {{(pid=108278) log_opt_values /opt/stack/data/venv/lib/python3.12/site-packages/oslo_config/cfg.py:3256}}
May 19 23:22:29.251327 np0000175104 nova-scheduler[108278]: DEBUG cotyledon.oslo_config_glue [-] profiler_jaeger.process_tags = {} {{(pid=108278) log_opt_values /opt/stack/data/venv/lib/python3.12/site-packages/oslo_config/cfg.py:3256}}
May 19 23:22:29.251327 np0000175104 nova-scheduler[108278]: DEBUG cotyledon.oslo_config_glue [-] profiler_jaeger.service_name_prefix = None {{(pid=108278) log_opt_values /opt/stack/data/venv/lib/python3.12/site-packages/oslo_config/cfg.py:3256}}
May 19 23:22:29.251327 np0000175104 nova-scheduler[108278]: DEBUG cotyledon.oslo_config_glue [-] profiler_otlp.service_name_prefix = None {{(pid=108278) log_opt_values /opt/stack/data/venv/lib/python3.12/site-packages/oslo_config/cfg.py:3256}}
May 19 23:22:29.251327 np0000175104 nova-scheduler[108278]: DEBUG cotyledon.oslo_config_glue [-] oslo_messaging_rabbit.amqp_auto_delete = False {{(pid=108278) log_opt_values /opt/stack/data/venv/lib/python3.12/site-packages/oslo_config/cfg.py:3256}}
May 19 23:22:29.251327 np0000175104 nova-scheduler[108278]: DEBUG cotyledon.oslo_config_glue [-] oslo_messaging_rabbit.amqp_durable_queues = False {{(pid=108278) log_opt_values /opt/stack/data/venv/lib/python3.12/site-packages/oslo_config/cfg.py:3256}}
May 19 23:22:29.251327 np0000175104 nova-scheduler[108278]: DEBUG cotyledon.oslo_config_glue [-] oslo_messaging_rabbit.conn_pool_min_size = 2 {{(pid=108278) log_opt_values /opt/stack/data/venv/lib/python3.12/site-packages/oslo_config/cfg.py:3256}}
May 19 23:22:29.251327 np0000175104 nova-scheduler[108278]: DEBUG cotyledon.oslo_config_glue [-] oslo_messaging_rabbit.conn_pool_ttl = 1200 {{(pid=108278) log_opt_values /opt/stack/data/venv/lib/python3.12/site-packages/oslo_config/cfg.py:3256}}
May 19 23:22:29.251565 np0000175104 nova-scheduler[108278]: DEBUG cotyledon.oslo_config_glue [-] oslo_messaging_rabbit.direct_mandatory_flag = True {{(pid=108278) log_opt_values /opt/stack/data/venv/lib/python3.12/site-packages/oslo_config/cfg.py:3256}}
May 19 23:22:29.251565 np0000175104 nova-scheduler[108278]: DEBUG cotyledon.oslo_config_glue [-] oslo_messaging_rabbit.enable_cancel_on_failover = False {{(pid=108278) log_opt_values /opt/stack/data/venv/lib/python3.12/site-packages/oslo_config/cfg.py:3256}}
May 19 23:22:29.251565 np0000175104 nova-scheduler[108278]: DEBUG cotyledon.oslo_config_glue [-] oslo_messaging_rabbit.heartbeat_rate = 3 {{(pid=108278) log_opt_values /opt/stack/data/venv/lib/python3.12/site-packages/oslo_config/cfg.py:3256}}
May 19 23:22:29.251565 np0000175104 nova-scheduler[108278]: DEBUG cotyledon.oslo_config_glue [-] oslo_messaging_rabbit.heartbeat_timeout_threshold = 60 {{(pid=108278) log_opt_values /opt/stack/data/venv/lib/python3.12/site-packages/oslo_config/cfg.py:3256}}
May 19 23:22:29.251565 np0000175104 nova-scheduler[108278]: DEBUG cotyledon.oslo_config_glue [-] oslo_messaging_rabbit.hostname = np0000175104 {{(pid=108278) log_opt_values /opt/stack/data/venv/lib/python3.12/site-packages/oslo_config/cfg.py:3256}}
May 19 23:22:29.251565 np0000175104 nova-scheduler[108278]: DEBUG cotyledon.oslo_config_glue [-] oslo_messaging_rabbit.kombu_compression = None {{(pid=108278) log_opt_values /opt/stack/data/venv/lib/python3.12/site-packages/oslo_config/cfg.py:3256}}
May 19 23:22:29.251565 np0000175104 nova-scheduler[108278]: DEBUG cotyledon.oslo_config_glue [-] oslo_messaging_rabbit.kombu_failover_strategy = round-robin {{(pid=108278) log_opt_values /opt/stack/data/venv/lib/python3.12/site-packages/oslo_config/cfg.py:3256}}
May 19 23:22:29.251565 np0000175104 nova-scheduler[108278]: DEBUG cotyledon.oslo_config_glue [-] oslo_messaging_rabbit.kombu_missing_consumer_retry_timeout = 60 {{(pid=108278) log_opt_values /opt/stack/data/venv/lib/python3.12/site-packages/oslo_config/cfg.py:3256}}
May 19 23:22:29.251760 np0000175104 nova-scheduler[108278]: DEBUG cotyledon.oslo_config_glue [-] oslo_messaging_rabbit.kombu_reconnect_delay = 1.0 {{(pid=108278) log_opt_values /opt/stack/data/venv/lib/python3.12/site-packages/oslo_config/cfg.py:3256}}
May 19 23:22:29.251760 np0000175104 nova-scheduler[108278]: DEBUG cotyledon.oslo_config_glue [-] oslo_messaging_rabbit.kombu_reconnect_splay = 0.0 {{(pid=108278) log_opt_values /opt/stack/data/venv/lib/python3.12/site-packages/oslo_config/cfg.py:3256}}
May 19 23:22:29.251760 np0000175104 nova-scheduler[108278]: DEBUG cotyledon.oslo_config_glue [-] oslo_messaging_rabbit.processname = nova-scheduler {{(pid=108278) log_opt_values /opt/stack/data/venv/lib/python3.12/site-packages/oslo_config/cfg.py:3256}}
May 19 23:22:29.251760 np0000175104 nova-scheduler[108278]: DEBUG cotyledon.oslo_config_glue [-] oslo_messaging_rabbit.rabbit_ha_queues = False {{(pid=108278) log_opt_values /opt/stack/data/venv/lib/python3.12/site-packages/oslo_config/cfg.py:3256}}
May 19 23:22:29.251760 np0000175104 nova-scheduler[108278]: DEBUG cotyledon.oslo_config_glue [-] oslo_messaging_rabbit.rabbit_interval_max = 30 {{(pid=108278) log_opt_values /opt/stack/data/venv/lib/python3.12/site-packages/oslo_config/cfg.py:3256}}
May 19 23:22:29.251760 np0000175104 nova-scheduler[108278]: DEBUG cotyledon.oslo_config_glue [-] oslo_messaging_rabbit.rabbit_login_method = AMQPLAIN {{(pid=108278) log_opt_values /opt/stack/data/venv/lib/python3.12/site-packages/oslo_config/cfg.py:3256}}
May 19 23:22:29.251760 np0000175104 nova-scheduler[108278]: DEBUG cotyledon.oslo_config_glue [-] oslo_messaging_rabbit.rabbit_qos_prefetch_count = 0 {{(pid=108278) log_opt_values /opt/stack/data/venv/lib/python3.12/site-packages/oslo_config/cfg.py:3256}}
May 19 23:22:29.251760 np0000175104 nova-scheduler[108278]: DEBUG cotyledon.oslo_config_glue [-] oslo_messaging_rabbit.rabbit_quorum_delivery_limit = 0 {{(pid=108278) log_opt_values /opt/stack/data/venv/lib/python3.12/site-packages/oslo_config/cfg.py:3256}}
May 19 23:22:29.251760 np0000175104 nova-scheduler[108278]: DEBUG cotyledon.oslo_config_glue [-] oslo_messaging_rabbit.rabbit_quorum_max_memory_bytes = 0 {{(pid=108278) log_opt_values /opt/stack/data/venv/lib/python3.12/site-packages/oslo_config/cfg.py:3256}}
May 19 23:22:29.252000 np0000175104 nova-scheduler[108278]: DEBUG cotyledon.oslo_config_glue [-] oslo_messaging_rabbit.rabbit_quorum_max_memory_length = 0 {{(pid=108278) log_opt_values /opt/stack/data/venv/lib/python3.12/site-packages/oslo_config/cfg.py:3256}}
May 19 23:22:29.252000 np0000175104 nova-scheduler[108278]: DEBUG cotyledon.oslo_config_glue [-] oslo_messaging_rabbit.rabbit_quorum_queue = False {{(pid=108278) log_opt_values /opt/stack/data/venv/lib/python3.12/site-packages/oslo_config/cfg.py:3256}}
May 19 23:22:29.252000 np0000175104 nova-scheduler[108278]: DEBUG cotyledon.oslo_config_glue [-] oslo_messaging_rabbit.rabbit_retry_backoff = 2 {{(pid=108278) log_opt_values /opt/stack/data/venv/lib/python3.12/site-packages/oslo_config/cfg.py:3256}}
May 19 23:22:29.252000 np0000175104 nova-scheduler[108278]: DEBUG cotyledon.oslo_config_glue [-] oslo_messaging_rabbit.rabbit_retry_interval = 1 {{(pid=108278) log_opt_values /opt/stack/data/venv/lib/python3.12/site-packages/oslo_config/cfg.py:3256}}
May 19 23:22:29.252000 np0000175104 nova-scheduler[108278]: DEBUG cotyledon.oslo_config_glue [-] oslo_messaging_rabbit.rabbit_stream_fanout = False {{(pid=108278) log_opt_values /opt/stack/data/venv/lib/python3.12/site-packages/oslo_config/cfg.py:3256}}
May 19 23:22:29.252000 np0000175104 nova-scheduler[108278]: DEBUG cotyledon.oslo_config_glue [-] oslo_messaging_rabbit.rabbit_transient_queues_ttl = 1800 {{(pid=108278) log_opt_values /opt/stack/data/venv/lib/python3.12/site-packages/oslo_config/cfg.py:3256}}
May 19 23:22:29.252000 np0000175104 nova-scheduler[108278]: DEBUG cotyledon.oslo_config_glue [-] oslo_messaging_rabbit.rabbit_transient_quorum_queue = False {{(pid=108278) log_opt_values /opt/stack/data/venv/lib/python3.12/site-packages/oslo_config/cfg.py:3256}}
May 19 23:22:29.252000 np0000175104 nova-scheduler[108278]: DEBUG cotyledon.oslo_config_glue [-] oslo_messaging_rabbit.rpc_conn_pool_size = 30 {{(pid=108278) log_opt_values /opt/stack/data/venv/lib/python3.12/site-packages/oslo_config/cfg.py:3256}}
May 19 23:22:29.252000 np0000175104 nova-scheduler[108278]: DEBUG cotyledon.oslo_config_glue [-] oslo_messaging_rabbit.ssl = False {{(pid=108278) log_opt_values /opt/stack/data/venv/lib/python3.12/site-packages/oslo_config/cfg.py:3256}}
May 19 23:22:29.252225 np0000175104 nova-scheduler[108278]: DEBUG cotyledon.oslo_config_glue [-] oslo_messaging_rabbit.ssl_ca_file = {{(pid=108278) log_opt_values /opt/stack/data/venv/lib/python3.12/site-packages/oslo_config/cfg.py:3256}}
May 19 23:22:29.252225 np0000175104 nova-scheduler[108278]: DEBUG cotyledon.oslo_config_glue [-] oslo_messaging_rabbit.ssl_cert_file = {{(pid=108278) log_opt_values /opt/stack/data/venv/lib/python3.12/site-packages/oslo_config/cfg.py:3256}}
May 19 23:22:29.252225 np0000175104 nova-scheduler[108278]: DEBUG cotyledon.oslo_config_glue [-] oslo_messaging_rabbit.ssl_enforce_fips_mode = False {{(pid=108278) log_opt_values /opt/stack/data/venv/lib/python3.12/site-packages/oslo_config/cfg.py:3256}}
May 19 23:22:29.252225 np0000175104 nova-scheduler[108278]: DEBUG cotyledon.oslo_config_glue [-] oslo_messaging_rabbit.ssl_key_file = {{(pid=108278) log_opt_values /opt/stack/data/venv/lib/python3.12/site-packages/oslo_config/cfg.py:3256}}
May 19 23:22:29.252225 np0000175104 nova-scheduler[108278]: DEBUG cotyledon.oslo_config_glue [-] oslo_messaging_rabbit.ssl_version = {{(pid=108278) log_opt_values /opt/stack/data/venv/lib/python3.12/site-packages/oslo_config/cfg.py:3256}}
May 19 23:22:29.252225 np0000175104 nova-scheduler[108278]: DEBUG cotyledon.oslo_config_glue [-] oslo_messaging_rabbit.use_queue_manager = False {{(pid=108278) log_opt_values /opt/stack/data/venv/lib/python3.12/site-packages/oslo_config/cfg.py:3256}}
May 19 23:22:29.252225 np0000175104 nova-scheduler[108278]: DEBUG cotyledon.oslo_config_glue [-] oslo_messaging_notifications.driver = ['messagingv2'] {{(pid=108278) log_opt_values /opt/stack/data/venv/lib/python3.12/site-packages/oslo_config/cfg.py:3256}}
May 19 23:22:29.252225 np0000175104 nova-scheduler[108278]: DEBUG cotyledon.oslo_config_glue [-] oslo_messaging_notifications.retry = -1 {{(pid=108278) log_opt_values /opt/stack/data/venv/lib/python3.12/site-packages/oslo_config/cfg.py:3256}}
May 19 23:22:29.252225 np0000175104 nova-scheduler[108278]: DEBUG cotyledon.oslo_config_glue [-] oslo_messaging_notifications.topics = ['notifications'] {{(pid=108278) log_opt_values /opt/stack/data/venv/lib/python3.12/site-packages/oslo_config/cfg.py:3256}}
May 19 23:22:29.252462 np0000175104 nova-scheduler[108278]: DEBUG cotyledon.oslo_config_glue [-] oslo_messaging_notifications.transport_url = **** {{(pid=108278) log_opt_values /opt/stack/data/venv/lib/python3.12/site-packages/oslo_config/cfg.py:3256}}
May 19 23:22:29.252462 np0000175104 nova-scheduler[108278]: DEBUG cotyledon.oslo_config_glue [-] oslo_limit.auth_section = None {{(pid=108278) log_opt_values /opt/stack/data/venv/lib/python3.12/site-packages/oslo_config/cfg.py:3256}}
May 19 23:22:29.252462 np0000175104 nova-scheduler[108278]: DEBUG cotyledon.oslo_config_glue [-] oslo_limit.auth_type = None {{(pid=108278) log_opt_values /opt/stack/data/venv/lib/python3.12/site-packages/oslo_config/cfg.py:3256}}
May 19 23:22:29.252462 np0000175104 nova-scheduler[108278]: DEBUG cotyledon.oslo_config_glue [-] oslo_limit.cafile = None {{(pid=108278) log_opt_values /opt/stack/data/venv/lib/python3.12/site-packages/oslo_config/cfg.py:3256}}
May 19 23:22:29.252462 np0000175104 nova-scheduler[108278]: DEBUG cotyledon.oslo_config_glue [-] oslo_limit.certfile = None {{(pid=108278) log_opt_values /opt/stack/data/venv/lib/python3.12/site-packages/oslo_config/cfg.py:3256}}
May 19 23:22:29.252462 np0000175104 nova-scheduler[108278]: DEBUG cotyledon.oslo_config_glue [-] oslo_limit.collect_timing = False {{(pid=108278) log_opt_values /opt/stack/data/venv/lib/python3.12/site-packages/oslo_config/cfg.py:3256}}
May 19 23:22:29.252462 np0000175104 nova-scheduler[108278]: DEBUG cotyledon.oslo_config_glue [-] oslo_limit.connect_retries = None {{(pid=108278) log_opt_values /opt/stack/data/venv/lib/python3.12/site-packages/oslo_config/cfg.py:3256}}
May 19 23:22:29.252462 np0000175104 nova-scheduler[108278]: DEBUG cotyledon.oslo_config_glue [-] oslo_limit.connect_retry_delay = None {{(pid=108278) log_opt_values /opt/stack/data/venv/lib/python3.12/site-packages/oslo_config/cfg.py:3256}}
May 19 23:22:29.252462 np0000175104 nova-scheduler[108278]: DEBUG cotyledon.oslo_config_glue [-] oslo_limit.endpoint_id = None {{(pid=108278) log_opt_values /opt/stack/data/venv/lib/python3.12/site-packages/oslo_config/cfg.py:3256}}
May 19 23:22:29.252682 np0000175104 nova-scheduler[108278]: DEBUG cotyledon.oslo_config_glue [-] oslo_limit.endpoint_interface = public {{(pid=108278) log_opt_values /opt/stack/data/venv/lib/python3.12/site-packages/oslo_config/cfg.py:3256}}
May 19 23:22:29.252682 np0000175104 nova-scheduler[108278]: DEBUG cotyledon.oslo_config_glue [-] oslo_limit.endpoint_override = None {{(pid=108278) log_opt_values /opt/stack/data/venv/lib/python3.12/site-packages/oslo_config/cfg.py:3256}}
May 19 23:22:29.252682 np0000175104 nova-scheduler[108278]: DEBUG cotyledon.oslo_config_glue [-] oslo_limit.endpoint_region_name = None {{(pid=108278) log_opt_values /opt/stack/data/venv/lib/python3.12/site-packages/oslo_config/cfg.py:3256}}
May 19 23:22:29.252682 np0000175104 nova-scheduler[108278]: DEBUG cotyledon.oslo_config_glue [-] oslo_limit.endpoint_service_name = None {{(pid=108278) log_opt_values /opt/stack/data/venv/lib/python3.12/site-packages/oslo_config/cfg.py:3256}}
May 19 23:22:29.252682 np0000175104 nova-scheduler[108278]: DEBUG cotyledon.oslo_config_glue [-] oslo_limit.endpoint_service_type = None {{(pid=108278) log_opt_values /opt/stack/data/venv/lib/python3.12/site-packages/oslo_config/cfg.py:3256}}
May 19 23:22:29.252682 np0000175104 nova-scheduler[108278]: DEBUG cotyledon.oslo_config_glue [-] oslo_limit.insecure = False {{(pid=108278) log_opt_values /opt/stack/data/venv/lib/python3.12/site-packages/oslo_config/cfg.py:3256}}
May 19 23:22:29.252682 np0000175104 nova-scheduler[108278]: DEBUG cotyledon.oslo_config_glue [-] oslo_limit.keyfile = None {{(pid=108278) log_opt_values /opt/stack/data/venv/lib/python3.12/site-packages/oslo_config/cfg.py:3256}}
May 19 23:22:29.252682 np0000175104 nova-scheduler[108278]: DEBUG cotyledon.oslo_config_glue [-] oslo_limit.max_version = None {{(pid=108278) log_opt_values /opt/stack/data/venv/lib/python3.12/site-packages/oslo_config/cfg.py:3256}}
May 19 23:22:29.252682 np0000175104 nova-scheduler[108278]: DEBUG cotyledon.oslo_config_glue [-] oslo_limit.min_version = None {{(pid=108278) log_opt_values /opt/stack/data/venv/lib/python3.12/site-packages/oslo_config/cfg.py:3256}}
May 19 23:22:29.252902 np0000175104 nova-scheduler[108278]: DEBUG cotyledon.oslo_config_glue [-] oslo_limit.region_name = None {{(pid=108278) log_opt_values /opt/stack/data/venv/lib/python3.12/site-packages/oslo_config/cfg.py:3256}}
May 19 23:22:29.252902 np0000175104 nova-scheduler[108278]: DEBUG cotyledon.oslo_config_glue [-] oslo_limit.retriable_status_codes = None {{(pid=108278) log_opt_values /opt/stack/data/venv/lib/python3.12/site-packages/oslo_config/cfg.py:3256}}
May 19 23:22:29.252902 np0000175104 nova-scheduler[108278]: DEBUG cotyledon.oslo_config_glue [-] oslo_limit.service_name = None {{(pid=108278) log_opt_values /opt/stack/data/venv/lib/python3.12/site-packages/oslo_config/cfg.py:3256}}
May 19 23:22:29.252902 np0000175104 nova-scheduler[108278]: DEBUG cotyledon.oslo_config_glue [-] oslo_limit.service_type = None {{(pid=108278) log_opt_values /opt/stack/data/venv/lib/python3.12/site-packages/oslo_config/cfg.py:3256}}
May 19 23:22:29.252902 np0000175104 nova-scheduler[108278]: DEBUG cotyledon.oslo_config_glue [-] oslo_limit.split_loggers = False {{(pid=108278) log_opt_values /opt/stack/data/venv/lib/python3.12/site-packages/oslo_config/cfg.py:3256}}
May 19 23:22:29.252902 np0000175104 nova-scheduler[108278]: DEBUG cotyledon.oslo_config_glue [-] oslo_limit.status_code_retries = None {{(pid=108278) log_opt_values /opt/stack/data/venv/lib/python3.12/site-packages/oslo_config/cfg.py:3256}}
May 19 23:22:29.252902 np0000175104 nova-scheduler[108278]: DEBUG cotyledon.oslo_config_glue [-] oslo_limit.status_code_retry_delay = None {{(pid=108278) log_opt_values /opt/stack/data/venv/lib/python3.12/site-packages/oslo_config/cfg.py:3256}}
May 19 23:22:29.252902 np0000175104 nova-scheduler[108278]: DEBUG cotyledon.oslo_config_glue [-] oslo_limit.timeout = None {{(pid=108278) log_opt_values /opt/stack/data/venv/lib/python3.12/site-packages/oslo_config/cfg.py:3256}}
May 19 23:22:29.252902 np0000175104 nova-scheduler[108278]: DEBUG cotyledon.oslo_config_glue [-] oslo_limit.valid_interfaces = None {{(pid=108278) log_opt_values /opt/stack/data/venv/lib/python3.12/site-packages/oslo_config/cfg.py:3256}}
May 19 23:22:29.253146 np0000175104 nova-scheduler[108278]: DEBUG cotyledon.oslo_config_glue [-] oslo_limit.version = None {{(pid=108278) log_opt_values /opt/stack/data/venv/lib/python3.12/site-packages/oslo_config/cfg.py:3256}}
May 19 23:22:29.253146 np0000175104 nova-scheduler[108278]: DEBUG cotyledon.oslo_config_glue [-] oslo_reports.file_event_handler = None {{(pid=108278) log_opt_values /opt/stack/data/venv/lib/python3.12/site-packages/oslo_config/cfg.py:3256}}
May 19 23:22:29.253146 np0000175104 nova-scheduler[108278]: DEBUG cotyledon.oslo_config_glue [-] oslo_reports.file_event_handler_interval = 1 {{(pid=108278) log_opt_values /opt/stack/data/venv/lib/python3.12/site-packages/oslo_config/cfg.py:3256}}
May 19 23:22:29.253146 np0000175104 nova-scheduler[108278]: DEBUG cotyledon.oslo_config_glue [-] oslo_reports.log_dir = None {{(pid=108278) log_opt_values /opt/stack/data/venv/lib/python3.12/site-packages/oslo_config/cfg.py:3256}}
May 19 23:22:29.253146 np0000175104 nova-scheduler[108278]: DEBUG cotyledon.oslo_config_glue [-] ******************************************************************************** {{(pid=108278) log_opt_values /opt/stack/data/venv/lib/python3.12/site-packages/oslo_config/cfg.py:3263}}
May 19 23:22:29.253146 np0000175104 nova-scheduler[108278]: DEBUG cotyledon._service_worker [-] Run service ServiceWrapper(3) [108278] {{(pid=108278) wait_forever /opt/stack/data/venv/lib/python3.12/site-packages/cotyledon/_service_worker.py:218}}
May 19 23:22:29.253146 np0000175104 nova-scheduler[108278]: INFO nova.service [-] Starting scheduler node (version 33.1.0)
May 19 23:22:29.253321 np0000175104 nova-scheduler[108248]: DEBUG nova.service [None req-6dddb09b-8cf2-47fe-817e-c1fd01d2a3b1 None None] Creating RPC server for service: nova-scheduler on topic: scheduler {{(pid=108248) start /opt/stack/nova/nova/service.py:195}}
May 19 23:22:29.253373 np0000175104 nova-scheduler[108278]: INFO dbcounter [None req-4b40f9e1-5b4d-4ddf-a6e8-abe667d5c1de None None] Registered counter for database nova_cell0
May 19 23:22:29.255723 np0000175104 nova-scheduler[108265]: DEBUG nova.service [None req-aa3fab1c-e918-4aa4-aa1c-e0b3555c187a None None] Creating RPC server for service: nova-scheduler on topic: scheduler {{(pid=108265) start /opt/stack/nova/nova/service.py:195}}
May 19 23:22:29.259218 np0000175104 nova-scheduler[108256]: DEBUG nova.service [None req-5678bf4e-c7fb-477a-84de-f90165c48d02 None None] Creating RPC server for service: nova-scheduler on topic: scheduler {{(pid=108256) start /opt/stack/nova/nova/service.py:195}}
May 19 23:22:29.264698 np0000175104 nova-scheduler[108278]: DEBUG oslo_db.sqlalchemy.engines [None req-4b40f9e1-5b4d-4ddf-a6e8-abe667d5c1de None None] MySQL server mode set to STRICT_TRANS_TABLES,STRICT_ALL_TABLES,NO_ZERO_IN_DATE,NO_ZERO_DATE,ERROR_FOR_DIVISION_BY_ZERO,TRADITIONAL,NO_ENGINE_SUBSTITUTION {{(pid=108278) _check_effective_sql_mode /opt/stack/data/venv/lib/python3.12/site-packages/oslo_db/sqlalchemy/engines.py:325}}
May 19 23:22:29.274572 np0000175104 nova-scheduler[108265]: DEBUG nova.service [None req-aa3fab1c-e918-4aa4-aa1c-e0b3555c187a None None] Join ServiceGroup membership for this service scheduler {{(pid=108265) start /opt/stack/nova/nova/service.py:221}}
May 19 23:22:29.274777 np0000175104 nova-scheduler[108265]: DEBUG nova.servicegroup.drivers.db [None req-aa3fab1c-e918-4aa4-aa1c-e0b3555c187a None None] DB_Driver: join new ServiceGroup member np0000175104 to the scheduler group, service = {{(pid=108265) join /opt/stack/nova/nova/servicegroup/drivers/db.py:44}}
May 19 23:22:29.275613 np0000175104 nova-scheduler[108278]: DEBUG dbcounter [-] [108278] Writer thread running {{(pid=108278) stat_writer /opt/stack/data/venv/lib/python3.12/site-packages/dbcounter.py:102}}
May 19 23:22:29.278817 np0000175104 nova-scheduler[108256]: DEBUG nova.service [None req-5678bf4e-c7fb-477a-84de-f90165c48d02 None None] Join ServiceGroup membership for this service scheduler {{(pid=108256) start /opt/stack/nova/nova/service.py:221}}
May 19 23:22:29.278988 np0000175104 nova-scheduler[108278]: DEBUG nova.service [None req-4b40f9e1-5b4d-4ddf-a6e8-abe667d5c1de None None] Creating RPC server for service: nova-scheduler on topic: scheduler {{(pid=108278) start /opt/stack/nova/nova/service.py:195}}
May 19 23:22:29.279025 np0000175104 nova-scheduler[108256]: DEBUG nova.servicegroup.drivers.db [None req-5678bf4e-c7fb-477a-84de-f90165c48d02 None None] DB_Driver: join new ServiceGroup member np0000175104 to the scheduler group, service = {{(pid=108256) join /opt/stack/nova/nova/servicegroup/drivers/db.py:44}}
May 19 23:22:29.282768 np0000175104 nova-scheduler[108248]: DEBUG nova.service [None req-6dddb09b-8cf2-47fe-817e-c1fd01d2a3b1 None None] Join ServiceGroup membership for this service scheduler {{(pid=108248) start /opt/stack/nova/nova/service.py:221}}
May 19 23:22:29.283319 np0000175104 nova-scheduler[108248]: DEBUG nova.servicegroup.drivers.db [None req-6dddb09b-8cf2-47fe-817e-c1fd01d2a3b1 None None] DB_Driver: join new ServiceGroup member np0000175104 to the scheduler group, service = {{(pid=108248) join /opt/stack/nova/nova/servicegroup/drivers/db.py:44}}
May 19 23:22:29.295666 np0000175104 nova-scheduler[108278]: DEBUG nova.service [None req-4b40f9e1-5b4d-4ddf-a6e8-abe667d5c1de None None] Join ServiceGroup membership for this service scheduler {{(pid=108278) start /opt/stack/nova/nova/service.py:221}}
May 19 23:22:29.295843 np0000175104 nova-scheduler[108278]: DEBUG nova.servicegroup.drivers.db [None req-4b40f9e1-5b4d-4ddf-a6e8-abe667d5c1de None None] DB_Driver: join new ServiceGroup member np0000175104 to the scheduler group, service = {{(pid=108278) join /opt/stack/nova/nova/servicegroup/drivers/db.py:44}}
May 19 23:22:34.305636 np0000175104 nova-scheduler[108265]: DEBUG oslo.service.backend._threading.loopingcall [-] Fixed interval looping call 'nova.servicegroup.drivers.db.DbDriver._report_state' sleeping for 119.97 seconds {{(pid=108265) _run_loop /opt/stack/data/venv/lib/python3.12/site-packages/oslo_service/backend/_threading/loopingcall.py:125}}
May 19 23:22:34.308192 np0000175104 nova-scheduler[108256]: DEBUG oslo.service.backend._threading.loopingcall [-] Fixed interval looping call 'nova.servicegroup.drivers.db.DbDriver._report_state' sleeping for 119.97 seconds {{(pid=108256) _run_loop /opt/stack/data/venv/lib/python3.12/site-packages/oslo_service/backend/_threading/loopingcall.py:125}}
May 19 23:22:34.308478 np0000175104 nova-scheduler[108248]: DEBUG oslo.service.backend._threading.loopingcall [-] Fixed interval looping call 'nova.servicegroup.drivers.db.DbDriver._report_state' sleeping for 119.98 seconds {{(pid=108248) _run_loop /opt/stack/data/venv/lib/python3.12/site-packages/oslo_service/backend/_threading/loopingcall.py:125}}
May 19 23:22:34.312132 np0000175104 nova-scheduler[108278]: DEBUG oslo.service.backend._threading.loopingcall [-] Fixed interval looping call 'nova.servicegroup.drivers.db.DbDriver._report_state' sleeping for 119.99 seconds {{(pid=108278) _run_loop /opt/stack/data/venv/lib/python3.12/site-packages/oslo_service/backend/_threading/loopingcall.py:125}}
May 19 23:22:37.870769 np0000175104 nova-scheduler[107533]: DEBUG dbcounter [-] [107533] Writing DB stats nova_api:SELECT=3 {{(pid=107533) stat_writer /opt/stack/data/venv/lib/python3.12/site-packages/dbcounter.py:115}}
May 19 23:22:37.982067 np0000175104 nova-scheduler[107533]: DEBUG dbcounter [-] [107533] Writing DB stats nova_cell0:SELECT=1 {{(pid=107533) stat_writer /opt/stack/data/venv/lib/python3.12/site-packages/dbcounter.py:115}}
May 19 23:22:37.990065 np0000175104 nova-scheduler[107533]: DEBUG dbcounter [-] [107533] Writing DB stats nova_cell1:SELECT=1 {{(pid=107533) stat_writer /opt/stack/data/venv/lib/python3.12/site-packages/dbcounter.py:115}}
May 19 23:22:44.286975 np0000175104 nova-scheduler[108265]: DEBUG dbcounter [-] [108265] Writing DB stats nova_cell0:SELECT=5,nova_cell0:INSERT=1,nova_cell0:UPDATE=1 {{(pid=108265) stat_writer /opt/stack/data/venv/lib/python3.12/site-packages/dbcounter.py:115}}
May 19 23:22:44.291720 np0000175104 nova-scheduler[108256]: DEBUG dbcounter [-] [108256] Writing DB stats nova_cell0:SELECT=5,nova_cell0:INSERT=1,nova_cell0:UPDATE=1 {{(pid=108256) stat_writer /opt/stack/data/venv/lib/python3.12/site-packages/dbcounter.py:115}}
May 19 23:22:44.298728 np0000175104 nova-scheduler[108248]: DEBUG dbcounter [-] [108248] Writing DB stats nova_cell0:SELECT=4,nova_cell0:INSERT=1,nova_cell0:UPDATE=1 {{(pid=108248) stat_writer /opt/stack/data/venv/lib/python3.12/site-packages/dbcounter.py:115}}
May 19 23:22:44.308921 np0000175104 nova-scheduler[108278]: DEBUG dbcounter [-] [108278] Writing DB stats nova_cell0:SELECT=3 {{(pid=108278) stat_writer /opt/stack/data/venv/lib/python3.12/site-packages/dbcounter.py:115}}
May 19 23:22:47.300006 np0000175104 nova-scheduler[108278]: DEBUG oslo.service.backend._threading.loopingcall [None req-6f5cffe4-7ff4-4fa5-81ab-f6a2cdd2babc None None] Dynamic interval looping call 'nova.service.Service.periodic_tasks' sleeping for 60.00 seconds {{(pid=108278) _run_loop /opt/stack/data/venv/lib/python3.12/site-packages/oslo_service/backend/_threading/loopingcall.py:125}}
May 19 23:22:49.281749 np0000175104 nova-scheduler[108256]: DEBUG oslo.service.backend._threading.loopingcall [None req-35dbb869-e261-4e52-b711-4913f91e34b9 None None] Dynamic interval looping call 'nova.service.Service.periodic_tasks' sleeping for 60.00 seconds {{(pid=108256) _run_loop /opt/stack/data/venv/lib/python3.12/site-packages/oslo_service/backend/_threading/loopingcall.py:125}}
May 19 23:23:06.286599 np0000175104 nova-scheduler[108248]: DEBUG oslo.service.backend._threading.loopingcall [None req-7591947a-99b6-4449-9be3-09a8469ae0af None None] Dynamic interval looping call 'nova.service.Service.periodic_tasks' sleeping for 60.00 seconds {{(pid=108248) _run_loop /opt/stack/data/venv/lib/python3.12/site-packages/oslo_service/backend/_threading/loopingcall.py:125}}
May 19 23:23:13.279721 np0000175104 nova-scheduler[108265]: DEBUG oslo.service.backend._threading.loopingcall [None req-7e3e0c60-e703-4994-9b78-b5855c5d3b24 None None] Dynamic interval looping call 'nova.service.Service.periodic_tasks' sleeping for 60.00 seconds {{(pid=108265) _run_loop /opt/stack/data/venv/lib/python3.12/site-packages/oslo_service/backend/_threading/loopingcall.py:125}}
May 19 23:23:47.300800 np0000175104 nova-scheduler[108278]: DEBUG oslo.service.backend._threading.loopingcall [None req-6f5cffe4-7ff4-4fa5-81ab-f6a2cdd2babc None None] Dynamic interval looping call 'nova.service.Service.periodic_tasks' sleeping for 60.00 seconds {{(pid=108278) _run_loop /opt/stack/data/venv/lib/python3.12/site-packages/oslo_service/backend/_threading/loopingcall.py:125}}
May 19 23:23:49.282980 np0000175104 nova-scheduler[108256]: DEBUG oslo.service.backend._threading.loopingcall [None req-35dbb869-e261-4e52-b711-4913f91e34b9 None None] Dynamic interval looping call 'nova.service.Service.periodic_tasks' sleeping for 60.00 seconds {{(pid=108256) _run_loop /opt/stack/data/venv/lib/python3.12/site-packages/oslo_service/backend/_threading/loopingcall.py:125}}
May 19 23:24:06.287395 np0000175104 nova-scheduler[108248]: DEBUG oslo.service.backend._threading.loopingcall [None req-7591947a-99b6-4449-9be3-09a8469ae0af None None] Dynamic interval looping call 'nova.service.Service.periodic_tasks' sleeping for 60.00 seconds {{(pid=108248) _run_loop /opt/stack/data/venv/lib/python3.12/site-packages/oslo_service/backend/_threading/loopingcall.py:125}}
May 19 23:24:13.280750 np0000175104 nova-scheduler[108265]: DEBUG oslo.service.backend._threading.loopingcall [None req-7e3e0c60-e703-4994-9b78-b5855c5d3b24 None None] Dynamic interval looping call 'nova.service.Service.periodic_tasks' sleeping for 60.00 seconds {{(pid=108265) _run_loop /opt/stack/data/venv/lib/python3.12/site-packages/oslo_service/backend/_threading/loopingcall.py:125}}
May 19 23:24:34.379296 np0000175104 nova-scheduler[108265]: DEBUG oslo.service.backend._threading.loopingcall [-] Fixed interval looping call 'nova.servicegroup.drivers.db.DbDriver._report_state' sleeping for 119.90 seconds {{(pid=108265) _run_loop /opt/stack/data/venv/lib/python3.12/site-packages/oslo_service/backend/_threading/loopingcall.py:125}}
May 19 23:24:34.380297 np0000175104 nova-scheduler[108256]: DEBUG oslo.service.backend._threading.loopingcall [-] Fixed interval looping call 'nova.servicegroup.drivers.db.DbDriver._report_state' sleeping for 119.90 seconds {{(pid=108256) _run_loop /opt/stack/data/venv/lib/python3.12/site-packages/oslo_service/backend/_threading/loopingcall.py:125}}
May 19 23:24:34.381103 np0000175104 nova-scheduler[108248]: DEBUG oslo.service.backend._threading.loopingcall [-] Fixed interval looping call 'nova.servicegroup.drivers.db.DbDriver._report_state' sleeping for 119.91 seconds {{(pid=108248) _run_loop /opt/stack/data/venv/lib/python3.12/site-packages/oslo_service/backend/_threading/loopingcall.py:125}}
May 19 23:24:34.382905 np0000175104 nova-scheduler[108278]: DEBUG oslo.service.backend._threading.loopingcall [-] Fixed interval looping call 'nova.servicegroup.drivers.db.DbDriver._report_state' sleeping for 119.92 seconds {{(pid=108278) _run_loop /opt/stack/data/venv/lib/python3.12/site-packages/oslo_service/backend/_threading/loopingcall.py:125}}
May 19 23:24:44.280456 np0000175104 nova-scheduler[108265]: DEBUG dbcounter [-] [108265] Writing DB stats nova_cell0:SELECT=1,nova_cell0:UPDATE=1 {{(pid=108265) stat_writer /opt/stack/data/venv/lib/python3.12/site-packages/dbcounter.py:115}}
May 19 23:24:44.283499 np0000175104 nova-scheduler[108256]: DEBUG dbcounter [-] [108256] Writing DB stats nova_cell0:SELECT=1,nova_cell0:UPDATE=1 {{(pid=108256) stat_writer /opt/stack/data/venv/lib/python3.12/site-packages/dbcounter.py:115}}
May 19 23:24:44.292412 np0000175104 nova-scheduler[108248]: DEBUG dbcounter [-] [108248] Writing DB stats nova_cell0:SELECT=1,nova_cell0:UPDATE=1 {{(pid=108248) stat_writer /opt/stack/data/venv/lib/python3.12/site-packages/dbcounter.py:115}}
May 19 23:24:44.311396 np0000175104 nova-scheduler[108278]: DEBUG dbcounter [-] [108278] Writing DB stats nova_cell0:SELECT=1,nova_cell0:UPDATE=1 {{(pid=108278) stat_writer /opt/stack/data/venv/lib/python3.12/site-packages/dbcounter.py:115}}
May 19 23:24:47.301755 np0000175104 nova-scheduler[108278]: DEBUG oslo.service.backend._threading.loopingcall [None req-6f5cffe4-7ff4-4fa5-81ab-f6a2cdd2babc None None] Dynamic interval looping call 'nova.service.Service.periodic_tasks' sleeping for 60.00 seconds {{(pid=108278) _run_loop /opt/stack/data/venv/lib/python3.12/site-packages/oslo_service/backend/_threading/loopingcall.py:125}}
May 19 23:24:49.283818 np0000175104 nova-scheduler[108256]: DEBUG oslo.service.backend._threading.loopingcall [None req-35dbb869-e261-4e52-b711-4913f91e34b9 None None] Dynamic interval looping call 'nova.service.Service.periodic_tasks' sleeping for 60.00 seconds {{(pid=108256) _run_loop /opt/stack/data/venv/lib/python3.12/site-packages/oslo_service/backend/_threading/loopingcall.py:125}}
May 19 23:25:06.288187 np0000175104 nova-scheduler[108248]: DEBUG oslo.service.backend._threading.loopingcall [None req-7591947a-99b6-4449-9be3-09a8469ae0af None None] Dynamic interval looping call 'nova.service.Service.periodic_tasks' sleeping for 60.00 seconds {{(pid=108248) _run_loop /opt/stack/data/venv/lib/python3.12/site-packages/oslo_service/backend/_threading/loopingcall.py:125}}
May 19 23:25:13.281595 np0000175104 nova-scheduler[108265]: DEBUG oslo.service.backend._threading.loopingcall [None req-7e3e0c60-e703-4994-9b78-b5855c5d3b24 None None] Dynamic interval looping call 'nova.service.Service.periodic_tasks' sleeping for 60.00 seconds {{(pid=108265) _run_loop /opt/stack/data/venv/lib/python3.12/site-packages/oslo_service/backend/_threading/loopingcall.py:125}}
May 19 23:25:47.302495 np0000175104 nova-scheduler[108278]: DEBUG oslo.service.backend._threading.loopingcall [None req-6f5cffe4-7ff4-4fa5-81ab-f6a2cdd2babc None None] Dynamic interval looping call 'nova.service.Service.periodic_tasks' sleeping for 60.00 seconds {{(pid=108278) _run_loop /opt/stack/data/venv/lib/python3.12/site-packages/oslo_service/backend/_threading/loopingcall.py:125}}
May 19 23:25:49.284827 np0000175104 nova-scheduler[108256]: DEBUG oslo.service.backend._threading.loopingcall [None req-35dbb869-e261-4e52-b711-4913f91e34b9 None None] Dynamic interval looping call 'nova.service.Service.periodic_tasks' sleeping for 60.00 seconds {{(pid=108256) _run_loop /opt/stack/data/venv/lib/python3.12/site-packages/oslo_service/backend/_threading/loopingcall.py:125}}
May 19 23:26:06.288993 np0000175104 nova-scheduler[108248]: DEBUG oslo.service.backend._threading.loopingcall [None req-7591947a-99b6-4449-9be3-09a8469ae0af None None] Dynamic interval looping call 'nova.service.Service.periodic_tasks' sleeping for 60.00 seconds {{(pid=108248) _run_loop /opt/stack/data/venv/lib/python3.12/site-packages/oslo_service/backend/_threading/loopingcall.py:125}}
May 19 23:26:13.282405 np0000175104 nova-scheduler[108265]: DEBUG oslo.service.backend._threading.loopingcall [None req-7e3e0c60-e703-4994-9b78-b5855c5d3b24 None None] Dynamic interval looping call 'nova.service.Service.periodic_tasks' sleeping for 60.00 seconds {{(pid=108265) _run_loop /opt/stack/data/venv/lib/python3.12/site-packages/oslo_service/backend/_threading/loopingcall.py:125}}
May 19 23:26:30.909448 np0000175104 nova-scheduler[108265]: DEBUG nova.scheduler.manager [None req-4066d6bc-00b1-4c4c-84b1-da1b72ad0f74 demo demo] Starting to schedule for instances: ['1ebb814c-a5f9-48c1-9315-45a337625f6d'] {{(pid=108265) select_destinations /opt/stack/nova/nova/scheduler/manager.py:210}}
May 19 23:26:30.915712 np0000175104 nova-scheduler[108265]: DEBUG oslo_db.sqlalchemy.engines [None req-4066d6bc-00b1-4c4c-84b1-da1b72ad0f74 demo demo] Parent process 107533 forked (108265) with an open database connection, which is being discarded and recreated. {{(pid=108265) checkout /opt/stack/data/venv/lib/python3.12/site-packages/oslo_db/sqlalchemy/engines.py:402}}
May 19 23:26:30.922277 np0000175104 nova-scheduler[108265]: DEBUG dbcounter [-] [108265] Writer thread running {{(pid=108265) stat_writer /opt/stack/data/venv/lib/python3.12/site-packages/dbcounter.py:102}}
May 19 23:26:30.924044 np0000175104 nova-scheduler[108265]: DEBUG nova.scheduler.request_filter [None req-4066d6bc-00b1-4c4c-84b1-da1b72ad0f74 demo demo] Request filter 'map_az_to_placement_aggregate' took 0.0 seconds {{(pid=108265) wrapper /opt/stack/nova/nova/scheduler/request_filter.py:46}}
May 19 23:26:30.924452 np0000175104 nova-scheduler[108265]: DEBUG nova.scheduler.request_filter [None req-4066d6bc-00b1-4c4c-84b1-da1b72ad0f74 demo demo] compute_status_filter request filter added forbidden trait COMPUTE_STATUS_DISABLED {{(pid=108265) compute_status_filter /opt/stack/nova/nova/scheduler/request_filter.py:253}}
May 19 23:26:30.924626 np0000175104 nova-scheduler[108265]: DEBUG nova.scheduler.request_filter [None req-4066d6bc-00b1-4c4c-84b1-da1b72ad0f74 demo demo] Request filter 'compute_status_filter' took 0.0 seconds {{(pid=108265) wrapper /opt/stack/nova/nova/scheduler/request_filter.py:46}}
May 19 23:26:30.924999 np0000175104 nova-scheduler[108265]: DEBUG nova.scheduler.request_filter [None req-4066d6bc-00b1-4c4c-84b1-da1b72ad0f74 demo demo] Request filter 'accelerators_filter' took 0.0 seconds {{(pid=108265) wrapper /opt/stack/nova/nova/scheduler/request_filter.py:46}}
May 19 23:26:30.925206 np0000175104 nova-scheduler[108265]: DEBUG nova.scheduler.request_filter [None req-4066d6bc-00b1-4c4c-84b1-da1b72ad0f74 demo demo] Request filter 'packed_virtqueue_filter' took 0.0 seconds {{(pid=108265) wrapper /opt/stack/nova/nova/scheduler/request_filter.py:46}}
May 19 23:26:30.928630 np0000175104 nova-scheduler[108265]: WARNING neutronclient.v2_0.client [None req-4066d6bc-00b1-4c4c-84b1-da1b72ad0f74 demo demo] The python binding code in neutronclient is deprecated in favor of OpenstackSDK, please use that as this will be removed in a future release.
May 19 23:26:31.149841 np0000175104 nova-scheduler[108265]: DEBUG nova.scheduler.request_filter [None req-4066d6bc-00b1-4c4c-84b1-da1b72ad0f74 demo demo] Request filter 'remote_managed_ports_filter' took 0.2 seconds {{(pid=108265) wrapper /opt/stack/nova/nova/scheduler/request_filter.py:46}}
May 19 23:26:31.150000 np0000175104 nova-scheduler[108265]: DEBUG nova.scheduler.request_filter [None req-4066d6bc-00b1-4c4c-84b1-da1b72ad0f74 demo demo] ephemeral_encryption_filter skipped {{(pid=108265) ephemeral_encryption_filter /opt/stack/nova/nova/scheduler/request_filter.py:426}}
May 19 23:26:31.150148 np0000175104 nova-scheduler[108265]: DEBUG nova.scheduler.request_filter [None req-4066d6bc-00b1-4c4c-84b1-da1b72ad0f74 demo demo] virtio_sound_filter skipped {{(pid=108265) virtio_sound_filter /opt/stack/nova/nova/scheduler/request_filter.py:460}}
May 19 23:26:31.150263 np0000175104 nova-scheduler[108265]: DEBUG nova.scheduler.request_filter [None req-4066d6bc-00b1-4c4c-84b1-da1b72ad0f74 demo demo] tpm_secret_security_filter skipped {{(pid=108265) tpm_secret_security_filter /opt/stack/nova/nova/scheduler/request_filter.py:477}}
May 19 23:26:31.404671 np0000175104 nova-scheduler[108265]: INFO nova.utils [None req-4066d6bc-00b1-4c4c-84b1-da1b72ad0f74 demo demo] The cell worker thread pool ForkProcess-3.cell_worker is initialized
May 19 23:26:31.405077 np0000175104 nova-scheduler[108265]: DEBUG oslo_concurrency.lockutils [None req-4066d6bc-00b1-4c4c-84b1-da1b72ad0f74 demo demo] Acquiring lock "7b2d69e3-3936-496e-8791-1e22a6dcd9c8" by "nova.context.set_target_cell..get_or_set_cached_cell_and_set_connections" {{(pid=108265) inner /opt/stack/data/venv/lib/python3.12/site-packages/oslo_concurrency/lockutils.py:511}}
May 19 23:26:31.405327 np0000175104 nova-scheduler[108265]: DEBUG oslo_concurrency.lockutils [None req-4066d6bc-00b1-4c4c-84b1-da1b72ad0f74 demo demo] Lock "7b2d69e3-3936-496e-8791-1e22a6dcd9c8" acquired by "nova.context.set_target_cell..get_or_set_cached_cell_and_set_connections" :: waited 0.000s {{(pid=108265) inner /opt/stack/data/venv/lib/python3.12/site-packages/oslo_concurrency/lockutils.py:524}}
