2026-05-09 18:02:22.027 7 INFO placement.requestlog [None req-304206f6-1877-4a4c-8b88-4fbaa6771182 b6cb2244f81d4bc596f554d3937330cc a75a020aff57413a8654f3458984f807 - - d466819d99ce4682897fef9552e18dad d466819d99ce4682897fef9552e18dad] 10.0.0.99 "DELETE /resource_providers/62c788b3-ba20-4a91-9f30-d67e8ed65bbc" status: 404 len: 246 microversion: 1.1 [pid: 7|app: 0|req: 410/822] 10.0.0.99 () {34 vars in 815 bytes} [Sat May 9 18:02:22 2026] DELETE /resource_providers/62c788b3-ba20-4a91-9f30-d67e8ed65bbc => generated 246 bytes in 10 msecs (HTTP/1.1 404) 6 headers in 231 bytes (1 switches on core 0)
2026-05-09 18:02:22.042 8 INFO placement.requestlog [None req-409c0ed2-3bba-43c8-9865-ac676e503e35 b6cb2244f81d4bc596f554d3937330cc a75a020aff57413a8654f3458984f807 - - d466819d99ce4682897fef9552e18dad d466819d99ce4682897fef9552e18dad] 10.0.0.99 "GET /resource_providers/15638e91-75e9-414f-af2e-4bff45565139/aggregates" status: 404 len: 235 microversion: 1.1 [pid: 8|app: 0|req: 413/823] 10.0.0.99 () {32 vars in 815 bytes} [Sat May 9 18:02:22 2026] GET /resource_providers/15638e91-75e9-414f-af2e-4bff45565139/aggregates => generated 235 bytes in 8 msecs (HTTP/1.1 404) 5 headers in 202 bytes (1 switches on core 0)
2026-05-09 18:02:22.050 7 INFO placement.requestlog [None req-2c0fa570-d489-4d8c-8149-1f441de2a914 b6cb2244f81d4bc596f554d3937330cc a75a020aff57413a8654f3458984f807 - - d466819d99ce4682897fef9552e18dad d466819d99ce4682897fef9552e18dad] 10.0.0.99 "GET /resource_providers/15638e91-75e9-414f-af2e-4bff45565139/aggregates" status: 404 len: 235 microversion: 1.1 [pid: 7|app: 0|req: 411/824] 10.0.0.99 () {32 vars in 815 bytes} [Sat May 9 18:02:22 2026] GET /resource_providers/15638e91-75e9-414f-af2e-4bff45565139/aggregates => generated 235 bytes in 10 msecs (HTTP/1.1 404) 5 headers in 202 bytes (1 switches on core 0)
2026-05-09 18:02:22.065 8 INFO placement.requestlog [None req-cec84252-4b80-4b31-abda-f85e1d7f5be5 b6cb2244f81d4bc596f554d3937330cc a75a020aff57413a8654f3458984f807 - - d466819d99ce4682897fef9552e18dad d466819d99ce4682897fef9552e18dad] 10.0.0.99 "DELETE /resource_providers/15638e91-75e9-414f-af2e-4bff45565139" status: 404 len: 246 microversion: 1.1 [pid: 8|app: 0|req: 414/825] 10.0.0.99 () {34 vars in 815 bytes} [Sat May 9 18:02:22 2026] DELETE /resource_providers/15638e91-75e9-414f-af2e-4bff45565139 => generated 246 bytes in 7 msecs (HTTP/1.1 404) 6 headers in 231 bytes (1 switches on core 0)
2026-05-09 18:02:22.071 7 INFO placement.requestlog [None req-8bef4c85-c97f-4c9e-81b4-374e9453797f b6cb2244f81d4bc596f554d3937330cc a75a020aff57413a8654f3458984f807 - - d466819d99ce4682897fef9552e18dad d466819d99ce4682897fef9552e18dad] 10.0.0.99 "DELETE /resource_providers/15638e91-75e9-414f-af2e-4bff45565139" status: 404 len: 246 microversion: 1.1 [pid: 7|app: 0|req: 412/826] 10.0.0.99 () {34 vars in 815 bytes} [Sat May 9 18:02:22 2026] DELETE /resource_providers/15638e91-75e9-414f-af2e-4bff45565139 => generated 246 bytes in 11 msecs (HTTP/1.1 404) 6 headers in 231 bytes (1 switches on core 0)
2026-05-09 18:02:30.619 7 INFO placement.requestlog [None req-cd13d02d-be9e-4220-910a-0fd3f98eba37 b6cb2244f81d4bc596f554d3937330cc a75a020aff57413a8654f3458984f807 - - d466819d99ce4682897fef9552e18dad d466819d99ce4682897fef9552e18dad] 10.0.0.99 "GET /resource_providers/abc664b2-e30a-4539-99b5-966614ae5dd6/aggregates" status: 404 len: 235 microversion: 1.1 [pid: 7|app: 0|req: 413/827] 10.0.0.99 () {32 vars in 815 bytes} [Sat May 9 18:02:30 2026] GET /resource_providers/abc664b2-e30a-4539-99b5-966614ae5dd6/aggregates => generated 235 bytes in 10 msecs (HTTP/1.1 404) 5 headers in 202 bytes (1 switches on core 0)
2026-05-09 18:02:30.622 8 INFO placement.requestlog [None req-a823e4cd-c43f-46a1-8386-54ac502a2498 b6cb2244f81d4bc596f554d3937330cc a75a020aff57413a8654f3458984f807 - - d466819d99ce4682897fef9552e18dad d466819d99ce4682897fef9552e18dad] 10.0.0.99 "GET /resource_providers/abc664b2-e30a-4539-99b5-966614ae5dd6/aggregates" status: 404 len: 235 microversion: 1.1 [pid: 8|app: 0|req: 415/828] 10.0.0.99 () {32 vars in 815 bytes} [Sat May 9 18:02:30 2026] GET /resource_providers/abc664b2-e30a-4539-99b5-966614ae5dd6/aggregates => generated 235 bytes in 13 msecs (HTTP/1.1 404) 5 headers in 202 bytes (1 switches on core 0)
2026-05-09 18:02:30.638 7 INFO placement.requestlog [None req-d4961b2b-6021-435d-85ef-d50223def01d b6cb2244f81d4bc596f554d3937330cc a75a020aff57413a8654f3458984f807 - - d466819d99ce4682897fef9552e18dad d466819d99ce4682897fef9552e18dad] 10.0.0.99 "DELETE /resource_providers/abc664b2-e30a-4539-99b5-966614ae5dd6" status: 404 len: 246 microversion: 1.1 [pid: 7|app: 0|req: 414/829] 10.0.0.99 () {34 vars in 815 bytes} [Sat May 9 18:02:30 2026] DELETE /resource_providers/abc664b2-e30a-4539-99b5-966614ae5dd6 => generated 246 bytes in 9 msecs (HTTP/1.1 404) 6 headers in 231 bytes (1 switches on core 0)
2026-05-09 18:02:30.640 8 INFO placement.requestlog [None req-359490da-3f80-484e-a461-a2b32722df24 b6cb2244f81d4bc596f554d3937330cc a75a020aff57413a8654f3458984f807 - - d466819d99ce4682897fef9552e18dad d466819d99ce4682897fef9552e18dad] 10.0.0.99 "DELETE /resource_providers/abc664b2-e30a-4539-99b5-966614ae5dd6" status: 404 len: 246 microversion: 1.1 [pid: 8|app: 0|req: 416/830] 10.0.0.99 () {34 vars in 815 bytes} [Sat May 9 18:02:30 2026] DELETE /resource_providers/abc664b2-e30a-4539-99b5-966614ae5dd6 => generated 246 bytes in 9 msecs (HTTP/1.1 404) 6 headers in 231 bytes (1 switches on core 0)
2026-05-09 18:02:31.737 7 INFO placement.requestlog [None req-04da0284-53f8-4298-98e9-b54178542b1d - - - - - -] 10.0.0.147 "GET /" status: 200 len: 136 microversion: 1.0
2026-05-09 18:02:31.737 8 INFO placement.requestlog [None req-9fed9e72-5b93-45a8-a2f0-fcfc6859339f - - - - - -] 10.0.0.147 "GET /" status: 200 len: 136 microversion: 1.0
2026-05-09 18:02:40.529 7 INFO placement.requestlog [None req-36339e3a-f07f-4bb0-8050-117d1698fdb3 b6cb2244f81d4bc596f554d3937330cc a75a020aff57413a8654f3458984f807 - - d466819d99ce4682897fef9552e18dad d466819d99ce4682897fef9552e18dad] 10.0.0.99 "GET /resource_providers/34426994-3b4f-4ebd-a5b4-13c156b3171f/aggregates" status: 404 len: 235 microversion: 1.1 [pid: 7|app: 0|req: 416/833] 10.0.0.99 () {32 vars in 815 bytes} [Sat May 9 18:02:40 2026] GET /resource_providers/34426994-3b4f-4ebd-a5b4-13c156b3171f/aggregates => generated 235 bytes in 10 msecs (HTTP/1.1 404) 5 headers in 202 bytes (1 switches on core 0)
2026-05-09 18:02:40.530 8 INFO placement.requestlog [None req-dba68445-654f-4235-aa89-9719ad2cc563 b6cb2244f81d4bc596f554d3937330cc a75a020aff57413a8654f3458984f807 - - d466819d99ce4682897fef9552e18dad d466819d99ce4682897fef9552e18dad] 10.0.0.99 "GET /resource_providers/34426994-3b4f-4ebd-a5b4-13c156b3171f/aggregates" status: 404 len: 235 microversion: 1.1 [pid: 8|app: 0|req: 418/834] 10.0.0.99 () {32 vars in 815 bytes} [Sat May 9 18:02:40 2026] GET /resource_providers/34426994-3b4f-4ebd-a5b4-13c156b3171f/aggregates => generated 235 bytes in 10 msecs (HTTP/1.1 404) 5 headers in 202 bytes (1 switches on core 0)
2026-05-09 18:02:40.553 7 INFO placement.requestlog [None req-e3e7d8ff-80a5-48ad-9b5a-5fe8abbfb632 b6cb2244f81d4bc596f554d3937330cc a75a020aff57413a8654f3458984f807 - - d466819d99ce4682897fef9552e18dad d466819d99ce4682897fef9552e18dad] 10.0.0.99 "DELETE /resource_providers/34426994-3b4f-4ebd-a5b4-13c156b3171f" status: 404 len: 246 microversion: 1.1 [pid: 7|app: 0|req: 417/835] 10.0.0.99 () {34 vars in 815 bytes} [Sat May 9 18:02:40 2026] DELETE /resource_providers/34426994-3b4f-4ebd-a5b4-13c156b3171f => generated 246 bytes in 11 msecs (HTTP/1.1 404) 6 headers in 231 bytes (1 switches on core 0)
2026-05-09 18:02:40.562 8 INFO placement.requestlog [None req-cde98d48-6993-466d-b596-8105648a06f1 b6cb2244f81d4bc596f554d3937330cc a75a020aff57413a8654f3458984f807 - - d466819d99ce4682897fef9552e18dad d466819d99ce4682897fef9552e18dad] 10.0.0.99 "DELETE /resource_providers/34426994-3b4f-4ebd-a5b4-13c156b3171f" status: 404 len: 246 microversion: 1.1 [pid: 8|app: 0|req: 419/836] 10.0.0.99 () {34 vars in 815 bytes} [Sat May 9 18:02:40 2026] DELETE /resource_providers/34426994-3b4f-4ebd-a5b4-13c156b3171f => generated 246 bytes in 11 msecs (HTTP/1.1 404) 6 headers in 231 bytes (1 switches on core 0)
2026-05-09 18:02:41.738 7 INFO placement.requestlog [None req-c7ff1331-c2d2-4e14-8bc7-f84f3a6e2e60 - - - - - -] 10.0.0.147 "GET /" status: 200 len: 136 microversion: 1.0
2026-05-09 18:02:41.738 8 INFO placement.requestlog [None req-c28b5f50-844b-4d2b-8f93-d3d9b5742af6 - - - - - -] 10.0.0.147 "GET /" status: 200 len: 136 microversion: 1.0
2026-05-09 18:02:42.574 7 INFO placement.requestlog [None req-42cb116b-215d-42f5-9707-9db75564f578 b6cb2244f81d4bc596f554d3937330cc a75a020aff57413a8654f3458984f807 - - d466819d99ce4682897fef9552e18dad d466819d99ce4682897fef9552e18dad] 10.0.0.99 "GET /resource_providers/dd4be394-0ce8-4166-9c11-26d9a159fa50/aggregates" status: 404 len: 235 microversion: 1.1 [pid: 7|app: 0|req: 419/839] 10.0.0.99 () {32 vars in 815 bytes} [Sat May 9 18:02:42 2026] GET /resource_providers/dd4be394-0ce8-4166-9c11-26d9a159fa50/aggregates => generated 235 bytes in 10 msecs (HTTP/1.1 404) 5 headers in 202 bytes (1 switches on core 0)
2026-05-09 18:02:42.592 8 INFO placement.requestlog [None req-725697aa-e7b1-4fc1-b353-0d0e5a493571 b6cb2244f81d4bc596f554d3937330cc a75a020aff57413a8654f3458984f807 - - d466819d99ce4682897fef9552e18dad d466819d99ce4682897fef9552e18dad] 10.0.0.99 "GET /resource_providers/dd4be394-0ce8-4166-9c11-26d9a159fa50/aggregates" status: 404 len: 235 microversion: 1.1 [pid: 8|app: 0|req: 421/840] 10.0.0.99 () {32 vars in 815 bytes} [Sat May 9 18:02:42 2026] GET /resource_providers/dd4be394-0ce8-4166-9c11-26d9a159fa50/aggregates => generated 235 bytes in 15 msecs (HTTP/1.1 404) 5 headers in 202 bytes (1 switches on core 0)
2026-05-09 18:02:42.594 7 INFO placement.requestlog [None req-75f2b334-e739-41f5-b87b-3a624f3fb59e b6cb2244f81d4bc596f554d3937330cc a75a020aff57413a8654f3458984f807 - - d466819d99ce4682897fef9552e18dad d466819d99ce4682897fef9552e18dad] 10.0.0.99 "DELETE /resource_providers/dd4be394-0ce8-4166-9c11-26d9a159fa50" status: 404 len: 246 microversion: 1.1 [pid: 7|app: 0|req: 420/841] 10.0.0.99 () {34 vars in 815 bytes} [Sat May 9 18:02:42 2026] DELETE /resource_providers/dd4be394-0ce8-4166-9c11-26d9a159fa50 => generated 246 bytes in 10 msecs (HTTP/1.1 404) 6 headers in 231 bytes (1 switches on core 0)
2026-05-09 18:02:42.614 8 INFO placement.requestlog [None req-8ffd0876-9056-4019-b319-17e8a093d72d b6cb2244f81d4bc596f554d3937330cc a75a020aff57413a8654f3458984f807 - - d466819d99ce4682897fef9552e18dad d466819d99ce4682897fef9552e18dad] 10.0.0.99 "DELETE /resource_providers/dd4be394-0ce8-4166-9c11-26d9a159fa50" status: 404 len: 246 microversion: 1.1 [pid: 8|app: 0|req: 422/842] 10.0.0.99 () {34 vars in 815 bytes} [Sat May 9 18:02:42 2026] DELETE /resource_providers/dd4be394-0ce8-4166-9c11-26d9a159fa50 => generated 246 bytes in 9 msecs (HTTP/1.1 404) 6 headers in 231 bytes (1 switches on core 0)
2026-05-09 18:02:45.143 7 INFO placement.requestlog [req-7033a49e-3e6c-46d0-8825-ccb553d6f29e req-fe421ece-4fac-4ff2-bca8-c6c4189f504b 56b3eed4ba2e46ceabb83a863986aa29 a75a020aff57413a8654f3458984f807 - - d466819d99ce4682897fef9552e18dad d466819d99ce4682897fef9552e18dad] 10.0.0.54 "GET /allocation_candidates?limit=1000&resources=DISK_GB%3A1%2CMEMORY_MB%3A512%2CVCPU%3A1&root_required=%21COMPUTE_STATUS_DISABLED" status: 200 len: 2442 microversion: 1.36 [pid: 7|app: 0|req: 421/843] 10.0.0.54 () {34 vars in 1011 bytes} [Sat May 9 18:02:45 2026] GET /allocation_candidates?limit=1000&resources=DISK_GB%3A1%2CMEMORY_MB%3A512%2CVCPU%3A1&root_required=%21COMPUTE_STATUS_DISABLED => generated 2442 bytes in 43 msecs (HTTP/1.1 200) 8 headers in 297 bytes (1 switches on core 0)
2026-05-09 18:02:45.181 8 INFO placement.requestlog [req-7033a49e-3e6c-46d0-8825-ccb553d6f29e req-e9efd942-704c-4c3d-956a-ef7f17571aee 56b3eed4ba2e46ceabb83a863986aa29 a75a020aff57413a8654f3458984f807 - - d466819d99ce4682897fef9552e18dad d466819d99ce4682897fef9552e18dad] 10.0.0.54 "GET /allocations/0c4e82b0-2b78-4277-954c-1f41e2a567b6" status: 200 len: 19 microversion: 1.28 [pid: 8|app: 0|req: 423/844] 10.0.0.54 () {34 vars in 860 bytes} [Sat May 9 18:02:45 2026] GET /allocations/0c4e82b0-2b78-4277-954c-1f41e2a567b6 => generated 19 bytes in 17 msecs (HTTP/1.1 200) 8 headers in 295 bytes (1 switches on core 0)
2026-05-09 18:02:45.244 7 INFO placement.requestlog [req-7033a49e-3e6c-46d0-8825-ccb553d6f29e req-1961edae-a458-4a62-9dd4-1f7360406580 56b3eed4ba2e46ceabb83a863986aa29 a75a020aff57413a8654f3458984f807 - - d466819d99ce4682897fef9552e18dad d466819d99ce4682897fef9552e18dad] 10.0.0.54 "PUT /allocations/0c4e82b0-2b78-4277-954c-1f41e2a567b6" status: 204 len: 0 microversion: 1.36 [pid: 7|app: 0|req: 422/845] 10.0.0.54 () {38 vars in 913 bytes} [Sat May 9 18:02:45 2026] PUT /allocations/0c4e82b0-2b78-4277-954c-1f41e2a567b6 => generated 0 bytes in 55 msecs (HTTP/1.1 204) 5 headers in 199 bytes (1 switches on core 0)
2026-05-09 18:02:45.586 7 INFO placement.requestlog [None req-ef82e30b-6a01-41b1-9cdb-bf5f2ac14453 b6cb2244f81d4bc596f554d3937330cc a75a020aff57413a8654f3458984f807 - - d466819d99ce4682897fef9552e18dad d466819d99ce4682897fef9552e18dad] 10.0.0.99 "GET /resource_providers/a75f2768-5701-44d5-820d-7ba5b8df8ee9/aggregates" status: 404 len: 235 microversion: 1.1
2026-05-09 18:02:45.586 8 INFO placement.requestlog [None req-dc62839c-0795-4a62-874f-7d2592de60cf b6cb2244f81d4bc596f554d3937330cc a75a020aff57413a8654f3458984f807 - - d466819d99ce4682897fef9552e18dad d466819d99ce4682897fef9552e18dad] 10.0.0.99 "GET /resource_providers/a75f2768-5701-44d5-820d-7ba5b8df8ee9/aggregates" status: 404 len: 235 microversion: 1.1 [pid: 7|app: 0|req: 423/846] 10.0.0.99 () {32 vars in 815 bytes} [Sat May 9 18:02:45 2026] GET /resource_providers/a75f2768-5701-44d5-820d-7ba5b8df8ee9/aggregates => generated 235 bytes in 10 msecs (HTTP/1.1 404) 5 headers in 202 bytes (1 switches on core 0) [pid: 8|app: 0|req: 424/847] 10.0.0.99 () {32 vars in 815 bytes} [Sat May 9 18:02:45 2026] GET /resource_providers/a75f2768-5701-44d5-820d-7ba5b8df8ee9/aggregates => generated 235 bytes in 10 msecs (HTTP/1.1 404) 5 headers in 202 bytes (1 switches on core 0)
2026-05-09 18:02:45.611 7 INFO placement.requestlog [None req-7dbd7757-eb56-4430-bfc3-be1b758b2eee b6cb2244f81d4bc596f554d3937330cc a75a020aff57413a8654f3458984f807 - - d466819d99ce4682897fef9552e18dad d466819d99ce4682897fef9552e18dad] 10.0.0.99 "DELETE /resource_providers/a75f2768-5701-44d5-820d-7ba5b8df8ee9" status: 404 len: 246 microversion: 1.1
2026-05-09 18:02:45.611 8 INFO placement.requestlog [None req-7bf4b492-f784-44d2-8723-633df62e540e b6cb2244f81d4bc596f554d3937330cc a75a020aff57413a8654f3458984f807 - - d466819d99ce4682897fef9552e18dad d466819d99ce4682897fef9552e18dad] 10.0.0.99 "DELETE /resource_providers/a75f2768-5701-44d5-820d-7ba5b8df8ee9" status: 404 len: 246 microversion: 1.1 [pid: 7|app: 0|req: 424/848] 10.0.0.99 () {34 vars in 815 bytes} [Sat May 9 18:02:45 2026] DELETE /resource_providers/a75f2768-5701-44d5-820d-7ba5b8df8ee9 => generated 246 bytes in 10 msecs (HTTP/1.1 404) 6 headers in 231 bytes (1 switches on core 0) [pid: 8|app: 0|req: 425/849] 10.0.0.99 () {34 vars in 815 bytes} [Sat May 9 18:02:45 2026] DELETE /resource_providers/a75f2768-5701-44d5-820d-7ba5b8df8ee9 => generated 246 bytes in 10 msecs (HTTP/1.1 404) 6 headers in 231 bytes (1 switches on core 0)
2026-05-09 18:02:46.751 7 INFO placement.requestlog [req-7033a49e-3e6c-46d0-8825-ccb553d6f29e req-6151666b-9563-4c52-8324-eb1539468f0d 56b3eed4ba2e46ceabb83a863986aa29 a75a020aff57413a8654f3458984f807 - - d466819d99ce4682897fef9552e18dad d466819d99ce4682897fef9552e18dad] 199.204.45.49 "GET /allocations/0c4e82b0-2b78-4277-954c-1f41e2a567b6" status: 200 len: 257 microversion: 1.28 [pid: 7|app: 0|req: 425/850] 199.204.45.49 () {34 vars in 862 bytes} [Sat May 9 18:02:46 2026] GET /allocations/0c4e82b0-2b78-4277-954c-1f41e2a567b6 => generated 257 bytes in 13 msecs (HTTP/1.1 200) 8 headers in 296 bytes (1 switches on core 0)
2026-05-09 18:02:47.627 8 INFO placement.requestlog [None req-bb4fe119-ea8e-4e1d-997a-2001d756a97e b6cb2244f81d4bc596f554d3937330cc a75a020aff57413a8654f3458984f807 - - d466819d99ce4682897fef9552e18dad d466819d99ce4682897fef9552e18dad] 10.0.0.99 "GET /resource_providers/d82ce167-4312-4ad6-b7f2-832dc483d311/aggregates" status: 404 len: 235 microversion: 1.1 [pid: 8|app: 0|req: 426/851] 10.0.0.99 () {32 vars in 815 bytes} [Sat May 9 18:02:47 2026] GET /resource_providers/d82ce167-4312-4ad6-b7f2-832dc483d311/aggregates => generated 235 bytes in 10 msecs (HTTP/1.1 404) 5 headers in 202 bytes (1 switches on core 0)
2026-05-09 18:02:47.631 7 INFO placement.requestlog [None req-5aaa1d40-6f5b-4c22-92c3-e3db36ac0f34 b6cb2244f81d4bc596f554d3937330cc a75a020aff57413a8654f3458984f807 - - d466819d99ce4682897fef9552e18dad d466819d99ce4682897fef9552e18dad] 10.0.0.99 "GET /resource_providers/d82ce167-4312-4ad6-b7f2-832dc483d311/aggregates" status: 404 len: 235 microversion: 1.1 [pid: 7|app: 0|req: 426/852] 10.0.0.99 () {32 vars in 815 bytes} [Sat May 9 18:02:47 2026] GET /resource_providers/d82ce167-4312-4ad6-b7f2-832dc483d311/aggregates => generated 235 bytes in 12 msecs (HTTP/1.1 404) 5 headers in 202 bytes (1 switches on core 0)
2026-05-09 18:02:47.641 7 INFO placement.requestlog [None req-e0625f99-a30d-4cb1-8435-1ba61acb3b59 b6cb2244f81d4bc596f554d3937330cc a75a020aff57413a8654f3458984f807 - - d466819d99ce4682897fef9552e18dad d466819d99ce4682897fef9552e18dad] 10.0.0.99 "DELETE /resource_providers/d82ce167-4312-4ad6-b7f2-832dc483d311" status: 404 len: 246 microversion: 1.1 [pid: 7|app: 0|req: 427/853] 10.0.0.99 () {34 vars in 815 bytes} [Sat May 9 18:02:47 2026] DELETE /resource_providers/d82ce167-4312-4ad6-b7f2-832dc483d311 => generated 246 bytes in 6 msecs (HTTP/1.1 404) 6 headers in 231 bytes (1 switches on core 0)
2026-05-09 18:02:47.644 8 INFO placement.requestlog [None req-ce0ae2e2-9478-402d-bed1-0b337efd4744 b6cb2244f81d4bc596f554d3937330cc a75a020aff57413a8654f3458984f807 - - d466819d99ce4682897fef9552e18dad d466819d99ce4682897fef9552e18dad] 10.0.0.99 "DELETE /resource_providers/d82ce167-4312-4ad6-b7f2-832dc483d311" status: 404 len: 246 microversion: 1.1 [pid: 8|app: 0|req: 427/854] 10.0.0.99 () {34 vars in 815 bytes} [Sat May 9 18:02:47 2026] DELETE /resource_providers/d82ce167-4312-4ad6-b7f2-832dc483d311 => generated 246 bytes in 10 msecs (HTTP/1.1 404) 6 headers in 231 bytes (1 switches on core 0)
2026-05-09 18:02:47.785 7 INFO placement.requestlog [req-7033a49e-3e6c-46d0-8825-ccb553d6f29e req-35bb6751-161e-4eaa-bea6-029188f0d3f4 56b3eed4ba2e46ceabb83a863986aa29 a75a020aff57413a8654f3458984f807 - - d466819d99ce4682897fef9552e18dad d466819d99ce4682897fef9552e18dad] 199.204.45.49 "GET /resource_providers/b9c7852f-9e52-4e54-a214-d855d104c0ee/allocations" status: 200 len: 152 microversion: 1.0 [pid: 7|app: 0|req: 428/855] 199.204.45.49 () {32 vars in 856 bytes} [Sat May 9 18:02:47 2026] GET /resource_providers/b9c7852f-9e52-4e54-a214-d855d104c0ee/allocations => generated 152 bytes in 12 msecs (HTTP/1.1 200) 6 headers in 224 bytes (1 switches on core 0)
2026-05-09 18:02:47.800 8 INFO placement.requestlog [req-7033a49e-3e6c-46d0-8825-ccb553d6f29e req-7df04c1a-b6c3-470d-a893-c3befb5e8661 56b3eed4ba2e46ceabb83a863986aa29 a75a020aff57413a8654f3458984f807 - - d466819d99ce4682897fef9552e18dad d466819d99ce4682897fef9552e18dad] 199.204.45.49 "GET /allocations/0c4e82b0-2b78-4277-954c-1f41e2a567b6" status: 200 len: 257 microversion: 1.28 [pid: 8|app: 0|req: 428/856] 199.204.45.49 () {34 vars in 862 bytes} [Sat May 9 18:02:47 2026] GET /allocations/0c4e82b0-2b78-4277-954c-1f41e2a567b6 => generated 257 bytes in 12 msecs (HTTP/1.1 200) 8 headers in 296 bytes (1 switches on core 0)
2026-05-09 18:02:51.345 7 INFO placement.requestlog [None req-3000fa18-429b-4211-86c0-ea779a77ebd0 b6cb2244f81d4bc596f554d3937330cc a75a020aff57413a8654f3458984f807 - - d466819d99ce4682897fef9552e18dad d466819d99ce4682897fef9552e18dad] 10.0.0.99 "GET /resource_providers/6adf1753-bb78-49b1-a3e3-a4f4b1d99ad1/aggregates" status: 404 len: 235 microversion: 1.1 [pid: 7|app: 0|req: 429/857] 10.0.0.99 () {32 vars in 815 bytes} [Sat May 9 18:02:51 2026] GET /resource_providers/6adf1753-bb78-49b1-a3e3-a4f4b1d99ad1/aggregates => generated 235 bytes in 7 msecs (HTTP/1.1 404) 5 headers in 202 bytes (1 switches on core 0)
2026-05-09 18:02:51.346 8 INFO placement.requestlog [None req-bbdd6e1c-85ed-42db-a344-13e374f8e0e8 b6cb2244f81d4bc596f554d3937330cc a75a020aff57413a8654f3458984f807 - - d466819d99ce4682897fef9552e18dad d466819d99ce4682897fef9552e18dad] 10.0.0.99 "GET /resource_providers/6adf1753-bb78-49b1-a3e3-a4f4b1d99ad1/aggregates" status: 404 len: 235 microversion: 1.1 [pid: 8|app: 0|req: 429/858] 10.0.0.99 () {32 vars in 815 bytes} [Sat May 9 18:02:51 2026] GET /resource_providers/6adf1753-bb78-49b1-a3e3-a4f4b1d99ad1/aggregates => generated 235 bytes in 9 msecs (HTTP/1.1 404) 5 headers in 202 bytes (1 switches on core 0)
2026-05-09 18:02:51.367 8 INFO placement.requestlog [None req-d1868e63-fcfb-484e-9a1b-b72a2d5b49e8 b6cb2244f81d4bc596f554d3937330cc a75a020aff57413a8654f3458984f807 - - d466819d99ce4682897fef9552e18dad d466819d99ce4682897fef9552e18dad] 10.0.0.99 "DELETE /resource_providers/6adf1753-bb78-49b1-a3e3-a4f4b1d99ad1" status: 404 len: 246 microversion: 1.1 [pid: 8|app: 0|req: 430/859] 10.0.0.99 () {34 vars in 815 bytes} [Sat May 9 18:02:51 2026] DELETE /resource_providers/6adf1753-bb78-49b1-a3e3-a4f4b1d99ad1 => generated 246 bytes in 8 msecs (HTTP/1.1 404) 6 headers in 231 bytes (1 switches on core 0)
2026-05-09 18:02:51.371 7 INFO placement.requestlog [None req-e11f9537-ca7c-43b4-89e3-c0f7aef4e40e b6cb2244f81d4bc596f554d3937330cc a75a020aff57413a8654f3458984f807 - - d466819d99ce4682897fef9552e18dad d466819d99ce4682897fef9552e18dad] 10.0.0.99 "DELETE /resource_providers/6adf1753-bb78-49b1-a3e3-a4f4b1d99ad1" status: 404 len: 246 microversion: 1.1 [pid: 7|app: 0|req: 430/860] 10.0.0.99 () {34 vars in 815 bytes} [Sat May 9 18:02:51 2026] DELETE /resource_providers/6adf1753-bb78-49b1-a3e3-a4f4b1d99ad1 => generated 246 bytes in 11 msecs (HTTP/1.1 404) 6 headers in 231 bytes (1 switches on core 0)
2026-05-09 18:02:51.737 7 INFO placement.requestlog [None req-723fcd54-6863-4939-8fec-34316c3797cb - - - - - -] 10.0.0.147 "GET /" status: 200 len: 136 microversion: 1.0
2026-05-09 18:02:51.737 8 INFO placement.requestlog [None req-bdaab608-c5bf-46de-8c6a-77d583e28e24 - - - - - -] 10.0.0.147 "GET /" status: 200 len: 136 microversion: 1.0
2026-05-09 18:02:52.840 7 INFO placement.requestlog [None req-89167fce-94fd-47ae-adbc-c08f33c7d39d b6cb2244f81d4bc596f554d3937330cc a75a020aff57413a8654f3458984f807 - - d466819d99ce4682897fef9552e18dad d466819d99ce4682897fef9552e18dad] 10.0.0.99 "GET /resource_providers/742acf88-57cd-48c2-892f-65eac68ea683/aggregates" status: 404 len: 235 microversion: 1.1 [pid: 7|app: 0|req: 432/863] 10.0.0.99 () {32 vars in 815 bytes} [Sat May 9 18:02:52 2026] GET /resource_providers/742acf88-57cd-48c2-892f-65eac68ea683/aggregates => generated 235 bytes in 8 msecs (HTTP/1.1 404) 5 headers in 202 bytes (1 switches on core 0)
2026-05-09 18:02:52.845 8 INFO placement.requestlog [None req-bd2efb5f-1fa2-42fb-aca7-a711e8a06ad9 b6cb2244f81d4bc596f554d3937330cc a75a020aff57413a8654f3458984f807 - - d466819d99ce4682897fef9552e18dad d466819d99ce4682897fef9552e18dad] 10.0.0.99 "GET /resource_providers/742acf88-57cd-48c2-892f-65eac68ea683/aggregates" status: 404 len: 235 microversion: 1.1 [pid: 8|app: 0|req: 432/864] 10.0.0.99 () {32 vars in 815 bytes} [Sat May 9 18:02:52 2026] GET /resource_providers/742acf88-57cd-48c2-892f-65eac68ea683/aggregates => generated 235 bytes in 10 msecs (HTTP/1.1 404) 5 headers in 202 bytes (1 switches on core 0)
2026-05-09 18:02:52.859 7 INFO placement.requestlog [None req-f4013de6-784c-4dc8-b94c-d187ff654c29 b6cb2244f81d4bc596f554d3937330cc a75a020aff57413a8654f3458984f807 - - d466819d99ce4682897fef9552e18dad d466819d99ce4682897fef9552e18dad] 10.0.0.99 "DELETE /resource_providers/742acf88-57cd-48c2-892f-65eac68ea683" status: 404 len: 246 microversion: 1.1 [pid: 7|app: 0|req: 433/865] 10.0.0.99 () {34 vars in 815 bytes} [Sat May 9 18:02:52 2026] DELETE /resource_providers/742acf88-57cd-48c2-892f-65eac68ea683 => generated 246 bytes in 6 msecs (HTTP/1.1 404) 6 headers in 231 bytes (1 switches on core 0)
2026-05-09 18:02:52.863 8 INFO placement.requestlog [None req-5a0da113-ceee-4552-bfb6-243ce5d1306c b6cb2244f81d4bc596f554d3937330cc a75a020aff57413a8654f3458984f807 - - d466819d99ce4682897fef9552e18dad d466819d99ce4682897fef9552e18dad] 10.0.0.99 "DELETE /resource_providers/742acf88-57cd-48c2-892f-65eac68ea683" status: 404 len: 246 microversion: 1.1 [pid: 8|app: 0|req: 433/866] 10.0.0.99 () {34 vars in 815 bytes} [Sat May 9 18:02:52 2026] DELETE /resource_providers/742acf88-57cd-48c2-892f-65eac68ea683 => generated 246 bytes in 9 msecs (HTTP/1.1 404) 6 headers in 231 bytes (1 switches on core 0)
2026-05-09 18:02:53.749 8 INFO placement.requestlog [None req-6a054531-b809-43f4-9ebc-864b89b61b22 b6cb2244f81d4bc596f554d3937330cc a75a020aff57413a8654f3458984f807 - - d466819d99ce4682897fef9552e18dad d466819d99ce4682897fef9552e18dad] 10.0.0.99 "GET /resource_providers/e0d1515c-83ea-47f8-8038-2580bc8f561a/aggregates" status: 404 len: 235 microversion: 1.1 [pid: 8|app: 0|req: 434/867] 10.0.0.99 () {32 vars in 815 bytes} [Sat May 9 18:02:53 2026] GET /resource_providers/e0d1515c-83ea-47f8-8038-2580bc8f561a/aggregates => generated 235 bytes in 7 msecs (HTTP/1.1 404) 5 headers in 202 bytes (1 switches on core 0)
2026-05-09 18:02:53.750 7 INFO placement.requestlog [None req-b8062dd7-ae50-4260-a598-1d6492625924 b6cb2244f81d4bc596f554d3937330cc a75a020aff57413a8654f3458984f807 - - d466819d99ce4682897fef9552e18dad d466819d99ce4682897fef9552e18dad] 10.0.0.99 "GET /resource_providers/e0d1515c-83ea-47f8-8038-2580bc8f561a/aggregates" status: 404 len: 235 microversion: 1.1 [pid: 7|app: 0|req: 434/868] 10.0.0.99 () {32 vars in 815 bytes} [Sat May 9 18:02:53 2026] GET /resource_providers/e0d1515c-83ea-47f8-8038-2580bc8f561a/aggregates => generated 235 bytes in 8 msecs (HTTP/1.1 404) 5 headers in 202 bytes (1 switches on core 0)
2026-05-09 18:02:53.770 8 INFO placement.requestlog [None req-d791635d-e200-4b09-a732-1d44f2478f14 b6cb2244f81d4bc596f554d3937330cc a75a020aff57413a8654f3458984f807 - - d466819d99ce4682897fef9552e18dad d466819d99ce4682897fef9552e18dad] 10.0.0.99 "DELETE /resource_providers/e0d1515c-83ea-47f8-8038-2580bc8f561a" status: 404 len: 246 microversion: 1.1 [pid: 8|app: 0|req: 435/869] 10.0.0.99 () {34 vars in 815 bytes} [Sat May 9 18:02:53 2026] DELETE /resource_providers/e0d1515c-83ea-47f8-8038-2580bc8f561a => generated 246 bytes in 6 msecs (HTTP/1.1 404) 6 headers in 231 bytes (1 switches on core 0)
2026-05-09 18:02:53.775 7 INFO placement.requestlog [None req-f156d248-d4a5-4143-8457-db5563eb8c4a b6cb2244f81d4bc596f554d3937330cc a75a020aff57413a8654f3458984f807 - - d466819d99ce4682897fef9552e18dad d466819d99ce4682897fef9552e18dad] 10.0.0.99 "DELETE /resource_providers/e0d1515c-83ea-47f8-8038-2580bc8f561a" status: 404 len: 246 microversion: 1.1 [pid: 7|app: 0|req: 435/870] 10.0.0.99 () {34 vars in 815 bytes} [Sat May 9 18:02:53 2026] DELETE /resource_providers/e0d1515c-83ea-47f8-8038-2580bc8f561a => generated 246 bytes in 9 msecs (HTTP/1.1 404) 6 headers in 231 bytes (1 switches on core 0)
2026-05-09 18:03:01.736 8 INFO placement.requestlog [None req-cd4805f9-c504-4ee4-96df-35cf62a9b949 - - - - - -] 10.0.0.147 "GET /" status: 200 len: 136 microversion: 1.0
2026-05-09 18:03:01.737 7 INFO placement.requestlog [None req-ddfe148f-2d4b-44a9-bb14-b6ff21a15158 - - - - - -] 10.0.0.147 "GET /" status: 200 len: 136 microversion: 1.0
2026-05-09 18:03:10.359 7 INFO placement.requestlog [req-43cb3b92-8e22-437e-a43a-defea6597860 req-fb902281-cf11-401c-9c0b-9aae978b3e75 56b3eed4ba2e46ceabb83a863986aa29 a75a020aff57413a8654f3458984f807 - - d466819d99ce4682897fef9552e18dad d466819d99ce4682897fef9552e18dad] 10.0.0.54 "GET /allocation_candidates?limit=1000&resources=DISK_GB%3A1%2CMEMORY_MB%3A512%2CVCPU%3A1&root_required=%21COMPUTE_STATUS_DISABLED" status: 200 len: 2444 microversion: 1.36 [pid: 7|app: 0|req: 437/873] 10.0.0.54 () {34 vars in 1011 bytes} [Sat May 9 18:03:10 2026] GET /allocation_candidates?limit=1000&resources=DISK_GB%3A1%2CMEMORY_MB%3A512%2CVCPU%3A1&root_required=%21COMPUTE_STATUS_DISABLED => generated 2444 bytes in 38 msecs (HTTP/1.1 200) 8 headers in 297 bytes (1 switches on core 0)
2026-05-09 18:03:10.383 8 INFO placement.requestlog [req-43cb3b92-8e22-437e-a43a-defea6597860 req-a3da1a88-9b1f-4bd9-abf4-ba4416914f62 56b3eed4ba2e46ceabb83a863986aa29 a75a020aff57413a8654f3458984f807 - - d466819d99ce4682897fef9552e18dad d466819d99ce4682897fef9552e18dad] 10.0.0.54 "GET /allocations/ec14c537-f914-449e-beee-c755069fd3ee" status: 200 len: 19 microversion: 1.28 [pid: 8|app: 0|req: 437/874] 10.0.0.54 () {34 vars in 860 bytes} [Sat May 9 18:03:10 2026] GET /allocations/ec14c537-f914-449e-beee-c755069fd3ee => generated 19 bytes in 8 msecs (HTTP/1.1 200) 8 headers in 295 bytes (1 switches on core 0)
2026-05-09 18:03:10.446 7 INFO placement.requestlog [req-43cb3b92-8e22-437e-a43a-defea6597860 req-0fdffef6-3d46-402d-bd3e-7ec0346902d4 56b3eed4ba2e46ceabb83a863986aa29 a75a020aff57413a8654f3458984f807 - - d466819d99ce4682897fef9552e18dad d466819d99ce4682897fef9552e18dad] 10.0.0.54 "PUT /allocations/ec14c537-f914-449e-beee-c755069fd3ee" status: 204 len: 0 microversion: 1.36 [pid: 7|app: 0|req: 438/875] 10.0.0.54 () {38 vars in 913 bytes} [Sat May 9 18:03:10 2026] PUT /allocations/ec14c537-f914-449e-beee-c755069fd3ee => generated 0 bytes in 58 msecs (HTTP/1.1 204) 5 headers in 199 bytes (1 switches on core 0)
2026-05-09 18:03:11.736 7 INFO placement.requestlog [None req-4eac603c-c7b2-4d34-888f-fb9670b3720e - - - - - -] 10.0.0.147 "GET /" status: 200 len: 136 microversion: 1.0
2026-05-09 18:03:11.737 7 INFO placement.requestlog [None req-db1f6642-6516-48c2-9bd6-96f89794a849 - - - - - -] 10.0.0.147 "GET /" status: 200 len: 136 microversion: 1.0
2026-05-09 18:03:11.748 8 INFO placement.requestlog [req-3021a98c-0752-49bb-8064-139998dfbb92 req-dc018392-3ce1-4066-8dd5-080ea6fc5ef6 56b3eed4ba2e46ceabb83a863986aa29 a75a020aff57413a8654f3458984f807 - - d466819d99ce4682897fef9552e18dad d466819d99ce4682897fef9552e18dad] 199.204.45.49 "GET /resource_providers/b9c7852f-9e52-4e54-a214-d855d104c0ee/allocations" status: 200 len: 253 microversion: 1.0 [pid: 8|app: 0|req: 438/878] 199.204.45.49 () {32 vars in 856 bytes} [Sat May 9 18:03:11 2026] GET /resource_providers/b9c7852f-9e52-4e54-a214-d855d104c0ee/allocations => generated 253 bytes in 13 msecs (HTTP/1.1 200) 6 headers in 224 bytes (1 switches on core 0)
2026-05-09 18:03:11.959 7 INFO placement.requestlog [req-43cb3b92-8e22-437e-a43a-defea6597860 req-1853eace-6620-4b4f-a9e2-e9441855804f 56b3eed4ba2e46ceabb83a863986aa29 a75a020aff57413a8654f3458984f807 - - d466819d99ce4682897fef9552e18dad d466819d99ce4682897fef9552e18dad] 199.204.45.49 "GET /allocations/ec14c537-f914-449e-beee-c755069fd3ee" status: 200 len: 258 microversion: 1.28 [pid: 7|app: 0|req: 441/879] 199.204.45.49 () {34 vars in 862 bytes} [Sat May 9 18:03:11 2026] GET /allocations/ec14c537-f914-449e-beee-c755069fd3ee => generated 258 bytes in 8 msecs (HTTP/1.1 200) 8 headers in 296 bytes (1 switches on core 0)
2026-05-09 18:03:12.277 8 INFO placement.requestlog [req-3021a98c-0752-49bb-8064-139998dfbb92 req-ba0ab560-97c5-4a53-a959-2c8597f12b81 56b3eed4ba2e46ceabb83a863986aa29 a75a020aff57413a8654f3458984f807 - - d466819d99ce4682897fef9552e18dad d466819d99ce4682897fef9552e18dad] 199.204.45.49 "GET /resource_providers/b9c7852f-9e52-4e54-a214-d855d104c0ee/allocations" status: 200 len: 253 microversion: 1.0 [pid: 8|app: 0|req: 439/880] 199.204.45.49 () {32 vars in 856 bytes} [Sat May 9 18:03:12 2026] GET /resource_providers/b9c7852f-9e52-4e54-a214-d855d104c0ee/allocations => generated 253 bytes in 17 msecs (HTTP/1.1 200) 6 headers in 224 bytes (1 switches on core 0)
2026-05-09 18:03:12.295 7 INFO placement.requestlog [req-3021a98c-0752-49bb-8064-139998dfbb92 req-2a03a562-0292-46a2-a4fe-ae62e13adc3e 56b3eed4ba2e46ceabb83a863986aa29 a75a020aff57413a8654f3458984f807 - - d466819d99ce4682897fef9552e18dad d466819d99ce4682897fef9552e18dad] 199.204.45.49 "GET /allocations/0c4e82b0-2b78-4277-954c-1f41e2a567b6" status: 200 len: 258 microversion: 1.28 [pid: 7|app: 0|req: 442/881] 199.204.45.49 () {34 vars in 862 bytes} [Sat May 9 18:03:12 2026] GET /allocations/0c4e82b0-2b78-4277-954c-1f41e2a567b6 => generated 258 bytes in 11 msecs (HTTP/1.1 200) 8 headers in 296 bytes (1 switches on core 0)
2026-05-09 18:03:12.312 8 INFO placement.requestlog [req-3021a98c-0752-49bb-8064-139998dfbb92 req-3ebf267e-a692-4679-8895-0a2516edad1a 56b3eed4ba2e46ceabb83a863986aa29 a75a020aff57413a8654f3458984f807 - - d466819d99ce4682897fef9552e18dad d466819d99ce4682897fef9552e18dad] 199.204.45.49 "GET /allocations/ec14c537-f914-449e-beee-c755069fd3ee" status: 200 len: 258 microversion: 1.28 [pid: 8|app: 0|req: 440/882] 199.204.45.49 () {34 vars in 862 bytes} [Sat May 9 18:03:12 2026] GET /allocations/ec14c537-f914-449e-beee-c755069fd3ee => generated 258 bytes in 12 msecs (HTTP/1.1 200) 8 headers in 296 bytes (1 switches on core 0)
2026-05-09 18:03:13.813 7 INFO placement.requestlog [req-756d88b0-64e9-45d5-98b6-39c42515dd25 req-47036c48-aaeb-4c44-8d26-2dd26ed15461 56b3eed4ba2e46ceabb83a863986aa29 a75a020aff57413a8654f3458984f807 - - d466819d99ce4682897fef9552e18dad d466819d99ce4682897fef9552e18dad] 10.0.0.54 "GET /allocation_candidates?limit=1000&resources=DISK_GB%3A1%2CMEMORY_MB%3A512%2CVCPU%3A1&root_required=%21COMPUTE_STATUS_DISABLED" status: 200 len: 2445 microversion: 1.36 [pid: 7|app: 0|req: 443/883] 10.0.0.54 () {34 vars in 1011 bytes} [Sat May 9 18:03:13 2026] GET /allocation_candidates?limit=1000&resources=DISK_GB%3A1%2CMEMORY_MB%3A512%2CVCPU%3A1&root_required=%21COMPUTE_STATUS_DISABLED => generated 2445 bytes in 41 msecs (HTTP/1.1 200) 8 headers in 297 bytes (1 switches on core 0)
2026-05-09 18:03:13.837 8 INFO placement.requestlog [req-756d88b0-64e9-45d5-98b6-39c42515dd25 req-13eae8f0-2d25-4438-a543-4bfb63ce871c 56b3eed4ba2e46ceabb83a863986aa29 a75a020aff57413a8654f3458984f807 - - d466819d99ce4682897fef9552e18dad d466819d99ce4682897fef9552e18dad] 10.0.0.54 "GET /allocations/28cfd89d-fd7e-42ce-841d-37c582aa5906" status: 200 len: 19 microversion: 1.28 [pid: 8|app: 0|req: 441/884] 10.0.0.54 () {34 vars in 860 bytes} [Sat May 9 18:03:13 2026] GET /allocations/28cfd89d-fd7e-42ce-841d-37c582aa5906 => generated 19 bytes in 9 msecs (HTTP/1.1 200) 8 headers in 295 bytes (1 switches on core 0)
2026-05-09 18:03:13.891 7 INFO placement.requestlog [req-756d88b0-64e9-45d5-98b6-39c42515dd25 req-6d365488-27ae-4575-8d2b-55d2b64bffdf 56b3eed4ba2e46ceabb83a863986aa29 a75a020aff57413a8654f3458984f807 - - d466819d99ce4682897fef9552e18dad d466819d99ce4682897fef9552e18dad] 10.0.0.54 "PUT /allocations/28cfd89d-fd7e-42ce-841d-37c582aa5906" status: 204 len: 0 microversion: 1.36 [pid: 7|app: 0|req: 444/885] 10.0.0.54 () {38 vars in 913 bytes} [Sat May 9 18:03:13 2026] PUT /allocations/28cfd89d-fd7e-42ce-841d-37c582aa5906 => generated 0 bytes in 50 msecs (HTTP/1.1 204) 5 headers in 199 bytes (1 switches on core 0)
2026-05-09 18:03:14.358 8 INFO placement.requestlog [req-43cb3b92-8e22-437e-a43a-defea6597860 req-ebf161db-0547-4ac5-bc95-501710c512b9 56b3eed4ba2e46ceabb83a863986aa29 a75a020aff57413a8654f3458984f807 - - d466819d99ce4682897fef9552e18dad d466819d99ce4682897fef9552e18dad] 199.204.45.49 "GET /resource_providers/b9c7852f-9e52-4e54-a214-d855d104c0ee/allocations" status: 200 len: 353 microversion: 1.0 [pid: 8|app: 0|req: 442/886] 199.204.45.49 () {32 vars in 856 bytes} [Sat May 9 18:03:14 2026] GET /resource_providers/b9c7852f-9e52-4e54-a214-d855d104c0ee/allocations => generated 353 bytes in 14 msecs (HTTP/1.1 200) 6 headers in 224 bytes (1 switches on core 0)
2026-05-09 18:03:14.381 7 INFO placement.requestlog [req-43cb3b92-8e22-437e-a43a-defea6597860 req-b0493c14-009f-4f6a-a297-363d8bba1cac 56b3eed4ba2e46ceabb83a863986aa29 a75a020aff57413a8654f3458984f807 - - d466819d99ce4682897fef9552e18dad d466819d99ce4682897fef9552e18dad] 199.204.45.49 "GET /allocations/0c4e82b0-2b78-4277-954c-1f41e2a567b6" status: 200 len: 258 microversion: 1.28 [pid: 7|app: 0|req: 445/887] 199.204.45.49 () {34 vars in 862 bytes} [Sat May 9 18:03:14 2026] GET /allocations/0c4e82b0-2b78-4277-954c-1f41e2a567b6 => generated 258 bytes in 14 msecs (HTTP/1.1 200) 8 headers in 296 bytes (1 switches on core 0)
2026-05-09 18:03:14.402 8 INFO placement.requestlog [req-43cb3b92-8e22-437e-a43a-defea6597860 req-3c030b03-a476-40b1-883d-5f2e5f5071b1 56b3eed4ba2e46ceabb83a863986aa29 a75a020aff57413a8654f3458984f807 - - d466819d99ce4682897fef9552e18dad d466819d99ce4682897fef9552e18dad] 199.204.45.49 "GET /allocations/28cfd89d-fd7e-42ce-841d-37c582aa5906" status: 200 len: 258 microversion: 1.28 [pid: 8|app: 0|req: 443/888] 199.204.45.49 () {34 vars in 862 bytes} [Sat May 9 18:03:14 2026] GET /allocations/28cfd89d-fd7e-42ce-841d-37c582aa5906 => generated 258 bytes in 12 msecs (HTTP/1.1 200) 8 headers in 296 bytes (1 switches on core 0)
2026-05-09 18:03:14.418 7 INFO placement.requestlog [req-43cb3b92-8e22-437e-a43a-defea6597860 req-9d8bcb18-14a5-47a6-ac4f-40cc08a45666 56b3eed4ba2e46ceabb83a863986aa29 a75a020aff57413a8654f3458984f807 - - d466819d99ce4682897fef9552e18dad d466819d99ce4682897fef9552e18dad] 199.204.45.49 "GET /allocations/ec14c537-f914-449e-beee-c755069fd3ee" status: 200 len: 258 microversion: 1.28 [pid: 7|app: 0|req: 446/889] 199.204.45.49 () {34 vars in 862 bytes} [Sat May 9 18:03:14 2026] GET /allocations/ec14c537-f914-449e-beee-c755069fd3ee => generated 258 bytes in 12 msecs (HTTP/1.1 200) 8 headers in 296 bytes (1 switches on core 0)
2026-05-09 18:03:15.394 8 INFO placement.requestlog [req-756d88b0-64e9-45d5-98b6-39c42515dd25 req-7c1cf9b6-f315-4916-abf0-770bf286dc46 56b3eed4ba2e46ceabb83a863986aa29 a75a020aff57413a8654f3458984f807 - - d466819d99ce4682897fef9552e18dad d466819d99ce4682897fef9552e18dad] 199.204.45.49 "GET /allocations/28cfd89d-fd7e-42ce-841d-37c582aa5906" status: 200 len: 258 microversion: 1.28 [pid: 8|app: 0|req: 444/890] 199.204.45.49 () {34 vars in 862 bytes} [Sat May 9 18:03:15 2026] GET /allocations/28cfd89d-fd7e-42ce-841d-37c582aa5906 => generated 258 bytes in 12 msecs (HTTP/1.1 200) 8 headers in 296 bytes (1 switches on core 0)
2026-05-09 18:03:16.477 7 INFO placement.requestlog [req-756d88b0-64e9-45d5-98b6-39c42515dd25 req-2552cf55-b63c-4f47-9129-9e9ce599baae 56b3eed4ba2e46ceabb83a863986aa29 a75a020aff57413a8654f3458984f807 - - d466819d99ce4682897fef9552e18dad d466819d99ce4682897fef9552e18dad] 199.204.45.49 "GET /resource_providers/b9c7852f-9e52-4e54-a214-d855d104c0ee/allocations" status: 200 len: 353 microversion: 1.0 [pid: 7|app: 0|req: 447/891] 199.204.45.49 () {32 vars in 856 bytes} [Sat May 9 18:03:16 2026] GET /resource_providers/b9c7852f-9e52-4e54-a214-d855d104c0ee/allocations => generated 353 bytes in 22 msecs (HTTP/1.1 200) 6 headers in 224 bytes (1 switches on core 0)
2026-05-09 18:03:16.492 8 INFO placement.requestlog [req-756d88b0-64e9-45d5-98b6-39c42515dd25 req-e2fadcf8-a983-4b04-9c57-b3e7b275e643 56b3eed4ba2e46ceabb83a863986aa29 a75a020aff57413a8654f3458984f807 - - d466819d99ce4682897fef9552e18dad d466819d99ce4682897fef9552e18dad] 199.204.45.49 "GET /allocations/0c4e82b0-2b78-4277-954c-1f41e2a567b6" status: 200 len: 258 microversion: 1.28 [pid: 8|app: 0|req: 445/892] 199.204.45.49 () {34 vars in 862 bytes} [Sat May 9 18:03:16 2026] GET /allocations/0c4e82b0-2b78-4277-954c-1f41e2a567b6 => generated 258 bytes in 10 msecs (HTTP/1.1 200) 8 headers in 296 bytes (1 switches on core 0)
2026-05-09 18:03:16.509 7 INFO placement.requestlog [req-756d88b0-64e9-45d5-98b6-39c42515dd25 req-c580aee4-12d8-49cf-9169-dd1ae1e4b244 56b3eed4ba2e46ceabb83a863986aa29 a75a020aff57413a8654f3458984f807 - - d466819d99ce4682897fef9552e18dad d466819d99ce4682897fef9552e18dad] 199.204.45.49 "GET /allocations/28cfd89d-fd7e-42ce-841d-37c582aa5906" status: 200 len: 258 microversion: 1.28 [pid: 7|app: 0|req: 448/893] 199.204.45.49 () {34 vars in 862 bytes} [Sat May 9 18:03:16 2026] GET /allocations/28cfd89d-fd7e-42ce-841d-37c582aa5906 => generated 258 bytes in 11 msecs (HTTP/1.1 200) 8 headers in 296 bytes (1 switches on core 0)
2026-05-09 18:03:16.527 8 INFO placement.requestlog [req-756d88b0-64e9-45d5-98b6-39c42515dd25 req-7d60d709-46be-4a60-a9c7-f3dcdef8581c 56b3eed4ba2e46ceabb83a863986aa29 a75a020aff57413a8654f3458984f807 - - d466819d99ce4682897fef9552e18dad d466819d99ce4682897fef9552e18dad] 199.204.45.49 "GET /allocations/ec14c537-f914-449e-beee-c755069fd3ee" status: 200 len: 258 microversion: 1.28 [pid: 8|app: 0|req: 446/894] 199.204.45.49 () {34 vars in 862 bytes} [Sat May 9 18:03:16 2026] GET /allocations/ec14c537-f914-449e-beee-c755069fd3ee => generated 258 bytes in 11 msecs (HTTP/1.1 200) 8 headers in 296 bytes (1 switches on core 0)
2026-05-09 18:03:21.736 8 INFO placement.requestlog [None req-b84c77b1-8df4-4819-b6fb-7e1002f55c91 - - - - - -] 10.0.0.147 "GET /" status: 200 len: 136 microversion: 1.0
2026-05-09 18:03:21.737 7 INFO placement.requestlog [None req-34f915dc-d53b-49bb-babc-1fac82e24a40 - - - - - -] 10.0.0.147 "GET /" status: 200 len: 136 microversion: 1.0
2026-05-09 18:03:31.737 7 INFO placement.requestlog [None req-25fbab36-2c0d-422a-a960-41318bd91e25 - - - - - -] 10.0.0.147 "GET /" status: 200 len: 136 microversion: 1.0
2026-05-09 18:03:31.737 8 INFO placement.requestlog [None req-62cbf589-958b-400c-b31f-f873c4d79fd2 - - - - - -] 10.0.0.147 "GET /" status: 200 len: 136 microversion: 1.0
2026-05-09 18:03:32.875 7 INFO placement.requestlog [None req-01ef9336-dbd3-4c1f-b1bc-01afa8107265 b6cb2244f81d4bc596f554d3937330cc a75a020aff57413a8654f3458984f807 - - d466819d99ce4682897fef9552e18dad d466819d99ce4682897fef9552e18dad] 10.0.0.99 "GET /resource_providers/d4eb8a0f-61e2-4a3e-9ef2-f40fc2748112/aggregates" status: 404 len: 235 microversion: 1.1 [pid: 7|app: 0|req: 451/899] 10.0.0.99 () {32 vars in 815 bytes} [Sat May 9 18:03:32 2026] GET /resource_providers/d4eb8a0f-61e2-4a3e-9ef2-f40fc2748112/aggregates => generated 235 bytes in 7 msecs (HTTP/1.1 404) 5 headers in 202 bytes (1 switches on core 0)
2026-05-09 18:03:32.877 8 INFO placement.requestlog [None req-b16a6a63-fa16-4b68-a7db-90ca5cf6f262 b6cb2244f81d4bc596f554d3937330cc a75a020aff57413a8654f3458984f807 - - d466819d99ce4682897fef9552e18dad d466819d99ce4682897fef9552e18dad] 10.0.0.99 "GET /resource_providers/d4eb8a0f-61e2-4a3e-9ef2-f40fc2748112/aggregates" status: 404 len: 235 microversion: 1.1 [pid: 8|app: 0|req: 449/900] 10.0.0.99 () {32 vars in 815 bytes} [Sat May 9 18:03:32 2026] GET /resource_providers/d4eb8a0f-61e2-4a3e-9ef2-f40fc2748112/aggregates => generated 235 bytes in 7 msecs (HTTP/1.1 404) 5 headers in 202 bytes (1 switches on core 0)
2026-05-09 18:03:32.897 7 INFO placement.requestlog [None req-1e9c1555-b7be-4af3-93b0-00bb41d500c4 b6cb2244f81d4bc596f554d3937330cc a75a020aff57413a8654f3458984f807 - - d466819d99ce4682897fef9552e18dad d466819d99ce4682897fef9552e18dad] 10.0.0.99 "DELETE /resource_providers/d4eb8a0f-61e2-4a3e-9ef2-f40fc2748112" status: 404 len: 246 microversion: 1.1
2026-05-09 18:03:32.898 8 INFO placement.requestlog [None req-cc6d35dc-8467-4c42-bb4f-29bf05461384 b6cb2244f81d4bc596f554d3937330cc a75a020aff57413a8654f3458984f807 - - d466819d99ce4682897fef9552e18dad d466819d99ce4682897fef9552e18dad] 10.0.0.99 "DELETE /resource_providers/d4eb8a0f-61e2-4a3e-9ef2-f40fc2748112" status: 404 len: 246 microversion: 1.1 [pid: 7|app: 0|req: 452/901] 10.0.0.99 () {34 vars in 815 bytes} [Sat May 9 18:03:32 2026] DELETE /resource_providers/d4eb8a0f-61e2-4a3e-9ef2-f40fc2748112 => generated 246 bytes in 8 msecs (HTTP/1.1 404) 6 headers in 231 bytes (1 switches on core 0) [pid: 8|app: 0|req: 450/902] 10.0.0.99 () {34 vars in 815 bytes} [Sat May 9 18:03:32 2026] DELETE /resource_providers/d4eb8a0f-61e2-4a3e-9ef2-f40fc2748112 => generated 246 bytes in 6 msecs (HTTP/1.1 404) 6 headers in 231 bytes (1 switches on core 0)
2026-05-09 18:03:41.736 7 INFO placement.requestlog [None req-d35bf3b4-9806-418c-befd-2bd3a570d8e1 - - - - - -] 10.0.0.147 "GET /" status: 200 len: 136 microversion: 1.0
2026-05-09 18:03:41.737 8 INFO placement.requestlog [None req-1f11b9e4-065d-48bb-a975-2d8b37a05981 - - - - - -] 10.0.0.147 "GET /" status: 200 len: 136 microversion: 1.0
2026-05-09 18:03:41.878 8 INFO placement.requestlog [req-d08b74c9-cb0e-46a0-ba4e-f6c6d2e092a2 req-3e6554e8-0f8b-467f-9310-be0af08cb326 56b3eed4ba2e46ceabb83a863986aa29 a75a020aff57413a8654f3458984f807 - - d466819d99ce4682897fef9552e18dad d466819d99ce4682897fef9552e18dad] 199.204.45.49 "GET /resource_providers/b9c7852f-9e52-4e54-a214-d855d104c0ee/allocations" status: 200 len: 353 microversion: 1.0 [pid: 8|app: 0|req: 452/905] 199.204.45.49 () {32 vars in 856 bytes} [Sat May 9 18:03:41 2026] GET /resource_providers/b9c7852f-9e52-4e54-a214-d855d104c0ee/allocations => generated 353 bytes in 16 msecs (HTTP/1.1 200) 6 headers in 224 bytes (1 switches on core 0)
2026-05-09 18:03:41.899 7 INFO placement.requestlog [req-d08b74c9-cb0e-46a0-ba4e-f6c6d2e092a2 req-804d896e-d765-4da7-bf90-a6be889bc50e 56b3eed4ba2e46ceabb83a863986aa29 a75a020aff57413a8654f3458984f807 - - d466819d99ce4682897fef9552e18dad d466819d99ce4682897fef9552e18dad] 199.204.45.49 "GET /allocations/0c4e82b0-2b78-4277-954c-1f41e2a567b6" status: 200 len: 258 microversion: 1.28 [pid: 7|app: 0|req: 454/906] 199.204.45.49 () {34 vars in 862 bytes} [Sat May 9 18:03:41 2026] GET /allocations/0c4e82b0-2b78-4277-954c-1f41e2a567b6 => generated 258 bytes in 14 msecs (HTTP/1.1 200) 8 headers in 296 bytes (1 switches on core 0)
2026-05-09 18:03:41.920 8 INFO placement.requestlog [req-d08b74c9-cb0e-46a0-ba4e-f6c6d2e092a2 req-a2c67097-456e-4811-b2d4-c62c6b5ce84e 56b3eed4ba2e46ceabb83a863986aa29 a75a020aff57413a8654f3458984f807 - - d466819d99ce4682897fef9552e18dad d466819d99ce4682897fef9552e18dad] 199.204.45.49 "GET /allocations/28cfd89d-fd7e-42ce-841d-37c582aa5906" status: 200 len: 258 microversion: 1.28 [pid: 8|app: 0|req: 453/907] 199.204.45.49 () {34 vars in 862 bytes} [Sat May 9 18:03:41 2026] GET /allocations/28cfd89d-fd7e-42ce-841d-37c582aa5906 => generated 258 bytes in 15 msecs (HTTP/1.1 200) 8 headers in 296 bytes (1 switches on core 0)
2026-05-09 18:03:41.939 7 INFO placement.requestlog [req-d08b74c9-cb0e-46a0-ba4e-f6c6d2e092a2 req-03983d0b-b989-41f2-b914-b121cf41ede3 56b3eed4ba2e46ceabb83a863986aa29 a75a020aff57413a8654f3458984f807 - - d466819d99ce4682897fef9552e18dad d466819d99ce4682897fef9552e18dad] 199.204.45.49 "GET /allocations/ec14c537-f914-449e-beee-c755069fd3ee" status: 200 len: 258 microversion: 1.28 [pid: 7|app: 0|req: 455/908] 199.204.45.49 () {34 vars in 862 bytes} [Sat May 9 18:03:41 2026] GET /allocations/ec14c537-f914-449e-beee-c755069fd3ee => generated 258 bytes in 13 msecs (HTTP/1.1 200) 8 headers in 296 bytes (1 switches on core 0)
2026-05-09 18:03:42.986 8 INFO placement.requestlog [req-d08b74c9-cb0e-46a0-ba4e-f6c6d2e092a2 req-a2124354-7d61-42bd-9280-a5c29773969b 56b3eed4ba2e46ceabb83a863986aa29 a75a020aff57413a8654f3458984f807 - - d466819d99ce4682897fef9552e18dad d466819d99ce4682897fef9552e18dad] 199.204.45.49 "DELETE /allocations/ec14c537-f914-449e-beee-c755069fd3ee" status: 204 len: 0 microversion: 1.0 [pid: 8|app: 0|req: 454/909] 199.204.45.49 () {34 vars in 840 bytes} [Sat May 9 18:03:42 2026] DELETE /allocations/ec14c537-f914-449e-beee-c755069fd3ee => generated 0 bytes in 25 msecs (HTTP/1.1 204) 5 headers in 198 bytes (1 switches on core 0)
2026-05-09 18:03:47.175 7 INFO placement.requestlog [None req-35c8e8ee-1848-4e3a-b9b1-d5a4c54c017d b6cb2244f81d4bc596f554d3937330cc a75a020aff57413a8654f3458984f807 - - d466819d99ce4682897fef9552e18dad d466819d99ce4682897fef9552e18dad] 10.0.0.99 "GET /resource_providers/e13d6afb-8da5-4ac8-b3b6-3d3ad26efd5d/aggregates" status: 404 len: 235 microversion: 1.1 [pid: 7|app: 0|req: 456/910] 10.0.0.99 () {32 vars in 815 bytes} [Sat May 9 18:03:47 2026] GET /resource_providers/e13d6afb-8da5-4ac8-b3b6-3d3ad26efd5d/aggregates => generated 235 bytes in 9 msecs (HTTP/1.1 404) 5 headers in 202 bytes (1 switches on core 0)
2026-05-09 18:03:47.183 8 INFO placement.requestlog [None req-9fe5dbd3-6f87-402f-8af8-54cbbc7d2f5e b6cb2244f81d4bc596f554d3937330cc a75a020aff57413a8654f3458984f807 - - d466819d99ce4682897fef9552e18dad d466819d99ce4682897fef9552e18dad] 10.0.0.99 "GET /resource_providers/e13d6afb-8da5-4ac8-b3b6-3d3ad26efd5d/aggregates" status: 404 len: 235 microversion: 1.1 [pid: 8|app: 0|req: 455/911] 10.0.0.99 () {32 vars in 815 bytes} [Sat May 9 18:03:47 2026] GET /resource_providers/e13d6afb-8da5-4ac8-b3b6-3d3ad26efd5d/aggregates => generated 235 bytes in 10 msecs (HTTP/1.1 404) 5 headers in 202 bytes (1 switches on core 0)
2026-05-09 18:03:47.192 7 INFO placement.requestlog [None req-53cbdc73-4bed-445a-8197-9acdf987911b b6cb2244f81d4bc596f554d3937330cc a75a020aff57413a8654f3458984f807 - - d466819d99ce4682897fef9552e18dad d466819d99ce4682897fef9552e18dad] 10.0.0.99 "DELETE /resource_providers/e13d6afb-8da5-4ac8-b3b6-3d3ad26efd5d" status: 404 len: 246 microversion: 1.1 [pid: 7|app: 0|req: 457/912] 10.0.0.99 () {34 vars in 815 bytes} [Sat May 9 18:03:47 2026] DELETE /resource_providers/e13d6afb-8da5-4ac8-b3b6-3d3ad26efd5d => generated 246 bytes in 10 msecs (HTTP/1.1 404) 6 headers in 231 bytes (1 switches on core 0)
