2026-05-19 14:45:52.484 10 INFO neutron.wsgi [None req-86adfaaa-7846-4bfd-879b-dc12b4b86411 dcc4bab8090e4c6dae2b617fe42ab751 e28dda6a34d34f138ce4fce44bb03cfc - - default default] 10.0.0.79 "GET /v2.0/ports/980ed2ca-6c52-4b4e-bcf0-8deaef0d9991/tags HTTP/1.1" status: 200 len: 227 time: 0.0375359
2026-05-19 14:45:52.526 10 INFO neutron.wsgi [None req-3521bf8e-404f-4b18-b185-cc0ac02d2b44 dcc4bab8090e4c6dae2b617fe42ab751 e28dda6a34d34f138ce4fce44bb03cfc - - default default] 10.0.0.79 "PUT /v2.0/ports/980ed2ca-6c52-4b4e-bcf0-8deaef0d9991/tags/red HTTP/1.1" status: 201 len: 201 time: 0.0370739
2026-05-19 14:45:52.537 9 WARNING neutron.scheduler.dhcp_agent_scheduler [None req-7a56aa7d-fb6f-4eba-a299-517d083b27f4 8dfd2d19f4d24a18933a72548669d385 c16308a247d344b780b4b00bb4decb5a - - default default] No more DHCP agents
2026-05-19 14:45:52.539 9 WARNING neutron.api.rpc.agentnotifiers.dhcp_rpc_agent_api [None req-7a56aa7d-fb6f-4eba-a299-517d083b27f4 8dfd2d19f4d24a18933a72548669d385 c16308a247d344b780b4b00bb4decb5a - - default default] Unable to schedule network 67569143-b779-481e-9896-42daed7b3075: no agents available; will retry on subsequent port and subnet creation events.
2026-05-19 14:45:52.595 10 INFO neutron.wsgi [None req-d6e104d5-ad2e-474d-bc77-812123391426 dcc4bab8090e4c6dae2b617fe42ab751 e28dda6a34d34f138ce4fce44bb03cfc - - default default] 10.0.0.79 "GET /v2.0/ports/980ed2ca-6c52-4b4e-bcf0-8deaef0d9991/tags HTTP/1.1" status: 200 len: 227 time: 0.0581856
2026-05-19 14:45:52.641 10 INFO neutron.wsgi [None req-97b318c3-d32e-435b-bbfc-7d69dcc70c42 dcc4bab8090e4c6dae2b617fe42ab751 e28dda6a34d34f138ce4fce44bb03cfc - - default default] 10.0.0.79 "PUT /v2.0/ports/980ed2ca-6c52-4b4e-bcf0-8deaef0d9991/tags/black.or.white HTTP/1.1" status: 201 len: 201 time: 0.0413742
2026-05-19 14:45:52.685 10 INFO neutron.wsgi [None req-c8e7e629-83d6-4be8-a749-2662e6a3e01b dcc4bab8090e4c6dae2b617fe42ab751 e28dda6a34d34f138ce4fce44bb03cfc - - default default] 10.0.0.79 "GET /v2.0/ports/980ed2ca-6c52-4b4e-bcf0-8deaef0d9991/tags HTTP/1.1" status: 200 len: 245 time: 0.0377357
2026-05-19 14:45:52.741 10 INFO neutron.wsgi [None req-124f68d1-44fe-48f2-a14d-c36e146731b8 dcc4bab8090e4c6dae2b617fe42ab751 e28dda6a34d34f138ce4fce44bb03cfc - - default default] 10.0.0.79 "PUT /v2.0/ports/980ed2ca-6c52-4b4e-bcf0-8deaef0d9991/tags HTTP/1.1" status: 200 len: 230 time: 0.0480170
2026-05-19 14:45:52.785 10 INFO neutron.wsgi [None req-e898907d-4df0-444c-b5f4-490276394133 dcc4bab8090e4c6dae2b617fe42ab751 e28dda6a34d34f138ce4fce44bb03cfc - - default default] 10.0.0.79 "GET /v2.0/ports/980ed2ca-6c52-4b4e-bcf0-8deaef0d9991/tags HTTP/1.1" status: 200 len: 230 time: 0.0390446
2026-05-19 14:45:52.841 9 INFO neutron.wsgi [None req-791a3fc5-e847-4185-bf21-08d61d1ac7a7 dcc4bab8090e4c6dae2b617fe42ab751 e28dda6a34d34f138ce4fce44bb03cfc - - default default] 10.0.0.79 "GET /v2.0/ports/980ed2ca-6c52-4b4e-bcf0-8deaef0d9991/tags/red HTTP/1.1" status: 204 len: 168 time: 0.0518200
2026-05-19 14:45:52.885 9 INFO neutron.db.ovn_revision_numbers_db [None req-7a56aa7d-fb6f-4eba-a299-517d083b27f4 8dfd2d19f4d24a18933a72548669d385 c16308a247d344b780b4b00bb4decb5a - - default default] Successfully bumped revision number for resource 991d8967-5c37-4fc5-babf-c2cc79439d62 (type: router_ports) to 1
2026-05-19 14:45:52.885 10 INFO neutron.api.v2.resource [None req-bfec8a3d-b3e0-47b0-9965-516c11ce0f0f dcc4bab8090e4c6dae2b617fe42ab751 e28dda6a34d34f138ce4fce44bb03cfc - - default default] show failed (client error): The resource could not be found.
2026-05-19 14:45:52.887 10 INFO neutron.wsgi [None req-bfec8a3d-b3e0-47b0-9965-516c11ce0f0f dcc4bab8090e4c6dae2b617fe42ab751 e28dda6a34d34f138ce4fce44bb03cfc - - default default] 10.0.0.79 "GET /v2.0/ports/980ed2ca-6c52-4b4e-bcf0-8deaef0d9991/tags/green HTTP/1.1" status: 404 len: 299 time: 0.0397968
2026-05-19 14:45:52.891 9 INFO neutron.wsgi [None req-7a56aa7d-fb6f-4eba-a299-517d083b27f4 8dfd2d19f4d24a18933a72548669d385 c16308a247d344b780b4b00bb4decb5a - - default default] 10.0.0.79 "PUT /v2.0/routers/55591876-d1d4-4722-8e8a-8a29ace5b30d/add_router_interface HTTP/1.1" status: 200 len: 503 time: 2.6348855
2026-05-19 14:45:52.955 9 INFO neutron.wsgi [None req-73fe9663-06bc-47a6-b204-a63fafe45601 dcc4bab8090e4c6dae2b617fe42ab751 e28dda6a34d34f138ce4fce44bb03cfc - - default default] 10.0.0.79 "DELETE /v2.0/ports/980ed2ca-6c52-4b4e-bcf0-8deaef0d9991/tags/red HTTP/1.1" status: 204 len: 168 time: 0.0595264
2026-05-19 14:45:53.007 9 INFO neutron.wsgi [None req-478688aa-d826-40af-811c-665cb3d5b673 dcc4bab8090e4c6dae2b617fe42ab751 e28dda6a34d34f138ce4fce44bb03cfc - - default default] 10.0.0.79 "GET /v2.0/ports/980ed2ca-6c52-4b4e-bcf0-8deaef0d9991/tags HTTP/1.1" status: 200 len: 223 time: 0.0454905
2026-05-19 14:45:53.087 9 INFO neutron.api.v2.resource [None req-e0b0f9e1-f19a-4ec2-a703-6a9fbb267a92 dcc4bab8090e4c6dae2b617fe42ab751 e28dda6a34d34f138ce4fce44bb03cfc - - default default] delete failed (client error): The resource could not be found.
2026-05-19 14:45:53.088 9 INFO neutron.wsgi [None req-e0b0f9e1-f19a-4ec2-a703-6a9fbb267a92 dcc4bab8090e4c6dae2b617fe42ab751 e28dda6a34d34f138ce4fce44bb03cfc - - default default] 10.0.0.79 "DELETE /v2.0/ports/980ed2ca-6c52-4b4e-bcf0-8deaef0d9991/tags/green HTTP/1.1" status: 404 len: 299 time: 0.0680549
2026-05-19 14:45:53.147 9 INFO neutron.wsgi [None req-4f0516a9-b434-443d-bbd0-790d4493487c dcc4bab8090e4c6dae2b617fe42ab751 e28dda6a34d34f138ce4fce44bb03cfc - - default default] 10.0.0.79 "DELETE /v2.0/ports/980ed2ca-6c52-4b4e-bcf0-8deaef0d9991/tags HTTP/1.1" status: 204 len: 168 time: 0.0527647
2026-05-19 14:45:53.184 9 INFO neutron.wsgi [None req-13c2a285-0f43-4f2f-87de-2e5f0eb3e8ad dcc4bab8090e4c6dae2b617fe42ab751 e28dda6a34d34f138ce4fce44bb03cfc - - default default] 10.0.0.79 "GET /v2.0/ports/980ed2ca-6c52-4b4e-bcf0-8deaef0d9991/tags HTTP/1.1" status: 200 len: 205 time: 0.0327878
2026-05-19 14:45:53.493 9 INFO neutron.wsgi [None req-3c918a56-1361-4985-862d-655bf24b99eb dcc4bab8090e4c6dae2b617fe42ab751 e28dda6a34d34f138ce4fce44bb03cfc - - default default] 10.0.0.79 "DELETE /v2.0/ports/980ed2ca-6c52-4b4e-bcf0-8deaef0d9991 HTTP/1.1" status: 204 len: 168 time: 0.3003109
2026-05-19 14:45:53.642 9 INFO neutron.db.ovn_revision_numbers_db [None req-42dc4edd-8eb4-417c-b12c-30f2bb2edb81 6f9b105d61024b9d8b2c98865e8490d7 aef2772629f84717a50d66b94ca386a5 - - default default] Successfully bumped revision number for resource 56e065eb-6c0b-4447-92ad-ef1bfebdabd6 (type: security_groups) to 1
2026-05-19 14:45:53.668 9 INFO neutron.db.ovn_revision_numbers_db [None req-42dc4edd-8eb4-417c-b12c-30f2bb2edb81 6f9b105d61024b9d8b2c98865e8490d7 aef2772629f84717a50d66b94ca386a5 - - default default] Successfully bumped revision number for resource 4a949c55-39de-4c70-bca0-6ab0561442ea (type: security_group_rules) to 0
2026-05-19 14:45:53.697 9 INFO neutron.db.ovn_revision_numbers_db [None req-42dc4edd-8eb4-417c-b12c-30f2bb2edb81 6f9b105d61024b9d8b2c98865e8490d7 aef2772629f84717a50d66b94ca386a5 - - default default] Successfully bumped revision number for resource 705037ec-ef40-4d31-b62b-1249f584bbf3 (type: security_group_rules) to 0
2026-05-19 14:45:53.710 9 INFO neutron.db.ovn_revision_numbers_db [None req-42dc4edd-8eb4-417c-b12c-30f2bb2edb81 6f9b105d61024b9d8b2c98865e8490d7 aef2772629f84717a50d66b94ca386a5 - - default default] Successfully bumped revision number for resource 79f35261-6e8a-414b-8b20-6b59ff893f9d (type: security_group_rules) to 0
2026-05-19 14:45:53.717 10 WARNING neutron.scheduler.dhcp_agent_scheduler [None req-5d871427-1e1d-477a-99e0-e5ad22cd623a 0491e97f9a2144e483b2dfac8a1f4fd1 f4974f50ec7d4eb394e6c42098126ac2 - - default default] No more DHCP agents
2026-05-19 14:45:53.719 10 WARNING neutron.api.rpc.agentnotifiers.dhcp_rpc_agent_api [None req-5d871427-1e1d-477a-99e0-e5ad22cd623a 0491e97f9a2144e483b2dfac8a1f4fd1 f4974f50ec7d4eb394e6c42098126ac2 - - default default] Unable to schedule network b19f39dd-e3f2-40a8-8cbf-a0ccd40798de: no agents available; will retry on subsequent port and subnet creation events.
2026-05-19 14:45:53.724 9 INFO neutron.db.ovn_revision_numbers_db [None req-42dc4edd-8eb4-417c-b12c-30f2bb2edb81 6f9b105d61024b9d8b2c98865e8490d7 aef2772629f84717a50d66b94ca386a5 - - default default] Successfully bumped revision number for resource 807245bd-b293-4452-8c24-0607a08bdfa8 (type: security_group_rules) to 0
2026-05-19 14:45:53.752 9 INFO neutron.wsgi [None req-42dc4edd-8eb4-417c-b12c-30f2bb2edb81 6f9b105d61024b9d8b2c98865e8490d7 aef2772629f84717a50d66b94ca386a5 - - default default] 10.0.0.79 "GET /v2.0/security-groups?tenant_id=13174c424f5948ef80531438d738604b&name=default HTTP/1.1" status: 200 len: 3124 time: 0.4422345
2026-05-19 14:45:53.919 9 INFO neutron.services.segments.plugin [-] Segment 612cf5cb-64a9-4992-876f-868de36e36f2 resource provider aggregate not found
2026-05-19 14:45:53.924 9 INFO neutron.services.segments.plugin [-] Segment 612cf5cb-64a9-4992-876f-868de36e36f2 resource provider aggregate not found
2026-05-19 14:45:53.936 9 INFO neutron.services.segments.plugin [-] Segment 612cf5cb-64a9-4992-876f-868de36e36f2 resource provider not found; error: Placement Client Error (4xx): {"errors": [{"status": 404, "title": "Not Found", "detail": "The resource could not be found.\n\n No resource provider with uuid 612cf5cb-64a9-4992-876f-868de36e36f2 found for delete ", "request_id": "req-ec5393dd-0fdc-4ed9-9e70-c74bfcd64400"}]}
2026-05-19 14:45:53.938 9 INFO neutron.services.segments.plugin [-] Segment 612cf5cb-64a9-4992-876f-868de36e36f2 resource provider not found; error: Placement Client Error (4xx): {"errors": [{"status": 404, "title": "Not Found", "detail": "The resource could not be found.\n\n No resource provider with uuid 612cf5cb-64a9-4992-876f-868de36e36f2 found for delete ", "request_id": "req-1212db24-98f1-485b-905e-9f8a58d0a1ab"}]}
2026-05-19 14:45:53.960 9 INFO neutron.wsgi [None req-8b9034d2-53b3-4344-85c8-fc9c72db0ced dcc4bab8090e4c6dae2b617fe42ab751 e28dda6a34d34f138ce4fce44bb03cfc - - default default] 10.0.0.79 "DELETE /v2.0/networks/80c9e749-1e17-4a3e-a1ee-bea66624400f HTTP/1.1" status: 204 len: 168 time: 0.4578063
2026-05-19 14:45:53.969 10 INFO neutron.db.ovn_revision_numbers_db [None req-5d871427-1e1d-477a-99e0-e5ad22cd623a 0491e97f9a2144e483b2dfac8a1f4fd1 f4974f50ec7d4eb394e6c42098126ac2 - - default default] Successfully bumped revision number for resource e1826679-1647-4f71-a96a-a960fe9b20f1 (type: ports) to 1
2026-05-19 14:45:54.129 10 INFO neutron.wsgi [None req-05e467f1-1b61-4b59-934d-cf95d16cde41 6f9b105d61024b9d8b2c98865e8490d7 aef2772629f84717a50d66b94ca386a5 - - default default] 10.0.0.79 "DELETE /v2.0/security-groups/56e065eb-6c0b-4447-92ad-ef1bfebdabd6 HTTP/1.1" status: 204 len: 168 time: 0.3683457
2026-05-19 14:45:54.254 10 INFO neutron.db.ovn_revision_numbers_db [None req-5d871427-1e1d-477a-99e0-e5ad22cd623a 0491e97f9a2144e483b2dfac8a1f4fd1 f4974f50ec7d4eb394e6c42098126ac2 - - default default] Successfully bumped revision number for resource e1826679-1647-4f71-a96a-a960fe9b20f1 (type: ports) to 1
2026-05-19 14:45:54.330 10 INFO neutron.db.segments_db [None req-5d871427-1e1d-477a-99e0-e5ad22cd623a 0491e97f9a2144e483b2dfac8a1f4fd1 f4974f50ec7d4eb394e6c42098126ac2 - - default default] Added segment 26d2aff3-e146-45db-baa9-d4e2f461ff96 of type geneve for network dc253f3a-5dc6-4aee-8b4c-a78711d1b0d5
2026-05-19 14:45:54.480 10 INFO neutron.db.ovn_revision_numbers_db [None req-5d871427-1e1d-477a-99e0-e5ad22cd623a 0491e97f9a2144e483b2dfac8a1f4fd1 f4974f50ec7d4eb394e6c42098126ac2 - - default default] Successfully bumped revision number for resource dc253f3a-5dc6-4aee-8b4c-a78711d1b0d5 (type: networks) to 1
2026-05-19 14:45:54.489 9 INFO neutron.db.ovn_revision_numbers_db [None req-478c891e-22c9-4cd4-9cfc-b156aefa92fa 6f9b105d61024b9d8b2c98865e8490d7 aef2772629f84717a50d66b94ca386a5 - - default default] Successfully bumped revision number for resource 5f191cea-6d7b-44fc-8702-34f9779214ed (type: security_groups) to 1
2026-05-19 14:45:54.507 9 INFO neutron.db.ovn_revision_numbers_db [None req-478c891e-22c9-4cd4-9cfc-b156aefa92fa 6f9b105d61024b9d8b2c98865e8490d7 aef2772629f84717a50d66b94ca386a5 - - default default] Successfully bumped revision number for resource 470d3020-ec15-4307-9ab1-81eae3623e4a (type: security_group_rules) to 0
2026-05-19 14:45:54.527 9 INFO neutron.db.ovn_revision_numbers_db [None req-478c891e-22c9-4cd4-9cfc-b156aefa92fa 6f9b105d61024b9d8b2c98865e8490d7 aef2772629f84717a50d66b94ca386a5 - - default default] Successfully bumped revision number for resource 6151e62b-3188-41ea-8710-6934940ad5d3 (type: security_group_rules) to 0
2026-05-19 14:45:54.550 9 INFO neutron.db.ovn_revision_numbers_db [None req-478c891e-22c9-4cd4-9cfc-b156aefa92fa 6f9b105d61024b9d8b2c98865e8490d7 aef2772629f84717a50d66b94ca386a5 - - default default] Successfully bumped revision number for resource a35d8cad-9fd2-4c61-b6bc-ea5263e29e4d (type: security_group_rules) to 0
2026-05-19 14:45:54.565 9 INFO neutron.db.ovn_revision_numbers_db [None req-478c891e-22c9-4cd4-9cfc-b156aefa92fa 6f9b105d61024b9d8b2c98865e8490d7 aef2772629f84717a50d66b94ca386a5 - - default default] Successfully bumped revision number for resource b6a194be-cd8d-401c-8a23-89db489080e3 (type: security_group_rules) to 0
2026-05-19 14:45:54.586 9 INFO neutron.wsgi [None req-478c891e-22c9-4cd4-9cfc-b156aefa92fa 6f9b105d61024b9d8b2c98865e8490d7 aef2772629f84717a50d66b94ca386a5 - - default default] 10.0.0.79 "GET /v2.0/security-groups?tenant_id=f7a7f9da2b46417dbc79b98ed7eb89af&name=default HTTP/1.1" status: 200 len: 3124 time: 0.2461371
2026-05-19 14:45:54.640 10 WARNING neutron.scheduler.dhcp_agent_scheduler [None req-5d871427-1e1d-477a-99e0-e5ad22cd623a 0491e97f9a2144e483b2dfac8a1f4fd1 f4974f50ec7d4eb394e6c42098126ac2 - - default default] No more DHCP agents
2026-05-19 14:45:54.643 10 WARNING neutron.api.rpc.agentnotifiers.dhcp_rpc_agent_api [None req-5d871427-1e1d-477a-99e0-e5ad22cd623a 0491e97f9a2144e483b2dfac8a1f4fd1 f4974f50ec7d4eb394e6c42098126ac2 - - default default] Unable to schedule network dc253f3a-5dc6-4aee-8b4c-a78711d1b0d5: no agents available; will retry on subsequent port and subnet creation events.
2026-05-19 14:45:54.742 10 INFO neutron.db.ovn_revision_numbers_db [None req-5d871427-1e1d-477a-99e0-e5ad22cd623a 0491e97f9a2144e483b2dfac8a1f4fd1 f4974f50ec7d4eb394e6c42098126ac2 - - default default] Successfully bumped revision number for resource 9f684bcd-0b14-41fd-a098-670741106ddb (type: ports) to 1
2026-05-19 14:45:54.857 9 INFO neutron.wsgi [None req-39a6c9b1-debd-4adf-b8a3-b95359abd012 6f9b105d61024b9d8b2c98865e8490d7 aef2772629f84717a50d66b94ca386a5 - - default default] 10.0.0.79 "DELETE /v2.0/security-groups/5f191cea-6d7b-44fc-8702-34f9779214ed HTTP/1.1" status: 204 len: 168 time: 0.2669342
2026-05-19 14:45:54.887 10 WARNING neutron.scheduler.dhcp_agent_scheduler [None req-5d871427-1e1d-477a-99e0-e5ad22cd623a 0491e97f9a2144e483b2dfac8a1f4fd1 f4974f50ec7d4eb394e6c42098126ac2 - - default default] No more DHCP agents
2026-05-19 14:45:54.890 10 WARNING neutron.api.rpc.agentnotifiers.dhcp_rpc_agent_api [None req-5d871427-1e1d-477a-99e0-e5ad22cd623a 0491e97f9a2144e483b2dfac8a1f4fd1 f4974f50ec7d4eb394e6c42098126ac2 - - default default] Unable to schedule network dc253f3a-5dc6-4aee-8b4c-a78711d1b0d5: no agents available; will retry on subsequent port and subnet creation events.
2026-05-19 14:45:54.923 10 INFO neutron.db.ovn_revision_numbers_db [None req-5d871427-1e1d-477a-99e0-e5ad22cd623a 0491e97f9a2144e483b2dfac8a1f4fd1 f4974f50ec7d4eb394e6c42098126ac2 - - default default] Successfully bumped revision number for resource c0eaba83-da3b-4c56-b16e-4b2f0c65765f (type: subnets) to 0
2026-05-19 14:45:54.949 10 INFO neutron.db.ovn_revision_numbers_db [None req-d2d44e05-6fe6-4cac-857e-45448e61cdc7 6f9b105d61024b9d8b2c98865e8490d7 aef2772629f84717a50d66b94ca386a5 - - default default] Successfully bumped revision number for resource 2e38b259-2221-4694-a7a3-e2b900aca12f (type: security_groups) to 1
2026-05-19 14:45:54.981 10 INFO neutron.db.ovn_revision_numbers_db [None req-d2d44e05-6fe6-4cac-857e-45448e61cdc7 6f9b105d61024b9d8b2c98865e8490d7 aef2772629f84717a50d66b94ca386a5 - - default default] Successfully bumped revision number for resource 8044b12e-7a5e-4f92-b0b3-de0130d42bb0 (type: security_group_rules) to 0
2026-05-19 14:45:54.999 10 INFO neutron.db.ovn_revision_numbers_db [None req-d2d44e05-6fe6-4cac-857e-45448e61cdc7 6f9b105d61024b9d8b2c98865e8490d7 aef2772629f84717a50d66b94ca386a5 - - default default] Successfully bumped revision number for resource 8d2b56cd-8024-4a0d-a65d-f8b64714e703 (type: security_group_rules) to 0
2026-05-19 14:45:55.019 10 INFO neutron.db.ovn_revision_numbers_db [None req-d2d44e05-6fe6-4cac-857e-45448e61cdc7 6f9b105d61024b9d8b2c98865e8490d7 aef2772629f84717a50d66b94ca386a5 - - default default] Successfully bumped revision number for resource b8663b8c-18a4-4a83-8ea1-521360617b73 (type: security_group_rules) to 0
2026-05-19 14:45:55.042 10 INFO neutron.db.ovn_revision_numbers_db [None req-d2d44e05-6fe6-4cac-857e-45448e61cdc7 6f9b105d61024b9d8b2c98865e8490d7 aef2772629f84717a50d66b94ca386a5 - - default default] Successfully bumped revision number for resource bc9e157b-2540-42a3-81af-9fa1cebdc170 (type: security_group_rules) to 0
2026-05-19 14:45:55.072 10 INFO neutron.wsgi [None req-d2d44e05-6fe6-4cac-857e-45448e61cdc7 6f9b105d61024b9d8b2c98865e8490d7 aef2772629f84717a50d66b94ca386a5 - - default default] 10.0.0.79 "GET /v2.0/security-groups?tenant_id=06c708d97bea452e976c4708f2da4f05&name=default HTTP/1.1" status: 200 len: 3124 time: 0.4709227
2026-05-19 14:45:55.132 9 INFO neutron.db.ovn_revision_numbers_db [None req-28357741-73a5-46eb-971f-49b087c40b93 6f9b105d61024b9d8b2c98865e8490d7 aef2772629f84717a50d66b94ca386a5 - - default default] Successfully bumped revision number for resource faaf5bed-ad4d-499f-96bb-ca22284aa344 (type: security_groups) to 1
2026-05-19 14:45:55.147 9 INFO neutron.db.ovn_revision_numbers_db [None req-28357741-73a5-46eb-971f-49b087c40b93 6f9b105d61024b9d8b2c98865e8490d7 aef2772629f84717a50d66b94ca386a5 - - default default] Successfully bumped revision number for resource 2708abe8-a6d4-490f-8575-ca85930690c1 (type: security_group_rules) to 0
2026-05-19 14:45:55.161 9 INFO neutron.db.ovn_revision_numbers_db [None req-28357741-73a5-46eb-971f-49b087c40b93 6f9b105d61024b9d8b2c98865e8490d7 aef2772629f84717a50d66b94ca386a5 - - default default] Successfully bumped revision number for resource 29f65878-de23-45c1-9bbd-64e4c92eaa04 (type: security_group_rules) to 0
2026-05-19 14:45:55.177 9 INFO neutron.db.ovn_revision_numbers_db [None req-28357741-73a5-46eb-971f-49b087c40b93 6f9b105d61024b9d8b2c98865e8490d7 aef2772629f84717a50d66b94ca386a5 - - default default] Successfully bumped revision number for resource 2ca30846-82b9-4791-9c0a-b532a9ddaa5a (type: security_group_rules) to 0
2026-05-19 14:45:55.193 9 INFO neutron.db.ovn_revision_numbers_db [None req-28357741-73a5-46eb-971f-49b087c40b93 6f9b105d61024b9d8b2c98865e8490d7 aef2772629f84717a50d66b94ca386a5 - - default default] Successfully bumped revision number for resource ef05b6dd-319e-4073-8993-f4cdaf354b78 (type: security_group_rules) to 0
2026-05-19 14:45:55.215 9 INFO neutron.wsgi [None req-28357741-73a5-46eb-971f-49b087c40b93 6f9b105d61024b9d8b2c98865e8490d7 aef2772629f84717a50d66b94ca386a5 - - default default] 10.0.0.79 "GET /v2.0/security-groups?tenant_id=d1e7bbb628614ac8b7f5bccf9fefa838&name=default HTTP/1.1" status: 200 len: 3124 time: 0.2090876
2026-05-19 14:45:55.396 10 INFO neutron.wsgi [None req-a38feabf-db77-4aa0-8cea-7a217125b120 6f9b105d61024b9d8b2c98865e8490d7 aef2772629f84717a50d66b94ca386a5 - - default default] 10.0.0.79 "DELETE /v2.0/security-groups/2e38b259-2221-4694-a7a3-e2b900aca12f HTTP/1.1" status: 204 len: 168 time: 0.3189485
2026-05-19 14:45:55.405 10 WARNING neutron.scheduler.dhcp_agent_scheduler [None req-5d871427-1e1d-477a-99e0-e5ad22cd623a 0491e97f9a2144e483b2dfac8a1f4fd1 f4974f50ec7d4eb394e6c42098126ac2 - - default default] No more DHCP agents
2026-05-19 14:45:55.408 10 WARNING neutron.api.rpc.agentnotifiers.dhcp_rpc_agent_api [None req-5d871427-1e1d-477a-99e0-e5ad22cd623a 0491e97f9a2144e483b2dfac8a1f4fd1 f4974f50ec7d4eb394e6c42098126ac2 - - default default] Unable to schedule network dc253f3a-5dc6-4aee-8b4c-a78711d1b0d5: no agents available; will retry on subsequent port and subnet creation events.
2026-05-19 14:45:55.430 9 INFO neutron.wsgi [None req-d782b18a-a1d2-41d5-b386-d1b852d9beaf 6f9b105d61024b9d8b2c98865e8490d7 aef2772629f84717a50d66b94ca386a5 - - default default] 10.0.0.79 "DELETE /v2.0/security-groups/faaf5bed-ad4d-499f-96bb-ca22284aa344 HTTP/1.1" status: 204 len: 168 time: 0.2104990
2026-05-19 14:45:55.561 10 INFO neutron.db.ovn_revision_numbers_db [None req-5d871427-1e1d-477a-99e0-e5ad22cd623a 0491e97f9a2144e483b2dfac8a1f4fd1 f4974f50ec7d4eb394e6c42098126ac2 - - default default] Successfully bumped revision number for resource ecae5727-1f6e-4bca-b865-914094b0b3d1 (type: ports) to 1
2026-05-19 14:45:55.578 9 INFO neutron.wsgi [None req-979c61f3-87d1-4654-92ef-fe6b44614e5d 6f9b105d61024b9d8b2c98865e8490d7 aef2772629f84717a50d66b94ca386a5 - - default default] 10.0.0.79 "GET /v2.0/security-groups?tenant_id=e28dda6a34d34f138ce4fce44bb03cfc&name=default HTTP/1.1" status: 200 len: 3120 time: 0.0407257
2026-05-19 14:45:55.808 9 INFO neutron.wsgi [None req-c0becc83-99cb-41e0-ac7e-bdcc6db7f28f 6f9b105d61024b9d8b2c98865e8490d7 aef2772629f84717a50d66b94ca386a5 - - default default] 10.0.0.79 "DELETE /v2.0/security-groups/3868c27d-9c64-4d88-ac56-4a27509370e8 HTTP/1.1" status: 204 len: 168 time: 0.2231646
2026-05-19 14:45:55.980 10 WARNING neutron.plugins.ml2.drivers.ovn.mech_driver.ovsdb.ovn_client [None req-00429117-a32d-425a-8690-bd046eaff379 - - - - - -] No hosting information found for port a52b00d3-3dd1-44dc-bdeb-85ff8004d19c: RuntimeError: No hosting information found for port a52b00d3-3dd1-44dc-bdeb-85ff8004d19c
2026-05-19 14:45:55.981 10 INFO neutron.plugins.ml2.drivers.ovn.mech_driver.mech_driver [None req-00429117-a32d-425a-8690-bd046eaff379 - - - - - -] OVN reports status up for port: 991d8967-5c37-4fc5-babf-c2cc79439d62
2026-05-19 14:45:55.990 10 INFO neutron.plugins.ml2.plugin [None req-00429117-a32d-425a-8690-bd046eaff379 - - - - - -] Attempt 1 to provision port 991d8967-5c37-4fc5-babf-c2cc79439d62
2026-05-19 14:45:56.114 10 ERROR ovsdbapp.backend.ovs_idl.command [None req-5d871427-1e1d-477a-99e0-e5ad22cd623a 0491e97f9a2144e483b2dfac8a1f4fd1 f4974f50ec7d4eb394e6c42098126ac2 - - default default] Error executing command (DbGetCommand): ovsdbapp.backend.ovs_idl.idlutils.RowNotFound: Cannot find Logical_Router_Port with name=lrp-ecae5727-1f6e-4bca-b865-914094b0b3d1
2026-05-19 14:45:56.114 10 ERROR ovsdbapp.backend.ovs_idl.command
Traceback (most recent call last):
2026-05-19 14:45:56.114 10 ERROR ovsdbapp.backend.ovs_idl.command
File "/var/lib/openstack/lib/python3.10/site-packages/ovsdbapp/backend/ovs_idl/command.py", line 47, in execute
2026-05-19 14:45:56.114 10 ERROR ovsdbapp.backend.ovs_idl.command self.run_idl(None)
2026-05-19 14:45:56.114 10 ERROR ovsdbapp.backend.ovs_idl.command
File "/var/lib/openstack/lib/python3.10/site-packages/ovsdbapp/backend/ovs_idl/command.py", line 235, in run_idl
2026-05-19 14:45:56.114 10 ERROR ovsdbapp.backend.ovs_idl.command record = self.api.lookup(self.table, self.record)
2026-05-19 14:45:56.114 10 ERROR ovsdbapp.backend.ovs_idl.command
File "/var/lib/openstack/lib/python3.10/site-packages/ovsdbapp/backend/ovs_idl/__init__.py", line 184, in lookup
2026-05-19 14:45:56.114 10 ERROR ovsdbapp.backend.ovs_idl.command return self._lookup(table, record)
2026-05-19 14:45:56.114 10 ERROR ovsdbapp.backend.ovs_idl.command
File "/var/lib/openstack/lib/python3.10/site-packages/ovsdbapp/backend/ovs_idl/__init__.py", line 235, in _lookup
2026-05-19 14:45:56.114 10 ERROR ovsdbapp.backend.ovs_idl.command row = idlutils.row_by_value(self, rl.table, rl.column, record)
2026-05-19 14:45:56.114 10 ERROR ovsdbapp.backend.ovs_idl.command
File "/var/lib/openstack/lib/python3.10/site-packages/ovsdbapp/backend/ovs_idl/idlutils.py", line 114, in row_by_value
2026-05-19 14:45:56.114 10 ERROR ovsdbapp.backend.ovs_idl.command raise RowNotFound(table=table, col=column, match=match)
2026-05-19 14:45:56.114 10 ERROR ovsdbapp.backend.ovs_idl.command ovsdbapp.backend.ovs_idl.idlutils.RowNotFound: Cannot find Logical_Router_Port with name=lrp-ecae5727-1f6e-4bca-b865-914094b0b3d1
2026-05-19 14:45:56.114 10 ERROR ovsdbapp.backend.ovs_idl.command 
2026-05-19 14:45:56.115 10 ERROR neutron_lib.callbacks.manager [None req-5d871427-1e1d-477a-99e0-e5ad22cd623a 0491e97f9a2144e483b2dfac8a1f4fd1 f4974f50ec7d4eb394e6c42098126ac2 - - default default] Error during notification for neutron.services.ovn_l3.plugin.OVNL3RouterPlugin._port_update-8733817540335 port, after_update: ovsdbapp.backend.ovs_idl.idlutils.RowNotFound: Cannot find Logical_Router_Port with name=lrp-ecae5727-1f6e-4bca-b865-914094b0b3d1
2026-05-19 14:45:56.115 10 ERROR neutron_lib.callbacks.manager
Traceback (most recent call last):
2026-05-19 14:45:56.115 10 ERROR neutron_lib.callbacks.manager
File "/var/lib/openstack/lib/python3.10/site-packages/neutron_lib/callbacks/manager.py", line 189, in _notify_loop
2026-05-19 14:45:56.115 10 ERROR neutron_lib.callbacks.manager callback.method(resource, event, trigger, payload=payload)
2026-05-19 14:45:56.115 10 ERROR neutron_lib.callbacks.manager
File "/var/lib/openstack/lib/python3.10/site-packages/neutron/services/ovn_l3/plugin.py", line 391, in _port_update
2026-05-19 14:45:56.115 10 ERROR neutron_lib.callbacks.manager l3plugin._ovn_client.update_router_port(context,
2026-05-19 14:45:56.115 10 ERROR neutron_lib.callbacks.manager
File "/var/lib/openstack/lib/python3.10/site-packages/neutron/plugins/ml2/drivers/ovn/mech_driver/ovsdb/ovn_client.py", line 1878, in update_router_port
2026-05-19 14:45:56.115 10 ERROR neutron_lib.callbacks.manager self._update_lrouter_port(context, port, if_exists=if_exists,
2026-05-19 14:45:56.115 10 ERROR neutron_lib.callbacks.manager
File "/var/lib/openstack/lib/python3.10/site-packages/neutron/plugins/ml2/drivers/ovn/mech_driver/ovsdb/ovn_client.py", line 1855, in _update_lrouter_port
2026-05-19 14:45:56.115 10 ERROR neutron_lib.callbacks.manager external_ids = self._nb_idl.db_get(
2026-05-19 14:45:56.115 10 ERROR neutron_lib.callbacks.manager
File "/var/lib/openstack/lib/python3.10/site-packages/ovsdbapp/backend/ovs_idl/command.py", line 47, in execute
2026-05-19 14:45:56.115 10 ERROR neutron_lib.callbacks.manager self.run_idl(None)
2026-05-19 14:45:56.115 10 ERROR neutron_lib.callbacks.manager
File "/var/lib/openstack/lib/python3.10/site-packages/ovsdbapp/backend/ovs_idl/command.py", line 235, in run_idl
2026-05-19 14:45:56.115 10 ERROR neutron_lib.callbacks.manager record = self.api.lookup(self.table, self.record)
2026-05-19 14:45:56.115 10 ERROR neutron_lib.callbacks.manager
File "/var/lib/openstack/lib/python3.10/site-packages/ovsdbapp/backend/ovs_idl/__init__.py", line 184, in lookup
2026-05-19 14:45:56.115 10 ERROR neutron_lib.callbacks.manager return self._lookup(table, record)
2026-05-19 14:45:56.115 10 ERROR neutron_lib.callbacks.manager
File "/var/lib/openstack/lib/python3.10/site-packages/ovsdbapp/backend/ovs_idl/__init__.py", line 235, in _lookup
2026-05-19 14:45:56.115 10 ERROR neutron_lib.callbacks.manager row = idlutils.row_by_value(self, rl.table, rl.column, record)
2026-05-19 14:45:56.115 10 ERROR neutron_lib.callbacks.manager
File "/var/lib/openstack/lib/python3.10/site-packages/ovsdbapp/backend/ovs_idl/idlutils.py", line 114, in row_by_value
2026-05-19 14:45:56.115 10 ERROR neutron_lib.callbacks.manager raise RowNotFound(table=table, col=column, match=match)
2026-05-19 14:45:56.115 10 ERROR neutron_lib.callbacks.manager ovsdbapp.backend.ovs_idl.idlutils.RowNotFound: Cannot find Logical_Router_Port with name=lrp-ecae5727-1f6e-4bca-b865-914094b0b3d1
2026-05-19 14:45:56.115 10 ERROR neutron_lib.callbacks.manager 
2026-05-19 14:45:56.376 10 INFO neutron.db.ovn_revision_numbers_db [None req-5d871427-1e1d-477a-99e0-e5ad22cd623a 0491e97f9a2144e483b2dfac8a1f4fd1 f4974f50ec7d4eb394e6c42098126ac2 - - default default] Successfully bumped revision number for resource ecae5727-1f6e-4bca-b865-914094b0b3d1 (type: ports) to 1
2026-05-19 14:45:56.473 10 WARNING neutron.scheduler.dhcp_agent_scheduler [None req-5d871427-1e1d-477a-99e0-e5ad22cd623a 0491e97f9a2144e483b2dfac8a1f4fd1 f4974f50ec7d4eb394e6c42098126ac2 - - default default] No more DHCP agents
2026-05-19 14:45:56.475 10 WARNING neutron.api.rpc.agentnotifiers.dhcp_rpc_agent_api [None req-5d871427-1e1d-477a-99e0-e5ad22cd623a 0491e97f9a2144e483b2dfac8a1f4fd1 f4974f50ec7d4eb394e6c42098126ac2 - - default default] Unable to schedule network dc253f3a-5dc6-4aee-8b4c-a78711d1b0d5: no agents available; will retry on subsequent port and subnet creation events.
2026-05-19 14:45:56.560 10 INFO neutron.db.ovn_revision_numbers_db [None req-00429117-a32d-425a-8690-bd046eaff379 - - - - - -] Successfully bumped revision number for resource 991d8967-5c37-4fc5-babf-c2cc79439d62 (type: ports) to 2
2026-05-19 14:45:56.953 10 INFO neutron.db.ovn_revision_numbers_db [None req-00429117-a32d-425a-8690-bd046eaff379 - - - - - -] Successfully bumped revision number for resource 991d8967-5c37-4fc5-babf-c2cc79439d62 (type: router_ports) to 2
2026-05-19 14:45:57.338 10 INFO neutron.db.ovn_revision_numbers_db [None req-5d871427-1e1d-477a-99e0-e5ad22cd623a 0491e97f9a2144e483b2dfac8a1f4fd1 f4974f50ec7d4eb394e6c42098126ac2 - - default default] Successfully bumped revision number for resource ecae5727-1f6e-4bca-b865-914094b0b3d1 (type: router_ports) to 1
2026-05-19 14:45:57.600 10 WARNING neutron.scheduler.dhcp_agent_scheduler [None req-6e9fc539-45ac-4f70-b88d-6a9fe80361aa - - - - - -] No more DHCP agents
2026-05-19 14:45:57.603 10 WARNING neutron.api.rpc.agentnotifiers.dhcp_rpc_agent_api [None req-6e9fc539-45ac-4f70-b88d-6a9fe80361aa - - - - - -] Unable to schedule network dc253f3a-5dc6-4aee-8b4c-a78711d1b0d5: no agents available; will retry on subsequent port and subnet creation events.
2026-05-19 14:45:57.722 9 INFO neutron.wsgi [None req-5862ebc1-ca46-47a5-8a5d-677aed6a902e 6f9b105d61024b9d8b2c98865e8490d7 aef2772629f84717a50d66b94ca386a5 - - default default] 10.0.0.201 "GET /v2.0/networks HTTP/1.1" status: 200 len: 5245 time: 0.2067327
2026-05-19 14:45:57.750 9 INFO neutron.wsgi [None req-d5692b8c-bb3b-4b9c-8f77-adfb5035b4ad 6f9b105d61024b9d8b2c98865e8490d7 aef2772629f84717a50d66b94ca386a5 - - default default] 10.0.0.201 "GET /v2.0/network-ip-availabilities HTTP/1.1" status: 200 len: 2968 time: 0.0238457
2026-05-19 14:45:57.786 10 INFO neutron.db.ovn_revision_numbers_db [None req-6e9fc539-45ac-4f70-b88d-6a9fe80361aa - - - - - -] Successfully bumped revision number for resource 6f752f4c-1417-4292-be5a-e4e1c9fdc6cb (type: ports) to 1
2026-05-19 14:45:57.837 9 INFO neutron.wsgi [None req-87882bc3-e5a8-43c5-916e-20fa47d40f85 6f9b105d61024b9d8b2c98865e8490d7 aef2772629f84717a50d66b94ca386a5 - - default default] 10.0.0.201 "GET /v2.0/subnets HTTP/1.1" status: 200 len: 4000 time: 0.0857151
2026-05-19 14:45:57.950 9 INFO neutron.wsgi [None req-201a2911-20dc-40ff-a049-387edf7e0d93 6f9b105d61024b9d8b2c98865e8490d7 aef2772629f84717a50d66b94ca386a5 - - default default] 10.0.0.201 "GET /v2.0/ports HTTP/1.1" status: 200 len: 19830 time: 0.1109998
2026-05-19 14:45:58.066 10 INFO neutron.db.ovn_revision_numbers_db [None req-6e9fc539-45ac-4f70-b88d-6a9fe80361aa - - - - - -] Successfully bumped revision number for resource 6f752f4c-1417-4292-be5a-e4e1c9fdc6cb (type: ports) to 1
2026-05-19 14:45:58.073 9 INFO neutron.wsgi [None req-610ad280-5c92-433d-83fb-d97373d1a54b 6f9b105d61024b9d8b2c98865e8490d7 aef2772629f84717a50d66b94ca386a5 - - default default] 10.0.0.201 "GET /v2.0/routers HTTP/1.1" status: 200 len: 2189 time: 0.1053028
2026-05-19 14:45:58.086 9 INFO neutron.wsgi [None req-bcafc239-2e58-456e-8d88-7dd7d70a8859 6f9b105d61024b9d8b2c98865e8490d7 aef2772629f84717a50d66b94ca386a5 - - default default] 10.0.0.201 "GET /v2.0/agents?binary=ovn-controller HTTP/1.1" status: 200 len: 591 time: 0.0115407
2026-05-19 14:45:58.100 9 INFO neutron.wsgi [None req-8ee44e89-b448-43c1-9485-97846a5fc26f 6f9b105d61024b9d8b2c98865e8490d7 aef2772629f84717a50d66b94ca386a5 - - default default] 10.0.0.201 "GET /v2.0/agents HTTP/1.1" status: 200 len: 1390 time: 0.0119088
2026-05-19 14:45:58.126 9 INFO neutron.wsgi [None req-7aa303b4-702b-428c-862e-4a566f4f59b6 6f9b105d61024b9d8b2c98865e8490d7 aef2772629f84717a50d66b94ca386a5 - - default default] 10.0.0.201 "GET /v2.0/floatingips HTTP/1.1" status: 200 len: 193 time: 0.0243583
2026-05-19 14:45:58.169 9 INFO neutron.wsgi [None req-ac02158b-72da-4646-97f2-f16af03bed0b 6f9b105d61024b9d8b2c98865e8490d7 aef2772629f84717a50d66b94ca386a5 - - default default] 10.0.0.201 "GET /v2.0/security-groups HTTP/1.1" status: 200 len: 20478 time: 0.0425720
2026-05-19 14:45:58.214 9 INFO neutron.wsgi [None req-e0237227-ccf6-42ee-b0a8-462afe3d85ea 6f9b105d61024b9d8b2c98865e8490d7 aef2772629f84717a50d66b94ca386a5 - - default default] 10.0.0.201 "GET /v2.0/subnets HTTP/1.1" status: 200 len: 4000 time: 0.0386639
2026-05-19 14:45:58.227 9 INFO neutron.wsgi [None req-229e6efb-6edc-4ffd-924f-bdb45c8a2ce3 6f9b105d61024b9d8b2c98865e8490d7 aef2772629f84717a50d66b94ca386a5 - - default default] 10.0.0.201 "GET /v2.0/subnetpools HTTP/1.1" status: 200 len: 193 time: 0.0119538
2026-05-19 14:45:58.316 10 INFO neutron.wsgi [None req-5d871427-1e1d-477a-99e0-e5ad22cd623a 0491e97f9a2144e483b2dfac8a1f4fd1 f4974f50ec7d4eb394e6c42098126ac2 - - default default] 10.0.0.79 "POST /v2.0/vpn/vpnservices HTTP/1.1" status: 201 len: 657 time: 5.4200990
2026-05-19 14:45:58.332 10 INFO neutron.wsgi [None req-8bbb4e78-daca-4402-9ebe-a3f9e2150bc8 8dfd2d19f4d24a18933a72548669d385 c16308a247d344b780b4b00bb4decb5a - - default default] 10.0.0.79 "GET /v2.0/vpn/vpnservices HTTP/1.1" status: 200 len: 1502 time: 0.0125802
2026-05-19 14:45:59.284 9 INFO neutron.wsgi [None req-d3e8cd06-ecce-417c-8f06-db7d9a309e36 28bf5bbf90574deda1164c9d262f904f 2bd8d2af46b84c228fb7f5dd43851ea9 - - default default] 10.0.0.79 "POST /v2.0/qos/policies HTTP/1.1" status: 201 len: 558 time: 0.2208881
2026-05-19 14:45:59.335 9 INFO neutron.wsgi [None req-35ba8a62-4542-4592-aaa9-047e3bd746d4 28bf5bbf90574deda1164c9d262f904f 2bd8d2af46b84c228fb7f5dd43851ea9 - - default default] 10.0.0.79 "PUT /v2.0/policies/17e921dc-3f89-42d4-afc6-4482ec544844/tags HTTP/1.1" status: 200 len: 218 time: 0.0450811
2026-05-19 14:45:59.365 9 INFO neutron.wsgi [None req-2368a693-add0-4ac8-9522-f4a5fc1c2592 28bf5bbf90574deda1164c9d262f904f 2bd8d2af46b84c228fb7f5dd43851ea9 - - default default] 10.0.0.79 "GET /v2.0/policies/17e921dc-3f89-42d4-afc6-4482ec544844/tags HTTP/1.1" status: 200 len: 218 time: 0.0241094
2026-05-19 14:45:59.427 10 INFO neutron.wsgi [None req-1e840584-d968-4da5-8367-060aacca9cb4 28bf5bbf90574deda1164c9d262f904f 2bd8d2af46b84c228fb7f5dd43851ea9 - - default default] 10.0.0.79 "PUT /v2.0/policies/17e921dc-3f89-42d4-afc6-4482ec544844/tags/green HTTP/1.1" status: 201 len: 201 time: 0.0572705
2026-05-19 14:45:59.457 9 INFO neutron.wsgi [None req-d6f3cf6e-f615-4cd0-9192-641d37187c2f 28bf5bbf90574deda1164c9d262f904f 2bd8d2af46b84c228fb7f5dd43851ea9 - - default default] 10.0.0.79 "GET /v2.0/policies/17e921dc-3f89-42d4-afc6-4482ec544844/tags HTTP/1.1" status: 200 len: 227 time: 0.0244672
2026-05-19 14:45:59.483 9 INFO neutron.wsgi [None req-536ce1e9-64a5-4527-bb6d-47f11273b7a8 28bf5bbf90574deda1164c9d262f904f 2bd8d2af46b84c228fb7f5dd43851ea9 - - default default] 10.0.0.79 "PUT /v2.0/policies/17e921dc-3f89-42d4-afc6-4482ec544844/tags/red HTTP/1.1" status: 201 len: 201 time: 0.0213518
2026-05-19 14:45:59.515 9 INFO neutron.wsgi [None req-fcd373df-0539-484a-a8b0-9a1f8f5b194b 28bf5bbf90574deda1164c9d262f904f 2bd8d2af46b84c228fb7f5dd43851ea9 - - default default] 10.0.0.79 "GET /v2.0/policies/17e921dc-3f89-42d4-afc6-4482ec544844/tags HTTP/1.1" status: 200 len: 227 time: 0.0274045
2026-05-19 14:45:59.590 10 INFO neutron.wsgi [None req-9a7abd5e-90f8-4454-a5b2-8e149f541eee 28bf5bbf90574deda1164c9d262f904f 2bd8d2af46b84c228fb7f5dd43851ea9 - - default default] 10.0.0.79 "PUT /v2.0/policies/17e921dc-3f89-42d4-afc6-4482ec544844/tags/black.or.white HTTP/1.1" status: 201 len: 201 time: 0.0683863
2026-05-19 14:45:59.618 9 INFO neutron.wsgi [None req-007fa5ee-d902-4e6c-879d-5bebdcb7fc31 28bf5bbf90574deda1164c9d262f904f 2bd8d2af46b84c228fb7f5dd43851ea9 - - default default] 10.0.0.79 "GET /v2.0/policies/17e921dc-3f89-42d4-afc6-4482ec544844/tags HTTP/1.1" status: 200 len: 245 time: 0.0219579
2026-05-19 14:45:59.668 9 INFO neutron.wsgi [None req-ec840d7a-a573-4aac-ab3a-41bd760ad4e6 28bf5bbf90574deda1164c9d262f904f 2bd8d2af46b84c228fb7f5dd43851ea9 - - default default] 10.0.0.79 "PUT /v2.0/policies/17e921dc-3f89-42d4-afc6-4482ec544844/tags HTTP/1.1" status: 200 len: 230 time: 0.0441575
2026-05-19 14:45:59.691 9 INFO neutron.wsgi [None req-bb2b650f-dfc8-42da-9c21-0fa2bed5f316 28bf5bbf90574deda1164c9d262f904f 2bd8d2af46b84c228fb7f5dd43851ea9 - - default default] 10.0.0.79 "GET /v2.0/policies/17e921dc-3f89-42d4-afc6-4482ec544844/tags HTTP/1.1" status: 200 len: 230 time: 0.0189581
2026-05-19 14:45:59.714 9 INFO neutron.wsgi [None req-a2f06cab-03f2-45ea-8559-64c7890ea5c2 28bf5bbf90574deda1164c9d262f904f 2bd8d2af46b84c228fb7f5dd43851ea9 - - default default] 10.0.0.79 "GET /v2.0/policies/17e921dc-3f89-42d4-afc6-4482ec544844/tags/red HTTP/1.1" status: 204 len: 168 time: 0.0189729
2026-05-19 14:45:59.739 9 INFO neutron.api.v2.resource [None req-9ed7e4c2-0b8e-439e-a371-d3e1e22f0d95 28bf5bbf90574deda1164c9d262f904f 2bd8d2af46b84c228fb7f5dd43851ea9 - - default default] show failed (client error): The resource could not be found.
2026-05-19 14:45:59.740 9 INFO neutron.wsgi [None req-9ed7e4c2-0b8e-439e-a371-d3e1e22f0d95 28bf5bbf90574deda1164c9d262f904f 2bd8d2af46b84c228fb7f5dd43851ea9 - - default default] 10.0.0.79 "GET /v2.0/policies/17e921dc-3f89-42d4-afc6-4482ec544844/tags/green HTTP/1.1" status: 404 len: 299 time: 0.0204620
2026-05-19 14:45:59.782 9 INFO neutron.wsgi [None req-957b2783-75be-4990-bfc7-0a5ff0aff9b0 28bf5bbf90574deda1164c9d262f904f 2bd8d2af46b84c228fb7f5dd43851ea9 - - default default] 10.0.0.79 "DELETE /v2.0/policies/17e921dc-3f89-42d4-afc6-4482ec544844/tags/red HTTP/1.1" status: 204 len: 168 time: 0.0346828
2026-05-19 14:45:59.783 10 WARNING neutron_lib.context [None req-9bf26fff-3946-4afb-a86a-4a85315b5057 67ba0da9636048b28c7ce8184706931c 6f96320c0af14fb7a3fb881ce8bf4682 - - default default] Method 'is_advsvc' is deprecated since 2023.2 release (neutron-lib 3.8.0) and will be removed once support for the old RBAC API policies will be removed from Neutron. Please use method 'is_service_role' instead.
2026-05-19 14:45:59.804 9 INFO neutron.wsgi [None req-40ff3387-2e7f-41a0-b8f8-51fa2c74f7a2 28bf5bbf90574deda1164c9d262f904f 2bd8d2af46b84c228fb7f5dd43851ea9 - - default default] 10.0.0.79 "GET /v2.0/policies/17e921dc-3f89-42d4-afc6-4482ec544844/tags HTTP/1.1" status: 200 len: 223 time: 0.0172482
2026-05-19 14:46:00.123 10 INFO neutron.api.v2.resource [None req-db8cd98b-21ed-425f-bf61-9d32eb425e2e 28bf5bbf90574deda1164c9d262f904f 2bd8d2af46b84c228fb7f5dd43851ea9 - - default default] delete failed (client error): The resource could not be found.
2026-05-19 14:46:00.125 10 INFO neutron.wsgi [None req-db8cd98b-21ed-425f-bf61-9d32eb425e2e 28bf5bbf90574deda1164c9d262f904f 2bd8d2af46b84c228fb7f5dd43851ea9 - - default default] 10.0.0.79 "DELETE /v2.0/policies/17e921dc-3f89-42d4-afc6-4482ec544844/tags/green HTTP/1.1" status: 404 len: 299 time: 0.3167531
2026-05-19 14:46:00.165 9 INFO neutron.wsgi [None req-2ee517d8-899e-430c-86b5-ac7cd226d01a 28bf5bbf90574deda1164c9d262f904f 2bd8d2af46b84c228fb7f5dd43851ea9 - - default default] 10.0.0.79 "DELETE /v2.0/policies/17e921dc-3f89-42d4-afc6-4482ec544844/tags HTTP/1.1" status: 204 len: 168 time: 0.0343144
2026-05-19 14:46:00.191 9 INFO neutron.wsgi [None req-0c844ccd-b9da-40c9-ba04-ae1cd1376227 28bf5bbf90574deda1164c9d262f904f 2bd8d2af46b84c228fb7f5dd43851ea9 - - default default] 10.0.0.79 "GET /v2.0/policies/17e921dc-3f89-42d4-afc6-4482ec544844/tags HTTP/1.1" status: 200 len: 205 time: 0.0199401
2026-05-19 14:46:00.340 10 INFO neutron.db.ovn_revision_numbers_db [None req-9bf26fff-3946-4afb-a86a-4a85315b5057 67ba0da9636048b28c7ce8184706931c 6f96320c0af14fb7a3fb881ce8bf4682 - - default default] Successfully bumped revision number for resource 63bcb6d7-f1be-44d9-b3a8-1c044c80e02e (type: security_groups) to 1
2026-05-19 14:46:00.348 10 INFO neutron.wsgi [None req-f82cfe4c-e3e1-4a0b-9c2a-58505910509f 28bf5bbf90574deda1164c9d262f904f 2bd8d2af46b84c228fb7f5dd43851ea9 - - default default] 10.0.0.79 "DELETE /v2.0/qos/policies/17e921dc-3f89-42d4-afc6-4482ec544844 HTTP/1.1" status: 204 len: 168 time: 0.1442115
2026-05-19 14:46:00.376 10 INFO neutron.db.ovn_revision_numbers_db [None req-9bf26fff-3946-4afb-a86a-4a85315b5057 67ba0da9636048b28c7ce8184706931c 6f96320c0af14fb7a3fb881ce8bf4682 - - default default] Successfully bumped revision number for resource 1117067b-8df8-4e44-9790-f6ae7343d86b (type: security_group_rules) to 0
2026-05-19 14:46:00.404 10 INFO neutron.db.ovn_revision_numbers_db [None req-9bf26fff-3946-4afb-a86a-4a85315b5057 67ba0da9636048b28c7ce8184706931c 6f96320c0af14fb7a3fb881ce8bf4682 - - default default] Successfully bumped revision number for resource 5f882b28-7818-49c6-850c-8522894357f1 (type: security_group_rules) to 0
2026-05-19 14:46:00.423 10 INFO neutron.db.ovn_revision_numbers_db [None req-9bf26fff-3946-4afb-a86a-4a85315b5057 67ba0da9636048b28c7ce8184706931c 6f96320c0af14fb7a3fb881ce8bf4682 - - default default] Successfully bumped revision number for resource a2a3cbae-fc5c-4203-ac3f-4520cef5bb49 (type: security_group_rules) to 0
2026-05-19 14:46:00.452 10 INFO neutron.db.ovn_revision_numbers_db [None req-9bf26fff-3946-4afb-a86a-4a85315b5057 67ba0da9636048b28c7ce8184706931c 6f96320c0af14fb7a3fb881ce8bf4682 - - default default] Successfully bumped revision number for resource bc470098-dad0-4428-87f6-de640b12c3f3 (type: security_group_rules) to 0
2026-05-19 14:46:00.528 10 INFO neutron.db.segments_db [None req-9bf26fff-3946-4afb-a86a-4a85315b5057 67ba0da9636048b28c7ce8184706931c 6f96320c0af14fb7a3fb881ce8bf4682 - - default default] Added segment 4c0ada5b-1fa3-4143-bae1-08f6ba419dae of type geneve for network 4664fe3b-a045-4a57-a245-da1bd47b3aaa
2026-05-19 14:46:00.736 10 INFO neutron.db.ovn_revision_numbers_db [None req-9bf26fff-3946-4afb-a86a-4a85315b5057 67ba0da9636048b28c7ce8184706931c 6f96320c0af14fb7a3fb881ce8bf4682 - - default default] Successfully bumped revision number for resource 4664fe3b-a045-4a57-a245-da1bd47b3aaa (type: networks) to 1
2026-05-19 14:46:00.987 10 WARNING neutron.scheduler.dhcp_agent_scheduler [None req-9bf26fff-3946-4afb-a86a-4a85315b5057 67ba0da9636048b28c7ce8184706931c 6f96320c0af14fb7a3fb881ce8bf4682 - - default default] No more DHCP agents
2026-05-19 14:46:00.991 10 WARNING neutron.api.rpc.agentnotifiers.dhcp_rpc_agent_api [None req-9bf26fff-3946-4afb-a86a-4a85315b5057 67ba0da9636048b28c7ce8184706931c 6f96320c0af14fb7a3fb881ce8bf4682 - - default default] Unable to schedule network 4664fe3b-a045-4a57-a245-da1bd47b3aaa: no agents available; will retry on subsequent port and subnet creation events.
2026-05-19 14:46:01.104 10 INFO neutron.db.ovn_revision_numbers_db [None req-9bf26fff-3946-4afb-a86a-4a85315b5057 67ba0da9636048b28c7ce8184706931c 6f96320c0af14fb7a3fb881ce8bf4682 - - default default] Successfully bumped revision number for resource 75d7869f-5f7e-4de2-ab39-87247f4114ff (type: ports) to 1
2026-05-19 14:46:01.150 10 INFO neutron.wsgi [None req-9bf26fff-3946-4afb-a86a-4a85315b5057 67ba0da9636048b28c7ce8184706931c 6f96320c0af14fb7a3fb881ce8bf4682 - - default default] 10.0.0.79 "POST /v2.0/networks HTTP/1.1" status: 201 len: 830 time: 1.4205787 /var/lib/openstack/lib/python3.10/site-packages/pycadf/identifier.py:71: UserWarning: Invalid uuid: neutron. To ensure interoperability, identifiers should be a valid uuid. warnings.warn(('Invalid uuid: %s. To ensure interoperability, '
2026-05-19 14:46:01.159 10 WARNING neutron_lib.context [None req-1926f417-7050-46cb-85e5-9d1c995b9dd1 67ba0da9636048b28c7ce8184706931c 6f96320c0af14fb7a3fb881ce8bf4682 - - default default] Method 'is_advsvc' is deprecated since 2023.2 release (neutron-lib 3.8.0) and will be removed once support for the old RBAC API policies will be removed from Neutron. Please use method 'is_service_role' instead.
2026-05-19 14:46:01.276 10 INFO neutron.db.segments_db [None req-1926f417-7050-46cb-85e5-9d1c995b9dd1 67ba0da9636048b28c7ce8184706931c 6f96320c0af14fb7a3fb881ce8bf4682 - - default default] Added segment f5f98663-2fcd-4444-890b-9ef34f42973d of type geneve for network c9287a46-f9a6-40fa-b6f8-9c23be76afdb
2026-05-19 14:46:01.277 9 INFO neutron.db.ovn_revision_numbers_db [None req-b86cd95a-dcd5-4b94-a29e-c667e94d22d0 6f9b105d61024b9d8b2c98865e8490d7 aef2772629f84717a50d66b94ca386a5 - - default default] Successfully bumped revision number for resource 1e94754b-ed49-42a3-831e-34cdaf545b63 (type: security_groups) to 1
2026-05-19 14:46:01.297 9 INFO neutron.db.ovn_revision_numbers_db [None req-b86cd95a-dcd5-4b94-a29e-c667e94d22d0 6f9b105d61024b9d8b2c98865e8490d7 aef2772629f84717a50d66b94ca386a5 - - default default] Successfully bumped revision number for resource 36ba2ecc-324b-4c47-8d8f-ecfb0bb64db0 (type: security_group_rules) to 0
2026-05-19 14:46:01.311 9 INFO neutron.db.ovn_revision_numbers_db [None req-b86cd95a-dcd5-4b94-a29e-c667e94d22d0 6f9b105d61024b9d8b2c98865e8490d7 aef2772629f84717a50d66b94ca386a5 - - default default] Successfully bumped revision number for resource 6e99c85f-dcbf-473d-9542-e98a176f0e2d (type: security_group_rules) to 0
2026-05-19 14:46:01.327 9 INFO neutron.db.ovn_revision_numbers_db [None req-b86cd95a-dcd5-4b94-a29e-c667e94d22d0 6f9b105d61024b9d8b2c98865e8490d7 aef2772629f84717a50d66b94ca386a5 - - default default] Successfully bumped revision number for resource 7c7448d4-a92b-4cd5-b8a4-8e12ad643703 (type: security_group_rules) to 0
2026-05-19 14:46:01.343 9 INFO neutron.db.ovn_revision_numbers_db [None req-b86cd95a-dcd5-4b94-a29e-c667e94d22d0 6f9b105d61024b9d8b2c98865e8490d7 aef2772629f84717a50d66b94ca386a5 - - default default] Successfully bumped revision number for resource c6d9c4f5-21c2-4b2d-b05b-67ae39c65461 (type: security_group_rules) to 0
2026-05-19 14:46:01.365 9 INFO neutron.wsgi [None req-b86cd95a-dcd5-4b94-a29e-c667e94d22d0 6f9b105d61024b9d8b2c98865e8490d7 aef2772629f84717a50d66b94ca386a5 - - default default] 10.0.0.79 "GET /v2.0/security-groups?tenant_id=aa8fa73864b2444d8d61f8a237982c21&name=default HTTP/1.1" status: 200 len: 3124 time: 0.3238714
2026-05-19 14:46:01.489 10 INFO neutron.db.ovn_revision_numbers_db [None req-1926f417-7050-46cb-85e5-9d1c995b9dd1 67ba0da9636048b28c7ce8184706931c 6f96320c0af14fb7a3fb881ce8bf4682 - - default default] Successfully bumped revision number for resource c9287a46-f9a6-40fa-b6f8-9c23be76afdb (type: networks) to 1
2026-05-19 14:46:01.707 10 INFO neutron.services.segments.plugin [-] Segment 26d2aff3-e146-45db-baa9-d4e2f461ff96 resource provider aggregate not found
2026-05-19 14:46:01.712 10 INFO neutron.services.segments.plugin [-] Segment 26d2aff3-e146-45db-baa9-d4e2f461ff96 resource provider aggregate not found
2026-05-19 14:46:01.720 10 INFO neutron.services.segments.plugin [-] Segment 26d2aff3-e146-45db-baa9-d4e2f461ff96 resource provider not found; error: Placement Client Error (4xx): {"errors": [{"status": 404, "title": "Not Found", "detail": "The resource could not be found.\n\n No resource provider with uuid 26d2aff3-e146-45db-baa9-d4e2f461ff96 found for delete ", "request_id": "req-c477f796-170b-44f9-9994-48af6ac6f368"}]}
2026-05-19 14:46:01.727 10 INFO neutron.services.segments.plugin [-] Segment 26d2aff3-e146-45db-baa9-d4e2f461ff96 resource provider not found; error: Placement Client Error (4xx): {"errors": [{"status": 404, "title": "Not Found", "detail": "The resource could not be found.\n\n No resource provider with uuid 26d2aff3-e146-45db-baa9-d4e2f461ff96 found for delete ", "request_id": "req-082356ba-f79f-48d7-bcad-cffc4ba152e0"}]}
2026-05-19 14:46:01.785 10 INFO neutron.wsgi [None req-76cd6829-8756-4a36-9444-f684751b744b 0491e97f9a2144e483b2dfac8a1f4fd1 f4974f50ec7d4eb394e6c42098126ac2 - - default default] 10.0.0.79 "DELETE /v2.0/vpn/vpnservices/d7307b33-ec49-4408-aeb8-dd3553a6b2e2 HTTP/1.1" status: 204 len: 168 time: 3.4488544
2026-05-19 14:46:01.799 9 WARNING neutron_lib.context [None req-4d30bad7-9705-405f-aafe-b1115ea5ade6 8dfd2d19f4d24a18933a72548669d385 c16308a247d344b780b4b00bb4decb5a - - default default] Method 'is_advsvc' is deprecated since 2023.2 release (neutron-lib 3.8.0) and will be removed once support for the old RBAC API policies will be removed from Neutron. Please use method 'is_service_role' instead.
2026-05-19 14:46:01.820 10 WARNING neutron.scheduler.dhcp_agent_scheduler [None req-1926f417-7050-46cb-85e5-9d1c995b9dd1 67ba0da9636048b28c7ce8184706931c 6f96320c0af14fb7a3fb881ce8bf4682 - - default default] No more DHCP agents
2026-05-19 14:46:01.821 10 WARNING neutron.api.rpc.agentnotifiers.dhcp_rpc_agent_api [None req-1926f417-7050-46cb-85e5-9d1c995b9dd1 67ba0da9636048b28c7ce8184706931c 6f96320c0af14fb7a3fb881ce8bf4682 - - default default] Unable to schedule network c9287a46-f9a6-40fa-b6f8-9c23be76afdb: no agents available; will retry on subsequent port and subnet creation events.
2026-05-19 14:46:01.843 10 INFO neutron.wsgi [None req-483026e4-f852-4a60-8a06-841030352471 6f9b105d61024b9d8b2c98865e8490d7 aef2772629f84717a50d66b94ca386a5 - - default default] 10.0.0.79 "DELETE /v2.0/security-groups/1e94754b-ed49-42a3-831e-34cdaf545b63 HTTP/1.1" status: 204 len: 168 time: 0.4722984
