2026-05-19 14:42:15.734 9 INFO neutron.wsgi [req-c937a955-da95-49a5-a489-72f5c0a0506a req-83ccf3b4-38e2-4b2e-9055-674b62e501de c4d86f3ee7c047b48dabbebc063bc956 1224939634bd49b4879b00c629c2a4e2 - - default default] 199.204.45.156 "GET /v2.0/security-groups?fields=id&fields=name&tenant_id=1224939634bd49b4879b00c629c2a4e2 HTTP/1.1" status: 200 len: 379 time: 0.0590949
2026-05-19 14:42:15.755 9 WARNING neutron_lib.context [req-c937a955-da95-49a5-a489-72f5c0a0506a req-02588730-0c78-49ca-801d-e6c930ed9e76 c4d86f3ee7c047b48dabbebc063bc956 1224939634bd49b4879b00c629c2a4e2 - - default default] Method 'is_advsvc' is deprecated since 2023.2 release (neutron-lib 3.8.0) and will be removed once support for the old RBAC API policies will be removed from Neutron. Please use method 'is_service_role' instead.
2026-05-19 14:42:16.017 9 INFO neutron.wsgi [req-43259df2-0660-417c-a8d4-a3a2f10ba4dd req-7d4708a8-04f8-4dde-820f-b440ca6343e9 c4d86f3ee7c047b48dabbebc063bc956 1224939634bd49b4879b00c629c2a4e2 - - default default] 10.0.0.30 "GET /v2.0/ports?device_id=ce7917ee-3b15-4e8c-9990-da14eb5c7a42 HTTP/1.1" status: 200 len: 210 time: 0.0275087
2026-05-19 14:42:16.104 9 WARNING neutron.scheduler.dhcp_agent_scheduler [req-c937a955-da95-49a5-a489-72f5c0a0506a req-02588730-0c78-49ca-801d-e6c930ed9e76 c4d86f3ee7c047b48dabbebc063bc956 1224939634bd49b4879b00c629c2a4e2 - - default default] No more DHCP agents
2026-05-19 14:42:16.107 9 WARNING neutron.api.rpc.agentnotifiers.dhcp_rpc_agent_api [req-c937a955-da95-49a5-a489-72f5c0a0506a req-02588730-0c78-49ca-801d-e6c930ed9e76 c4d86f3ee7c047b48dabbebc063bc956 1224939634bd49b4879b00c629c2a4e2 - - default default] Unable to schedule network 01ce076e-1244-4d9d-a9f2-02471c3cb071: no agents available; will retry on subsequent port and subnet creation events.
2026-05-19 14:42:16.292 9 INFO neutron.db.ovn_revision_numbers_db [req-c937a955-da95-49a5-a489-72f5c0a0506a req-02588730-0c78-49ca-801d-e6c930ed9e76 c4d86f3ee7c047b48dabbebc063bc956 1224939634bd49b4879b00c629c2a4e2 - - default default] Successfully bumped revision number for resource 92e7d344-f553-4915-9a2b-98db1c70abe0 (type: ports) to 1
2026-05-19 14:42:16.315 9 INFO neutron.wsgi [req-c937a955-da95-49a5-a489-72f5c0a0506a req-02588730-0c78-49ca-801d-e6c930ed9e76 c4d86f3ee7c047b48dabbebc063bc956 1224939634bd49b4879b00c629c2a4e2 - - default default] 199.204.45.156 "POST /v2.0/ports HTTP/1.1" status: 201 len: 1158 time: 0.5684240 /var/lib/openstack/lib/python3.10/site-packages/pycadf/identifier.py:71: UserWarning: Invalid uuid: neutron. To ensure interoperability, identifiers should be a valid uuid. warnings.warn(('Invalid uuid: %s. To ensure interoperability, ' /var/lib/openstack/lib/python3.10/site-packages/pycadf/identifier.py:71: UserWarning: Invalid uuid: neutron. To ensure interoperability, identifiers should be a valid uuid. warnings.warn(('Invalid uuid: %s. To ensure interoperability, '
2026-05-19 14:42:16.711 10 INFO neutron.wsgi [None req-aba6f2b0-8869-4381-8ffe-d98072568a4b a9b49327b26d43b59905daa9a2599a74 6357b6ff112543b69dee4e17836cda67 - - default default] 10.0.0.79 "DELETE /v2.0/security-groups/8dc32287-f97a-4561-814b-7f0dcb1681a6 HTTP/1.1" status: 204 len: 168 time: 0.1357300
2026-05-19 14:42:16.730 10 INFO neutron.api.v2.resource [None req-daa2918b-55f6-4d3a-afdc-165b19974cde a9b49327b26d43b59905daa9a2599a74 6357b6ff112543b69dee4e17836cda67 - - default default] show failed (client error): The resource could not be found.
2026-05-19 14:42:16.732 10 INFO neutron.wsgi [None req-daa2918b-55f6-4d3a-afdc-165b19974cde a9b49327b26d43b59905daa9a2599a74 6357b6ff112543b69dee4e17836cda67 - - default default] 10.0.0.79 "GET /v2.0/security-groups/8dc32287-f97a-4561-814b-7f0dcb1681a6 HTTP/1.1" status: 404 len: 347 time: 0.0141594
2026-05-19 14:42:16.800 9 INFO neutron.db.ovn_revision_numbers_db [req-c937a955-da95-49a5-a489-72f5c0a0506a req-5b0a61f8-7e25-43cf-ad12-216cc7ecbf4d 156adcbb0db7443b9d97dd5c878ac534 6ecdba8b676b4fa9955fb4bb59e11ad5 - - 85890822551543a1be603b4f7ec3a325 85890822551543a1be603b4f7ec3a325] Successfully bumped revision number for resource 92e7d344-f553-4915-9a2b-98db1c70abe0 (type: ports) to 2
2026-05-19 14:42:17.015 9 INFO neutron.db.ovn_revision_numbers_db [req-c937a955-da95-49a5-a489-72f5c0a0506a req-5b0a61f8-7e25-43cf-ad12-216cc7ecbf4d 156adcbb0db7443b9d97dd5c878ac534 6ecdba8b676b4fa9955fb4bb59e11ad5 - - 85890822551543a1be603b4f7ec3a325 85890822551543a1be603b4f7ec3a325] Successfully bumped revision number for resource 92e7d344-f553-4915-9a2b-98db1c70abe0 (type: ports) to 2
2026-05-19 14:42:17.033 9 INFO neutron.wsgi [req-c937a955-da95-49a5-a489-72f5c0a0506a req-5b0a61f8-7e25-43cf-ad12-216cc7ecbf4d 156adcbb0db7443b9d97dd5c878ac534 6ecdba8b676b4fa9955fb4bb59e11ad5 - - 85890822551543a1be603b4f7ec3a325 85890822551543a1be603b4f7ec3a325] 199.204.45.156 "PUT /v2.0/ports/92e7d344-f553-4915-9a2b-98db1c70abe0 HTTP/1.1" status: 200 len: 1376 time: 0.7098973
2026-05-19 14:42:17.066 9 INFO neutron.wsgi [-] 10.0.0.138 "GET / HTTP/1.1" status: 200 len: 246 time: 0.0019951
2026-05-19 14:42:17.070 9 INFO neutron.wsgi [-] 10.0.0.138 "GET / HTTP/1.1" status: 200 len: 246 time: 0.0020089 /var/lib/openstack/lib/python3.10/site-packages/pycadf/identifier.py:71: UserWarning: Invalid uuid: neutron. To ensure interoperability, identifiers should be a valid uuid. warnings.warn(('Invalid uuid: %s. To ensure interoperability, '
2026-05-19 14:42:17.116 10 INFO neutron.wsgi [None req-c1f0a62c-1990-4b49-a76c-eef0315b8431 a9b49327b26d43b59905daa9a2599a74 6357b6ff112543b69dee4e17836cda67 - - default default] 10.0.0.79 "DELETE /v2.0/floatingips/98ec5f29-6ad0-4546-b6d3-65c333673131 HTTP/1.1" status: 204 len: 168 time: 0.3803086
2026-05-19 14:42:17.145 9 INFO neutron.wsgi [req-c937a955-da95-49a5-a489-72f5c0a0506a req-a43d2795-afc1-459e-a700-1f4d56140404 156adcbb0db7443b9d97dd5c878ac534 6ecdba8b676b4fa9955fb4bb59e11ad5 - - 85890822551543a1be603b4f7ec3a325 85890822551543a1be603b4f7ec3a325] 199.204.45.156 "GET /v2.0/ports?tenant_id=1224939634bd49b4879b00c629c2a4e2&device_id=ce7917ee-3b15-4e8c-9990-da14eb5c7a42 HTTP/1.1" status: 200 len: 1407 time: 0.0669682
2026-05-19 14:42:17.151 9 INFO neutron.wsgi [req-96f44781-3b62-469b-8a3c-c1455ea6968d req-5095175a-f1ab-44e7-b091-75d68b2e1ca4 c4d86f3ee7c047b48dabbebc063bc956 1224939634bd49b4879b00c629c2a4e2 - - default default] 10.0.0.30 "GET /v2.0/ports?device_id=ce7917ee-3b15-4e8c-9990-da14eb5c7a42 HTTP/1.1" status: 200 len: 1168 time: 0.0603166
2026-05-19 14:42:17.178 9 INFO neutron.wsgi [req-c937a955-da95-49a5-a489-72f5c0a0506a req-67edf836-c77c-419e-945e-eafe4b0fdc33 156adcbb0db7443b9d97dd5c878ac534 6ecdba8b676b4fa9955fb4bb59e11ad5 - - 85890822551543a1be603b4f7ec3a325 85890822551543a1be603b4f7ec3a325] 199.204.45.156 "GET /v2.0/floatingips?fixed_ip_address=10.100.0.9&port_id=92e7d344-f553-4915-9a2b-98db1c70abe0 HTTP/1.1" status: 200 len: 217 time: 0.0267243
2026-05-19 14:42:17.225 9 INFO neutron.wsgi [req-96f44781-3b62-469b-8a3c-c1455ea6968d req-a4052127-5a93-4a41-a3a3-c407c362ab32 c4d86f3ee7c047b48dabbebc063bc956 1224939634bd49b4879b00c629c2a4e2 - - default default] 10.0.0.30 "GET /v2.0/security-groups?id=2d65b9da-a85c-4fa2-95ad-3d68ef8932a3&fields=id&fields=name HTTP/1.1" status: 200 len: 312 time: 0.0673380
2026-05-19 14:42:17.228 9 INFO neutron.wsgi [req-c937a955-da95-49a5-a489-72f5c0a0506a req-417f28f0-868c-4269-9c3e-4f5e13d67b2d 156adcbb0db7443b9d97dd5c878ac534 6ecdba8b676b4fa9955fb4bb59e11ad5 - - 85890822551543a1be603b4f7ec3a325 85890822551543a1be603b4f7ec3a325] 199.204.45.156 "GET /v2.0/subnets?id=1cd54166-c01d-4a56-8f55-e770b67878a9 HTTP/1.1" status: 200 len: 862 time: 0.0423355
2026-05-19 14:42:17.280 9 INFO neutron.wsgi [req-c937a955-da95-49a5-a489-72f5c0a0506a req-da103b5c-3b1a-4729-9e95-3247dddc1518 156adcbb0db7443b9d97dd5c878ac534 6ecdba8b676b4fa9955fb4bb59e11ad5 - - 85890822551543a1be603b4f7ec3a325 85890822551543a1be603b4f7ec3a325] 199.204.45.156 "GET /v2.0/ports?network_id=01ce076e-1244-4d9d-a9f2-02471c3cb071&device_owner=network%3Adhcp HTTP/1.1" status: 200 len: 210 time: 0.0447199
2026-05-19 14:42:17.305 9 INFO neutron.notifiers.nova [-] Nova event matching ['req-049a7a23-26d0-439f-822f-fe65b540b40e'] response: {'name': 'network-changed', 'server_uuid': 'ce7917ee-3b15-4e8c-9990-da14eb5c7a42', 'tag': '92e7d344-f553-4915-9a2b-98db1c70abe0', 'status': 'completed', 'code': 200}
2026-05-19 14:42:17.350 9 INFO neutron.wsgi [req-c937a955-da95-49a5-a489-72f5c0a0506a req-76517816-54fa-4ca9-bb09-fb15cb67a694 156adcbb0db7443b9d97dd5c878ac534 6ecdba8b676b4fa9955fb4bb59e11ad5 - - 85890822551543a1be603b4f7ec3a325 85890822551543a1be603b4f7ec3a325] 199.204.45.156 "GET /v2.0/networks/01ce076e-1244-4d9d-a9f2-02471c3cb071?fields=segments HTTP/1.1" status: 200 len: 212 time: 0.0625453
2026-05-19 14:42:17.410 9 INFO neutron.wsgi [req-c937a955-da95-49a5-a489-72f5c0a0506a req-73ed62d6-1ab0-4c78-8b6e-e8c156857d75 156adcbb0db7443b9d97dd5c878ac534 6ecdba8b676b4fa9955fb4bb59e11ad5 - - 85890822551543a1be603b4f7ec3a325 85890822551543a1be603b4f7ec3a325] 199.204.45.156 "GET /v2.0/networks/01ce076e-1244-4d9d-a9f2-02471c3cb071?fields=provider%3Aphysical_network&fields=provider%3Anetwork_type HTTP/1.1" status: 200 len: 277 time: 0.0523906
2026-05-19 14:42:17.497 9 INFO neutron.wsgi [req-6b0834ea-6218-4c5f-baf8-9b458706c4e9 req-6f95a2d3-ab8d-43e2-81a3-baecd063979f 156adcbb0db7443b9d97dd5c878ac534 6ecdba8b676b4fa9955fb4bb59e11ad5 - - 85890822551543a1be603b4f7ec3a325 85890822551543a1be603b4f7ec3a325] 199.204.45.156 "GET /v2.0/ports?tenant_id=1224939634bd49b4879b00c629c2a4e2&device_id=ce7917ee-3b15-4e8c-9990-da14eb5c7a42 HTTP/1.1" status: 200 len: 1407 time: 0.0396540
2026-05-19 14:42:17.561 9 INFO neutron.wsgi [req-6b0834ea-6218-4c5f-baf8-9b458706c4e9 req-df752e72-b597-42ef-b86d-de13a705e7ec 156adcbb0db7443b9d97dd5c878ac534 6ecdba8b676b4fa9955fb4bb59e11ad5 - - 85890822551543a1be603b4f7ec3a325 85890822551543a1be603b4f7ec3a325] 199.204.45.156 "GET /v2.0/networks?id=01ce076e-1244-4d9d-a9f2-02471c3cb071 HTTP/1.1" status: 200 len: 967 time: 0.0606554
2026-05-19 14:42:17.593 9 INFO neutron.wsgi [req-6b0834ea-6218-4c5f-baf8-9b458706c4e9 req-e79d5214-9e42-49fb-9bd1-70df8b655129 156adcbb0db7443b9d97dd5c878ac534 6ecdba8b676b4fa9955fb4bb59e11ad5 - - 85890822551543a1be603b4f7ec3a325 85890822551543a1be603b4f7ec3a325] 199.204.45.156 "GET /v2.0/floatingips?fixed_ip_address=10.100.0.9&port_id=92e7d344-f553-4915-9a2b-98db1c70abe0 HTTP/1.1" status: 200 len: 217 time: 0.0238936
2026-05-19 14:42:17.627 9 INFO neutron.wsgi [req-6b0834ea-6218-4c5f-baf8-9b458706c4e9 req-9b7389aa-cf70-4afb-93b2-7a2e1d677c10 156adcbb0db7443b9d97dd5c878ac534 6ecdba8b676b4fa9955fb4bb59e11ad5 - - 85890822551543a1be603b4f7ec3a325 85890822551543a1be603b4f7ec3a325] 199.204.45.156 "GET /v2.0/subnets?id=1cd54166-c01d-4a56-8f55-e770b67878a9 HTTP/1.1" status: 200 len: 862 time: 0.0289698
2026-05-19 14:42:17.646 9 INFO neutron.plugins.ml2.drivers.ovn.mech_driver.mech_driver [None req-ef2f1446-2720-4e2b-b689-140f49dd0908 - - - - - -] OVN reports status up for port: 92e7d344-f553-4915-9a2b-98db1c70abe0
2026-05-19 14:42:17.658 9 INFO neutron.wsgi [req-6b0834ea-6218-4c5f-baf8-9b458706c4e9 req-9df77b4c-6c2d-4361-9040-c0b22cd33c0a 156adcbb0db7443b9d97dd5c878ac534 6ecdba8b676b4fa9955fb4bb59e11ad5 - - 85890822551543a1be603b4f7ec3a325 85890822551543a1be603b4f7ec3a325] 199.204.45.156 "GET /v2.0/ports?network_id=01ce076e-1244-4d9d-a9f2-02471c3cb071&device_owner=network%3Adhcp HTTP/1.1" status: 200 len: 210 time: 0.0239615
2026-05-19 14:42:17.673 9 INFO neutron.plugins.ml2.plugin [None req-ef2f1446-2720-4e2b-b689-140f49dd0908 - - - - - -] Attempt 1 to provision port 92e7d344-f553-4915-9a2b-98db1c70abe0
2026-05-19 14:42:17.720 9 INFO neutron.wsgi [req-6b0834ea-6218-4c5f-baf8-9b458706c4e9 req-575444fc-0239-46f0-b8e9-5471079dca33 156adcbb0db7443b9d97dd5c878ac534 6ecdba8b676b4fa9955fb4bb59e11ad5 - - 85890822551543a1be603b4f7ec3a325 85890822551543a1be603b4f7ec3a325] 199.204.45.156 "GET /v2.0/networks/01ce076e-1244-4d9d-a9f2-02471c3cb071?fields=segments HTTP/1.1" status: 200 len: 212 time: 0.0563514
2026-05-19 14:42:17.796 9 INFO neutron.wsgi [req-6b0834ea-6218-4c5f-baf8-9b458706c4e9 req-c1665475-64f0-4c91-981f-e615a65b26ea 156adcbb0db7443b9d97dd5c878ac534 6ecdba8b676b4fa9955fb4bb59e11ad5 - - 85890822551543a1be603b4f7ec3a325 85890822551543a1be603b4f7ec3a325] 199.204.45.156 "GET /v2.0/networks/01ce076e-1244-4d9d-a9f2-02471c3cb071?fields=provider%3Aphysical_network&fields=provider%3Anetwork_type HTTP/1.1" status: 200 len: 277 time: 0.0672874
2026-05-19 14:42:17.997 9 INFO neutron.db.ovn_revision_numbers_db [None req-ef2f1446-2720-4e2b-b689-140f49dd0908 - - - - - -] Successfully bumped revision number for resource 92e7d344-f553-4915-9a2b-98db1c70abe0 (type: ports) to 4 /var/lib/openstack/lib/python3.10/site-packages/pycadf/identifier.py:71: UserWarning: Invalid uuid: neutron. To ensure interoperability, identifiers should be a valid uuid. warnings.warn(('Invalid uuid: %s. To ensure interoperability, '
2026-05-19 14:42:18.331 9 INFO neutron.wsgi [req-2bc24f30-9404-4a78-9e97-dd0cda14983a req-f6e7bae2-d8df-4c7c-8ed8-9860e2046f91 c4d86f3ee7c047b48dabbebc063bc956 1224939634bd49b4879b00c629c2a4e2 - - default default] 10.0.0.30 "GET /v2.0/ports?device_id=ce7917ee-3b15-4e8c-9990-da14eb5c7a42 HTTP/1.1" status: 200 len: 1170 time: 0.0400729
2026-05-19 14:42:18.383 9 INFO neutron.wsgi [req-2bc24f30-9404-4a78-9e97-dd0cda14983a req-b3d7bb2d-af80-40c8-b68f-8769ff74ec04 c4d86f3ee7c047b48dabbebc063bc956 1224939634bd49b4879b00c629c2a4e2 - - default default] 10.0.0.30 "GET /v2.0/security-groups?id=2d65b9da-a85c-4fa2-95ad-3d68ef8932a3&fields=id&fields=name HTTP/1.1" status: 200 len: 312 time: 0.0453799
2026-05-19 14:42:18.474 10 INFO neutron.wsgi [None req-e5fb4285-1610-47b0-af16-085643495a49 6f9b105d61024b9d8b2c98865e8490d7 aef2772629f84717a50d66b94ca386a5 - - default default] 10.0.0.79 "PUT /v2.0/routers/2f7f5c64-e7b4-41eb-8b5c-185ac04dd3b5/remove_router_interface HTTP/1.1" status: 200 len: 503 time: 1.2785828
2026-05-19 14:42:19.366 9 INFO neutron.notifiers.nova [-] Nova event matching ['req-b67df89f-a154-4393-9096-8bf92c3f220f'] response: {'server_uuid': 'ce7917ee-3b15-4e8c-9990-da14eb5c7a42', 'name': 'network-vif-plugged', 'status': 'completed', 'tag': '92e7d344-f553-4915-9a2b-98db1c70abe0', 'code': 200}
2026-05-19 14:42:19.366 9 INFO neutron.notifiers.nova [-] Nova event matching ['req-b67df89f-a154-4393-9096-8bf92c3f220f'] response: {'server_uuid': 'ce7917ee-3b15-4e8c-9990-da14eb5c7a42', 'name': 'network-vif-plugged', 'status': 'completed', 'tag': '92e7d344-f553-4915-9a2b-98db1c70abe0', 'code': 200}
2026-05-19 14:42:19.537 9 INFO neutron.wsgi [req-c272ccd6-02d1-49c0-8936-7406b50b2bab req-c80e35a2-9d4b-4625-960a-aeb078da5ba2 c4d86f3ee7c047b48dabbebc063bc956 1224939634bd49b4879b00c629c2a4e2 - - default default] 10.0.0.30 "GET /v2.0/ports?device_id=ce7917ee-3b15-4e8c-9990-da14eb5c7a42 HTTP/1.1" status: 200 len: 1170 time: 0.0895033
2026-05-19 14:42:19.651 9 INFO neutron.wsgi [req-c272ccd6-02d1-49c0-8936-7406b50b2bab req-3ce93bd0-8a51-4185-b341-88ef5d749f50 c4d86f3ee7c047b48dabbebc063bc956 1224939634bd49b4879b00c629c2a4e2 - - default default] 10.0.0.30 "GET /v2.0/security-groups?id=2d65b9da-a85c-4fa2-95ad-3d68ef8932a3&fields=id&fields=name HTTP/1.1" status: 200 len: 312 time: 0.0967021
2026-05-19 14:42:19.692 9 INFO neutron.wsgi [None req-59269b59-1f4d-4538-bd92-5fe6d4755972 6f9b105d61024b9d8b2c98865e8490d7 aef2772629f84717a50d66b94ca386a5 - - default default] 10.0.0.79 "DELETE /v2.0/routers/2f7f5c64-e7b4-41eb-8b5c-185ac04dd3b5 HTTP/1.1" status: 204 len: 168 time: 1.2132256 /var/lib/openstack/lib/python3.10/site-packages/pycadf/identifier.py:71: UserWarning: Invalid uuid: neutron. To ensure interoperability, identifiers should be a valid uuid. warnings.warn(('Invalid uuid: %s. To ensure interoperability, '
2026-05-19 14:42:19.922 10 INFO neutron.db.ovn_revision_numbers_db [None req-65a2efe7-41af-4e10-acc7-397192a8dc95 6f9b105d61024b9d8b2c98865e8490d7 aef2772629f84717a50d66b94ca386a5 - - default default] Successfully bumped revision number for resource 69c9ca0c-2909-435b-9c8c-e4bfcd0fb898 (type: security_groups) to 1
2026-05-19 14:42:19.939 10 INFO neutron.db.ovn_revision_numbers_db [None req-65a2efe7-41af-4e10-acc7-397192a8dc95 6f9b105d61024b9d8b2c98865e8490d7 aef2772629f84717a50d66b94ca386a5 - - default default] Successfully bumped revision number for resource 2fb44147-705c-4bb3-bc43-98a207ca555f (type: security_group_rules) to 0
2026-05-19 14:42:19.949 9 INFO neutron.wsgi [None req-2cb78e29-fe32-4b6e-b1a6-9e40f46b9dc0 6f9b105d61024b9d8b2c98865e8490d7 aef2772629f84717a50d66b94ca386a5 - - default default] 10.0.0.79 "DELETE /v2.0/subnets/a83f2c38-b137-4955-bb4d-a415b16283f9 HTTP/1.1" status: 204 len: 168 time: 0.2531226
2026-05-19 14:42:19.963 10 INFO neutron.db.ovn_revision_numbers_db [None req-65a2efe7-41af-4e10-acc7-397192a8dc95 6f9b105d61024b9d8b2c98865e8490d7 aef2772629f84717a50d66b94ca386a5 - - default default] Successfully bumped revision number for resource 3934ac21-e1a5-40e5-a8b8-d06025e74ff7 (type: security_group_rules) to 0
2026-05-19 14:42:19.990 10 INFO neutron.db.ovn_revision_numbers_db [None req-65a2efe7-41af-4e10-acc7-397192a8dc95 6f9b105d61024b9d8b2c98865e8490d7 aef2772629f84717a50d66b94ca386a5 - - default default] Successfully bumped revision number for resource b634629f-ab41-4b26-8371-660e2486426a (type: security_group_rules) to 0
2026-05-19 14:42:20.012 10 INFO neutron.db.ovn_revision_numbers_db [None req-65a2efe7-41af-4e10-acc7-397192a8dc95 6f9b105d61024b9d8b2c98865e8490d7 aef2772629f84717a50d66b94ca386a5 - - default default] Successfully bumped revision number for resource e538cea5-6fd0-46ba-ba78-6bd806d7c21c (type: security_group_rules) to 0
2026-05-19 14:42:20.048 10 INFO neutron.wsgi [None req-65a2efe7-41af-4e10-acc7-397192a8dc95 6f9b105d61024b9d8b2c98865e8490d7 aef2772629f84717a50d66b94ca386a5 - - default default] 10.0.0.79 "GET /v2.0/security-groups?tenant_id=9dc1708efcdf4f8d8299079754732c4c&name=default HTTP/1.1" status: 200 len: 3120 time: 0.6415353
2026-05-19 14:42:20.270 9 INFO neutron.wsgi [None req-44fd65e6-fa8d-4943-94f6-8df2b8c40d66 6f9b105d61024b9d8b2c98865e8490d7 aef2772629f84717a50d66b94ca386a5 - - default default] 10.0.0.79 "DELETE /v2.0/security-groups/69c9ca0c-2909-435b-9c8c-e4bfcd0fb898 HTTP/1.1" status: 204 len: 168 time: 0.2173741
2026-05-19 14:42:20.394 10 INFO neutron.services.segments.plugin [-] Segment ea84e090-63d6-491d-9a46-b04a4e44e6e9 resource provider aggregate not found
2026-05-19 14:42:20.398 10 INFO neutron.services.segments.plugin [-] Segment ea84e090-63d6-491d-9a46-b04a4e44e6e9 resource provider aggregate not found
2026-05-19 14:42:20.412 10 INFO neutron.services.segments.plugin [-] Segment ea84e090-63d6-491d-9a46-b04a4e44e6e9 resource provider not found; error: Placement Client Error (4xx): {"errors": [{"status": 404, "title": "Not Found", "detail": "The resource could not be found.\n\n No resource provider with uuid ea84e090-63d6-491d-9a46-b04a4e44e6e9 found for delete ", "request_id": "req-d15ac713-8bb0-47b6-b4bb-3ebccb727f7c"}]}
2026-05-19 14:42:20.416 10 INFO neutron.services.segments.plugin [-] Segment ea84e090-63d6-491d-9a46-b04a4e44e6e9 resource provider not found; error: Placement Client Error (4xx): {"errors": [{"status": 404, "title": "Not Found", "detail": "The resource could not be found.\n\n No resource provider with uuid ea84e090-63d6-491d-9a46-b04a4e44e6e9 found for delete ", "request_id": "req-57916e9a-61c2-44c0-8eec-ef2c1d343bfa"}]}
2026-05-19 14:42:20.437 10 INFO neutron.wsgi [None req-e3772fbf-5b5a-46e9-a5c9-34ab1dc89f63 6f9b105d61024b9d8b2c98865e8490d7 aef2772629f84717a50d66b94ca386a5 - - default default] 10.0.0.79 "DELETE /v2.0/networks/97f6f710-63fd-4999-9cf9-b6f2f433b918 HTTP/1.1" status: 204 len: 168 time: 0.4810641
2026-05-19 14:42:20.718 9 INFO neutron.db.ovn_revision_numbers_db [None req-ea8022b8-f4d4-432f-8378-3d58af6c4a31 6f9b105d61024b9d8b2c98865e8490d7 aef2772629f84717a50d66b94ca386a5 - - default default] Successfully bumped revision number for resource 398509bb-759e-4199-8b4c-711b0cf2139b (type: security_groups) to 1
2026-05-19 14:42:20.737 9 INFO neutron.db.ovn_revision_numbers_db [None req-ea8022b8-f4d4-432f-8378-3d58af6c4a31 6f9b105d61024b9d8b2c98865e8490d7 aef2772629f84717a50d66b94ca386a5 - - default default] Successfully bumped revision number for resource 20afaa06-0c67-434b-afb4-7551f65f5685 (type: security_group_rules) to 0
2026-05-19 14:42:20.779 9 INFO neutron.db.ovn_revision_numbers_db [None req-ea8022b8-f4d4-432f-8378-3d58af6c4a31 6f9b105d61024b9d8b2c98865e8490d7 aef2772629f84717a50d66b94ca386a5 - - default default] Successfully bumped revision number for resource ac7d3cf2-b4f3-42bf-a819-2ff4f7e1d3dd (type: security_group_rules) to 0
2026-05-19 14:42:20.801 9 INFO neutron.wsgi [None req-af3abd4b-4de1-40fa-b896-5edda6b72bd5 6f9b105d61024b9d8b2c98865e8490d7 aef2772629f84717a50d66b94ca386a5 - - default default] 10.0.0.79 "GET /v2.0/security-groups?tenant_id=6357b6ff112543b69dee4e17836cda67&name=default HTTP/1.1" status: 200 len: 3116 time: 0.0692205
2026-05-19 14:42:20.807 9 INFO neutron.db.ovn_revision_numbers_db [None req-ea8022b8-f4d4-432f-8378-3d58af6c4a31 6f9b105d61024b9d8b2c98865e8490d7 aef2772629f84717a50d66b94ca386a5 - - default default] Successfully bumped revision number for resource b45c3c9e-a147-4c54-a422-a21767897d36 (type: security_group_rules) to 0
2026-05-19 14:42:20.834 9 INFO neutron.db.ovn_revision_numbers_db [None req-ea8022b8-f4d4-432f-8378-3d58af6c4a31 6f9b105d61024b9d8b2c98865e8490d7 aef2772629f84717a50d66b94ca386a5 - - default default] Successfully bumped revision number for resource e04cab9b-65f1-4fdd-96fe-9d9c6e9a2fb7 (type: security_group_rules) to 0
2026-05-19 14:42:20.875 9 INFO neutron.wsgi [None req-ea8022b8-f4d4-432f-8378-3d58af6c4a31 6f9b105d61024b9d8b2c98865e8490d7 aef2772629f84717a50d66b94ca386a5 - - default default] 10.0.0.79 "GET /v2.0/security-groups?tenant_id=ca22d3b26cf445508f1310f481b63c98&name=default HTTP/1.1" status: 200 len: 3120 time: 0.3631568
2026-05-19 14:42:20.897 9 INFO neutron.wsgi [req-08be57ca-9de4-4ad0-a541-6a9d3d0cf009 req-f1388644-f5e6-4cb6-a1e3-5d5319a46939 c4d86f3ee7c047b48dabbebc063bc956 1224939634bd49b4879b00c629c2a4e2 - - default default] 10.0.0.30 "GET /v2.0/ports?device_id=ce7917ee-3b15-4e8c-9990-da14eb5c7a42 HTTP/1.1" status: 200 len: 1170 time: 0.1502035
2026-05-19 14:42:20.992 9 INFO neutron.wsgi [req-08be57ca-9de4-4ad0-a541-6a9d3d0cf009 req-9ccd74c1-ab43-4940-ab9f-2d17fb7026a5 c4d86f3ee7c047b48dabbebc063bc956 1224939634bd49b4879b00c629c2a4e2 - - default default] 10.0.0.30 "GET /v2.0/security-groups?id=2d65b9da-a85c-4fa2-95ad-3d68ef8932a3&fields=id&fields=name HTTP/1.1" status: 200 len: 312 time: 0.0893710
2026-05-19 14:42:21.064 10 INFO neutron.wsgi [None req-db03ff4f-f5b3-4c6c-a4d5-c313c4f20fa7 6f9b105d61024b9d8b2c98865e8490d7 aef2772629f84717a50d66b94ca386a5 - - default default] 10.0.0.79 "DELETE /v2.0/security-groups/cfd20d1a-2828-48c5-8050-08f31912e71c HTTP/1.1" status: 204 len: 168 time: 0.2568417
2026-05-19 14:42:21.109 9 INFO neutron.wsgi [req-0868c223-a333-4acf-9c70-df05c0c4aaf4 req-1d6a3d61-2063-43a8-9814-2c0fb849fd35 c4d86f3ee7c047b48dabbebc063bc956 1224939634bd49b4879b00c629c2a4e2 - - default default] 10.0.0.30 "GET /v2.0/ports?device_id=ce7917ee-3b15-4e8c-9990-da14eb5c7a42 HTTP/1.1" status: 200 len: 1170 time: 0.0555365
2026-05-19 14:42:21.227 9 INFO neutron.wsgi [None req-2d458207-662a-4d62-b80c-44d177d25f55 6f9b105d61024b9d8b2c98865e8490d7 aef2772629f84717a50d66b94ca386a5 - - default default] 10.0.0.79 "DELETE /v2.0/security-groups/398509bb-759e-4199-8b4c-711b0cf2139b HTTP/1.1" status: 204 len: 168 time: 0.3450522
2026-05-19 14:42:21.553 10 INFO neutron.db.ovn_revision_numbers_db [None req-2f4f1348-9af7-4b07-8d49-1abbbda4b26c 6f9b105d61024b9d8b2c98865e8490d7 aef2772629f84717a50d66b94ca386a5 - - default default] Successfully bumped revision number for resource b91e711b-8468-4a60-a71f-32384a45edf3 (type: security_groups) to 1
2026-05-19 14:42:21.574 10 INFO neutron.db.ovn_revision_numbers_db [None req-2f4f1348-9af7-4b07-8d49-1abbbda4b26c 6f9b105d61024b9d8b2c98865e8490d7 aef2772629f84717a50d66b94ca386a5 - - default default] Successfully bumped revision number for resource 03b95e5d-b5dd-41da-8c6c-7b44cd4bd35e (type: security_group_rules) to 0
2026-05-19 14:42:21.600 10 INFO neutron.db.ovn_revision_numbers_db [None req-2f4f1348-9af7-4b07-8d49-1abbbda4b26c 6f9b105d61024b9d8b2c98865e8490d7 aef2772629f84717a50d66b94ca386a5 - - default default] Successfully bumped revision number for resource 90de78b7-d9c6-4423-b17a-9a44f2dd99c3 (type: security_group_rules) to 0
2026-05-19 14:42:21.624 10 INFO neutron.db.ovn_revision_numbers_db [None req-2f4f1348-9af7-4b07-8d49-1abbbda4b26c 6f9b105d61024b9d8b2c98865e8490d7 aef2772629f84717a50d66b94ca386a5 - - default default] Successfully bumped revision number for resource 9e2be63a-4c7f-4830-908b-7b1136642ab9 (type: security_group_rules) to 0
2026-05-19 14:42:21.639 10 INFO neutron.db.ovn_revision_numbers_db [None req-2f4f1348-9af7-4b07-8d49-1abbbda4b26c 6f9b105d61024b9d8b2c98865e8490d7 aef2772629f84717a50d66b94ca386a5 - - default default] Successfully bumped revision number for resource f74f6196-af99-46e6-936d-bfe13a3401e1 (type: security_group_rules) to 0
2026-05-19 14:42:21.666 10 INFO neutron.wsgi [None req-2f4f1348-9af7-4b07-8d49-1abbbda4b26c 6f9b105d61024b9d8b2c98865e8490d7 aef2772629f84717a50d66b94ca386a5 - - default default] 10.0.0.79 "GET /v2.0/security-groups?tenant_id=d98e1523ee4f46d0843c2326c8804f69&name=default HTTP/1.1" status: 200 len: 3120 time: 0.5575831
2026-05-19 14:42:21.743 10 INFO neutron.db.ovn_revision_numbers_db [None req-8cb295d0-8c8e-4ebd-84b2-858b87ed2597 c4d86f3ee7c047b48dabbebc063bc956 1224939634bd49b4879b00c629c2a4e2 - - default default] Successfully bumped revision number for resource 2699b576-08a8-42b5-ae52-2a22b149c359 (type: floatingips) to 1
2026-05-19 14:42:22.072 10 INFO neutron.db.ovn_revision_numbers_db [None req-8cb295d0-8c8e-4ebd-84b2-858b87ed2597 c4d86f3ee7c047b48dabbebc063bc956 1224939634bd49b4879b00c629c2a4e2 - - default default] Successfully bumped revision number for resource 2699b576-08a8-42b5-ae52-2a22b149c359 (type: floatingips) to 2
2026-05-19 14:42:22.072 10 INFO neutron.db.l3_db [None req-8cb295d0-8c8e-4ebd-84b2-858b87ed2597 c4d86f3ee7c047b48dabbebc063bc956 1224939634bd49b4879b00c629c2a4e2 - - default default] Floating IP 2699b576-08a8-42b5-ae52-2a22b149c359 associated. External IP: 10.96.250.217, port: 92e7d344-f553-4915-9a2b-98db1c70abe0.
2026-05-19 14:42:22.105 10 INFO neutron.wsgi [None req-8cb295d0-8c8e-4ebd-84b2-858b87ed2597 c4d86f3ee7c047b48dabbebc063bc956 1224939634bd49b4879b00c629c2a4e2 - - default default] 10.0.0.79 "PUT /v2.0/floatingips/2699b576-08a8-42b5-ae52-2a22b149c359 HTTP/1.1" status: 200 len: 1049 time: 0.9818301
2026-05-19 14:42:22.139 10 INFO neutron.wsgi [None req-d08e02cc-c6cf-4cb5-afce-09c14010eae3 6f9b105d61024b9d8b2c98865e8490d7 aef2772629f84717a50d66b94ca386a5 - - default default] 10.0.0.79 "DELETE /v2.0/security-groups/b91e711b-8468-4a60-a71f-32384a45edf3 HTTP/1.1" status: 204 len: 168 time: 0.4664907
2026-05-19 14:42:22.148 10 INFO neutron.notifiers.nova [-] Nova event matching ['req-dc9f7521-cb94-48eb-8314-32ada7584420'] response: {'name': 'network-changed', 'server_uuid': 'ce7917ee-3b15-4e8c-9990-da14eb5c7a42', 'tag': '92e7d344-f553-4915-9a2b-98db1c70abe0', 'status': 'completed', 'code': 200} /var/lib/openstack/lib/python3.10/site-packages/pycadf/identifier.py:71: UserWarning: Invalid uuid: neutron. To ensure interoperability, identifiers should be a valid uuid. warnings.warn(('Invalid uuid: %s. To ensure interoperability, '
2026-05-19 14:42:22.227 9 INFO neutron.wsgi [req-c5f8f6aa-f832-4639-b545-bb8de553fa39 req-b2472143-d246-4469-9d5a-f4f7281ca095 156adcbb0db7443b9d97dd5c878ac534 6ecdba8b676b4fa9955fb4bb59e11ad5 - - 85890822551543a1be603b4f7ec3a325 85890822551543a1be603b4f7ec3a325] 199.204.45.156 "GET /v2.0/ports?tenant_id=1224939634bd49b4879b00c629c2a4e2&device_id=ce7917ee-3b15-4e8c-9990-da14eb5c7a42 HTTP/1.1" status: 200 len: 1409 time: 0.0554821
2026-05-19 14:42:22.232 9 INFO neutron.wsgi [req-a4c8b952-5249-4d63-957f-3b8efa25d39f req-7e475d07-0f00-42a7-ad14-18a233cbf0f1 c4d86f3ee7c047b48dabbebc063bc956 1224939634bd49b4879b00c629c2a4e2 - - default default] 10.0.0.30 "GET /v2.0/ports?device_id=ce7917ee-3b15-4e8c-9990-da14eb5c7a42 HTTP/1.1" status: 200 len: 1170 time: 0.0591097
2026-05-19 14:42:22.303 9 INFO neutron.wsgi [req-a4c8b952-5249-4d63-957f-3b8efa25d39f req-ce1ac275-86d8-4d7d-8a34-8cab011d7b5f c4d86f3ee7c047b48dabbebc063bc956 1224939634bd49b4879b00c629c2a4e2 - - default default] 10.0.0.30 "GET /v2.0/security-groups?id=2d65b9da-a85c-4fa2-95ad-3d68ef8932a3&fields=id&fields=name HTTP/1.1" status: 200 len: 312 time: 0.0643935
2026-05-19 14:42:22.309 9 INFO neutron.wsgi [req-c5f8f6aa-f832-4639-b545-bb8de553fa39 req-9e5202c0-2f70-46ff-afe3-471a2feaa24f 156adcbb0db7443b9d97dd5c878ac534 6ecdba8b676b4fa9955fb4bb59e11ad5 - - 85890822551543a1be603b4f7ec3a325 85890822551543a1be603b4f7ec3a325] 199.204.45.156 "GET /v2.0/networks?id=01ce076e-1244-4d9d-a9f2-02471c3cb071 HTTP/1.1" status: 200 len: 967 time: 0.0766437
2026-05-19 14:42:22.362 9 INFO neutron.wsgi [req-c5f8f6aa-f832-4639-b545-bb8de553fa39 req-f0b69aa8-8840-4e51-9c20-05e36c08e225 156adcbb0db7443b9d97dd5c878ac534 6ecdba8b676b4fa9955fb4bb59e11ad5 - - 85890822551543a1be603b4f7ec3a325 85890822551543a1be603b4f7ec3a325] 199.204.45.156 "GET /v2.0/floatingips?fixed_ip_address=10.100.0.9&port_id=92e7d344-f553-4915-9a2b-98db1c70abe0 HTTP/1.1" status: 200 len: 1059 time: 0.0470786
2026-05-19 14:42:22.386 10 INFO neutron.db.ovn_revision_numbers_db [None req-08eca236-35b5-4104-a03e-c1bca0e61a82 6f9b105d61024b9d8b2c98865e8490d7 aef2772629f84717a50d66b94ca386a5 - - default default] Successfully bumped revision number for resource b05655ea-4907-47a8-9139-fed4a6476132 (type: security_groups) to 1
2026-05-19 14:42:22.400 10 INFO neutron.db.ovn_revision_numbers_db [None req-08eca236-35b5-4104-a03e-c1bca0e61a82 6f9b105d61024b9d8b2c98865e8490d7 aef2772629f84717a50d66b94ca386a5 - - default default] Successfully bumped revision number for resource 747699ec-cfb9-442e-87fd-103333998c99 (type: security_group_rules) to 0
2026-05-19 14:42:22.403 9 INFO neutron.wsgi [req-c5f8f6aa-f832-4639-b545-bb8de553fa39 req-37dac03b-0a70-456e-b19a-7cc719f3c9e5 156adcbb0db7443b9d97dd5c878ac534 6ecdba8b676b4fa9955fb4bb59e11ad5 - - 85890822551543a1be603b4f7ec3a325 85890822551543a1be603b4f7ec3a325] 199.204.45.156 "GET /v2.0/subnets?id=1cd54166-c01d-4a56-8f55-e770b67878a9 HTTP/1.1" status: 200 len: 862 time: 0.0339568
2026-05-19 14:42:22.414 10 INFO neutron.db.ovn_revision_numbers_db [None req-08eca236-35b5-4104-a03e-c1bca0e61a82 6f9b105d61024b9d8b2c98865e8490d7 aef2772629f84717a50d66b94ca386a5 - - default default] Successfully bumped revision number for resource 88aa583e-a49b-4505-bb2c-4520a6182203 (type: security_group_rules) to 0
2026-05-19 14:42:22.428 10 INFO neutron.db.ovn_revision_numbers_db [None req-08eca236-35b5-4104-a03e-c1bca0e61a82 6f9b105d61024b9d8b2c98865e8490d7 aef2772629f84717a50d66b94ca386a5 - - default default] Successfully bumped revision number for resource c8474777-f4e3-4958-8938-15d4f9e725e7 (type: security_group_rules) to 0
2026-05-19 14:42:22.431 9 INFO neutron.wsgi [req-c5f8f6aa-f832-4639-b545-bb8de553fa39 req-612d8ab1-f3bb-4544-9802-599d22225452 156adcbb0db7443b9d97dd5c878ac534 6ecdba8b676b4fa9955fb4bb59e11ad5 - - 85890822551543a1be603b4f7ec3a325 85890822551543a1be603b4f7ec3a325] 199.204.45.156 "GET /v2.0/ports?network_id=01ce076e-1244-4d9d-a9f2-02471c3cb071&device_owner=network%3Adhcp HTTP/1.1" status: 200 len: 210 time: 0.0223715
2026-05-19 14:42:22.447 10 INFO neutron.db.ovn_revision_numbers_db [None req-08eca236-35b5-4104-a03e-c1bca0e61a82 6f9b105d61024b9d8b2c98865e8490d7 aef2772629f84717a50d66b94ca386a5 - - default default] Successfully bumped revision number for resource e00dda6d-6a51-452c-a800-61949ffea7e7 (type: security_group_rules) to 0
2026-05-19 14:42:22.467 10 INFO neutron.wsgi [None req-08eca236-35b5-4104-a03e-c1bca0e61a82 6f9b105d61024b9d8b2c98865e8490d7 aef2772629f84717a50d66b94ca386a5 - - default default] 10.0.0.79 "GET /v2.0/security-groups?tenant_id=6bd834031848467a871a3348981ac0cf&name=default HTTP/1.1" status: 200 len: 3120 time: 0.2147830
2026-05-19 14:42:22.513 9 INFO neutron.wsgi [req-c5f8f6aa-f832-4639-b545-bb8de553fa39 req-a5b2fcad-c4e4-4436-87a2-caf640ffc36d 156adcbb0db7443b9d97dd5c878ac534 6ecdba8b676b4fa9955fb4bb59e11ad5 - - 85890822551543a1be603b4f7ec3a325 85890822551543a1be603b4f7ec3a325] 199.204.45.156 "GET /v2.0/networks/01ce076e-1244-4d9d-a9f2-02471c3cb071?fields=segments HTTP/1.1" status: 200 len: 212 time: 0.0749416
2026-05-19 14:42:22.591 9 INFO neutron.wsgi [req-c5f8f6aa-f832-4639-b545-bb8de553fa39 req-e5ab3492-7174-43bc-8cc0-f9ac039156d8 156adcbb0db7443b9d97dd5c878ac534 6ecdba8b676b4fa9955fb4bb59e11ad5 - - 85890822551543a1be603b4f7ec3a325 85890822551543a1be603b4f7ec3a325] 199.204.45.156 "GET /v2.0/networks/01ce076e-1244-4d9d-a9f2-02471c3cb071?fields=provider%3Aphysical_network&fields=provider%3Anetwork_type HTTP/1.1" status: 200 len: 277 time: 0.0697169
2026-05-19 14:42:22.690 10 INFO neutron.wsgi [None req-344c0d85-e5a4-44e0-9a62-03ba67691f7a 6f9b105d61024b9d8b2c98865e8490d7 aef2772629f84717a50d66b94ca386a5 - - default default] 10.0.0.79 "DELETE /v2.0/security-groups/b05655ea-4907-47a8-9139-fed4a6476132 HTTP/1.1" status: 204 len: 168 time: 0.2174165
2026-05-19 14:42:22.727 9 INFO neutron.plugins.ml2.drivers.ovn.mech_driver.mech_driver [None req-ef2f1446-2720-4e2b-b689-140f49dd0908 - - - - - -] OVN reports status down for port: 92e7d344-f553-4915-9a2b-98db1c70abe0
2026-05-19 14:42:22.736 9 INFO neutron.wsgi [req-7c56b296-4a52-4e24-b18e-9956b010aa89 req-e21fa7f5-37f6-4fc0-aca0-39d2d5bc197a c4d86f3ee7c047b48dabbebc063bc956 1224939634bd49b4879b00c629c2a4e2 - - default default] 10.0.0.30 "GET /v2.0/ports?device_id=ce7917ee-3b15-4e8c-9990-da14eb5c7a42 HTTP/1.1" status: 200 len: 1170 time: 0.0510254
2026-05-19 14:42:22.809 9 INFO neutron.wsgi [req-7c56b296-4a52-4e24-b18e-9956b010aa89 req-89d86b4b-2bee-484b-ae91-03819763f63d c4d86f3ee7c047b48dabbebc063bc956 1224939634bd49b4879b00c629c2a4e2 - - default default] 10.0.0.30 "GET /v2.0/security-groups?id=2d65b9da-a85c-4fa2-95ad-3d68ef8932a3&fields=id&fields=name HTTP/1.1" status: 200 len: 312 time: 0.0629964
2026-05-19 14:42:22.928 9 INFO neutron.notifiers.nova [-] Nova event matching ['req-10be8e25-4706-4369-abf5-c1cb22593699'] response: {'server_uuid': 'ce7917ee-3b15-4e8c-9990-da14eb5c7a42', 'name': 'network-vif-unplugged', 'status': 'completed', 'tag': '92e7d344-f553-4915-9a2b-98db1c70abe0', 'code': 200}
2026-05-19 14:42:23.082 9 INFO neutron.wsgi [req-e33b00ee-14b2-4718-9b9b-a04a0b8b1235 req-9f743868-9dc6-4461-8472-04e0ea01dda9 c4d86f3ee7c047b48dabbebc063bc956 1224939634bd49b4879b00c629c2a4e2 - - default default] 199.204.45.156 "GET /v2.0/ports?device_id=ce7917ee-3b15-4e8c-9990-da14eb5c7a42 HTTP/1.1" status: 200 len: 1168 time: 0.0531700
2026-05-19 14:42:23.121 9 INFO neutron.db.ovn_revision_numbers_db [None req-ef2f1446-2720-4e2b-b689-140f49dd0908 - - - - - -] Successfully bumped revision number for resource 92e7d344-f553-4915-9a2b-98db1c70abe0 (type: ports) to 5
2026-05-19 14:42:23.251 10 INFO neutron.db.ovn_revision_numbers_db [None req-d70a94eb-dcba-4f55-b44b-c4f55d64cfda 6f9b105d61024b9d8b2c98865e8490d7 aef2772629f84717a50d66b94ca386a5 - - default default] Successfully bumped revision number for resource 3ef97f25-b985-4060-a9ed-d05cc65c5877 (type: security_groups) to 1
2026-05-19 14:42:23.270 10 INFO neutron.db.ovn_revision_numbers_db [None req-d70a94eb-dcba-4f55-b44b-c4f55d64cfda 6f9b105d61024b9d8b2c98865e8490d7 aef2772629f84717a50d66b94ca386a5 - - default default] Successfully bumped revision number for resource 4f57943c-2058-473a-950b-60044963ee1d (type: security_group_rules) to 0
2026-05-19 14:42:23.295 10 INFO neutron.db.ovn_revision_numbers_db [None req-d70a94eb-dcba-4f55-b44b-c4f55d64cfda 6f9b105d61024b9d8b2c98865e8490d7 aef2772629f84717a50d66b94ca386a5 - - default default] Successfully bumped revision number for resource a5e5efe4-632c-4a71-bc33-fe9c788780e4 (type: security_group_rules) to 0
2026-05-19 14:42:23.312 10 INFO neutron.db.ovn_revision_numbers_db [None req-d70a94eb-dcba-4f55-b44b-c4f55d64cfda 6f9b105d61024b9d8b2c98865e8490d7 aef2772629f84717a50d66b94ca386a5 - - default default] Successfully bumped revision number for resource b7fa9b7b-6564-4994-aa2a-fe6e3d5a20ec (type: security_group_rules) to 0
2026-05-19 14:42:23.330 10 INFO neutron.db.ovn_revision_numbers_db [None req-d70a94eb-dcba-4f55-b44b-c4f55d64cfda 6f9b105d61024b9d8b2c98865e8490d7 aef2772629f84717a50d66b94ca386a5 - - default default] Successfully bumped revision number for resource cbbcae2a-9fc8-436b-b164-099432dde450 (type: security_group_rules) to 0
2026-05-19 14:42:23.380 10 INFO neutron.db.segments_db [None req-d70a94eb-dcba-4f55-b44b-c4f55d64cfda 6f9b105d61024b9d8b2c98865e8490d7 aef2772629f84717a50d66b94ca386a5 - - default default] Added segment 6d20ad4d-60db-493b-9f67-cdc11ebcb83b of type geneve for network f15df359-d54c-4355-8828-818abdfbb537
2026-05-19 14:42:23.561 10 INFO neutron.db.ovn_revision_numbers_db [None req-d70a94eb-dcba-4f55-b44b-c4f55d64cfda 6f9b105d61024b9d8b2c98865e8490d7 aef2772629f84717a50d66b94ca386a5 - - default default] Successfully bumped revision number for resource f15df359-d54c-4355-8828-818abdfbb537 (type: networks) to 1
2026-05-19 14:42:23.578 9 INFO neutron.db.l3_db [req-e33b00ee-14b2-4718-9b9b-a04a0b8b1235 req-29a854b8-9323-4f75-9192-017c2ebad6b6 c4d86f3ee7c047b48dabbebc063bc956 1224939634bd49b4879b00c629c2a4e2 - - default default] Floating IP 2699b576-08a8-42b5-ae52-2a22b149c359 disassociated. External IP: 10.96.250.217, port: 92e7d344-f553-4915-9a2b-98db1c70abe0.
2026-05-19 14:42:23.725 9 INFO neutron.wsgi [req-e33b00ee-14b2-4718-9b9b-a04a0b8b1235 req-29a854b8-9323-4f75-9192-017c2ebad6b6 c4d86f3ee7c047b48dabbebc063bc956 1224939634bd49b4879b00c629c2a4e2 - - default default] 199.204.45.156 "DELETE /v2.0/ports/92e7d344-f553-4915-9a2b-98db1c70abe0 HTTP/1.1" status: 204 len: 173 time: 0.6338322
2026-05-19 14:42:23.742 10 WARNING neutron.scheduler.dhcp_agent_scheduler [None req-d70a94eb-dcba-4f55-b44b-c4f55d64cfda 6f9b105d61024b9d8b2c98865e8490d7 aef2772629f84717a50d66b94ca386a5 - - default default] No more DHCP agents
2026-05-19 14:42:23.749 10 WARNING neutron.api.rpc.agentnotifiers.dhcp_rpc_agent_api [None req-d70a94eb-dcba-4f55-b44b-c4f55d64cfda 6f9b105d61024b9d8b2c98865e8490d7 aef2772629f84717a50d66b94ca386a5 - - default default] Unable to schedule network f15df359-d54c-4355-8828-818abdfbb537: no agents available; will retry on subsequent port and subnet creation events.
2026-05-19 14:42:23.847 10 INFO neutron.db.ovn_revision_numbers_db [None req-d70a94eb-dcba-4f55-b44b-c4f55d64cfda 6f9b105d61024b9d8b2c98865e8490d7 aef2772629f84717a50d66b94ca386a5 - - default default] Successfully bumped revision number for resource 40b7361b-b499-421a-a173-b862a98d65e8 (type: ports) to 1
2026-05-19 14:42:23.884 10 INFO neutron.wsgi [None req-d70a94eb-dcba-4f55-b44b-c4f55d64cfda 6f9b105d61024b9d8b2c98865e8490d7 aef2772629f84717a50d66b94ca386a5 - - default default] 10.0.0.79 "POST /v2.0/networks HTTP/1.1" status: 201 len: 944 time: 0.9132879 /var/lib/openstack/lib/python3.10/site-packages/pycadf/identifier.py:71: UserWarning: Invalid uuid: neutron. To ensure interoperability, identifiers should be a valid uuid. warnings.warn(('Invalid uuid: %s. To ensure interoperability, '
2026-05-19 14:42:23.966 9 INFO neutron.wsgi [req-2a2b040c-ae07-4a97-8fa5-52737f0dcc7b req-9708ea0d-ec1d-4497-b9be-dc68d52b9439 c4d86f3ee7c047b48dabbebc063bc956 1224939634bd49b4879b00c629c2a4e2 - - default default] 10.0.0.30 "GET /v2.0/ports?device_id=ce7917ee-3b15-4e8c-9990-da14eb5c7a42 HTTP/1.1" status: 200 len: 210 time: 0.0380771
2026-05-19 14:42:24.059 10 WARNING neutron.scheduler.dhcp_agent_scheduler [None req-ad24352c-b478-4d9c-87b1-fa3e8729dcde 6f9b105d61024b9d8b2c98865e8490d7 aef2772629f84717a50d66b94ca386a5 - - default default] No more DHCP agents
2026-05-19 14:42:24.062 10 WARNING neutron.api.rpc.agentnotifiers.dhcp_rpc_agent_api [None req-ad24352c-b478-4d9c-87b1-fa3e8729dcde 6f9b105d61024b9d8b2c98865e8490d7 aef2772629f84717a50d66b94ca386a5 - - default default] Unable to schedule network f15df359-d54c-4355-8828-818abdfbb537: no agents available; will retry on subsequent port and subnet creation events.
2026-05-19 14:42:24.553 10 INFO neutron.db.ovn_revision_numbers_db [None req-ad24352c-b478-4d9c-87b1-fa3e8729dcde 6f9b105d61024b9d8b2c98865e8490d7 aef2772629f84717a50d66b94ca386a5 - - default default] Successfully bumped revision number for resource 40b7361b-b499-421a-a173-b862a98d65e8 (type: ports) to 2
2026-05-19 14:42:24.590 10 INFO neutron.db.ovn_revision_numbers_db [None req-ad24352c-b478-4d9c-87b1-fa3e8729dcde 6f9b105d61024b9d8b2c98865e8490d7 aef2772629f84717a50d66b94ca386a5 - - default default] Successfully bumped revision number for resource ba9e0136-619c-4bea-93a1-ef5afc76cdf8 (type: subnets) to 0
2026-05-19 14:42:24.605 10 INFO neutron.wsgi [None req-ad24352c-b478-4d9c-87b1-fa3e8729dcde 6f9b105d61024b9d8b2c98865e8490d7 aef2772629f84717a50d66b94ca386a5 - - default default] 10.0.0.79 "POST /v2.0/subnets HTTP/1.1" status: 201 len: 866 time: 0.7147803
2026-05-19 14:42:24.966 9 INFO neutron.notifiers.nova [-] Nova event matching ['req-6e05d93c-7c7c-495d-820e-ddfa175280c3'] response: {'server_uuid': 'ce7917ee-3b15-4e8c-9990-da14eb5c7a42', 'name': 'network-vif-unplugged', 'status': 'completed', 'tag': '92e7d344-f553-4915-9a2b-98db1c70abe0', 'code': 200}
2026-05-19 14:42:24.966 9 INFO neutron.notifiers.nova [-] Nova event matching ['req-6e05d93c-7c7c-495d-820e-ddfa175280c3'] response: {'server_uuid': 'ce7917ee-3b15-4e8c-9990-da14eb5c7a42', 'name': 'network-vif-deleted', 'tag': '92e7d344-f553-4915-9a2b-98db1c70abe0', 'status': 'completed', 'code': 200}
2026-05-19 14:42:25.121 10 WARNING neutron.scheduler.dhcp_agent_scheduler [None req-fa3c9701-232e-4527-980e-ff36612843ab 6f9b105d61024b9d8b2c98865e8490d7 aef2772629f84717a50d66b94ca386a5 - - default default] No more DHCP agents
2026-05-19 14:42:25.125 10 WARNING neutron.api.rpc.agentnotifiers.dhcp_rpc_agent_api [None req-fa3c9701-232e-4527-980e-ff36612843ab 6f9b105d61024b9d8b2c98865e8490d7 aef2772629f84717a50d66b94ca386a5 - - default default] Unable to schedule network b19f39dd-e3f2-40a8-8cbf-a0ccd40798de: no agents available; will retry on subsequent port and subnet creation events.
2026-05-19 14:42:25.190 9 INFO neutron.wsgi [None req-e04f7211-c46b-4e01-8e22-06d9033df3c6 c4d86f3ee7c047b48dabbebc063bc956 1224939634bd49b4879b00c629c2a4e2 - - default default] 10.0.0.79 "DELETE /v2.0/security-groups/2d65b9da-a85c-4fa2-95ad-3d68ef8932a3 HTTP/1.1" status: 204 len: 168 time: 0.1410868
2026-05-19 14:42:25.207 9 INFO neutron.api.v2.resource [None req-02340fc4-42b7-4205-b20d-e466eba0bf82 c4d86f3ee7c047b48dabbebc063bc956 1224939634bd49b4879b00c629c2a4e2 - - default default] show failed (client error): The resource could not be found.
2026-05-19 14:42:25.208 9 INFO neutron.wsgi [None req-02340fc4-42b7-4205-b20d-e466eba0bf82 c4d86f3ee7c047b48dabbebc063bc956 1224939634bd49b4879b00c629c2a4e2 - - default default] 10.0.0.79 "GET /v2.0/security-groups/2d65b9da-a85c-4fa2-95ad-3d68ef8932a3 HTTP/1.1" status: 404 len: 347 time: 0.0121205
2026-05-19 14:42:25.295 10 INFO neutron.db.ovn_revision_numbers_db [None req-fa3c9701-232e-4527-980e-ff36612843ab 6f9b105d61024b9d8b2c98865e8490d7 aef2772629f84717a50d66b94ca386a5 - - default default] Successfully bumped revision number for resource 9c333dd2-2953-41ef-bba2-40b0f03c1ac9 (type: ports) to 1
2026-05-19 14:42:25.602 9 INFO neutron.wsgi [None req-9bdbc55a-539a-4bec-8f69-c336c5be60ec c4d86f3ee7c047b48dabbebc063bc956 1224939634bd49b4879b00c629c2a4e2 - - default default] 10.0.0.79 "DELETE /v2.0/floatingips/2699b576-08a8-42b5-ae52-2a22b149c359 HTTP/1.1" status: 204 len: 168 time: 0.3895490
2026-05-19 14:42:25.659 9 INFO neutron.db.ovn_revision_numbers_db [None req-d02bcf27-545b-4274-acec-9ed1bdec962f 6f9b105d61024b9d8b2c98865e8490d7 aef2772629f84717a50d66b94ca386a5 - - default default] Successfully bumped revision number for resource d2be3ca8-64f7-4a3c-aeca-c4174986b660 (type: security_groups) to 1
2026-05-19 14:42:25.672 9 INFO neutron.db.ovn_revision_numbers_db [None req-d02bcf27-545b-4274-acec-9ed1bdec962f 6f9b105d61024b9d8b2c98865e8490d7 aef2772629f84717a50d66b94ca386a5 - - default default] Successfully bumped revision number for resource 3d4d8671-9d05-4055-a64b-8a78c5615e32 (type: security_group_rules) to 0
2026-05-19 14:42:25.688 9 INFO neutron.db.ovn_revision_numbers_db [None req-d02bcf27-545b-4274-acec-9ed1bdec962f 6f9b105d61024b9d8b2c98865e8490d7 aef2772629f84717a50d66b94ca386a5 - - default default] Successfully bumped revision number for resource 94e2364a-657a-4e89-b882-2969a38df65a (type: security_group_rules) to 0
2026-05-19 14:42:25.707 9 INFO neutron.db.ovn_revision_numbers_db [None req-d02bcf27-545b-4274-acec-9ed1bdec962f 6f9b105d61024b9d8b2c98865e8490d7 aef2772629f84717a50d66b94ca386a5 - - default default] Successfully bumped revision number for resource c0b2704d-c151-4a74-81d3-e83f64078fb6 (type: security_group_rules) to 0
2026-05-19 14:42:25.721 9 INFO neutron.db.ovn_revision_numbers_db [None req-d02bcf27-545b-4274-acec-9ed1bdec962f 6f9b105d61024b9d8b2c98865e8490d7 aef2772629f84717a50d66b94ca386a5 - - default default] Successfully bumped revision number for resource e81a0f0e-c59d-4149-b590-9d83481613a5 (type: security_group_rules) to 0
2026-05-19 14:42:25.743 9 INFO neutron.wsgi [None req-d02bcf27-545b-4274-acec-9ed1bdec962f 6f9b105d61024b9d8b2c98865e8490d7 aef2772629f84717a50d66b94ca386a5 - - default default] 10.0.0.79 "GET /v2.0/security-groups?tenant_id=73886e4d96c0424ca25514e2c9a6cced&name=default HTTP/1.1" status: 200 len: 3120 time: 0.4865177
2026-05-19 14:42:25.984 9 INFO neutron.wsgi [None req-25a6c95a-3341-4a24-b900-b892319d1eba 6f9b105d61024b9d8b2c98865e8490d7 aef2772629f84717a50d66b94ca386a5 - - default default] 10.0.0.79 "DELETE /v2.0/security-groups/d2be3ca8-64f7-4a3c-aeca-c4174986b660 HTTP/1.1" status: 204 len: 168 time: 0.2333350
2026-05-19 14:42:26.061 10 INFO neutron.plugins.ml2.drivers.ovn.mech_driver.ovsdb.commands [None req-1bff31d8-629b-41de-a9b4-a6ea9cc5c1c6 - - - - - -] Schedule LRP lrp-9c333dd2-2953-41ef-bba2-40b0f03c1ac9 on gateway b73318a2-fe58-4728-b382-9e5fffd2e29d with priority 1
2026-05-19 14:42:26.074 9 INFO neutron.plugins.ml2.drivers.ovn.mech_driver.mech_driver [None req-ef2f1446-2720-4e2b-b689-140f49dd0908 - - - - - -] OVN reports status up for port: 9c333dd2-2953-41ef-bba2-40b0f03c1ac9
2026-05-19 14:42:26.093 9 INFO neutron.plugins.ml2.drivers.ovn.mech_driver.ovsdb.ovsdb_monitor [None req-6a36e79f-f3c9-4b67-948d-ed9345861c64 - - - - - -] Router 21d971c0-e0fe-4b03-b402-3db164abc6c0 is bound to host instance
2026-05-19 14:42:26.096 9 INFO neutron.plugins.ml2.plugin [None req-ef2f1446-2720-4e2b-b689-140f49dd0908 - - - - - -] Attempt 1 to provision port 9c333dd2-2953-41ef-bba2-40b0f03c1ac9
2026-05-19 14:42:26.127 10 INFO neutron.db.ovn_revision_numbers_db [None req-fa3c9701-232e-4527-980e-ff36612843ab 6f9b105d61024b9d8b2c98865e8490d7 aef2772629f84717a50d66b94ca386a5 - - default default] Successfully bumped revision number for resource 9c333dd2-2953-41ef-bba2-40b0f03c1ac9 (type: router_ports) to 1
2026-05-19 14:42:26.463 10 INFO neutron.db.ovn_revision_numbers_db [None req-fa3c9701-232e-4527-980e-ff36612843ab 6f9b105d61024b9d8b2c98865e8490d7 aef2772629f84717a50d66b94ca386a5 - - default default] Successfully bumped revision number for resource 21d971c0-e0fe-4b03-b402-3db164abc6c0 (type: routers) to 2
2026-05-19 14:42:26.503 10 INFO neutron.wsgi [None req-fa3c9701-232e-4527-980e-ff36612843ab 6f9b105d61024b9d8b2c98865e8490d7 aef2772629f84717a50d66b94ca386a5 - - default default] 10.0.0.79 "POST /v2.0/routers HTTP/1.1" status: 201 len: 1168 time: 1.8831806
2026-05-19 14:42:26.594 10 INFO neutron.db.ovn_revision_numbers_db [None req-cd557ade-f454-4671-aad4-df1b196a1d96 6f9b105d61024b9d8b2c98865e8490d7 aef2772629f84717a50d66b94ca386a5 - - default default] Successfully bumped revision number for resource 7e801c34-b9a4-46a4-9fa6-1821e2e307b6 (type: security_groups) to 1
2026-05-19 14:42:26.615 10 INFO neutron.db.ovn_revision_numbers_db [None req-cd557ade-f454-4671-aad4-df1b196a1d96 6f9b105d61024b9d8b2c98865e8490d7 aef2772629f84717a50d66b94ca386a5 - - default default] Successfully bumped revision number for resource 3d37544a-3e5d-4e0f-80c4-05e9e4249eef (type: security_group_rules) to 0
2026-05-19 14:42:26.667 10 INFO neutron.db.ovn_revision_numbers_db [None req-cd557ade-f454-4671-aad4-df1b196a1d96 6f9b105d61024b9d8b2c98865e8490d7 aef2772629f84717a50d66b94ca386a5 - - default default] Successfully bumped revision number for resource 516f80c8-d130-4608-bf4f-e80db344df16 (type: security_group_rules) to 0
2026-05-19 14:42:26.717 10 INFO neutron.db.ovn_revision_numbers_db [None req-cd557ade-f454-4671-aad4-df1b196a1d96 6f9b105d61024b9d8b2c98865e8490d7 aef2772629f84717a50d66b94ca386a5 - - default default] Successfully bumped revision number for resource 61c6e269-92fd-45fd-8b4f-4f320b8d9312 (type: security_group_rules) to 0
2026-05-19 14:42:26.741 10 INFO neutron.db.ovn_revision_numbers_db [None req-cd557ade-f454-4671-aad4-df1b196a1d96 6f9b105d61024b9d8b2c98865e8490d7 aef2772629f84717a50d66b94ca386a5 - - default default] Successfully bumped revision number for resource f96d90f1-0fcf-4e3c-bf5a-c6aefafcd60e (type: security_group_rules) to 0
2026-05-19 14:42:26.783 10 INFO neutron.wsgi [None req-cd557ade-f454-4671-aad4-df1b196a1d96 6f9b105d61024b9d8b2c98865e8490d7 aef2772629f84717a50d66b94ca386a5 - - default default] 10.0.0.79 "GET /v2.0/security-groups?tenant_id=20d3554325dd42e587ce8643bb1a939a&name=default HTTP/1.1" status: 200 len: 3120 time: 0.6262364
