2026-05-19 14:43:38.502 10 WARNING neutron_lib.context [None req-bc4e88cc-5b47-4454-ad00-f885171078a8 011322f5a8cd4caca06fb0938b4e37d6 d840d3577b354cf2a233c26c299525ec - - default default] Method 'is_advsvc' is deprecated since 2023.2 release (neutron-lib 3.8.0) and will be removed once support for the old RBAC API policies will be removed from Neutron. Please use method 'is_service_role' instead.
2026-05-19 14:43:38.690 10 WARNING neutron.scheduler.dhcp_agent_scheduler [None req-2579f279-1451-46c9-98d1-6684ae1619a3 3e4d1390c2014afdbb9f3071d43d7ef9 253bd90ffcb848ebaa7eb34df95268a3 - - default default] No more DHCP agents
2026-05-19 14:43:38.692 10 WARNING neutron.api.rpc.agentnotifiers.dhcp_rpc_agent_api [None req-2579f279-1451-46c9-98d1-6684ae1619a3 3e4d1390c2014afdbb9f3071d43d7ef9 253bd90ffcb848ebaa7eb34df95268a3 - - default default] Unable to schedule network 977e74da-be40-4450-8122-1c27441630fd: no agents available; will retry on subsequent port and subnet creation events.
2026-05-19 14:43:38.700 10 INFO neutron.db.ovn_revision_numbers_db [None req-bc4e88cc-5b47-4454-ad00-f885171078a8 011322f5a8cd4caca06fb0938b4e37d6 d840d3577b354cf2a233c26c299525ec - - default default] Successfully bumped revision number for resource dfc06355-a2b6-4d59-b8af-e00cc2d0a6e2 (type: security_groups) to 1
2026-05-19 14:43:38.726 10 INFO neutron.db.ovn_revision_numbers_db [None req-bc4e88cc-5b47-4454-ad00-f885171078a8 011322f5a8cd4caca06fb0938b4e37d6 d840d3577b354cf2a233c26c299525ec - - default default] Successfully bumped revision number for resource 1126a429-8067-4079-9094-31a4414591b3 (type: security_group_rules) to 0
2026-05-19 14:43:38.743 10 INFO neutron.db.ovn_revision_numbers_db [None req-bc4e88cc-5b47-4454-ad00-f885171078a8 011322f5a8cd4caca06fb0938b4e37d6 d840d3577b354cf2a233c26c299525ec - - default default] Successfully bumped revision number for resource 2794ae36-5cf4-426e-9352-4993a1171299 (type: security_group_rules) to 0
2026-05-19 14:43:38.763 10 INFO neutron.db.ovn_revision_numbers_db [None req-bc4e88cc-5b47-4454-ad00-f885171078a8 011322f5a8cd4caca06fb0938b4e37d6 d840d3577b354cf2a233c26c299525ec - - default default] Successfully bumped revision number for resource b6923715-f075-4994-9d0d-088354963854 (type: security_group_rules) to 0
2026-05-19 14:43:38.773 10 INFO neutron.db.ovn_revision_numbers_db [None req-2579f279-1451-46c9-98d1-6684ae1619a3 3e4d1390c2014afdbb9f3071d43d7ef9 253bd90ffcb848ebaa7eb34df95268a3 - - default default] Successfully bumped revision number for resource 008078c2-50cd-4d8c-bee9-140f3ac34a92 (type: ports) to 1
2026-05-19 14:43:38.776 10 INFO neutron.db.ovn_revision_numbers_db [None req-bc4e88cc-5b47-4454-ad00-f885171078a8 011322f5a8cd4caca06fb0938b4e37d6 d840d3577b354cf2a233c26c299525ec - - default default] Successfully bumped revision number for resource f165d50c-b73e-4171-9b34-3a2c65680732 (type: security_group_rules) to 0
2026-05-19 14:43:38.801 10 INFO neutron.wsgi [None req-2579f279-1451-46c9-98d1-6684ae1619a3 3e4d1390c2014afdbb9f3071d43d7ef9 253bd90ffcb848ebaa7eb34df95268a3 - - default default] 10.0.0.79 "POST /v2.0/networks HTTP/1.1" status: 201 len: 832 time: 0.6264138 /var/lib/openstack/lib/python3.10/site-packages/pycadf/identifier.py:71: UserWarning: Invalid uuid: neutron. To ensure interoperability, identifiers should be a valid uuid. warnings.warn(('Invalid uuid: %s. To ensure interoperability, '
2026-05-19 14:43:38.814 9 WARNING neutron_lib.context [None req-30596bc7-8b9c-4cc1-9d18-6375006989d4 3e4d1390c2014afdbb9f3071d43d7ef9 253bd90ffcb848ebaa7eb34df95268a3 - - default default] Method 'is_advsvc' is deprecated since 2023.2 release (neutron-lib 3.8.0) and will be removed once support for the old RBAC API policies will be removed from Neutron. Please use method 'is_service_role' instead.
2026-05-19 14:43:38.850 10 INFO neutron.db.segments_db [None req-bc4e88cc-5b47-4454-ad00-f885171078a8 011322f5a8cd4caca06fb0938b4e37d6 d840d3577b354cf2a233c26c299525ec - - default default] Added segment b694ca7c-c4ef-4e39-a3e5-7775799e295c of type geneve for network ee2b4740-9697-4c13-8233-68a5dd98910a
2026-05-19 14:43:38.957 10 INFO neutron.db.segments_db [None req-bc4e88cc-5b47-4454-ad00-f885171078a8 011322f5a8cd4caca06fb0938b4e37d6 d840d3577b354cf2a233c26c299525ec - - default default] Added segment a8f0c53a-dd79-4f62-aefb-583b16aa85fa of type geneve for network c6013f02-e8dd-4f1a-b10f-6e0c43e96b3b
2026-05-19 14:43:38.997 9 INFO neutron.notifiers.nova [-] Nova event matching ['req-01ce458a-f914-4ff2-b631-140adbca0b70'] response: {'server_uuid': '8dd9ce48-3201-47d7-a3c2-8c6d85839c73', 'name': 'network-vif-plugged', 'status': 'completed', 'tag': '780f704c-f932-4018-bdd8-28f1bdeb3985', 'code': 200}
2026-05-19 14:43:38.998 9 INFO neutron.notifiers.nova [-] Nova event matching ['req-01ce458a-f914-4ff2-b631-140adbca0b70'] response: {'server_uuid': '8dd9ce48-3201-47d7-a3c2-8c6d85839c73', 'name': 'network-vif-plugged', 'status': 'completed', 'tag': '780f704c-f932-4018-bdd8-28f1bdeb3985', 'code': 200}
2026-05-19 14:43:39.069 9 WARNING neutron.scheduler.dhcp_agent_scheduler [None req-30596bc7-8b9c-4cc1-9d18-6375006989d4 3e4d1390c2014afdbb9f3071d43d7ef9 253bd90ffcb848ebaa7eb34df95268a3 - - default default] No more DHCP agents
2026-05-19 14:43:39.075 9 WARNING neutron.api.rpc.agentnotifiers.dhcp_rpc_agent_api [None req-30596bc7-8b9c-4cc1-9d18-6375006989d4 3e4d1390c2014afdbb9f3071d43d7ef9 253bd90ffcb848ebaa7eb34df95268a3 - - default default] Unable to schedule network 179ba141-b5d7-4059-beeb-4c376ce64801: no agents available; will retry on subsequent port and subnet creation events.
2026-05-19 14:43:39.101 10 INFO neutron.db.ovn_revision_numbers_db [None req-bc4e88cc-5b47-4454-ad00-f885171078a8 011322f5a8cd4caca06fb0938b4e37d6 d840d3577b354cf2a233c26c299525ec - - default default] Successfully bumped revision number for resource ee2b4740-9697-4c13-8233-68a5dd98910a (type: networks) to 1
2026-05-19 14:43:39.110 9 INFO neutron.db.ovn_revision_numbers_db [None req-30596bc7-8b9c-4cc1-9d18-6375006989d4 3e4d1390c2014afdbb9f3071d43d7ef9 253bd90ffcb848ebaa7eb34df95268a3 - - default default] Successfully bumped revision number for resource 99c6a49a-8ee8-4fa9-80be-23ee9432b1d3 (type: subnets) to 0
2026-05-19 14:43:39.145 9 INFO neutron.wsgi [None req-30596bc7-8b9c-4cc1-9d18-6375006989d4 3e4d1390c2014afdbb9f3071d43d7ef9 253bd90ffcb848ebaa7eb34df95268a3 - - default default] 10.0.0.79 "POST /v2.0/subnets HTTP/1.1" status: 201 len: 821 time: 0.3367369
2026-05-19 14:43:39.156 9 WARNING neutron_lib.context [None req-4cc384a7-5617-4ff1-a5cd-c565933d9443 3e4d1390c2014afdbb9f3071d43d7ef9 253bd90ffcb848ebaa7eb34df95268a3 - - default default] Method 'is_advsvc' is deprecated since 2023.2 release (neutron-lib 3.8.0) and will be removed once support for the old RBAC API policies will be removed from Neutron. Please use method 'is_service_role' instead.
2026-05-19 14:43:39.220 9 INFO neutron.wsgi [req-6bc83e49-8142-41c1-b158-81a3e067da78 req-b84b87dc-b6c8-4ad1-b82a-51147c72984c 573fcd2e9a59475e9eec66d0829bb307 ca4fc93fcc624d1e8f0a9b8766ccf47f - - default default] 10.0.0.30 "GET /v2.0/ports?device_id=8dd9ce48-3201-47d7-a3c2-8c6d85839c73 HTTP/1.1" status: 200 len: 1210 time: 0.0412395
2026-05-19 14:43:39.285 9 INFO neutron.wsgi [req-6bc83e49-8142-41c1-b158-81a3e067da78 req-c35bf08c-f1f1-4377-a03e-32abf45ccead 573fcd2e9a59475e9eec66d0829bb307 ca4fc93fcc624d1e8f0a9b8766ccf47f - - default default] 10.0.0.30 "GET /v2.0/security-groups?id=cd55fa7c-2723-4008-9f49-656769b23b0b&id=d75def93-f815-475e-a6e2-8ddbba4e6f53&fields=id&fields=name HTTP/1.1" status: 200 len: 405 time: 0.0575919
2026-05-19 14:43:39.287 10 WARNING neutron.scheduler.dhcp_agent_scheduler [None req-bc4e88cc-5b47-4454-ad00-f885171078a8 011322f5a8cd4caca06fb0938b4e37d6 d840d3577b354cf2a233c26c299525ec - - default default] No more DHCP agents
2026-05-19 14:43:39.289 10 WARNING neutron.api.rpc.agentnotifiers.dhcp_rpc_agent_api [None req-bc4e88cc-5b47-4454-ad00-f885171078a8 011322f5a8cd4caca06fb0938b4e37d6 d840d3577b354cf2a233c26c299525ec - - default default] Unable to schedule network ee2b4740-9697-4c13-8233-68a5dd98910a: no agents available; will retry on subsequent port and subnet creation events.
2026-05-19 14:43:39.382 10 INFO neutron.db.ovn_revision_numbers_db [None req-bc4e88cc-5b47-4454-ad00-f885171078a8 011322f5a8cd4caca06fb0938b4e37d6 d840d3577b354cf2a233c26c299525ec - - default default] Successfully bumped revision number for resource 43f80aa2-c6dc-4e8f-a122-c827ef754f47 (type: ports) to 1
2026-05-19 14:43:39.447 10 INFO neutron.db.ovn_revision_numbers_db [None req-bc4e88cc-5b47-4454-ad00-f885171078a8 011322f5a8cd4caca06fb0938b4e37d6 d840d3577b354cf2a233c26c299525ec - - default default] Successfully bumped revision number for resource c6013f02-e8dd-4f1a-b10f-6e0c43e96b3b (type: networks) to 1
2026-05-19 14:43:39.448 9 WARNING neutron.scheduler.dhcp_agent_scheduler [None req-4cc384a7-5617-4ff1-a5cd-c565933d9443 3e4d1390c2014afdbb9f3071d43d7ef9 253bd90ffcb848ebaa7eb34df95268a3 - - default default] No more DHCP agents
2026-05-19 14:43:39.450 9 WARNING neutron.api.rpc.agentnotifiers.dhcp_rpc_agent_api [None req-4cc384a7-5617-4ff1-a5cd-c565933d9443 3e4d1390c2014afdbb9f3071d43d7ef9 253bd90ffcb848ebaa7eb34df95268a3 - - default default] Unable to schedule network 977e74da-be40-4450-8122-1c27441630fd: no agents available; will retry on subsequent port and subnet creation events.
2026-05-19 14:43:39.477 9 INFO neutron.db.ovn_revision_numbers_db [None req-4cc384a7-5617-4ff1-a5cd-c565933d9443 3e4d1390c2014afdbb9f3071d43d7ef9 253bd90ffcb848ebaa7eb34df95268a3 - - default default] Successfully bumped revision number for resource 24f7f732-c903-41c4-8278-52a9672c52f0 (type: subnets) to 0
2026-05-19 14:43:39.491 9 INFO neutron.wsgi [None req-4cc384a7-5617-4ff1-a5cd-c565933d9443 3e4d1390c2014afdbb9f3071d43d7ef9 253bd90ffcb848ebaa7eb34df95268a3 - - default default] 10.0.0.79 "POST /v2.0/subnets HTTP/1.1" status: 201 len: 830 time: 0.3409650
2026-05-19 14:43:39.501 9 WARNING neutron_lib.context [None req-15815c04-b3b1-4cdc-bd67-d4e4d354cd5a 3e4d1390c2014afdbb9f3071d43d7ef9 253bd90ffcb848ebaa7eb34df95268a3 - - default default] Method 'is_advsvc' is deprecated since 2023.2 release (neutron-lib 3.8.0) and will be removed once support for the old RBAC API policies will be removed from Neutron. Please use method 'is_service_role' instead.
2026-05-19 14:43:39.655 9 INFO neutron.db.ovn_revision_numbers_db [None req-15815c04-b3b1-4cdc-bd67-d4e4d354cd5a 3e4d1390c2014afdbb9f3071d43d7ef9 253bd90ffcb848ebaa7eb34df95268a3 - - default default] Successfully bumped revision number for resource 658e4983-545b-4b08-8fed-5fb9f6945fed (type: routers) to 1
2026-05-19 14:43:39.674 9 INFO neutron.wsgi [None req-15815c04-b3b1-4cdc-bd67-d4e4d354cd5a 3e4d1390c2014afdbb9f3071d43d7ef9 253bd90ffcb848ebaa7eb34df95268a3 - - default default] 10.0.0.79 "POST /v2.0/routers HTTP/1.1" status: 201 len: 804 time: 0.1766293
2026-05-19 14:43:39.852 10 WARNING neutron.scheduler.dhcp_agent_scheduler [None req-bc4e88cc-5b47-4454-ad00-f885171078a8 011322f5a8cd4caca06fb0938b4e37d6 d840d3577b354cf2a233c26c299525ec - - default default] No more DHCP agents
2026-05-19 14:43:39.854 10 WARNING neutron.api.rpc.agentnotifiers.dhcp_rpc_agent_api [None req-bc4e88cc-5b47-4454-ad00-f885171078a8 011322f5a8cd4caca06fb0938b4e37d6 d840d3577b354cf2a233c26c299525ec - - default default] Unable to schedule network c6013f02-e8dd-4f1a-b10f-6e0c43e96b3b: no agents available; will retry on subsequent port and subnet creation events.
2026-05-19 14:43:39.933 10 INFO neutron.db.ovn_revision_numbers_db [None req-bc4e88cc-5b47-4454-ad00-f885171078a8 011322f5a8cd4caca06fb0938b4e37d6 d840d3577b354cf2a233c26c299525ec - - default default] Successfully bumped revision number for resource 9e61ac21-57e6-41f0-8193-3391431d6be4 (type: ports) to 1
2026-05-19 14:43:39.955 10 INFO neutron.wsgi [None req-bc4e88cc-5b47-4454-ad00-f885171078a8 011322f5a8cd4caca06fb0938b4e37d6 d840d3577b354cf2a233c26c299525ec - - default default] 10.0.0.79 "POST /v2.0/networks HTTP/1.1" status: 201 len: 1445 time: 1.6820571
2026-05-19 14:43:40.103 10 INFO neutron.wsgi [None req-1e77792d-c543-4733-bb4d-51fa5cceb36b 011322f5a8cd4caca06fb0938b4e37d6 d840d3577b354cf2a233c26c299525ec - - default default] 10.0.0.79 "GET /v2.0/networks HTTP/1.1" status: 200 len: 2051 time: 0.1395731
2026-05-19 14:43:40.536 9 WARNING neutron.scheduler.dhcp_agent_scheduler [None req-4ddc4e30-e443-41e7-9652-7824e2dd5832 3e4d1390c2014afdbb9f3071d43d7ef9 253bd90ffcb848ebaa7eb34df95268a3 - - default default] No more DHCP agents
2026-05-19 14:43:40.552 9 WARNING neutron.api.rpc.agentnotifiers.dhcp_rpc_agent_api [None req-4ddc4e30-e443-41e7-9652-7824e2dd5832 3e4d1390c2014afdbb9f3071d43d7ef9 253bd90ffcb848ebaa7eb34df95268a3 - - default default] Unable to schedule network 179ba141-b5d7-4059-beeb-4c376ce64801: no agents available; will retry on subsequent port and subnet creation events.
2026-05-19 14:43:40.655 9 INFO neutron.wsgi [req-6a02ea49-e7a6-4fee-abc2-bf5fdc7c9ff1 req-de5975a4-b048-4c24-84de-778b8e18ab23 573fcd2e9a59475e9eec66d0829bb307 ca4fc93fcc624d1e8f0a9b8766ccf47f - - default default] 10.0.0.30 "GET /v2.0/ports?device_id=8dd9ce48-3201-47d7-a3c2-8c6d85839c73 HTTP/1.1" status: 200 len: 1210 time: 0.1781487
2026-05-19 14:43:40.738 9 INFO neutron.wsgi [req-6a02ea49-e7a6-4fee-abc2-bf5fdc7c9ff1 req-cb15cdab-e6c2-4983-8c0a-f2c38dae8701 573fcd2e9a59475e9eec66d0829bb307 ca4fc93fcc624d1e8f0a9b8766ccf47f - - default default] 10.0.0.30 "GET /v2.0/security-groups?id=cd55fa7c-2723-4008-9f49-656769b23b0b&id=d75def93-f815-475e-a6e2-8ddbba4e6f53&fields=id&fields=name HTTP/1.1" status: 200 len: 405 time: 0.0737960
2026-05-19 14:43:40.752 9 INFO neutron.db.ovn_revision_numbers_db [None req-4ddc4e30-e443-41e7-9652-7824e2dd5832 3e4d1390c2014afdbb9f3071d43d7ef9 253bd90ffcb848ebaa7eb34df95268a3 - - default default] Successfully bumped revision number for resource dad0157f-3827-49df-902b-02f3b7075e29 (type: ports) to 1
2026-05-19 14:43:40.846 9 INFO neutron.wsgi [req-3371fa39-186a-48eb-a1dc-a761f56f8b5b req-695c8241-81f1-42cc-8864-6a398b096eb7 573fcd2e9a59475e9eec66d0829bb307 ca4fc93fcc624d1e8f0a9b8766ccf47f - - default default] 10.0.0.30 "GET /v2.0/ports?device_id=8dd9ce48-3201-47d7-a3c2-8c6d85839c73 HTTP/1.1" status: 200 len: 1210 time: 0.0523000
2026-05-19 14:43:41.037 9 INFO neutron.services.segments.plugin [-] Segment b694ca7c-c4ef-4e39-a3e5-7775799e295c resource provider aggregate not found
2026-05-19 14:43:41.052 9 INFO neutron.services.segments.plugin [-] Segment b694ca7c-c4ef-4e39-a3e5-7775799e295c resource provider aggregate not found
2026-05-19 14:43:41.066 9 INFO neutron.services.segments.plugin [-] Segment b694ca7c-c4ef-4e39-a3e5-7775799e295c resource provider not found; error: Placement Client Error (4xx): {"errors": [{"status": 404, "title": "Not Found", "detail": "The resource could not be found.\n\n No resource provider with uuid b694ca7c-c4ef-4e39-a3e5-7775799e295c found for delete ", "request_id": "req-16c0b803-294d-43f7-8535-2c00d045257c"}]}
2026-05-19 14:43:41.070 9 INFO neutron.services.segments.plugin [-] Segment b694ca7c-c4ef-4e39-a3e5-7775799e295c resource provider not found; error: Placement Client Error (4xx): {"errors": [{"status": 404, "title": "Not Found", "detail": "The resource could not be found.\n\n No resource provider with uuid b694ca7c-c4ef-4e39-a3e5-7775799e295c found for delete ", "request_id": "req-9e2aff8b-e1ee-4e50-92c8-55671b89066d"}]}
2026-05-19 14:43:41.146 9 INFO neutron.wsgi [None req-fbbad4ba-81a2-4f71-80d6-b807e0b0d2ac 011322f5a8cd4caca06fb0938b4e37d6 d840d3577b354cf2a233c26c299525ec - - default default] 10.0.0.79 "DELETE /v2.0/networks/ee2b4740-9697-4c13-8233-68a5dd98910a HTTP/1.1" status: 204 len: 168 time: 1.0361810
2026-05-19 14:43:41.474 10 WARNING neutron_lib.context [None req-59bdbd99-17ad-4343-beec-4530c1f9c401 39b1b2b383104e1ebf528606a2325d8a 090947663bd4459b84a9ce726e653292 - - default default] Method 'is_advsvc' is deprecated since 2023.2 release (neutron-lib 3.8.0) and will be removed once support for the old RBAC API policies will be removed from Neutron. Please use method 'is_service_role' instead.
2026-05-19 14:43:41.577 10 INFO neutron.wsgi [None req-59bdbd99-17ad-4343-beec-4530c1f9c401 39b1b2b383104e1ebf528606a2325d8a 090947663bd4459b84a9ce726e653292 - - default default] 10.0.0.79 "POST /v2.0/subnetpools HTTP/1.1" status: 201 len: 715 time: 0.3057170
2026-05-19 14:43:41.585 10 INFO neutron.services.segments.plugin [-] Segment a8f0c53a-dd79-4f62-aefb-583b16aa85fa resource provider aggregate not found
2026-05-19 14:43:41.595 10 WARNING neutron_lib.context [None req-e9f26540-2ef5-46f0-af35-4639444a487a 39b1b2b383104e1ebf528606a2325d8a 090947663bd4459b84a9ce726e653292 - - default default] Method 'is_advsvc' is deprecated since 2023.2 release (neutron-lib 3.8.0) and will be removed once support for the old RBAC API policies will be removed from Neutron. Please use method 'is_service_role' instead.
2026-05-19 14:43:41.598 10 INFO neutron.services.segments.plugin [-] Segment a8f0c53a-dd79-4f62-aefb-583b16aa85fa resource provider aggregate not found
2026-05-19 14:43:41.614 10 INFO neutron.services.segments.plugin [-] Segment a8f0c53a-dd79-4f62-aefb-583b16aa85fa resource provider not found; error: Placement Client Error (4xx): {"errors": [{"status": 404, "title": "Not Found", "detail": "The resource could not be found.\n\n No resource provider with uuid a8f0c53a-dd79-4f62-aefb-583b16aa85fa found for delete ", "request_id": "req-d22a997f-e462-417d-bf86-e4a9827124bf"}]}
2026-05-19 14:43:41.619 10 INFO neutron.services.segments.plugin [-] Segment a8f0c53a-dd79-4f62-aefb-583b16aa85fa resource provider not found; error: Placement Client Error (4xx): {"errors": [{"status": 404, "title": "Not Found", "detail": "The resource could not be found.\n\n No resource provider with uuid a8f0c53a-dd79-4f62-aefb-583b16aa85fa found for delete ", "request_id": "req-c0c9f5e0-0d81-4955-a804-634a2d2dba18"}]}
2026-05-19 14:43:41.631 10 INFO neutron.wsgi [None req-804b7a54-48e0-4a92-81ec-9b81138a4b92 011322f5a8cd4caca06fb0938b4e37d6 d840d3577b354cf2a233c26c299525ec - - default default] 10.0.0.79 "DELETE /v2.0/networks/c6013f02-e8dd-4f1a-b10f-6e0c43e96b3b HTTP/1.1" status: 204 len: 168 time: 0.4732091
2026-05-19 14:43:41.703 10 INFO neutron.wsgi [None req-e9f26540-2ef5-46f0-af35-4639444a487a 39b1b2b383104e1ebf528606a2325d8a 090947663bd4459b84a9ce726e653292 - - default default] 10.0.0.79 "POST /v2.0/subnetpools HTTP/1.1" status: 201 len: 715 time: 0.1187193
2026-05-19 14:43:41.714 10 WARNING neutron_lib.context [None req-e82fbb81-1aef-40c1-a9b4-ac11450ddfaf 39b1b2b383104e1ebf528606a2325d8a 090947663bd4459b84a9ce726e653292 - - default default] Method 'is_advsvc' is deprecated since 2023.2 release (neutron-lib 3.8.0) and will be removed once support for the old RBAC API policies will be removed from Neutron. Please use method 'is_service_role' instead.
2026-05-19 14:43:41.727 10 INFO neutron.wsgi [None req-033b32ad-f353-43e4-a509-e8b773c83af9 011322f5a8cd4caca06fb0938b4e37d6 d840d3577b354cf2a233c26c299525ec - - default default] 10.0.0.79 "GET /v2.0/networks HTTP/1.1" status: 200 len: 845 time: 0.0878336
2026-05-19 14:43:41.739 10 WARNING neutron_lib.context [None req-612c8def-1f70-4cdd-a258-d605e0cd238a 011322f5a8cd4caca06fb0938b4e37d6 d840d3577b354cf2a233c26c299525ec - - default default] Method 'is_advsvc' is deprecated since 2023.2 release (neutron-lib 3.8.0) and will be removed once support for the old RBAC API policies will be removed from Neutron. Please use method 'is_service_role' instead.
2026-05-19 14:43:41.797 9 ERROR ovsdbapp.backend.ovs_idl.command [None req-4ddc4e30-e443-41e7-9652-7824e2dd5832 3e4d1390c2014afdbb9f3071d43d7ef9 253bd90ffcb848ebaa7eb34df95268a3 - - default default] Error executing command (DbGetCommand): ovsdbapp.backend.ovs_idl.idlutils.RowNotFound: Cannot find Logical_Router_Port with name=lrp-dad0157f-3827-49df-902b-02f3b7075e29
2026-05-19 14:43:41.797 9 ERROR ovsdbapp.backend.ovs_idl.command
Traceback (most recent call last):
2026-05-19 14:43:41.797 9 ERROR ovsdbapp.backend.ovs_idl.command
File "/var/lib/openstack/lib/python3.10/site-packages/ovsdbapp/backend/ovs_idl/command.py", line 47, in execute
2026-05-19 14:43:41.797 9 ERROR ovsdbapp.backend.ovs_idl.command self.run_idl(None)
2026-05-19 14:43:41.797 9 ERROR ovsdbapp.backend.ovs_idl.command
File "/var/lib/openstack/lib/python3.10/site-packages/ovsdbapp/backend/ovs_idl/command.py", line 235, in run_idl
2026-05-19 14:43:41.797 9 ERROR ovsdbapp.backend.ovs_idl.command record = self.api.lookup(self.table, self.record)
2026-05-19 14:43:41.797 9 ERROR ovsdbapp.backend.ovs_idl.command
File "/var/lib/openstack/lib/python3.10/site-packages/ovsdbapp/backend/ovs_idl/__init__.py", line 184, in lookup
2026-05-19 14:43:41.797 9 ERROR ovsdbapp.backend.ovs_idl.command return self._lookup(table, record)
2026-05-19 14:43:41.797 9 ERROR ovsdbapp.backend.ovs_idl.command
File "/var/lib/openstack/lib/python3.10/site-packages/ovsdbapp/backend/ovs_idl/__init__.py", line 235, in _lookup
2026-05-19 14:43:41.797 9 ERROR ovsdbapp.backend.ovs_idl.command row = idlutils.row_by_value(self, rl.table, rl.column, record)
2026-05-19 14:43:41.797 9 ERROR ovsdbapp.backend.ovs_idl.command
File "/var/lib/openstack/lib/python3.10/site-packages/ovsdbapp/backend/ovs_idl/idlutils.py", line 114, in row_by_value
2026-05-19 14:43:41.797 9 ERROR ovsdbapp.backend.ovs_idl.command raise RowNotFound(table=table, col=column, match=match)
2026-05-19 14:43:41.797 9 ERROR ovsdbapp.backend.ovs_idl.command ovsdbapp.backend.ovs_idl.idlutils.RowNotFound: Cannot find Logical_Router_Port with name=lrp-dad0157f-3827-49df-902b-02f3b7075e29
2026-05-19 14:43:41.797 9 ERROR ovsdbapp.backend.ovs_idl.command 
2026-05-19 14:43:41.797 9 ERROR neutron_lib.callbacks.manager [None req-4ddc4e30-e443-41e7-9652-7824e2dd5832 3e4d1390c2014afdbb9f3071d43d7ef9 253bd90ffcb848ebaa7eb34df95268a3 - - default default] Error during notification for neutron.services.ovn_l3.plugin.OVNL3RouterPlugin._port_update-8733817540335 port, after_update: ovsdbapp.backend.ovs_idl.idlutils.RowNotFound: Cannot find Logical_Router_Port with name=lrp-dad0157f-3827-49df-902b-02f3b7075e29
2026-05-19 14:43:41.797 9 ERROR neutron_lib.callbacks.manager
Traceback (most recent call last):
2026-05-19 14:43:41.797 9 ERROR neutron_lib.callbacks.manager
File "/var/lib/openstack/lib/python3.10/site-packages/neutron_lib/callbacks/manager.py", line 189, in _notify_loop
2026-05-19 14:43:41.797 9 ERROR neutron_lib.callbacks.manager callback.method(resource, event, trigger, payload=payload)
2026-05-19 14:43:41.797 9 ERROR neutron_lib.callbacks.manager
File "/var/lib/openstack/lib/python3.10/site-packages/neutron/services/ovn_l3/plugin.py", line 391, in _port_update
2026-05-19 14:43:41.797 9 ERROR neutron_lib.callbacks.manager l3plugin._ovn_client.update_router_port(context,
2026-05-19 14:43:41.797 9 ERROR neutron_lib.callbacks.manager
File "/var/lib/openstack/lib/python3.10/site-packages/neutron/plugins/ml2/drivers/ovn/mech_driver/ovsdb/ovn_client.py", line 1878, in update_router_port
2026-05-19 14:43:41.797 9 ERROR neutron_lib.callbacks.manager self._update_lrouter_port(context, port, if_exists=if_exists,
2026-05-19 14:43:41.797 9 ERROR neutron_lib.callbacks.manager
File "/var/lib/openstack/lib/python3.10/site-packages/neutron/plugins/ml2/drivers/ovn/mech_driver/ovsdb/ovn_client.py", line 1855, in _update_lrouter_port
2026-05-19 14:43:41.797 9 ERROR neutron_lib.callbacks.manager external_ids = self._nb_idl.db_get(
2026-05-19 14:43:41.797 9 ERROR neutron_lib.callbacks.manager
File "/var/lib/openstack/lib/python3.10/site-packages/ovsdbapp/backend/ovs_idl/command.py", line 47, in execute
2026-05-19 14:43:41.797 9 ERROR neutron_lib.callbacks.manager self.run_idl(None)
2026-05-19 14:43:41.797 9 ERROR neutron_lib.callbacks.manager
File "/var/lib/openstack/lib/python3.10/site-packages/ovsdbapp/backend/ovs_idl/command.py", line 235, in run_idl
2026-05-19 14:43:41.797 9 ERROR neutron_lib.callbacks.manager record = self.api.lookup(self.table, self.record)
2026-05-19 14:43:41.797 9 ERROR neutron_lib.callbacks.manager
File "/var/lib/openstack/lib/python3.10/site-packages/ovsdbapp/backend/ovs_idl/__init__.py", line 184, in lookup
2026-05-19 14:43:41.797 9 ERROR neutron_lib.callbacks.manager return self._lookup(table, record)
2026-05-19 14:43:41.797 9 ERROR neutron_lib.callbacks.manager
File "/var/lib/openstack/lib/python3.10/site-packages/ovsdbapp/backend/ovs_idl/__init__.py", line 235, in _lookup
2026-05-19 14:43:41.797 9 ERROR neutron_lib.callbacks.manager row = idlutils.row_by_value(self, rl.table, rl.column, record)
2026-05-19 14:43:41.797 9 ERROR neutron_lib.callbacks.manager
File "/var/lib/openstack/lib/python3.10/site-packages/ovsdbapp/backend/ovs_idl/idlutils.py", line 114, in row_by_value
2026-05-19 14:43:41.797 9 ERROR neutron_lib.callbacks.manager raise RowNotFound(table=table, col=column, match=match)
2026-05-19 14:43:41.797 9 ERROR neutron_lib.callbacks.manager ovsdbapp.backend.ovs_idl.idlutils.RowNotFound: Cannot find Logical_Router_Port with name=lrp-dad0157f-3827-49df-902b-02f3b7075e29
2026-05-19 14:43:41.797 9 ERROR neutron_lib.callbacks.manager 
2026-05-19 14:43:41.803 10 INFO neutron.wsgi [None req-e82fbb81-1aef-40c1-a9b4-ac11450ddfaf 39b1b2b383104e1ebf528606a2325d8a 090947663bd4459b84a9ce726e653292 - - default default] 10.0.0.79 "POST /v2.0/subnetpools HTTP/1.1" status: 201 len: 715 time: 0.0935419
2026-05-19 14:43:41.815 10 WARNING neutron_lib.context [None req-b792e8e1-8c17-498c-b264-e407084ecc49 39b1b2b383104e1ebf528606a2325d8a 090947663bd4459b84a9ce726e653292 - - default default] Method 'is_advsvc' is deprecated since 2023.2 release (neutron-lib 3.8.0) and will be removed once support for the old RBAC API policies will be removed from Neutron. Please use method 'is_service_role' instead.
2026-05-19 14:43:41.856 10 INFO neutron.db.segments_db [None req-612c8def-1f70-4cdd-a258-d605e0cd238a 011322f5a8cd4caca06fb0938b4e37d6 d840d3577b354cf2a233c26c299525ec - - default default] Added segment 2f96420c-7504-4f88-abf8-db24489fa58a of type geneve for network 021cefb7-e4e9-4772-8aa3-ad82dd7d5567
2026-05-19 14:43:41.893 10 INFO neutron.wsgi [None req-b792e8e1-8c17-498c-b264-e407084ecc49 39b1b2b383104e1ebf528606a2325d8a 090947663bd4459b84a9ce726e653292 - - default default] 10.0.0.79 "POST /v2.0/subnetpools HTTP/1.1" status: 201 len: 715 time: 0.0835674
2026-05-19 14:43:41.907 10 WARNING neutron_lib.context [None req-c4a62b0f-bd68-44a6-9930-ea3854d2706c 39b1b2b383104e1ebf528606a2325d8a 090947663bd4459b84a9ce726e653292 - - default default] Method 'is_advsvc' is deprecated since 2023.2 release (neutron-lib 3.8.0) and will be removed once support for the old RBAC API policies will be removed from Neutron. Please use method 'is_service_role' instead.
2026-05-19 14:43:42.002 10 INFO neutron.wsgi [None req-c4a62b0f-bd68-44a6-9930-ea3854d2706c 39b1b2b383104e1ebf528606a2325d8a 090947663bd4459b84a9ce726e653292 - - default default] 10.0.0.79 "POST /v2.0/subnetpools HTTP/1.1" status: 201 len: 715 time: 0.1002820
2026-05-19 14:43:42.009 9 INFO neutron.db.ovn_revision_numbers_db [None req-31b6856e-7705-46ce-945b-f8f49323032d 573fcd2e9a59475e9eec66d0829bb307 ca4fc93fcc624d1e8f0a9b8766ccf47f - - default default] Successfully bumped revision number for resource 5874b2e6-c4b1-4bb6-8e4a-f0cec3e4c047 (type: floatingips) to 1 /var/lib/openstack/lib/python3.10/site-packages/pycadf/identifier.py:71: UserWarning: Invalid uuid: neutron. To ensure interoperability, identifiers should be a valid uuid. warnings.warn(('Invalid uuid: %s. To ensure interoperability, '
2026-05-19 14:43:42.032 9 INFO neutron.plugins.ml2.drivers.ovn.mech_driver.mech_driver [None req-ef2f1446-2720-4e2b-b689-140f49dd0908 - - - - - -] OVN reports status up for port: dad0157f-3827-49df-902b-02f3b7075e29
2026-05-19 14:43:42.057 10 INFO neutron.db.ovn_revision_numbers_db [None req-612c8def-1f70-4cdd-a258-d605e0cd238a 011322f5a8cd4caca06fb0938b4e37d6 d840d3577b354cf2a233c26c299525ec - - default default] Successfully bumped revision number for resource 021cefb7-e4e9-4772-8aa3-ad82dd7d5567 (type: networks) to 1
2026-05-19 14:43:42.058 9 INFO neutron.plugins.ml2.plugin [None req-ef2f1446-2720-4e2b-b689-140f49dd0908 - - - - - -] Attempt 1 to provision port dad0157f-3827-49df-902b-02f3b7075e29
2026-05-19 14:43:42.088 9 INFO neutron.wsgi [None req-e6145744-1ce3-4b18-9d14-4a8b50b12645 39b1b2b383104e1ebf528606a2325d8a 090947663bd4459b84a9ce726e653292 - - default default] 10.0.0.79 "PUT /v2.0/subnetpools/85f49e38-7741-48fc-80bc-13e74f9567f1/tags HTTP/1.1" status: 200 len: 210 time: 0.0803478
2026-05-19 14:43:42.093 9 INFO neutron.db.ovn_revision_numbers_db [None req-4ddc4e30-e443-41e7-9652-7824e2dd5832 3e4d1390c2014afdbb9f3071d43d7ef9 253bd90ffcb848ebaa7eb34df95268a3 - - default default] Successfully bumped revision number for resource dad0157f-3827-49df-902b-02f3b7075e29 (type: ports) to 1
2026-05-19 14:43:42.156 10 INFO neutron.wsgi [None req-08292b86-11f6-43bc-a39f-fa2ee2f5be67 39b1b2b383104e1ebf528606a2325d8a 090947663bd4459b84a9ce726e653292 - - default default] 10.0.0.79 "PUT /v2.0/subnetpools/e0a78e67-b3d7-41bb-a00b-01ba8219d754/tags HTTP/1.1" status: 200 len: 218 time: 0.0626087
2026-05-19 14:43:42.215 10 INFO neutron.wsgi [None req-266dca94-2df9-4ffc-a1c6-b3f8bcf4ffd9 39b1b2b383104e1ebf528606a2325d8a 090947663bd4459b84a9ce726e653292 - - default default] 10.0.0.79 "PUT /v2.0/subnetpools/e50e6164-5b7b-49a0-803c-771629f6f303/tags HTTP/1.1" status: 200 len: 227 time: 0.0547650
2026-05-19 14:43:42.271 10 INFO neutron.wsgi [None req-29c6c380-588d-402f-9c05-cbf7e624cd50 39b1b2b383104e1ebf528606a2325d8a 090947663bd4459b84a9ce726e653292 - - default default] 10.0.0.79 "PUT /v2.0/subnetpools/48ab6e9a-aaa1-45a9-8c9d-fb11c9f7e75d/tags HTTP/1.1" status: 200 len: 212 time: 0.0452514
2026-05-19 14:43:42.298 10 WARNING neutron.scheduler.dhcp_agent_scheduler [None req-612c8def-1f70-4cdd-a258-d605e0cd238a 011322f5a8cd4caca06fb0938b4e37d6 d840d3577b354cf2a233c26c299525ec - - default default] No more DHCP agents
2026-05-19 14:43:42.299 10 WARNING neutron.api.rpc.agentnotifiers.dhcp_rpc_agent_api [None req-612c8def-1f70-4cdd-a258-d605e0cd238a 011322f5a8cd4caca06fb0938b4e37d6 d840d3577b354cf2a233c26c299525ec - - default default] Unable to schedule network 021cefb7-e4e9-4772-8aa3-ad82dd7d5567: no agents available; will retry on subsequent port and subnet creation events.
2026-05-19 14:43:42.332 10 INFO neutron.wsgi [None req-9176bd0c-cffd-4341-b202-9e17a0fb03c3 39b1b2b383104e1ebf528606a2325d8a 090947663bd4459b84a9ce726e653292 - - default default] 10.0.0.79 "GET /v2.0/subnetpools?tags=red HTTP/1.1" status: 200 len: 1758 time: 0.0444436
2026-05-19 14:43:42.371 10 INFO neutron.wsgi [None req-e45b11dd-678b-4bd8-b664-550a7aeabebc 39b1b2b383104e1ebf528606a2325d8a 090947663bd4459b84a9ce726e653292 - - default default] 10.0.0.79 "GET /v2.0/subnetpools?tags=red%2Cblue HTTP/1.1" status: 200 len: 1251 time: 0.0303893
2026-05-19 14:43:42.410 10 INFO neutron.wsgi [None req-72148a5b-c7a2-4f3b-9b50-bc2d751bbf01 39b1b2b383104e1ebf528606a2325d8a 090947663bd4459b84a9ce726e653292 - - default default] 10.0.0.79 "GET /v2.0/subnetpools?tags-any=blue HTTP/1.1" status: 200 len: 1251 time: 0.0348105
2026-05-19 14:43:42.430 9 WARNING neutron.scheduler.dhcp_agent_scheduler [None req-4ddc4e30-e443-41e7-9652-7824e2dd5832 3e4d1390c2014afdbb9f3071d43d7ef9 253bd90ffcb848ebaa7eb34df95268a3 - - default default] No more DHCP agents
2026-05-19 14:43:42.434 10 INFO neutron.db.ovn_revision_numbers_db [None req-612c8def-1f70-4cdd-a258-d605e0cd238a 011322f5a8cd4caca06fb0938b4e37d6 d840d3577b354cf2a233c26c299525ec - - default default] Successfully bumped revision number for resource 1a8652be-1f07-4703-ba51-0d8845505a52 (type: ports) to 1
2026-05-19 14:43:42.434 9 INFO neutron.db.ovn_revision_numbers_db [None req-31b6856e-7705-46ce-945b-f8f49323032d 573fcd2e9a59475e9eec66d0829bb307 ca4fc93fcc624d1e8f0a9b8766ccf47f - - default default] Successfully bumped revision number for resource 5874b2e6-c4b1-4bb6-8e4a-f0cec3e4c047 (type: floatingips) to 2
2026-05-19 14:43:42.434 9 INFO neutron.db.l3_db [None req-31b6856e-7705-46ce-945b-f8f49323032d 573fcd2e9a59475e9eec66d0829bb307 ca4fc93fcc624d1e8f0a9b8766ccf47f - - default default] Floating IP 5874b2e6-c4b1-4bb6-8e4a-f0cec3e4c047 associated. External IP: 10.96.250.208, port: 780f704c-f932-4018-bdd8-28f1bdeb3985.
2026-05-19 14:43:42.436 9 WARNING neutron.api.rpc.agentnotifiers.dhcp_rpc_agent_api [None req-4ddc4e30-e443-41e7-9652-7824e2dd5832 3e4d1390c2014afdbb9f3071d43d7ef9 253bd90ffcb848ebaa7eb34df95268a3 - - default default] Unable to schedule network 179ba141-b5d7-4059-beeb-4c376ce64801: no agents available; will retry on subsequent port and subnet creation events.
2026-05-19 14:43:42.442 10 INFO neutron.wsgi [None req-3a86827f-51c9-4dcb-b13b-18f48f666d13 39b1b2b383104e1ebf528606a2325d8a 090947663bd4459b84a9ce726e653292 - - default default] 10.0.0.79 "GET /v2.0/subnetpools?tags-any=red%2Cblue HTTP/1.1" status: 200 len: 1758 time: 0.0262501
2026-05-19 14:43:42.469 10 INFO neutron.wsgi [None req-612c8def-1f70-4cdd-a258-d605e0cd238a 011322f5a8cd4caca06fb0938b4e37d6 d840d3577b354cf2a233c26c299525ec - - default default] 10.0.0.79 "POST /v2.0/networks HTTP/1.1" status: 201 len: 849 time: 0.7361715
2026-05-19 14:43:42.472 10 INFO neutron.wsgi [None req-8a8f71dd-9d9a-4c2e-a0bc-aaf02030319d 39b1b2b383104e1ebf528606a2325d8a 090947663bd4459b84a9ce726e653292 - - default default] 10.0.0.79 "GET /v2.0/subnetpools?not-tags=red HTTP/1.1" status: 200 len: 1223 time: 0.0254207
2026-05-19 14:43:42.478 10 WARNING neutron_lib.context [None req-9817d330-05e5-475c-ac95-1d7c28fe93e2 011322f5a8cd4caca06fb0938b4e37d6 d840d3577b354cf2a233c26c299525ec - - default default] Method 'is_advsvc' is deprecated since 2023.2 release (neutron-lib 3.8.0) and will be removed once support for the old RBAC API policies will be removed from Neutron. Please use method 'is_service_role' instead.
2026-05-19 14:43:42.505 9 INFO neutron.wsgi [None req-31b6856e-7705-46ce-945b-f8f49323032d 573fcd2e9a59475e9eec66d0829bb307 ca4fc93fcc624d1e8f0a9b8766ccf47f - - default default] 10.0.0.79 "PUT /v2.0/floatingips/5874b2e6-c4b1-4bb6-8e4a-f0cec3e4c047 HTTP/1.1" status: 200 len: 1049 time: 1.6459401
2026-05-19 14:43:42.513 10 INFO neutron.wsgi [None req-640443a5-18d5-4beb-aebf-94c311842de5 39b1b2b383104e1ebf528606a2325d8a 090947663bd4459b84a9ce726e653292 - - default default] 10.0.0.79 "GET /v2.0/subnetpools?not-tags=red%2Cblue HTTP/1.1" status: 200 len: 1730 time: 0.0319922
2026-05-19 14:43:42.545 9 INFO neutron.notifiers.nova [-] Nova event matching ['req-ea9ce37a-9f72-4b52-98d7-ca4857c0a04c'] response: {'name': 'network-changed', 'server_uuid': '8dd9ce48-3201-47d7-a3c2-8c6d85839c73', 'tag': '780f704c-f932-4018-bdd8-28f1bdeb3985', 'status': 'completed', 'code': 200}
2026-05-19 14:43:42.548 10 INFO neutron.wsgi [None req-749dc7fc-be03-42f7-a8a3-c5c74d7ba62f 39b1b2b383104e1ebf528606a2325d8a 090947663bd4459b84a9ce726e653292 - - default default] 10.0.0.79 "GET /v2.0/subnetpools?not-tags-any=blue HTTP/1.1" status: 200 len: 1730 time: 0.0292997
2026-05-19 14:43:42.586 10 INFO neutron.wsgi [None req-55744ffa-98c5-4cb0-8b2d-efd784477758 39b1b2b383104e1ebf528606a2325d8a 090947663bd4459b84a9ce726e653292 - - default default] 10.0.0.79 "GET /v2.0/subnetpools?not-tags-any=red%2Cblue HTTP/1.1" status: 200 len: 1223 time: 0.0284166
2026-05-19 14:43:42.610 10 INFO neutron.db.segments_db [None req-9817d330-05e5-475c-ac95-1d7c28fe93e2 011322f5a8cd4caca06fb0938b4e37d6 d840d3577b354cf2a233c26c299525ec - - default default] Added segment 0c71b9ce-6149-4a28-abe8-18d489e91eb8 of type geneve for network 8ee82974-d24e-4cb4-a810-307267bcab79
2026-05-19 14:43:42.631 9 INFO neutron.wsgi [req-2ee57630-1cb8-4ad1-84c3-39892fd03a39 req-ce03c3ae-17ec-457d-b310-46979b9067e5 156adcbb0db7443b9d97dd5c878ac534 6ecdba8b676b4fa9955fb4bb59e11ad5 - - 85890822551543a1be603b4f7ec3a325 85890822551543a1be603b4f7ec3a325] 199.204.45.156 "GET /v2.0/ports?tenant_id=ca4fc93fcc624d1e8f0a9b8766ccf47f&device_id=8dd9ce48-3201-47d7-a3c2-8c6d85839c73 HTTP/1.1" status: 200 len: 1448 time: 0.0557973
2026-05-19 14:43:42.719 10 INFO neutron.wsgi [None req-a5ef51eb-e809-4a9c-988b-ad8bdb216631 39b1b2b383104e1ebf528606a2325d8a 090947663bd4459b84a9ce726e653292 - - default default] 10.0.0.79 "DELETE /v2.0/subnetpools/85f49e38-7741-48fc-80bc-13e74f9567f1 HTTP/1.1" status: 204 len: 168 time: 0.1258314
2026-05-19 14:43:42.749 9 INFO neutron.wsgi [req-2ee57630-1cb8-4ad1-84c3-39892fd03a39 req-fa66b903-b501-4607-8de4-9debc033b3d8 156adcbb0db7443b9d97dd5c878ac534 6ecdba8b676b4fa9955fb4bb59e11ad5 - - 85890822551543a1be603b4f7ec3a325 85890822551543a1be603b4f7ec3a325] 199.204.45.156 "GET /v2.0/networks?id=61f9f0ab-3483-4961-9994-53451b47c0c3 HTTP/1.1" status: 200 len: 971 time: 0.1123810
2026-05-19 14:43:42.754 9 INFO neutron.db.ovn_revision_numbers_db [None req-4ddc4e30-e443-41e7-9652-7824e2dd5832 3e4d1390c2014afdbb9f3071d43d7ef9 253bd90ffcb848ebaa7eb34df95268a3 - - default default] Successfully bumped revision number for resource dad0157f-3827-49df-902b-02f3b7075e29 (type: router_ports) to 1
2026-05-19 14:43:42.759 9 INFO neutron.wsgi [None req-4ddc4e30-e443-41e7-9652-7824e2dd5832 3e4d1390c2014afdbb9f3071d43d7ef9 253bd90ffcb848ebaa7eb34df95268a3 - - default default] 10.0.0.79 "PUT /v2.0/routers/658e4983-545b-4b08-8fed-5fb9f6945fed/add_router_interface HTTP/1.1" status: 200 len: 503 time: 3.0808203
2026-05-19 14:43:42.837 9 INFO neutron.wsgi [req-2ee57630-1cb8-4ad1-84c3-39892fd03a39 req-5a294887-6834-44be-9239-b20323de0a03 156adcbb0db7443b9d97dd5c878ac534 6ecdba8b676b4fa9955fb4bb59e11ad5 - - 85890822551543a1be603b4f7ec3a325 85890822551543a1be603b4f7ec3a325] 199.204.45.156 "GET /v2.0/floatingips?fixed_ip_address=10.100.0.9&port_id=780f704c-f932-4018-bdd8-28f1bdeb3985 HTTP/1.1" status: 200 len: 1059 time: 0.0769346
2026-05-19 14:43:42.839 10 INFO neutron.db.ovn_revision_numbers_db [None req-9817d330-05e5-475c-ac95-1d7c28fe93e2 011322f5a8cd4caca06fb0938b4e37d6 d840d3577b354cf2a233c26c299525ec - - default default] Successfully bumped revision number for resource 8ee82974-d24e-4cb4-a810-307267bcab79 (type: networks) to 1
2026-05-19 14:43:42.856 10 INFO neutron.wsgi [None req-ed594019-b5d1-4fea-808c-3f488d6172ae 39b1b2b383104e1ebf528606a2325d8a 090947663bd4459b84a9ce726e653292 - - default default] 10.0.0.79 "DELETE /v2.0/subnetpools/e0a78e67-b3d7-41bb-a00b-01ba8219d754 HTTP/1.1" status: 204 len: 168 time: 0.1320741
2026-05-19 14:43:42.888 9 INFO neutron.wsgi [req-2ee57630-1cb8-4ad1-84c3-39892fd03a39 req-d26a0791-a8b2-46d3-ad61-7929cff417d6 156adcbb0db7443b9d97dd5c878ac534 6ecdba8b676b4fa9955fb4bb59e11ad5 - - 85890822551543a1be603b4f7ec3a325 85890822551543a1be603b4f7ec3a325] 199.204.45.156 "GET /v2.0/subnets?id=278bb7ce-53db-4d2e-ba6e-bfae5916974e HTTP/1.1" status: 200 len: 866 time: 0.0342789
2026-05-19 14:43:42.931 9 INFO neutron.wsgi [req-2ee57630-1cb8-4ad1-84c3-39892fd03a39 req-9bd1a333-4c16-44e4-af3a-99fc3b4dfc40 156adcbb0db7443b9d97dd5c878ac534 6ecdba8b676b4fa9955fb4bb59e11ad5 - - 85890822551543a1be603b4f7ec3a325 85890822551543a1be603b4f7ec3a325] 199.204.45.156 "GET /v2.0/ports?network_id=61f9f0ab-3483-4961-9994-53451b47c0c3&device_owner=network%3Adhcp HTTP/1.1" status: 200 len: 210 time: 0.0358911
2026-05-19 14:43:42.935 10 INFO neutron.wsgi [None req-bf85109a-7bb3-4995-a7c8-7850b78e32a5 3e4d1390c2014afdbb9f3071d43d7ef9 253bd90ffcb848ebaa7eb34df95268a3 - - default default] 10.0.0.79 "GET /v2.0/ports/dad0157f-3827-49df-902b-02f3b7075e29 HTTP/1.1" status: 200 len: 1141 time: 0.1647439
2026-05-19 14:43:42.979 9 INFO neutron.db.ovn_revision_numbers_db [None req-ef2f1446-2720-4e2b-b689-140f49dd0908 - - - - - -] Successfully bumped revision number for resource dad0157f-3827-49df-902b-02f3b7075e29 (type: ports) to 2
2026-05-19 14:43:42.982 10 INFO neutron.wsgi [None req-f9c17968-3ed2-4277-993d-a6f009e89c3d 39b1b2b383104e1ebf528606a2325d8a 090947663bd4459b84a9ce726e653292 - - default default] 10.0.0.79 "DELETE /v2.0/subnetpools/e50e6164-5b7b-49a0-803c-771629f6f303 HTTP/1.1" status: 204 len: 168 time: 0.1165907
2026-05-19 14:43:43.055 10 INFO neutron.wsgi [None req-fa0d471a-1bec-461d-a81c-d4a6062b34a5 39b1b2b383104e1ebf528606a2325d8a 090947663bd4459b84a9ce726e653292 - - default default] 10.0.0.79 "DELETE /v2.0/subnetpools/48ab6e9a-aaa1-45a9-8c9d-fb11c9f7e75d HTTP/1.1" status: 204 len: 168 time: 0.0677168
2026-05-19 14:43:43.077 9 INFO neutron.wsgi [req-2ee57630-1cb8-4ad1-84c3-39892fd03a39 req-aabc6375-9fc6-4278-b41c-a27e3ba2ad71 156adcbb0db7443b9d97dd5c878ac534 6ecdba8b676b4fa9955fb4bb59e11ad5 - - 85890822551543a1be603b4f7ec3a325 85890822551543a1be603b4f7ec3a325] 199.204.45.156 "GET /v2.0/networks/61f9f0ab-3483-4961-9994-53451b47c0c3?fields=segments HTTP/1.1" status: 200 len: 212 time: 0.1392412
2026-05-19 14:43:43.091 10 WARNING neutron.scheduler.dhcp_agent_scheduler [None req-9817d330-05e5-475c-ac95-1d7c28fe93e2 011322f5a8cd4caca06fb0938b4e37d6 d840d3577b354cf2a233c26c299525ec - - default default] No more DHCP agents
2026-05-19 14:43:43.098 10 WARNING neutron.api.rpc.agentnotifiers.dhcp_rpc_agent_api [None req-9817d330-05e5-475c-ac95-1d7c28fe93e2 011322f5a8cd4caca06fb0938b4e37d6 d840d3577b354cf2a233c26c299525ec - - default default] Unable to schedule network 8ee82974-d24e-4cb4-a810-307267bcab79: no agents available; will retry on subsequent port and subnet creation events.
2026-05-19 14:43:43.136 10 INFO neutron.wsgi [None req-ea805687-6749-4839-8ab6-45a2765f7bce 39b1b2b383104e1ebf528606a2325d8a 090947663bd4459b84a9ce726e653292 - - default default] 10.0.0.79 "DELETE /v2.0/subnetpools/7a7c9da8-1c91-4f74-9184-6197c4cdc661 HTTP/1.1" status: 204 len: 168 time: 0.0754952
2026-05-19 14:43:43.207 9 INFO neutron.wsgi [req-2ee57630-1cb8-4ad1-84c3-39892fd03a39 req-32314e77-9c59-4d61-803a-5d0553ddb5c2 156adcbb0db7443b9d97dd5c878ac534 6ecdba8b676b4fa9955fb4bb59e11ad5 - - 85890822551543a1be603b4f7ec3a325 85890822551543a1be603b4f7ec3a325] 199.204.45.156 "GET /v2.0/networks/61f9f0ab-3483-4961-9994-53451b47c0c3?fields=provider%3Aphysical_network&fields=provider%3Anetwork_type HTTP/1.1" status: 200 len: 277 time: 0.1159599
2026-05-19 14:43:43.209 10 INFO neutron.db.ovn_revision_numbers_db [None req-9817d330-05e5-475c-ac95-1d7c28fe93e2 011322f5a8cd4caca06fb0938b4e37d6 d840d3577b354cf2a233c26c299525ec - - default default] Successfully bumped revision number for resource 40124c64-450e-4c37-ad12-7aa06d0650fc (type: ports) to 1
2026-05-19 14:43:43.227 9 INFO neutron.db.ovn_revision_numbers_db [None req-ef2f1446-2720-4e2b-b689-140f49dd0908 - - - - - -] Successfully bumped revision number for resource dad0157f-3827-49df-902b-02f3b7075e29 (type: router_ports) to 2
2026-05-19 14:43:43.234 10 INFO neutron.wsgi [None req-9817d330-05e5-475c-ac95-1d7c28fe93e2 011322f5a8cd4caca06fb0938b4e37d6 d840d3577b354cf2a233c26c299525ec - - default default] 10.0.0.79 "POST /v2.0/networks HTTP/1.1" status: 201 len: 849 time: 0.7589757
2026-05-19 14:43:43.246 10 WARNING neutron_lib.context [None req-4b88ad54-3476-4643-a14a-02d8e8c1ed19 011322f5a8cd4caca06fb0938b4e37d6 d840d3577b354cf2a233c26c299525ec - - default default] Method 'is_advsvc' is deprecated since 2023.2 release (neutron-lib 3.8.0) and will be removed once support for the old RBAC API policies will be removed from Neutron. Please use method 'is_service_role' instead.
2026-05-19 14:43:43.288 10 WARNING neutron_lib.context [None req-4b88ad54-3476-4643-a14a-02d8e8c1ed19 011322f5a8cd4caca06fb0938b4e37d6 d840d3577b354cf2a233c26c299525ec - - default default] Method 'is_advsvc' is deprecated since 2023.2 release (neutron-lib 3.8.0) and will be removed once support for the old RBAC API policies will be removed from Neutron. Please use method 'is_service_role' instead.
2026-05-19 14:43:43.577 9 WARNING neutron.scheduler.dhcp_agent_scheduler [None req-34ed2075-3c17-4744-9ab9-8dda6e7449e7 3e4d1390c2014afdbb9f3071d43d7ef9 253bd90ffcb848ebaa7eb34df95268a3 - - default default] No more DHCP agents
2026-05-19 14:43:43.579 9 WARNING neutron.api.rpc.agentnotifiers.dhcp_rpc_agent_api [None req-34ed2075-3c17-4744-9ab9-8dda6e7449e7 3e4d1390c2014afdbb9f3071d43d7ef9 253bd90ffcb848ebaa7eb34df95268a3 - - default default] Unable to schedule network 977e74da-be40-4450-8122-1c27441630fd: no agents available; will retry on subsequent port and subnet creation events.
2026-05-19 14:43:43.689 9 INFO neutron.db.ovn_revision_numbers_db [None req-34ed2075-3c17-4744-9ab9-8dda6e7449e7 3e4d1390c2014afdbb9f3071d43d7ef9 253bd90ffcb848ebaa7eb34df95268a3 - - default default] Successfully bumped revision number for resource 800163f8-27c4-4278-a7d6-fa35670c36f0 (type: ports) to 1
2026-05-19 14:43:43.794 10 WARNING neutron.scheduler.dhcp_agent_scheduler [None req-4b88ad54-3476-4643-a14a-02d8e8c1ed19 011322f5a8cd4caca06fb0938b4e37d6 d840d3577b354cf2a233c26c299525ec - - default default] No more DHCP agents
2026-05-19 14:43:43.795 10 WARNING neutron.api.rpc.agentnotifiers.dhcp_rpc_agent_api [None req-4b88ad54-3476-4643-a14a-02d8e8c1ed19 011322f5a8cd4caca06fb0938b4e37d6 d840d3577b354cf2a233c26c299525ec - - default default] Unable to schedule network 021cefb7-e4e9-4772-8aa3-ad82dd7d5567: no agents available; will retry on subsequent port and subnet creation events.
2026-05-19 14:43:43.895 10 INFO neutron.db.ovn_revision_numbers_db [None req-4b88ad54-3476-4643-a14a-02d8e8c1ed19 011322f5a8cd4caca06fb0938b4e37d6 d840d3577b354cf2a233c26c299525ec - - default default] Successfully bumped revision number for resource 03290312-8d6e-48fd-a5b6-5309180826f4 (type: ports) to 1
2026-05-19 14:43:43.923 10 WARNING neutron.scheduler.dhcp_agent_scheduler [None req-4b88ad54-3476-4643-a14a-02d8e8c1ed19 011322f5a8cd4caca06fb0938b4e37d6 d840d3577b354cf2a233c26c299525ec - - default default] No more DHCP agents
2026-05-19 14:43:43.925 10 WARNING neutron.api.rpc.agentnotifiers.dhcp_rpc_agent_api [None req-4b88ad54-3476-4643-a14a-02d8e8c1ed19 011322f5a8cd4caca06fb0938b4e37d6 d840d3577b354cf2a233c26c299525ec - - default default] Unable to schedule network 8ee82974-d24e-4cb4-a810-307267bcab79: no agents available; will retry on subsequent port and subnet creation events.
2026-05-19 14:43:44.010 10 INFO neutron.db.ovn_revision_numbers_db [None req-4b88ad54-3476-4643-a14a-02d8e8c1ed19 011322f5a8cd4caca06fb0938b4e37d6 d840d3577b354cf2a233c26c299525ec - - default default] Successfully bumped revision number for resource a07af64d-1ea1-4643-b409-41a5a6be52fb (type: ports) to 1
2026-05-19 14:43:44.046 10 INFO neutron.wsgi [None req-4b88ad54-3476-4643-a14a-02d8e8c1ed19 011322f5a8cd4caca06fb0938b4e37d6 d840d3577b354cf2a233c26c299525ec - - default default] 10.0.0.79 "POST /v2.0/ports HTTP/1.1" status: 201 len: 1706 time: 0.8054342 /var/lib/openstack/lib/python3.10/site-packages/pycadf/identifier.py:71: UserWarning: Invalid uuid: neutron. To ensure interoperability, identifiers should be a valid uuid. warnings.warn(('Invalid uuid: %s. To ensure interoperability, '
2026-05-19 14:43:44.188 10 INFO neutron.wsgi [None req-cdfbdde1-eec1-4bb1-8a19-8c9605072f99 011322f5a8cd4caca06fb0938b4e37d6 d840d3577b354cf2a233c26c299525ec - - default default] 10.0.0.79 "GET /v2.0/ports HTTP/1.1" status: 200 len: 3213 time: 0.1371171
2026-05-19 14:43:44.467 10 INFO neutron.wsgi [None req-19a7a5f5-f0e7-4a51-87ed-67df1192b84f 011322f5a8cd4caca06fb0938b4e37d6 d840d3577b354cf2a233c26c299525ec - - default default] 10.0.0.79 "DELETE /v2.0/ports/03290312-8d6e-48fd-a5b6-5309180826f4 HTTP/1.1" status: 204 len: 168 time: 0.2724383
2026-05-19 14:43:44.474 9 INFO neutron.db.ovn_revision_numbers_db [None req-db6007c7-697c-44d6-a24f-34503ddf5bef 6f9b105d61024b9d8b2c98865e8490d7 aef2772629f84717a50d66b94ca386a5 - - default default] Successfully bumped revision number for resource 8a1e5e4c-5a97-4f6a-8d67-a246aec73ba5 (type: security_groups) to 1
2026-05-19 14:43:44.496 9 INFO neutron.db.ovn_revision_numbers_db [None req-db6007c7-697c-44d6-a24f-34503ddf5bef 6f9b105d61024b9d8b2c98865e8490d7 aef2772629f84717a50d66b94ca386a5 - - default default] Successfully bumped revision number for resource 37d95e1d-29cb-45c9-b05f-48907039191e (type: security_group_rules) to 0
2026-05-19 14:43:44.510 9 INFO neutron.db.ovn_revision_numbers_db [None req-db6007c7-697c-44d6-a24f-34503ddf5bef 6f9b105d61024b9d8b2c98865e8490d7 aef2772629f84717a50d66b94ca386a5 - - default default] Successfully bumped revision number for resource 4015b4ed-e436-4155-93ff-40fc4bbb8996 (type: security_group_rules) to 0
2026-05-19 14:43:44.511 9 ERROR ovsdbapp.backend.ovs_idl.command [None req-34ed2075-3c17-4744-9ab9-8dda6e7449e7 3e4d1390c2014afdbb9f3071d43d7ef9 253bd90ffcb848ebaa7eb34df95268a3 - - default default] Error executing command (DbGetCommand): ovsdbapp.backend.ovs_idl.idlutils.RowNotFound: Cannot find Logical_Router_Port with name=lrp-800163f8-27c4-4278-a7d6-fa35670c36f0
2026-05-19 14:43:44.511 9 ERROR ovsdbapp.backend.ovs_idl.command
Traceback (most recent call last):
2026-05-19 14:43:44.511 9 ERROR ovsdbapp.backend.ovs_idl.command
File "/var/lib/openstack/lib/python3.10/site-packages/ovsdbapp/backend/ovs_idl/command.py", line 47, in execute
2026-05-19 14:43:44.511 9 ERROR ovsdbapp.backend.ovs_idl.command self.run_idl(None)
2026-05-19 14:43:44.511 9 ERROR ovsdbapp.backend.ovs_idl.command
File "/var/lib/openstack/lib/python3.10/site-packages/ovsdbapp/backend/ovs_idl/command.py", line 235, in run_idl
2026-05-19 14:43:44.511 9 ERROR ovsdbapp.backend.ovs_idl.command record = self.api.lookup(self.table, self.record)
2026-05-19 14:43:44.511 9 ERROR ovsdbapp.backend.ovs_idl.command
File "/var/lib/openstack/lib/python3.10/site-packages/ovsdbapp/backend/ovs_idl/__init__.py", line 184, in lookup
2026-05-19 14:43:44.511 9 ERROR ovsdbapp.backend.ovs_idl.command return self._lookup(table, record)
2026-05-19 14:43:44.511 9 ERROR ovsdbapp.backend.ovs_idl.command
File "/var/lib/openstack/lib/python3.10/site-packages/ovsdbapp/backend/ovs_idl/__init__.py", line 235, in _lookup
