2026-05-19 14:39:02.041 9 INFO neutron.wsgi [None req-f8d3b85d-5dae-4584-a7ba-c47f8148d047 6f9b105d61024b9d8b2c98865e8490d7 aef2772629f84717a50d66b94ca386a5 - - default default] 199.204.45.156,10.0.0.138 "GET /v2.0/quotas/6ecdba8b676b4fa9955fb4bb59e11ad5 HTTP/1.1" status: 200 len: 466 time: 0.0143974
2026-05-19 14:39:02.067 10 INFO neutron.wsgi [-] 10.0.0.138 "GET / HTTP/1.1" status: 200 len: 246 time: 0.0023417
2026-05-19 14:39:02.067 9 INFO neutron.wsgi [-] 10.0.0.138 "GET / HTTP/1.1" status: 200 len: 246 time: 0.0025961
2026-05-19 14:39:17.065 10 INFO neutron.wsgi [-] 10.0.0.138 "GET / HTTP/1.1" status: 200 len: 246 time: 0.0015962
2026-05-19 14:39:17.066 9 INFO neutron.wsgi [-] 10.0.0.138 "GET / HTTP/1.1" status: 200 len: 246 time: 0.0022531
2026-05-19 14:39:32.067 10 INFO neutron.wsgi [-] 10.0.0.138 "GET / HTTP/1.1" status: 200 len: 246 time: 0.0020711
2026-05-19 14:39:32.068 9 INFO neutron.wsgi [-] 10.0.0.138 "GET / HTTP/1.1" status: 200 len: 246 time: 0.0029297
2026-05-19 14:39:47.067 9 INFO neutron.wsgi [-] 10.0.0.138 "GET / HTTP/1.1" status: 200 len: 246 time: 0.0023851
2026-05-19 14:39:47.068 10 INFO neutron.wsgi [-] 10.0.0.138 "GET / HTTP/1.1" status: 200 len: 246 time: 0.0032520
2026-05-19 14:39:53.459 9 INFO neutron.wsgi [None req-57aa0e8e-c105-4553-a7a4-c23186925ac3 6f9b105d61024b9d8b2c98865e8490d7 aef2772629f84717a50d66b94ca386a5 - - default default] 199.204.45.156,10.0.0.138 "GET /v2.0/networks?name=public HTTP/1.1" status: 200 len: 928 time: 0.1018481
2026-05-19 14:39:57.570 9 INFO neutron.wsgi [None req-a0e33b4e-fd60-4a25-b58f-b860e4770e70 6f9b105d61024b9d8b2c98865e8490d7 aef2772629f84717a50d66b94ca386a5 - - default default] 10.0.0.201 "GET /v2.0/routers HTTP/1.1" status: 200 len: 189 time: 0.0691726
2026-05-19 14:39:57.619 9 INFO neutron.wsgi [None req-c8c96f31-688d-4f8a-992c-9297b433008f 6f9b105d61024b9d8b2c98865e8490d7 aef2772629f84717a50d66b94ca386a5 - - default default] 10.0.0.201 "GET /v2.0/agents?binary=ovn-controller HTTP/1.1" status: 200 len: 591 time: 0.0481043
2026-05-19 14:39:57.631 9 INFO neutron.wsgi [None req-7df4ac01-8c1a-4779-9183-257a4ec0dcdf 6f9b105d61024b9d8b2c98865e8490d7 aef2772629f84717a50d66b94ca386a5 - - default default] 10.0.0.201 "GET /v2.0/agents HTTP/1.1" status: 200 len: 1390 time: 0.0108852
2026-05-19 14:39:57.662 9 INFO neutron.wsgi [None req-6adeb25d-7558-4139-8d20-dc34bfd51e9a 6f9b105d61024b9d8b2c98865e8490d7 aef2772629f84717a50d66b94ca386a5 - - default default] 10.0.0.201 "GET /v2.0/subnets HTTP/1.1" status: 200 len: 1437 time: 0.0303595
2026-05-19 14:39:57.671 9 INFO neutron.wsgi [None req-76b59bac-7030-4245-9e48-584e62f8e562 6f9b105d61024b9d8b2c98865e8490d7 aef2772629f84717a50d66b94ca386a5 - - default default] 10.0.0.201 "GET /v2.0/subnetpools HTTP/1.1" status: 200 len: 193 time: 0.0075991
2026-05-19 14:39:57.700 9 INFO neutron.wsgi [None req-c7edf338-595d-477a-af9c-1fb55fc60029 6f9b105d61024b9d8b2c98865e8490d7 aef2772629f84717a50d66b94ca386a5 - - default default] 10.0.0.201 "GET /v2.0/floatingips HTTP/1.1" status: 200 len: 193 time: 0.0273964
2026-05-19 14:39:57.760 9 INFO neutron.wsgi [None req-d00a997d-5cde-4f91-97da-6a3db3326180 6f9b105d61024b9d8b2c98865e8490d7 aef2772629f84717a50d66b94ca386a5 - - default default] 10.0.0.201 "GET /v2.0/networks HTTP/1.1" status: 200 len: 2350 time: 0.0601320
2026-05-19 14:39:57.805 9 INFO neutron.wsgi [None req-ac3c5ec8-76b9-4bfa-b063-7209b37c72a0 6f9b105d61024b9d8b2c98865e8490d7 aef2772629f84717a50d66b94ca386a5 - - default default] 10.0.0.201 "GET /v2.0/security-groups HTTP/1.1" status: 200 len: 17574 time: 0.0431988
2026-05-19 14:39:57.847 9 INFO neutron.wsgi [None req-dd2b8feb-fbd7-4e68-b253-c4a4f6afa0a8 6f9b105d61024b9d8b2c98865e8490d7 aef2772629f84717a50d66b94ca386a5 - - default default] 10.0.0.201 "GET /v2.0/subnets HTTP/1.1" status: 200 len: 1437 time: 0.0380948
2026-05-19 14:39:57.904 9 INFO neutron.wsgi [None req-e4716637-4e0c-4a64-a85c-d1dd0fb65773 6f9b105d61024b9d8b2c98865e8490d7 aef2772629f84717a50d66b94ca386a5 - - default default] 10.0.0.201 "GET /v2.0/ports HTTP/1.1" status: 200 len: 5347 time: 0.0562451
2026-05-19 14:39:57.922 9 INFO neutron.wsgi [None req-f7b3513c-42ed-4646-9cc3-b64cf7e419a3 6f9b105d61024b9d8b2c98865e8490d7 aef2772629f84717a50d66b94ca386a5 - - default default] 10.0.0.201 "GET /v2.0/network-ip-availabilities HTTP/1.1" status: 200 len: 1280 time: 0.0140619
2026-05-19 14:40:02.067 10 INFO neutron.wsgi [-] 10.0.0.138 "GET / HTTP/1.1" status: 200 len: 246 time: 0.0026441
2026-05-19 14:40:02.068 9 INFO neutron.wsgi [-] 10.0.0.138 "GET / HTTP/1.1" status: 200 len: 246 time: 0.0032885
2026-05-19 14:40:17.067 9 INFO neutron.wsgi [-] 10.0.0.138 "GET / HTTP/1.1" status: 200 len: 246 time: 0.0023110
2026-05-19 14:40:17.067 10 INFO neutron.wsgi [-] 10.0.0.138 "GET / HTTP/1.1" status: 200 len: 246 time: 0.0028002
2026-05-19 14:40:32.066 9 INFO neutron.wsgi [-] 10.0.0.138 "GET / HTTP/1.1" status: 200 len: 246 time: 0.0023851
2026-05-19 14:40:32.067 10 INFO neutron.wsgi [-] 10.0.0.138 "GET / HTTP/1.1" status: 200 len: 246 time: 0.0033350
2026-05-19 14:40:47.067 9 INFO neutron.wsgi [-] 10.0.0.138 "GET / HTTP/1.1" status: 200 len: 246 time: 0.0022845
2026-05-19 14:40:47.067 10 INFO neutron.wsgi [-] 10.0.0.138 "GET / HTTP/1.1" status: 200 len: 246 time: 0.0022032
2026-05-19 14:40:57.769 9 INFO neutron.wsgi [None req-33bd3251-f236-430a-bba5-5b759a4ad423 6f9b105d61024b9d8b2c98865e8490d7 aef2772629f84717a50d66b94ca386a5 - - default default] 10.0.0.201 "GET /v2.0/networks HTTP/1.1" status: 200 len: 2350 time: 0.1921575
2026-05-19 14:40:57.815 9 INFO neutron.wsgi [None req-7c054933-63ee-486a-9fbd-b13f5c431d94 6f9b105d61024b9d8b2c98865e8490d7 aef2772629f84717a50d66b94ca386a5 - - default default] 10.0.0.201 "GET /v2.0/security-groups HTTP/1.1" status: 200 len: 17574 time: 0.0427921
2026-05-19 14:40:57.857 9 INFO neutron.wsgi [None req-795ed7e2-2036-4a2e-8715-ec6bd8057603 6f9b105d61024b9d8b2c98865e8490d7 aef2772629f84717a50d66b94ca386a5 - - default default] 10.0.0.201 "GET /v2.0/subnets HTTP/1.1" status: 200 len: 1437 time: 0.0381234
2026-05-19 14:40:57.897 9 INFO neutron.wsgi [None req-3a4616dc-cb07-4f55-86fd-734b267c1130 6f9b105d61024b9d8b2c98865e8490d7 aef2772629f84717a50d66b94ca386a5 - - default default] 10.0.0.201 "GET /v2.0/subnets HTTP/1.1" status: 200 len: 1437 time: 0.0388303
2026-05-19 14:40:57.906 9 INFO neutron.wsgi [None req-68bae17a-0844-47e7-a73d-1bda6a173adf 6f9b105d61024b9d8b2c98865e8490d7 aef2772629f84717a50d66b94ca386a5 - - default default] 10.0.0.201 "GET /v2.0/subnetpools HTTP/1.1" status: 200 len: 193 time: 0.0077510
2026-05-19 14:40:57.939 9 INFO neutron.wsgi [None req-812ec60f-770b-49d0-83f1-490273ee076b 6f9b105d61024b9d8b2c98865e8490d7 aef2772629f84717a50d66b94ca386a5 - - default default] 10.0.0.201 "GET /v2.0/floatingips HTTP/1.1" status: 200 len: 193 time: 0.0302014
2026-05-19 14:40:57.956 9 INFO neutron.wsgi [None req-1400724d-d785-4bdf-b6a7-0da2bab7a59e 6f9b105d61024b9d8b2c98865e8490d7 aef2772629f84717a50d66b94ca386a5 - - default default] 10.0.0.201 "GET /v2.0/network-ip-availabilities HTTP/1.1" status: 200 len: 1280 time: 0.0158479
2026-05-19 14:40:58.003 9 INFO neutron.wsgi [None req-5642412a-e816-4df1-be91-bcca4c6459c5 6f9b105d61024b9d8b2c98865e8490d7 aef2772629f84717a50d66b94ca386a5 - - default default] 10.0.0.201 "GET /v2.0/ports HTTP/1.1" status: 200 len: 5347 time: 0.0461907
2026-05-19 14:40:58.032 9 INFO neutron.wsgi [None req-4b933176-1b71-48bd-94ae-657bf700d60e 6f9b105d61024b9d8b2c98865e8490d7 aef2772629f84717a50d66b94ca386a5 - - default default] 10.0.0.201 "GET /v2.0/routers HTTP/1.1" status: 200 len: 189 time: 0.0244923
2026-05-19 14:40:58.224 9 INFO neutron.wsgi [None req-62b11031-0df8-4969-a243-1d45aa65b215 6f9b105d61024b9d8b2c98865e8490d7 aef2772629f84717a50d66b94ca386a5 - - default default] 10.0.0.201 "GET /v2.0/agents?binary=ovn-controller HTTP/1.1" status: 200 len: 591 time: 0.1914053
2026-05-19 14:40:58.238 9 INFO neutron.wsgi [None req-825b8e49-8173-45cc-8ed9-a115430a6a9c 6f9b105d61024b9d8b2c98865e8490d7 aef2772629f84717a50d66b94ca386a5 - - default default] 10.0.0.201 "GET /v2.0/agents HTTP/1.1" status: 200 len: 1390 time: 0.0129049
2026-05-19 14:41:02.066 10 INFO neutron.wsgi [-] 10.0.0.138 "GET / HTTP/1.1" status: 200 len: 246 time: 0.0017047
2026-05-19 14:41:02.066 9 INFO neutron.wsgi [-] 10.0.0.138 "GET / HTTP/1.1" status: 200 len: 246 time: 0.0015090
2026-05-19 14:41:03.450 9 INFO neutron.wsgi [None req-e34e948e-a1d0-41ad-998b-a5e0936e3f46 6f9b105d61024b9d8b2c98865e8490d7 aef2772629f84717a50d66b94ca386a5 - - default default] 10.0.0.79 "GET /v2.0/networks HTTP/1.1" status: 200 len: 2369 time: 0.0992155
2026-05-19 14:41:04.642 9 INFO neutron.wsgi [None req-44a9920d-efd2-4188-bc4a-26b801b94545 6f9b105d61024b9d8b2c98865e8490d7 aef2772629f84717a50d66b94ca386a5 - - default default] 10.0.0.79 "GET /v2.0/floatingips HTTP/1.1" status: 200 len: 212 time: 0.0218153
2026-05-19 14:41:04.675 9 INFO neutron.wsgi [None req-bb3a96a8-3837-4b6a-a92a-e623c587e955 6f9b105d61024b9d8b2c98865e8490d7 aef2772629f84717a50d66b94ca386a5 - - default default] 10.0.0.79 "GET /v2.0/routers HTTP/1.1" status: 200 len: 208 time: 0.0276015
2026-05-19 14:41:04.726 9 INFO neutron.wsgi [None req-838640f1-d85a-402f-8262-c74368cf8c61 6f9b105d61024b9d8b2c98865e8490d7 aef2772629f84717a50d66b94ca386a5 - - default default] 10.0.0.79 "GET /v2.0/ports HTTP/1.1" status: 200 len: 5366 time: 0.0443323
2026-05-19 14:41:04.760 9 INFO neutron.wsgi [None req-431272b2-c9ff-4d77-877a-40114673dcb5 6f9b105d61024b9d8b2c98865e8490d7 aef2772629f84717a50d66b94ca386a5 - - default default] 10.0.0.79 "GET /v2.0/subnets HTTP/1.1" status: 200 len: 1456 time: 0.0278623
2026-05-19 14:41:04.823 9 INFO neutron.wsgi [None req-c7df230d-fd99-4746-9145-57bcaf99e0f2 6f9b105d61024b9d8b2c98865e8490d7 aef2772629f84717a50d66b94ca386a5 - - default default] 10.0.0.79 "GET /v2.0/networks HTTP/1.1" status: 200 len: 2369 time: 0.0593989
2026-05-19 14:41:04.863 9 INFO neutron.wsgi [None req-0de9803f-17b0-41d9-b53c-eccf2bf4891b 6f9b105d61024b9d8b2c98865e8490d7 aef2772629f84717a50d66b94ca386a5 - - default default] 10.0.0.79 "GET /v2.0/security-groups HTTP/1.1" status: 200 len: 17593 time: 0.0359578
2026-05-19 14:41:04.879 9 INFO neutron.wsgi [None req-fd527633-0b33-4caa-856a-64bc265bd8c5 6f9b105d61024b9d8b2c98865e8490d7 aef2772629f84717a50d66b94ca386a5 - - default default] 10.0.0.79 "GET /v2.0/subnetpools HTTP/1.1" status: 200 len: 212 time: 0.0105760
2026-05-19 14:41:15.711 10 INFO neutron.db.ovn_revision_numbers_db [None req-4228297f-b9ec-48c4-ae00-4d6a3385a8c2 6f9b105d61024b9d8b2c98865e8490d7 aef2772629f84717a50d66b94ca386a5 - - default default] Successfully bumped revision number for resource 3965df0e-b2f7-4d29-b226-dcec727a4a64 (type: security_groups) to 1
2026-05-19 14:41:15.730 10 INFO neutron.db.ovn_revision_numbers_db [None req-4228297f-b9ec-48c4-ae00-4d6a3385a8c2 6f9b105d61024b9d8b2c98865e8490d7 aef2772629f84717a50d66b94ca386a5 - - default default] Successfully bumped revision number for resource 734fb696-c09c-4a86-adc6-c2aa77b79751 (type: security_group_rules) to 0
2026-05-19 14:41:15.746 10 INFO neutron.db.ovn_revision_numbers_db [None req-4228297f-b9ec-48c4-ae00-4d6a3385a8c2 6f9b105d61024b9d8b2c98865e8490d7 aef2772629f84717a50d66b94ca386a5 - - default default] Successfully bumped revision number for resource 987896d0-571b-4609-9aba-cf3f4d5f7c9f (type: security_group_rules) to 0
2026-05-19 14:41:15.766 10 INFO neutron.db.ovn_revision_numbers_db [None req-4228297f-b9ec-48c4-ae00-4d6a3385a8c2 6f9b105d61024b9d8b2c98865e8490d7 aef2772629f84717a50d66b94ca386a5 - - default default] Successfully bumped revision number for resource b4cad25a-5a70-410e-9c90-ac3b1cd05595 (type: security_group_rules) to 0
2026-05-19 14:41:15.769 9 INFO neutron.db.ovn_revision_numbers_db [None req-2b42eb57-06a1-4d2b-b5f5-39ac37178bdc 6f9b105d61024b9d8b2c98865e8490d7 aef2772629f84717a50d66b94ca386a5 - - default default] Successfully bumped revision number for resource 10c19dea-21fd-4e8f-bd10-800ca45772da (type: security_groups) to 1
2026-05-19 14:41:15.785 9 INFO neutron.db.ovn_revision_numbers_db [None req-2b42eb57-06a1-4d2b-b5f5-39ac37178bdc 6f9b105d61024b9d8b2c98865e8490d7 aef2772629f84717a50d66b94ca386a5 - - default default] Successfully bumped revision number for resource 2448c92e-bf89-467c-b263-52c779d469d6 (type: security_group_rules) to 0
2026-05-19 14:41:15.787 10 INFO neutron.db.ovn_revision_numbers_db [None req-4228297f-b9ec-48c4-ae00-4d6a3385a8c2 6f9b105d61024b9d8b2c98865e8490d7 aef2772629f84717a50d66b94ca386a5 - - default default] Successfully bumped revision number for resource ce6c7f18-aad7-4c6e-a841-48954ccaf128 (type: security_group_rules) to 0
2026-05-19 14:41:15.800 9 INFO neutron.db.ovn_revision_numbers_db [None req-2b42eb57-06a1-4d2b-b5f5-39ac37178bdc 6f9b105d61024b9d8b2c98865e8490d7 aef2772629f84717a50d66b94ca386a5 - - default default] Successfully bumped revision number for resource 45f37e15-23c7-4dbb-ae6a-5dada5e0381e (type: security_group_rules) to 0
2026-05-19 14:41:15.816 9 INFO neutron.db.ovn_revision_numbers_db [None req-2b42eb57-06a1-4d2b-b5f5-39ac37178bdc 6f9b105d61024b9d8b2c98865e8490d7 aef2772629f84717a50d66b94ca386a5 - - default default] Successfully bumped revision number for resource 76d34043-0035-451a-aa3a-930b79994b3d (type: security_group_rules) to 0
2026-05-19 14:41:15.829 9 INFO neutron.db.ovn_revision_numbers_db [None req-2b42eb57-06a1-4d2b-b5f5-39ac37178bdc 6f9b105d61024b9d8b2c98865e8490d7 aef2772629f84717a50d66b94ca386a5 - - default default] Successfully bumped revision number for resource c602d317-0f39-4592-a68d-142ae3002169 (type: security_group_rules) to 0
2026-05-19 14:41:15.854 10 INFO neutron.db.segments_db [None req-4228297f-b9ec-48c4-ae00-4d6a3385a8c2 6f9b105d61024b9d8b2c98865e8490d7 aef2772629f84717a50d66b94ca386a5 - - default default] Added segment 3b60cb8b-e5a9-4f93-8539-1da5a51dd49e of type geneve for network fa29885d-9d2f-4757-b277-4d9e1c6de0f5
2026-05-19 14:41:15.887 9 INFO neutron.db.segments_db [None req-2b42eb57-06a1-4d2b-b5f5-39ac37178bdc 6f9b105d61024b9d8b2c98865e8490d7 aef2772629f84717a50d66b94ca386a5 - - default default] Added segment 12d171f5-b5c4-47df-8db4-77ea7fa26af5 of type geneve for network b85178eb-c812-43bb-bf69-d0a23853a62f
2026-05-19 14:41:15.898 10 INFO neutron.db.ovn_revision_numbers_db [None req-4695d87a-07c7-4503-a0b4-d72a609b46f8 6f9b105d61024b9d8b2c98865e8490d7 aef2772629f84717a50d66b94ca386a5 - - default default] Successfully bumped revision number for resource 37c286e4-017b-4426-a4cc-43dbc42d170f (type: security_groups) to 1
2026-05-19 14:41:15.933 10 INFO neutron.db.ovn_revision_numbers_db [None req-4695d87a-07c7-4503-a0b4-d72a609b46f8 6f9b105d61024b9d8b2c98865e8490d7 aef2772629f84717a50d66b94ca386a5 - - default default] Successfully bumped revision number for resource 97a4da8c-668d-42c9-ac9f-7a550eee15e6 (type: security_group_rules) to 0
2026-05-19 14:41:15.955 10 INFO neutron.db.ovn_revision_numbers_db [None req-4695d87a-07c7-4503-a0b4-d72a609b46f8 6f9b105d61024b9d8b2c98865e8490d7 aef2772629f84717a50d66b94ca386a5 - - default default] Successfully bumped revision number for resource de96c84a-142e-4bb6-9157-30ccb7d9e2ec (type: security_group_rules) to 0
2026-05-19 14:41:15.975 10 INFO neutron.db.ovn_revision_numbers_db [None req-4695d87a-07c7-4503-a0b4-d72a609b46f8 6f9b105d61024b9d8b2c98865e8490d7 aef2772629f84717a50d66b94ca386a5 - - default default] Successfully bumped revision number for resource e3cce7c6-b914-45e9-a76a-f495bd46de38 (type: security_group_rules) to 0
2026-05-19 14:41:16.010 10 INFO neutron.db.ovn_revision_numbers_db [None req-4695d87a-07c7-4503-a0b4-d72a609b46f8 6f9b105d61024b9d8b2c98865e8490d7 aef2772629f84717a50d66b94ca386a5 - - default default] Successfully bumped revision number for resource fb16171a-d8ee-4df5-a2f7-01e075ce94e0 (type: security_group_rules) to 0
2026-05-19 14:41:16.041 10 INFO neutron.db.ovn_revision_numbers_db [None req-4228297f-b9ec-48c4-ae00-4d6a3385a8c2 6f9b105d61024b9d8b2c98865e8490d7 aef2772629f84717a50d66b94ca386a5 - - default default] Successfully bumped revision number for resource fa29885d-9d2f-4757-b277-4d9e1c6de0f5 (type: networks) to 1
2026-05-19 14:41:16.043 9 INFO neutron.db.ovn_revision_numbers_db [None req-2b42eb57-06a1-4d2b-b5f5-39ac37178bdc 6f9b105d61024b9d8b2c98865e8490d7 aef2772629f84717a50d66b94ca386a5 - - default default] Successfully bumped revision number for resource b85178eb-c812-43bb-bf69-d0a23853a62f (type: networks) to 1
2026-05-19 14:41:16.079 10 INFO neutron.db.segments_db [None req-4695d87a-07c7-4503-a0b4-d72a609b46f8 6f9b105d61024b9d8b2c98865e8490d7 aef2772629f84717a50d66b94ca386a5 - - default default] Added segment a1826132-8bd0-4357-bacf-8b3426b88c53 of type geneve for network ea27980c-324c-4703-8a43-95bbd6b13c8d
2026-05-19 14:41:16.209 9 WARNING neutron.scheduler.dhcp_agent_scheduler [None req-2b42eb57-06a1-4d2b-b5f5-39ac37178bdc 6f9b105d61024b9d8b2c98865e8490d7 aef2772629f84717a50d66b94ca386a5 - - default default] No more DHCP agents
2026-05-19 14:41:16.213 9 WARNING neutron.api.rpc.agentnotifiers.dhcp_rpc_agent_api [None req-2b42eb57-06a1-4d2b-b5f5-39ac37178bdc 6f9b105d61024b9d8b2c98865e8490d7 aef2772629f84717a50d66b94ca386a5 - - default default] Unable to schedule network b85178eb-c812-43bb-bf69-d0a23853a62f: no agents available; will retry on subsequent port and subnet creation events.
2026-05-19 14:41:16.294 10 WARNING neutron.scheduler.dhcp_agent_scheduler [None req-4228297f-b9ec-48c4-ae00-4d6a3385a8c2 6f9b105d61024b9d8b2c98865e8490d7 aef2772629f84717a50d66b94ca386a5 - - default default] No more DHCP agents
2026-05-19 14:41:16.295 10 INFO neutron.db.ovn_revision_numbers_db [None req-4695d87a-07c7-4503-a0b4-d72a609b46f8 6f9b105d61024b9d8b2c98865e8490d7 aef2772629f84717a50d66b94ca386a5 - - default default] Successfully bumped revision number for resource ea27980c-324c-4703-8a43-95bbd6b13c8d (type: networks) to 1
2026-05-19 14:41:16.299 10 WARNING neutron.api.rpc.agentnotifiers.dhcp_rpc_agent_api [None req-4228297f-b9ec-48c4-ae00-4d6a3385a8c2 6f9b105d61024b9d8b2c98865e8490d7 aef2772629f84717a50d66b94ca386a5 - - default default] Unable to schedule network fa29885d-9d2f-4757-b277-4d9e1c6de0f5: no agents available; will retry on subsequent port and subnet creation events.
2026-05-19 14:41:16.311 9 INFO neutron.db.ovn_revision_numbers_db [None req-2b42eb57-06a1-4d2b-b5f5-39ac37178bdc 6f9b105d61024b9d8b2c98865e8490d7 aef2772629f84717a50d66b94ca386a5 - - default default] Successfully bumped revision number for resource 13ab93b3-9337-4a10-892f-5e39f88f1385 (type: ports) to 1
2026-05-19 14:41:16.350 9 INFO neutron.wsgi [None req-2b42eb57-06a1-4d2b-b5f5-39ac37178bdc 6f9b105d61024b9d8b2c98865e8490d7 aef2772629f84717a50d66b94ca386a5 - - default default] 10.0.0.79 "POST /v2.0/networks HTTP/1.1" status: 201 len: 950 time: 0.8061109
2026-05-19 14:41:16.457 10 INFO neutron.db.ovn_revision_numbers_db [None req-4228297f-b9ec-48c4-ae00-4d6a3385a8c2 6f9b105d61024b9d8b2c98865e8490d7 aef2772629f84717a50d66b94ca386a5 - - default default] Successfully bumped revision number for resource eb0db919-598a-4b9f-8dfb-dc13140593b4 (type: ports) to 1
2026-05-19 14:41:16.514 9 WARNING neutron.scheduler.dhcp_agent_scheduler [None req-26440876-0254-46d9-96f4-dbfe58f57bac 6f9b105d61024b9d8b2c98865e8490d7 aef2772629f84717a50d66b94ca386a5 - - default default] No more DHCP agents
2026-05-19 14:41:16.516 9 WARNING neutron.api.rpc.agentnotifiers.dhcp_rpc_agent_api [None req-26440876-0254-46d9-96f4-dbfe58f57bac 6f9b105d61024b9d8b2c98865e8490d7 aef2772629f84717a50d66b94ca386a5 - - default default] Unable to schedule network b85178eb-c812-43bb-bf69-d0a23853a62f: no agents available; will retry on subsequent port and subnet creation events.
2026-05-19 14:41:16.516 10 INFO neutron.wsgi [None req-4228297f-b9ec-48c4-ae00-4d6a3385a8c2 6f9b105d61024b9d8b2c98865e8490d7 aef2772629f84717a50d66b94ca386a5 - - default default] 10.0.0.79 "POST /v2.0/networks HTTP/1.1" status: 201 len: 945 time: 1.1743236
2026-05-19 14:41:16.576 10 WARNING neutron.scheduler.dhcp_agent_scheduler [None req-4695d87a-07c7-4503-a0b4-d72a609b46f8 6f9b105d61024b9d8b2c98865e8490d7 aef2772629f84717a50d66b94ca386a5 - - default default] No more DHCP agents
2026-05-19 14:41:16.584 10 WARNING neutron.api.rpc.agentnotifiers.dhcp_rpc_agent_api [None req-4695d87a-07c7-4503-a0b4-d72a609b46f8 6f9b105d61024b9d8b2c98865e8490d7 aef2772629f84717a50d66b94ca386a5 - - default default] Unable to schedule network ea27980c-324c-4703-8a43-95bbd6b13c8d: no agents available; will retry on subsequent port and subnet creation events.
2026-05-19 14:41:16.613 10 INFO neutron.db.ovn_revision_numbers_db [None req-ac2d26e0-919f-4dd7-957f-dca443849237 6f9b105d61024b9d8b2c98865e8490d7 aef2772629f84717a50d66b94ca386a5 - - default default] Successfully bumped revision number for resource 2c82bb4e-0b28-4237-9583-b832c10d4fa9 (type: security_groups) to 1
2026-05-19 14:41:16.672 10 INFO neutron.db.ovn_revision_numbers_db [None req-ac2d26e0-919f-4dd7-957f-dca443849237 6f9b105d61024b9d8b2c98865e8490d7 aef2772629f84717a50d66b94ca386a5 - - default default] Successfully bumped revision number for resource a1fe2ccc-8066-4ab1-80d1-c47a199d61fd (type: security_group_rules) to 0
2026-05-19 14:41:16.709 10 INFO neutron.db.ovn_revision_numbers_db [None req-ac2d26e0-919f-4dd7-957f-dca443849237 6f9b105d61024b9d8b2c98865e8490d7 aef2772629f84717a50d66b94ca386a5 - - default default] Successfully bumped revision number for resource ba42003a-c68f-4fc4-8a57-2f7d7a81ce7c (type: security_group_rules) to 0
2026-05-19 14:41:16.732 10 INFO neutron.db.ovn_revision_numbers_db [None req-ac2d26e0-919f-4dd7-957f-dca443849237 6f9b105d61024b9d8b2c98865e8490d7 aef2772629f84717a50d66b94ca386a5 - - default default] Successfully bumped revision number for resource c32cf07c-0748-4d64-8650-8dede85ad6d3 (type: security_group_rules) to 0
2026-05-19 14:41:16.759 10 INFO neutron.db.ovn_revision_numbers_db [None req-4695d87a-07c7-4503-a0b4-d72a609b46f8 6f9b105d61024b9d8b2c98865e8490d7 aef2772629f84717a50d66b94ca386a5 - - default default] Successfully bumped revision number for resource e9815d9d-6cda-4ede-a864-944d6d3d893f (type: ports) to 1
2026-05-19 14:41:16.763 10 INFO neutron.db.ovn_revision_numbers_db [None req-ac2d26e0-919f-4dd7-957f-dca443849237 6f9b105d61024b9d8b2c98865e8490d7 aef2772629f84717a50d66b94ca386a5 - - default default] Successfully bumped revision number for resource f096c3cd-aefd-4f01-b415-84b251295d6e (type: security_group_rules) to 0
2026-05-19 14:41:16.802 10 INFO neutron.wsgi [None req-ac2d26e0-919f-4dd7-957f-dca443849237 6f9b105d61024b9d8b2c98865e8490d7 aef2772629f84717a50d66b94ca386a5 - - default default] 10.0.0.79 "GET /v2.0/security-groups?tenant_id=fb6e0055a66249428660a254f7b7dbab&name=default HTTP/1.1" status: 200 len: 3116 time: 0.6093895
2026-05-19 14:41:16.809 10 INFO neutron.wsgi [None req-4695d87a-07c7-4503-a0b4-d72a609b46f8 6f9b105d61024b9d8b2c98865e8490d7 aef2772629f84717a50d66b94ca386a5 - - default default] 10.0.0.79 "POST /v2.0/networks HTTP/1.1" status: 201 len: 950 time: 1.1438360
2026-05-19 14:41:16.812 10 WARNING neutron.scheduler.dhcp_agent_scheduler [None req-322bdf81-b132-4d82-9b99-70dadf3c928e 6f9b105d61024b9d8b2c98865e8490d7 aef2772629f84717a50d66b94ca386a5 - - default default] No more DHCP agents
2026-05-19 14:41:16.819 10 WARNING neutron.api.rpc.agentnotifiers.dhcp_rpc_agent_api [None req-322bdf81-b132-4d82-9b99-70dadf3c928e 6f9b105d61024b9d8b2c98865e8490d7 aef2772629f84717a50d66b94ca386a5 - - default default] Unable to schedule network fa29885d-9d2f-4757-b277-4d9e1c6de0f5: no agents available; will retry on subsequent port and subnet creation events.
2026-05-19 14:41:17.068 10 INFO neutron.wsgi [-] 10.0.0.138 "GET / HTTP/1.1" status: 200 len: 246 time: 0.0027823
2026-05-19 14:41:17.071 10 INFO neutron.wsgi [-] 10.0.0.138 "GET / HTTP/1.1" status: 200 len: 246 time: 0.0020456
2026-05-19 14:41:17.172 9 WARNING neutron.scheduler.dhcp_agent_scheduler [None req-e30ceec7-f640-476b-828d-dcc97c9f497d 6f9b105d61024b9d8b2c98865e8490d7 aef2772629f84717a50d66b94ca386a5 - - default default] No more DHCP agents
2026-05-19 14:41:17.177 9 WARNING neutron.api.rpc.agentnotifiers.dhcp_rpc_agent_api [None req-e30ceec7-f640-476b-828d-dcc97c9f497d 6f9b105d61024b9d8b2c98865e8490d7 aef2772629f84717a50d66b94ca386a5 - - default default] Unable to schedule network ea27980c-324c-4703-8a43-95bbd6b13c8d: no agents available; will retry on subsequent port and subnet creation events.
2026-05-19 14:41:17.346 9 INFO neutron.db.ovn_revision_numbers_db [None req-26440876-0254-46d9-96f4-dbfe58f57bac 6f9b105d61024b9d8b2c98865e8490d7 aef2772629f84717a50d66b94ca386a5 - - default default] Successfully bumped revision number for resource 13ab93b3-9337-4a10-892f-5e39f88f1385 (type: ports) to 2
2026-05-19 14:41:17.408 9 INFO neutron.wsgi [None req-4a26d874-c3df-4f3c-80d4-5eac156df476 6f9b105d61024b9d8b2c98865e8490d7 aef2772629f84717a50d66b94ca386a5 - - default default] 10.0.0.79 "DELETE /v2.0/security-groups/2c82bb4e-0b28-4237-9583-b832c10d4fa9 HTTP/1.1" status: 204 len: 168 time: 0.6011701
2026-05-19 14:41:17.418 9 INFO neutron.db.ovn_revision_numbers_db [None req-26440876-0254-46d9-96f4-dbfe58f57bac 6f9b105d61024b9d8b2c98865e8490d7 aef2772629f84717a50d66b94ca386a5 - - default default] Successfully bumped revision number for resource 314bcc79-7aeb-4b8c-8e05-71dead7cdd9e (type: subnets) to 0
2026-05-19 14:41:17.429 10 INFO neutron.db.ovn_revision_numbers_db [None req-322bdf81-b132-4d82-9b99-70dadf3c928e 6f9b105d61024b9d8b2c98865e8490d7 aef2772629f84717a50d66b94ca386a5 - - default default] Successfully bumped revision number for resource eb0db919-598a-4b9f-8dfb-dc13140593b4 (type: ports) to 2
2026-05-19 14:41:17.438 9 INFO neutron.wsgi [None req-26440876-0254-46d9-96f4-dbfe58f57bac 6f9b105d61024b9d8b2c98865e8490d7 aef2772629f84717a50d66b94ca386a5 - - default default] 10.0.0.79 "POST /v2.0/subnets HTTP/1.1" status: 201 len: 870 time: 1.0807135
2026-05-19 14:41:17.474 10 INFO neutron.db.ovn_revision_numbers_db [None req-322bdf81-b132-4d82-9b99-70dadf3c928e 6f9b105d61024b9d8b2c98865e8490d7 aef2772629f84717a50d66b94ca386a5 - - default default] Successfully bumped revision number for resource f160cf6b-103c-4937-8ad6-6a703f08e537 (type: subnets) to 0
2026-05-19 14:41:17.493 10 INFO neutron.wsgi [None req-322bdf81-b132-4d82-9b99-70dadf3c928e 6f9b105d61024b9d8b2c98865e8490d7 aef2772629f84717a50d66b94ca386a5 - - default default] 10.0.0.79 "POST /v2.0/subnets HTTP/1.1" status: 201 len: 865 time: 0.9694107
2026-05-19 14:41:18.042 10 WARNING neutron.scheduler.dhcp_agent_scheduler [None req-feeac5f3-affb-46e9-8a4c-2fefe99b398c 6f9b105d61024b9d8b2c98865e8490d7 aef2772629f84717a50d66b94ca386a5 - - default default] No more DHCP agents
2026-05-19 14:41:18.044 10 WARNING neutron.api.rpc.agentnotifiers.dhcp_rpc_agent_api [None req-feeac5f3-affb-46e9-8a4c-2fefe99b398c 6f9b105d61024b9d8b2c98865e8490d7 aef2772629f84717a50d66b94ca386a5 - - default default] Unable to schedule network b19f39dd-e3f2-40a8-8cbf-a0ccd40798de: no agents available; will retry on subsequent port and subnet creation events.
2026-05-19 14:41:18.085 9 INFO neutron.db.ovn_revision_numbers_db [None req-e30ceec7-f640-476b-828d-dcc97c9f497d 6f9b105d61024b9d8b2c98865e8490d7 aef2772629f84717a50d66b94ca386a5 - - default default] Successfully bumped revision number for resource e9815d9d-6cda-4ede-a864-944d6d3d893f (type: ports) to 2
2026-05-19 14:41:18.138 9 INFO neutron.db.ovn_revision_numbers_db [None req-e30ceec7-f640-476b-828d-dcc97c9f497d 6f9b105d61024b9d8b2c98865e8490d7 aef2772629f84717a50d66b94ca386a5 - - default default] Successfully bumped revision number for resource e82fc881-58e8-49df-8852-aae524dafd51 (type: subnets) to 0
2026-05-19 14:41:18.182 9 INFO neutron.wsgi [None req-e30ceec7-f640-476b-828d-dcc97c9f497d 6f9b105d61024b9d8b2c98865e8490d7 aef2772629f84717a50d66b94ca386a5 - - default default] 10.0.0.79 "POST /v2.0/subnets HTTP/1.1" status: 201 len: 870 time: 1.3647416
2026-05-19 14:41:18.198 10 INFO neutron.db.ovn_revision_numbers_db [None req-feeac5f3-affb-46e9-8a4c-2fefe99b398c 6f9b105d61024b9d8b2c98865e8490d7 aef2772629f84717a50d66b94ca386a5 - - default default] Successfully bumped revision number for resource d0d2bb81-38dd-445b-86ce-186c97198519 (type: ports) to 1
2026-05-19 14:41:18.300 9 WARNING neutron.scheduler.dhcp_agent_scheduler [None req-621457e9-69b1-4b11-a594-1bb19e0d0bdf 6f9b105d61024b9d8b2c98865e8490d7 aef2772629f84717a50d66b94ca386a5 - - default default] No more DHCP agents
2026-05-19 14:41:18.301 9 WARNING neutron.api.rpc.agentnotifiers.dhcp_rpc_agent_api [None req-621457e9-69b1-4b11-a594-1bb19e0d0bdf 6f9b105d61024b9d8b2c98865e8490d7 aef2772629f84717a50d66b94ca386a5 - - default default] Unable to schedule network b19f39dd-e3f2-40a8-8cbf-a0ccd40798de: no agents available; will retry on subsequent port and subnet creation events.
2026-05-19 14:41:18.437 9 INFO neutron.db.ovn_revision_numbers_db [None req-621457e9-69b1-4b11-a594-1bb19e0d0bdf 6f9b105d61024b9d8b2c98865e8490d7 aef2772629f84717a50d66b94ca386a5 - - default default] Successfully bumped revision number for resource fb54c8c0-fc72-41e8-9cc1-fa41529789fc (type: ports) to 1
2026-05-19 14:41:18.779 10 INFO neutron.plugins.ml2.drivers.ovn.mech_driver.ovsdb.extensions.qos [None req-feeac5f3-affb-46e9-8a4c-2fefe99b398c 6f9b105d61024b9d8b2c98865e8490d7 aef2772629f84717a50d66b94ca386a5 - - default default] Starting OVNClientQosExtension
2026-05-19 14:41:18.830 9 INFO neutron.plugins.ml2.drivers.ovn.mech_driver.ovsdb.extensions.qos [None req-621457e9-69b1-4b11-a594-1bb19e0d0bdf 6f9b105d61024b9d8b2c98865e8490d7 aef2772629f84717a50d66b94ca386a5 - - default default] Starting OVNClientQosExtension
2026-05-19 14:41:19.048 10 WARNING neutron.scheduler.dhcp_agent_scheduler [None req-9e0431c9-a3fc-4cec-a474-a5e64020a7c4 6f9b105d61024b9d8b2c98865e8490d7 aef2772629f84717a50d66b94ca386a5 - - default default] No more DHCP agents
2026-05-19 14:41:19.055 10 WARNING neutron.api.rpc.agentnotifiers.dhcp_rpc_agent_api [None req-9e0431c9-a3fc-4cec-a474-a5e64020a7c4 6f9b105d61024b9d8b2c98865e8490d7 aef2772629f84717a50d66b94ca386a5 - - default default] Unable to schedule network b19f39dd-e3f2-40a8-8cbf-a0ccd40798de: no agents available; will retry on subsequent port and subnet creation events.
2026-05-19 14:41:19.265 10 INFO neutron.db.ovn_revision_numbers_db [None req-9e0431c9-a3fc-4cec-a474-a5e64020a7c4 6f9b105d61024b9d8b2c98865e8490d7 aef2772629f84717a50d66b94ca386a5 - - default default] Successfully bumped revision number for resource a452749a-dd06-48fe-8ce5-015ce1b3e50b (type: ports) to 1
2026-05-19 14:41:19.319 9 INFO neutron.plugins.ml2.drivers.ovn.mech_driver.ovsdb.commands [None req-aeb3f0d3-3c92-4436-820d-f974086fcd51 - - - - - -] Schedule LRP lrp-fb54c8c0-fc72-41e8-9cc1-fa41529789fc on gateway b73318a2-fe58-4728-b382-9e5fffd2e29d with priority 1
2026-05-19 14:41:19.345 10 INFO neutron.plugins.ml2.drivers.ovn.mech_driver.mech_driver [None req-00429117-a32d-425a-8690-bd046eaff379 - - - - - -] OVN reports status up for port: fb54c8c0-fc72-41e8-9cc1-fa41529789fc
2026-05-19 14:41:19.347 9 INFO neutron.plugins.ml2.drivers.ovn.mech_driver.ovsdb.ovsdb_monitor [-] Router 5107e56e-477f-4527-853a-37688ec9d7d0 is bound to host instance
2026-05-19 14:41:19.354 10 INFO neutron.plugins.ml2.drivers.ovn.mech_driver.ovsdb.commands [None req-1bff31d8-629b-41de-a9b4-a6ea9cc5c1c6 - - - - - -] Schedule LRP lrp-d0d2bb81-38dd-445b-86ce-186c97198519 on gateway b73318a2-fe58-4728-b382-9e5fffd2e29d with priority 1
2026-05-19 14:41:19.365 10 INFO neutron.plugins.ml2.plugin [None req-00429117-a32d-425a-8690-bd046eaff379 - - - - - -] Attempt 1 to provision port fb54c8c0-fc72-41e8-9cc1-fa41529789fc
2026-05-19 14:41:19.377 9 INFO neutron.plugins.ml2.drivers.ovn.mech_driver.mech_driver [None req-ef2f1446-2720-4e2b-b689-140f49dd0908 - - - - - -] OVN reports status up for port: d0d2bb81-38dd-445b-86ce-186c97198519
2026-05-19 14:41:19.401 9 INFO neutron.plugins.ml2.plugin [None req-ef2f1446-2720-4e2b-b689-140f49dd0908 - - - - - -] Attempt 1 to provision port d0d2bb81-38dd-445b-86ce-186c97198519
2026-05-19 14:41:19.411 9 INFO neutron.db.ovn_revision_numbers_db [None req-621457e9-69b1-4b11-a594-1bb19e0d0bdf 6f9b105d61024b9d8b2c98865e8490d7 aef2772629f84717a50d66b94ca386a5 - - default default] Successfully bumped revision number for resource fb54c8c0-fc72-41e8-9cc1-fa41529789fc (type: router_ports) to 1
2026-05-19 14:41:19.511 10 INFO neutron.db.ovn_revision_numbers_db [None req-feeac5f3-affb-46e9-8a4c-2fefe99b398c 6f9b105d61024b9d8b2c98865e8490d7 aef2772629f84717a50d66b94ca386a5 - - default default] Successfully bumped revision number for resource d0d2bb81-38dd-445b-86ce-186c97198519 (type: router_ports) to 1
2026-05-19 14:41:19.539 9 INFO neutron.db.ovn_revision_numbers_db [None req-621457e9-69b1-4b11-a594-1bb19e0d0bdf 6f9b105d61024b9d8b2c98865e8490d7 aef2772629f84717a50d66b94ca386a5 - - default default] Successfully bumped revision number for resource 5107e56e-477f-4527-853a-37688ec9d7d0 (type: routers) to 2
2026-05-19 14:41:19.566 9 INFO neutron.wsgi [None req-621457e9-69b1-4b11-a594-1bb19e0d0bdf 6f9b105d61024b9d8b2c98865e8490d7 aef2772629f84717a50d66b94ca386a5 - - default default] 10.0.0.79 "POST /v2.0/routers HTTP/1.1" status: 201 len: 1167 time: 2.0671382
2026-05-19 14:41:19.655 10 INFO neutron.db.ovn_revision_numbers_db [None req-feeac5f3-affb-46e9-8a4c-2fefe99b398c 6f9b105d61024b9d8b2c98865e8490d7 aef2772629f84717a50d66b94ca386a5 - - default default] Successfully bumped revision number for resource 91941f24-4260-4fc3-801d-a5d9a8719b31 (type: routers) to 2
2026-05-19 14:41:19.696 10 INFO neutron.wsgi [None req-feeac5f3-affb-46e9-8a4c-2fefe99b398c 6f9b105d61024b9d8b2c98865e8490d7 aef2772629f84717a50d66b94ca386a5 - - default default] 10.0.0.79 "POST /v2.0/routers HTTP/1.1" status: 201 len: 1172 time: 2.2495620
2026-05-19 14:41:19.723 10 INFO neutron.db.ovn_revision_numbers_db [None req-bdb11ac0-74c5-4af6-a4a6-c79cb468be17 6f9b105d61024b9d8b2c98865e8490d7 aef2772629f84717a50d66b94ca386a5 - - default default] Successfully bumped revision number for resource cfd20d1a-2828-48c5-8050-08f31912e71c (type: security_groups) to 1
2026-05-19 14:41:19.770 10 INFO neutron.db.ovn_revision_numbers_db [None req-bdb11ac0-74c5-4af6-a4a6-c79cb468be17 6f9b105d61024b9d8b2c98865e8490d7 aef2772629f84717a50d66b94ca386a5 - - default default] Successfully bumped revision number for resource 553e9faa-9b99-4d2b-a63c-33836f149540 (type: security_group_rules) to 0
2026-05-19 14:41:19.813 10 INFO neutron.db.ovn_revision_numbers_db [None req-bdb11ac0-74c5-4af6-a4a6-c79cb468be17 6f9b105d61024b9d8b2c98865e8490d7 aef2772629f84717a50d66b94ca386a5 - - default default] Successfully bumped revision number for resource 6a268483-4c88-4dbe-b0c7-65c557e667ad (type: security_group_rules) to 0
2026-05-19 14:41:19.962 10 INFO neutron.db.ovn_revision_numbers_db [None req-bdb11ac0-74c5-4af6-a4a6-c79cb468be17 6f9b105d61024b9d8b2c98865e8490d7 aef2772629f84717a50d66b94ca386a5 - - default default] Successfully bumped revision number for resource 80a02179-74d7-469a-b75b-a82e0c4002cc (type: security_group_rules) to 0
2026-05-19 14:41:19.991 10 INFO neutron.db.ovn_revision_numbers_db [None req-bdb11ac0-74c5-4af6-a4a6-c79cb468be17 6f9b105d61024b9d8b2c98865e8490d7 aef2772629f84717a50d66b94ca386a5 - - default default] Successfully bumped revision number for resource 8a001a8d-9bf6-42aa-a958-d7459eb2685f (type: security_group_rules) to 0
2026-05-19 14:41:20.073 10 INFO neutron.db.segments_db [None req-bdb11ac0-74c5-4af6-a4a6-c79cb468be17 6f9b105d61024b9d8b2c98865e8490d7 aef2772629f84717a50d66b94ca386a5 - - default default] Added segment ea84e090-63d6-491d-9a46-b04a4e44e6e9 of type geneve for network 97f6f710-63fd-4999-9cf9-b6f2f433b918
2026-05-19 14:41:20.330 10 INFO neutron.db.ovn_revision_numbers_db [None req-bdb11ac0-74c5-4af6-a4a6-c79cb468be17 6f9b105d61024b9d8b2c98865e8490d7 aef2772629f84717a50d66b94ca386a5 - - default default] Successfully bumped revision number for resource 97f6f710-63fd-4999-9cf9-b6f2f433b918 (type: networks) to 1
2026-05-19 14:41:20.388 9 WARNING neutron.scheduler.dhcp_agent_scheduler [None req-f70fdf72-31fd-4090-b1dc-5cb19c181526 6f9b105d61024b9d8b2c98865e8490d7 aef2772629f84717a50d66b94ca386a5 - - default default] No more DHCP agents
2026-05-19 14:41:20.393 9 WARNING neutron.api.rpc.agentnotifiers.dhcp_rpc_agent_api [None req-f70fdf72-31fd-4090-b1dc-5cb19c181526 6f9b105d61024b9d8b2c98865e8490d7 aef2772629f84717a50d66b94ca386a5 - - default default] Unable to schedule network fa29885d-9d2f-4757-b277-4d9e1c6de0f5: no agents available; will retry on subsequent port and subnet creation events.
2026-05-19 14:41:20.472 9 INFO neutron.db.ovn_revision_numbers_db [None req-6a36e79f-f3c9-4b67-948d-ed9345861c64 - - - - - -] Successfully bumped revision number for resource fb54c8c0-fc72-41e8-9cc1-fa41529789fc (type: ports) to 1
2026-05-19 14:41:20.484 10 INFO neutron.plugins.ml2.drivers.ovn.mech_driver.ovsdb.commands [None req-1bff31d8-629b-41de-a9b4-a6ea9cc5c1c6 - - - - - -] Schedule LRP lrp-a452749a-dd06-48fe-8ce5-015ce1b3e50b on gateway b73318a2-fe58-4728-b382-9e5fffd2e29d with priority 1
2026-05-19 14:41:20.590 9 INFO neutron.db.ovn_revision_numbers_db [None req-f70fdf72-31fd-4090-b1dc-5cb19c181526 6f9b105d61024b9d8b2c98865e8490d7 aef2772629f84717a50d66b94ca386a5 - - default default] Successfully bumped revision number for resource 175d8ada-3391-48e3-9583-0a2bfef0d95e (type: ports) to 1
2026-05-19 14:41:20.610 10 INFO neutron.db.ovn_revision_numbers_db [None req-9e0431c9-a3fc-4cec-a474-a5e64020a7c4 6f9b105d61024b9d8b2c98865e8490d7 aef2772629f84717a50d66b94ca386a5 - - default default] Successfully bumped revision number for resource a452749a-dd06-48fe-8ce5-015ce1b3e50b (type: router_ports) to 1
2026-05-19 14:41:20.670 10 WARNING neutron.scheduler.dhcp_agent_scheduler [None req-fdd28d25-a61f-4abe-b4bf-36a6c87dee51 6f9b105d61024b9d8b2c98865e8490d7 aef2772629f84717a50d66b94ca386a5 - - default default] No more DHCP agents
2026-05-19 14:41:20.676 10 WARNING neutron.scheduler.dhcp_agent_scheduler [None req-bdb11ac0-74c5-4af6-a4a6-c79cb468be17 6f9b105d61024b9d8b2c98865e8490d7 aef2772629f84717a50d66b94ca386a5 - - default default] No more DHCP agents
2026-05-19 14:41:20.677 10 WARNING neutron.api.rpc.agentnotifiers.dhcp_rpc_agent_api [None req-fdd28d25-a61f-4abe-b4bf-36a6c87dee51 6f9b105d61024b9d8b2c98865e8490d7 aef2772629f84717a50d66b94ca386a5 - - default default] Unable to schedule network b85178eb-c812-43bb-bf69-d0a23853a62f: no agents available; will retry on subsequent port and subnet creation events.
2026-05-19 14:41:20.681 10 WARNING neutron.api.rpc.agentnotifiers.dhcp_rpc_agent_api [None req-bdb11ac0-74c5-4af6-a4a6-c79cb468be17 6f9b105d61024b9d8b2c98865e8490d7 aef2772629f84717a50d66b94ca386a5 - - default default] Unable to schedule network 97f6f710-63fd-4999-9cf9-b6f2f433b918: no agents available; will retry on subsequent port and subnet creation events.
2026-05-19 14:41:20.841 10 INFO neutron.db.ovn_revision_numbers_db [None req-9e0431c9-a3fc-4cec-a474-a5e64020a7c4 6f9b105d61024b9d8b2c98865e8490d7 aef2772629f84717a50d66b94ca386a5 - - default default] Successfully bumped revision number for resource 9315dd4e-958a-410f-9691-401a26e26b00 (type: routers) to 2
2026-05-19 14:41:20.966 10 INFO neutron.wsgi [None req-9e0431c9-a3fc-4cec-a474-a5e64020a7c4 6f9b105d61024b9d8b2c98865e8490d7 aef2772629f84717a50d66b94ca386a5 - - default default] 10.0.0.79 "POST /v2.0/routers HTTP/1.1" status: 201 len: 1172 time: 2.7793963
2026-05-19 14:41:20.970 10 INFO neutron.db.ovn_revision_numbers_db [None req-bdb11ac0-74c5-4af6-a4a6-c79cb468be17 6f9b105d61024b9d8b2c98865e8490d7 aef2772629f84717a50d66b94ca386a5 - - default default] Successfully bumped revision number for resource 8938699c-fb74-42af-980c-bda83986cc5f (type: ports) to 1
2026-05-19 14:41:21.038 10 INFO neutron.wsgi [None req-bdb11ac0-74c5-4af6-a4a6-c79cb468be17 6f9b105d61024b9d8b2c98865e8490d7 aef2772629f84717a50d66b94ca386a5 - - default default] 10.0.0.79 "POST /v2.0/networks HTTP/1.1" status: 201 len: 954 time: 1.9007664
2026-05-19 14:41:21.150 10 INFO neutron.db.ovn_revision_numbers_db [None req-fdd28d25-a61f-4abe-b4bf-36a6c87dee51 6f9b105d61024b9d8b2c98865e8490d7 aef2772629f84717a50d66b94ca386a5 - - default default] Successfully bumped revision number for resource e0a8ef4b-fd21-470e-befd-c95dab116dc8 (type: ports) to 1
2026-05-19 14:41:21.231 9 INFO neutron.db.ovn_revision_numbers_db [None req-6a36e79f-f3c9-4b67-948d-ed9345861c64 - - - - - -] Successfully bumped revision number for resource fb54c8c0-fc72-41e8-9cc1-fa41529789fc (type: router_ports) to 3
2026-05-19 14:41:21.451 10 WARNING neutron.scheduler.dhcp_agent_scheduler [None req-83484fec-4c70-473d-a353-41459798aca4 6f9b105d61024b9d8b2c98865e8490d7 aef2772629f84717a50d66b94ca386a5 - - default default] No more DHCP agents
2026-05-19 14:41:21.456 10 WARNING neutron.api.rpc.agentnotifiers.dhcp_rpc_agent_api [None req-83484fec-4c70-473d-a353-41459798aca4 6f9b105d61024b9d8b2c98865e8490d7 aef2772629f84717a50d66b94ca386a5 - - default default] Unable to schedule network 97f6f710-63fd-4999-9cf9-b6f2f433b918: no agents available; will retry on subsequent port and subnet creation events.
2026-05-19 14:41:21.544 9 ERROR ovsdbapp.backend.ovs_idl.command [None req-f70fdf72-31fd-4090-b1dc-5cb19c181526 6f9b105d61024b9d8b2c98865e8490d7 aef2772629f84717a50d66b94ca386a5 - - default default] Error executing command (DbGetCommand): ovsdbapp.backend.ovs_idl.idlutils.RowNotFound: Cannot find Logical_Router_Port with name=lrp-175d8ada-3391-48e3-9583-0a2bfef0d95e
2026-05-19 14:41:21.544 9 ERROR ovsdbapp.backend.ovs_idl.command
Traceback (most recent call last):
2026-05-19 14:41:21.544 9 ERROR ovsdbapp.backend.ovs_idl.command
File "/var/lib/openstack/lib/python3.10/site-packages/ovsdbapp/backend/ovs_idl/command.py", line 47, in execute
2026-05-19 14:41:21.544 9 ERROR ovsdbapp.backend.ovs_idl.command self.run_idl(None)
2026-05-19 14:41:21.544 9 ERROR ovsdbapp.backend.ovs_idl.command
File "/var/lib/openstack/lib/python3.10/site-packages/ovsdbapp/backend/ovs_idl/command.py", line 235, in run_idl
2026-05-19 14:41:21.544 9 ERROR ovsdbapp.backend.ovs_idl.command record = self.api.lookup(self.table, self.record)
2026-05-19 14:41:21.544 9 ERROR ovsdbapp.backend.ovs_idl.command
File "/var/lib/openstack/lib/python3.10/site-packages/ovsdbapp/backend/ovs_idl/__init__.py", line 184, in lookup
2026-05-19 14:41:21.544 9 ERROR ovsdbapp.backend.ovs_idl.command return self._lookup(table, record)
2026-05-19 14:41:21.544 9 ERROR ovsdbapp.backend.ovs_idl.command
File "/var/lib/openstack/lib/python3.10/site-packages/ovsdbapp/backend/ovs_idl/__init__.py", line 235, in _lookup
2026-05-19 14:41:21.544 9 ERROR ovsdbapp.backend.ovs_idl.command row = idlutils.row_by_value(self, rl.table, rl.column, record)
2026-05-19 14:41:21.544 9 ERROR ovsdbapp.backend.ovs_idl.command
File "/var/lib/openstack/lib/python3.10/site-packages/ovsdbapp/backend/ovs_idl/idlutils.py", line 114, in row_by_value
2026-05-19 14:41:21.544 9 ERROR ovsdbapp.backend.ovs_idl.command raise RowNotFound(table=table, col=column, match=match)
2026-05-19 14:41:21.544 9 ERROR ovsdbapp.backend.ovs_idl.command ovsdbapp.backend.ovs_idl.idlutils.RowNotFound: Cannot find Logical_Router_Port with name=lrp-175d8ada-3391-48e3-9583-0a2bfef0d95e
2026-05-19 14:41:21.544 9 ERROR ovsdbapp.backend.ovs_idl.command 
2026-05-19 14:41:21.545 9 ERROR neutron_lib.callbacks.manager [None req-f70fdf72-31fd-4090-b1dc-5cb19c181526 6f9b105d61024b9d8b2c98865e8490d7 aef2772629f84717a50d66b94ca386a5 - - default default] Error during notification for neutron.services.ovn_l3.plugin.OVNL3RouterPlugin._port_update-8733817540335 port, after_update: ovsdbapp.backend.ovs_idl.idlutils.RowNotFound: Cannot find Logical_Router_Port with name=lrp-175d8ada-3391-48e3-9583-0a2bfef0d95e
2026-05-19 14:41:21.545 9 ERROR neutron_lib.callbacks.manager
Traceback (most recent call last):
2026-05-19 14:41:21.545 9 ERROR neutron_lib.callbacks.manager
File "/var/lib/openstack/lib/python3.10/site-packages/neutron_lib/callbacks/manager.py", line 189, in _notify_loop
2026-05-19 14:41:21.545 9 ERROR neutron_lib.callbacks.manager callback.method(resource, event, trigger, payload=payload)
2026-05-19 14:41:21.545 9 ERROR neutron_lib.callbacks.manager
File "/var/lib/openstack/lib/python3.10/site-packages/neutron/services/ovn_l3/plugin.py", line 391, in _port_update
2026-05-19 14:41:21.545 9 ERROR neutron_lib.callbacks.manager l3plugin._ovn_client.update_router_port(context,
2026-05-19 14:41:21.545 9 ERROR neutron_lib.callbacks.manager
File "/var/lib/openstack/lib/python3.10/site-packages/neutron/plugins/ml2/drivers/ovn/mech_driver/ovsdb/ovn_client.py", line 1878, in update_router_port
2026-05-19 14:41:21.545 9 ERROR neutron_lib.callbacks.manager self._update_lrouter_port(context, port, if_exists=if_exists,
2026-05-19 14:41:21.545 9 ERROR neutron_lib.callbacks.manager
File "/var/lib/openstack/lib/python3.10/site-packages/neutron/plugins/ml2/drivers/ovn/mech_driver/ovsdb/ovn_client.py", line 1855, in _update_lrouter_port
2026-05-19 14:41:21.545 9 ERROR neutron_lib.callbacks.manager external_ids = self._nb_idl.db_get(
2026-05-19 14:41:21.545 9 ERROR neutron_lib.callbacks.manager
File "/var/lib/openstack/lib/python3.10/site-packages/ovsdbapp/backend/ovs_idl/command.py", line 47, in execute
2026-05-19 14:41:21.545 9 ERROR neutron_lib.callbacks.manager self.run_idl(None)
2026-05-19 14:41:21.545 9 ERROR neutron_lib.callbacks.manager
File "/var/lib/openstack/lib/python3.10/site-packages/ovsdbapp/backend/ovs_idl/command.py", line 235, in run_idl
2026-05-19 14:41:21.545 9 ERROR neutron_lib.callbacks.manager record = self.api.lookup(self.table, self.record)
2026-05-19 14:41:21.545 9 ERROR neutron_lib.callbacks.manager
File "/var/lib/openstack/lib/python3.10/site-packages/ovsdbapp/backend/ovs_idl/__init__.py", line 184, in lookup
2026-05-19 14:41:21.545 9 ERROR neutron_lib.callbacks.manager return self._lookup(table, record)
2026-05-19 14:41:21.545 9 ERROR neutron_lib.callbacks.manager
File "/var/lib/openstack/lib/python3.10/site-packages/ovsdbapp/backend/ovs_idl/__init__.py", line 235, in _lookup
2026-05-19 14:41:21.545 9 ERROR neutron_lib.callbacks.manager row = idlutils.row_by_value(self, rl.table, rl.column, record)
2026-05-19 14:41:21.545 9 ERROR neutron_lib.callbacks.manager
File "/var/lib/openstack/lib/python3.10/site-packages/ovsdbapp/backend/ovs_idl/idlutils.py", line 114, in row_by_value
2026-05-19 14:41:21.545 9 ERROR neutron_lib.callbacks.manager raise RowNotFound(table=table, col=column, match=match)
2026-05-19 14:41:21.545 9 ERROR neutron_lib.callbacks.manager ovsdbapp.backend.ovs_idl.idlutils.RowNotFound: Cannot find Logical_Router_Port with name=lrp-175d8ada-3391-48e3-9583-0a2bfef0d95e
2026-05-19 14:41:21.545 9 ERROR neutron_lib.callbacks.manager 
2026-05-19 14:41:21.564 9 INFO neutron.db.ovn_revision_numbers_db [None req-6a36e79f-f3c9-4b67-948d-ed9345861c64 - - - - - -] Successfully bumped revision number for resource fb54c8c0-fc72-41e8-9cc1-fa41529789fc (type: ports) to 2
2026-05-19 14:41:21.789 9 INFO neutron.db.ovn_revision_numbers_db [None req-f70fdf72-31fd-4090-b1dc-5cb19c181526 6f9b105d61024b9d8b2c98865e8490d7 aef2772629f84717a50d66b94ca386a5 - - default default] Successfully bumped revision number for resource 175d8ada-3391-48e3-9583-0a2bfef0d95e (type: ports) to 1
2026-05-19 14:41:21.997 9 WARNING neutron.scheduler.dhcp_agent_scheduler [None req-f70fdf72-31fd-4090-b1dc-5cb19c181526 6f9b105d61024b9d8b2c98865e8490d7 aef2772629f84717a50d66b94ca386a5 - - default default] No more DHCP agents
2026-05-19 14:41:22.000 9 WARNING neutron.api.rpc.agentnotifiers.dhcp_rpc_agent_api [None req-f70fdf72-31fd-4090-b1dc-5cb19c181526 6f9b105d61024b9d8b2c98865e8490d7 aef2772629f84717a50d66b94ca386a5 - - default default] Unable to schedule network fa29885d-9d2f-4757-b277-4d9e1c6de0f5: no agents available; will retry on subsequent port and subnet creation events.
2026-05-19 14:41:22.103 10 INFO neutron.plugins.ml2.drivers.ovn.mech_driver.mech_driver [None req-00429117-a32d-425a-8690-bd046eaff379 - - - - - -] OVN reports status up for port: a452749a-dd06-48fe-8ce5-015ce1b3e50b
2026-05-19 14:41:22.111 10 INFO neutron.plugins.ml2.plugin [None req-00429117-a32d-425a-8690-bd046eaff379 - - - - - -] Attempt 1 to provision port a452749a-dd06-48fe-8ce5-015ce1b3e50b
2026-05-19 14:41:22.481 10 WARNING neutron.scheduler.dhcp_agent_scheduler [None req-4c41d2ca-e992-4eb9-b5fb-b5bbe523dc89 6f9b105d61024b9d8b2c98865e8490d7 aef2772629f84717a50d66b94ca386a5 - - default default] No more DHCP agents
2026-05-19 14:41:22.483 10 WARNING neutron.api.rpc.agentnotifiers.dhcp_rpc_agent_api [None req-4c41d2ca-e992-4eb9-b5fb-b5bbe523dc89 6f9b105d61024b9d8b2c98865e8490d7 aef2772629f84717a50d66b94ca386a5 - - default default] Unable to schedule network ea27980c-324c-4703-8a43-95bbd6b13c8d: no agents available; will retry on subsequent port and subnet creation events.
2026-05-19 14:41:22.813 9 INFO neutron.db.ovn_revision_numbers_db [None req-6a36e79f-f3c9-4b67-948d-ed9345861c64 - - - - - -] Successfully bumped revision number for resource fb54c8c0-fc72-41e8-9cc1-fa41529789fc (type: ports) to 4
2026-05-19 14:41:22.968 10 ERROR ovsdbapp.backend.ovs_idl.command [None req-fdd28d25-a61f-4abe-b4bf-36a6c87dee51 6f9b105d61024b9d8b2c98865e8490d7 aef2772629f84717a50d66b94ca386a5 - - default default] Error executing command (DbGetCommand): ovsdbapp.backend.ovs_idl.idlutils.RowNotFound: Cannot find Logical_Router_Port with name=lrp-e0a8ef4b-fd21-470e-befd-c95dab116dc8
2026-05-19 14:41:22.968 10 ERROR ovsdbapp.backend.ovs_idl.command
Traceback (most recent call last):
2026-05-19 14:41:22.968 10 ERROR ovsdbapp.backend.ovs_idl.command
File "/var/lib/openstack/lib/python3.10/site-packages/ovsdbapp/backend/ovs_idl/command.py", line 47, in execute
2026-05-19 14:41:22.968 10 ERROR ovsdbapp.backend.ovs_idl.command self.run_idl(None)
2026-05-19 14:41:22.968 10 ERROR ovsdbapp.backend.ovs_idl.command
