2026-05-19 14:43:44.511 9 ERROR ovsdbapp.backend.ovs_idl.command row = idlutils.row_by_value(self, rl.table, rl.column, record)
2026-05-19 14:43:44.511 9 ERROR ovsdbapp.backend.ovs_idl.command
File "/var/lib/openstack/lib/python3.10/site-packages/ovsdbapp/backend/ovs_idl/idlutils.py", line 114, in row_by_value
2026-05-19 14:43:44.511 9 ERROR ovsdbapp.backend.ovs_idl.command raise RowNotFound(table=table, col=column, match=match)
2026-05-19 14:43:44.511 9 ERROR ovsdbapp.backend.ovs_idl.command ovsdbapp.backend.ovs_idl.idlutils.RowNotFound: Cannot find Logical_Router_Port with name=lrp-800163f8-27c4-4278-a7d6-fa35670c36f0
2026-05-19 14:43:44.511 9 ERROR ovsdbapp.backend.ovs_idl.command 
2026-05-19 14:43:44.511 9 ERROR neutron_lib.callbacks.manager [None req-34ed2075-3c17-4744-9ab9-8dda6e7449e7 3e4d1390c2014afdbb9f3071d43d7ef9 253bd90ffcb848ebaa7eb34df95268a3 - - default default] Error during notification for neutron.services.ovn_l3.plugin.OVNL3RouterPlugin._port_update-8733817540335 port, after_update: ovsdbapp.backend.ovs_idl.idlutils.RowNotFound: Cannot find Logical_Router_Port with name=lrp-800163f8-27c4-4278-a7d6-fa35670c36f0
2026-05-19 14:43:44.511 9 ERROR neutron_lib.callbacks.manager
Traceback (most recent call last):
2026-05-19 14:43:44.511 9 ERROR neutron_lib.callbacks.manager
File "/var/lib/openstack/lib/python3.10/site-packages/neutron_lib/callbacks/manager.py", line 189, in _notify_loop
2026-05-19 14:43:44.511 9 ERROR neutron_lib.callbacks.manager callback.method(resource, event, trigger, payload=payload)
2026-05-19 14:43:44.511 9 ERROR neutron_lib.callbacks.manager
File "/var/lib/openstack/lib/python3.10/site-packages/neutron/services/ovn_l3/plugin.py", line 391, in _port_update
2026-05-19 14:43:44.511 9 ERROR neutron_lib.callbacks.manager l3plugin._ovn_client.update_router_port(context,
2026-05-19 14:43:44.511 9 ERROR neutron_lib.callbacks.manager
File "/var/lib/openstack/lib/python3.10/site-packages/neutron/plugins/ml2/drivers/ovn/mech_driver/ovsdb/ovn_client.py", line 1878, in update_router_port
2026-05-19 14:43:44.511 9 ERROR neutron_lib.callbacks.manager self._update_lrouter_port(context, port, if_exists=if_exists,
2026-05-19 14:43:44.511 9 ERROR neutron_lib.callbacks.manager
File "/var/lib/openstack/lib/python3.10/site-packages/neutron/plugins/ml2/drivers/ovn/mech_driver/ovsdb/ovn_client.py", line 1855, in _update_lrouter_port
2026-05-19 14:43:44.511 9 ERROR neutron_lib.callbacks.manager external_ids = self._nb_idl.db_get(
2026-05-19 14:43:44.511 9 ERROR neutron_lib.callbacks.manager
File "/var/lib/openstack/lib/python3.10/site-packages/ovsdbapp/backend/ovs_idl/command.py", line 47, in execute
2026-05-19 14:43:44.511 9 ERROR neutron_lib.callbacks.manager self.run_idl(None)
2026-05-19 14:43:44.511 9 ERROR neutron_lib.callbacks.manager
File "/var/lib/openstack/lib/python3.10/site-packages/ovsdbapp/backend/ovs_idl/command.py", line 235, in run_idl
2026-05-19 14:43:44.511 9 ERROR neutron_lib.callbacks.manager record = self.api.lookup(self.table, self.record)
2026-05-19 14:43:44.511 9 ERROR neutron_lib.callbacks.manager
File "/var/lib/openstack/lib/python3.10/site-packages/ovsdbapp/backend/ovs_idl/__init__.py", line 184, in lookup
2026-05-19 14:43:44.511 9 ERROR neutron_lib.callbacks.manager return self._lookup(table, record)
2026-05-19 14:43:44.511 9 ERROR neutron_lib.callbacks.manager
File "/var/lib/openstack/lib/python3.10/site-packages/ovsdbapp/backend/ovs_idl/__init__.py", line 235, in _lookup
2026-05-19 14:43:44.511 9 ERROR neutron_lib.callbacks.manager row = idlutils.row_by_value(self, rl.table, rl.column, record)
2026-05-19 14:43:44.511 9 ERROR neutron_lib.callbacks.manager
File "/var/lib/openstack/lib/python3.10/site-packages/ovsdbapp/backend/ovs_idl/idlutils.py", line 114, in row_by_value
2026-05-19 14:43:44.511 9 ERROR neutron_lib.callbacks.manager raise RowNotFound(table=table, col=column, match=match)
2026-05-19 14:43:44.511 9 ERROR neutron_lib.callbacks.manager ovsdbapp.backend.ovs_idl.idlutils.RowNotFound: Cannot find Logical_Router_Port with name=lrp-800163f8-27c4-4278-a7d6-fa35670c36f0
2026-05-19 14:43:44.511 9 ERROR neutron_lib.callbacks.manager 
2026-05-19 14:43:44.529 9 INFO neutron.db.ovn_revision_numbers_db [None req-db6007c7-697c-44d6-a24f-34503ddf5bef 6f9b105d61024b9d8b2c98865e8490d7 aef2772629f84717a50d66b94ca386a5 - - default default] Successfully bumped revision number for resource 59a27dc5-035b-4105-8068-37225555ea76 (type: security_group_rules) to 0
2026-05-19 14:43:44.554 9 INFO neutron.db.ovn_revision_numbers_db [None req-db6007c7-697c-44d6-a24f-34503ddf5bef 6f9b105d61024b9d8b2c98865e8490d7 aef2772629f84717a50d66b94ca386a5 - - default default] Successfully bumped revision number for resource 64d706df-324d-470b-97a3-ac47094facb3 (type: security_group_rules) to 0
2026-05-19 14:43:44.581 9 INFO neutron.wsgi [None req-db6007c7-697c-44d6-a24f-34503ddf5bef 6f9b105d61024b9d8b2c98865e8490d7 aef2772629f84717a50d66b94ca386a5 - - default default] 10.0.0.79 "GET /v2.0/security-groups?tenant_id=e802d8bb4d87459b9e13a19cec2f43ed&name=default HTTP/1.1" status: 200 len: 3120 time: 0.6149011
2026-05-19 14:43:44.706 9 INFO neutron.db.ovn_revision_numbers_db [None req-34ed2075-3c17-4744-9ab9-8dda6e7449e7 3e4d1390c2014afdbb9f3071d43d7ef9 253bd90ffcb848ebaa7eb34df95268a3 - - default default] Successfully bumped revision number for resource 800163f8-27c4-4278-a7d6-fa35670c36f0 (type: ports) to 1
2026-05-19 14:43:44.790 9 WARNING neutron.scheduler.dhcp_agent_scheduler [None req-34ed2075-3c17-4744-9ab9-8dda6e7449e7 3e4d1390c2014afdbb9f3071d43d7ef9 253bd90ffcb848ebaa7eb34df95268a3 - - default default] No more DHCP agents
2026-05-19 14:43:44.791 9 WARNING neutron.api.rpc.agentnotifiers.dhcp_rpc_agent_api [None req-34ed2075-3c17-4744-9ab9-8dda6e7449e7 3e4d1390c2014afdbb9f3071d43d7ef9 253bd90ffcb848ebaa7eb34df95268a3 - - default default] Unable to schedule network 977e74da-be40-4450-8122-1c27441630fd: no agents available; will retry on subsequent port and subnet creation events.
2026-05-19 14:43:44.874 9 INFO neutron.wsgi [None req-6f146511-9326-4c2a-aed0-67c64d949f1c 6f9b105d61024b9d8b2c98865e8490d7 aef2772629f84717a50d66b94ca386a5 - - default default] 10.0.0.79 "DELETE /v2.0/security-groups/8a1e5e4c-5a97-4f6a-8d67-a246aec73ba5 HTTP/1.1" status: 204 len: 168 time: 0.2846401
2026-05-19 14:43:44.904 10 INFO neutron.wsgi [None req-ab917815-2625-41f6-8832-81a393d58dbb 011322f5a8cd4caca06fb0938b4e37d6 d840d3577b354cf2a233c26c299525ec - - default default] 10.0.0.79 "DELETE /v2.0/ports/a07af64d-1ea1-4643-b409-41a5a6be52fb HTTP/1.1" status: 204 len: 168 time: 0.4317234
2026-05-19 14:43:44.945 9 INFO neutron.db.ovn_revision_numbers_db [None req-34ed2075-3c17-4744-9ab9-8dda6e7449e7 3e4d1390c2014afdbb9f3071d43d7ef9 253bd90ffcb848ebaa7eb34df95268a3 - - default default] Successfully bumped revision number for resource 800163f8-27c4-4278-a7d6-fa35670c36f0 (type: router_ports) to 1
2026-05-19 14:43:44.954 9 INFO neutron.wsgi [None req-34ed2075-3c17-4744-9ab9-8dda6e7449e7 3e4d1390c2014afdbb9f3071d43d7ef9 253bd90ffcb848ebaa7eb34df95268a3 - - default default] 10.0.0.79 "PUT /v2.0/routers/658e4983-545b-4b08-8fed-5fb9f6945fed/add_router_interface HTTP/1.1" status: 200 len: 503 time: 2.0065863
2026-05-19 14:43:44.958 10 INFO neutron.wsgi [None req-517dcf11-0773-473e-a00b-29407e3099c0 011322f5a8cd4caca06fb0938b4e37d6 d840d3577b354cf2a233c26c299525ec - - default default] 10.0.0.79 "GET /v2.0/ports HTTP/1.1" status: 200 len: 1718 time: 0.0488000
2026-05-19 14:43:44.971 9 WARNING neutron_lib.context [None req-95206ca0-dfb2-424e-ba86-b84076d627f6 011322f5a8cd4caca06fb0938b4e37d6 d840d3577b354cf2a233c26c299525ec - - default default] Method 'is_advsvc' is deprecated since 2023.2 release (neutron-lib 3.8.0) and will be removed once support for the old RBAC API policies will be removed from Neutron. Please use method 'is_service_role' instead.
2026-05-19 14:43:45.051 10 INFO neutron.wsgi [None req-a98e450b-46dc-41cd-9196-bd16dd09b478 3e4d1390c2014afdbb9f3071d43d7ef9 253bd90ffcb848ebaa7eb34df95268a3 - - default default] 10.0.0.79 "GET /v2.0/ports/800163f8-27c4-4278-a7d6-fa35670c36f0 HTTP/1.1" status: 200 len: 1147 time: 0.0911126
2026-05-19 14:43:45.064 9 INFO neutron.db.segments_db [None req-95206ca0-dfb2-424e-ba86-b84076d627f6 011322f5a8cd4caca06fb0938b4e37d6 d840d3577b354cf2a233c26c299525ec - - default default] Added segment 100f371a-1af8-485c-8107-669e11d9d653 of type geneve for network 52c42bdc-5d03-45aa-897d-81f88c1a56a6
2026-05-19 14:43:45.097 10 INFO neutron.wsgi [None req-5a79b595-a07c-4b17-8646-be34231c1fc5 3e4d1390c2014afdbb9f3071d43d7ef9 253bd90ffcb848ebaa7eb34df95268a3 - - default default] 10.0.0.79 "GET /v2.0/ports/800163f8-27c4-4278-a7d6-fa35670c36f0 HTTP/1.1" status: 200 len: 1147 time: 0.0394094
2026-05-19 14:43:45.148 9 INFO neutron.db.ovn_revision_numbers_db [None req-e313a05c-d8dd-44af-80e7-bcecd7d8bf5f 6f9b105d61024b9d8b2c98865e8490d7 aef2772629f84717a50d66b94ca386a5 - - default default] Successfully bumped revision number for resource e6c481a3-9007-45c3-aa18-d0ad79365505 (type: security_groups) to 1
2026-05-19 14:43:45.180 9 INFO neutron.db.ovn_revision_numbers_db [None req-e313a05c-d8dd-44af-80e7-bcecd7d8bf5f 6f9b105d61024b9d8b2c98865e8490d7 aef2772629f84717a50d66b94ca386a5 - - default default] Successfully bumped revision number for resource 14591cc9-c87e-42b3-ac4c-d0d49e4110c3 (type: security_group_rules) to 0
2026-05-19 14:43:45.210 9 INFO neutron.db.ovn_revision_numbers_db [None req-e313a05c-d8dd-44af-80e7-bcecd7d8bf5f 6f9b105d61024b9d8b2c98865e8490d7 aef2772629f84717a50d66b94ca386a5 - - default default] Successfully bumped revision number for resource 23b64bb5-13cf-43f5-9bc1-cb2a64ba0d2a (type: security_group_rules) to 0
2026-05-19 14:43:45.217 9 INFO neutron.db.ovn_revision_numbers_db [None req-95206ca0-dfb2-424e-ba86-b84076d627f6 011322f5a8cd4caca06fb0938b4e37d6 d840d3577b354cf2a233c26c299525ec - - default default] Successfully bumped revision number for resource 52c42bdc-5d03-45aa-897d-81f88c1a56a6 (type: networks) to 1
2026-05-19 14:43:45.227 9 INFO neutron.db.ovn_revision_numbers_db [None req-e313a05c-d8dd-44af-80e7-bcecd7d8bf5f 6f9b105d61024b9d8b2c98865e8490d7 aef2772629f84717a50d66b94ca386a5 - - default default] Successfully bumped revision number for resource 2ea884fc-12d9-47cd-bfde-d8c6f94761ff (type: security_group_rules) to 0
2026-05-19 14:43:45.246 9 INFO neutron.db.ovn_revision_numbers_db [None req-e313a05c-d8dd-44af-80e7-bcecd7d8bf5f 6f9b105d61024b9d8b2c98865e8490d7 aef2772629f84717a50d66b94ca386a5 - - default default] Successfully bumped revision number for resource 4a24a723-0c51-4aac-bd04-3ad70805888e (type: security_group_rules) to 0
2026-05-19 14:43:45.268 9 INFO neutron.wsgi [None req-e313a05c-d8dd-44af-80e7-bcecd7d8bf5f 6f9b105d61024b9d8b2c98865e8490d7 aef2772629f84717a50d66b94ca386a5 - - default default] 10.0.0.79 "GET /v2.0/security-groups?tenant_id=1f2cb80eb9dd4603b90653f3985864eb&name=default HTTP/1.1" status: 200 len: 3120 time: 0.2834651
2026-05-19 14:43:45.418 9 WARNING neutron.scheduler.dhcp_agent_scheduler [None req-95206ca0-dfb2-424e-ba86-b84076d627f6 011322f5a8cd4caca06fb0938b4e37d6 d840d3577b354cf2a233c26c299525ec - - default default] No more DHCP agents
2026-05-19 14:43:45.422 9 WARNING neutron.api.rpc.agentnotifiers.dhcp_rpc_agent_api [None req-95206ca0-dfb2-424e-ba86-b84076d627f6 011322f5a8cd4caca06fb0938b4e37d6 d840d3577b354cf2a233c26c299525ec - - default default] Unable to schedule network 52c42bdc-5d03-45aa-897d-81f88c1a56a6: no agents available; will retry on subsequent port and subnet creation events.
2026-05-19 14:43:45.496 9 INFO neutron.db.ovn_revision_numbers_db [None req-95206ca0-dfb2-424e-ba86-b84076d627f6 011322f5a8cd4caca06fb0938b4e37d6 d840d3577b354cf2a233c26c299525ec - - default default] Successfully bumped revision number for resource 1e9543b5-7fa3-449c-8119-4386f9d084bb (type: ports) to 1
2026-05-19 14:43:45.497 10 INFO neutron.wsgi [None req-88640408-6fac-4c75-9fc3-35727abc5215 6f9b105d61024b9d8b2c98865e8490d7 aef2772629f84717a50d66b94ca386a5 - - default default] 10.0.0.79 "DELETE /v2.0/security-groups/e6c481a3-9007-45c3-aa18-d0ad79365505 HTTP/1.1" status: 204 len: 168 time: 0.2238238
2026-05-19 14:43:45.519 9 INFO neutron.wsgi [None req-95206ca0-dfb2-424e-ba86-b84076d627f6 011322f5a8cd4caca06fb0938b4e37d6 d840d3577b354cf2a233c26c299525ec - - default default] 10.0.0.79 "POST /v2.0/networks HTTP/1.1" status: 201 len: 848 time: 0.5553892
2026-05-19 14:43:45.528 9 WARNING neutron_lib.context [None req-43bd8b48-8861-43cc-981a-163a2900bd51 011322f5a8cd4caca06fb0938b4e37d6 d840d3577b354cf2a233c26c299525ec - - default default] Method 'is_advsvc' is deprecated since 2023.2 release (neutron-lib 3.8.0) and will be removed once support for the old RBAC API policies will be removed from Neutron. Please use method 'is_service_role' instead.
2026-05-19 14:43:45.615 9 INFO neutron.db.segments_db [None req-43bd8b48-8861-43cc-981a-163a2900bd51 011322f5a8cd4caca06fb0938b4e37d6 d840d3577b354cf2a233c26c299525ec - - default default] Added segment b7c7e8fd-cd1e-44b5-889b-4670fc58f00e of type geneve for network 9f94eb7f-e2dc-4840-8080-7a294058876e
2026-05-19 14:43:45.768 9 INFO neutron.db.ovn_revision_numbers_db [None req-43bd8b48-8861-43cc-981a-163a2900bd51 011322f5a8cd4caca06fb0938b4e37d6 d840d3577b354cf2a233c26c299525ec - - default default] Successfully bumped revision number for resource 9f94eb7f-e2dc-4840-8080-7a294058876e (type: networks) to 1
2026-05-19 14:43:45.795 10 INFO neutron.db.ovn_revision_numbers_db [None req-effa0e3f-9968-4e88-95be-705377fc7ae3 6f9b105d61024b9d8b2c98865e8490d7 aef2772629f84717a50d66b94ca386a5 - - default default] Successfully bumped revision number for resource 89e2cb14-81b6-4a42-8a72-5e3e3f7a33de (type: security_groups) to 1
2026-05-19 14:43:45.810 10 INFO neutron.db.ovn_revision_numbers_db [None req-effa0e3f-9968-4e88-95be-705377fc7ae3 6f9b105d61024b9d8b2c98865e8490d7 aef2772629f84717a50d66b94ca386a5 - - default default] Successfully bumped revision number for resource 0570d05e-7c97-4663-a477-ef2231c638cb (type: security_group_rules) to 0
2026-05-19 14:43:45.828 10 INFO neutron.db.ovn_revision_numbers_db [None req-effa0e3f-9968-4e88-95be-705377fc7ae3 6f9b105d61024b9d8b2c98865e8490d7 aef2772629f84717a50d66b94ca386a5 - - default default] Successfully bumped revision number for resource 32b4bbff-0414-4a59-a8a0-47b276ef4dc8 (type: security_group_rules) to 0
2026-05-19 14:43:45.843 10 INFO neutron.db.ovn_revision_numbers_db [None req-effa0e3f-9968-4e88-95be-705377fc7ae3 6f9b105d61024b9d8b2c98865e8490d7 aef2772629f84717a50d66b94ca386a5 - - default default] Successfully bumped revision number for resource b3c675c3-a23e-4956-a1f4-fc69cc4f0d61 (type: security_group_rules) to 0
2026-05-19 14:43:45.857 10 INFO neutron.db.ovn_revision_numbers_db [None req-effa0e3f-9968-4e88-95be-705377fc7ae3 6f9b105d61024b9d8b2c98865e8490d7 aef2772629f84717a50d66b94ca386a5 - - default default] Successfully bumped revision number for resource e0f9de12-da50-4d43-adab-d45711b5bbf6 (type: security_group_rules) to 0
2026-05-19 14:43:45.879 10 INFO neutron.wsgi [None req-effa0e3f-9968-4e88-95be-705377fc7ae3 6f9b105d61024b9d8b2c98865e8490d7 aef2772629f84717a50d66b94ca386a5 - - default default] 10.0.0.79 "GET /v2.0/security-groups?tenant_id=090947663bd4459b84a9ce726e653292&name=default HTTP/1.1" status: 200 len: 3120 time: 0.2178736
2026-05-19 14:43:45.965 9 WARNING neutron.scheduler.dhcp_agent_scheduler [None req-43bd8b48-8861-43cc-981a-163a2900bd51 011322f5a8cd4caca06fb0938b4e37d6 d840d3577b354cf2a233c26c299525ec - - default default] No more DHCP agents
2026-05-19 14:43:45.970 9 WARNING neutron.api.rpc.agentnotifiers.dhcp_rpc_agent_api [None req-43bd8b48-8861-43cc-981a-163a2900bd51 011322f5a8cd4caca06fb0938b4e37d6 d840d3577b354cf2a233c26c299525ec - - default default] Unable to schedule network 9f94eb7f-e2dc-4840-8080-7a294058876e: no agents available; will retry on subsequent port and subnet creation events.
2026-05-19 14:43:46.063 9 INFO neutron.db.ovn_revision_numbers_db [None req-43bd8b48-8861-43cc-981a-163a2900bd51 011322f5a8cd4caca06fb0938b4e37d6 d840d3577b354cf2a233c26c299525ec - - default default] Successfully bumped revision number for resource 349e6199-2819-48b9-b610-861eeb846c42 (type: ports) to 1
2026-05-19 14:43:46.088 9 INFO neutron.wsgi [None req-43bd8b48-8861-43cc-981a-163a2900bd51 011322f5a8cd4caca06fb0938b4e37d6 d840d3577b354cf2a233c26c299525ec - - default default] 10.0.0.79 "POST /v2.0/networks HTTP/1.1" status: 201 len: 848 time: 0.5648944
2026-05-19 14:43:46.134 10 WARNING neutron_lib.context [None req-c09299f3-c9e4-4a8a-a1a3-ddf857f7adee 011322f5a8cd4caca06fb0938b4e37d6 d840d3577b354cf2a233c26c299525ec - - default default] Method 'is_advsvc' is deprecated since 2023.2 release (neutron-lib 3.8.0) and will be removed once support for the old RBAC API policies will be removed from Neutron. Please use method 'is_service_role' instead.
2026-05-19 14:43:46.174 9 INFO neutron.wsgi [None req-d4e63a7d-ec9c-43e0-9142-f6daa186b9b0 6f9b105d61024b9d8b2c98865e8490d7 aef2772629f84717a50d66b94ca386a5 - - default default] 10.0.0.79 "DELETE /v2.0/security-groups/89e2cb14-81b6-4a42-8a72-5e3e3f7a33de HTTP/1.1" status: 204 len: 168 time: 0.2908010
2026-05-19 14:43:46.179 10 WARNING neutron_lib.context [None req-c09299f3-c9e4-4a8a-a1a3-ddf857f7adee 011322f5a8cd4caca06fb0938b4e37d6 d840d3577b354cf2a233c26c299525ec - - default default] Method 'is_advsvc' is deprecated since 2023.2 release (neutron-lib 3.8.0) and will be removed once support for the old RBAC API policies will be removed from Neutron. Please use method 'is_service_role' instead.
2026-05-19 14:43:46.205 9 INFO neutron.wsgi [None req-eb656ae1-bb1f-46f5-be27-a8ca4c1dc321 3e4d1390c2014afdbb9f3071d43d7ef9 253bd90ffcb848ebaa7eb34df95268a3 - - default default] 10.0.0.79 "GET /v2.0/ports/800163f8-27c4-4278-a7d6-fa35670c36f0 HTTP/1.1" status: 200 len: 1147 time: 0.1016562
2026-05-19 14:43:46.542 10 WARNING neutron.scheduler.dhcp_agent_scheduler [None req-c09299f3-c9e4-4a8a-a1a3-ddf857f7adee 011322f5a8cd4caca06fb0938b4e37d6 d840d3577b354cf2a233c26c299525ec - - default default] No more DHCP agents
2026-05-19 14:43:46.544 10 WARNING neutron.api.rpc.agentnotifiers.dhcp_rpc_agent_api [None req-c09299f3-c9e4-4a8a-a1a3-ddf857f7adee 011322f5a8cd4caca06fb0938b4e37d6 d840d3577b354cf2a233c26c299525ec - - default default] Unable to schedule network 52c42bdc-5d03-45aa-897d-81f88c1a56a6: no agents available; will retry on subsequent port and subnet creation events.
2026-05-19 14:43:47.039 10 INFO neutron.db.ovn_revision_numbers_db [None req-c09299f3-c9e4-4a8a-a1a3-ddf857f7adee 011322f5a8cd4caca06fb0938b4e37d6 d840d3577b354cf2a233c26c299525ec - - default default] Successfully bumped revision number for resource 1e9543b5-7fa3-449c-8119-4386f9d084bb (type: ports) to 2
2026-05-19 14:43:47.066 9 INFO neutron.wsgi [-] 10.0.0.138 "GET / HTTP/1.1" status: 200 len: 246 time: 0.0022352
2026-05-19 14:43:47.069 9 INFO neutron.wsgi [-] 10.0.0.138 "GET / HTTP/1.1" status: 200 len: 246 time: 0.0020781
2026-05-19 14:43:47.080 10 INFO neutron.db.ovn_revision_numbers_db [None req-c09299f3-c9e4-4a8a-a1a3-ddf857f7adee 011322f5a8cd4caca06fb0938b4e37d6 d840d3577b354cf2a233c26c299525ec - - default default] Successfully bumped revision number for resource c845828c-82a5-45c6-b26f-7d1b0d038974 (type: subnets) to 0
2026-05-19 14:43:47.101 10 WARNING neutron.scheduler.dhcp_agent_scheduler [None req-c09299f3-c9e4-4a8a-a1a3-ddf857f7adee 011322f5a8cd4caca06fb0938b4e37d6 d840d3577b354cf2a233c26c299525ec - - default default] No more DHCP agents
2026-05-19 14:43:47.105 10 WARNING neutron.api.rpc.agentnotifiers.dhcp_rpc_agent_api [None req-c09299f3-c9e4-4a8a-a1a3-ddf857f7adee 011322f5a8cd4caca06fb0938b4e37d6 d840d3577b354cf2a233c26c299525ec - - default default] Unable to schedule network 9f94eb7f-e2dc-4840-8080-7a294058876e: no agents available; will retry on subsequent port and subnet creation events.
2026-05-19 14:43:47.254 9 INFO neutron.wsgi [None req-448ce60a-a850-4a5c-83f0-6d0518913375 3e4d1390c2014afdbb9f3071d43d7ef9 253bd90ffcb848ebaa7eb34df95268a3 - - default default] 10.0.0.79 "GET /v2.0/ports/800163f8-27c4-4278-a7d6-fa35670c36f0 HTTP/1.1" status: 200 len: 1147 time: 0.0426364
2026-05-19 14:43:47.485 9 WARNING neutron.plugins.ml2.drivers.ovn.mech_driver.ovsdb.ovn_client [None req-ef2f1446-2720-4e2b-b689-140f49dd0908 - - - - - -] No hosting information found for port dad0157f-3827-49df-902b-02f3b7075e29: RuntimeError: No hosting information found for port dad0157f-3827-49df-902b-02f3b7075e29
2026-05-19 14:43:47.486 9 INFO neutron.plugins.ml2.drivers.ovn.mech_driver.mech_driver [None req-ef2f1446-2720-4e2b-b689-140f49dd0908 - - - - - -] OVN reports status up for port: 800163f8-27c4-4278-a7d6-fa35670c36f0
2026-05-19 14:43:47.493 9 INFO neutron.plugins.ml2.plugin [None req-ef2f1446-2720-4e2b-b689-140f49dd0908 - - - - - -] Attempt 1 to provision port 800163f8-27c4-4278-a7d6-fa35670c36f0
2026-05-19 14:43:47.605 10 INFO neutron.db.ovn_revision_numbers_db [None req-c09299f3-c9e4-4a8a-a1a3-ddf857f7adee 011322f5a8cd4caca06fb0938b4e37d6 d840d3577b354cf2a233c26c299525ec - - default default] Successfully bumped revision number for resource 349e6199-2819-48b9-b610-861eeb846c42 (type: ports) to 2
2026-05-19 14:43:47.645 10 INFO neutron.db.ovn_revision_numbers_db [None req-c09299f3-c9e4-4a8a-a1a3-ddf857f7adee 011322f5a8cd4caca06fb0938b4e37d6 d840d3577b354cf2a233c26c299525ec - - default default] Successfully bumped revision number for resource ebd286fc-38c1-4856-8a4a-1693f0e7b6f8 (type: subnets) to 0
2026-05-19 14:43:47.665 10 INFO neutron.wsgi [None req-c09299f3-c9e4-4a8a-a1a3-ddf857f7adee 011322f5a8cd4caca06fb0938b4e37d6 d840d3577b354cf2a233c26c299525ec - - default default] 10.0.0.79 "POST /v2.0/subnets HTTP/1.1" status: 201 len: 1426 time: 1.5405633
2026-05-19 14:43:47.713 10 INFO neutron.wsgi [None req-53fdefb4-7968-4a26-adda-9736f36891f3 011322f5a8cd4caca06fb0938b4e37d6 d840d3577b354cf2a233c26c299525ec - - default default] 10.0.0.79 "GET /v2.0/subnets HTTP/1.1" status: 200 len: 2034 time: 0.0423856
2026-05-19 14:43:47.946 9 INFO neutron.db.ovn_revision_numbers_db [None req-ef2f1446-2720-4e2b-b689-140f49dd0908 - - - - - -] Successfully bumped revision number for resource 800163f8-27c4-4278-a7d6-fa35670c36f0 (type: ports) to 2
2026-05-19 14:43:48.027 9 INFO neutron.wsgi [None req-b98e65d3-8cd3-4321-b84e-1116c04b0e33 011322f5a8cd4caca06fb0938b4e37d6 d840d3577b354cf2a233c26c299525ec - - default default] 10.0.0.79 "DELETE /v2.0/subnets/c845828c-82a5-45c6-b26f-7d1b0d038974 HTTP/1.1" status: 204 len: 168 time: 0.3059502
2026-05-19 14:43:48.255 10 INFO neutron.wsgi [None req-4885ce2c-0f2e-42a6-ac66-62b96f728a4d 011322f5a8cd4caca06fb0938b4e37d6 d840d3577b354cf2a233c26c299525ec - - default default] 10.0.0.79 "DELETE /v2.0/subnets/ebd286fc-38c1-4856-8a4a-1693f0e7b6f8 HTTP/1.1" status: 204 len: 168 time: 0.2233813
2026-05-19 14:43:48.307 10 INFO neutron.wsgi [None req-4940f460-82ad-490a-b9e3-6015bd285eb9 011322f5a8cd4caca06fb0938b4e37d6 d840d3577b354cf2a233c26c299525ec - - default default] 10.0.0.79 "GET /v2.0/subnets HTTP/1.1" status: 200 len: 820 time: 0.0391147
2026-05-19 14:43:48.313 10 INFO neutron.wsgi [None req-94c0ec29-6abf-442e-9f89-25a23d806c28 3e4d1390c2014afdbb9f3071d43d7ef9 253bd90ffcb848ebaa7eb34df95268a3 - - default default] 10.0.0.79 "GET /v2.0/ports/800163f8-27c4-4278-a7d6-fa35670c36f0 HTTP/1.1" status: 200 len: 1149 time: 0.0509202
2026-05-19 14:43:48.328 9 INFO neutron.db.ovn_revision_numbers_db [None req-ef2f1446-2720-4e2b-b689-140f49dd0908 - - - - - -] Successfully bumped revision number for resource 800163f8-27c4-4278-a7d6-fa35670c36f0 (type: router_ports) to 2
2026-05-19 14:43:48.682 9 INFO neutron.services.segments.plugin [-] Segment b7c7e8fd-cd1e-44b5-889b-4670fc58f00e resource provider aggregate not found
2026-05-19 14:43:48.687 9 INFO neutron.services.segments.plugin [-] Segment b7c7e8fd-cd1e-44b5-889b-4670fc58f00e resource provider aggregate not found
2026-05-19 14:43:48.698 9 INFO neutron.services.segments.plugin [-] Segment b7c7e8fd-cd1e-44b5-889b-4670fc58f00e resource provider not found; error: Placement Client Error (4xx): {"errors": [{"status": 404, "title": "Not Found", "detail": "The resource could not be found.\n\n No resource provider with uuid b7c7e8fd-cd1e-44b5-889b-4670fc58f00e found for delete ", "request_id": "req-74435035-dd25-4b42-a6e5-0600a6053cb7"}]}
2026-05-19 14:43:48.709 9 INFO neutron.wsgi [None req-26e2ff28-0299-4369-9e99-3532d0d9278f 011322f5a8cd4caca06fb0938b4e37d6 d840d3577b354cf2a233c26c299525ec - - default default] 10.0.0.79 "DELETE /v2.0/networks/9f94eb7f-e2dc-4840-8080-7a294058876e HTTP/1.1" status: 204 len: 168 time: 0.3951373
2026-05-19 14:43:48.710 9 INFO neutron.services.segments.plugin [-] Segment b7c7e8fd-cd1e-44b5-889b-4670fc58f00e resource provider not found; error: Placement Client Error (4xx): {"errors": [{"status": 404, "title": "Not Found", "detail": "The resource could not be found.\n\n No resource provider with uuid b7c7e8fd-cd1e-44b5-889b-4670fc58f00e found for delete ", "request_id": "req-3aad8ff1-60c0-47f9-868c-986e14b2dd7c"}]}
2026-05-19 14:43:49.340 10 INFO neutron.wsgi [None req-0e7de779-41d6-45c6-9bda-74ab299bfa6c 3e4d1390c2014afdbb9f3071d43d7ef9 253bd90ffcb848ebaa7eb34df95268a3 - - default default] 10.0.0.79 "PUT /v2.0/routers/658e4983-545b-4b08-8fed-5fb9f6945fed/remove_router_interface HTTP/1.1" status: 200 len: 503 time: 1.0218010
2026-05-19 14:43:49.417 10 INFO neutron.services.segments.plugin [-] Segment 100f371a-1af8-485c-8107-669e11d9d653 resource provider aggregate not found
2026-05-19 14:43:49.423 10 INFO neutron.services.segments.plugin [-] Segment 100f371a-1af8-485c-8107-669e11d9d653 resource provider aggregate not found
2026-05-19 14:43:49.448 10 INFO neutron.wsgi [None req-e3fbd831-1daa-4421-b0cb-5d2a7a6f4dd3 011322f5a8cd4caca06fb0938b4e37d6 d840d3577b354cf2a233c26c299525ec - - default default] 10.0.0.79 "DELETE /v2.0/networks/52c42bdc-5d03-45aa-897d-81f88c1a56a6 HTTP/1.1" status: 204 len: 168 time: 0.7339399
2026-05-19 14:43:49.450 10 INFO neutron.services.segments.plugin [-] Segment 100f371a-1af8-485c-8107-669e11d9d653 resource provider not found; error: Placement Client Error (4xx): {"errors": [{"status": 404, "title": "Not Found", "detail": "The resource could not be found.\n\n No resource provider with uuid 100f371a-1af8-485c-8107-669e11d9d653 found for delete ", "request_id": "req-eddb030c-726e-4cf7-8690-f8167949cf59"}]}
2026-05-19 14:43:49.450 10 INFO neutron.services.segments.plugin [-] Segment 100f371a-1af8-485c-8107-669e11d9d653 resource provider not found; error: Placement Client Error (4xx): {"errors": [{"status": 404, "title": "Not Found", "detail": "The resource could not be found.\n\n No resource provider with uuid 100f371a-1af8-485c-8107-669e11d9d653 found for delete ", "request_id": "req-0d1cddf9-dfbe-4cdf-87f3-76bde7a2239d"}]} /var/lib/openstack/lib/python3.10/site-packages/pycadf/identifier.py:71: UserWarning: Invalid uuid: neutron. To ensure interoperability, identifiers should be a valid uuid. warnings.warn(('Invalid uuid: %s. To ensure interoperability, '
2026-05-19 14:43:49.460 9 INFO neutron.wsgi [None req-b6e8f148-291d-48e1-a68e-8849d3f4175c 3e4d1390c2014afdbb9f3071d43d7ef9 253bd90ffcb848ebaa7eb34df95268a3 - - default default] 10.0.0.79 "GET /v2.0/ports/dad0157f-3827-49df-902b-02f3b7075e29 HTTP/1.1" status: 200 len: 1141 time: 0.1147981
2026-05-19 14:43:49.583 10 WARNING neutron_lib.context [None req-5ce7f046-e57f-4d03-9747-cd30df0519c3 3789d1cef3254dc1833e8cb70acfd922 11ae9b4c1dda44b796ce08ce8d89e9e5 - - default default] Method 'is_advsvc' is deprecated since 2023.2 release (neutron-lib 3.8.0) and will be removed once support for the old RBAC API policies will be removed from Neutron. Please use method 'is_service_role' instead.
2026-05-19 14:43:49.787 9 INFO neutron.wsgi [req-475de9a6-e551-4a0c-85ee-6daa78b87e10 req-a4929575-48bf-408b-978e-45e587df03f4 573fcd2e9a59475e9eec66d0829bb307 ca4fc93fcc624d1e8f0a9b8766ccf47f - - default default] 10.0.0.30 "GET /v2.0/ports?device_id=8dd9ce48-3201-47d7-a3c2-8c6d85839c73 HTTP/1.1" status: 200 len: 1210 time: 0.0919766
2026-05-19 14:43:49.842 9 INFO neutron.wsgi [req-475de9a6-e551-4a0c-85ee-6daa78b87e10 req-fe95a24c-137a-45ed-80cc-778268dd560b 573fcd2e9a59475e9eec66d0829bb307 ca4fc93fcc624d1e8f0a9b8766ccf47f - - default default] 10.0.0.30 "GET /v2.0/security-groups?id=cd55fa7c-2723-4008-9f49-656769b23b0b&id=d75def93-f815-475e-a6e2-8ddbba4e6f53&fields=id&fields=name HTTP/1.1" status: 200 len: 405 time: 0.0495670
2026-05-19 14:43:49.845 10 INFO neutron.db.ovn_revision_numbers_db [None req-5ce7f046-e57f-4d03-9747-cd30df0519c3 3789d1cef3254dc1833e8cb70acfd922 11ae9b4c1dda44b796ce08ce8d89e9e5 - - default default] Successfully bumped revision number for resource a414207a-0b7f-46c8-9bb2-ad81ddcc0a65 (type: security_groups) to 1
2026-05-19 14:43:49.866 10 INFO neutron.db.ovn_revision_numbers_db [None req-5ce7f046-e57f-4d03-9747-cd30df0519c3 3789d1cef3254dc1833e8cb70acfd922 11ae9b4c1dda44b796ce08ce8d89e9e5 - - default default] Successfully bumped revision number for resource 723e07b6-28a9-4520-82aa-c5940fcd964a (type: security_group_rules) to 0
2026-05-19 14:43:49.895 10 INFO neutron.db.ovn_revision_numbers_db [None req-5ce7f046-e57f-4d03-9747-cd30df0519c3 3789d1cef3254dc1833e8cb70acfd922 11ae9b4c1dda44b796ce08ce8d89e9e5 - - default default] Successfully bumped revision number for resource 7bab9577-11bb-44ba-9bc7-946a101c24fb (type: security_group_rules) to 0
2026-05-19 14:43:49.937 10 INFO neutron.db.ovn_revision_numbers_db [None req-5ce7f046-e57f-4d03-9747-cd30df0519c3 3789d1cef3254dc1833e8cb70acfd922 11ae9b4c1dda44b796ce08ce8d89e9e5 - - default default] Successfully bumped revision number for resource a156a158-0920-4a5d-95c5-ce546bfb86ac (type: security_group_rules) to 0
2026-05-19 14:43:49.970 10 INFO neutron.db.ovn_revision_numbers_db [None req-5ce7f046-e57f-4d03-9747-cd30df0519c3 3789d1cef3254dc1833e8cb70acfd922 11ae9b4c1dda44b796ce08ce8d89e9e5 - - default default] Successfully bumped revision number for resource c10dda6a-a2ec-445e-b6a7-7ec100724de2 (type: security_group_rules) to 0
2026-05-19 14:43:50.057 9 INFO neutron.wsgi [None req-2e7f5370-890b-415a-9686-9cbc73787d8e b96cc42b84f14053aa585e2fdf77ddde cad30b5f204f4d1caad6a24d3b2c38b5 - - default default] 10.0.0.79 "GET /v2.0/ports?device_id=8dd9ce48-3201-47d7-a3c2-8c6d85839c73 HTTP/1.1" status: 200 len: 1443 time: 0.1889079
2026-05-19 14:43:50.058 10 INFO neutron.db.segments_db [None req-5ce7f046-e57f-4d03-9747-cd30df0519c3 3789d1cef3254dc1833e8cb70acfd922 11ae9b4c1dda44b796ce08ce8d89e9e5 - - default default] Added segment 1989ab98-e295-4fc6-9faa-b82166420c29 of type geneve for network 8df62ea1-fc39-4c2e-85bd-100f13ee393b
2026-05-19 14:43:50.125 9 INFO neutron.wsgi [None req-127f62b6-f1ed-4925-83c9-b280ac598341 573fcd2e9a59475e9eec66d0829bb307 ca4fc93fcc624d1e8f0a9b8766ccf47f - - default default] 10.0.0.79 "GET /v2.0/floatingips?floating_network_id=b19f39dd-e3f2-40a8-8cbf-a0ccd40798de&port_id=780f704c-f932-4018-bdd8-28f1bdeb3985 HTTP/1.1" status: 200 len: 1054 time: 0.0638463
2026-05-19 14:43:50.133 10 INFO neutron.wsgi [None req-8d3cf7f0-a53f-4e38-b79e-46b1b7992c37 011322f5a8cd4caca06fb0938b4e37d6 d840d3577b354cf2a233c26c299525ec - - default default] 10.0.0.79 "DELETE /v2.0/networks/8ee82974-d24e-4cb4-a810-307267bcab79 HTTP/1.1" status: 204 len: 168 time: 0.6763015
2026-05-19 14:43:50.323 10 INFO neutron.db.ovn_revision_numbers_db [None req-5ce7f046-e57f-4d03-9747-cd30df0519c3 3789d1cef3254dc1833e8cb70acfd922 11ae9b4c1dda44b796ce08ce8d89e9e5 - - default default] Successfully bumped revision number for resource 8df62ea1-fc39-4c2e-85bd-100f13ee393b (type: networks) to 1
2026-05-19 14:43:50.419 9 INFO neutron.wsgi [req-0dfffd0a-ba61-42b8-9a04-0682b653a1e5 req-ed165c6f-c795-49f5-b1d8-f00634d53a95 156adcbb0db7443b9d97dd5c878ac534 6ecdba8b676b4fa9955fb4bb59e11ad5 - - 85890822551543a1be603b4f7ec3a325 85890822551543a1be603b4f7ec3a325] 10.0.0.192 "GET /v2.0/ports?device_id=8dd9ce48-3201-47d7-a3c2-8c6d85839c73 HTTP/1.1" status: 200 len: 1448 time: 0.0545392
2026-05-19 14:43:50.488 9 INFO neutron.wsgi [req-0dfffd0a-ba61-42b8-9a04-0682b653a1e5 req-6205ff5c-408a-4c39-a141-7386165218ef 156adcbb0db7443b9d97dd5c878ac534 6ecdba8b676b4fa9955fb4bb59e11ad5 - - 85890822551543a1be603b4f7ec3a325 85890822551543a1be603b4f7ec3a325] 10.0.0.192 "GET /v2.0/security-groups?id=d75def93-f815-475e-a6e2-8ddbba4e6f53&id=cd55fa7c-2723-4008-9f49-656769b23b0b&fields=id&fields=name HTTP/1.1" status: 200 len: 405 time: 0.0621412
2026-05-19 14:43:50.489 10 INFO neutron.wsgi [None req-78aad9e7-18c3-4d02-8e69-f3d1dcd20594 3e4d1390c2014afdbb9f3071d43d7ef9 253bd90ffcb848ebaa7eb34df95268a3 - - default default] 10.0.0.79 "PUT /v2.0/routers/658e4983-545b-4b08-8fed-5fb9f6945fed/remove_router_interface HTTP/1.1" status: 200 len: 503 time: 1.0231087 /var/lib/openstack/lib/python3.10/site-packages/pycadf/identifier.py:71: UserWarning: Invalid uuid: neutron. To ensure interoperability, identifiers should be a valid uuid. warnings.warn(('Invalid uuid: %s. To ensure interoperability, '
2026-05-19 14:43:50.532 10 INFO neutron.wsgi [None req-82e219c4-f9d4-4dd4-bb93-91b29a598eb3 3e4d1390c2014afdbb9f3071d43d7ef9 253bd90ffcb848ebaa7eb34df95268a3 - - default default] 10.0.0.79 "GET /v2.0/ports?device_id=658e4983-545b-4b08-8fed-5fb9f6945fed HTTP/1.1" status: 200 len: 205 time: 0.0348179
2026-05-19 14:43:50.588 9 INFO neutron.wsgi [None req-cf890937-cf22-4e42-a1f9-83c6e852906d 011322f5a8cd4caca06fb0938b4e37d6 d840d3577b354cf2a233c26c299525ec - - default default] 10.0.0.79 "DELETE /v2.0/networks/021cefb7-e4e9-4772-8aa3-ad82dd7d5567 HTTP/1.1" status: 204 len: 168 time: 0.4512067
2026-05-19 14:43:50.675 10 WARNING neutron.scheduler.dhcp_agent_scheduler [None req-5ce7f046-e57f-4d03-9747-cd30df0519c3 3789d1cef3254dc1833e8cb70acfd922 11ae9b4c1dda44b796ce08ce8d89e9e5 - - default default] No more DHCP agents
2026-05-19 14:43:50.679 10 WARNING neutron.api.rpc.agentnotifiers.dhcp_rpc_agent_api [None req-5ce7f046-e57f-4d03-9747-cd30df0519c3 3789d1cef3254dc1833e8cb70acfd922 11ae9b4c1dda44b796ce08ce8d89e9e5 - - default default] Unable to schedule network 8df62ea1-fc39-4c2e-85bd-100f13ee393b: no agents available; will retry on subsequent port and subnet creation events.
2026-05-19 14:43:50.720 9 INFO neutron.services.segments.plugin [-] Segment 2f96420c-7504-4f88-abf8-db24489fa58a resource provider aggregate not found
2026-05-19 14:43:50.732 9 INFO neutron.services.segments.plugin [-] Segment 2f96420c-7504-4f88-abf8-db24489fa58a resource provider aggregate not found
2026-05-19 14:43:50.737 9 INFO neutron.services.segments.plugin [-] Segment 2f96420c-7504-4f88-abf8-db24489fa58a resource provider not found; error: Placement Client Error (4xx): {"errors": [{"status": 404, "title": "Not Found", "detail": "The resource could not be found.\n\n No resource provider with uuid 2f96420c-7504-4f88-abf8-db24489fa58a found for delete ", "request_id": "req-be3c631e-4d8d-45f9-9f0f-4507917c5458"}]}
2026-05-19 14:43:50.746 9 INFO neutron.services.segments.plugin [-] Segment 2f96420c-7504-4f88-abf8-db24489fa58a resource provider not found; error: Placement Client Error (4xx): {"errors": [{"status": 404, "title": "Not Found", "detail": "The resource could not be found.\n\n No resource provider with uuid 2f96420c-7504-4f88-abf8-db24489fa58a found for delete ", "request_id": "req-8ef5fd2f-0ec5-4968-ac8b-b454635fa35c"}]}
2026-05-19 14:43:50.855 10 INFO neutron.db.ovn_revision_numbers_db [None req-5ce7f046-e57f-4d03-9747-cd30df0519c3 3789d1cef3254dc1833e8cb70acfd922 11ae9b4c1dda44b796ce08ce8d89e9e5 - - default default] Successfully bumped revision number for resource 83af7e39-ac91-48a4-81b1-0a90ddb4d390 (type: ports) to 1
2026-05-19 14:43:50.863 10 INFO neutron.wsgi [None req-da7d0aa5-6afb-43e3-835e-93457cd386bb 3e4d1390c2014afdbb9f3071d43d7ef9 253bd90ffcb848ebaa7eb34df95268a3 - - default default] 10.0.0.79 "DELETE /v2.0/routers/658e4983-545b-4b08-8fed-5fb9f6945fed HTTP/1.1" status: 204 len: 168 time: 0.3256514
2026-05-19 14:43:50.888 10 INFO neutron.wsgi [None req-5ce7f046-e57f-4d03-9747-cd30df0519c3 3789d1cef3254dc1833e8cb70acfd922 11ae9b4c1dda44b796ce08ce8d89e9e5 - - default default] 10.0.0.79 "POST /v2.0/networks HTTP/1.1" status: 201 len: 830 time: 1.5113797
2026-05-19 14:43:50.996 9 INFO neutron.wsgi [None req-36239d1e-deaf-41f2-88ff-f27f8353f7e1 3789d1cef3254dc1833e8cb70acfd922 11ae9b4c1dda44b796ce08ce8d89e9e5 - - default default] 10.0.0.79 "PUT /v2.0/networks/8df62ea1-fc39-4c2e-85bd-100f13ee393b/tags HTTP/1.1" status: 200 len: 218 time: 0.1014285
2026-05-19 14:43:51.043 10 INFO neutron.wsgi [None req-ff5b0f06-0d76-4ff5-a167-0bf063512267 3789d1cef3254dc1833e8cb70acfd922 11ae9b4c1dda44b796ce08ce8d89e9e5 - - default default] 10.0.0.79 "GET /v2.0/networks/8df62ea1-fc39-4c2e-85bd-100f13ee393b/tags HTTP/1.1" status: 200 len: 218 time: 0.0423565
2026-05-19 14:43:51.133 10 INFO neutron.wsgi [None req-4ae08aa4-2587-4e1e-b92b-617352b325ea 3789d1cef3254dc1833e8cb70acfd922 11ae9b4c1dda44b796ce08ce8d89e9e5 - - default default] 10.0.0.79 "PUT /v2.0/networks/8df62ea1-fc39-4c2e-85bd-100f13ee393b/tags/green HTTP/1.1" status: 201 len: 201 time: 0.0763674
2026-05-19 14:43:51.169 9 INFO neutron.wsgi [None req-792a9a5d-0093-4637-846e-5d265ff22b6f 3e4d1390c2014afdbb9f3071d43d7ef9 253bd90ffcb848ebaa7eb34df95268a3 - - default default] 10.0.0.79 "DELETE /v2.0/subnets/24f7f732-c903-41c4-8278-52a9672c52f0 HTTP/1.1" status: 204 len: 168 time: 0.3010340
2026-05-19 14:43:51.207 9 INFO neutron.wsgi [None req-bd095d05-096e-4768-baf0-4e034bbb12f3 3789d1cef3254dc1833e8cb70acfd922 11ae9b4c1dda44b796ce08ce8d89e9e5 - - default default] 10.0.0.79 "GET /v2.0/networks/8df62ea1-fc39-4c2e-85bd-100f13ee393b/tags HTTP/1.1" status: 200 len: 227 time: 0.0655060
2026-05-19 14:43:51.253 9 INFO neutron.wsgi [None req-5ed6a9b5-0033-4696-ab3d-9159b0ed2353 3789d1cef3254dc1833e8cb70acfd922 11ae9b4c1dda44b796ce08ce8d89e9e5 - - default default] 10.0.0.79 "PUT /v2.0/networks/8df62ea1-fc39-4c2e-85bd-100f13ee393b/tags/red HTTP/1.1" status: 201 len: 201 time: 0.0418286
2026-05-19 14:43:51.290 9 INFO neutron.wsgi [None req-15fe3039-472e-4953-a559-e9cb932f2297 3789d1cef3254dc1833e8cb70acfd922 11ae9b4c1dda44b796ce08ce8d89e9e5 - - default default] 10.0.0.79 "GET /v2.0/networks/8df62ea1-fc39-4c2e-85bd-100f13ee393b/tags HTTP/1.1" status: 200 len: 227 time: 0.0317149
2026-05-19 14:43:51.326 10 INFO neutron.wsgi [None req-bc499374-a82f-41e2-803d-a9fef5a9ac3a 6f9b105d61024b9d8b2c98865e8490d7 aef2772629f84717a50d66b94ca386a5 - - default default] 10.0.0.79 "GET /v2.0/security-groups?tenant_id=d840d3577b354cf2a233c26c299525ec&name=default HTTP/1.1" status: 200 len: 3120 time: 0.1596036
2026-05-19 14:43:51.356 9 INFO neutron.wsgi [None req-c7d99f0e-a984-4d33-9df7-cca804b3c8aa 3789d1cef3254dc1833e8cb70acfd922 11ae9b4c1dda44b796ce08ce8d89e9e5 - - default default] 10.0.0.79 "PUT /v2.0/networks/8df62ea1-fc39-4c2e-85bd-100f13ee393b/tags/black.or.white HTTP/1.1" status: 201 len: 201 time: 0.0605981
2026-05-19 14:43:51.374 10 INFO neutron.wsgi [None req-f7edd2d4-f7d8-4c41-8091-e749ae26fe9c 3e4d1390c2014afdbb9f3071d43d7ef9 253bd90ffcb848ebaa7eb34df95268a3 - - default default] 10.0.0.79 "DELETE /v2.0/subnets/99c6a49a-8ee8-4fa9-80be-23ee9432b1d3 HTTP/1.1" status: 204 len: 168 time: 0.1957135
2026-05-19 14:43:51.428 9 INFO neutron.wsgi [None req-05eca835-e451-485d-a9ea-e3356dbf1512 3789d1cef3254dc1833e8cb70acfd922 11ae9b4c1dda44b796ce08ce8d89e9e5 - - default default] 10.0.0.79 "GET /v2.0/networks/8df62ea1-fc39-4c2e-85bd-100f13ee393b/tags HTTP/1.1" status: 200 len: 245 time: 0.0668378
2026-05-19 14:43:51.478 10 INFO neutron.services.segments.plugin [-] Segment 0c71b9ce-6149-4a28-abe8-18d489e91eb8 resource provider aggregate not found
2026-05-19 14:43:51.483 10 INFO neutron.services.segments.plugin [-] Segment 0c71b9ce-6149-4a28-abe8-18d489e91eb8 resource provider aggregate not found
2026-05-19 14:43:51.499 10 INFO neutron.services.segments.plugin [-] Segment 0c71b9ce-6149-4a28-abe8-18d489e91eb8 resource provider not found; error: Placement Client Error (4xx): {"errors": [{"status": 404, "title": "Not Found", "detail": "The resource could not be found.\n\n No resource provider with uuid 0c71b9ce-6149-4a28-abe8-18d489e91eb8 found for delete ", "request_id": "req-a903fb03-e3d2-4555-9d6f-e5c9ed7df698"}]}
2026-05-19 14:43:51.502 10 INFO neutron.services.segments.plugin [-] Segment 0c71b9ce-6149-4a28-abe8-18d489e91eb8 resource provider not found; error: Placement Client Error (4xx): {"errors": [{"status": 404, "title": "Not Found", "detail": "The resource could not be found.\n\n No resource provider with uuid 0c71b9ce-6149-4a28-abe8-18d489e91eb8 found for delete ", "request_id": "req-48d397aa-1a91-4970-a66e-9715211fa2ea"}]}
2026-05-19 14:43:51.518 10 INFO neutron.wsgi [None req-07ccec7e-0f34-4430-814a-21b3f41b2a6a 3789d1cef3254dc1833e8cb70acfd922 11ae9b4c1dda44b796ce08ce8d89e9e5 - - default default] 10.0.0.79 "PUT /v2.0/networks/8df62ea1-fc39-4c2e-85bd-100f13ee393b/tags HTTP/1.1" status: 200 len: 230 time: 0.0841796
2026-05-19 14:43:51.565 10 INFO neutron.wsgi [None req-b1a3e521-d03d-4a48-921b-56a7bdc7d33f 3789d1cef3254dc1833e8cb70acfd922 11ae9b4c1dda44b796ce08ce8d89e9e5 - - default default] 10.0.0.79 "GET /v2.0/networks/8df62ea1-fc39-4c2e-85bd-100f13ee393b/tags HTTP/1.1" status: 200 len: 230 time: 0.0429680
2026-05-19 14:43:51.608 10 INFO neutron.wsgi [None req-be10f4fb-88c4-4d4d-bd16-752649fd7d8a 3789d1cef3254dc1833e8cb70acfd922 11ae9b4c1dda44b796ce08ce8d89e9e5 - - default default] 10.0.0.79 "GET /v2.0/networks/8df62ea1-fc39-4c2e-85bd-100f13ee393b/tags/red HTTP/1.1" status: 204 len: 168 time: 0.0380220
2026-05-19 14:43:51.636 9 INFO neutron.wsgi [None req-8e85a43e-8c08-4c84-b00b-f9c929837c50 6f9b105d61024b9d8b2c98865e8490d7 aef2772629f84717a50d66b94ca386a5 - - default default] 10.0.0.79 "DELETE /v2.0/security-groups/dfc06355-a2b6-4d59-b8af-e00cc2d0a6e2 HTTP/1.1" status: 204 len: 168 time: 0.3045852
2026-05-19 14:43:51.668 10 INFO neutron.api.v2.resource [None req-c440748b-0d3c-490d-a91f-d72923c1f315 3789d1cef3254dc1833e8cb70acfd922 11ae9b4c1dda44b796ce08ce8d89e9e5 - - default default] show failed (client error): The resource could not be found.
2026-05-19 14:43:51.670 10 INFO neutron.wsgi [None req-c440748b-0d3c-490d-a91f-d72923c1f315 3789d1cef3254dc1833e8cb70acfd922 11ae9b4c1dda44b796ce08ce8d89e9e5 - - default default] 10.0.0.79 "GET /v2.0/networks/8df62ea1-fc39-4c2e-85bd-100f13ee393b/tags/green HTTP/1.1" status: 404 len: 299 time: 0.0527229
2026-05-19 14:43:51.755 9 INFO neutron.wsgi [None req-6819a075-6827-4eb9-b783-2acabe4deef9 3789d1cef3254dc1833e8cb70acfd922 11ae9b4c1dda44b796ce08ce8d89e9e5 - - default default] 10.0.0.79 "DELETE /v2.0/networks/8df62ea1-fc39-4c2e-85bd-100f13ee393b/tags/red HTTP/1.1" status: 204 len: 168 time: 0.0812819
2026-05-19 14:43:51.814 10 INFO neutron.wsgi [None req-0b610633-76d8-48b7-8e28-498a3639f7f0 3789d1cef3254dc1833e8cb70acfd922 11ae9b4c1dda44b796ce08ce8d89e9e5 - - default default] 10.0.0.79 "GET /v2.0/networks/8df62ea1-fc39-4c2e-85bd-100f13ee393b/tags HTTP/1.1" status: 200 len: 223 time: 0.0537925
2026-05-19 14:43:51.843 9 INFO neutron.wsgi [None req-87deeab5-997e-40ca-b996-6a17b47b15d4 3e4d1390c2014afdbb9f3071d43d7ef9 253bd90ffcb848ebaa7eb34df95268a3 - - default default] 10.0.0.79 "DELETE /v2.0/networks/977e74da-be40-4450-8122-1c27441630fd HTTP/1.1" status: 204 len: 168 time: 0.4646389
2026-05-19 14:43:51.878 10 INFO neutron.api.v2.resource [None req-15a115fa-4570-4fe9-8a87-faaac9f19cff 3789d1cef3254dc1833e8cb70acfd922 11ae9b4c1dda44b796ce08ce8d89e9e5 - - default default] delete failed (client error): The resource could not be found.
2026-05-19 14:43:51.879 10 INFO neutron.wsgi [None req-15a115fa-4570-4fe9-8a87-faaac9f19cff 3789d1cef3254dc1833e8cb70acfd922 11ae9b4c1dda44b796ce08ce8d89e9e5 - - default default] 10.0.0.79 "DELETE /v2.0/networks/8df62ea1-fc39-4c2e-85bd-100f13ee393b/tags/green HTTP/1.1" status: 404 len: 299 time: 0.0617115
2026-05-19 14:43:51.953 9 INFO neutron.wsgi [None req-3035ba31-3c89-4608-bf51-7b51b42d6c3a 3789d1cef3254dc1833e8cb70acfd922 11ae9b4c1dda44b796ce08ce8d89e9e5 - - default default] 10.0.0.79 "DELETE /v2.0/networks/8df62ea1-fc39-4c2e-85bd-100f13ee393b/tags HTTP/1.1" status: 204 len: 168 time: 0.0694270
2026-05-19 14:43:52.017 9 INFO neutron.wsgi [None req-038897cb-e76d-4e56-abfa-29ea0bb88f23 3789d1cef3254dc1833e8cb70acfd922 11ae9b4c1dda44b796ce08ce8d89e9e5 - - default default] 10.0.0.79 "GET /v2.0/networks/8df62ea1-fc39-4c2e-85bd-100f13ee393b/tags HTTP/1.1" status: 200 len: 205 time: 0.0591059
2026-05-19 14:43:52.283 9 INFO neutron.wsgi [None req-2ee674af-8c82-4578-914d-ff088986560a 3e4d1390c2014afdbb9f3071d43d7ef9 253bd90ffcb848ebaa7eb34df95268a3 - - default default] 10.0.0.79 "DELETE /v2.0/networks/179ba141-b5d7-4059-beeb-4c376ce64801 HTTP/1.1" status: 204 len: 168 time: 0.4340284
2026-05-19 14:43:52.292 9 WARNING neutron_lib.context [None req-103b97dd-ec74-402e-9d7a-ba67507257cb 3e4d1390c2014afdbb9f3071d43d7ef9 253bd90ffcb848ebaa7eb34df95268a3 - - default default] Method 'is_advsvc' is deprecated since 2023.2 release (neutron-lib 3.8.0) and will be removed once support for the old RBAC API policies will be removed from Neutron. Please use method 'is_service_role' instead.
2026-05-19 14:43:52.405 9 INFO neutron.db.segments_db [None req-103b97dd-ec74-402e-9d7a-ba67507257cb 3e4d1390c2014afdbb9f3071d43d7ef9 253bd90ffcb848ebaa7eb34df95268a3 - - default default] Added segment 17395408-edb5-41a9-99ef-94595330033a of type geneve for network 6269f559-99c1-4cf7-a3fb-59035d7b0376
2026-05-19 14:43:52.425 10 INFO neutron.wsgi [None req-e68907c3-bdae-41aa-9d3f-a97feff9aeb8 3789d1cef3254dc1833e8cb70acfd922 11ae9b4c1dda44b796ce08ce8d89e9e5 - - default default] 10.0.0.79 "DELETE /v2.0/networks/8df62ea1-fc39-4c2e-85bd-100f13ee393b HTTP/1.1" status: 204 len: 168 time: 0.3915069
2026-05-19 14:43:52.548 9 INFO neutron.wsgi [req-26615898-7520-4cbe-b8ee-66e243127032 req-ddb19a15-fc04-4076-aafc-0d04cd6132a8 573fcd2e9a59475e9eec66d0829bb307 ca4fc93fcc624d1e8f0a9b8766ccf47f - - default default] 10.0.0.30 "GET /v2.0/ports?device_id=8dd9ce48-3201-47d7-a3c2-8c6d85839c73 HTTP/1.1" status: 200 len: 1210 time: 0.0656109
2026-05-19 14:43:52.598 9 INFO neutron.db.ovn_revision_numbers_db [None req-103b97dd-ec74-402e-9d7a-ba67507257cb 3e4d1390c2014afdbb9f3071d43d7ef9 253bd90ffcb848ebaa7eb34df95268a3 - - default default] Successfully bumped revision number for resource 6269f559-99c1-4cf7-a3fb-59035d7b0376 (type: networks) to 1
2026-05-19 14:43:52.625 9 INFO neutron.wsgi [req-26615898-7520-4cbe-b8ee-66e243127032 req-0535b8f6-93ef-496b-888d-e3e000a2aefd 573fcd2e9a59475e9eec66d0829bb307 ca4fc93fcc624d1e8f0a9b8766ccf47f - - default default] 10.0.0.30 "GET /v2.0/security-groups?id=cd55fa7c-2723-4008-9f49-656769b23b0b&id=d75def93-f815-475e-a6e2-8ddbba4e6f53&fields=id&fields=name HTTP/1.1" status: 200 len: 405 time: 0.0629683
2026-05-19 14:43:52.764 9 INFO neutron.services.segments.plugin [-] Segment 9510a585-7adb-470f-a658-c37454948d39 resource provider aggregate not found
2026-05-19 14:43:52.769 9 INFO neutron.services.segments.plugin [-] Segment 9510a585-7adb-470f-a658-c37454948d39 resource provider aggregate not found
2026-05-19 14:43:52.780 9 INFO neutron.services.segments.plugin [-] Segment 9510a585-7adb-470f-a658-c37454948d39 resource provider not found; error: Placement Client Error (4xx): {"errors": [{"status": 404, "title": "Not Found", "detail": "The resource could not be found.\n\n No resource provider with uuid 9510a585-7adb-470f-a658-c37454948d39 found for delete ", "request_id": "req-40755f7e-87cb-4fcc-8e4c-a20fbcbeed6f"}]}
2026-05-19 14:43:52.786 9 INFO neutron.services.segments.plugin [-] Segment 9510a585-7adb-470f-a658-c37454948d39 resource provider not found; error: Placement Client Error (4xx): {"errors": [{"status": 404, "title": "Not Found", "detail": "The resource could not be found.\n\n No resource provider with uuid 9510a585-7adb-470f-a658-c37454948d39 found for delete ", "request_id": "req-81ac043c-edd5-4b2f-bd50-02e67ebb548b"}]}
2026-05-19 14:43:52.792 9 INFO neutron.services.segments.plugin [-] Segment b3081af5-7199-4af1-9ca3-f266d35416c0 resource provider aggregate not found
2026-05-19 14:43:52.803 9 INFO neutron.services.segments.plugin [-] Segment b3081af5-7199-4af1-9ca3-f266d35416c0 resource provider aggregate not found
2026-05-19 14:43:52.806 9 INFO neutron.services.segments.plugin [-] Segment b3081af5-7199-4af1-9ca3-f266d35416c0 resource provider not found; error: Placement Client Error (4xx): {"errors": [{"status": 404, "title": "Not Found", "detail": "The resource could not be found.\n\n No resource provider with uuid b3081af5-7199-4af1-9ca3-f266d35416c0 found for delete ", "request_id": "req-68da6707-f9f7-4fb2-bff1-0dbddaead36b"}]}
2026-05-19 14:43:52.824 9 INFO neutron.services.segments.plugin [-] Segment b3081af5-7199-4af1-9ca3-f266d35416c0 resource provider not found; error: Placement Client Error (4xx): {"errors": [{"status": 404, "title": "Not Found", "detail": "The resource could not be found.\n\n No resource provider with uuid b3081af5-7199-4af1-9ca3-f266d35416c0 found for delete ", "request_id": "req-8690a482-4a1b-492f-bf8e-79023608b573"}]}
2026-05-19 14:43:52.851 9 WARNING neutron.scheduler.dhcp_agent_scheduler [None req-103b97dd-ec74-402e-9d7a-ba67507257cb 3e4d1390c2014afdbb9f3071d43d7ef9 253bd90ffcb848ebaa7eb34df95268a3 - - default default] No more DHCP agents
2026-05-19 14:43:52.855 9 WARNING neutron.api.rpc.agentnotifiers.dhcp_rpc_agent_api [None req-103b97dd-ec74-402e-9d7a-ba67507257cb 3e4d1390c2014afdbb9f3071d43d7ef9 253bd90ffcb848ebaa7eb34df95268a3 - - default default] Unable to schedule network 6269f559-99c1-4cf7-a3fb-59035d7b0376: no agents available; will retry on subsequent port and subnet creation events.
