2026-05-19 14:41:41.534 9 INFO neutron.wsgi [req-767f0a35-d4e1-46cb-b7d8-d546a4495ace req-0fe8506f-a457-4479-8d57-363424becdcc 156adcbb0db7443b9d97dd5c878ac534 6ecdba8b676b4fa9955fb4bb59e11ad5 - - 85890822551543a1be603b4f7ec3a325 85890822551543a1be603b4f7ec3a325] 199.204.45.156 "GET /v2.0/floatingips?fixed_ip_address=10.100.0.5&port_id=902a221a-85e3-4803-856b-2ff11e0cd34b HTTP/1.1" status: 200 len: 217 time: 0.0257509
2026-05-19 14:41:41.585 9 INFO neutron.wsgi [req-767f0a35-d4e1-46cb-b7d8-d546a4495ace req-83cc7424-1b71-4ce1-8a09-3c1d18b6a5c0 156adcbb0db7443b9d97dd5c878ac534 6ecdba8b676b4fa9955fb4bb59e11ad5 - - 85890822551543a1be603b4f7ec3a325 85890822551543a1be603b4f7ec3a325] 199.204.45.156 "GET /v2.0/subnets?id=a83f2c38-b137-4955-bb4d-a415b16283f9 HTTP/1.1" status: 200 len: 877 time: 0.0420766
2026-05-19 14:41:41.590 10 INFO neutron.db.ovn_revision_numbers_db [None req-3fd8915f-111e-428a-b9d7-9f02ad424c18 6f9b105d61024b9d8b2c98865e8490d7 aef2772629f84717a50d66b94ca386a5 - - default default] Successfully bumped revision number for resource 53d23f8d-1bd9-4950-b7fe-ebeeb492c4c0 (type: ports) to 1
2026-05-19 14:41:41.619 9 INFO neutron.wsgi [req-767f0a35-d4e1-46cb-b7d8-d546a4495ace req-df5faecd-d29e-4000-ba4d-eb8962c5cfae 156adcbb0db7443b9d97dd5c878ac534 6ecdba8b676b4fa9955fb4bb59e11ad5 - - 85890822551543a1be603b4f7ec3a325 85890822551543a1be603b4f7ec3a325] 199.204.45.156 "GET /v2.0/ports?network_id=97f6f710-63fd-4999-9cf9-b6f2f433b918&device_owner=network%3Adhcp HTTP/1.1" status: 200 len: 210 time: 0.0258355
2026-05-19 14:41:41.639 10 WARNING neutron.scheduler.dhcp_agent_scheduler [req-be8b7aaa-f02a-4318-8b22-e61dd9ed307e req-5147ccdb-ec8d-4891-9b47-04aa13b1af97 f7d993153a7c493ca65128acbf237d67 05c52207d252460d8bbb924387945c42 - - default default] No more DHCP agents
2026-05-19 14:41:41.647 10 WARNING neutron.api.rpc.agentnotifiers.dhcp_rpc_agent_api [req-be8b7aaa-f02a-4318-8b22-e61dd9ed307e req-5147ccdb-ec8d-4891-9b47-04aa13b1af97 f7d993153a7c493ca65128acbf237d67 05c52207d252460d8bbb924387945c42 - - default default] Unable to schedule network ea27980c-324c-4703-8a43-95bbd6b13c8d: no agents available; will retry on subsequent port and subnet creation events.
2026-05-19 14:41:41.685 10 INFO neutron.wsgi [None req-3fd8915f-111e-428a-b9d7-9f02ad424c18 6f9b105d61024b9d8b2c98865e8490d7 aef2772629f84717a50d66b94ca386a5 - - default default] 10.0.0.79 "POST /v2.0/networks HTTP/1.1" status: 201 len: 946 time: 2.3040049
2026-05-19 14:41:41.707 9 INFO neutron.wsgi [req-1dcdb535-87f4-41da-b0f7-231eb30313da req-11f19566-d94b-4714-8b2b-4eede4389241 a9b49327b26d43b59905daa9a2599a74 6357b6ff112543b69dee4e17836cda67 - - default default] 10.0.0.30 "GET /v2.0/ports?device_id=a2c764f5-cb35-4f81-9db8-37470b32278b HTTP/1.1" status: 200 len: 1168 time: 0.0532219
2026-05-19 14:41:41.739 9 INFO neutron.wsgi [req-767f0a35-d4e1-46cb-b7d8-d546a4495ace req-6ab841e7-87bc-4f35-97f4-609a7a2b8c1b 156adcbb0db7443b9d97dd5c878ac534 6ecdba8b676b4fa9955fb4bb59e11ad5 - - 85890822551543a1be603b4f7ec3a325 85890822551543a1be603b4f7ec3a325] 199.204.45.156 "GET /v2.0/networks/97f6f710-63fd-4999-9cf9-b6f2f433b918?fields=segments HTTP/1.1" status: 200 len: 212 time: 0.1127522
2026-05-19 14:41:41.797 10 WARNING neutron.scheduler.dhcp_agent_scheduler [None req-78567d7b-aae4-49cf-a8cf-ee867532d154 6f9b105d61024b9d8b2c98865e8490d7 aef2772629f84717a50d66b94ca386a5 - - default default] No more DHCP agents
2026-05-19 14:41:41.800 10 WARNING neutron.api.rpc.agentnotifiers.dhcp_rpc_agent_api [None req-78567d7b-aae4-49cf-a8cf-ee867532d154 6f9b105d61024b9d8b2c98865e8490d7 aef2772629f84717a50d66b94ca386a5 - - default default] Unable to schedule network 282acec6-d764-4bf1-b2f2-5060ba5aa6ea: no agents available; will retry on subsequent port and subnet creation events.
2026-05-19 14:41:41.826 9 INFO neutron.wsgi [req-1dcdb535-87f4-41da-b0f7-231eb30313da req-4edf25ef-af38-46ba-8f22-ab02450514fb a9b49327b26d43b59905daa9a2599a74 6357b6ff112543b69dee4e17836cda67 - - default default] 10.0.0.30 "GET /v2.0/security-groups?id=8dc32287-f97a-4561-814b-7f0dcb1681a6&fields=id&fields=name HTTP/1.1" status: 200 len: 313 time: 0.1136682
2026-05-19 14:41:41.862 9 INFO neutron.wsgi [req-767f0a35-d4e1-46cb-b7d8-d546a4495ace req-db41309c-c6b1-4d61-a479-99576c647b00 156adcbb0db7443b9d97dd5c878ac534 6ecdba8b676b4fa9955fb4bb59e11ad5 - - 85890822551543a1be603b4f7ec3a325 85890822551543a1be603b4f7ec3a325] 199.204.45.156 "GET /v2.0/networks/97f6f710-63fd-4999-9cf9-b6f2f433b918?fields=provider%3Aphysical_network&fields=provider%3Anetwork_type HTTP/1.1" status: 200 len: 277 time: 0.1174757
2026-05-19 14:41:41.896 10 INFO neutron.db.ovn_revision_numbers_db [req-be8b7aaa-f02a-4318-8b22-e61dd9ed307e req-5147ccdb-ec8d-4891-9b47-04aa13b1af97 f7d993153a7c493ca65128acbf237d67 05c52207d252460d8bbb924387945c42 - - default default] Successfully bumped revision number for resource cf780f35-0e6b-4302-aba1-91926e9e170a (type: ports) to 1
2026-05-19 14:41:41.941 10 INFO neutron.wsgi [req-be8b7aaa-f02a-4318-8b22-e61dd9ed307e req-5147ccdb-ec8d-4891-9b47-04aa13b1af97 f7d993153a7c493ca65128acbf237d67 05c52207d252460d8bbb924387945c42 - - default default] 199.204.45.156 "POST /v2.0/ports HTTP/1.1" status: 201 len: 1162 time: 1.2299008 /var/lib/openstack/lib/python3.10/site-packages/pycadf/identifier.py:71: UserWarning: Invalid uuid: neutron. To ensure interoperability, identifiers should be a valid uuid. warnings.warn(('Invalid uuid: %s. To ensure interoperability, '
2026-05-19 14:41:41.986 9 WARNING neutron.scheduler.dhcp_agent_scheduler [None req-dc21e1da-5e80-42a4-b42a-6c685134efd5 6f9b105d61024b9d8b2c98865e8490d7 aef2772629f84717a50d66b94ca386a5 - - default default] No more DHCP agents
2026-05-19 14:41:41.991 9 WARNING neutron.api.rpc.agentnotifiers.dhcp_rpc_agent_api [None req-dc21e1da-5e80-42a4-b42a-6c685134efd5 6f9b105d61024b9d8b2c98865e8490d7 aef2772629f84717a50d66b94ca386a5 - - default default] Unable to schedule network 1cb2a657-3d65-4ac4-b9e6-02f51c26beba: no agents available; will retry on subsequent port and subnet creation events.
2026-05-19 14:41:42.310 9 INFO neutron.wsgi [req-2deb6e61-465d-4b74-abc4-e39049686501 req-f0f43c4b-88e7-4f10-939f-07fdc23c8b07 f7d993153a7c493ca65128acbf237d67 05c52207d252460d8bbb924387945c42 - - default default] 10.0.0.30 "GET /v2.0/ports?device_id=a4fb5419-16ab-4e80-9430-349b8952c9e4 HTTP/1.1" status: 200 len: 1160 time: 0.1467311
2026-05-19 14:41:42.381 9 INFO neutron.wsgi [req-2deb6e61-465d-4b74-abc4-e39049686501 req-a8737de4-381e-459c-9d15-4ed3df0c18a2 f7d993153a7c493ca65128acbf237d67 05c52207d252460d8bbb924387945c42 - - default default] 10.0.0.30 "GET /v2.0/security-groups?id=da77c50c-fa81-47bb-89bf-5d0b0059653d&fields=id&fields=name HTTP/1.1" status: 200 len: 312 time: 0.0631857
2026-05-19 14:41:42.503 10 INFO neutron.db.ovn_revision_numbers_db [None req-78567d7b-aae4-49cf-a8cf-ee867532d154 6f9b105d61024b9d8b2c98865e8490d7 aef2772629f84717a50d66b94ca386a5 - - default default] Successfully bumped revision number for resource 4ed92088-92b5-4fad-87d2-cd63c78c50f4 (type: ports) to 2
2026-05-19 14:41:42.557 10 INFO neutron.db.ovn_revision_numbers_db [None req-78567d7b-aae4-49cf-a8cf-ee867532d154 6f9b105d61024b9d8b2c98865e8490d7 aef2772629f84717a50d66b94ca386a5 - - default default] Successfully bumped revision number for resource bc45dd01-1650-4777-ba83-7087c3f2c636 (type: subnets) to 0
2026-05-19 14:41:42.563 10 INFO neutron.db.ovn_revision_numbers_db [req-be8b7aaa-f02a-4318-8b22-e61dd9ed307e req-7e2c1758-14c9-47c8-88c9-5c8cce090328 156adcbb0db7443b9d97dd5c878ac534 6ecdba8b676b4fa9955fb4bb59e11ad5 - - 85890822551543a1be603b4f7ec3a325 85890822551543a1be603b4f7ec3a325] Successfully bumped revision number for resource cf780f35-0e6b-4302-aba1-91926e9e170a (type: ports) to 2
2026-05-19 14:41:42.573 10 INFO neutron.wsgi [None req-78567d7b-aae4-49cf-a8cf-ee867532d154 6f9b105d61024b9d8b2c98865e8490d7 aef2772629f84717a50d66b94ca386a5 - - default default] 10.0.0.79 "POST /v2.0/subnets HTTP/1.1" status: 201 len: 867 time: 1.0648518 /var/lib/openstack/lib/python3.10/site-packages/pycadf/identifier.py:71: UserWarning: Invalid uuid: neutron. To ensure interoperability, identifiers should be a valid uuid. warnings.warn(('Invalid uuid: %s. To ensure interoperability, '
2026-05-19 14:41:42.878 10 INFO neutron.db.ovn_revision_numbers_db [req-be8b7aaa-f02a-4318-8b22-e61dd9ed307e req-7e2c1758-14c9-47c8-88c9-5c8cce090328 156adcbb0db7443b9d97dd5c878ac534 6ecdba8b676b4fa9955fb4bb59e11ad5 - - 85890822551543a1be603b4f7ec3a325 85890822551543a1be603b4f7ec3a325] Successfully bumped revision number for resource cf780f35-0e6b-4302-aba1-91926e9e170a (type: ports) to 2
2026-05-19 14:41:42.913 10 INFO neutron.wsgi [req-be8b7aaa-f02a-4318-8b22-e61dd9ed307e req-7e2c1758-14c9-47c8-88c9-5c8cce090328 156adcbb0db7443b9d97dd5c878ac534 6ecdba8b676b4fa9955fb4bb59e11ad5 - - 85890822551543a1be603b4f7ec3a325 85890822551543a1be603b4f7ec3a325] 199.204.45.156 "PUT /v2.0/ports/cf780f35-0e6b-4302-aba1-91926e9e170a HTTP/1.1" status: 200 len: 1380 time: 0.9629250
2026-05-19 14:41:42.968 9 INFO neutron.wsgi [req-e7913e38-fe5d-47e6-b906-797fb82ebce4 req-da03c960-53f8-4d7c-ba88-a1a55e7e333b a9b49327b26d43b59905daa9a2599a74 6357b6ff112543b69dee4e17836cda67 - - default default] 10.0.0.30 "GET /v2.0/ports?device_id=a2c764f5-cb35-4f81-9db8-37470b32278b HTTP/1.1" status: 200 len: 1168 time: 0.0805268 /var/lib/openstack/lib/python3.10/site-packages/pycadf/identifier.py:71: UserWarning: Invalid uuid: neutron. To ensure interoperability, identifiers should be a valid uuid. warnings.warn(('Invalid uuid: %s. To ensure interoperability, '
2026-05-19 14:41:43.013 9 INFO neutron.db.ovn_revision_numbers_db [None req-dc21e1da-5e80-42a4-b42a-6c685134efd5 6f9b105d61024b9d8b2c98865e8490d7 aef2772629f84717a50d66b94ca386a5 - - default default] Successfully bumped revision number for resource 53d23f8d-1bd9-4950-b7fe-ebeeb492c4c0 (type: ports) to 2
2026-05-19 14:41:43.029 9 INFO neutron.wsgi [req-e7913e38-fe5d-47e6-b906-797fb82ebce4 req-81e6f8b2-d965-448b-a440-bd08bc33b15a a9b49327b26d43b59905daa9a2599a74 6357b6ff112543b69dee4e17836cda67 - - default default] 10.0.0.30 "GET /v2.0/security-groups?id=8dc32287-f97a-4561-814b-7f0dcb1681a6&fields=id&fields=name HTTP/1.1" status: 200 len: 313 time: 0.0531831
2026-05-19 14:41:43.031 10 INFO neutron.wsgi [req-be8b7aaa-f02a-4318-8b22-e61dd9ed307e req-3de21627-2e98-452f-a694-69ccf9415fdd 156adcbb0db7443b9d97dd5c878ac534 6ecdba8b676b4fa9955fb4bb59e11ad5 - - 85890822551543a1be603b4f7ec3a325 85890822551543a1be603b4f7ec3a325] 199.204.45.156 "GET /v2.0/ports?tenant_id=05c52207d252460d8bbb924387945c42&device_id=a4fb5419-16ab-4e80-9430-349b8952c9e4 HTTP/1.1" status: 200 len: 1411 time: 0.0588589
2026-05-19 14:41:43.071 10 INFO neutron.wsgi [req-be8b7aaa-f02a-4318-8b22-e61dd9ed307e req-9b388208-ebaa-48d2-85da-a310d3b7b996 156adcbb0db7443b9d97dd5c878ac534 6ecdba8b676b4fa9955fb4bb59e11ad5 - - 85890822551543a1be603b4f7ec3a325 85890822551543a1be603b4f7ec3a325] 199.204.45.156 "GET /v2.0/floatingips?fixed_ip_address=10.100.0.12&port_id=cf780f35-0e6b-4302-aba1-91926e9e170a HTTP/1.1" status: 200 len: 217 time: 0.0312626
2026-05-19 14:41:43.072 9 INFO neutron.db.ovn_revision_numbers_db [None req-dc21e1da-5e80-42a4-b42a-6c685134efd5 6f9b105d61024b9d8b2c98865e8490d7 aef2772629f84717a50d66b94ca386a5 - - default default] Successfully bumped revision number for resource 8deb23e2-ef83-4b59-a577-ab1610808f3a (type: subnets) to 0
2026-05-19 14:41:43.090 9 INFO neutron.wsgi [None req-dc21e1da-5e80-42a4-b42a-6c685134efd5 6f9b105d61024b9d8b2c98865e8490d7 aef2772629f84717a50d66b94ca386a5 - - default default] 10.0.0.79 "POST /v2.0/subnets HTTP/1.1" status: 201 len: 866 time: 1.3979714
2026-05-19 14:41:43.123 10 INFO neutron.wsgi [req-be8b7aaa-f02a-4318-8b22-e61dd9ed307e req-8bd5e23f-9649-4f9b-8c03-f6c7d60d4eb3 156adcbb0db7443b9d97dd5c878ac534 6ecdba8b676b4fa9955fb4bb59e11ad5 - - 85890822551543a1be603b4f7ec3a325 85890822551543a1be603b4f7ec3a325] 199.204.45.156 "GET /v2.0/subnets?id=e82fc881-58e8-49df-8852-aae524dafd51 HTTP/1.1" status: 200 len: 873 time: 0.0452931
2026-05-19 14:41:43.333 10 INFO neutron.wsgi [req-be8b7aaa-f02a-4318-8b22-e61dd9ed307e req-04feb826-f244-4680-87b7-74d6483d0f7b 156adcbb0db7443b9d97dd5c878ac534 6ecdba8b676b4fa9955fb4bb59e11ad5 - - 85890822551543a1be603b4f7ec3a325 85890822551543a1be603b4f7ec3a325] 199.204.45.156 "GET /v2.0/ports?network_id=ea27980c-324c-4703-8a43-95bbd6b13c8d&device_owner=network%3Adhcp HTTP/1.1" status: 200 len: 210 time: 0.2032735
2026-05-19 14:41:43.388 10 WARNING neutron.scheduler.dhcp_agent_scheduler [None req-d1441399-474d-48ee-86f1-b184f0abf0f9 6f9b105d61024b9d8b2c98865e8490d7 aef2772629f84717a50d66b94ca386a5 - - default default] No more DHCP agents
2026-05-19 14:41:43.391 10 WARNING neutron.api.rpc.agentnotifiers.dhcp_rpc_agent_api [None req-d1441399-474d-48ee-86f1-b184f0abf0f9 6f9b105d61024b9d8b2c98865e8490d7 aef2772629f84717a50d66b94ca386a5 - - default default] Unable to schedule network b19f39dd-e3f2-40a8-8cbf-a0ccd40798de: no agents available; will retry on subsequent port and subnet creation events.
2026-05-19 14:41:43.412 10 INFO neutron.notifiers.nova [-] Nova event matching ['req-ad8fbc3d-5724-47f7-8cee-6639a829fc83'] response: {'name': 'network-changed', 'server_uuid': 'a4fb5419-16ab-4e80-9430-349b8952c9e4', 'tag': 'cf780f35-0e6b-4302-aba1-91926e9e170a', 'status': 'completed', 'code': 200}
2026-05-19 14:41:43.428 10 INFO neutron.wsgi [req-be8b7aaa-f02a-4318-8b22-e61dd9ed307e req-096a136c-6d8c-4d89-b668-7fa36ce86e29 156adcbb0db7443b9d97dd5c878ac534 6ecdba8b676b4fa9955fb4bb59e11ad5 - - 85890822551543a1be603b4f7ec3a325 85890822551543a1be603b4f7ec3a325] 199.204.45.156 "GET /v2.0/networks/ea27980c-324c-4703-8a43-95bbd6b13c8d?fields=segments HTTP/1.1" status: 200 len: 212 time: 0.0878730
2026-05-19 14:41:43.511 9 INFO neutron.wsgi [req-d0282522-4665-4773-9448-4e43e73acbd5 req-534fcc03-95a0-4e28-ae87-e93f107ab201 f7d993153a7c493ca65128acbf237d67 05c52207d252460d8bbb924387945c42 - - default default] 10.0.0.30 "GET /v2.0/ports?device_id=a4fb5419-16ab-4e80-9430-349b8952c9e4 HTTP/1.1" status: 200 len: 1172 time: 0.0484023
2026-05-19 14:41:43.512 10 INFO neutron.wsgi [req-be8b7aaa-f02a-4318-8b22-e61dd9ed307e req-0818eaa9-a7b5-4abb-a3c9-fc4d3914b68d 156adcbb0db7443b9d97dd5c878ac534 6ecdba8b676b4fa9955fb4bb59e11ad5 - - 85890822551543a1be603b4f7ec3a325 85890822551543a1be603b4f7ec3a325] 199.204.45.156 "GET /v2.0/networks/ea27980c-324c-4703-8a43-95bbd6b13c8d?fields=provider%3Aphysical_network&fields=provider%3Anetwork_type HTTP/1.1" status: 200 len: 277 time: 0.0737729
2026-05-19 14:41:43.576 9 INFO neutron.wsgi [req-d0282522-4665-4773-9448-4e43e73acbd5 req-46b794f9-a9bb-4660-9e35-eeadae40dd7e f7d993153a7c493ca65128acbf237d67 05c52207d252460d8bbb924387945c42 - - default default] 10.0.0.30 "GET /v2.0/security-groups?id=da77c50c-fa81-47bb-89bf-5d0b0059653d&fields=id&fields=name HTTP/1.1" status: 200 len: 312 time: 0.0565391
2026-05-19 14:41:43.602 10 INFO neutron.db.ovn_revision_numbers_db [None req-d1441399-474d-48ee-86f1-b184f0abf0f9 6f9b105d61024b9d8b2c98865e8490d7 aef2772629f84717a50d66b94ca386a5 - - default default] Successfully bumped revision number for resource 29b9ec77-69f5-44b2-b8cb-68ec377b4a6b (type: ports) to 1
2026-05-19 14:41:43.650 9 WARNING neutron.scheduler.dhcp_agent_scheduler [None req-16555188-a437-40d7-bd07-d0b20d833f1a 6f9b105d61024b9d8b2c98865e8490d7 aef2772629f84717a50d66b94ca386a5 - - default default] No more DHCP agents
2026-05-19 14:41:43.653 9 WARNING neutron.api.rpc.agentnotifiers.dhcp_rpc_agent_api [None req-16555188-a437-40d7-bd07-d0b20d833f1a 6f9b105d61024b9d8b2c98865e8490d7 aef2772629f84717a50d66b94ca386a5 - - default default] Unable to schedule network b19f39dd-e3f2-40a8-8cbf-a0ccd40798de: no agents available; will retry on subsequent port and subnet creation events.
2026-05-19 14:41:43.661 10 INFO neutron.wsgi [req-319ba1b4-ad70-4532-b7dd-9f30ed891d42 req-abff7a75-2ac1-4d08-b586-e4efdbe3de24 156adcbb0db7443b9d97dd5c878ac534 6ecdba8b676b4fa9955fb4bb59e11ad5 - - 85890822551543a1be603b4f7ec3a325 85890822551543a1be603b4f7ec3a325] 199.204.45.156 "GET /v2.0/ports?tenant_id=05c52207d252460d8bbb924387945c42&device_id=a4fb5419-16ab-4e80-9430-349b8952c9e4 HTTP/1.1" status: 200 len: 1411 time: 0.0932937
2026-05-19 14:41:43.752 10 INFO neutron.wsgi [req-319ba1b4-ad70-4532-b7dd-9f30ed891d42 req-a862cd14-4aab-4d3b-a02d-04d8695e30bf 156adcbb0db7443b9d97dd5c878ac534 6ecdba8b676b4fa9955fb4bb59e11ad5 - - 85890822551543a1be603b4f7ec3a325 85890822551543a1be603b4f7ec3a325] 199.204.45.156 "GET /v2.0/networks?id=ea27980c-324c-4703-8a43-95bbd6b13c8d HTTP/1.1" status: 200 len: 978 time: 0.0805435
2026-05-19 14:41:43.798 10 INFO neutron.wsgi [req-319ba1b4-ad70-4532-b7dd-9f30ed891d42 req-16675192-b4b8-4da6-bcb5-9177234ebe66 156adcbb0db7443b9d97dd5c878ac534 6ecdba8b676b4fa9955fb4bb59e11ad5 - - 85890822551543a1be603b4f7ec3a325 85890822551543a1be603b4f7ec3a325] 199.204.45.156 "GET /v2.0/floatingips?fixed_ip_address=10.100.0.12&port_id=cf780f35-0e6b-4302-aba1-91926e9e170a HTTP/1.1" status: 200 len: 217 time: 0.0259674
2026-05-19 14:41:43.818 9 INFO neutron.db.ovn_revision_numbers_db [None req-16555188-a437-40d7-bd07-d0b20d833f1a 6f9b105d61024b9d8b2c98865e8490d7 aef2772629f84717a50d66b94ca386a5 - - default default] Successfully bumped revision number for resource d475670d-0152-47bc-879e-09c43df36ff6 (type: ports) to 1
2026-05-19 14:41:43.863 10 INFO neutron.wsgi [req-319ba1b4-ad70-4532-b7dd-9f30ed891d42 req-9bd24a35-a87c-4cee-ba4f-ead0c8722783 156adcbb0db7443b9d97dd5c878ac534 6ecdba8b676b4fa9955fb4bb59e11ad5 - - 85890822551543a1be603b4f7ec3a325 85890822551543a1be603b4f7ec3a325] 199.204.45.156 "GET /v2.0/subnets?id=e82fc881-58e8-49df-8852-aae524dafd51 HTTP/1.1" status: 200 len: 873 time: 0.0584583
2026-05-19 14:41:43.910 10 INFO neutron.wsgi [req-319ba1b4-ad70-4532-b7dd-9f30ed891d42 req-235c4189-946d-4b7d-a239-ef628731c9f1 156adcbb0db7443b9d97dd5c878ac534 6ecdba8b676b4fa9955fb4bb59e11ad5 - - 85890822551543a1be603b4f7ec3a325 85890822551543a1be603b4f7ec3a325] 199.204.45.156 "GET /v2.0/ports?network_id=ea27980c-324c-4703-8a43-95bbd6b13c8d&device_owner=network%3Adhcp HTTP/1.1" status: 200 len: 210 time: 0.0397213
2026-05-19 14:41:44.011 10 INFO neutron.wsgi [req-319ba1b4-ad70-4532-b7dd-9f30ed891d42 req-324dd6aa-9a31-48ff-9a77-f5fc394fefd0 156adcbb0db7443b9d97dd5c878ac534 6ecdba8b676b4fa9955fb4bb59e11ad5 - - 85890822551543a1be603b4f7ec3a325 85890822551543a1be603b4f7ec3a325] 199.204.45.156 "GET /v2.0/networks/ea27980c-324c-4703-8a43-95bbd6b13c8d?fields=segments HTTP/1.1" status: 200 len: 212 time: 0.0928681
2026-05-19 14:41:44.089 10 INFO neutron.wsgi [req-319ba1b4-ad70-4532-b7dd-9f30ed891d42 req-4e05c549-2897-4767-9ce2-a5f4f97b5fd1 156adcbb0db7443b9d97dd5c878ac534 6ecdba8b676b4fa9955fb4bb59e11ad5 - - 85890822551543a1be603b4f7ec3a325 85890822551543a1be603b4f7ec3a325] 199.204.45.156 "GET /v2.0/networks/ea27980c-324c-4703-8a43-95bbd6b13c8d?fields=provider%3Aphysical_network&fields=provider%3Anetwork_type HTTP/1.1" status: 200 len: 277 time: 0.0673184
2026-05-19 14:41:44.152 9 INFO neutron.wsgi [req-1e607fe3-bfec-4d4c-84f8-2a6a137517c5 req-6141bf12-e82a-4012-8a25-e299f3c241cf a9b49327b26d43b59905daa9a2599a74 6357b6ff112543b69dee4e17836cda67 - - default default] 10.0.0.30 "GET /v2.0/ports?device_id=a2c764f5-cb35-4f81-9db8-37470b32278b HTTP/1.1" status: 200 len: 1168 time: 0.0589406
2026-05-19 14:41:44.221 9 INFO neutron.wsgi [req-1e607fe3-bfec-4d4c-84f8-2a6a137517c5 req-bb919288-a58c-4d39-937b-2e191168f8b4 a9b49327b26d43b59905daa9a2599a74 6357b6ff112543b69dee4e17836cda67 - - default default] 10.0.0.30 "GET /v2.0/security-groups?id=8dc32287-f97a-4561-814b-7f0dcb1681a6&fields=id&fields=name HTTP/1.1" status: 200 len: 313 time: 0.0602615
2026-05-19 14:41:44.386 10 INFO neutron.plugins.ml2.drivers.ovn.mech_driver.ovsdb.commands [None req-1bff31d8-629b-41de-a9b4-a6ea9cc5c1c6 - - - - - -] Schedule LRP lrp-29b9ec77-69f5-44b2-b8cb-68ec377b4a6b on gateway b73318a2-fe58-4728-b382-9e5fffd2e29d with priority 1
2026-05-19 14:41:44.395 10 INFO neutron.plugins.ml2.drivers.ovn.mech_driver.mech_driver [None req-00429117-a32d-425a-8690-bd046eaff379 - - - - - -] OVN reports status up for port: 29b9ec77-69f5-44b2-b8cb-68ec377b4a6b
2026-05-19 14:41:44.417 10 INFO neutron.plugins.ml2.plugin [None req-00429117-a32d-425a-8690-bd046eaff379 - - - - - -] Attempt 1 to provision port 29b9ec77-69f5-44b2-b8cb-68ec377b4a6b
2026-05-19 14:41:44.423 9 INFO neutron.plugins.ml2.drivers.ovn.mech_driver.ovsdb.ovsdb_monitor [None req-6a36e79f-f3c9-4b67-948d-ed9345861c64 - - - - - -] Router c21946cd-b423-440d-9378-e5bbdcad731b is bound to host instance
2026-05-19 14:41:44.451 10 INFO neutron.db.ovn_revision_numbers_db [None req-d1441399-474d-48ee-86f1-b184f0abf0f9 6f9b105d61024b9d8b2c98865e8490d7 aef2772629f84717a50d66b94ca386a5 - - default default] Successfully bumped revision number for resource 29b9ec77-69f5-44b2-b8cb-68ec377b4a6b (type: router_ports) to 1
2026-05-19 14:41:44.535 10 INFO neutron.db.ovn_revision_numbers_db [None req-d1441399-474d-48ee-86f1-b184f0abf0f9 6f9b105d61024b9d8b2c98865e8490d7 aef2772629f84717a50d66b94ca386a5 - - default default] Successfully bumped revision number for resource c21946cd-b423-440d-9378-e5bbdcad731b (type: routers) to 2
2026-05-19 14:41:44.555 10 INFO neutron.wsgi [None req-d1441399-474d-48ee-86f1-b184f0abf0f9 6f9b105d61024b9d8b2c98865e8490d7 aef2772629f84717a50d66b94ca386a5 - - default default] 10.0.0.79 "POST /v2.0/routers HTTP/1.1" status: 201 len: 1169 time: 1.9765344
2026-05-19 14:41:44.730 9 INFO neutron.wsgi [req-1c6c9b81-9281-4aa4-a461-6f389bd759e8 req-2c15a183-771c-46ca-982b-00d0e7d46425 f7d993153a7c493ca65128acbf237d67 05c52207d252460d8bbb924387945c42 - - default default] 10.0.0.30 "GET /v2.0/ports?device_id=a4fb5419-16ab-4e80-9430-349b8952c9e4 HTTP/1.1" status: 200 len: 1172 time: 0.0605254
2026-05-19 14:41:44.784 9 INFO neutron.plugins.ml2.drivers.ovn.mech_driver.ovsdb.commands [None req-aeb3f0d3-3c92-4436-820d-f974086fcd51 - - - - - -] Schedule LRP lrp-d475670d-0152-47bc-879e-09c43df36ff6 on gateway b73318a2-fe58-4728-b382-9e5fffd2e29d with priority 1
2026-05-19 14:41:44.840 9 INFO neutron.wsgi [req-1c6c9b81-9281-4aa4-a461-6f389bd759e8 req-b438f9cb-3326-4786-8378-a5a29858b259 f7d993153a7c493ca65128acbf237d67 05c52207d252460d8bbb924387945c42 - - default default] 10.0.0.30 "GET /v2.0/security-groups?id=da77c50c-fa81-47bb-89bf-5d0b0059653d&fields=id&fields=name HTTP/1.1" status: 200 len: 312 time: 0.1055248
2026-05-19 14:41:44.847 9 WARNING neutron.plugins.ml2.drivers.ovn.mech_driver.ovsdb.ovn_client [None req-ef2f1446-2720-4e2b-b689-140f49dd0908 - - - - - -] No hosting information found for port 08f2c9d7-b52d-437e-923b-9b26dd59c57c: RuntimeError: No hosting information found for port 08f2c9d7-b52d-437e-923b-9b26dd59c57c
2026-05-19 14:41:44.879 9 INFO neutron.db.ovn_revision_numbers_db [None req-16555188-a437-40d7-bd07-d0b20d833f1a 6f9b105d61024b9d8b2c98865e8490d7 aef2772629f84717a50d66b94ca386a5 - - default default] Successfully bumped revision number for resource d475670d-0152-47bc-879e-09c43df36ff6 (type: router_ports) to 1
2026-05-19 14:41:45.098 10 WARNING neutron.scheduler.dhcp_agent_scheduler [None req-1bb879d1-a24d-4155-a251-4bbb56a13bea 6f9b105d61024b9d8b2c98865e8490d7 aef2772629f84717a50d66b94ca386a5 - - default default] No more DHCP agents
2026-05-19 14:41:45.101 10 WARNING neutron.api.rpc.agentnotifiers.dhcp_rpc_agent_api [None req-1bb879d1-a24d-4155-a251-4bbb56a13bea 6f9b105d61024b9d8b2c98865e8490d7 aef2772629f84717a50d66b94ca386a5 - - default default] Unable to schedule network 282acec6-d764-4bf1-b2f2-5060ba5aa6ea: no agents available; will retry on subsequent port and subnet creation events.
2026-05-19 14:41:45.217 9 INFO neutron.db.ovn_revision_numbers_db [None req-16555188-a437-40d7-bd07-d0b20d833f1a 6f9b105d61024b9d8b2c98865e8490d7 aef2772629f84717a50d66b94ca386a5 - - default default] Successfully bumped revision number for resource ca97af9c-4109-4ce1-bd09-1b5d6b71e4dd (type: routers) to 2
2026-05-19 14:41:45.238 9 INFO neutron.wsgi [None req-16555188-a437-40d7-bd07-d0b20d833f1a 6f9b105d61024b9d8b2c98865e8490d7 aef2772629f84717a50d66b94ca386a5 - - default default] 10.0.0.79 "POST /v2.0/routers HTTP/1.1" status: 201 len: 1168 time: 2.1427908
2026-05-19 14:41:45.266 10 INFO neutron.db.ovn_revision_numbers_db [None req-1bb879d1-a24d-4155-a251-4bbb56a13bea 6f9b105d61024b9d8b2c98865e8490d7 aef2772629f84717a50d66b94ca386a5 - - default default] Successfully bumped revision number for resource bcfc9926-9c27-45fb-8a9f-ca50846cd826 (type: ports) to 1
2026-05-19 14:41:45.374 9 INFO neutron.wsgi [req-5ecb3b9f-bed7-4a8f-b132-2d0d82d19c0d req-6f7660a1-5934-4b73-b8d5-95f464f482b4 a9b49327b26d43b59905daa9a2599a74 6357b6ff112543b69dee4e17836cda67 - - default default] 10.0.0.30 "GET /v2.0/ports?device_id=a2c764f5-cb35-4f81-9db8-37470b32278b HTTP/1.1" status: 200 len: 1168 time: 0.0618646
2026-05-19 14:41:45.469 9 INFO neutron.wsgi [req-5ecb3b9f-bed7-4a8f-b132-2d0d82d19c0d req-3c61f6d8-fd93-4945-b8fd-358c60de65c6 a9b49327b26d43b59905daa9a2599a74 6357b6ff112543b69dee4e17836cda67 - - default default] 10.0.0.30 "GET /v2.0/security-groups?id=8dc32287-f97a-4561-814b-7f0dcb1681a6&fields=id&fields=name HTTP/1.1" status: 200 len: 313 time: 0.0805805
2026-05-19 14:41:45.745 9 INFO neutron.db.ovn_revision_numbers_db [None req-6a36e79f-f3c9-4b67-948d-ed9345861c64 - - - - - -] Successfully bumped revision number for resource 29b9ec77-69f5-44b2-b8cb-68ec377b4a6b (type: ports) to 1
2026-05-19 14:41:45.970 9 INFO neutron.wsgi [req-61da71c7-5c67-4868-9c6d-cb2e56cb8d6b req-2b7ac322-ec04-4ddb-97a2-f9c172cb60a4 f7d993153a7c493ca65128acbf237d67 05c52207d252460d8bbb924387945c42 - - default default] 10.0.0.30 "GET /v2.0/ports?device_id=a4fb5419-16ab-4e80-9430-349b8952c9e4 HTTP/1.1" status: 200 len: 1172 time: 0.0584908
2026-05-19 14:41:45.981 10 ERROR ovsdbapp.backend.ovs_idl.command [None req-1bb879d1-a24d-4155-a251-4bbb56a13bea 6f9b105d61024b9d8b2c98865e8490d7 aef2772629f84717a50d66b94ca386a5 - - default default] Error executing command (DbGetCommand): ovsdbapp.backend.ovs_idl.idlutils.RowNotFound: Cannot find Logical_Router_Port with name=lrp-bcfc9926-9c27-45fb-8a9f-ca50846cd826
2026-05-19 14:41:45.981 10 ERROR ovsdbapp.backend.ovs_idl.command
Traceback (most recent call last):
2026-05-19 14:41:45.981 10 ERROR ovsdbapp.backend.ovs_idl.command
File "/var/lib/openstack/lib/python3.10/site-packages/ovsdbapp/backend/ovs_idl/command.py", line 47, in execute
2026-05-19 14:41:45.981 10 ERROR ovsdbapp.backend.ovs_idl.command self.run_idl(None)
2026-05-19 14:41:45.981 10 ERROR ovsdbapp.backend.ovs_idl.command
File "/var/lib/openstack/lib/python3.10/site-packages/ovsdbapp/backend/ovs_idl/command.py", line 235, in run_idl
2026-05-19 14:41:45.981 10 ERROR ovsdbapp.backend.ovs_idl.command record = self.api.lookup(self.table, self.record)
2026-05-19 14:41:45.981 10 ERROR ovsdbapp.backend.ovs_idl.command
File "/var/lib/openstack/lib/python3.10/site-packages/ovsdbapp/backend/ovs_idl/__init__.py", line 184, in lookup
2026-05-19 14:41:45.981 10 ERROR ovsdbapp.backend.ovs_idl.command return self._lookup(table, record)
2026-05-19 14:41:45.981 10 ERROR ovsdbapp.backend.ovs_idl.command
File "/var/lib/openstack/lib/python3.10/site-packages/ovsdbapp/backend/ovs_idl/__init__.py", line 235, in _lookup
2026-05-19 14:41:45.981 10 ERROR ovsdbapp.backend.ovs_idl.command row = idlutils.row_by_value(self, rl.table, rl.column, record)
2026-05-19 14:41:45.981 10 ERROR ovsdbapp.backend.ovs_idl.command
File "/var/lib/openstack/lib/python3.10/site-packages/ovsdbapp/backend/ovs_idl/idlutils.py", line 114, in row_by_value
2026-05-19 14:41:45.981 10 ERROR ovsdbapp.backend.ovs_idl.command raise RowNotFound(table=table, col=column, match=match)
2026-05-19 14:41:45.981 10 ERROR ovsdbapp.backend.ovs_idl.command ovsdbapp.backend.ovs_idl.idlutils.RowNotFound: Cannot find Logical_Router_Port with name=lrp-bcfc9926-9c27-45fb-8a9f-ca50846cd826
2026-05-19 14:41:45.981 10 ERROR ovsdbapp.backend.ovs_idl.command 
2026-05-19 14:41:45.982 10 ERROR neutron_lib.callbacks.manager [None req-1bb879d1-a24d-4155-a251-4bbb56a13bea 6f9b105d61024b9d8b2c98865e8490d7 aef2772629f84717a50d66b94ca386a5 - - default default] Error during notification for neutron.services.ovn_l3.plugin.OVNL3RouterPlugin._port_update-8733817540335 port, after_update: ovsdbapp.backend.ovs_idl.idlutils.RowNotFound: Cannot find Logical_Router_Port with name=lrp-bcfc9926-9c27-45fb-8a9f-ca50846cd826
2026-05-19 14:41:45.982 10 ERROR neutron_lib.callbacks.manager
Traceback (most recent call last):
2026-05-19 14:41:45.982 10 ERROR neutron_lib.callbacks.manager
File "/var/lib/openstack/lib/python3.10/site-packages/neutron_lib/callbacks/manager.py", line 189, in _notify_loop
2026-05-19 14:41:45.982 10 ERROR neutron_lib.callbacks.manager callback.method(resource, event, trigger, payload=payload)
2026-05-19 14:41:45.982 10 ERROR neutron_lib.callbacks.manager
File "/var/lib/openstack/lib/python3.10/site-packages/neutron/services/ovn_l3/plugin.py", line 391, in _port_update
2026-05-19 14:41:45.982 10 ERROR neutron_lib.callbacks.manager l3plugin._ovn_client.update_router_port(context,
2026-05-19 14:41:45.982 10 ERROR neutron_lib.callbacks.manager
File "/var/lib/openstack/lib/python3.10/site-packages/neutron/plugins/ml2/drivers/ovn/mech_driver/ovsdb/ovn_client.py", line 1878, in update_router_port
2026-05-19 14:41:45.982 10 ERROR neutron_lib.callbacks.manager self._update_lrouter_port(context, port, if_exists=if_exists,
2026-05-19 14:41:45.982 10 ERROR neutron_lib.callbacks.manager
File "/var/lib/openstack/lib/python3.10/site-packages/neutron/plugins/ml2/drivers/ovn/mech_driver/ovsdb/ovn_client.py", line 1855, in _update_lrouter_port
2026-05-19 14:41:45.982 10 ERROR neutron_lib.callbacks.manager external_ids = self._nb_idl.db_get(
2026-05-19 14:41:45.982 10 ERROR neutron_lib.callbacks.manager
File "/var/lib/openstack/lib/python3.10/site-packages/ovsdbapp/backend/ovs_idl/command.py", line 47, in execute
2026-05-19 14:41:45.982 10 ERROR neutron_lib.callbacks.manager self.run_idl(None)
2026-05-19 14:41:45.982 10 ERROR neutron_lib.callbacks.manager
File "/var/lib/openstack/lib/python3.10/site-packages/ovsdbapp/backend/ovs_idl/command.py", line 235, in run_idl
2026-05-19 14:41:45.982 10 ERROR neutron_lib.callbacks.manager record = self.api.lookup(self.table, self.record)
2026-05-19 14:41:45.982 10 ERROR neutron_lib.callbacks.manager
File "/var/lib/openstack/lib/python3.10/site-packages/ovsdbapp/backend/ovs_idl/__init__.py", line 184, in lookup
2026-05-19 14:41:45.982 10 ERROR neutron_lib.callbacks.manager return self._lookup(table, record)
2026-05-19 14:41:45.982 10 ERROR neutron_lib.callbacks.manager
File "/var/lib/openstack/lib/python3.10/site-packages/ovsdbapp/backend/ovs_idl/__init__.py", line 235, in _lookup
2026-05-19 14:41:45.982 10 ERROR neutron_lib.callbacks.manager row = idlutils.row_by_value(self, rl.table, rl.column, record)
2026-05-19 14:41:45.982 10 ERROR neutron_lib.callbacks.manager
File "/var/lib/openstack/lib/python3.10/site-packages/ovsdbapp/backend/ovs_idl/idlutils.py", line 114, in row_by_value
2026-05-19 14:41:45.982 10 ERROR neutron_lib.callbacks.manager raise RowNotFound(table=table, col=column, match=match)
2026-05-19 14:41:45.982 10 ERROR neutron_lib.callbacks.manager ovsdbapp.backend.ovs_idl.idlutils.RowNotFound: Cannot find Logical_Router_Port with name=lrp-bcfc9926-9c27-45fb-8a9f-ca50846cd826
2026-05-19 14:41:45.982 10 ERROR neutron_lib.callbacks.manager 
2026-05-19 14:41:46.029 9 WARNING neutron.scheduler.dhcp_agent_scheduler [None req-64ca8b54-8eea-4af9-aa78-ed4ba5e7c426 6f9b105d61024b9d8b2c98865e8490d7 aef2772629f84717a50d66b94ca386a5 - - default default] No more DHCP agents
2026-05-19 14:41:46.036 9 WARNING neutron.api.rpc.agentnotifiers.dhcp_rpc_agent_api [None req-64ca8b54-8eea-4af9-aa78-ed4ba5e7c426 6f9b105d61024b9d8b2c98865e8490d7 aef2772629f84717a50d66b94ca386a5 - - default default] Unable to schedule network 1cb2a657-3d65-4ac4-b9e6-02f51c26beba: no agents available; will retry on subsequent port and subnet creation events.
2026-05-19 14:41:46.088 9 INFO neutron.wsgi [req-61da71c7-5c67-4868-9c6d-cb2e56cb8d6b req-b80dbae7-dac7-43da-99d2-dff4702b2eac f7d993153a7c493ca65128acbf237d67 05c52207d252460d8bbb924387945c42 - - default default] 10.0.0.30 "GET /v2.0/security-groups?id=da77c50c-fa81-47bb-89bf-5d0b0059653d&fields=id&fields=name HTTP/1.1" status: 200 len: 312 time: 0.1076789
2026-05-19 14:41:46.253 10 INFO neutron.db.ovn_revision_numbers_db [None req-1bb879d1-a24d-4155-a251-4bbb56a13bea 6f9b105d61024b9d8b2c98865e8490d7 aef2772629f84717a50d66b94ca386a5 - - default default] Successfully bumped revision number for resource bcfc9926-9c27-45fb-8a9f-ca50846cd826 (type: ports) to 1
2026-05-19 14:41:46.333 10 WARNING neutron.scheduler.dhcp_agent_scheduler [None req-1bb879d1-a24d-4155-a251-4bbb56a13bea 6f9b105d61024b9d8b2c98865e8490d7 aef2772629f84717a50d66b94ca386a5 - - default default] No more DHCP agents
2026-05-19 14:41:46.334 10 WARNING neutron.api.rpc.agentnotifiers.dhcp_rpc_agent_api [None req-1bb879d1-a24d-4155-a251-4bbb56a13bea 6f9b105d61024b9d8b2c98865e8490d7 aef2772629f84717a50d66b94ca386a5 - - default default] Unable to schedule network 282acec6-d764-4bf1-b2f2-5060ba5aa6ea: no agents available; will retry on subsequent port and subnet creation events.
2026-05-19 14:41:46.568 9 INFO neutron.db.ovn_revision_numbers_db [None req-64ca8b54-8eea-4af9-aa78-ed4ba5e7c426 6f9b105d61024b9d8b2c98865e8490d7 aef2772629f84717a50d66b94ca386a5 - - default default] Successfully bumped revision number for resource b8124430-6d0b-467c-a9dd-73dbb1584bab (type: ports) to 1
2026-05-19 14:41:46.633 9 INFO neutron.db.ovn_revision_numbers_db [None req-6a36e79f-f3c9-4b67-948d-ed9345861c64 - - - - - -] Successfully bumped revision number for resource 29b9ec77-69f5-44b2-b8cb-68ec377b4a6b (type: router_ports) to 3
2026-05-19 14:41:46.697 9 INFO neutron.wsgi [req-a587204c-3d2c-45fb-9356-8631a7100e1b req-95beb50a-0c65-4759-9ab5-73aa551546fb a9b49327b26d43b59905daa9a2599a74 6357b6ff112543b69dee4e17836cda67 - - default default] 10.0.0.30 "GET /v2.0/ports?device_id=a2c764f5-cb35-4f81-9db8-37470b32278b HTTP/1.1" status: 200 len: 1168 time: 0.1582656
2026-05-19 14:41:46.790 9 INFO neutron.wsgi [req-a587204c-3d2c-45fb-9356-8631a7100e1b req-90b5ea13-c456-4112-a73d-1c3ab7c89821 a9b49327b26d43b59905daa9a2599a74 6357b6ff112543b69dee4e17836cda67 - - default default] 10.0.0.30 "GET /v2.0/security-groups?id=8dc32287-f97a-4561-814b-7f0dcb1681a6&fields=id&fields=name HTTP/1.1" status: 200 len: 313 time: 0.0850489
2026-05-19 14:41:46.972 9 INFO neutron.db.ovn_revision_numbers_db [None req-6a36e79f-f3c9-4b67-948d-ed9345861c64 - - - - - -] Successfully bumped revision number for resource 29b9ec77-69f5-44b2-b8cb-68ec377b4a6b (type: ports) to 2
2026-05-19 14:41:47.066 10 INFO neutron.wsgi [-] 10.0.0.138 "GET / HTTP/1.1" status: 200 len: 246 time: 0.0015788
2026-05-19 14:41:47.068 10 INFO neutron.wsgi [-] 10.0.0.138 "GET / HTTP/1.1" status: 200 len: 246 time: 0.0016451
2026-05-19 14:41:47.192 10 INFO neutron.plugins.ml2.drivers.ovn.mech_driver.mech_driver [None req-00429117-a32d-425a-8690-bd046eaff379 - - - - - -] OVN reports status up for port: cf780f35-0e6b-4302-aba1-91926e9e170a
2026-05-19 14:41:47.206 10 INFO neutron.plugins.ml2.plugin [None req-00429117-a32d-425a-8690-bd046eaff379 - - - - - -] Attempt 1 to provision port cf780f35-0e6b-4302-aba1-91926e9e170a
2026-05-19 14:41:47.218 10 INFO neutron.db.ovn_revision_numbers_db [None req-1bb879d1-a24d-4155-a251-4bbb56a13bea 6f9b105d61024b9d8b2c98865e8490d7 aef2772629f84717a50d66b94ca386a5 - - default default] Successfully bumped revision number for resource bcfc9926-9c27-45fb-8a9f-ca50846cd826 (type: router_ports) to 1
2026-05-19 14:41:47.223 10 INFO neutron.wsgi [None req-1bb879d1-a24d-4155-a251-4bbb56a13bea 6f9b105d61024b9d8b2c98865e8490d7 aef2772629f84717a50d66b94ca386a5 - - default default] 10.0.0.79 "PUT /v2.0/routers/c21946cd-b423-440d-9378-e5bbdcad731b/add_router_interface HTTP/1.1" status: 200 len: 503 time: 2.6544960
2026-05-19 14:41:47.265 9 INFO neutron.wsgi [req-fae35266-7daf-4408-a358-a30fa3ba1ef9 req-efd6360a-0be0-4550-8826-c01996e4b1e5 f7d993153a7c493ca65128acbf237d67 05c52207d252460d8bbb924387945c42 - - default default] 10.0.0.30 "GET /v2.0/ports?device_id=a4fb5419-16ab-4e80-9430-349b8952c9e4 HTTP/1.1" status: 200 len: 1172 time: 0.0933321
2026-05-19 14:41:47.330 10 INFO neutron.notifiers.nova [-] Nova event matching ['req-c5d12abb-8199-43fc-a509-33d3cd500cd8'] response: {'server_uuid': 'a4fb5419-16ab-4e80-9430-349b8952c9e4', 'name': 'network-vif-plugged', 'status': 'completed', 'tag': 'cf780f35-0e6b-4302-aba1-91926e9e170a', 'code': 200}
2026-05-19 14:41:47.353 9 INFO neutron.wsgi [req-fae35266-7daf-4408-a358-a30fa3ba1ef9 req-2fc9e0f8-c3cf-48bc-8e02-e0a75b8281a9 f7d993153a7c493ca65128acbf237d67 05c52207d252460d8bbb924387945c42 - - default default] 10.0.0.30 "GET /v2.0/security-groups?id=da77c50c-fa81-47bb-89bf-5d0b0059653d&fields=id&fields=name HTTP/1.1" status: 200 len: 312 time: 0.0647433
2026-05-19 14:41:47.372 9 ERROR ovsdbapp.backend.ovs_idl.command [None req-64ca8b54-8eea-4af9-aa78-ed4ba5e7c426 6f9b105d61024b9d8b2c98865e8490d7 aef2772629f84717a50d66b94ca386a5 - - default default] Error executing command (DbGetCommand): ovsdbapp.backend.ovs_idl.idlutils.RowNotFound: Cannot find Logical_Router_Port with name=lrp-b8124430-6d0b-467c-a9dd-73dbb1584bab
2026-05-19 14:41:47.372 9 ERROR ovsdbapp.backend.ovs_idl.command
Traceback (most recent call last):
2026-05-19 14:41:47.372 9 ERROR ovsdbapp.backend.ovs_idl.command
File "/var/lib/openstack/lib/python3.10/site-packages/ovsdbapp/backend/ovs_idl/command.py", line 47, in execute
2026-05-19 14:41:47.372 9 ERROR ovsdbapp.backend.ovs_idl.command self.run_idl(None)
2026-05-19 14:41:47.372 9 ERROR ovsdbapp.backend.ovs_idl.command
File "/var/lib/openstack/lib/python3.10/site-packages/ovsdbapp/backend/ovs_idl/command.py", line 235, in run_idl
2026-05-19 14:41:47.372 9 ERROR ovsdbapp.backend.ovs_idl.command record = self.api.lookup(self.table, self.record)
2026-05-19 14:41:47.372 9 ERROR ovsdbapp.backend.ovs_idl.command
File "/var/lib/openstack/lib/python3.10/site-packages/ovsdbapp/backend/ovs_idl/__init__.py", line 184, in lookup
2026-05-19 14:41:47.372 9 ERROR ovsdbapp.backend.ovs_idl.command return self._lookup(table, record)
2026-05-19 14:41:47.372 9 ERROR ovsdbapp.backend.ovs_idl.command
File "/var/lib/openstack/lib/python3.10/site-packages/ovsdbapp/backend/ovs_idl/__init__.py", line 235, in _lookup
2026-05-19 14:41:47.372 9 ERROR ovsdbapp.backend.ovs_idl.command row = idlutils.row_by_value(self, rl.table, rl.column, record)
2026-05-19 14:41:47.372 9 ERROR ovsdbapp.backend.ovs_idl.command
File "/var/lib/openstack/lib/python3.10/site-packages/ovsdbapp/backend/ovs_idl/idlutils.py", line 114, in row_by_value
2026-05-19 14:41:47.372 9 ERROR ovsdbapp.backend.ovs_idl.command raise RowNotFound(table=table, col=column, match=match)
2026-05-19 14:41:47.372 9 ERROR ovsdbapp.backend.ovs_idl.command ovsdbapp.backend.ovs_idl.idlutils.RowNotFound: Cannot find Logical_Router_Port with name=lrp-b8124430-6d0b-467c-a9dd-73dbb1584bab
2026-05-19 14:41:47.372 9 ERROR ovsdbapp.backend.ovs_idl.command 
2026-05-19 14:41:47.373 9 ERROR neutron_lib.callbacks.manager [None req-64ca8b54-8eea-4af9-aa78-ed4ba5e7c426 6f9b105d61024b9d8b2c98865e8490d7 aef2772629f84717a50d66b94ca386a5 - - default default] Error during notification for neutron.services.ovn_l3.plugin.OVNL3RouterPlugin._port_update-8733817540335 port, after_update: ovsdbapp.backend.ovs_idl.idlutils.RowNotFound: Cannot find Logical_Router_Port with name=lrp-b8124430-6d0b-467c-a9dd-73dbb1584bab
2026-05-19 14:41:47.373 9 ERROR neutron_lib.callbacks.manager
Traceback (most recent call last):
2026-05-19 14:41:47.373 9 ERROR neutron_lib.callbacks.manager
File "/var/lib/openstack/lib/python3.10/site-packages/neutron_lib/callbacks/manager.py", line 189, in _notify_loop
2026-05-19 14:41:47.373 9 ERROR neutron_lib.callbacks.manager callback.method(resource, event, trigger, payload=payload)
2026-05-19 14:41:47.373 9 ERROR neutron_lib.callbacks.manager
File "/var/lib/openstack/lib/python3.10/site-packages/neutron/services/ovn_l3/plugin.py", line 391, in _port_update
2026-05-19 14:41:47.373 9 ERROR neutron_lib.callbacks.manager l3plugin._ovn_client.update_router_port(context,
2026-05-19 14:41:47.373 9 ERROR neutron_lib.callbacks.manager
File "/var/lib/openstack/lib/python3.10/site-packages/neutron/plugins/ml2/drivers/ovn/mech_driver/ovsdb/ovn_client.py", line 1878, in update_router_port
2026-05-19 14:41:47.373 9 ERROR neutron_lib.callbacks.manager self._update_lrouter_port(context, port, if_exists=if_exists,
2026-05-19 14:41:47.373 9 ERROR neutron_lib.callbacks.manager
File "/var/lib/openstack/lib/python3.10/site-packages/neutron/plugins/ml2/drivers/ovn/mech_driver/ovsdb/ovn_client.py", line 1855, in _update_lrouter_port
2026-05-19 14:41:47.373 9 ERROR neutron_lib.callbacks.manager external_ids = self._nb_idl.db_get(
2026-05-19 14:41:47.373 9 ERROR neutron_lib.callbacks.manager
File "/var/lib/openstack/lib/python3.10/site-packages/ovsdbapp/backend/ovs_idl/command.py", line 47, in execute
2026-05-19 14:41:47.373 9 ERROR neutron_lib.callbacks.manager self.run_idl(None)
2026-05-19 14:41:47.373 9 ERROR neutron_lib.callbacks.manager
File "/var/lib/openstack/lib/python3.10/site-packages/ovsdbapp/backend/ovs_idl/command.py", line 235, in run_idl
2026-05-19 14:41:47.373 9 ERROR neutron_lib.callbacks.manager record = self.api.lookup(self.table, self.record)
2026-05-19 14:41:47.373 9 ERROR neutron_lib.callbacks.manager
File "/var/lib/openstack/lib/python3.10/site-packages/ovsdbapp/backend/ovs_idl/__init__.py", line 184, in lookup
2026-05-19 14:41:47.373 9 ERROR neutron_lib.callbacks.manager return self._lookup(table, record)
2026-05-19 14:41:47.373 9 ERROR neutron_lib.callbacks.manager
File "/var/lib/openstack/lib/python3.10/site-packages/ovsdbapp/backend/ovs_idl/__init__.py", line 235, in _lookup
2026-05-19 14:41:47.373 9 ERROR neutron_lib.callbacks.manager row = idlutils.row_by_value(self, rl.table, rl.column, record)
2026-05-19 14:41:47.373 9 ERROR neutron_lib.callbacks.manager
File "/var/lib/openstack/lib/python3.10/site-packages/ovsdbapp/backend/ovs_idl/idlutils.py", line 114, in row_by_value
2026-05-19 14:41:47.373 9 ERROR neutron_lib.callbacks.manager raise RowNotFound(table=table, col=column, match=match)
2026-05-19 14:41:47.373 9 ERROR neutron_lib.callbacks.manager ovsdbapp.backend.ovs_idl.idlutils.RowNotFound: Cannot find Logical_Router_Port with name=lrp-b8124430-6d0b-467c-a9dd-73dbb1584bab
2026-05-19 14:41:47.373 9 ERROR neutron_lib.callbacks.manager 
2026-05-19 14:41:47.597 10 INFO neutron.db.ovn_revision_numbers_db [None req-00429117-a32d-425a-8690-bd046eaff379 - - - - - -] Successfully bumped revision number for resource cf780f35-0e6b-4302-aba1-91926e9e170a (type: ports) to 4
2026-05-19 14:41:47.634 9 INFO neutron.db.ovn_revision_numbers_db [None req-6a36e79f-f3c9-4b67-948d-ed9345861c64 - - - - - -] Successfully bumped revision number for resource 29b9ec77-69f5-44b2-b8cb-68ec377b4a6b (type: ports) to 4
2026-05-19 14:41:47.647 10 INFO neutron.plugins.ml2.drivers.ovn.mech_driver.mech_driver [None req-00429117-a32d-425a-8690-bd046eaff379 - - - - - -] OVN reports status up for port: 902a221a-85e3-4803-856b-2ff11e0cd34b
2026-05-19 14:41:47.660 10 INFO neutron.plugins.ml2.plugin [None req-00429117-a32d-425a-8690-bd046eaff379 - - - - - -] Attempt 1 to provision port 902a221a-85e3-4803-856b-2ff11e0cd34b
2026-05-19 14:41:47.699 9 INFO neutron.plugins.ml2.drivers.ovn.mech_driver.mech_driver [None req-ef2f1446-2720-4e2b-b689-140f49dd0908 - - - - - -] OVN reports status up for port: b8124430-6d0b-467c-a9dd-73dbb1584bab
2026-05-19 14:41:47.735 9 INFO neutron.plugins.ml2.plugin [None req-ef2f1446-2720-4e2b-b689-140f49dd0908 - - - - - -] Attempt 1 to provision port b8124430-6d0b-467c-a9dd-73dbb1584bab
2026-05-19 14:41:47.760 9 INFO neutron.db.ovn_revision_numbers_db [None req-64ca8b54-8eea-4af9-aa78-ed4ba5e7c426 6f9b105d61024b9d8b2c98865e8490d7 aef2772629f84717a50d66b94ca386a5 - - default default] Successfully bumped revision number for resource b8124430-6d0b-467c-a9dd-73dbb1584bab (type: ports) to 1
2026-05-19 14:41:47.956 10 INFO neutron.db.ovn_revision_numbers_db [None req-00429117-a32d-425a-8690-bd046eaff379 - - - - - -] Successfully bumped revision number for resource 902a221a-85e3-4803-856b-2ff11e0cd34b (type: ports) to 4
2026-05-19 14:41:48.007 10 INFO neutron.plugins.ml2.drivers.ovn.mech_driver.mech_driver [None req-00429117-a32d-425a-8690-bd046eaff379 - - - - - -] OVN reports status up for port: d475670d-0152-47bc-879e-09c43df36ff6
2026-05-19 14:41:48.016 10 INFO neutron.plugins.ml2.plugin [None req-00429117-a32d-425a-8690-bd046eaff379 - - - - - -] Attempt 1 to provision port d475670d-0152-47bc-879e-09c43df36ff6
2026-05-19 14:41:48.079 9 INFO neutron.wsgi [req-2cb6d3ad-3cad-4089-9901-eae567e11f55 req-0e445e2c-527b-463e-bbf5-8559c1a53285 a9b49327b26d43b59905daa9a2599a74 6357b6ff112543b69dee4e17836cda67 - - default default] 10.0.0.30 "GET /v2.0/ports?device_id=a2c764f5-cb35-4f81-9db8-37470b32278b HTTP/1.1" status: 200 len: 1170 time: 0.0807500
2026-05-19 14:41:48.162 9 WARNING neutron.scheduler.dhcp_agent_scheduler [None req-64ca8b54-8eea-4af9-aa78-ed4ba5e7c426 6f9b105d61024b9d8b2c98865e8490d7 aef2772629f84717a50d66b94ca386a5 - - default default] No more DHCP agents
2026-05-19 14:41:48.170 9 WARNING neutron.api.rpc.agentnotifiers.dhcp_rpc_agent_api [None req-64ca8b54-8eea-4af9-aa78-ed4ba5e7c426 6f9b105d61024b9d8b2c98865e8490d7 aef2772629f84717a50d66b94ca386a5 - - default default] Unable to schedule network 1cb2a657-3d65-4ac4-b9e6-02f51c26beba: no agents available; will retry on subsequent port and subnet creation events.
2026-05-19 14:41:48.205 9 INFO neutron.wsgi [req-2cb6d3ad-3cad-4089-9901-eae567e11f55 req-4c705072-80a7-473d-b3d5-0eade244db56 a9b49327b26d43b59905daa9a2599a74 6357b6ff112543b69dee4e17836cda67 - - default default] 10.0.0.30 "GET /v2.0/security-groups?id=8dc32287-f97a-4561-814b-7f0dcb1681a6&fields=id&fields=name HTTP/1.1" status: 200 len: 313 time: 0.1184564
2026-05-19 14:41:48.296 9 INFO neutron.wsgi [req-b931b913-cf52-4cbc-a0e8-116294485db3 req-82696247-ce1a-4bd5-a1a8-a071586e6952 61709c5e269b45cf85a6ce3226c34ad3 35d6db737e36445cb543b9c24ab95f8a - - default default] 10.0.0.30 "GET /v2.0/networks?id=282acec6-d764-4bf1-b2f2-5060ba5aa6ea HTTP/1.1" status: 200 len: 876 time: 0.1794553
2026-05-19 14:41:48.360 9 INFO neutron.wsgi [req-b931b913-cf52-4cbc-a0e8-116294485db3 req-fc9b87ec-99c4-4c2d-8b96-37b2e5b87f07 61709c5e269b45cf85a6ce3226c34ad3 35d6db737e36445cb543b9c24ab95f8a - - default default] 10.0.0.30 "GET /v2.0/quotas/35d6db737e36445cb543b9c24ab95f8a HTTP/1.1" status: 200 len: 491 time: 0.0405922
2026-05-19 14:41:48.521 9 INFO neutron.db.ovn_revision_numbers_db [None req-6a36e79f-f3c9-4b67-948d-ed9345861c64 - - - - - -] Successfully bumped revision number for resource 29b9ec77-69f5-44b2-b8cb-68ec377b4a6b (type: router_ports) to 4
2026-05-19 14:41:48.635 9 INFO neutron.wsgi [req-b931b913-cf52-4cbc-a0e8-116294485db3 req-af0443c4-ccd9-424f-9353-f7a307c23c99 61709c5e269b45cf85a6ce3226c34ad3 35d6db737e36445cb543b9c24ab95f8a - - default default] 10.0.0.30 "GET /v2.0/ports?tenant_id=35d6db737e36445cb543b9c24ab95f8a&fields=id HTTP/1.1" status: 200 len: 302 time: 0.2546518
2026-05-19 14:41:48.685 9 INFO neutron.plugins.ml2.drivers.ovn.mech_driver.ovsdb.ovsdb_monitor [None req-6a36e79f-f3c9-4b67-948d-ed9345861c64 - - - - - -] Router ca97af9c-4109-4ce1-bd09-1b5d6b71e4dd is bound to host instance
2026-05-19 14:41:48.702 9 INFO neutron.wsgi [req-0c65acfc-b4fd-42e3-b28d-ea01fc661c8f req-3c88c15c-00f5-4098-bc73-b7216a6302cc f7d993153a7c493ca65128acbf237d67 05c52207d252460d8bbb924387945c42 - - default default] 10.0.0.30 "GET /v2.0/ports?device_id=a4fb5419-16ab-4e80-9430-349b8952c9e4 HTTP/1.1" status: 200 len: 1174 time: 0.2479606
2026-05-19 14:41:48.825 9 INFO neutron.wsgi [req-b931b913-cf52-4cbc-a0e8-116294485db3 req-bd1b0e94-7756-4eb3-b926-ff0563d8dd75 156adcbb0db7443b9d97dd5c878ac534 6ecdba8b676b4fa9955fb4bb59e11ad5 - - 85890822551543a1be603b4f7ec3a325 85890822551543a1be603b4f7ec3a325] 10.0.0.30 "GET /v2.0/networks/282acec6-d764-4bf1-b2f2-5060ba5aa6ea?fields=segments HTTP/1.1" status: 200 len: 212 time: 0.1796429
2026-05-19 14:41:48.833 9 INFO neutron.wsgi [req-0c65acfc-b4fd-42e3-b28d-ea01fc661c8f req-17fbb1a2-b61d-4e4f-a67d-c8de4f50a79a f7d993153a7c493ca65128acbf237d67 05c52207d252460d8bbb924387945c42 - - default default] 10.0.0.30 "GET /v2.0/security-groups?id=da77c50c-fa81-47bb-89bf-5d0b0059653d&fields=id&fields=name HTTP/1.1" status: 200 len: 312 time: 0.1166627
2026-05-19 14:41:49.167 9 INFO neutron.wsgi [req-b931b913-cf52-4cbc-a0e8-116294485db3 req-9914c7db-6025-434c-af2b-6efd0ff330d6 156adcbb0db7443b9d97dd5c878ac534 6ecdba8b676b4fa9955fb4bb59e11ad5 - - 85890822551543a1be603b4f7ec3a325 85890822551543a1be603b4f7ec3a325] 10.0.0.30 "GET /v2.0/networks/282acec6-d764-4bf1-b2f2-5060ba5aa6ea?fields=provider%3Aphysical_network&fields=provider%3Anetwork_type HTTP/1.1" status: 200 len: 277 time: 0.3301027
2026-05-19 14:41:49.189 9 INFO neutron.wsgi [req-aea7f0ea-3299-4a55-b61c-1c39145c58c3 req-bec2719f-e00f-44eb-aab0-d4786f9337aa f7d993153a7c493ca65128acbf237d67 05c52207d252460d8bbb924387945c42 - - default default] 10.0.0.30 "GET /v2.0/ports?device_id=a4fb5419-16ab-4e80-9430-349b8952c9e4 HTTP/1.1" status: 200 len: 1174 time: 0.2674162 /var/lib/openstack/lib/python3.10/site-packages/pycadf/identifier.py:71: UserWarning: Invalid uuid: neutron. To ensure interoperability, identifiers should be a valid uuid. warnings.warn(('Invalid uuid: %s. To ensure interoperability, '
2026-05-19 14:41:49.279 9 INFO neutron.db.ovn_revision_numbers_db [None req-ef2f1446-2720-4e2b-b689-140f49dd0908 - - - - - -] Successfully bumped revision number for resource b8124430-6d0b-467c-a9dd-73dbb1584bab (type: ports) to 2
