File "/var/lib/openstack/lib/python3.10/site-packages/ovsdbapp/backend/ovs_idl/command.py", line 235, in run_idl
2026-05-19 14:41:22.968 10 ERROR ovsdbapp.backend.ovs_idl.command record = self.api.lookup(self.table, self.record)
2026-05-19 14:41:22.968 10 ERROR ovsdbapp.backend.ovs_idl.command
File "/var/lib/openstack/lib/python3.10/site-packages/ovsdbapp/backend/ovs_idl/__init__.py", line 184, in lookup
2026-05-19 14:41:22.968 10 ERROR ovsdbapp.backend.ovs_idl.command return self._lookup(table, record)
2026-05-19 14:41:22.968 10 ERROR ovsdbapp.backend.ovs_idl.command
File "/var/lib/openstack/lib/python3.10/site-packages/ovsdbapp/backend/ovs_idl/__init__.py", line 235, in _lookup
2026-05-19 14:41:22.968 10 ERROR ovsdbapp.backend.ovs_idl.command row = idlutils.row_by_value(self, rl.table, rl.column, record)
2026-05-19 14:41:22.968 10 ERROR ovsdbapp.backend.ovs_idl.command
File "/var/lib/openstack/lib/python3.10/site-packages/ovsdbapp/backend/ovs_idl/idlutils.py", line 114, in row_by_value
2026-05-19 14:41:22.968 10 ERROR ovsdbapp.backend.ovs_idl.command raise RowNotFound(table=table, col=column, match=match)
2026-05-19 14:41:22.968 10 ERROR ovsdbapp.backend.ovs_idl.command ovsdbapp.backend.ovs_idl.idlutils.RowNotFound: Cannot find Logical_Router_Port with name=lrp-e0a8ef4b-fd21-470e-befd-c95dab116dc8
2026-05-19 14:41:22.968 10 ERROR ovsdbapp.backend.ovs_idl.command 
2026-05-19 14:41:22.969 10 ERROR neutron_lib.callbacks.manager [None req-fdd28d25-a61f-4abe-b4bf-36a6c87dee51 6f9b105d61024b9d8b2c98865e8490d7 aef2772629f84717a50d66b94ca386a5 - - default default] Error during notification for neutron.services.ovn_l3.plugin.OVNL3RouterPlugin._port_update-8733817540335 port, after_update: ovsdbapp.backend.ovs_idl.idlutils.RowNotFound: Cannot find Logical_Router_Port with name=lrp-e0a8ef4b-fd21-470e-befd-c95dab116dc8
2026-05-19 14:41:22.969 10 ERROR neutron_lib.callbacks.manager
Traceback (most recent call last):
2026-05-19 14:41:22.969 10 ERROR neutron_lib.callbacks.manager
File "/var/lib/openstack/lib/python3.10/site-packages/neutron_lib/callbacks/manager.py", line 189, in _notify_loop
2026-05-19 14:41:22.969 10 ERROR neutron_lib.callbacks.manager callback.method(resource, event, trigger, payload=payload)
2026-05-19 14:41:22.969 10 ERROR neutron_lib.callbacks.manager
File "/var/lib/openstack/lib/python3.10/site-packages/neutron/services/ovn_l3/plugin.py", line 391, in _port_update
2026-05-19 14:41:22.969 10 ERROR neutron_lib.callbacks.manager l3plugin._ovn_client.update_router_port(context,
2026-05-19 14:41:22.969 10 ERROR neutron_lib.callbacks.manager
File "/var/lib/openstack/lib/python3.10/site-packages/neutron/plugins/ml2/drivers/ovn/mech_driver/ovsdb/ovn_client.py", line 1878, in update_router_port
2026-05-19 14:41:22.969 10 ERROR neutron_lib.callbacks.manager self._update_lrouter_port(context, port, if_exists=if_exists,
2026-05-19 14:41:22.969 10 ERROR neutron_lib.callbacks.manager
File "/var/lib/openstack/lib/python3.10/site-packages/neutron/plugins/ml2/drivers/ovn/mech_driver/ovsdb/ovn_client.py", line 1855, in _update_lrouter_port
2026-05-19 14:41:22.969 10 ERROR neutron_lib.callbacks.manager external_ids = self._nb_idl.db_get(
2026-05-19 14:41:22.969 10 ERROR neutron_lib.callbacks.manager
File "/var/lib/openstack/lib/python3.10/site-packages/ovsdbapp/backend/ovs_idl/command.py", line 47, in execute
2026-05-19 14:41:22.969 10 ERROR neutron_lib.callbacks.manager self.run_idl(None)
2026-05-19 14:41:22.969 10 ERROR neutron_lib.callbacks.manager
File "/var/lib/openstack/lib/python3.10/site-packages/ovsdbapp/backend/ovs_idl/command.py", line 235, in run_idl
2026-05-19 14:41:22.969 10 ERROR neutron_lib.callbacks.manager record = self.api.lookup(self.table, self.record)
2026-05-19 14:41:22.969 10 ERROR neutron_lib.callbacks.manager
File "/var/lib/openstack/lib/python3.10/site-packages/ovsdbapp/backend/ovs_idl/__init__.py", line 184, in lookup
2026-05-19 14:41:22.969 10 ERROR neutron_lib.callbacks.manager return self._lookup(table, record)
2026-05-19 14:41:22.969 10 ERROR neutron_lib.callbacks.manager
File "/var/lib/openstack/lib/python3.10/site-packages/ovsdbapp/backend/ovs_idl/__init__.py", line 235, in _lookup
2026-05-19 14:41:22.969 10 ERROR neutron_lib.callbacks.manager row = idlutils.row_by_value(self, rl.table, rl.column, record)
2026-05-19 14:41:22.969 10 ERROR neutron_lib.callbacks.manager
File "/var/lib/openstack/lib/python3.10/site-packages/ovsdbapp/backend/ovs_idl/idlutils.py", line 114, in row_by_value
2026-05-19 14:41:22.969 10 ERROR neutron_lib.callbacks.manager raise RowNotFound(table=table, col=column, match=match)
2026-05-19 14:41:22.969 10 ERROR neutron_lib.callbacks.manager ovsdbapp.backend.ovs_idl.idlutils.RowNotFound: Cannot find Logical_Router_Port with name=lrp-e0a8ef4b-fd21-470e-befd-c95dab116dc8
2026-05-19 14:41:22.969 10 ERROR neutron_lib.callbacks.manager 
2026-05-19 14:41:23.152 9 INFO neutron.db.ovn_revision_numbers_db [None req-f70fdf72-31fd-4090-b1dc-5cb19c181526 6f9b105d61024b9d8b2c98865e8490d7 aef2772629f84717a50d66b94ca386a5 - - default default] Successfully bumped revision number for resource 175d8ada-3391-48e3-9583-0a2bfef0d95e (type: router_ports) to 1
2026-05-19 14:41:23.153 10 INFO neutron.db.ovn_revision_numbers_db [None req-4c41d2ca-e992-4eb9-b5fb-b5bbe523dc89 6f9b105d61024b9d8b2c98865e8490d7 aef2772629f84717a50d66b94ca386a5 - - default default] Successfully bumped revision number for resource 0411e418-2161-43b8-a691-96cc2ac19b46 (type: ports) to 1
2026-05-19 14:41:23.161 9 INFO neutron.wsgi [None req-f70fdf72-31fd-4090-b1dc-5cb19c181526 6f9b105d61024b9d8b2c98865e8490d7 aef2772629f84717a50d66b94ca386a5 - - default default] 10.0.0.79 "PUT /v2.0/routers/5107e56e-477f-4527-853a-37688ec9d7d0/add_router_interface HTTP/1.1" status: 200 len: 503 time: 3.5908735
2026-05-19 14:41:23.317 10 INFO neutron.db.ovn_revision_numbers_db [None req-fdd28d25-a61f-4abe-b4bf-36a6c87dee51 6f9b105d61024b9d8b2c98865e8490d7 aef2772629f84717a50d66b94ca386a5 - - default default] Successfully bumped revision number for resource e0a8ef4b-fd21-470e-befd-c95dab116dc8 (type: ports) to 1
2026-05-19 14:41:23.382 10 WARNING neutron.scheduler.dhcp_agent_scheduler [None req-fdd28d25-a61f-4abe-b4bf-36a6c87dee51 6f9b105d61024b9d8b2c98865e8490d7 aef2772629f84717a50d66b94ca386a5 - - default default] No more DHCP agents
2026-05-19 14:41:23.383 10 WARNING neutron.api.rpc.agentnotifiers.dhcp_rpc_agent_api [None req-fdd28d25-a61f-4abe-b4bf-36a6c87dee51 6f9b105d61024b9d8b2c98865e8490d7 aef2772629f84717a50d66b94ca386a5 - - default default] Unable to schedule network b85178eb-c812-43bb-bf69-d0a23853a62f: no agents available; will retry on subsequent port and subnet creation events.
2026-05-19 14:41:23.542 9 INFO neutron.db.ovn_revision_numbers_db [None req-6a36e79f-f3c9-4b67-948d-ed9345861c64 - - - - - -] Successfully bumped revision number for resource fb54c8c0-fc72-41e8-9cc1-fa41529789fc (type: router_ports) to 4
2026-05-19 14:41:23.549 10 INFO neutron.db.ovn_revision_numbers_db [None req-83484fec-4c70-473d-a353-41459798aca4 6f9b105d61024b9d8b2c98865e8490d7 aef2772629f84717a50d66b94ca386a5 - - default default] Successfully bumped revision number for resource 8938699c-fb74-42af-980c-bda83986cc5f (type: ports) to 2
2026-05-19 14:41:23.571 9 INFO neutron.plugins.ml2.drivers.ovn.mech_driver.ovsdb.ovsdb_monitor [None req-6a36e79f-f3c9-4b67-948d-ed9345861c64 - - - - - -] Router 91941f24-4260-4fc3-801d-a5d9a8719b31 is bound to host instance
2026-05-19 14:41:23.627 10 INFO neutron.db.ovn_revision_numbers_db [None req-83484fec-4c70-473d-a353-41459798aca4 6f9b105d61024b9d8b2c98865e8490d7 aef2772629f84717a50d66b94ca386a5 - - default default] Successfully bumped revision number for resource a83f2c38-b137-4955-bb4d-a415b16283f9 (type: subnets) to 0
2026-05-19 14:41:23.688 10 INFO neutron.wsgi [None req-83484fec-4c70-473d-a353-41459798aca4 6f9b105d61024b9d8b2c98865e8490d7 aef2772629f84717a50d66b94ca386a5 - - default default] 10.0.0.79 "POST /v2.0/subnets HTTP/1.1" status: 201 len: 874 time: 2.6440017
2026-05-19 14:41:24.186 9 WARNING neutron_lib.context [req-9e375fe0-8698-4d31-aeec-643c1115ee93 req-5bc1354c-8758-4ca1-ba69-b3859942e9fc c0fdbd0635234e6f8e52116d99ba8b7c 6e5e61a59d93461ebb9f848960d18fb4 - - default default] Method 'is_advsvc' is deprecated since 2023.2 release (neutron-lib 3.8.0) and will be removed once support for the old RBAC API policies will be removed from Neutron. Please use method 'is_service_role' instead.
2026-05-19 14:41:24.439 10 ERROR ovsdbapp.backend.ovs_idl.command [None req-4c41d2ca-e992-4eb9-b5fb-b5bbe523dc89 6f9b105d61024b9d8b2c98865e8490d7 aef2772629f84717a50d66b94ca386a5 - - default default] Error executing command (DbGetCommand): ovsdbapp.backend.ovs_idl.idlutils.RowNotFound: Cannot find Logical_Router_Port with name=lrp-0411e418-2161-43b8-a691-96cc2ac19b46
2026-05-19 14:41:24.439 10 ERROR ovsdbapp.backend.ovs_idl.command
Traceback (most recent call last):
2026-05-19 14:41:24.439 10 ERROR ovsdbapp.backend.ovs_idl.command
File "/var/lib/openstack/lib/python3.10/site-packages/ovsdbapp/backend/ovs_idl/command.py", line 47, in execute
2026-05-19 14:41:24.439 10 ERROR ovsdbapp.backend.ovs_idl.command self.run_idl(None)
2026-05-19 14:41:24.439 10 ERROR ovsdbapp.backend.ovs_idl.command
File "/var/lib/openstack/lib/python3.10/site-packages/ovsdbapp/backend/ovs_idl/command.py", line 235, in run_idl
2026-05-19 14:41:24.439 10 ERROR ovsdbapp.backend.ovs_idl.command record = self.api.lookup(self.table, self.record)
2026-05-19 14:41:24.439 10 ERROR ovsdbapp.backend.ovs_idl.command
File "/var/lib/openstack/lib/python3.10/site-packages/ovsdbapp/backend/ovs_idl/__init__.py", line 184, in lookup
2026-05-19 14:41:24.439 10 ERROR ovsdbapp.backend.ovs_idl.command return self._lookup(table, record)
2026-05-19 14:41:24.439 10 ERROR ovsdbapp.backend.ovs_idl.command
File "/var/lib/openstack/lib/python3.10/site-packages/ovsdbapp/backend/ovs_idl/__init__.py", line 235, in _lookup
2026-05-19 14:41:24.439 10 ERROR ovsdbapp.backend.ovs_idl.command row = idlutils.row_by_value(self, rl.table, rl.column, record)
2026-05-19 14:41:24.439 10 ERROR ovsdbapp.backend.ovs_idl.command
File "/var/lib/openstack/lib/python3.10/site-packages/ovsdbapp/backend/ovs_idl/idlutils.py", line 114, in row_by_value
2026-05-19 14:41:24.439 10 ERROR ovsdbapp.backend.ovs_idl.command raise RowNotFound(table=table, col=column, match=match)
2026-05-19 14:41:24.439 10 ERROR ovsdbapp.backend.ovs_idl.command ovsdbapp.backend.ovs_idl.idlutils.RowNotFound: Cannot find Logical_Router_Port with name=lrp-0411e418-2161-43b8-a691-96cc2ac19b46
2026-05-19 14:41:24.439 10 ERROR ovsdbapp.backend.ovs_idl.command 
2026-05-19 14:41:24.439 10 ERROR neutron_lib.callbacks.manager [None req-4c41d2ca-e992-4eb9-b5fb-b5bbe523dc89 6f9b105d61024b9d8b2c98865e8490d7 aef2772629f84717a50d66b94ca386a5 - - default default] Error during notification for neutron.services.ovn_l3.plugin.OVNL3RouterPlugin._port_update-8733817540335 port, after_update: ovsdbapp.backend.ovs_idl.idlutils.RowNotFound: Cannot find Logical_Router_Port with name=lrp-0411e418-2161-43b8-a691-96cc2ac19b46
2026-05-19 14:41:24.439 10 ERROR neutron_lib.callbacks.manager
Traceback (most recent call last):
2026-05-19 14:41:24.439 10 ERROR neutron_lib.callbacks.manager
File "/var/lib/openstack/lib/python3.10/site-packages/neutron_lib/callbacks/manager.py", line 189, in _notify_loop
2026-05-19 14:41:24.439 10 ERROR neutron_lib.callbacks.manager callback.method(resource, event, trigger, payload=payload)
2026-05-19 14:41:24.439 10 ERROR neutron_lib.callbacks.manager
File "/var/lib/openstack/lib/python3.10/site-packages/neutron/services/ovn_l3/plugin.py", line 391, in _port_update
2026-05-19 14:41:24.439 10 ERROR neutron_lib.callbacks.manager l3plugin._ovn_client.update_router_port(context,
2026-05-19 14:41:24.439 10 ERROR neutron_lib.callbacks.manager
File "/var/lib/openstack/lib/python3.10/site-packages/neutron/plugins/ml2/drivers/ovn/mech_driver/ovsdb/ovn_client.py", line 1878, in update_router_port
2026-05-19 14:41:24.439 10 ERROR neutron_lib.callbacks.manager self._update_lrouter_port(context, port, if_exists=if_exists,
2026-05-19 14:41:24.439 10 ERROR neutron_lib.callbacks.manager
File "/var/lib/openstack/lib/python3.10/site-packages/neutron/plugins/ml2/drivers/ovn/mech_driver/ovsdb/ovn_client.py", line 1855, in _update_lrouter_port
2026-05-19 14:41:24.439 10 ERROR neutron_lib.callbacks.manager external_ids = self._nb_idl.db_get(
2026-05-19 14:41:24.439 10 ERROR neutron_lib.callbacks.manager
File "/var/lib/openstack/lib/python3.10/site-packages/ovsdbapp/backend/ovs_idl/command.py", line 47, in execute
2026-05-19 14:41:24.439 10 ERROR neutron_lib.callbacks.manager self.run_idl(None)
2026-05-19 14:41:24.439 10 ERROR neutron_lib.callbacks.manager
File "/var/lib/openstack/lib/python3.10/site-packages/ovsdbapp/backend/ovs_idl/command.py", line 235, in run_idl
2026-05-19 14:41:24.439 10 ERROR neutron_lib.callbacks.manager record = self.api.lookup(self.table, self.record)
2026-05-19 14:41:24.439 10 ERROR neutron_lib.callbacks.manager
File "/var/lib/openstack/lib/python3.10/site-packages/ovsdbapp/backend/ovs_idl/__init__.py", line 184, in lookup
2026-05-19 14:41:24.439 10 ERROR neutron_lib.callbacks.manager return self._lookup(table, record)
2026-05-19 14:41:24.439 10 ERROR neutron_lib.callbacks.manager
File "/var/lib/openstack/lib/python3.10/site-packages/ovsdbapp/backend/ovs_idl/__init__.py", line 235, in _lookup
2026-05-19 14:41:24.439 10 ERROR neutron_lib.callbacks.manager row = idlutils.row_by_value(self, rl.table, rl.column, record)
2026-05-19 14:41:24.439 10 ERROR neutron_lib.callbacks.manager
File "/var/lib/openstack/lib/python3.10/site-packages/ovsdbapp/backend/ovs_idl/idlutils.py", line 114, in row_by_value
2026-05-19 14:41:24.439 10 ERROR neutron_lib.callbacks.manager raise RowNotFound(table=table, col=column, match=match)
2026-05-19 14:41:24.439 10 ERROR neutron_lib.callbacks.manager ovsdbapp.backend.ovs_idl.idlutils.RowNotFound: Cannot find Logical_Router_Port with name=lrp-0411e418-2161-43b8-a691-96cc2ac19b46
2026-05-19 14:41:24.439 10 ERROR neutron_lib.callbacks.manager 
2026-05-19 14:41:24.468 9 INFO neutron.db.ovn_revision_numbers_db [req-9e375fe0-8698-4d31-aeec-643c1115ee93 req-5bc1354c-8758-4ca1-ba69-b3859942e9fc c0fdbd0635234e6f8e52116d99ba8b7c 6e5e61a59d93461ebb9f848960d18fb4 - - default default] Successfully bumped revision number for resource e84cf4b7-efe9-492f-9002-0062ffe7606b (type: security_groups) to 1
2026-05-19 14:41:24.516 9 INFO neutron.db.ovn_revision_numbers_db [None req-6a36e79f-f3c9-4b67-948d-ed9345861c64 - - - - - -] Successfully bumped revision number for resource d0d2bb81-38dd-445b-86ce-186c97198519 (type: ports) to 1
2026-05-19 14:41:24.522 9 INFO neutron.db.ovn_revision_numbers_db [req-9e375fe0-8698-4d31-aeec-643c1115ee93 req-5bc1354c-8758-4ca1-ba69-b3859942e9fc c0fdbd0635234e6f8e52116d99ba8b7c 6e5e61a59d93461ebb9f848960d18fb4 - - default default] Successfully bumped revision number for resource 32a11e16-cf73-4998-a45e-5d778d12bcec (type: security_group_rules) to 0
2026-05-19 14:41:24.554 9 INFO neutron.db.ovn_revision_numbers_db [req-9e375fe0-8698-4d31-aeec-643c1115ee93 req-5bc1354c-8758-4ca1-ba69-b3859942e9fc c0fdbd0635234e6f8e52116d99ba8b7c 6e5e61a59d93461ebb9f848960d18fb4 - - default default] Successfully bumped revision number for resource f1f91830-1653-4ff8-bc9e-25e783dba7f2 (type: security_group_rules) to 0
2026-05-19 14:41:24.582 9 INFO neutron.wsgi [req-9e375fe0-8698-4d31-aeec-643c1115ee93 req-5bc1354c-8758-4ca1-ba69-b3859942e9fc c0fdbd0635234e6f8e52116d99ba8b7c 6e5e61a59d93461ebb9f848960d18fb4 - - default default] 10.0.0.30 "POST /v2.0/security-groups HTTP/1.1" status: 201 len: 1885 time: 0.4400048
2026-05-19 14:41:24.692 10 INFO neutron.db.ovn_revision_numbers_db [None req-fdd28d25-a61f-4abe-b4bf-36a6c87dee51 6f9b105d61024b9d8b2c98865e8490d7 aef2772629f84717a50d66b94ca386a5 - - default default] Successfully bumped revision number for resource e0a8ef4b-fd21-470e-befd-c95dab116dc8 (type: router_ports) to 1
2026-05-19 14:41:24.695 9 INFO neutron.plugins.ml2.drivers.ovn.mech_driver.mech_driver [None req-ef2f1446-2720-4e2b-b689-140f49dd0908 - - - - - -] OVN reports status up for port: e0a8ef4b-fd21-470e-befd-c95dab116dc8
2026-05-19 14:41:24.701 10 INFO neutron.wsgi [None req-fdd28d25-a61f-4abe-b4bf-36a6c87dee51 6f9b105d61024b9d8b2c98865e8490d7 aef2772629f84717a50d66b94ca386a5 - - default default] 10.0.0.79 "PUT /v2.0/routers/91941f24-4260-4fc3-801d-a5d9a8719b31/add_router_interface HTTP/1.1" status: 200 len: 503 time: 5.0005450
2026-05-19 14:41:24.703 9 INFO neutron.plugins.ml2.plugin [None req-ef2f1446-2720-4e2b-b689-140f49dd0908 - - - - - -] Attempt 1 to provision port e0a8ef4b-fd21-470e-befd-c95dab116dc8
2026-05-19 14:41:24.883 10 INFO neutron.db.ovn_revision_numbers_db [None req-4c41d2ca-e992-4eb9-b5fb-b5bbe523dc89 6f9b105d61024b9d8b2c98865e8490d7 aef2772629f84717a50d66b94ca386a5 - - default default] Successfully bumped revision number for resource 0411e418-2161-43b8-a691-96cc2ac19b46 (type: ports) to 1
2026-05-19 14:41:24.916 10 WARNING neutron.scheduler.dhcp_agent_scheduler [None req-1a5a6528-83f5-4d14-a6d2-d2ceed93ca17 6f9b105d61024b9d8b2c98865e8490d7 aef2772629f84717a50d66b94ca386a5 - - default default] No more DHCP agents
2026-05-19 14:41:24.919 10 WARNING neutron.api.rpc.agentnotifiers.dhcp_rpc_agent_api [None req-1a5a6528-83f5-4d14-a6d2-d2ceed93ca17 6f9b105d61024b9d8b2c98865e8490d7 aef2772629f84717a50d66b94ca386a5 - - default default] Unable to schedule network b19f39dd-e3f2-40a8-8cbf-a0ccd40798de: no agents available; will retry on subsequent port and subnet creation events.
2026-05-19 14:41:24.984 10 WARNING neutron.scheduler.dhcp_agent_scheduler [None req-4c41d2ca-e992-4eb9-b5fb-b5bbe523dc89 6f9b105d61024b9d8b2c98865e8490d7 aef2772629f84717a50d66b94ca386a5 - - default default] No more DHCP agents
2026-05-19 14:41:24.985 10 WARNING neutron.api.rpc.agentnotifiers.dhcp_rpc_agent_api [None req-4c41d2ca-e992-4eb9-b5fb-b5bbe523dc89 6f9b105d61024b9d8b2c98865e8490d7 aef2772629f84717a50d66b94ca386a5 - - default default] Unable to schedule network ea27980c-324c-4703-8a43-95bbd6b13c8d: no agents available; will retry on subsequent port and subnet creation events.
2026-05-19 14:41:25.013 9 WARNING neutron_lib.context [req-7e5e54f8-c782-4aef-85c8-76241a97bfde req-1eecaef7-435a-4666-8ed2-90b139a6e7ea c0fdbd0635234e6f8e52116d99ba8b7c 6e5e61a59d93461ebb9f848960d18fb4 - - default default] Method 'is_advsvc' is deprecated since 2023.2 release (neutron-lib 3.8.0) and will be removed once support for the old RBAC API policies will be removed from Neutron. Please use method 'is_service_role' instead.
2026-05-19 14:41:25.093 9 INFO neutron.db.ovn_revision_numbers_db [None req-6a36e79f-f3c9-4b67-948d-ed9345861c64 - - - - - -] Successfully bumped revision number for resource d0d2bb81-38dd-445b-86ce-186c97198519 (type: router_ports) to 3
2026-05-19 14:41:25.178 9 WARNING neutron_lib.context [req-3c216589-eaec-4920-b071-84bf58d08214 req-7a369dc5-44b9-4fcb-8ef8-c491656f4dbd f62415a9fbaa417f9f629cbd1d3ac98b ca2b4a8693fb45fba9f1a13250ed83fe - - default default] Method 'is_advsvc' is deprecated since 2023.2 release (neutron-lib 3.8.0) and will be removed once support for the old RBAC API policies will be removed from Neutron. Please use method 'is_service_role' instead.
2026-05-19 14:41:25.184 10 INFO neutron.db.ovn_revision_numbers_db [None req-1a5a6528-83f5-4d14-a6d2-d2ceed93ca17 6f9b105d61024b9d8b2c98865e8490d7 aef2772629f84717a50d66b94ca386a5 - - default default] Successfully bumped revision number for resource 555999e7-02b1-4740-82e6-1ddf43b8ec1a (type: ports) to 1
2026-05-19 14:41:25.444 9 INFO neutron.db.ovn_revision_numbers_db [req-7e5e54f8-c782-4aef-85c8-76241a97bfde req-1eecaef7-435a-4666-8ed2-90b139a6e7ea c0fdbd0635234e6f8e52116d99ba8b7c 6e5e61a59d93461ebb9f848960d18fb4 - - default default] Successfully bumped revision number for resource eb2cc3f4-f12c-4ec2-8d92-866bfe161471 (type: security_groups) to 1
2026-05-19 14:41:25.515 9 INFO neutron.db.ovn_revision_numbers_db [req-7e5e54f8-c782-4aef-85c8-76241a97bfde req-1eecaef7-435a-4666-8ed2-90b139a6e7ea c0fdbd0635234e6f8e52116d99ba8b7c 6e5e61a59d93461ebb9f848960d18fb4 - - default default] Successfully bumped revision number for resource 00300e83-7f6e-4403-aa52-62cc72029898 (type: security_group_rules) to 0
2026-05-19 14:41:25.583 9 INFO neutron.db.ovn_revision_numbers_db [None req-ef2f1446-2720-4e2b-b689-140f49dd0908 - - - - - -] Successfully bumped revision number for resource e0a8ef4b-fd21-470e-befd-c95dab116dc8 (type: ports) to 2
2026-05-19 14:41:25.646 9 INFO neutron.db.ovn_revision_numbers_db [req-7e5e54f8-c782-4aef-85c8-76241a97bfde req-1eecaef7-435a-4666-8ed2-90b139a6e7ea c0fdbd0635234e6f8e52116d99ba8b7c 6e5e61a59d93461ebb9f848960d18fb4 - - default default] Successfully bumped revision number for resource b2b552fc-d245-4f92-86d6-df3b058219f9 (type: security_group_rules) to 0
2026-05-19 14:41:25.647 9 INFO neutron.db.ovn_revision_numbers_db [None req-6a36e79f-f3c9-4b67-948d-ed9345861c64 - - - - - -] Successfully bumped revision number for resource d0d2bb81-38dd-445b-86ce-186c97198519 (type: ports) to 2
2026-05-19 14:41:25.760 9 INFO neutron.wsgi [req-7e5e54f8-c782-4aef-85c8-76241a97bfde req-1eecaef7-435a-4666-8ed2-90b139a6e7ea c0fdbd0635234e6f8e52116d99ba8b7c 6e5e61a59d93461ebb9f848960d18fb4 - - default default] 10.0.0.30 "POST /v2.0/security-groups HTTP/1.1" status: 201 len: 1887 time: 0.7967818
2026-05-19 14:41:25.788 9 WARNING neutron_lib.context [req-46070e3a-c71b-4dfe-9630-2aa450214a12 req-ffadbb9c-8ee3-4204-a145-ccfa7ecc343a c0fdbd0635234e6f8e52116d99ba8b7c 6e5e61a59d93461ebb9f848960d18fb4 - - default default] Method 'is_advsvc' is deprecated since 2023.2 release (neutron-lib 3.8.0) and will be removed once support for the old RBAC API policies will be removed from Neutron. Please use method 'is_service_role' instead.
2026-05-19 14:41:25.820 9 INFO neutron.db.ovn_revision_numbers_db [req-3c216589-eaec-4920-b071-84bf58d08214 req-7a369dc5-44b9-4fcb-8ef8-c491656f4dbd f62415a9fbaa417f9f629cbd1d3ac98b ca2b4a8693fb45fba9f1a13250ed83fe - - default default] Successfully bumped revision number for resource 6807aa1c-86c2-4507-8f41-2a30a006e1eb (type: security_groups) to 1
2026-05-19 14:41:25.878 9 INFO neutron.db.ovn_revision_numbers_db [None req-ef2f1446-2720-4e2b-b689-140f49dd0908 - - - - - -] Successfully bumped revision number for resource e0a8ef4b-fd21-470e-befd-c95dab116dc8 (type: router_ports) to 2
2026-05-19 14:41:25.999 9 INFO neutron.db.ovn_revision_numbers_db [req-3c216589-eaec-4920-b071-84bf58d08214 req-7a369dc5-44b9-4fcb-8ef8-c491656f4dbd f62415a9fbaa417f9f629cbd1d3ac98b ca2b4a8693fb45fba9f1a13250ed83fe - - default default] Successfully bumped revision number for resource 27985a0d-9df9-4e9b-a8d3-e9c8d45acd10 (type: security_group_rules) to 0
2026-05-19 14:41:26.107 9 INFO neutron.db.ovn_revision_numbers_db [req-3c216589-eaec-4920-b071-84bf58d08214 req-7a369dc5-44b9-4fcb-8ef8-c491656f4dbd f62415a9fbaa417f9f629cbd1d3ac98b ca2b4a8693fb45fba9f1a13250ed83fe - - default default] Successfully bumped revision number for resource f044a79b-21b1-416a-9c4d-4cf03e1ec9b5 (type: security_group_rules) to 0
2026-05-19 14:41:26.131 10 INFO neutron.plugins.ml2.drivers.ovn.mech_driver.ovsdb.commands [None req-1bff31d8-629b-41de-a9b4-a6ea9cc5c1c6 - - - - - -] Schedule LRP lrp-555999e7-02b1-4740-82e6-1ddf43b8ec1a on gateway b73318a2-fe58-4728-b382-9e5fffd2e29d with priority 1
2026-05-19 14:41:26.270 9 INFO neutron.db.ovn_revision_numbers_db [req-46070e3a-c71b-4dfe-9630-2aa450214a12 req-ffadbb9c-8ee3-4204-a145-ccfa7ecc343a c0fdbd0635234e6f8e52116d99ba8b7c 6e5e61a59d93461ebb9f848960d18fb4 - - default default] Successfully bumped revision number for resource 5fe82c00-4633-474d-bba2-668232039231 (type: security_groups) to 1
2026-05-19 14:41:26.314 10 INFO neutron.db.ovn_revision_numbers_db [None req-4c41d2ca-e992-4eb9-b5fb-b5bbe523dc89 6f9b105d61024b9d8b2c98865e8490d7 aef2772629f84717a50d66b94ca386a5 - - default default] Successfully bumped revision number for resource 0411e418-2161-43b8-a691-96cc2ac19b46 (type: router_ports) to 1
2026-05-19 14:41:26.316 10 INFO neutron.db.ovn_revision_numbers_db [None req-1a5a6528-83f5-4d14-a6d2-d2ceed93ca17 6f9b105d61024b9d8b2c98865e8490d7 aef2772629f84717a50d66b94ca386a5 - - default default] Successfully bumped revision number for resource 555999e7-02b1-4740-82e6-1ddf43b8ec1a (type: router_ports) to 1
2026-05-19 14:41:26.319 9 INFO neutron.wsgi [req-3c216589-eaec-4920-b071-84bf58d08214 req-7a369dc5-44b9-4fcb-8ef8-c491656f4dbd f62415a9fbaa417f9f629cbd1d3ac98b ca2b4a8693fb45fba9f1a13250ed83fe - - default default] 10.0.0.30 "POST /v2.0/security-groups HTTP/1.1" status: 201 len: 1891 time: 1.1477990
2026-05-19 14:41:26.320 9 INFO neutron.db.ovn_revision_numbers_db [None req-6a36e79f-f3c9-4b67-948d-ed9345861c64 - - - - - -] Successfully bumped revision number for resource d0d2bb81-38dd-445b-86ce-186c97198519 (type: ports) to 4
2026-05-19 14:41:26.323 10 INFO neutron.wsgi [None req-4c41d2ca-e992-4eb9-b5fb-b5bbe523dc89 6f9b105d61024b9d8b2c98865e8490d7 aef2772629f84717a50d66b94ca386a5 - - default default] 10.0.0.79 "PUT /v2.0/routers/9315dd4e-958a-410f-9691-401a26e26b00/add_router_interface HTTP/1.1" status: 200 len: 503 time: 5.3374505
2026-05-19 14:41:26.324 9 INFO neutron.db.ovn_revision_numbers_db [req-46070e3a-c71b-4dfe-9630-2aa450214a12 req-ffadbb9c-8ee3-4204-a145-ccfa7ecc343a c0fdbd0635234e6f8e52116d99ba8b7c 6e5e61a59d93461ebb9f848960d18fb4 - - default default] Successfully bumped revision number for resource 837f5611-1ba8-4b24-88ba-d549eb2b4486 (type: security_group_rules) to 0
2026-05-19 14:41:26.411 9 INFO neutron.wsgi [req-d9c6f33e-0ecf-40f9-a74c-84e851e1ef95 req-bccbb835-da1a-4108-9be8-54ff5693ad0e f62415a9fbaa417f9f629cbd1d3ac98b ca2b4a8693fb45fba9f1a13250ed83fe - - default default] 10.0.0.30 "GET /v2.0/security-groups/6807aa1c-86c2-4507-8f41-2a30a006e1eb HTTP/1.1" status: 200 len: 1886 time: 0.0640411
2026-05-19 14:41:26.414 9 INFO neutron.db.ovn_revision_numbers_db [req-46070e3a-c71b-4dfe-9630-2aa450214a12 req-ffadbb9c-8ee3-4204-a145-ccfa7ecc343a c0fdbd0635234e6f8e52116d99ba8b7c 6e5e61a59d93461ebb9f848960d18fb4 - - default default] Successfully bumped revision number for resource f687ebb9-5195-4490-a329-185315785f6c (type: security_group_rules) to 0
2026-05-19 14:41:26.436 9 WARNING neutron_lib.context [req-d9c6f33e-0ecf-40f9-a74c-84e851e1ef95 req-66d5f123-9595-4a73-9f4c-bb98282d3de6 f62415a9fbaa417f9f629cbd1d3ac98b ca2b4a8693fb45fba9f1a13250ed83fe - - default default] Method 'is_advsvc' is deprecated since 2023.2 release (neutron-lib 3.8.0) and will be removed once support for the old RBAC API policies will be removed from Neutron. Please use method 'is_service_role' instead.
2026-05-19 14:41:26.519 10 INFO neutron.db.ovn_revision_numbers_db [None req-1a5a6528-83f5-4d14-a6d2-d2ceed93ca17 6f9b105d61024b9d8b2c98865e8490d7 aef2772629f84717a50d66b94ca386a5 - - default default] Successfully bumped revision number for resource 2f7f5c64-e7b4-41eb-8b5c-185ac04dd3b5 (type: routers) to 2
2026-05-19 14:41:26.524 9 INFO neutron.wsgi [req-46070e3a-c71b-4dfe-9630-2aa450214a12 req-ffadbb9c-8ee3-4204-a145-ccfa7ecc343a c0fdbd0635234e6f8e52116d99ba8b7c 6e5e61a59d93461ebb9f848960d18fb4 - - default default] 10.0.0.30 "POST /v2.0/security-groups HTTP/1.1" status: 201 len: 1886 time: 0.7407527
2026-05-19 14:41:26.610 10 INFO neutron.wsgi [None req-1a5a6528-83f5-4d14-a6d2-d2ceed93ca17 6f9b105d61024b9d8b2c98865e8490d7 aef2772629f84717a50d66b94ca386a5 - - default default] 10.0.0.79 "POST /v2.0/routers HTTP/1.1" status: 201 len: 1176 time: 2.9167078
2026-05-19 14:41:26.653 9 INFO neutron.wsgi [req-849b44f0-e802-4b0c-9881-de866c2acfdb req-bc02f2db-f5c2-432a-b999-c7c52da0e282 c0fdbd0635234e6f8e52116d99ba8b7c 6e5e61a59d93461ebb9f848960d18fb4 - - default default] 10.0.0.30 "GET /v2.0/security-groups?tenant_id=6e5e61a59d93461ebb9f848960d18fb4 HTTP/1.1" status: 200 len: 8104 time: 0.0952647
2026-05-19 14:41:26.701 9 INFO neutron.wsgi [req-849b44f0-e802-4b0c-9881-de866c2acfdb req-f9e55ddf-cf43-4db2-935c-3d5bde3c3b23 c0fdbd0635234e6f8e52116d99ba8b7c 6e5e61a59d93461ebb9f848960d18fb4 - - default default] 10.0.0.30 "GET /v2.0/security-groups/3965df0e-b2f7-4d29-b226-dcec727a4a64 HTTP/1.1" status: 200 len: 3118 time: 0.0423598
2026-05-19 14:41:26.745 9 INFO neutron.wsgi [req-849b44f0-e802-4b0c-9881-de866c2acfdb req-8da83b88-5b87-4f6b-8e47-42f61be36df9 c0fdbd0635234e6f8e52116d99ba8b7c 6e5e61a59d93461ebb9f848960d18fb4 - - default default] 10.0.0.30 "GET /v2.0/security-groups/3965df0e-b2f7-4d29-b226-dcec727a4a64 HTTP/1.1" status: 200 len: 3118 time: 0.0358205
2026-05-19 14:41:26.770 9 INFO neutron.db.ovn_revision_numbers_db [None req-6a36e79f-f3c9-4b67-948d-ed9345861c64 - - - - - -] Successfully bumped revision number for resource d0d2bb81-38dd-445b-86ce-186c97198519 (type: router_ports) to 4
2026-05-19 14:41:26.808 9 INFO neutron.plugins.ml2.drivers.ovn.mech_driver.ovsdb.ovsdb_monitor [None req-6a36e79f-f3c9-4b67-948d-ed9345861c64 - - - - - -] Router 9315dd4e-958a-410f-9691-401a26e26b00 is bound to host instance
2026-05-19 14:41:26.813 9 INFO neutron.wsgi [req-797010e0-5caf-4bdf-9cab-90d31f909c33 req-ac9af577-d72d-4b90-b446-1a932865c308 c0fdbd0635234e6f8e52116d99ba8b7c 6e5e61a59d93461ebb9f848960d18fb4 - - default default] 10.0.0.30 "GET /v2.0/security-groups/e84cf4b7-efe9-492f-9002-0062ffe7606b HTTP/1.1" status: 200 len: 1880 time: 0.0404718
2026-05-19 14:41:26.832 9 INFO neutron.db.ovn_revision_numbers_db [req-d9c6f33e-0ecf-40f9-a74c-84e851e1ef95 req-66d5f123-9595-4a73-9f4c-bb98282d3de6 f62415a9fbaa417f9f629cbd1d3ac98b ca2b4a8693fb45fba9f1a13250ed83fe - - default default] Successfully bumped revision number for resource 955b4e85-f2b8-43e5-a6d3-7b83557bd44b (type: security_group_rules) to 0
2026-05-19 14:41:26.923 9 INFO neutron.wsgi [req-d9c6f33e-0ecf-40f9-a74c-84e851e1ef95 req-66d5f123-9595-4a73-9f4c-bb98282d3de6 f62415a9fbaa417f9f629cbd1d3ac98b ca2b4a8693fb45fba9f1a13250ed83fe - - default default] 10.0.0.30 "POST /v2.0/security-group-rules HTTP/1.1" status: 201 len: 818 time: 0.5003037
2026-05-19 14:41:27.151 10 WARNING neutron.plugins.ml2.drivers.ovn.mech_driver.ovsdb.ovn_client [None req-00429117-a32d-425a-8690-bd046eaff379 - - - - - -] No hosting information found for port a452749a-dd06-48fe-8ce5-015ce1b3e50b: RuntimeError: No hosting information found for port a452749a-dd06-48fe-8ce5-015ce1b3e50b
2026-05-19 14:41:27.151 10 INFO neutron.plugins.ml2.drivers.ovn.mech_driver.mech_driver [None req-00429117-a32d-425a-8690-bd046eaff379 - - - - - -] OVN reports status up for port: 175d8ada-3391-48e3-9583-0a2bfef0d95e
2026-05-19 14:41:27.158 10 INFO neutron.plugins.ml2.plugin [None req-00429117-a32d-425a-8690-bd046eaff379 - - - - - -] Attempt 1 to provision port 175d8ada-3391-48e3-9583-0a2bfef0d95e
2026-05-19 14:41:27.188 9 WARNING neutron_lib.context [None req-b467451a-9e3e-4e78-b401-93268dfa8f78 f7d993153a7c493ca65128acbf237d67 05c52207d252460d8bbb924387945c42 - - default default] Method 'is_advsvc' is deprecated since 2023.2 release (neutron-lib 3.8.0) and will be removed once support for the old RBAC API policies will be removed from Neutron. Please use method 'is_service_role' instead.
2026-05-19 14:41:27.200 9 WARNING neutron_lib.context [req-885d3de5-8a54-48d3-98a8-672cf5281a94 req-720c4c87-a9e2-4bce-9ccc-b31840478a95 f62415a9fbaa417f9f629cbd1d3ac98b ca2b4a8693fb45fba9f1a13250ed83fe - - default default] Method 'is_advsvc' is deprecated since 2023.2 release (neutron-lib 3.8.0) and will be removed once support for the old RBAC API policies will be removed from Neutron. Please use method 'is_service_role' instead.
2026-05-19 14:41:27.683 10 WARNING neutron.scheduler.dhcp_agent_scheduler [None req-a924332c-d7bb-4185-b61d-69c998eb2757 6f9b105d61024b9d8b2c98865e8490d7 aef2772629f84717a50d66b94ca386a5 - - default default] No more DHCP agents
2026-05-19 14:41:27.686 10 WARNING neutron.api.rpc.agentnotifiers.dhcp_rpc_agent_api [None req-a924332c-d7bb-4185-b61d-69c998eb2757 6f9b105d61024b9d8b2c98865e8490d7 aef2772629f84717a50d66b94ca386a5 - - default default] Unable to schedule network 97f6f710-63fd-4999-9cf9-b6f2f433b918: no agents available; will retry on subsequent port and subnet creation events.
2026-05-19 14:41:27.719 9 INFO neutron.wsgi [req-797010e0-5caf-4bdf-9cab-90d31f909c33 req-f7aa85d7-e57e-4454-babc-426c8287b467 c0fdbd0635234e6f8e52116d99ba8b7c 6e5e61a59d93461ebb9f848960d18fb4 - - default default] 10.0.0.30 "DELETE /v2.0/security-groups/e84cf4b7-efe9-492f-9002-0062ffe7606b HTTP/1.1" status: 204 len: 173 time: 0.8972406
2026-05-19 14:41:27.761 9 INFO neutron.api.v2.resource [req-5ec33d1d-44de-41a8-981a-d60826cfcad8 req-c9b2e9db-4b04-4121-b0be-c4b6a8bab59e c0fdbd0635234e6f8e52116d99ba8b7c 6e5e61a59d93461ebb9f848960d18fb4 - - default default] show failed (client error): The resource could not be found.
2026-05-19 14:41:27.762 9 INFO neutron.wsgi [req-5ec33d1d-44de-41a8-981a-d60826cfcad8 req-c9b2e9db-4b04-4121-b0be-c4b6a8bab59e c0fdbd0635234e6f8e52116d99ba8b7c 6e5e61a59d93461ebb9f848960d18fb4 - - default default] 10.0.0.30 "GET /v2.0/security-groups/e84cf4b7-efe9-492f-9002-0062ffe7606b HTTP/1.1" status: 404 len: 352 time: 0.0152903
2026-05-19 14:41:27.833 9 INFO neutron.wsgi [req-9a75a8b5-aedd-42a0-a31c-9956fdd465ac req-fea819fd-db24-4076-a575-f82278096641 c0fdbd0635234e6f8e52116d99ba8b7c 6e5e61a59d93461ebb9f848960d18fb4 - - default default] 10.0.0.30 "GET /v2.0/security-groups/eb2cc3f4-f12c-4ec2-8d92-866bfe161471 HTTP/1.1" status: 200 len: 1882 time: 0.0493820
2026-05-19 14:41:27.860 9 INFO neutron.db.ovn_revision_numbers_db [req-885d3de5-8a54-48d3-98a8-672cf5281a94 req-720c4c87-a9e2-4bce-9ccc-b31840478a95 f62415a9fbaa417f9f629cbd1d3ac98b ca2b4a8693fb45fba9f1a13250ed83fe - - default default] Successfully bumped revision number for resource d0f009b0-159f-4065-931e-be45eb80473d (type: security_groups) to 1
2026-05-19 14:41:27.967 9 INFO neutron.db.ovn_revision_numbers_db [None req-b467451a-9e3e-4e78-b401-93268dfa8f78 f7d993153a7c493ca65128acbf237d67 05c52207d252460d8bbb924387945c42 - - default default] Successfully bumped revision number for resource da77c50c-fa81-47bb-89bf-5d0b0059653d (type: security_groups) to 1
2026-05-19 14:41:28.044 10 INFO neutron.db.ovn_revision_numbers_db [None req-a924332c-d7bb-4185-b61d-69c998eb2757 6f9b105d61024b9d8b2c98865e8490d7 aef2772629f84717a50d66b94ca386a5 - - default default] Successfully bumped revision number for resource 08f2c9d7-b52d-437e-923b-9b26dd59c57c (type: ports) to 1
2026-05-19 14:41:28.046 10 INFO neutron.db.ovn_revision_numbers_db [None req-00429117-a32d-425a-8690-bd046eaff379 - - - - - -] Successfully bumped revision number for resource 175d8ada-3391-48e3-9583-0a2bfef0d95e (type: ports) to 2
2026-05-19 14:41:28.050 9 INFO neutron.db.ovn_revision_numbers_db [req-885d3de5-8a54-48d3-98a8-672cf5281a94 req-720c4c87-a9e2-4bce-9ccc-b31840478a95 f62415a9fbaa417f9f629cbd1d3ac98b ca2b4a8693fb45fba9f1a13250ed83fe - - default default] Successfully bumped revision number for resource 98b9c9dd-ca89-46e3-8a79-dbb66eb8de1c (type: security_group_rules) to 0
2026-05-19 14:41:28.066 9 INFO neutron.db.ovn_revision_numbers_db [None req-b467451a-9e3e-4e78-b401-93268dfa8f78 f7d993153a7c493ca65128acbf237d67 05c52207d252460d8bbb924387945c42 - - default default] Successfully bumped revision number for resource 87066b2f-7015-4a69-9f5d-ae36a9a01ebf (type: security_group_rules) to 0
2026-05-19 14:41:28.117 9 INFO neutron.db.ovn_revision_numbers_db [None req-6a36e79f-f3c9-4b67-948d-ed9345861c64 - - - - - -] Successfully bumped revision number for resource a452749a-dd06-48fe-8ce5-015ce1b3e50b (type: ports) to 1
2026-05-19 14:41:28.151 9 INFO neutron.db.ovn_revision_numbers_db [req-885d3de5-8a54-48d3-98a8-672cf5281a94 req-720c4c87-a9e2-4bce-9ccc-b31840478a95 f62415a9fbaa417f9f629cbd1d3ac98b ca2b4a8693fb45fba9f1a13250ed83fe - - default default] Successfully bumped revision number for resource d0e6cbf3-a195-420a-90c3-79f77de4b39a (type: security_group_rules) to 0
2026-05-19 14:41:28.305 9 INFO neutron.db.ovn_revision_numbers_db [None req-b467451a-9e3e-4e78-b401-93268dfa8f78 f7d993153a7c493ca65128acbf237d67 05c52207d252460d8bbb924387945c42 - - default default] Successfully bumped revision number for resource e846e07e-e134-49a1-a2ec-f5af4a1521b2 (type: security_group_rules) to 0
2026-05-19 14:41:28.343 10 INFO neutron.db.ovn_revision_numbers_db [None req-00429117-a32d-425a-8690-bd046eaff379 - - - - - -] Successfully bumped revision number for resource 175d8ada-3391-48e3-9583-0a2bfef0d95e (type: router_ports) to 2
2026-05-19 14:41:28.348 9 INFO neutron.wsgi [req-885d3de5-8a54-48d3-98a8-672cf5281a94 req-720c4c87-a9e2-4bce-9ccc-b31840478a95 f62415a9fbaa417f9f629cbd1d3ac98b ca2b4a8693fb45fba9f1a13250ed83fe - - default default] 10.0.0.30 "POST /v2.0/security-groups HTTP/1.1" status: 201 len: 1891 time: 1.1547861
2026-05-19 14:41:28.467 9 INFO neutron.wsgi [None req-b467451a-9e3e-4e78-b401-93268dfa8f78 f7d993153a7c493ca65128acbf237d67 05c52207d252460d8bbb924387945c42 - - default default] 10.0.0.79 "POST /v2.0/security-groups HTTP/1.1" status: 201 len: 1860 time: 1.2866800
2026-05-19 14:41:28.477 10 WARNING neutron_lib.context [None req-be5cf769-189c-4c0d-938b-9c37911afc34 f7d993153a7c493ca65128acbf237d67 05c52207d252460d8bbb924387945c42 - - default default] Method 'is_advsvc' is deprecated since 2023.2 release (neutron-lib 3.8.0) and will be removed once support for the old RBAC API policies will be removed from Neutron. Please use method 'is_service_role' instead.
2026-05-19 14:41:28.488 9 INFO neutron.wsgi [req-9a75a8b5-aedd-42a0-a31c-9956fdd465ac req-7624d83d-4a10-49be-bf87-e2db7982942b c0fdbd0635234e6f8e52116d99ba8b7c 6e5e61a59d93461ebb9f848960d18fb4 - - default default] 10.0.0.30 "DELETE /v2.0/security-groups/eb2cc3f4-f12c-4ec2-8d92-866bfe161471 HTTP/1.1" status: 204 len: 173 time: 0.6460617
2026-05-19 14:41:28.498 9 INFO neutron.wsgi [req-5e7ad463-4a1a-4ec9-846a-b9e29348ff07 req-6f922a7a-76ea-44d9-9c1e-cff81c34a1db f62415a9fbaa417f9f629cbd1d3ac98b ca2b4a8693fb45fba9f1a13250ed83fe - - default default] 10.0.0.30 "GET /v2.0/security-groups/d0f009b0-159f-4065-931e-be45eb80473d HTTP/1.1" status: 200 len: 1886 time: 0.1074846
2026-05-19 14:41:28.513 9 WARNING neutron_lib.context [req-5e7ad463-4a1a-4ec9-846a-b9e29348ff07 req-75948608-5a69-44c5-a7da-3d2271b237c2 f62415a9fbaa417f9f629cbd1d3ac98b ca2b4a8693fb45fba9f1a13250ed83fe - - default default] Method 'is_advsvc' is deprecated since 2023.2 release (neutron-lib 3.8.0) and will be removed once support for the old RBAC API policies will be removed from Neutron. Please use method 'is_service_role' instead.
2026-05-19 14:41:28.541 9 INFO neutron.api.v2.resource [req-62faae3b-bf0d-486c-b836-5af60aeeeca3 req-f42fbbc7-d638-463b-bcc7-409856221516 c0fdbd0635234e6f8e52116d99ba8b7c 6e5e61a59d93461ebb9f848960d18fb4 - - default default] show failed (client error): The resource could not be found.
2026-05-19 14:41:28.542 9 INFO neutron.wsgi [req-62faae3b-bf0d-486c-b836-5af60aeeeca3 req-f42fbbc7-d638-463b-bcc7-409856221516 c0fdbd0635234e6f8e52116d99ba8b7c 6e5e61a59d93461ebb9f848960d18fb4 - - default default] 10.0.0.30 "GET /v2.0/security-groups/eb2cc3f4-f12c-4ec2-8d92-866bfe161471 HTTP/1.1" status: 404 len: 352 time: 0.0274258
2026-05-19 14:41:28.630 9 INFO neutron.wsgi [req-e08f8619-c3e8-4cbd-b499-4a59af827c91 req-61c6612d-0b1f-4efc-96bd-c2443645add3 c0fdbd0635234e6f8e52116d99ba8b7c 6e5e61a59d93461ebb9f848960d18fb4 - - default default] 10.0.0.30 "GET /v2.0/security-groups/5fe82c00-4633-474d-bba2-668232039231 HTTP/1.1" status: 200 len: 1881 time: 0.0633559
2026-05-19 14:41:28.839 10 ERROR ovsdbapp.backend.ovs_idl.command [None req-a924332c-d7bb-4185-b61d-69c998eb2757 6f9b105d61024b9d8b2c98865e8490d7 aef2772629f84717a50d66b94ca386a5 - - default default] Error executing command (DbGetCommand): ovsdbapp.backend.ovs_idl.idlutils.RowNotFound: Cannot find Logical_Router_Port with name=lrp-08f2c9d7-b52d-437e-923b-9b26dd59c57c
2026-05-19 14:41:28.839 10 ERROR ovsdbapp.backend.ovs_idl.command
Traceback (most recent call last):
2026-05-19 14:41:28.839 10 ERROR ovsdbapp.backend.ovs_idl.command
File "/var/lib/openstack/lib/python3.10/site-packages/ovsdbapp/backend/ovs_idl/command.py", line 47, in execute
2026-05-19 14:41:28.839 10 ERROR ovsdbapp.backend.ovs_idl.command self.run_idl(None)
2026-05-19 14:41:28.839 10 ERROR ovsdbapp.backend.ovs_idl.command
File "/var/lib/openstack/lib/python3.10/site-packages/ovsdbapp/backend/ovs_idl/command.py", line 235, in run_idl
2026-05-19 14:41:28.839 10 ERROR ovsdbapp.backend.ovs_idl.command record = self.api.lookup(self.table, self.record)
2026-05-19 14:41:28.839 10 ERROR ovsdbapp.backend.ovs_idl.command
File "/var/lib/openstack/lib/python3.10/site-packages/ovsdbapp/backend/ovs_idl/__init__.py", line 184, in lookup
2026-05-19 14:41:28.839 10 ERROR ovsdbapp.backend.ovs_idl.command return self._lookup(table, record)
2026-05-19 14:41:28.839 10 ERROR ovsdbapp.backend.ovs_idl.command
File "/var/lib/openstack/lib/python3.10/site-packages/ovsdbapp/backend/ovs_idl/__init__.py", line 235, in _lookup
2026-05-19 14:41:28.839 10 ERROR ovsdbapp.backend.ovs_idl.command row = idlutils.row_by_value(self, rl.table, rl.column, record)
2026-05-19 14:41:28.839 10 ERROR ovsdbapp.backend.ovs_idl.command
File "/var/lib/openstack/lib/python3.10/site-packages/ovsdbapp/backend/ovs_idl/idlutils.py", line 114, in row_by_value
2026-05-19 14:41:28.839 10 ERROR ovsdbapp.backend.ovs_idl.command raise RowNotFound(table=table, col=column, match=match)
2026-05-19 14:41:28.839 10 ERROR ovsdbapp.backend.ovs_idl.command ovsdbapp.backend.ovs_idl.idlutils.RowNotFound: Cannot find Logical_Router_Port with name=lrp-08f2c9d7-b52d-437e-923b-9b26dd59c57c
2026-05-19 14:41:28.839 10 ERROR ovsdbapp.backend.ovs_idl.command 
2026-05-19 14:41:28.840 10 ERROR neutron_lib.callbacks.manager [None req-a924332c-d7bb-4185-b61d-69c998eb2757 6f9b105d61024b9d8b2c98865e8490d7 aef2772629f84717a50d66b94ca386a5 - - default default] Error during notification for neutron.services.ovn_l3.plugin.OVNL3RouterPlugin._port_update-8733817540335 port, after_update: ovsdbapp.backend.ovs_idl.idlutils.RowNotFound: Cannot find Logical_Router_Port with name=lrp-08f2c9d7-b52d-437e-923b-9b26dd59c57c
2026-05-19 14:41:28.840 10 ERROR neutron_lib.callbacks.manager
Traceback (most recent call last):
2026-05-19 14:41:28.840 10 ERROR neutron_lib.callbacks.manager
File "/var/lib/openstack/lib/python3.10/site-packages/neutron_lib/callbacks/manager.py", line 189, in _notify_loop
2026-05-19 14:41:28.840 10 ERROR neutron_lib.callbacks.manager callback.method(resource, event, trigger, payload=payload)
2026-05-19 14:41:28.840 10 ERROR neutron_lib.callbacks.manager
File "/var/lib/openstack/lib/python3.10/site-packages/neutron/services/ovn_l3/plugin.py", line 391, in _port_update
2026-05-19 14:41:28.840 10 ERROR neutron_lib.callbacks.manager l3plugin._ovn_client.update_router_port(context,
2026-05-19 14:41:28.840 10 ERROR neutron_lib.callbacks.manager
File "/var/lib/openstack/lib/python3.10/site-packages/neutron/plugins/ml2/drivers/ovn/mech_driver/ovsdb/ovn_client.py", line 1878, in update_router_port
2026-05-19 14:41:28.840 10 ERROR neutron_lib.callbacks.manager self._update_lrouter_port(context, port, if_exists=if_exists,
2026-05-19 14:41:28.840 10 ERROR neutron_lib.callbacks.manager
File "/var/lib/openstack/lib/python3.10/site-packages/neutron/plugins/ml2/drivers/ovn/mech_driver/ovsdb/ovn_client.py", line 1855, in _update_lrouter_port
2026-05-19 14:41:28.840 10 ERROR neutron_lib.callbacks.manager external_ids = self._nb_idl.db_get(
2026-05-19 14:41:28.840 10 ERROR neutron_lib.callbacks.manager
File "/var/lib/openstack/lib/python3.10/site-packages/ovsdbapp/backend/ovs_idl/command.py", line 47, in execute
2026-05-19 14:41:28.840 10 ERROR neutron_lib.callbacks.manager self.run_idl(None)
2026-05-19 14:41:28.840 10 ERROR neutron_lib.callbacks.manager
File "/var/lib/openstack/lib/python3.10/site-packages/ovsdbapp/backend/ovs_idl/command.py", line 235, in run_idl
2026-05-19 14:41:28.840 10 ERROR neutron_lib.callbacks.manager record = self.api.lookup(self.table, self.record)
2026-05-19 14:41:28.840 10 ERROR neutron_lib.callbacks.manager
File "/var/lib/openstack/lib/python3.10/site-packages/ovsdbapp/backend/ovs_idl/__init__.py", line 184, in lookup
2026-05-19 14:41:28.840 10 ERROR neutron_lib.callbacks.manager return self._lookup(table, record)
2026-05-19 14:41:28.840 10 ERROR neutron_lib.callbacks.manager
File "/var/lib/openstack/lib/python3.10/site-packages/ovsdbapp/backend/ovs_idl/__init__.py", line 235, in _lookup
2026-05-19 14:41:28.840 10 ERROR neutron_lib.callbacks.manager row = idlutils.row_by_value(self, rl.table, rl.column, record)
2026-05-19 14:41:28.840 10 ERROR neutron_lib.callbacks.manager
File "/var/lib/openstack/lib/python3.10/site-packages/ovsdbapp/backend/ovs_idl/idlutils.py", line 114, in row_by_value
2026-05-19 14:41:28.840 10 ERROR neutron_lib.callbacks.manager raise RowNotFound(table=table, col=column, match=match)
2026-05-19 14:41:28.840 10 ERROR neutron_lib.callbacks.manager ovsdbapp.backend.ovs_idl.idlutils.RowNotFound: Cannot find Logical_Router_Port with name=lrp-08f2c9d7-b52d-437e-923b-9b26dd59c57c
2026-05-19 14:41:28.840 10 ERROR neutron_lib.callbacks.manager 
2026-05-19 14:41:28.870 10 INFO neutron.db.ovn_revision_numbers_db [None req-be5cf769-189c-4c0d-938b-9c37911afc34 f7d993153a7c493ca65128acbf237d67 05c52207d252460d8bbb924387945c42 - - default default] Successfully bumped revision number for resource 8cd95c80-c9aa-46e4-8e5d-3347608b8963 (type: security_group_rules) to 0
2026-05-19 14:41:29.038 10 INFO neutron.db.ovn_revision_numbers_db [None req-a924332c-d7bb-4185-b61d-69c998eb2757 6f9b105d61024b9d8b2c98865e8490d7 aef2772629f84717a50d66b94ca386a5 - - default default] Successfully bumped revision number for resource 08f2c9d7-b52d-437e-923b-9b26dd59c57c (type: ports) to 1
2026-05-19 14:41:29.156 9 INFO neutron.db.ovn_revision_numbers_db [req-5e7ad463-4a1a-4ec9-846a-b9e29348ff07 req-75948608-5a69-44c5-a7da-3d2271b237c2 f62415a9fbaa417f9f629cbd1d3ac98b ca2b4a8693fb45fba9f1a13250ed83fe - - default default] Successfully bumped revision number for resource e62dfa4a-1445-4bab-b771-53f19ec0f3a7 (type: security_group_rules) to 0
2026-05-19 14:41:29.163 9 INFO neutron.db.ovn_revision_numbers_db [None req-6a36e79f-f3c9-4b67-948d-ed9345861c64 - - - - - -] Successfully bumped revision number for resource a452749a-dd06-48fe-8ce5-015ce1b3e50b (type: router_ports) to 3
2026-05-19 14:41:29.182 9 INFO neutron.wsgi [req-e08f8619-c3e8-4cbd-b499-4a59af827c91 req-499d4e0d-233e-4352-bfe0-d65a1e7f1dc2 c0fdbd0635234e6f8e52116d99ba8b7c 6e5e61a59d93461ebb9f848960d18fb4 - - default default] 10.0.0.30 "DELETE /v2.0/security-groups/5fe82c00-4633-474d-bba2-668232039231 HTTP/1.1" status: 204 len: 173 time: 0.5371778
2026-05-19 14:41:29.219 9 INFO neutron.wsgi [req-5e7ad463-4a1a-4ec9-846a-b9e29348ff07 req-75948608-5a69-44c5-a7da-3d2271b237c2 f62415a9fbaa417f9f629cbd1d3ac98b ca2b4a8693fb45fba9f1a13250ed83fe - - default default] 10.0.0.30 "POST /v2.0/security-group-rules HTTP/1.1" status: 201 len: 818 time: 0.7145021
2026-05-19 14:41:29.225 9 INFO neutron.api.v2.resource [req-420626cb-3000-4925-ae16-9df57bdf94d9 req-06a2a4bc-8195-4597-b50f-80a47f24ebe4 c0fdbd0635234e6f8e52116d99ba8b7c 6e5e61a59d93461ebb9f848960d18fb4 - - default default] show failed (client error): The resource could not be found.
2026-05-19 14:41:29.226 9 INFO neutron.wsgi [req-420626cb-3000-4925-ae16-9df57bdf94d9 req-06a2a4bc-8195-4597-b50f-80a47f24ebe4 c0fdbd0635234e6f8e52116d99ba8b7c 6e5e61a59d93461ebb9f848960d18fb4 - - default default] 10.0.0.30 "GET /v2.0/security-groups/5fe82c00-4633-474d-bba2-668232039231 HTTP/1.1" status: 404 len: 352 time: 0.0222893
2026-05-19 14:41:29.264 10 INFO neutron.wsgi [None req-be5cf769-189c-4c0d-938b-9c37911afc34 f7d993153a7c493ca65128acbf237d67 05c52207d252460d8bbb924387945c42 - - default default] 10.0.0.79 "POST /v2.0/security-group-rules HTTP/1.1" status: 201 len: 796 time: 0.7912428
2026-05-19 14:41:29.271 10 WARNING neutron_lib.context [None req-ed7f312a-1c7e-465b-aa58-e4cc8cad095e f7d993153a7c493ca65128acbf237d67 05c52207d252460d8bbb924387945c42 - - default default] Method 'is_advsvc' is deprecated since 2023.2 release (neutron-lib 3.8.0) and will be removed once support for the old RBAC API policies will be removed from Neutron. Please use method 'is_service_role' instead.
2026-05-19 14:41:29.307 9 INFO neutron.wsgi [req-be1aef45-c734-47d7-8a4f-5123c6eed5f2 req-37c6c138-991a-46d4-91ee-6b196c034cc5 f62415a9fbaa417f9f629cbd1d3ac98b ca2b4a8693fb45fba9f1a13250ed83fe - - default default] 10.0.0.30 "GET /v2.0/security-groups/d0f009b0-159f-4065-931e-be45eb80473d HTTP/1.1" status: 200 len: 2511 time: 0.0623977
2026-05-19 14:41:29.311 10 WARNING neutron.scheduler.dhcp_agent_scheduler [None req-a924332c-d7bb-4185-b61d-69c998eb2757 6f9b105d61024b9d8b2c98865e8490d7 aef2772629f84717a50d66b94ca386a5 - - default default] No more DHCP agents
2026-05-19 14:41:29.312 10 WARNING neutron.api.rpc.agentnotifiers.dhcp_rpc_agent_api [None req-a924332c-d7bb-4185-b61d-69c998eb2757 6f9b105d61024b9d8b2c98865e8490d7 aef2772629f84717a50d66b94ca386a5 - - default default] Unable to schedule network 97f6f710-63fd-4999-9cf9-b6f2f433b918: no agents available; will retry on subsequent port and subnet creation events.
2026-05-19 14:41:29.322 9 WARNING neutron_lib.context [req-be1aef45-c734-47d7-8a4f-5123c6eed5f2 req-633a3515-ad70-465a-9e21-b3231a09bca2 f62415a9fbaa417f9f629cbd1d3ac98b ca2b4a8693fb45fba9f1a13250ed83fe - - default default] Method 'is_advsvc' is deprecated since 2023.2 release (neutron-lib 3.8.0) and will be removed once support for the old RBAC API policies will be removed from Neutron. Please use method 'is_service_role' instead.
