2026-05-19 14:42:55.425 9 INFO neutron.wsgi [req-095ecb6c-7939-4b60-901a-5fb94f4e9b25 req-5051aaac-24b0-44c5-8693-921ee61e0751 1f9b2e711d32403b83d85d070e206401 b242ea1d2dc0472587880edbdd028dff - - default default] 10.0.0.30 "GET /v2.0/security-groups?id=8541cf25-5984-4ab4-8bc1-3353a11c68ec&fields=id&fields=name HTTP/1.1" status: 200 len: 313 time: 0.0738275
2026-05-19 14:42:55.531 9 INFO neutron.db.ovn_revision_numbers_db [None req-e008afe5-a69c-4410-9bc8-1b152acc308b 4710cafb015c4614aa5e6f74b6096eca 35c3b0c7d6a64b6dad96818c49b34e53 - - default default] Successfully bumped revision number for resource 0c2007d9-7bee-4cce-b9f3-82222d621bdd (type: security_groups) to 1 /var/lib/openstack/lib/python3.10/site-packages/pycadf/identifier.py:71: UserWarning: Invalid uuid: neutron. To ensure interoperability, identifiers should be a valid uuid. warnings.warn(('Invalid uuid: %s. To ensure interoperability, '
2026-05-19 14:42:55.553 9 INFO neutron.db.ovn_revision_numbers_db [None req-e008afe5-a69c-4410-9bc8-1b152acc308b 4710cafb015c4614aa5e6f74b6096eca 35c3b0c7d6a64b6dad96818c49b34e53 - - default default] Successfully bumped revision number for resource 3ff94487-8e9d-4757-8476-878fe8a307f1 (type: security_group_rules) to 0
2026-05-19 14:42:55.577 9 INFO neutron.db.ovn_revision_numbers_db [None req-e008afe5-a69c-4410-9bc8-1b152acc308b 4710cafb015c4614aa5e6f74b6096eca 35c3b0c7d6a64b6dad96818c49b34e53 - - default default] Successfully bumped revision number for resource 48323ab6-4c22-4040-a633-cae5bc438bf3 (type: security_group_rules) to 0
2026-05-19 14:42:55.595 10 INFO neutron.wsgi [None req-4afedc03-e641-4d54-b66a-8e4de13e71e4 6f9b105d61024b9d8b2c98865e8490d7 aef2772629f84717a50d66b94ca386a5 - - default default] 10.0.0.79 "GET /v2.0/security-groups?tenant_id=bdcbbad7506e453f95b8173ef7e15486&name=default HTTP/1.1" status: 200 len: 3120 time: 0.1519418
2026-05-19 14:42:55.596 9 INFO neutron.db.ovn_revision_numbers_db [None req-e008afe5-a69c-4410-9bc8-1b152acc308b 4710cafb015c4614aa5e6f74b6096eca 35c3b0c7d6a64b6dad96818c49b34e53 - - default default] Successfully bumped revision number for resource 8a3fcd60-50c0-496e-84ed-abce4e10c93f (type: security_group_rules) to 0
2026-05-19 14:42:55.610 9 INFO neutron.db.ovn_revision_numbers_db [None req-e008afe5-a69c-4410-9bc8-1b152acc308b 4710cafb015c4614aa5e6f74b6096eca 35c3b0c7d6a64b6dad96818c49b34e53 - - default default] Successfully bumped revision number for resource cd3394fb-27d9-47ba-a869-f83dbeaf68d1 (type: security_group_rules) to 0
2026-05-19 14:42:55.708 9 INFO neutron.db.ovn_revision_numbers_db [None req-e008afe5-a69c-4410-9bc8-1b152acc308b 4710cafb015c4614aa5e6f74b6096eca 35c3b0c7d6a64b6dad96818c49b34e53 - - default default] Successfully bumped revision number for resource a6b39ca8-5d5b-47f3-a99b-c1c10a2dfd6c (type: security_groups) to 1
2026-05-19 14:42:55.725 9 INFO neutron.db.ovn_revision_numbers_db [None req-e008afe5-a69c-4410-9bc8-1b152acc308b 4710cafb015c4614aa5e6f74b6096eca 35c3b0c7d6a64b6dad96818c49b34e53 - - default default] Successfully bumped revision number for resource 01377877-36c3-4677-8089-a6c9703b8a2d (type: security_group_rules) to 0
2026-05-19 14:42:55.741 9 INFO neutron.db.ovn_revision_numbers_db [None req-e008afe5-a69c-4410-9bc8-1b152acc308b 4710cafb015c4614aa5e6f74b6096eca 35c3b0c7d6a64b6dad96818c49b34e53 - - default default] Successfully bumped revision number for resource 4220138f-ee65-4f59-9ffe-306632243c26 (type: security_group_rules) to 0
2026-05-19 14:42:55.766 9 INFO neutron.wsgi [None req-e008afe5-a69c-4410-9bc8-1b152acc308b 4710cafb015c4614aa5e6f74b6096eca 35c3b0c7d6a64b6dad96818c49b34e53 - - default default] 10.0.0.79 "POST /v2.0/security-groups HTTP/1.1" status: 201 len: 1824 time: 0.7023339
2026-05-19 14:42:55.832 9 INFO neutron.wsgi [None req-529172f2-b4ae-4c74-8efc-4ab43c2c695f 4710cafb015c4614aa5e6f74b6096eca 35c3b0c7d6a64b6dad96818c49b34e53 - - default default] 10.0.0.79 "GET /v2.0/security-groups HTTP/1.1" status: 200 len: 4724 time: 0.0611789
2026-05-19 14:42:55.936 9 INFO neutron.db.ovn_revision_numbers_db [None req-49ab121f-ac06-471c-8a10-a8f200b18c6d 4710cafb015c4614aa5e6f74b6096eca 35c3b0c7d6a64b6dad96818c49b34e53 - - default default] Successfully bumped revision number for resource a6b39ca8-5d5b-47f3-a99b-c1c10a2dfd6c (type: security_groups) to 2
2026-05-19 14:42:55.941 9 INFO neutron.wsgi [None req-49ab121f-ac06-471c-8a10-a8f200b18c6d 4710cafb015c4614aa5e6f74b6096eca 35c3b0c7d6a64b6dad96818c49b34e53 - - default default] 10.0.0.79 "PUT /v2.0/security-groups/a6b39ca8-5d5b-47f3-a99b-c1c10a2dfd6c HTTP/1.1" status: 200 len: 1858 time: 0.1038296
2026-05-19 14:42:55.975 9 INFO neutron.wsgi [None req-fe7dd2d5-2b55-4037-9e8f-1660700dc7a4 4710cafb015c4614aa5e6f74b6096eca 35c3b0c7d6a64b6dad96818c49b34e53 - - default default] 10.0.0.79 "GET /v2.0/security-groups/a6b39ca8-5d5b-47f3-a99b-c1c10a2dfd6c HTTP/1.1" status: 200 len: 1858 time: 0.0251038
2026-05-19 14:42:56.055 10 INFO neutron.plugins.ml2.drivers.ovn.mech_driver.ovsdb.commands [None req-1bff31d8-629b-41de-a9b4-a6ea9cc5c1c6 - - - - - -] Schedule LRP lrp-30ddc6fa-01b3-4d64-97c5-4e8b91ca8040 on gateway b73318a2-fe58-4728-b382-9e5fffd2e29d with priority 1
2026-05-19 14:42:56.066 9 INFO neutron.plugins.ml2.drivers.ovn.mech_driver.mech_driver [None req-ef2f1446-2720-4e2b-b689-140f49dd0908 - - - - - -] OVN reports status up for port: 30ddc6fa-01b3-4d64-97c5-4e8b91ca8040
2026-05-19 14:42:56.077 9 INFO neutron.plugins.ml2.plugin [None req-ef2f1446-2720-4e2b-b689-140f49dd0908 - - - - - -] Attempt 1 to provision port 30ddc6fa-01b3-4d64-97c5-4e8b91ca8040
2026-05-19 14:42:56.150 10 INFO neutron.db.ovn_revision_numbers_db [None req-00429117-a32d-425a-8690-bd046eaff379 - - - - - -] Successfully bumped revision number for resource 890bfc46-0c87-4a13-aec5-b1c4f3ab59f3 (type: ports) to 6
2026-05-19 14:42:56.155 10 INFO neutron.db.ovn_revision_numbers_db [None req-40230141-3c75-4cf2-ab8e-7e9d240796d8 2c9b56e2f2304d7390d646cb55e3aeb1 be59962984294cdb83d08dc58cd24305 - - default default] Successfully bumped revision number for resource 30ddc6fa-01b3-4d64-97c5-4e8b91ca8040 (type: router_ports) to 1
2026-05-19 14:42:56.167 9 INFO neutron.wsgi [None req-0375bcc0-cbe4-49bc-b5c3-53ae6db2abd3 4710cafb015c4614aa5e6f74b6096eca 35c3b0c7d6a64b6dad96818c49b34e53 - - default default] 10.0.0.79 "DELETE /v2.0/security-groups/a6b39ca8-5d5b-47f3-a99b-c1c10a2dfd6c HTTP/1.1" status: 204 len: 168 time: 0.1838672
2026-05-19 14:42:56.218 9 INFO neutron.wsgi [None req-860c33d9-c151-4b71-97b3-5abc332d479a 4710cafb015c4614aa5e6f74b6096eca 35c3b0c7d6a64b6dad96818c49b34e53 - - default default] 10.0.0.79 "GET /v2.0/security-groups HTTP/1.1" status: 200 len: 3120 time: 0.0461333
2026-05-19 14:42:56.236 9 INFO neutron.api.v2.resource [None req-86b111bb-9ddb-4756-9840-e98e405b3155 4710cafb015c4614aa5e6f74b6096eca 35c3b0c7d6a64b6dad96818c49b34e53 - - default default] delete failed (client error): The resource could not be found.
2026-05-19 14:42:56.237 9 INFO neutron.wsgi [None req-86b111bb-9ddb-4756-9840-e98e405b3155 4710cafb015c4614aa5e6f74b6096eca 35c3b0c7d6a64b6dad96818c49b34e53 - - default default] 10.0.0.79 "DELETE /v2.0/security-groups/a6b39ca8-5d5b-47f3-a99b-c1c10a2dfd6c HTTP/1.1" status: 404 len: 347 time: 0.0136509
2026-05-19 14:42:56.250 9 WARNING neutron_lib.context [None req-ba139e03-3b12-464e-ab83-89f5d9a5723a 4710cafb015c4614aa5e6f74b6096eca 35c3b0c7d6a64b6dad96818c49b34e53 - - default default] Method 'is_advsvc' is deprecated since 2023.2 release (neutron-lib 3.8.0) and will be removed once support for the old RBAC API policies will be removed from Neutron. Please use method 'is_service_role' instead.
2026-05-19 14:42:56.367 10 INFO neutron.db.ovn_revision_numbers_db [None req-40230141-3c75-4cf2-ab8e-7e9d240796d8 2c9b56e2f2304d7390d646cb55e3aeb1 be59962984294cdb83d08dc58cd24305 - - default default] Successfully bumped revision number for resource 346e709c-3eac-47f9-a236-6682017ec81a (type: routers) to 2
2026-05-19 14:42:56.386 10 INFO neutron.wsgi [None req-5c01114e-aced-4939-99d5-c41c10f17fc8 6f9b105d61024b9d8b2c98865e8490d7 aef2772629f84717a50d66b94ca386a5 - - default default] 10.0.0.79 "DELETE /v2.0/security-groups/c6494124-2c63-4d72-b833-5e2b7c6bba1a HTTP/1.1" status: 204 len: 168 time: 0.7835016
2026-05-19 14:42:56.436 10 INFO neutron.wsgi [None req-40230141-3c75-4cf2-ab8e-7e9d240796d8 2c9b56e2f2304d7390d646cb55e3aeb1 be59962984294cdb83d08dc58cd24305 - - default default] 10.0.0.79 "POST /v2.0/routers HTTP/1.1" status: 201 len: 1154 time: 2.5395014 /var/lib/openstack/lib/python3.10/site-packages/pycadf/identifier.py:71: UserWarning: Invalid uuid: neutron. To ensure interoperability, identifiers should be a valid uuid. warnings.warn(('Invalid uuid: %s. To ensure interoperability, '
2026-05-19 14:42:56.535 9 INFO neutron.wsgi [req-cea2f4b0-a5e5-4f04-b3bf-51010b19082b req-3cc3b102-beb7-4225-8500-ca216280093a 1f9b2e711d32403b83d85d070e206401 b242ea1d2dc0472587880edbdd028dff - - default default] 10.0.0.30 "GET /v2.0/ports?device_id=0e8af083-f8e1-4225-9e98-de3982610a0d HTTP/1.1" status: 200 len: 1170 time: 0.0504801
2026-05-19 14:42:56.551 9 INFO neutron.db.ovn_revision_numbers_db [None req-ba139e03-3b12-464e-ab83-89f5d9a5723a 4710cafb015c4614aa5e6f74b6096eca 35c3b0c7d6a64b6dad96818c49b34e53 - - default default] Successfully bumped revision number for resource 2d5064f7-61c0-4ab7-ad9f-3209432adfb1 (type: security_groups) to 1
2026-05-19 14:42:56.596 9 INFO neutron.wsgi [req-cea2f4b0-a5e5-4f04-b3bf-51010b19082b req-d77cdb97-c8ef-4e59-a294-dddb0b5851c1 1f9b2e711d32403b83d85d070e206401 b242ea1d2dc0472587880edbdd028dff - - default default] 10.0.0.30 "GET /v2.0/security-groups?id=8541cf25-5984-4ab4-8bc1-3353a11c68ec&fields=id&fields=name HTTP/1.1" status: 200 len: 313 time: 0.0537684
2026-05-19 14:42:56.614 9 INFO neutron.db.ovn_revision_numbers_db [None req-ba139e03-3b12-464e-ab83-89f5d9a5723a 4710cafb015c4614aa5e6f74b6096eca 35c3b0c7d6a64b6dad96818c49b34e53 - - default default] Successfully bumped revision number for resource 6ee0513d-e59f-4a3d-b3b5-b63d1fdbabeb (type: security_group_rules) to 0
2026-05-19 14:42:56.633 9 INFO neutron.db.ovn_revision_numbers_db [None req-ba139e03-3b12-464e-ab83-89f5d9a5723a 4710cafb015c4614aa5e6f74b6096eca 35c3b0c7d6a64b6dad96818c49b34e53 - - default default] Successfully bumped revision number for resource d0739350-b346-42d5-9f80-4c2ca2f2d579 (type: security_group_rules) to 0
2026-05-19 14:42:56.656 9 INFO neutron.wsgi [None req-ba139e03-3b12-464e-ab83-89f5d9a5723a 4710cafb015c4614aa5e6f74b6096eca 35c3b0c7d6a64b6dad96818c49b34e53 - - default default] 10.0.0.79 "POST /v2.0/security-groups HTTP/1.1" status: 201 len: 1824 time: 0.4115088
2026-05-19 14:42:56.668 9 WARNING neutron_lib.context [None req-5409fafc-fb21-402e-b367-363a26fe30f8 4710cafb015c4614aa5e6f74b6096eca 35c3b0c7d6a64b6dad96818c49b34e53 - - default default] Method 'is_advsvc' is deprecated since 2023.2 release (neutron-lib 3.8.0) and will be removed once support for the old RBAC API policies will be removed from Neutron. Please use method 'is_service_role' instead.
2026-05-19 14:42:56.803 9 INFO neutron.db.ovn_revision_numbers_db [None req-5409fafc-fb21-402e-b367-363a26fe30f8 4710cafb015c4614aa5e6f74b6096eca 35c3b0c7d6a64b6dad96818c49b34e53 - - default default] Successfully bumped revision number for resource b1db0026-662e-4617-b018-ecd2ba666589 (type: security_group_rules) to 0
2026-05-19 14:42:56.842 9 INFO neutron.wsgi [None req-5409fafc-fb21-402e-b367-363a26fe30f8 4710cafb015c4614aa5e6f74b6096eca 35c3b0c7d6a64b6dad96818c49b34e53 - - default default] 10.0.0.79 "POST /v2.0/security-group-rules HTTP/1.1" status: 201 len: 800 time: 0.1781688
2026-05-19 14:42:56.865 9 INFO neutron.wsgi [None req-ac85502a-cc00-4fae-9688-4d5907596e6e 4710cafb015c4614aa5e6f74b6096eca 35c3b0c7d6a64b6dad96818c49b34e53 - - default default] 10.0.0.79 "GET /v2.0/security-group-rules/b1db0026-662e-4617-b018-ecd2ba666589 HTTP/1.1" status: 200 len: 795 time: 0.0171916
2026-05-19 14:42:56.967 9 INFO neutron.wsgi [None req-b450cbfe-3a6b-48b3-96b0-ce403bf8530a 4710cafb015c4614aa5e6f74b6096eca 35c3b0c7d6a64b6dad96818c49b34e53 - - default default] 10.0.0.79 "GET /v2.0/security-group-rules HTTP/1.1" status: 200 len: 4333 time: 0.0965340
2026-05-19 14:42:57.037 10 INFO neutron.notifiers.nova [-] Nova event matching ['req-8e03b398-ff58-4a88-bf02-0268f451580e'] response: {'server_uuid': '0e8af083-f8e1-4225-9e98-de3982610a0d', 'name': 'network-vif-unplugged', 'status': 'completed', 'tag': '890bfc46-0c87-4a13-aec5-b1c4f3ab59f3', 'code': 200}
2026-05-19 14:42:57.038 10 INFO neutron.notifiers.nova [-] Nova event matching ['req-8e03b398-ff58-4a88-bf02-0268f451580e'] response: {'server_uuid': '0e8af083-f8e1-4225-9e98-de3982610a0d', 'name': 'network-vif-plugged', 'status': 'completed', 'tag': '890bfc46-0c87-4a13-aec5-b1c4f3ab59f3', 'code': 200}
2026-05-19 14:42:57.038 10 INFO neutron.notifiers.nova [-] Nova event matching ['req-8e03b398-ff58-4a88-bf02-0268f451580e'] response: {'server_uuid': '0e8af083-f8e1-4225-9e98-de3982610a0d', 'name': 'network-vif-plugged', 'status': 'completed', 'tag': '890bfc46-0c87-4a13-aec5-b1c4f3ab59f3', 'code': 200}
2026-05-19 14:42:57.102 9 INFO neutron.wsgi [None req-8436f4fd-f92a-4dda-af99-5b682343778c 4710cafb015c4614aa5e6f74b6096eca 35c3b0c7d6a64b6dad96818c49b34e53 - - default default] 10.0.0.79 "DELETE /v2.0/security-group-rules/b1db0026-662e-4617-b018-ecd2ba666589 HTTP/1.1" status: 204 len: 168 time: 0.1304979
2026-05-19 14:42:57.167 9 INFO neutron.wsgi [None req-6573d8ef-24d5-4adf-aaf3-26933b76c64b 4710cafb015c4614aa5e6f74b6096eca 35c3b0c7d6a64b6dad96818c49b34e53 - - default default] 10.0.0.79 "GET /v2.0/security-group-rules HTTP/1.1" status: 200 len: 3755 time: 0.0594602
2026-05-19 14:42:57.177 9 WARNING neutron_lib.context [None req-f95c8e59-15a1-48db-96ba-160b3f3313cd 4710cafb015c4614aa5e6f74b6096eca 35c3b0c7d6a64b6dad96818c49b34e53 - - default default] Method 'is_advsvc' is deprecated since 2023.2 release (neutron-lib 3.8.0) and will be removed once support for the old RBAC API policies will be removed from Neutron. Please use method 'is_service_role' instead.
2026-05-19 14:42:57.223 10 WARNING neutron.scheduler.dhcp_agent_scheduler [None req-04031252-6538-4690-a685-16ad19cde03b 2c9b56e2f2304d7390d646cb55e3aeb1 be59962984294cdb83d08dc58cd24305 - - default default] No more DHCP agents
2026-05-19 14:42:57.225 10 WARNING neutron.api.rpc.agentnotifiers.dhcp_rpc_agent_api [None req-04031252-6538-4690-a685-16ad19cde03b 2c9b56e2f2304d7390d646cb55e3aeb1 be59962984294cdb83d08dc58cd24305 - - default default] Unable to schedule network ef37530b-4bf6-48ff-bdd3-9f27542b5c34: no agents available; will retry on subsequent port and subnet creation events.
2026-05-19 14:42:57.297 9 INFO neutron.db.ovn_revision_numbers_db [None req-f95c8e59-15a1-48db-96ba-160b3f3313cd 4710cafb015c4614aa5e6f74b6096eca 35c3b0c7d6a64b6dad96818c49b34e53 - - default default] Successfully bumped revision number for resource aea68581-0373-44ac-a53a-ccb20be1aeb1 (type: security_group_rules) to 0
2026-05-19 14:42:57.323 9 INFO neutron.wsgi [None req-f95c8e59-15a1-48db-96ba-160b3f3313cd 4710cafb015c4614aa5e6f74b6096eca 35c3b0c7d6a64b6dad96818c49b34e53 - - default default] 10.0.0.79 "POST /v2.0/security-group-rules HTTP/1.1" status: 201 len: 800 time: 0.1503396
2026-05-19 14:42:57.350 9 INFO neutron.wsgi [None req-599e8567-3046-4cba-aeaa-9b4fd591844d 4710cafb015c4614aa5e6f74b6096eca 35c3b0c7d6a64b6dad96818c49b34e53 - - default default] 10.0.0.79 "GET /v2.0/security-group-rules/aea68581-0373-44ac-a53a-ccb20be1aeb1 HTTP/1.1" status: 200 len: 795 time: 0.0208695
2026-05-19 14:42:57.422 10 INFO neutron.db.ovn_revision_numbers_db [None req-04031252-6538-4690-a685-16ad19cde03b 2c9b56e2f2304d7390d646cb55e3aeb1 be59962984294cdb83d08dc58cd24305 - - default default] Successfully bumped revision number for resource 8ed54587-c2ff-487a-a485-da42f949621e (type: ports) to 1
2026-05-19 14:42:57.430 9 INFO neutron.wsgi [None req-959e4f47-b1b6-402d-b28a-fc0d2628df2e 4710cafb015c4614aa5e6f74b6096eca 35c3b0c7d6a64b6dad96818c49b34e53 - - default default] 10.0.0.79 "GET /v2.0/security-group-rules HTTP/1.1" status: 200 len: 4333 time: 0.0752625
2026-05-19 14:42:57.556 9 INFO neutron.wsgi [None req-0cab3176-209a-48e8-b194-ee917a4d0eac 4710cafb015c4614aa5e6f74b6096eca 35c3b0c7d6a64b6dad96818c49b34e53 - - default default] 10.0.0.79 "DELETE /v2.0/security-group-rules/aea68581-0373-44ac-a53a-ccb20be1aeb1 HTTP/1.1" status: 204 len: 168 time: 0.1231306
2026-05-19 14:42:57.621 9 INFO neutron.wsgi [None req-dffe49bc-e952-4007-90a7-8abebfedb5f6 4710cafb015c4614aa5e6f74b6096eca 35c3b0c7d6a64b6dad96818c49b34e53 - - default default] 10.0.0.79 "GET /v2.0/security-group-rules HTTP/1.1" status: 200 len: 3755 time: 0.0572925
2026-05-19 14:42:57.632 9 WARNING neutron_lib.context [None req-cae54c64-152e-4267-8e39-600ba844283f 4710cafb015c4614aa5e6f74b6096eca 35c3b0c7d6a64b6dad96818c49b34e53 - - default default] Method 'is_advsvc' is deprecated since 2023.2 release (neutron-lib 3.8.0) and will be removed once support for the old RBAC API policies will be removed from Neutron. Please use method 'is_service_role' instead.
2026-05-19 14:42:57.797 9 INFO neutron.db.ovn_revision_numbers_db [None req-cae54c64-152e-4267-8e39-600ba844283f 4710cafb015c4614aa5e6f74b6096eca 35c3b0c7d6a64b6dad96818c49b34e53 - - default default] Successfully bumped revision number for resource 6ae83998-9656-497d-9621-c9d7877139e9 (type: security_group_rules) to 0
2026-05-19 14:42:57.830 9 INFO neutron.wsgi [None req-cae54c64-152e-4267-8e39-600ba844283f 4710cafb015c4614aa5e6f74b6096eca 35c3b0c7d6a64b6dad96818c49b34e53 - - default default] 10.0.0.79 "POST /v2.0/security-group-rules HTTP/1.1" status: 201 len: 801 time: 0.2035470
2026-05-19 14:42:57.833 9 INFO neutron.wsgi [None req-c46aa51c-3d60-471e-8f38-07f4fb38cf80 6f9b105d61024b9d8b2c98865e8490d7 aef2772629f84717a50d66b94ca386a5 - - default default] 10.0.0.201 "GET /v2.0/floatingips HTTP/1.1" status: 200 len: 1035 time: 0.2596548
2026-05-19 14:42:57.857 9 INFO neutron.wsgi [None req-a16136a9-2c8f-4c2f-848f-bbfeb27b4769 6f9b105d61024b9d8b2c98865e8490d7 aef2772629f84717a50d66b94ca386a5 - - default default] 10.0.0.201 "GET /v2.0/network-ip-availabilities HTTP/1.1" status: 200 len: 2191 time: 0.0232935
2026-05-19 14:42:57.879 9 INFO neutron.wsgi [None req-b351dffc-5b08-4f90-8e52-faee82682be8 4710cafb015c4614aa5e6f74b6096eca 35c3b0c7d6a64b6dad96818c49b34e53 - - default default] 10.0.0.79 "GET /v2.0/security-group-rules/6ae83998-9656-497d-9621-c9d7877139e9 HTTP/1.1" status: 200 len: 796 time: 0.0396495
2026-05-19 14:42:57.909 9 INFO neutron.wsgi [None req-4dc9985b-8299-482b-9158-c5f3f780f03c 6f9b105d61024b9d8b2c98865e8490d7 aef2772629f84717a50d66b94ca386a5 - - default default] 10.0.0.201 "GET /v2.0/subnets HTTP/1.1" status: 200 len: 2705 time: 0.0503316
2026-05-19 14:42:57.934 9 INFO neutron.wsgi [None req-1e2e7e3b-e1fb-4b26-8c80-56a86d354e79 6f9b105d61024b9d8b2c98865e8490d7 aef2772629f84717a50d66b94ca386a5 - - default default] 10.0.0.201 "GET /v2.0/subnetpools HTTP/1.1" status: 200 len: 193 time: 0.0224979
2026-05-19 14:42:58.026 9 INFO neutron.wsgi [None req-a5997278-7010-42ec-9b02-2e2ad7c9db20 6f9b105d61024b9d8b2c98865e8490d7 aef2772629f84717a50d66b94ca386a5 - - default default] 10.0.0.201 "GET /v2.0/ports HTTP/1.1" status: 200 len: 13693 time: 0.0908656
2026-05-19 14:42:58.036 9 INFO neutron.wsgi [None req-880ed149-159b-480d-a583-28bfc36bd595 4710cafb015c4614aa5e6f74b6096eca 35c3b0c7d6a64b6dad96818c49b34e53 - - default default] 10.0.0.79 "GET /v2.0/security-group-rules HTTP/1.1" status: 200 len: 4334 time: 0.1453202
2026-05-19 14:42:58.061 9 INFO neutron.wsgi [None req-ae006567-9281-4ba7-9696-52604492d4f2 6f9b105d61024b9d8b2c98865e8490d7 aef2772629f84717a50d66b94ca386a5 - - default default] 10.0.0.201 "GET /v2.0/agents HTTP/1.1" status: 200 len: 1390 time: 0.0243468
2026-05-19 14:42:58.133 9 INFO neutron.wsgi [None req-692d534f-4d76-45ef-8ae3-f330d0a13c01 6f9b105d61024b9d8b2c98865e8490d7 aef2772629f84717a50d66b94ca386a5 - - default default] 10.0.0.201 "GET /v2.0/security-groups HTTP/1.1" status: 200 len: 31370 time: 0.0684364
2026-05-19 14:42:58.266 9 INFO neutron.wsgi [None req-dc7f5249-d5e2-426f-9c0a-caf83304cc39 4710cafb015c4614aa5e6f74b6096eca 35c3b0c7d6a64b6dad96818c49b34e53 - - default default] 10.0.0.79 "DELETE /v2.0/security-group-rules/6ae83998-9656-497d-9621-c9d7877139e9 HTTP/1.1" status: 204 len: 168 time: 0.2239642
2026-05-19 14:42:58.343 10 ERROR ovsdbapp.backend.ovs_idl.command [None req-04031252-6538-4690-a685-16ad19cde03b 2c9b56e2f2304d7390d646cb55e3aeb1 be59962984294cdb83d08dc58cd24305 - - default default] Error executing command (DbGetCommand): ovsdbapp.backend.ovs_idl.idlutils.RowNotFound: Cannot find Logical_Router_Port with name=lrp-8ed54587-c2ff-487a-a485-da42f949621e
2026-05-19 14:42:58.343 10 ERROR ovsdbapp.backend.ovs_idl.command
Traceback (most recent call last):
2026-05-19 14:42:58.343 10 ERROR ovsdbapp.backend.ovs_idl.command
File "/var/lib/openstack/lib/python3.10/site-packages/ovsdbapp/backend/ovs_idl/command.py", line 47, in execute
2026-05-19 14:42:58.343 10 ERROR ovsdbapp.backend.ovs_idl.command self.run_idl(None)
2026-05-19 14:42:58.343 10 ERROR ovsdbapp.backend.ovs_idl.command
File "/var/lib/openstack/lib/python3.10/site-packages/ovsdbapp/backend/ovs_idl/command.py", line 235, in run_idl
2026-05-19 14:42:58.343 10 ERROR ovsdbapp.backend.ovs_idl.command record = self.api.lookup(self.table, self.record)
2026-05-19 14:42:58.343 10 ERROR ovsdbapp.backend.ovs_idl.command
File "/var/lib/openstack/lib/python3.10/site-packages/ovsdbapp/backend/ovs_idl/__init__.py", line 184, in lookup
2026-05-19 14:42:58.343 10 ERROR ovsdbapp.backend.ovs_idl.command return self._lookup(table, record)
2026-05-19 14:42:58.343 10 ERROR ovsdbapp.backend.ovs_idl.command
File "/var/lib/openstack/lib/python3.10/site-packages/ovsdbapp/backend/ovs_idl/__init__.py", line 235, in _lookup
2026-05-19 14:42:58.343 10 ERROR ovsdbapp.backend.ovs_idl.command row = idlutils.row_by_value(self, rl.table, rl.column, record)
2026-05-19 14:42:58.343 10 ERROR ovsdbapp.backend.ovs_idl.command
File "/var/lib/openstack/lib/python3.10/site-packages/ovsdbapp/backend/ovs_idl/idlutils.py", line 114, in row_by_value
2026-05-19 14:42:58.343 10 ERROR ovsdbapp.backend.ovs_idl.command raise RowNotFound(table=table, col=column, match=match)
2026-05-19 14:42:58.343 10 ERROR ovsdbapp.backend.ovs_idl.command ovsdbapp.backend.ovs_idl.idlutils.RowNotFound: Cannot find Logical_Router_Port with name=lrp-8ed54587-c2ff-487a-a485-da42f949621e
2026-05-19 14:42:58.343 10 ERROR ovsdbapp.backend.ovs_idl.command 
2026-05-19 14:42:58.344 10 ERROR neutron_lib.callbacks.manager [None req-04031252-6538-4690-a685-16ad19cde03b 2c9b56e2f2304d7390d646cb55e3aeb1 be59962984294cdb83d08dc58cd24305 - - default default] Error during notification for neutron.services.ovn_l3.plugin.OVNL3RouterPlugin._port_update-8733817540335 port, after_update: ovsdbapp.backend.ovs_idl.idlutils.RowNotFound: Cannot find Logical_Router_Port with name=lrp-8ed54587-c2ff-487a-a485-da42f949621e
2026-05-19 14:42:58.344 10 ERROR neutron_lib.callbacks.manager
Traceback (most recent call last):
2026-05-19 14:42:58.344 10 ERROR neutron_lib.callbacks.manager
File "/var/lib/openstack/lib/python3.10/site-packages/neutron_lib/callbacks/manager.py", line 189, in _notify_loop
2026-05-19 14:42:58.344 10 ERROR neutron_lib.callbacks.manager callback.method(resource, event, trigger, payload=payload)
2026-05-19 14:42:58.344 10 ERROR neutron_lib.callbacks.manager
File "/var/lib/openstack/lib/python3.10/site-packages/neutron/services/ovn_l3/plugin.py", line 391, in _port_update
2026-05-19 14:42:58.344 10 ERROR neutron_lib.callbacks.manager l3plugin._ovn_client.update_router_port(context,
2026-05-19 14:42:58.344 10 ERROR neutron_lib.callbacks.manager
File "/var/lib/openstack/lib/python3.10/site-packages/neutron/plugins/ml2/drivers/ovn/mech_driver/ovsdb/ovn_client.py", line 1878, in update_router_port
2026-05-19 14:42:58.344 10 ERROR neutron_lib.callbacks.manager self._update_lrouter_port(context, port, if_exists=if_exists,
2026-05-19 14:42:58.344 10 ERROR neutron_lib.callbacks.manager
File "/var/lib/openstack/lib/python3.10/site-packages/neutron/plugins/ml2/drivers/ovn/mech_driver/ovsdb/ovn_client.py", line 1855, in _update_lrouter_port
2026-05-19 14:42:58.344 10 ERROR neutron_lib.callbacks.manager external_ids = self._nb_idl.db_get(
2026-05-19 14:42:58.344 10 ERROR neutron_lib.callbacks.manager
File "/var/lib/openstack/lib/python3.10/site-packages/ovsdbapp/backend/ovs_idl/command.py", line 47, in execute
2026-05-19 14:42:58.344 10 ERROR neutron_lib.callbacks.manager self.run_idl(None)
2026-05-19 14:42:58.344 10 ERROR neutron_lib.callbacks.manager
File "/var/lib/openstack/lib/python3.10/site-packages/ovsdbapp/backend/ovs_idl/command.py", line 235, in run_idl
2026-05-19 14:42:58.344 10 ERROR neutron_lib.callbacks.manager record = self.api.lookup(self.table, self.record)
2026-05-19 14:42:58.344 10 ERROR neutron_lib.callbacks.manager
File "/var/lib/openstack/lib/python3.10/site-packages/ovsdbapp/backend/ovs_idl/__init__.py", line 184, in lookup
2026-05-19 14:42:58.344 10 ERROR neutron_lib.callbacks.manager return self._lookup(table, record)
2026-05-19 14:42:58.344 10 ERROR neutron_lib.callbacks.manager
File "/var/lib/openstack/lib/python3.10/site-packages/ovsdbapp/backend/ovs_idl/__init__.py", line 235, in _lookup
2026-05-19 14:42:58.344 10 ERROR neutron_lib.callbacks.manager row = idlutils.row_by_value(self, rl.table, rl.column, record)
2026-05-19 14:42:58.344 10 ERROR neutron_lib.callbacks.manager
File "/var/lib/openstack/lib/python3.10/site-packages/ovsdbapp/backend/ovs_idl/idlutils.py", line 114, in row_by_value
2026-05-19 14:42:58.344 10 ERROR neutron_lib.callbacks.manager raise RowNotFound(table=table, col=column, match=match)
2026-05-19 14:42:58.344 10 ERROR neutron_lib.callbacks.manager ovsdbapp.backend.ovs_idl.idlutils.RowNotFound: Cannot find Logical_Router_Port with name=lrp-8ed54587-c2ff-487a-a485-da42f949621e
2026-05-19 14:42:58.344 10 ERROR neutron_lib.callbacks.manager 
2026-05-19 14:42:58.510 9 WARNING neutron_lib.context [None req-d0ed7738-6ff2-42ab-98b2-aeb47fbfdb92 925d431591e34bf199c6d3c2c5488dbf 000724a7fe884ec899e0c10e9230ed7f - - default default] Method 'is_advsvc' is deprecated since 2023.2 release (neutron-lib 3.8.0) and will be removed once support for the old RBAC API policies will be removed from Neutron. Please use method 'is_service_role' instead.
2026-05-19 14:42:58.520 9 INFO neutron.wsgi [None req-e68afb12-a972-4f34-8365-9c8cc7eb5f17 6f9b105d61024b9d8b2c98865e8490d7 aef2772629f84717a50d66b94ca386a5 - - default default] 10.0.0.201 "GET /v2.0/routers HTTP/1.1" status: 200 len: 2117 time: 0.3765254
2026-05-19 14:42:58.538 9 INFO neutron.wsgi [None req-36a1f55f-d353-4db2-a987-e62c87c1d18f 6f9b105d61024b9d8b2c98865e8490d7 aef2772629f84717a50d66b94ca386a5 - - default default] 10.0.0.201 "GET /v2.0/agents?binary=ovn-controller HTTP/1.1" status: 200 len: 591 time: 0.0158355
2026-05-19 14:42:58.569 10 INFO neutron.db.ovn_revision_numbers_db [None req-04031252-6538-4690-a685-16ad19cde03b 2c9b56e2f2304d7390d646cb55e3aeb1 be59962984294cdb83d08dc58cd24305 - - default default] Successfully bumped revision number for resource 8ed54587-c2ff-487a-a485-da42f949621e (type: ports) to 1
2026-05-19 14:42:58.628 10 WARNING neutron.scheduler.dhcp_agent_scheduler [None req-04031252-6538-4690-a685-16ad19cde03b 2c9b56e2f2304d7390d646cb55e3aeb1 be59962984294cdb83d08dc58cd24305 - - default default] No more DHCP agents
2026-05-19 14:42:58.630 10 WARNING neutron.api.rpc.agentnotifiers.dhcp_rpc_agent_api [None req-04031252-6538-4690-a685-16ad19cde03b 2c9b56e2f2304d7390d646cb55e3aeb1 be59962984294cdb83d08dc58cd24305 - - default default] Unable to schedule network ef37530b-4bf6-48ff-bdd3-9f27542b5c34: no agents available; will retry on subsequent port and subnet creation events.
2026-05-19 14:42:58.633 9 INFO neutron.wsgi [None req-7d70a755-13f8-46e4-a5cd-1dfb4631b5eb 4710cafb015c4614aa5e6f74b6096eca 35c3b0c7d6a64b6dad96818c49b34e53 - - default default] 10.0.0.79 "GET /v2.0/security-group-rules HTTP/1.1" status: 200 len: 3755 time: 0.3624249
2026-05-19 14:42:58.651 9 INFO neutron.wsgi [None req-d0ed7738-6ff2-42ab-98b2-aeb47fbfdb92 925d431591e34bf199c6d3c2c5488dbf 000724a7fe884ec899e0c10e9230ed7f - - default default] 10.0.0.79 "POST /v2.0/subnetpools HTTP/1.1" status: 201 len: 747 time: 0.3974979
2026-05-19 14:42:58.676 9 INFO neutron.wsgi [None req-90bbac9e-67f5-432a-abb2-36197449cb3e 6f9b105d61024b9d8b2c98865e8490d7 aef2772629f84717a50d66b94ca386a5 - - default default] 10.0.0.201 "GET /v2.0/networks HTTP/1.1" status: 200 len: 3872 time: 0.1341867
2026-05-19 14:42:58.729 9 INFO neutron.wsgi [None req-3b5212de-e2c0-43e4-a7ec-c2b22cbf40df 925d431591e34bf199c6d3c2c5488dbf 000724a7fe884ec899e0c10e9230ed7f - - default default] 10.0.0.79 "GET /v2.0/subnetpools/62362a43-6d08-4f39-a0bf-71abbd30b893 HTTP/1.1" status: 200 len: 742 time: 0.0738688
2026-05-19 14:42:58.738 9 INFO neutron.wsgi [None req-8900fadb-6a45-4d91-ae51-15af94d7514f 6f9b105d61024b9d8b2c98865e8490d7 aef2772629f84717a50d66b94ca386a5 - - default default] 10.0.0.201 "GET /v2.0/subnets HTTP/1.1" status: 200 len: 2705 time: 0.0513256
2026-05-19 14:42:58.822 10 INFO neutron.wsgi [None req-070006d6-f267-4382-85db-f13bc8c6a36f 925d431591e34bf199c6d3c2c5488dbf 000724a7fe884ec899e0c10e9230ed7f - - default default] 10.0.0.79 "PUT /v2.0/subnetpools/62362a43-6d08-4f39-a0bf-71abbd30b893 HTTP/1.1" status: 200 len: 695 time: 0.0881050
2026-05-19 14:42:58.824 9 INFO neutron.wsgi [None req-57582fb6-4108-4775-89db-664b8d73f746 4710cafb015c4614aa5e6f74b6096eca 35c3b0c7d6a64b6dad96818c49b34e53 - - default default] 10.0.0.79 "DELETE /v2.0/security-groups/2d5064f7-61c0-4ab7-ad9f-3209432adfb1 HTTP/1.1" status: 204 len: 168 time: 0.1834202
2026-05-19 14:42:58.882 10 INFO neutron.wsgi [None req-dc204a70-b304-4cd2-8943-ec4518f93b70 4710cafb015c4614aa5e6f74b6096eca 35c3b0c7d6a64b6dad96818c49b34e53 - - default default] 10.0.0.79 "GET /v2.0/security-groups HTTP/1.1" status: 200 len: 3120 time: 0.0539291
2026-05-19 14:42:58.885 9 INFO neutron.wsgi [None req-e7b80362-a0ad-42a5-b426-8371cbc3bd8f 925d431591e34bf199c6d3c2c5488dbf 000724a7fe884ec899e0c10e9230ed7f - - default default] 10.0.0.79 "DELETE /v2.0/subnetpools/62362a43-6d08-4f39-a0bf-71abbd30b893 HTTP/1.1" status: 204 len: 168 time: 0.0568085
2026-05-19 14:42:58.909 10 INFO neutron.api.v2.resource [None req-5ad9a06f-e4ef-40ba-a417-88d08b9ea512 925d431591e34bf199c6d3c2c5488dbf 000724a7fe884ec899e0c10e9230ed7f - - default default] show failed (client error): The resource could not be found.
2026-05-19 14:42:58.910 10 INFO neutron.wsgi [None req-5ad9a06f-e4ef-40ba-a417-88d08b9ea512 925d431591e34bf199c6d3c2c5488dbf 000724a7fe884ec899e0c10e9230ed7f - - default default] 10.0.0.79 "GET /v2.0/subnetpools/62362a43-6d08-4f39-a0bf-71abbd30b893 HTTP/1.1" status: 404 len: 346 time: 0.0208890
2026-05-19 14:42:58.930 9 INFO neutron.api.v2.resource [None req-8d757145-ad31-46b1-848d-d96b78e84a6e 925d431591e34bf199c6d3c2c5488dbf 000724a7fe884ec899e0c10e9230ed7f - - default default] delete failed (client error): The resource could not be found.
2026-05-19 14:42:58.931 9 INFO neutron.wsgi [None req-8d757145-ad31-46b1-848d-d96b78e84a6e 925d431591e34bf199c6d3c2c5488dbf 000724a7fe884ec899e0c10e9230ed7f - - default default] 10.0.0.79 "DELETE /v2.0/subnetpools/62362a43-6d08-4f39-a0bf-71abbd30b893 HTTP/1.1" status: 404 len: 346 time: 0.0152645
2026-05-19 14:42:58.935 9 INFO neutron.wsgi [None req-372eb34e-e150-423e-b253-b97bfe01fe86 4710cafb015c4614aa5e6f74b6096eca 35c3b0c7d6a64b6dad96818c49b34e53 - - default default] 10.0.0.79 "GET /v2.0/security-groups HTTP/1.1" status: 200 len: 3120 time: 0.0445485
2026-05-19 14:42:59.069 10 INFO neutron.db.ovn_revision_numbers_db [None req-04031252-6538-4690-a685-16ad19cde03b 2c9b56e2f2304d7390d646cb55e3aeb1 be59962984294cdb83d08dc58cd24305 - - default default] Successfully bumped revision number for resource 8ed54587-c2ff-487a-a485-da42f949621e (type: router_ports) to 1
2026-05-19 14:42:59.079 10 INFO neutron.wsgi [None req-04031252-6538-4690-a685-16ad19cde03b 2c9b56e2f2304d7390d646cb55e3aeb1 be59962984294cdb83d08dc58cd24305 - - default default] 10.0.0.79 "PUT /v2.0/routers/346e709c-3eac-47f9-a236-6682017ec81a/add_router_interface HTTP/1.1" status: 200 len: 503 time: 2.6367352
2026-05-19 14:42:59.095 10 WARNING neutron_lib.context [None req-abdfecc4-06c7-46c0-9c8e-7981284bf78e 2c9b56e2f2304d7390d646cb55e3aeb1 be59962984294cdb83d08dc58cd24305 - - default default] Method 'is_advsvc' is deprecated since 2023.2 release (neutron-lib 3.8.0) and will be removed once support for the old RBAC API policies will be removed from Neutron. Please use method 'is_service_role' instead.
2026-05-19 14:42:59.492 10 WARNING neutron.scheduler.dhcp_agent_scheduler [None req-abdfecc4-06c7-46c0-9c8e-7981284bf78e 2c9b56e2f2304d7390d646cb55e3aeb1 be59962984294cdb83d08dc58cd24305 - - default default] No more DHCP agents
2026-05-19 14:42:59.497 10 WARNING neutron.api.rpc.agentnotifiers.dhcp_rpc_agent_api [None req-abdfecc4-06c7-46c0-9c8e-7981284bf78e 2c9b56e2f2304d7390d646cb55e3aeb1 be59962984294cdb83d08dc58cd24305 - - default default] Unable to schedule network ef37530b-4bf6-48ff-bdd3-9f27542b5c34: no agents available; will retry on subsequent port and subnet creation events.
2026-05-19 14:42:59.687 10 INFO neutron.db.ovn_revision_numbers_db [None req-abdfecc4-06c7-46c0-9c8e-7981284bf78e 2c9b56e2f2304d7390d646cb55e3aeb1 be59962984294cdb83d08dc58cd24305 - - default default] Successfully bumped revision number for resource 6bd5ba2d-b6a0-4a19-86d1-f3ee7178845a (type: ports) to 1
2026-05-19 14:42:59.713 10 INFO neutron.wsgi [None req-abdfecc4-06c7-46c0-9c8e-7981284bf78e 2c9b56e2f2304d7390d646cb55e3aeb1 be59962984294cdb83d08dc58cd24305 - - default default] 10.0.0.79 "POST /v2.0/ports HTTP/1.1" status: 201 len: 1154 time: 0.6268473 /var/lib/openstack/lib/python3.10/site-packages/pycadf/identifier.py:71: UserWarning: Invalid uuid: neutron. To ensure interoperability, identifiers should be a valid uuid. warnings.warn(('Invalid uuid: %s. To ensure interoperability, '
2026-05-19 14:42:59.722 10 WARNING neutron_lib.context [None req-d2a6914c-c016-4d46-a130-46e0900fdf60 2c9b56e2f2304d7390d646cb55e3aeb1 be59962984294cdb83d08dc58cd24305 - - default default] Method 'is_advsvc' is deprecated since 2023.2 release (neutron-lib 3.8.0) and will be removed once support for the old RBAC API policies will be removed from Neutron. Please use method 'is_service_role' instead.
2026-05-19 14:42:59.723 9 INFO neutron.wsgi [None req-f7e1cf35-d70d-4233-a186-141864d26849 6f9b105d61024b9d8b2c98865e8490d7 aef2772629f84717a50d66b94ca386a5 - - default default] 10.0.0.79 "GET /v2.0/security-groups?tenant_id=35c3b0c7d6a64b6dad96818c49b34e53&name=default HTTP/1.1" status: 200 len: 3120 time: 0.2254238
2026-05-19 14:42:59.804 9 INFO neutron.db.ovn_revision_numbers_db [None req-a5d96638-1117-4991-b55a-eec1c9bf61b3 6f9b105d61024b9d8b2c98865e8490d7 aef2772629f84717a50d66b94ca386a5 - - default default] Successfully bumped revision number for resource 4db20305-611a-4c3d-a7e5-d1d3195d77b6 (type: security_groups) to 1
2026-05-19 14:42:59.819 9 INFO neutron.db.ovn_revision_numbers_db [None req-a5d96638-1117-4991-b55a-eec1c9bf61b3 6f9b105d61024b9d8b2c98865e8490d7 aef2772629f84717a50d66b94ca386a5 - - default default] Successfully bumped revision number for resource 778d008f-c5cb-456f-91df-0c7c29d8bdda (type: security_group_rules) to 0
2026-05-19 14:42:59.834 9 INFO neutron.db.ovn_revision_numbers_db [None req-a5d96638-1117-4991-b55a-eec1c9bf61b3 6f9b105d61024b9d8b2c98865e8490d7 aef2772629f84717a50d66b94ca386a5 - - default default] Successfully bumped revision number for resource d0a8d80b-0739-4956-a0e0-c284af73a55d (type: security_group_rules) to 0
2026-05-19 14:42:59.853 9 INFO neutron.db.ovn_revision_numbers_db [None req-a5d96638-1117-4991-b55a-eec1c9bf61b3 6f9b105d61024b9d8b2c98865e8490d7 aef2772629f84717a50d66b94ca386a5 - - default default] Successfully bumped revision number for resource d6c0ff97-a1ec-4a4c-b4ee-01fe09f26266 (type: security_group_rules) to 0
2026-05-19 14:42:59.869 9 INFO neutron.db.ovn_revision_numbers_db [None req-a5d96638-1117-4991-b55a-eec1c9bf61b3 6f9b105d61024b9d8b2c98865e8490d7 aef2772629f84717a50d66b94ca386a5 - - default default] Successfully bumped revision number for resource f4ad58b0-2bd7-4891-83e6-61cdf6e4b682 (type: security_group_rules) to 0
2026-05-19 14:42:59.890 9 INFO neutron.wsgi [None req-a5d96638-1117-4991-b55a-eec1c9bf61b3 6f9b105d61024b9d8b2c98865e8490d7 aef2772629f84717a50d66b94ca386a5 - - default default] 10.0.0.79 "GET /v2.0/security-groups?tenant_id=000724a7fe884ec899e0c10e9230ed7f&name=default HTTP/1.1" status: 200 len: 3120 time: 0.3532422
2026-05-19 14:43:00.059 10 INFO neutron.wsgi [None req-55a51adf-80fa-4ccb-8ad7-e04b15bc6a0e 6f9b105d61024b9d8b2c98865e8490d7 aef2772629f84717a50d66b94ca386a5 - - default default] 10.0.0.79 "DELETE /v2.0/security-groups/0c2007d9-7bee-4cce-b9f3-82222d621bdd HTTP/1.1" status: 204 len: 168 time: 0.3314304
2026-05-19 14:43:00.137 10 WARNING neutron.scheduler.dhcp_agent_scheduler [None req-d2a6914c-c016-4d46-a130-46e0900fdf60 2c9b56e2f2304d7390d646cb55e3aeb1 be59962984294cdb83d08dc58cd24305 - - default default] No more DHCP agents
2026-05-19 14:43:00.140 10 WARNING neutron.api.rpc.agentnotifiers.dhcp_rpc_agent_api [None req-d2a6914c-c016-4d46-a130-46e0900fdf60 2c9b56e2f2304d7390d646cb55e3aeb1 be59962984294cdb83d08dc58cd24305 - - default default] Unable to schedule network ef37530b-4bf6-48ff-bdd3-9f27542b5c34: no agents available; will retry on subsequent port and subnet creation events.
2026-05-19 14:43:00.148 9 INFO neutron.wsgi [None req-f935f0fd-98e6-4493-be83-efcab52854b4 6f9b105d61024b9d8b2c98865e8490d7 aef2772629f84717a50d66b94ca386a5 - - default default] 10.0.0.79 "DELETE /v2.0/security-groups/4db20305-611a-4c3d-a7e5-d1d3195d77b6 HTTP/1.1" status: 204 len: 168 time: 0.2514160
2026-05-19 14:43:00.304 10 INFO neutron.db.ovn_revision_numbers_db [None req-d2a6914c-c016-4d46-a130-46e0900fdf60 2c9b56e2f2304d7390d646cb55e3aeb1 be59962984294cdb83d08dc58cd24305 - - default default] Successfully bumped revision number for resource 81635fe5-da28-4a8e-b40b-62d72ffbef20 (type: ports) to 1
2026-05-19 14:43:00.341 10 INFO neutron.wsgi [None req-d2a6914c-c016-4d46-a130-46e0900fdf60 2c9b56e2f2304d7390d646cb55e3aeb1 be59962984294cdb83d08dc58cd24305 - - default default] 10.0.0.79 "POST /v2.0/ports HTTP/1.1" status: 201 len: 1157 time: 0.6235456 /var/lib/openstack/lib/python3.10/site-packages/pycadf/identifier.py:71: UserWarning: Invalid uuid: neutron. To ensure interoperability, identifiers should be a valid uuid. warnings.warn(('Invalid uuid: %s. To ensure interoperability, '
2026-05-19 14:43:00.358 10 WARNING neutron_lib.context [None req-e2c864fd-8336-43b7-80b3-87db277d57ab 2c9b56e2f2304d7390d646cb55e3aeb1 be59962984294cdb83d08dc58cd24305 - - default default] Method 'is_advsvc' is deprecated since 2023.2 release (neutron-lib 3.8.0) and will be removed once support for the old RBAC API policies will be removed from Neutron. Please use method 'is_service_role' instead.
2026-05-19 14:43:00.624 10 WARNING neutron.scheduler.dhcp_agent_scheduler [None req-e2c864fd-8336-43b7-80b3-87db277d57ab 2c9b56e2f2304d7390d646cb55e3aeb1 be59962984294cdb83d08dc58cd24305 - - default default] No more DHCP agents
2026-05-19 14:43:00.626 10 WARNING neutron.api.rpc.agentnotifiers.dhcp_rpc_agent_api [None req-e2c864fd-8336-43b7-80b3-87db277d57ab 2c9b56e2f2304d7390d646cb55e3aeb1 be59962984294cdb83d08dc58cd24305 - - default default] Unable to schedule network b19f39dd-e3f2-40a8-8cbf-a0ccd40798de: no agents available; will retry on subsequent port and subnet creation events.
2026-05-19 14:43:01.059 9 WARNING neutron.plugins.ml2.drivers.ovn.mech_driver.ovsdb.ovn_client [None req-ef2f1446-2720-4e2b-b689-140f49dd0908 - - - - - -] No hosting information found for port 30ddc6fa-01b3-4d64-97c5-4e8b91ca8040: RuntimeError: No hosting information found for port 30ddc6fa-01b3-4d64-97c5-4e8b91ca8040
2026-05-19 14:43:01.060 9 INFO neutron.plugins.ml2.drivers.ovn.mech_driver.mech_driver [None req-ef2f1446-2720-4e2b-b689-140f49dd0908 - - - - - -] OVN reports status up for port: 8ed54587-c2ff-487a-a485-da42f949621e
2026-05-19 14:43:01.066 9 INFO neutron.plugins.ml2.plugin [None req-ef2f1446-2720-4e2b-b689-140f49dd0908 - - - - - -] Attempt 1 to provision port 8ed54587-c2ff-487a-a485-da42f949621e
2026-05-19 14:43:01.335 10 INFO neutron.db.ovn_revision_numbers_db [None req-e2c864fd-8336-43b7-80b3-87db277d57ab 2c9b56e2f2304d7390d646cb55e3aeb1 be59962984294cdb83d08dc58cd24305 - - default default] Successfully bumped revision number for resource a59e5ece-e2bf-44b8-a6f0-1b154615faf6 (type: floatingips) to -1
2026-05-19 14:43:01.486 10 INFO neutron.db.ovn_revision_numbers_db [None req-e2c864fd-8336-43b7-80b3-87db277d57ab 2c9b56e2f2304d7390d646cb55e3aeb1 be59962984294cdb83d08dc58cd24305 - - default default] Successfully bumped revision number for resource a59e5ece-e2bf-44b8-a6f0-1b154615faf6 (type: floatingips) to 1
2026-05-19 14:43:01.487 10 INFO neutron.db.l3_db [None req-e2c864fd-8336-43b7-80b3-87db277d57ab 2c9b56e2f2304d7390d646cb55e3aeb1 be59962984294cdb83d08dc58cd24305 - - default default] Floating IP a59e5ece-e2bf-44b8-a6f0-1b154615faf6 associated. External IP: 10.96.250.210, port: 81635fe5-da28-4a8e-b40b-62d72ffbef20.
2026-05-19 14:43:01.526 10 INFO neutron.wsgi [None req-e2c864fd-8336-43b7-80b3-87db277d57ab 2c9b56e2f2304d7390d646cb55e3aeb1 be59962984294cdb83d08dc58cd24305 - - default default] 10.0.0.79 "POST /v2.0/floatingips HTTP/1.1" status: 201 len: 1041 time: 1.1773744
2026-05-19 14:43:01.548 9 INFO neutron.db.ovn_revision_numbers_db [None req-ef2f1446-2720-4e2b-b689-140f49dd0908 - - - - - -] Successfully bumped revision number for resource 8ed54587-c2ff-487a-a485-da42f949621e (type: ports) to 2
2026-05-19 14:43:01.682 9 INFO neutron.db.ovn_revision_numbers_db [None req-ef2f1446-2720-4e2b-b689-140f49dd0908 - - - - - -] Successfully bumped revision number for resource 8ed54587-c2ff-487a-a485-da42f949621e (type: router_ports) to 2
2026-05-19 14:43:01.719 10 INFO neutron.db.ovn_revision_numbers_db [None req-11c30536-83a7-4f36-9387-db3998f5cf87 2c9b56e2f2304d7390d646cb55e3aeb1 be59962984294cdb83d08dc58cd24305 - - default default] Successfully bumped revision number for resource a59e5ece-e2bf-44b8-a6f0-1b154615faf6 (type: floatingips) to 2
2026-05-19 14:43:01.787 10 INFO neutron.db.l3_db [None req-11c30536-83a7-4f36-9387-db3998f5cf87 2c9b56e2f2304d7390d646cb55e3aeb1 be59962984294cdb83d08dc58cd24305 - - default default] Floating IP a59e5ece-e2bf-44b8-a6f0-1b154615faf6 disassociated. External IP: 10.96.250.210, port: 81635fe5-da28-4a8e-b40b-62d72ffbef20.
2026-05-19 14:43:01.823 10 INFO neutron.wsgi [None req-11c30536-83a7-4f36-9387-db3998f5cf87 2c9b56e2f2304d7390d646cb55e3aeb1 be59962984294cdb83d08dc58cd24305 - - default default] 10.0.0.79 "PUT /v2.0/floatingips/a59e5ece-e2bf-44b8-a6f0-1b154615faf6 HTTP/1.1" status: 200 len: 748 time: 0.2915237
2026-05-19 14:43:02.066 9 INFO neutron.wsgi [-] 10.0.0.138 "GET / HTTP/1.1" status: 200 len: 246 time: 0.0019424
2026-05-19 14:43:02.068 9 INFO neutron.wsgi [-] 10.0.0.138 "GET / HTTP/1.1" status: 200 len: 246 time: 0.0013545
2026-05-19 14:43:02.159 10 INFO neutron.wsgi [None req-db25b66c-c568-4b8a-85c0-45b275decb1a 2c9b56e2f2304d7390d646cb55e3aeb1 be59962984294cdb83d08dc58cd24305 - - default default] 10.0.0.79 "DELETE /v2.0/floatingips/a59e5ece-e2bf-44b8-a6f0-1b154615faf6 HTTP/1.1" status: 204 len: 168 time: 0.3308170
2026-05-19 14:43:02.178 10 WARNING neutron_lib.context [None req-cff23e5a-0f5d-4565-aae2-c7203489d183 2c9b56e2f2304d7390d646cb55e3aeb1 be59962984294cdb83d08dc58cd24305 - - default default] Method 'is_advsvc' is deprecated since 2023.2 release (neutron-lib 3.8.0) and will be removed once support for the old RBAC API policies will be removed from Neutron. Please use method 'is_service_role' instead.
2026-05-19 14:43:02.434 10 WARNING neutron.scheduler.dhcp_agent_scheduler [None req-cff23e5a-0f5d-4565-aae2-c7203489d183 2c9b56e2f2304d7390d646cb55e3aeb1 be59962984294cdb83d08dc58cd24305 - - default default] No more DHCP agents
2026-05-19 14:43:02.436 10 WARNING neutron.api.rpc.agentnotifiers.dhcp_rpc_agent_api [None req-cff23e5a-0f5d-4565-aae2-c7203489d183 2c9b56e2f2304d7390d646cb55e3aeb1 be59962984294cdb83d08dc58cd24305 - - default default] Unable to schedule network b19f39dd-e3f2-40a8-8cbf-a0ccd40798de: no agents available; will retry on subsequent port and subnet creation events.
2026-05-19 14:43:03.363 10 INFO neutron.db.ovn_revision_numbers_db [None req-cff23e5a-0f5d-4565-aae2-c7203489d183 2c9b56e2f2304d7390d646cb55e3aeb1 be59962984294cdb83d08dc58cd24305 - - default default] Successfully bumped revision number for resource a851d292-ae0d-4f75-98dd-a1efa40aa1df (type: floatingips) to -1
2026-05-19 14:43:03.494 10 INFO neutron.db.ovn_revision_numbers_db [None req-cff23e5a-0f5d-4565-aae2-c7203489d183 2c9b56e2f2304d7390d646cb55e3aeb1 be59962984294cdb83d08dc58cd24305 - - default default] Successfully bumped revision number for resource a851d292-ae0d-4f75-98dd-a1efa40aa1df (type: floatingips) to 1
2026-05-19 14:43:03.495 10 INFO neutron.db.l3_db [None req-cff23e5a-0f5d-4565-aae2-c7203489d183 2c9b56e2f2304d7390d646cb55e3aeb1 be59962984294cdb83d08dc58cd24305 - - default default] Floating IP a851d292-ae0d-4f75-98dd-a1efa40aa1df associated. External IP: 10.96.250.210, port: 6bd5ba2d-b6a0-4a19-86d1-f3ee7178845a.
2026-05-19 14:43:03.575 10 INFO neutron.wsgi [None req-cff23e5a-0f5d-4565-aae2-c7203489d183 2c9b56e2f2304d7390d646cb55e3aeb1 be59962984294cdb83d08dc58cd24305 - - default default] 10.0.0.79 "POST /v2.0/floatingips HTTP/1.1" status: 201 len: 1041 time: 1.4053087
2026-05-19 14:43:03.627 10 INFO neutron.wsgi [None req-89b4f86a-4e33-44cb-90f5-1884d59cc87a 2c9b56e2f2304d7390d646cb55e3aeb1 be59962984294cdb83d08dc58cd24305 - - default default] 10.0.0.79 "GET /v2.0/floatingips/a851d292-ae0d-4f75-98dd-a1efa40aa1df HTTP/1.1" status: 200 len: 1038 time: 0.0471873
2026-05-19 14:43:03.707 10 INFO neutron.wsgi [None req-725622fc-a75b-493f-ae56-e3f0410b14a3 2c9b56e2f2304d7390d646cb55e3aeb1 be59962984294cdb83d08dc58cd24305 - - default default] 10.0.0.79 "GET /v2.0/floatingips HTTP/1.1" status: 200 len: 1041 time: 0.0752139
2026-05-19 14:43:04.409 10 INFO neutron.db.ovn_revision_numbers_db [None req-4918d8a4-b7b6-4720-8c13-9be8c662f165 2c9b56e2f2304d7390d646cb55e3aeb1 be59962984294cdb83d08dc58cd24305 - - default default] Successfully bumped revision number for resource a851d292-ae0d-4f75-98dd-a1efa40aa1df (type: floatingips) to 2
2026-05-19 14:43:04.561 10 INFO neutron.db.ovn_revision_numbers_db [None req-4918d8a4-b7b6-4720-8c13-9be8c662f165 2c9b56e2f2304d7390d646cb55e3aeb1 be59962984294cdb83d08dc58cd24305 - - default default] Successfully bumped revision number for resource a851d292-ae0d-4f75-98dd-a1efa40aa1df (type: floatingips) to 2
2026-05-19 14:43:04.562 10 INFO neutron.db.l3_db [None req-4918d8a4-b7b6-4720-8c13-9be8c662f165 2c9b56e2f2304d7390d646cb55e3aeb1 be59962984294cdb83d08dc58cd24305 - - default default] Floating IP a851d292-ae0d-4f75-98dd-a1efa40aa1df associated. External IP: 10.96.250.210, port: 6bd5ba2d-b6a0-4a19-86d1-f3ee7178845a.
2026-05-19 14:43:04.640 10 INFO neutron.wsgi [None req-4918d8a4-b7b6-4720-8c13-9be8c662f165 2c9b56e2f2304d7390d646cb55e3aeb1 be59962984294cdb83d08dc58cd24305 - - default default] 10.0.0.79 "PUT /v2.0/floatingips/a851d292-ae0d-4f75-98dd-a1efa40aa1df HTTP/1.1" status: 200 len: 1038 time: 0.9184604 /var/lib/openstack/lib/python3.10/site-packages/pycadf/identifier.py:71: UserWarning: Invalid uuid: neutron. To ensure interoperability, identifiers should be a valid uuid. warnings.warn(('Invalid uuid: %s. To ensure interoperability, '
2026-05-19 14:43:04.901 10 INFO neutron.db.ovn_revision_numbers_db [None req-814b6eb0-a786-4438-a60e-b69d761a5830 2c9b56e2f2304d7390d646cb55e3aeb1 be59962984294cdb83d08dc58cd24305 - - default default] Successfully bumped revision number for resource a851d292-ae0d-4f75-98dd-a1efa40aa1df (type: floatingips) to 3
2026-05-19 14:43:04.975 10 INFO neutron.db.l3_db [None req-814b6eb0-a786-4438-a60e-b69d761a5830 2c9b56e2f2304d7390d646cb55e3aeb1 be59962984294cdb83d08dc58cd24305 - - default default] Floating IP a851d292-ae0d-4f75-98dd-a1efa40aa1df disassociated. External IP: 10.96.250.210, port: 81635fe5-da28-4a8e-b40b-62d72ffbef20.
2026-05-19 14:43:05.008 10 INFO neutron.wsgi [None req-814b6eb0-a786-4438-a60e-b69d761a5830 2c9b56e2f2304d7390d646cb55e3aeb1 be59962984294cdb83d08dc58cd24305 - - default default] 10.0.0.79 "PUT /v2.0/floatingips/a851d292-ae0d-4f75-98dd-a1efa40aa1df HTTP/1.1" status: 200 len: 748 time: 0.3612847 /var/lib/openstack/lib/python3.10/site-packages/pycadf/identifier.py:71: UserWarning: Invalid uuid: neutron. To ensure interoperability, identifiers should be a valid uuid. warnings.warn(('Invalid uuid: %s. To ensure interoperability, '
2026-05-19 14:43:05.415 10 INFO neutron.wsgi [None req-53cf8c25-d937-4e30-8caf-311ba5e0da4a 2c9b56e2f2304d7390d646cb55e3aeb1 be59962984294cdb83d08dc58cd24305 - - default default] 10.0.0.79 "DELETE /v2.0/floatingips/a851d292-ae0d-4f75-98dd-a1efa40aa1df HTTP/1.1" status: 204 len: 168 time: 0.4005842
2026-05-19 14:43:05.449 10 INFO neutron.api.v2.resource [None req-83aa3a2e-7f2b-494d-983e-64b08f0d48b5 2c9b56e2f2304d7390d646cb55e3aeb1 be59962984294cdb83d08dc58cd24305 - - default default] delete failed (client error): The resource could not be found.
2026-05-19 14:43:05.451 10 INFO neutron.wsgi [None req-83aa3a2e-7f2b-494d-983e-64b08f0d48b5 2c9b56e2f2304d7390d646cb55e3aeb1 be59962984294cdb83d08dc58cd24305 - - default default] 10.0.0.79 "DELETE /v2.0/floatingips/a851d292-ae0d-4f75-98dd-a1efa40aa1df HTTP/1.1" status: 404 len: 345 time: 0.0285349
