+ exec neutron-metadata-agent --config-file /etc/neutron/neutron.conf --config-file /tmp/pod-shared/neutron-agent.ini --config-file /etc/neutron/metadata_agent.ini 3 RLock(s) were not greened, to fix this error make sure you run eventlet.monkey_patch() before importing any other modules. /var/lib/openstack/lib/python3.12/site-packages/pecan/core.py:320: SyntaxWarning: invalid escape sequence '\*' ''' /var/lib/openstack/lib/python3.12/site-packages/pecan/routing.py:48: SyntaxWarning: invalid escape sequence '\(' '^[0-9a-zA-Z-_$\(\)\.~!,;:*+@=]+$', route
2026-06-09 22:58:03.799 39 INFO neutron.common.config [-] Logging enabled!
2026-06-09 22:58:03.799 39 INFO neutron.common.config [-] /var/lib/openstack/bin/neutron-metadata-agent version 25.2.4.dev2
2026-06-09 22:58:03.816 39 INFO oslo_service.service [None req-d9f57330-9d6a-43fe-8274-0ceb4978ac6b - - - - - -] Starting 2 workers
2026-06-09 22:58:03.826 48 INFO eventlet.wsgi.server [-] (48) wsgi starting up on http:/var/lib/neutron/openstack-helm/metadata_proxy
2026-06-09 22:58:03.826 47 INFO eventlet.wsgi.server [-] (47) wsgi starting up on http:/var/lib/neutron/openstack-helm/metadata_proxy
2026-06-09 22:59:43.163 48 ERROR neutron.agent.metadata.agent [-] No port found in network None with IP address 169.254.169.254
2026-06-09 22:59:43.165 48 INFO eventlet.wsgi.server [-] 169.254.169.254, "GET / HTTP/1.1" status: 404 len: 176 time: 1.0629964
2026-06-09 23:01:35.856 48 ERROR neutron.agent.metadata.agent [-] No port found in network None with IP address 169.254.169.254
2026-06-09 23:01:35.857 48 INFO eventlet.wsgi.server [-] 169.254.169.254, "GET / HTTP/1.1" status: 404 len: 176 time: 0.0059204
2026-06-09 23:04:45.822 48 ERROR neutron.agent.metadata.agent [-] No port found in network None with IP address 169.254.169.254
2026-06-09 23:04:45.822 48 INFO eventlet.wsgi.server [-] 169.254.169.254, "GET / HTTP/1.1" status: 404 len: 176 time: 0.0088692
2026-06-09 23:05:15.869 47 ERROR neutron.agent.metadata.agent [-] No port found in network None with IP address 169.254.169.254
2026-06-09 23:05:15.870 47 INFO eventlet.wsgi.server [-] 169.254.169.254, "GET / HTTP/1.1" status: 404 len: 176 time: 0.0097382
2026-06-09 23:07:55.802 47 ERROR neutron.agent.metadata.agent [-] No port found in network None with IP address 169.254.169.254
2026-06-09 23:07:55.803 47 INFO eventlet.wsgi.server [-] 169.254.169.254, "GET / HTTP/1.1" status: 404 len: 176 time: 0.0089488
2026-06-09 23:11:06.949 47 ERROR neutron.agent.metadata.agent [-] No port found in network None with IP address 169.254.169.254
2026-06-09 23:11:06.950 47 INFO eventlet.wsgi.server [-] 169.254.169.254, "GET / HTTP/1.1" status: 404 len: 176 time: 1.0724523
2026-06-09 23:14:15.821 48 ERROR neutron.agent.metadata.agent [-] No port found in network None with IP address 169.254.169.254
2026-06-09 23:14:15.822 48 INFO eventlet.wsgi.server [-] 169.254.169.254, "GET / HTTP/1.1" status: 404 len: 176 time: 0.0069175
2026-06-09 23:15:15.902 47 ERROR neutron.agent.metadata.agent [-] No port found in network None with IP address 169.254.169.254
2026-06-09 23:15:15.903 47 INFO eventlet.wsgi.server [-] 169.254.169.254, "GET / HTTP/1.1" status: 404 len: 176 time: 0.0059965
2026-06-09 23:17:25.847 48 ERROR neutron.agent.metadata.agent [-] No port found in network None with IP address 169.254.169.254
2026-06-09 23:17:25.847 48 INFO eventlet.wsgi.server [-] 169.254.169.254, "GET / HTTP/1.1" status: 404 len: 176 time: 0.0038304
2026-06-09 23:20:35.999 47 ERROR neutron.agent.metadata.agent [-] No port found in network None with IP address 169.254.169.254
2026-06-09 23:20:36.000 47 INFO eventlet.wsgi.server [-] 169.254.169.254, "GET / HTTP/1.1" status: 404 len: 176 time: 0.0129113
2026-06-09 23:23:46.850 47 ERROR neutron.agent.metadata.agent [-] No port found in network None with IP address 169.254.169.254
2026-06-09 23:23:46.851 47 INFO eventlet.wsgi.server [-] 169.254.169.254, "GET / HTTP/1.1" status: 404 len: 176 time: 1.0141013
2026-06-09 23:25:15.797 48 ERROR neutron.agent.metadata.agent [-] No port found in network None with IP address 169.254.169.254
2026-06-09 23:25:15.798 48 INFO eventlet.wsgi.server [-] 169.254.169.254, "GET / HTTP/1.1" status: 404 len: 176 time: 0.0053649
2026-06-09 23:26:55.829 48 ERROR neutron.agent.metadata.agent [-] No port found in network None with IP address 169.254.169.254
2026-06-09 23:26:55.830 48 INFO eventlet.wsgi.server [-] 169.254.169.254, "GET / HTTP/1.1" status: 404 len: 176 time: 0.0056479
2026-06-09 23:30:05.955 47 ERROR neutron.agent.metadata.agent [-] No port found in network None with IP address 169.254.169.254
2026-06-09 23:30:05.956 47 INFO eventlet.wsgi.server [-] 169.254.169.254, "GET / HTTP/1.1" status: 404 len: 176 time: 0.0083899
2026-06-09 23:31:13.231 48 INFO eventlet.wsgi.server [-] 10.100.0.12, "GET /2009-04-04/meta-data/instance-id HTTP/1.1" status: 200 len: 146 time: 1.4994676
2026-06-09 23:31:13.272 47 INFO eventlet.wsgi.server [-] 10.100.0.12, "GET /2009-04-04/meta-data/public-keys HTTP/1.1" status: 200 len: 164 time: 0.0333927
2026-06-09 23:31:13.287 48 INFO eventlet.wsgi.server [-] 10.100.0.12, "GET /2009-04-04/meta-data/public-keys/0/openssh-key HTTP/1.1" status: 200 len: 341 time: 0.0109625
2026-06-09 23:31:13.299 48 INFO eventlet.wsgi.server [-] 10.100.0.12, "GET /2009-04-04/meta-data/instance-id HTTP/1.1" status: 200 len: 146 time: 0.0087309
2026-06-09 23:31:13.313 47 INFO eventlet.wsgi.server [-] 10.100.0.12, "GET /2009-04-04/meta-data/ami-launch-index HTTP/1.1" status: 200 len: 136 time: 0.0093503
2026-06-09 23:31:13.326 48 INFO eventlet.wsgi.server [-] 10.100.0.12, "GET /2009-04-04/meta-data/instance-type HTTP/1.1" status: 200 len: 142 time: 0.0090835
2026-06-09 23:31:13.343 47 INFO eventlet.wsgi.server [-] 10.100.0.12, "GET /2009-04-04/meta-data/local-ipv4 HTTP/1.1" status: 200 len: 147 time: 0.0115452
2026-06-09 23:31:13.359 47 INFO eventlet.wsgi.server [-] 10.100.0.12, "GET /2009-04-04/meta-data/public-ipv4 HTTP/1.1" status: 200 len: 149 time: 0.0130944
2026-06-09 23:31:13.373 48 INFO eventlet.wsgi.server [-] 10.100.0.12, "GET /2009-04-04/meta-data/hostname HTTP/1.1" status: 200 len: 201 time: 0.0100634
2026-06-09 23:31:13.390 47 INFO eventlet.wsgi.server [-] 10.100.0.12, "GET /2009-04-04/meta-data/local-hostname HTTP/1.1" status: 200 len: 201 time: 0.0129142
2026-06-09 23:31:13.441 48 INFO eventlet.wsgi.server [-] 10.100.0.12, "GET /2009-04-04/user-data HTTP/1.1" status: 200 len: 231 time: 0.0124216
2026-06-09 23:31:13.455 48 INFO eventlet.wsgi.server [-] 10.100.0.12, "GET /2009-04-04/meta-data/block-device-mapping HTTP/1.1" status: 200 len: 143 time: 0.0096591
2026-06-09 23:31:13.469 48 INFO eventlet.wsgi.server [-] 10.100.0.12, "GET /2009-04-04/meta-data/block-device-mapping/ami HTTP/1.1" status: 200 len: 138 time: 0.0103338
2026-06-09 23:31:13.482 48 INFO eventlet.wsgi.server [-] 10.100.0.12, "GET /2009-04-04/meta-data/block-device-mapping/root HTTP/1.1" status: 200 len: 143 time: 0.0095601
2026-06-09 23:31:13.505 48 INFO eventlet.wsgi.server [-] 10.100.0.12, "GET /2009-04-04/meta-data/public-hostname HTTP/1.1" status: 200 len: 201 time: 0.0192928
2026-06-09 23:31:13.522 47 INFO eventlet.wsgi.server [-] 10.100.0.12, "GET /2009-04-04/meta-data/placement/availability-zone HTTP/1.1" status: 200 len: 139 time: 0.0116556
2026-06-09 23:31:16.376 47 INFO eventlet.wsgi.server [-] 10.100.0.12, "GET /2009-04-04/meta-data/instance-id HTTP/1.1" status: 200 len: 146 time: 0.6615181
2026-06-09 23:31:16.408 47 INFO eventlet.wsgi.server [-] 10.100.0.12, "GET /2009-04-04/meta-data/public-keys HTTP/1.1" status: 200 len: 164 time: 0.0197682
2026-06-09 23:31:16.431 47 INFO eventlet.wsgi.server [-] 10.100.0.12, "GET /2009-04-04/meta-data/public-keys/0/openssh-key HTTP/1.1" status: 200 len: 341 time: 0.0174780
2026-06-09 23:31:16.444 47 INFO eventlet.wsgi.server [-] 10.100.0.12, "GET /2009-04-04/meta-data/instance-id HTTP/1.1" status: 200 len: 146 time: 0.0088305
2026-06-09 23:31:16.467 47 INFO eventlet.wsgi.server [-] 10.100.0.12, "GET /2009-04-04/meta-data/ami-launch-index HTTP/1.1" status: 200 len: 136 time: 0.0176604
2026-06-09 23:31:16.487 48 INFO eventlet.wsgi.server [-] 10.100.0.12, "GET /2009-04-04/meta-data/instance-type HTTP/1.1" status: 200 len: 142 time: 0.0144527
2026-06-09 23:31:16.505 48 INFO eventlet.wsgi.server [-] 10.100.0.12, "GET /2009-04-04/meta-data/local-ipv4 HTTP/1.1" status: 200 len: 147 time: 0.0116861
2026-06-09 23:31:16.526 48 INFO eventlet.wsgi.server [-] 10.100.0.12, "GET /2009-04-04/meta-data/public-ipv4 HTTP/1.1" status: 200 len: 149 time: 0.0146883
2026-06-09 23:31:16.543 48 INFO eventlet.wsgi.server [-] 10.100.0.12, "GET /2009-04-04/meta-data/hostname HTTP/1.1" status: 200 len: 193 time: 0.0115535
2026-06-09 23:31:16.559 48 INFO eventlet.wsgi.server [-] 10.100.0.12, "GET /2009-04-04/meta-data/local-hostname HTTP/1.1" status: 200 len: 193 time: 0.0079668
2026-06-09 23:31:16.599 48 INFO eventlet.wsgi.server [-] 10.100.0.12, "GET /2009-04-04/user-data HTTP/1.1" status: 200 len: 231 time: 0.0117252
2026-06-09 23:31:16.617 48 INFO eventlet.wsgi.server [-] 10.100.0.12, "GET /2009-04-04/meta-data/block-device-mapping HTTP/1.1" status: 200 len: 143 time: 0.0103471
2026-06-09 23:31:16.639 48 INFO eventlet.wsgi.server [-] 10.100.0.12, "GET /2009-04-04/meta-data/block-device-mapping/ami HTTP/1.1" status: 200 len: 138 time: 0.0170135
2026-06-09 23:31:16.659 48 INFO eventlet.wsgi.server [-] 10.100.0.12, "GET /2009-04-04/meta-data/block-device-mapping/root HTTP/1.1" status: 200 len: 143 time: 0.0115483
2026-06-09 23:31:16.679 47 INFO eventlet.wsgi.server [-] 10.100.0.12, "GET /2009-04-04/meta-data/public-hostname HTTP/1.1" status: 200 len: 193 time: 0.0128736
2026-06-09 23:31:16.700 47 INFO eventlet.wsgi.server [-] 10.100.0.12, "GET /2009-04-04/meta-data/placement/availability-zone HTTP/1.1" status: 200 len: 139 time: 0.0118363
2026-06-09 23:31:54.358 48 INFO eventlet.wsgi.server [-] 10.100.0.12, "GET /2009-04-04/meta-data/instance-id HTTP/1.1" status: 200 len: 146 time: 1.4081326
2026-06-09 23:31:54.377 48 INFO eventlet.wsgi.server [-] 10.100.0.12, "GET /2009-04-04/meta-data/public-keys HTTP/1.1" status: 200 len: 164 time: 0.0121646
2026-06-09 23:31:54.391 48 INFO eventlet.wsgi.server [-] 10.100.0.12, "GET /2009-04-04/meta-data/public-keys/0/openssh-key HTTP/1.1" status: 200 len: 341 time: 0.0106082
2026-06-09 23:31:54.410 48 INFO eventlet.wsgi.server [-] 10.100.0.12, "GET /2009-04-04/meta-data/instance-id HTTP/1.1" status: 200 len: 146 time: 0.0137615
2026-06-09 23:31:54.425 48 INFO eventlet.wsgi.server [-] 10.100.0.12, "GET /2009-04-04/meta-data/ami-launch-index HTTP/1.1" status: 200 len: 136 time: 0.0095932
2026-06-09 23:31:54.445 48 INFO eventlet.wsgi.server [-] 10.100.0.12, "GET /2009-04-04/meta-data/instance-type HTTP/1.1" status: 200 len: 142 time: 0.0138617
2026-06-09 23:31:54.475 47 INFO eventlet.wsgi.server [-] 10.100.0.12, "GET /2009-04-04/meta-data/local-ipv4 HTTP/1.1" status: 200 len: 147 time: 0.0227327
2026-06-09 23:31:54.495 47 INFO eventlet.wsgi.server [-] 10.100.0.12, "GET /2009-04-04/meta-data/public-ipv4 HTTP/1.1" status: 200 len: 149 time: 0.0143676
2026-06-09 23:31:54.516 47 INFO eventlet.wsgi.server [-] 10.100.0.12, "GET /2009-04-04/meta-data/hostname HTTP/1.1" status: 200 len: 193 time: 0.0138848
2026-06-09 23:31:54.537 47 INFO eventlet.wsgi.server [-] 10.100.0.12, "GET /2009-04-04/meta-data/local-hostname HTTP/1.1" status: 200 len: 193 time: 0.0155621
2026-06-09 23:31:54.557 47 INFO eventlet.wsgi.server [-] 10.100.0.12, "GET /2009-04-04/user-data HTTP/1.1" status: 200 len: 231 time: 0.0142124
2026-06-09 23:31:54.578 48 INFO eventlet.wsgi.server [-] 10.100.0.12, "GET /2009-04-04/meta-data/block-device-mapping HTTP/1.1" status: 200 len: 143 time: 0.0132339
2026-06-09 23:31:54.597 48 INFO eventlet.wsgi.server [-] 10.100.0.12, "GET /2009-04-04/meta-data/block-device-mapping/ami HTTP/1.1" status: 200 len: 138 time: 0.0133064
2026-06-09 23:31:54.615 48 INFO eventlet.wsgi.server [-] 10.100.0.12, "GET /2009-04-04/meta-data/block-device-mapping/root HTTP/1.1" status: 200 len: 143 time: 0.0135467
2026-06-09 23:31:54.633 47 INFO eventlet.wsgi.server [-] 10.100.0.12, "GET /2009-04-04/meta-data/public-hostname HTTP/1.1" status: 200 len: 193 time: 0.0129488
2026-06-09 23:31:54.649 47 INFO eventlet.wsgi.server [-] 10.100.0.12, "GET /2009-04-04/meta-data/placement/availability-zone HTTP/1.1" status: 200 len: 139 time: 0.0117245
2026-06-09 23:33:15.949 48 ERROR neutron.agent.metadata.agent [-] No port found in network None with IP address 169.254.169.254
2026-06-09 23:33:15.950 48 INFO eventlet.wsgi.server [-] 169.254.169.254, "GET / HTTP/1.1" status: 404 len: 176 time: 0.0144131
2026-06-09 23:33:25.290 47 INFO eventlet.wsgi.server [-] 10.100.0.11, "GET /2009-04-04/meta-data/instance-id HTTP/1.1" status: 200 len: 146 time: 0.6469007
2026-06-09 23:33:25.320 47 INFO eventlet.wsgi.server [-] 10.100.0.11, "GET /2009-04-04/meta-data/public-keys HTTP/1.1" status: 200 len: 175 time: 0.0156295
2026-06-09 23:33:25.338 47 INFO eventlet.wsgi.server [-] 10.100.0.11, "GET /2009-04-04/meta-data/public-keys/0/openssh-key HTTP/1.1" status: 200 len: 341 time: 0.0117319
2026-06-09 23:33:25.355 47 INFO eventlet.wsgi.server [-] 10.100.0.11, "GET /2009-04-04/meta-data/instance-id HTTP/1.1" status: 200 len: 146 time: 0.0119731
2026-06-09 23:33:25.368 47 INFO eventlet.wsgi.server [-] 10.100.0.11, "GET /2009-04-04/meta-data/ami-launch-index HTTP/1.1" status: 200 len: 136 time: 0.0084109
2026-06-09 23:33:25.397 48 INFO eventlet.wsgi.server [-] 10.100.0.11, "GET /2009-04-04/meta-data/instance-type HTTP/1.1" status: 200 len: 142 time: 0.0215847
2026-06-09 23:33:25.416 48 INFO eventlet.wsgi.server [-] 10.100.0.11, "GET /2009-04-04/meta-data/local-ipv4 HTTP/1.1" status: 200 len: 147 time: 0.0123374
2026-06-09 23:33:25.436 48 INFO eventlet.wsgi.server [-] 10.100.0.11, "GET /2009-04-04/meta-data/public-ipv4 HTTP/1.1" status: 200 len: 149 time: 0.0124040
2026-06-09 23:33:25.456 48 INFO eventlet.wsgi.server [-] 10.100.0.11, "GET /2009-04-04/meta-data/hostname HTTP/1.1" status: 200 len: 191 time: 0.0134656
2026-06-09 23:33:25.475 48 INFO eventlet.wsgi.server [-] 10.100.0.11, "GET /2009-04-04/meta-data/local-hostname HTTP/1.1" status: 200 len: 191 time: 0.0111394
2026-06-09 23:33:25.518 47 INFO neutron.agent.metadata.proxy_base [-] The instance: 24c0e7d7-f3db-4278-81f9-a66ec62e2c6c is not present anymore, skipping cache...
2026-06-09 23:33:26.034 47 INFO eventlet.wsgi.server [-] 10.100.0.11, "GET /2009-04-04/user-data HTTP/1.1" status: 404 len: 297 time: 0.5287240
2026-06-09 23:33:26.061 48 INFO eventlet.wsgi.server [-] 10.100.0.11, "GET /2009-04-04/meta-data/block-device-mapping HTTP/1.1" status: 200 len: 143 time: 0.0090809
2026-06-09 23:33:26.080 48 INFO eventlet.wsgi.server [-] 10.100.0.11, "GET /2009-04-04/meta-data/block-device-mapping/ami HTTP/1.1" status: 200 len: 138 time: 0.0148442
2026-06-09 23:33:26.100 47 INFO eventlet.wsgi.server [-] 10.100.0.11, "GET /2009-04-04/meta-data/block-device-mapping/root HTTP/1.1" status: 200 len: 143 time: 0.0130787
2026-06-09 23:33:26.118 48 INFO eventlet.wsgi.server [-] 10.100.0.11, "GET /2009-04-04/meta-data/public-hostname HTTP/1.1" status: 200 len: 191 time: 0.0127907
2026-06-09 23:33:26.134 48 INFO eventlet.wsgi.server [-] 10.100.0.11, "GET /2009-04-04/meta-data/placement/availability-zone HTTP/1.1" status: 200 len: 139 time: 0.0096061
2026-06-09 23:33:42.834 48 INFO eventlet.wsgi.server [-] 10.100.0.3, "GET /latest/meta-data/public-ipv4 HTTP/1.1" status: 200 len: 149 time: 0.6576459
2026-06-09 23:33:43.193 48 INFO eventlet.wsgi.server [-] 10.100.0.3, "POST /openstack/2013-10-17/password HTTP/1.1" status: 200 len: 134 time: 0.2783360
2026-06-09 23:33:56.969 47 INFO eventlet.wsgi.server [-] 10.100.0.3, "GET /2009-04-04/meta-data/instance-id HTTP/1.1" status: 200 len: 146 time: 0.7735388
2026-06-09 23:33:56.993 47 INFO eventlet.wsgi.server [-] 10.100.0.3, "GET /2009-04-04/meta-data/public-keys HTTP/1.1" status: 200 len: 175 time: 0.0135047
2026-06-09 23:33:57.019 48 INFO eventlet.wsgi.server [-] 10.100.0.3, "GET /2009-04-04/meta-data/public-keys/0/openssh-key HTTP/1.1" status: 200 len: 341 time: 0.0199337
2026-06-09 23:33:57.036 48 INFO eventlet.wsgi.server [-] 10.100.0.3, "GET /2009-04-04/meta-data/instance-id HTTP/1.1" status: 200 len: 146 time: 0.0099480
2026-06-09 23:33:57.054 47 INFO eventlet.wsgi.server [-] 10.100.0.3, "GET /2009-04-04/meta-data/ami-launch-index HTTP/1.1" status: 200 len: 136 time: 0.0105450
2026-06-09 23:33:57.073 47 INFO eventlet.wsgi.server [-] 10.100.0.3, "GET /2009-04-04/meta-data/instance-type HTTP/1.1" status: 200 len: 142 time: 0.0111449
2026-06-09 23:33:57.092 47 INFO eventlet.wsgi.server [-] 10.100.0.3, "GET /2009-04-04/meta-data/local-ipv4 HTTP/1.1" status: 200 len: 146 time: 0.0138538
2026-06-09 23:33:57.108 47 INFO eventlet.wsgi.server [-] 10.100.0.3, "GET /2009-04-04/meta-data/public-ipv4 HTTP/1.1" status: 200 len: 149 time: 0.0099151
2026-06-09 23:33:57.128 47 INFO eventlet.wsgi.server [-] 10.100.0.3, "GET /2009-04-04/meta-data/hostname HTTP/1.1" status: 200 len: 190 time: 0.0118051
2026-06-09 23:33:57.148 47 INFO eventlet.wsgi.server [-] 10.100.0.3, "GET /2009-04-04/meta-data/local-hostname HTTP/1.1" status: 200 len: 190 time: 0.0130467
2026-06-09 23:33:57.169 47 INFO neutron.agent.metadata.proxy_base [-] The instance: 1edd04d6-1a6c-4bfb-ba95-ece616c6304c is not present anymore, skipping cache...
2026-06-09 23:33:57.692 47 INFO eventlet.wsgi.server [-] 10.100.0.3, "GET /2009-04-04/user-data HTTP/1.1" status: 404 len: 297 time: 0.5371411
2026-06-09 23:33:57.711 47 INFO eventlet.wsgi.server [-] 10.100.0.3, "GET /2009-04-04/meta-data/block-device-mapping HTTP/1.1" status: 200 len: 143 time: 0.0103965
2026-06-09 23:33:57.727 47 INFO eventlet.wsgi.server [-] 10.100.0.3, "GET /2009-04-04/meta-data/block-device-mapping/ami HTTP/1.1" status: 200 len: 138 time: 0.0130818
2026-06-09 23:33:57.742 47 INFO eventlet.wsgi.server [-] 10.100.0.3, "GET /2009-04-04/meta-data/block-device-mapping/root HTTP/1.1" status: 200 len: 143 time: 0.0104911
2026-06-09 23:33:57.757 47 INFO eventlet.wsgi.server [-] 10.100.0.3, "GET /2009-04-04/meta-data/public-hostname HTTP/1.1" status: 200 len: 190 time: 0.0124903
2026-06-09 23:33:57.774 47 INFO eventlet.wsgi.server [-] 10.100.0.3, "GET /2009-04-04/meta-data/placement/availability-zone HTTP/1.1" status: 200 len: 139 time: 0.0125253
2026-06-09 23:35:00.827 48 INFO eventlet.wsgi.server [-] 10.2.1.30, "GET /2009-04-04/meta-data/instance-id HTTP/1.1" status: 200 len: 146 time: 0.6914444
2026-06-09 23:35:00.856 48 INFO eventlet.wsgi.server [-] 10.2.1.30, "GET /2009-04-04/meta-data/public-keys HTTP/1.1" status: 200 len: 174 time: 0.0189993
2026-06-09 23:35:00.875 48 INFO eventlet.wsgi.server [-] 10.2.1.30, "GET /2009-04-04/meta-data/public-keys/0/openssh-key HTTP/1.1" status: 200 len: 341 time: 0.0121443
2026-06-09 23:35:00.896 48 INFO eventlet.wsgi.server [-] 10.2.1.30, "GET /2009-04-04/meta-data/instance-id HTTP/1.1" status: 200 len: 146 time: 0.0132964
2026-06-09 23:35:00.916 48 INFO eventlet.wsgi.server [-] 10.2.1.30, "GET /2009-04-04/meta-data/ami-launch-index HTTP/1.1" status: 200 len: 136 time: 0.0120356
2026-06-09 23:35:00.933 48 INFO eventlet.wsgi.server [-] 10.2.1.30, "GET /2009-04-04/meta-data/instance-type HTTP/1.1" status: 200 len: 142 time: 0.0102792
2026-06-09 23:35:00.948 48 INFO eventlet.wsgi.server [-] 10.2.1.30, "GET /2009-04-04/meta-data/local-ipv4 HTTP/1.1" status: 200 len: 144 time: 0.0108438
2026-06-09 23:35:00.967 48 INFO eventlet.wsgi.server [-] 10.2.1.30, "GET /2009-04-04/meta-data/public-ipv4 HTTP/1.1" status: 200 len: 149 time: 0.0140793
2026-06-09 23:35:00.991 48 INFO eventlet.wsgi.server [-] 10.2.1.30, "GET /2009-04-04/meta-data/hostname HTTP/1.1" status: 200 len: 185 time: 0.0156546
2026-06-09 23:35:01.044 47 INFO eventlet.wsgi.server [-] 10.2.1.30, "GET /2009-04-04/meta-data/local-hostname HTTP/1.1" status: 200 len: 185 time: 0.0223229
2026-06-09 23:35:01.061 47 INFO neutron.agent.metadata.proxy_base [-] The instance: 0ed7856b-88a2-402c-b9da-6daa2492d77d is not present anymore, skipping cache...
2026-06-09 23:35:01.573 47 INFO eventlet.wsgi.server [-] 10.2.1.30, "GET /2009-04-04/user-data HTTP/1.1" status: 404 len: 297 time: 0.5232863
2026-06-09 23:35:01.596 48 INFO eventlet.wsgi.server [-] 10.2.1.30, "GET /2009-04-04/meta-data/block-device-mapping HTTP/1.1" status: 200 len: 143 time: 0.0109735
2026-06-09 23:35:01.617 47 INFO eventlet.wsgi.server [-] 10.2.1.30, "GET /2009-04-04/meta-data/block-device-mapping/ami HTTP/1.1" status: 200 len: 138 time: 0.0148783
2026-06-09 23:35:01.634 47 INFO eventlet.wsgi.server [-] 10.2.1.30, "GET /2009-04-04/meta-data/block-device-mapping/root HTTP/1.1" status: 200 len: 143 time: 0.0101869
2026-06-09 23:35:01.655 48 INFO eventlet.wsgi.server [-] 10.2.1.30, "GET /2009-04-04/meta-data/public-hostname HTTP/1.1" status: 200 len: 185 time: 0.0150084
2026-06-09 23:35:01.674 47 INFO eventlet.wsgi.server [-] 10.2.1.30, "GET /2009-04-04/meta-data/placement/availability-zone HTTP/1.1" status: 200 len: 139 time: 0.0116019
2026-06-09 23:35:16.891 47 ERROR neutron.agent.metadata.agent [-] No port found in network None with IP address 169.254.169.254
2026-06-09 23:35:16.892 47 INFO eventlet.wsgi.server [-] 169.254.169.254, "GET / HTTP/1.1" status: 404 len: 176 time: 1.0180972
2026-06-09 23:35:18.330 47 INFO eventlet.wsgi.server [-] 10.2.2.72, "GET /2009-04-04/meta-data/instance-id HTTP/1.1" status: 200 len: 146 time: 0.6484191
2026-06-09 23:35:18.350 47 INFO eventlet.wsgi.server [-] 10.2.2.72, "GET /2009-04-04/meta-data/public-keys HTTP/1.1" status: 200 len: 174 time: 0.0106163
2026-06-09 23:35:18.363 47 INFO eventlet.wsgi.server [-] 10.2.2.72, "GET /2009-04-04/meta-data/public-keys/0/openssh-key HTTP/1.1" status: 200 len: 341 time: 0.0086710
2026-06-09 23:35:18.376 47 INFO eventlet.wsgi.server [-] 10.2.2.72, "GET /2009-04-04/meta-data/instance-id HTTP/1.1" status: 200 len: 146 time: 0.0081048
2026-06-09 23:35:18.391 47 INFO eventlet.wsgi.server [-] 10.2.2.72, "GET /2009-04-04/meta-data/ami-launch-index HTTP/1.1" status: 200 len: 136 time: 0.0089672
2026-06-09 23:35:18.407 47 INFO eventlet.wsgi.server [-] 10.2.2.72, "GET /2009-04-04/meta-data/instance-type HTTP/1.1" status: 200 len: 142 time: 0.0113015
2026-06-09 23:35:18.423 48 INFO eventlet.wsgi.server [-] 10.2.2.72, "GET /2009-04-04/meta-data/local-ipv4 HTTP/1.1" status: 200 len: 144 time: 0.0096233
2026-06-09 23:35:18.436 48 INFO eventlet.wsgi.server [-] 10.2.2.72, "GET /2009-04-04/meta-data/public-ipv4 HTTP/1.1" status: 200 len: 135 time: 0.0081658
2026-06-09 23:35:18.454 48 INFO eventlet.wsgi.server [-] 10.2.2.72, "GET /2009-04-04/meta-data/hostname HTTP/1.1" status: 200 len: 185 time: 0.0109692
2026-06-09 23:35:18.483 48 INFO eventlet.wsgi.server [-] 10.2.2.72, "GET /2009-04-04/meta-data/local-hostname HTTP/1.1" status: 200 len: 185 time: 0.0104606
2026-06-09 23:35:18.497 48 INFO neutron.agent.metadata.proxy_base [-] The instance: 2be4adab-34df-422f-90bf-33e203863c69 is not present anymore, skipping cache...
2026-06-09 23:35:19.009 48 INFO eventlet.wsgi.server [-] 10.2.2.72, "GET /2009-04-04/user-data HTTP/1.1" status: 404 len: 297 time: 0.5208066
2026-06-09 23:35:19.032 48 INFO eventlet.wsgi.server [-] 10.2.2.72, "GET /2009-04-04/meta-data/block-device-mapping HTTP/1.1" status: 200 len: 143 time: 0.0116341
2026-06-09 23:35:19.049 47 INFO eventlet.wsgi.server [-] 10.2.2.72, "GET /2009-04-04/meta-data/block-device-mapping/ami HTTP/1.1" status: 200 len: 138 time: 0.0109711
2026-06-09 23:35:19.064 47 INFO eventlet.wsgi.server [-] 10.2.2.72, "GET /2009-04-04/meta-data/block-device-mapping/root HTTP/1.1" status: 200 len: 143 time: 0.0102913
2026-06-09 23:35:19.080 47 INFO eventlet.wsgi.server [-] 10.2.2.72, "GET /2009-04-04/meta-data/public-hostname HTTP/1.1" status: 200 len: 185 time: 0.0087771
2026-06-09 23:35:19.097 48 INFO eventlet.wsgi.server [-] 10.2.2.72, "GET /2009-04-04/meta-data/placement/availability-zone HTTP/1.1" status: 200 len: 139 time: 0.0124509
2026-06-09 23:36:25.921 47 ERROR neutron.agent.metadata.agent [-] No port found in network None with IP address 169.254.169.254
2026-06-09 23:36:25.922 47 INFO eventlet.wsgi.server [-] 169.254.169.254, "GET / HTTP/1.1" status: 404 len: 176 time: 0.0068779
2026-06-09 23:39:35.822 47 ERROR neutron.agent.metadata.agent [-] No port found in network None with IP address 169.254.169.254
2026-06-09 23:39:35.822 47 INFO eventlet.wsgi.server [-] 169.254.169.254, "GET / HTTP/1.1" status: 404 len: 176 time: 0.0045671
2026-06-09 23:42:45.962 47 ERROR neutron.agent.metadata.agent [-] No port found in network None with IP address 169.254.169.254
2026-06-09 23:42:45.963 47 INFO eventlet.wsgi.server [-] 169.254.169.254, "GET / HTTP/1.1" status: 404 len: 176 time: 0.0059836