2026-06-06 00:44:09.565 6 INFO neutron_taas.services.taas.tap_mirror_plugin [None req-db6b7cc1-60c9-4cb0-8d0e-b2365852c0fb 38b1ba34cc514c329bface504a7db0d6 8650fc1a31944c41afd3392cce13e780 - - default default] Tap Mirror: Handle Delete Port: 65c3f550-3c55-4209-8cfa-47091357ba95
2026-06-06 00:44:09.632 7 INFO neutron.db.ovn_revision_numbers_db [None req-91a125f6-bffa-414b-aa00-612c4de13840 - - - - - -] Successfully bumped revision number for resource 526a1713-e720-4d00-8624-9ddfad39d691 (type: ports) to 2
2026-06-06 00:44:09.683 7 INFO neutron.db.ovn_revision_numbers_db [None req-91a125f6-bffa-414b-aa00-612c4de13840 - - - - - -] Successfully bumped revision number for resource 3634843c-68e6-49a7-9900-45471c10059a (type: subnets) to 0 [pid: 7|app: 0|req: 510/1049] 10.0.0.238 () {34 vars in 669 bytes} [Sat Jun 6 00:44:08 2026] POST /v2.0/subnets => generated 1273 bytes in 1435 msecs (HTTP/1.1 201) 4 headers in 163 bytes (1 switches on core 0) [pid: 7|app: 0|req: 511/1050] 10.0.0.238 () {32 vars in 647 bytes} [Sat Jun 6 00:44:09 2026] GET /v2.0/subnets => generated 1909 bytes in 99 msecs (HTTP/1.1 200) 4 headers in 158 bytes (1 switches on core 0) [pid: 7|app: 0|req: 512/1051] 10.0.0.238 () {32 vars in 724 bytes} [Sat Jun 6 00:44:09 2026] DELETE /v2.0/subnets/a22809dc-837a-46be-bc2f-209a34ccdcb7 => generated 0 bytes in 190 msecs (HTTP/1.1 204) 3 headers in 131 bytes (1 switches on core 0) [pid: 6|app: 0|req: 540/1052] 10.0.0.238 () {32 vars in 724 bytes} [Sat Jun 6 00:44:09 2026] DELETE /v2.0/routers/dabf77b0-9026-4de9-9d4e-aeec0b663699 => generated 0 bytes in 790 msecs (HTTP/1.1 204) 2 headers in 112 bytes (1 switches on core 0) [pid: 6|app: 0|req: 541/1053] 10.0.0.238 () {32 vars in 724 bytes} [Sat Jun 6 00:44:10 2026] DELETE /v2.0/subnets/3634843c-68e6-49a7-9900-45471c10059a => generated 0 bytes in 198 msecs (HTTP/1.1 204) 3 headers in 131 bytes (1 switches on core 0)
2026-06-06 00:44:10.332 7 INFO neutron.db.ovn_revision_numbers_db [None req-4495d543-bc48-47ac-904c-6fab76795a0a 38b1ba34cc514c329bface504a7db0d6 8650fc1a31944c41afd3392cce13e780 - - default default] Successfully bumped revision number for resource aee0311c-4c6d-4cd0-bebb-019d562c438a (type: security_groups) to 1
2026-06-06 00:44:10.344 7 INFO neutron.db.ovn_revision_numbers_db [None req-4495d543-bc48-47ac-904c-6fab76795a0a 38b1ba34cc514c329bface504a7db0d6 8650fc1a31944c41afd3392cce13e780 - - default default] Successfully bumped revision number for resource 096bcd68-4f49-4ea9-b6a9-a96526c9595d (type: security_group_rules) to 0
2026-06-06 00:44:10.355 7 INFO neutron.db.ovn_revision_numbers_db [None req-4495d543-bc48-47ac-904c-6fab76795a0a 38b1ba34cc514c329bface504a7db0d6 8650fc1a31944c41afd3392cce13e780 - - default default] Successfully bumped revision number for resource 63ada828-fecb-43a6-a8b6-d235f7f34aed (type: security_group_rules) to 0
2026-06-06 00:44:10.367 7 INFO neutron.db.ovn_revision_numbers_db [None req-4495d543-bc48-47ac-904c-6fab76795a0a 38b1ba34cc514c329bface504a7db0d6 8650fc1a31944c41afd3392cce13e780 - - default default] Successfully bumped revision number for resource 683e6021-e57f-45b1-8df0-f028ec8e02a7 (type: security_group_rules) to 0
2026-06-06 00:44:10.384 7 INFO neutron.db.ovn_revision_numbers_db [None req-4495d543-bc48-47ac-904c-6fab76795a0a 38b1ba34cc514c329bface504a7db0d6 8650fc1a31944c41afd3392cce13e780 - - default default] Successfully bumped revision number for resource a50c19d5-8567-47a3-86ef-9e3c0a0403ce (type: security_group_rules) to 0 [pid: 6|app: 0|req: 542/1054] 10.0.0.238 () {32 vars in 724 bytes} [Sat Jun 6 00:44:10 2026] DELETE /v2.0/subnets/5c825c13-b991-4b49-b6ec-74e6314568f8 => generated 0 bytes in 172 msecs (HTTP/1.1 204) 3 headers in 131 bytes (1 switches on core 0) [pid: 6|app: 0|req: 543/1055] 10.0.0.238 () {32 vars in 647 bytes} [Sat Jun 6 00:44:10 2026] GET /v2.0/subnets => generated 649 bytes in 41 msecs (HTTP/1.1 200) 4 headers in 157 bytes (1 switches on core 0)
2026-06-06 00:44:10.461 7 INFO neutron.db.segments_db [None req-4495d543-bc48-47ac-904c-6fab76795a0a 38b1ba34cc514c329bface504a7db0d6 8650fc1a31944c41afd3392cce13e780 - - default default] Added segment 55df951e-538a-44dd-a0a0-4c7757b32449 of type geneve for network 87074a20-2eb2-4fc5-8e43-d7e2cf3a99de
2026-06-06 00:44:10.560 7 INFO neutron.db.ovn_revision_numbers_db [None req-4495d543-bc48-47ac-904c-6fab76795a0a 38b1ba34cc514c329bface504a7db0d6 8650fc1a31944c41afd3392cce13e780 - - default default] Successfully bumped revision number for resource 87074a20-2eb2-4fc5-8e43-d7e2cf3a99de (type: networks) to 1
2026-06-06 00:44:10.569 6 INFO neutron_taas.services.taas.taas_plugin [None req-1aa9b19e-16a0-45dc-8192-9f72c01e5a61 38b1ba34cc514c329bface504a7db0d6 8650fc1a31944c41afd3392cce13e780 - - default default] TaaS: Handle Delete Port: 25d6b0e8-2598-4e6e-ba63-0b8e193cf3a5
2026-06-06 00:44:10.572 6 INFO neutron_taas.services.taas.tap_mirror_plugin [None req-1aa9b19e-16a0-45dc-8192-9f72c01e5a61 38b1ba34cc514c329bface504a7db0d6 8650fc1a31944c41afd3392cce13e780 - - default default] Tap Mirror: Handle Delete Port: 25d6b0e8-2598-4e6e-ba63-0b8e193cf3a5
2026-06-06 00:44:10.712 7 WARNING neutron.scheduler.dhcp_agent_scheduler [None req-4495d543-bc48-47ac-904c-6fab76795a0a 38b1ba34cc514c329bface504a7db0d6 8650fc1a31944c41afd3392cce13e780 - - default default] No more DHCP agents
2026-06-06 00:44:10.713 7 WARNING neutron.api.rpc.agentnotifiers.dhcp_rpc_agent_api [None req-4495d543-bc48-47ac-904c-6fab76795a0a 38b1ba34cc514c329bface504a7db0d6 8650fc1a31944c41afd3392cce13e780 - - default default] Unable to schedule network 87074a20-2eb2-4fc5-8e43-d7e2cf3a99de: no agents available; will retry on subsequent port and subnet creation events.
2026-06-06 00:44:10.757 6 INFO neutron.services.segments.plugin [-] Segment b575e71a-dc18-4808-b9db-6ca4fe3b1d1c resource provider aggregate not found
2026-06-06 00:44:10.764 6 INFO neutron.services.segments.plugin [-] Segment b575e71a-dc18-4808-b9db-6ca4fe3b1d1c resource provider aggregate not found
2026-06-06 00:44:10.796 7 INFO neutron.db.ovn_revision_numbers_db [None req-4495d543-bc48-47ac-904c-6fab76795a0a 38b1ba34cc514c329bface504a7db0d6 8650fc1a31944c41afd3392cce13e780 - - default default] Successfully bumped revision number for resource 1726cb1d-eb3a-47e7-93e0-177a948ec513 (type: ports) to 1
2026-06-06 00:44:10.800 6 INFO neutron.plugins.ml2.drivers.ovn.mech_driver.mech_driver [None req-3c1fbed3-193b-41b2-b1f9-e81d0affe001 - - - - - -] OVN reports status down for port: 1726cb1d-eb3a-47e7-93e0-177a948ec513
2026-06-06 00:44:10.804 6 INFO neutron.services.segments.plugin [-] Segment b575e71a-dc18-4808-b9db-6ca4fe3b1d1c resource provider not found; error: Placement Client Error (4xx): {"errors": [{"status": 404, "title": "Not Found", "detail": "The resource could not be found.\n\n No resource provider with uuid b575e71a-dc18-4808-b9db-6ca4fe3b1d1c found for delete ", "request_id": "req-3402dcc7-f0c6-4938-b378-354c83abed49"}]}
2026-06-06 00:44:10.806 6 INFO neutron.services.segments.plugin [-] Segment b575e71a-dc18-4808-b9db-6ca4fe3b1d1c resource provider not found; error: Placement Client Error (4xx): {"errors": [{"status": 404, "title": "Not Found", "detail": "The resource could not be found.\n\n No resource provider with uuid b575e71a-dc18-4808-b9db-6ca4fe3b1d1c found for delete ", "request_id": "req-c7619726-6131-41c9-828a-d9fcd658f6f9"}]} [pid: 7|app: 0|req: 513/1056] 10.0.0.238 () {34 vars in 671 bytes} [Sat Jun 6 00:44:10 2026] POST /v2.0/networks => generated 765 bytes in 827 msecs (HTTP/1.1 201) 4 headers in 162 bytes (1 switches on core 0) [pid: 6|app: 0|req: 544/1057] 10.0.0.238 () {32 vars in 726 bytes} [Sat Jun 6 00:44:10 2026] DELETE /v2.0/networks/80a680af-d537-4cad-b7eb-571427570f78 => generated 0 bytes in 421 msecs (HTTP/1.1 204) 3 headers in 131 bytes (1 switches on core 0)
2026-06-06 00:44:10.971 7 INFO neutron_taas.services.taas.taas_plugin [None req-33e73825-7f91-42ae-9161-ed3e28ee2a02 6514cb2044d84f37ba317f72490e7844 3baeb960314d41778c1f8aab1a3b3e70 - - default default] TaaS: Handle Delete Port: 526a1713-e720-4d00-8624-9ddfad39d691
2026-06-06 00:44:10.975 7 INFO neutron_taas.services.taas.tap_mirror_plugin [None req-33e73825-7f91-42ae-9161-ed3e28ee2a02 6514cb2044d84f37ba317f72490e7844 3baeb960314d41778c1f8aab1a3b3e70 - - default default] Tap Mirror: Handle Delete Port: 526a1713-e720-4d00-8624-9ddfad39d691
2026-06-06 00:44:11.027 6 WARNING neutron.scheduler.dhcp_agent_scheduler [None req-b42b48a4-9bf8-4999-954b-6fb61acc037e 38b1ba34cc514c329bface504a7db0d6 8650fc1a31944c41afd3392cce13e780 - - default default] No more DHCP agents
2026-06-06 00:44:11.028 6 WARNING neutron.api.rpc.agentnotifiers.dhcp_rpc_agent_api [None req-b42b48a4-9bf8-4999-954b-6fb61acc037e 38b1ba34cc514c329bface504a7db0d6 8650fc1a31944c41afd3392cce13e780 - - default default] Unable to schedule network 87074a20-2eb2-4fc5-8e43-d7e2cf3a99de: no agents available; will retry on subsequent port and subnet creation events.
2026-06-06 00:44:11.159 7 INFO neutron.services.segments.plugin [-] Segment 690267b4-db66-4344-96b8-e650727f8f3c resource provider aggregate not found
2026-06-06 00:44:11.166 7 INFO neutron.services.segments.plugin [-] Segment 690267b4-db66-4344-96b8-e650727f8f3c resource provider aggregate not found
2026-06-06 00:44:11.182 7 INFO neutron.services.segments.plugin [-] Segment 690267b4-db66-4344-96b8-e650727f8f3c resource provider not found; error: Placement Client Error (4xx): {"errors": [{"status": 404, "title": "Not Found", "detail": "The resource could not be found.\n\n No resource provider with uuid 690267b4-db66-4344-96b8-e650727f8f3c found for delete ", "request_id": "req-4e211703-c443-4131-b730-d7257bdc29ad"}]}
2026-06-06 00:44:11.182 7 INFO neutron.services.segments.plugin [-] Segment 690267b4-db66-4344-96b8-e650727f8f3c resource provider not found; error: Placement Client Error (4xx): {"errors": [{"status": 404, "title": "Not Found", "detail": "The resource could not be found.\n\n No resource provider with uuid 690267b4-db66-4344-96b8-e650727f8f3c found for delete ", "request_id": "req-4482a8be-36cb-46e6-a464-0e527b500257"}]} [pid: 7|app: 0|req: 514/1058] 10.0.0.238 () {32 vars in 726 bytes} [Sat Jun 6 00:44:10 2026] DELETE /v2.0/networks/03a47f42-0d8d-4964-8278-527cea2f3b43 => generated 0 bytes in 403 msecs (HTTP/1.1 204) 3 headers in 131 bytes (1 switches on core 0) [pid: 7|app: 0|req: 515/1059] 10.0.0.238 () {32 vars in 774 bytes} [Sat Jun 6 00:44:11 2026] GET /v2.0/security-groups?tenant_id=a3a3e734861b4131866a334a5ad44017&name=default => generated 2921 bytes in 32 msecs (HTTP/1.1 200) 4 headers in 158 bytes (1 switches on core 0)
2026-06-06 00:44:11.367 7 INFO neutron_taas.services.taas.taas_plugin [None req-2629ecb3-71b5-4856-b92f-a1e21e39f673 6514cb2044d84f37ba317f72490e7844 3baeb960314d41778c1f8aab1a3b3e70 - - default default] TaaS: Handle Delete Port: cf0d7452-b366-443c-b807-1d44aa95119e
2026-06-06 00:44:11.370 7 INFO neutron_taas.services.taas.tap_mirror_plugin [None req-2629ecb3-71b5-4856-b92f-a1e21e39f673 6514cb2044d84f37ba317f72490e7844 3baeb960314d41778c1f8aab1a3b3e70 - - default default] Tap Mirror: Handle Delete Port: cf0d7452-b366-443c-b807-1d44aa95119e
2026-06-06 00:44:11.448 6 INFO neutron.db.ovn_revision_numbers_db [None req-34a9e940-01a2-47f5-abe5-3f6353f0ea62 - - - - - -] Successfully bumped revision number for resource 1726cb1d-eb3a-47e7-93e0-177a948ec513 (type: ports) to 2
2026-06-06 00:44:11.498 6 INFO neutron.db.ovn_revision_numbers_db [None req-34a9e940-01a2-47f5-abe5-3f6353f0ea62 - - - - - -] Successfully bumped revision number for resource 392f443a-3ef2-4481-96af-57185475f525 (type: subnets) to 0 [pid: 6|app: 0|req: 545/1060] 10.0.0.238 () {34 vars in 669 bytes} [Sat Jun 6 00:44:10 2026] POST /v2.0/subnets => generated 691 bytes in 655 msecs (HTTP/1.1 201) 4 headers in 162 bytes (1 switches on core 0) [pid: 7|app: 0|req: 516/1061] 10.0.0.238 () {32 vars in 726 bytes} [Sat Jun 6 00:44:11 2026] DELETE /v2.0/networks/9704fc5b-ec86-46e1-9afc-0a6f85425789 => generated 0 bytes in 323 msecs (HTTP/1.1 204) 3 headers in 131 bytes (1 switches on core 0) [pid: 6|app: 0|req: 546/1062] 10.0.0.238 () {32 vars in 740 bytes} [Sat Jun 6 00:44:11 2026] DELETE /v2.0/security-groups/a13dac12-0a1f-48b4-809e-93f45303b071 => generated 0 bytes in 267 msecs (HTTP/1.1 204) 2 headers in 112 bytes (1 switches on core 0)
2026-06-06 00:44:11.951 6 INFO neutron_taas.services.taas.taas_plugin [None req-0d3bac73-003a-4430-a10a-5a9a3cb9391f 6514cb2044d84f37ba317f72490e7844 3baeb960314d41778c1f8aab1a3b3e70 - - default default] TaaS: Handle Delete Port: a59038a0-07b2-458b-8c72-9ee76db25304
2026-06-06 00:44:11.954 6 INFO neutron_taas.services.taas.tap_mirror_plugin [None req-0d3bac73-003a-4430-a10a-5a9a3cb9391f 6514cb2044d84f37ba317f72490e7844 3baeb960314d41778c1f8aab1a3b3e70 - - default default] Tap Mirror: Handle Delete Port: a59038a0-07b2-458b-8c72-9ee76db25304
2026-06-06 00:44:12.150 7 WARNING neutron.scheduler.dhcp_agent_scheduler [None req-3c9b0a3c-9eaa-4c5b-b402-b4ff2ea3f596 38b1ba34cc514c329bface504a7db0d6 8650fc1a31944c41afd3392cce13e780 - - default default] No more DHCP agents
2026-06-06 00:44:12.152 7 WARNING neutron.api.rpc.agentnotifiers.dhcp_rpc_agent_api [None req-3c9b0a3c-9eaa-4c5b-b402-b4ff2ea3f596 38b1ba34cc514c329bface504a7db0d6 8650fc1a31944c41afd3392cce13e780 - - default default] Unable to schedule network fb76b751-e401-4ee1-9d83-372c8528f7fd: no agents available; will retry on subsequent port and subnet creation events. [pid: 6|app: 0|req: 547/1063] 10.0.0.238 () {32 vars in 726 bytes} [Sat Jun 6 00:44:11 2026] DELETE /v2.0/networks/7727999d-f164-42f3-bf46-3d795790ebf9 => generated 0 bytes in 422 msecs (HTTP/1.1 204) 3 headers in 131 bytes (1 switches on core 0)
2026-06-06 00:44:12.299 6 INFO neutron.plugins.ml2.drivers.ovn.mech_driver.mech_driver [None req-3c1fbed3-193b-41b2-b1f9-e81d0affe001 - - - - - -] OVN reports status down for port: edfa1822-82dd-445d-ab0b-d9658e299170
2026-06-06 00:44:12.305 7 INFO neutron.db.ovn_revision_numbers_db [None req-3c9b0a3c-9eaa-4c5b-b402-b4ff2ea3f596 38b1ba34cc514c329bface504a7db0d6 8650fc1a31944c41afd3392cce13e780 - - default default] Successfully bumped revision number for resource edfa1822-82dd-445d-ab0b-d9658e299170 (type: ports) to 1
2026-06-06 00:44:12.400 6 INFO neutron_taas.services.taas.taas_plugin [None req-7779e6e7-92b6-4d26-8058-9c4c5c1075aa 6514cb2044d84f37ba317f72490e7844 3baeb960314d41778c1f8aab1a3b3e70 - - default default] TaaS: Handle Delete Port: 73b97a57-82b5-433e-b342-12a195a55b75
2026-06-06 00:44:12.407 6 INFO neutron_taas.services.taas.tap_mirror_plugin [None req-7779e6e7-92b6-4d26-8058-9c4c5c1075aa 6514cb2044d84f37ba317f72490e7844 3baeb960314d41778c1f8aab1a3b3e70 - - default default] Tap Mirror: Handle Delete Port: 73b97a57-82b5-433e-b342-12a195a55b75 [pid: 6|app: 0|req: 548/1064] 10.0.0.238 () {32 vars in 726 bytes} [Sat Jun 6 00:44:12 2026] DELETE /v2.0/networks/d042948d-4908-42d5-9aa7-75abcbce40f6 => generated 0 bytes in 448 msecs (HTTP/1.1 204) 3 headers in 131 bytes (1 switches on core 0)
2026-06-06 00:44:12.826 6 INFO neutron.services.segments.plugin [-] Segment de0d797e-95a4-4f49-b41d-6688277bfbaa resource provider aggregate not found
2026-06-06 00:44:12.830 6 INFO neutron.services.segments.plugin [-] Segment de0d797e-95a4-4f49-b41d-6688277bfbaa resource provider aggregate not found
2026-06-06 00:44:12.847 6 INFO neutron.services.segments.plugin [-] Segment de0d797e-95a4-4f49-b41d-6688277bfbaa resource provider not found; error: Placement Client Error (4xx): {"errors": [{"status": 404, "title": "Not Found", "detail": "The resource could not be found.\n\n No resource provider with uuid de0d797e-95a4-4f49-b41d-6688277bfbaa found for delete ", "request_id": "req-e96af49f-c331-4763-bb18-65c3c3c97fdf"}]}
2026-06-06 00:44:12.853 6 INFO neutron.services.segments.plugin [-] Segment de0d797e-95a4-4f49-b41d-6688277bfbaa resource provider not found; error: Placement Client Error (4xx): {"errors": [{"status": 404, "title": "Not Found", "detail": "The resource could not be found.\n\n No resource provider with uuid de0d797e-95a4-4f49-b41d-6688277bfbaa found for delete ", "request_id": "req-f263491c-d10a-4492-902c-a4ecf549376f"}]}
2026-06-06 00:44:12.864 6 INFO neutron.services.segments.plugin [-] Segment 80c3f00b-12fc-4dff-ad43-2d197a51a580 resource provider aggregate not found
2026-06-06 00:44:12.873 6 INFO neutron.services.segments.plugin [-] Segment 80c3f00b-12fc-4dff-ad43-2d197a51a580 resource provider aggregate not found
2026-06-06 00:44:12.890 6 INFO neutron.services.segments.plugin [-] Segment 80c3f00b-12fc-4dff-ad43-2d197a51a580 resource provider not found; error: Placement Client Error (4xx): {"errors": [{"status": 404, "title": "Not Found", "detail": "The resource could not be found.\n\n No resource provider with uuid 80c3f00b-12fc-4dff-ad43-2d197a51a580 found for delete ", "request_id": "req-2a213fa0-f843-4acb-8b6d-862e1797f77b"}]}
2026-06-06 00:44:12.891 6 INFO neutron.services.segments.plugin [-] Segment 80c3f00b-12fc-4dff-ad43-2d197a51a580 resource provider not found; error: Placement Client Error (4xx): {"errors": [{"status": 404, "title": "Not Found", "detail": "The resource could not be found.\n\n No resource provider with uuid 80c3f00b-12fc-4dff-ad43-2d197a51a580 found for delete ", "request_id": "req-ded52c25-9ebe-45ae-9728-782307efba80"}]}
2026-06-06 00:44:12.970 7 INFO neutron.plugins.ml2.drivers.ovn.mech_driver.ovsdb.commands [None req-c8e7e571-1033-47fe-a856-8741ff5fe29d - - - - - -] Schedule LRP lrp-edfa1822-82dd-445d-ab0b-d9658e299170 on gateway 97ca824d-0910-44b9-a241-3633203e2b17 with priority 1
2026-06-06 00:44:13.013 6 INFO neutron.plugins.ml2.drivers.ovn.mech_driver.mech_driver [None req-3c1fbed3-193b-41b2-b1f9-e81d0affe001 - - - - - -] OVN reports status up for port: edfa1822-82dd-445d-ab0b-d9658e299170
2026-06-06 00:44:13.025 6 INFO neutron.plugins.ml2.drivers.ovn.mech_driver.ovsdb.ovsdb_monitor [None req-23ab67e9-60fe-45fc-a6fe-6805b35cbb8f - - - - - -] Router 88ea6dbe-e2e6-4128-846c-415dd76b4ab7 is bound to host instance
2026-06-06 00:44:13.061 6 INFO neutron.plugins.ml2.plugin [None req-3c1fbed3-193b-41b2-b1f9-e81d0affe001 - - - - - -] Attempt 1 to provision port edfa1822-82dd-445d-ab0b-d9658e299170
2026-06-06 00:44:13.062 7 INFO neutron.db.ovn_revision_numbers_db [None req-3c9b0a3c-9eaa-4c5b-b402-b4ff2ea3f596 38b1ba34cc514c329bface504a7db0d6 8650fc1a31944c41afd3392cce13e780 - - default default] Successfully bumped revision number for resource edfa1822-82dd-445d-ab0b-d9658e299170 (type: router_ports) to 1
2026-06-06 00:44:13.130 7 INFO neutron.db.ovn_revision_numbers_db [None req-3c9b0a3c-9eaa-4c5b-b402-b4ff2ea3f596 38b1ba34cc514c329bface504a7db0d6 8650fc1a31944c41afd3392cce13e780 - - default default] Successfully bumped revision number for resource 88ea6dbe-e2e6-4128-846c-415dd76b4ab7 (type: routers) to 2 [pid: 7|app: 0|req: 517/1065] 10.0.0.238 () {34 vars in 669 bytes} [Sat Jun 6 00:44:11 2026] POST /v2.0/routers => generated 969 bytes in 1557 msecs (HTTP/1.1 201) 4 headers in 162 bytes (1 switches on core 0)
2026-06-06 00:44:13.211 7 INFO neutron.services.segments.plugin [-] Segment 4c53e2ee-5576-45d5-8dec-f5d4b23b85d6 resource provider aggregate not found
2026-06-06 00:44:13.216 7 INFO neutron.services.segments.plugin [-] Segment 4c53e2ee-5576-45d5-8dec-f5d4b23b85d6 resource provider aggregate not found
2026-06-06 00:44:13.234 7 INFO neutron.services.segments.plugin [-] Segment 4c53e2ee-5576-45d5-8dec-f5d4b23b85d6 resource provider not found; error: Placement Client Error (4xx): {"errors": [{"status": 404, "title": "Not Found", "detail": "The resource could not be found.\n\n No resource provider with uuid 4c53e2ee-5576-45d5-8dec-f5d4b23b85d6 found for delete ", "request_id": "req-5d7fdb24-47fa-4237-81c6-f7bab2c6995d"}]}
2026-06-06 00:44:13.241 7 INFO neutron.services.segments.plugin [-] Segment 4c53e2ee-5576-45d5-8dec-f5d4b23b85d6 resource provider not found; error: Placement Client Error (4xx): {"errors": [{"status": 404, "title": "Not Found", "detail": "The resource could not be found.\n\n No resource provider with uuid 4c53e2ee-5576-45d5-8dec-f5d4b23b85d6 found for delete ", "request_id": "req-51d7495c-f1ec-42bb-aa7c-d75eb845379e"}]} [pid: 6|app: 0|req: 549/1066] 10.0.0.238 () {32 vars in 774 bytes} [Sat Jun 6 00:44:13 2026] GET /v2.0/security-groups?tenant_id=3baeb960314d41778c1f8aab1a3b3e70&name=default => generated 2925 bytes in 246 msecs (HTTP/1.1 200) 4 headers in 158 bytes (1 switches on core 0)
2026-06-06 00:44:13.636 7 WARNING neutron.scheduler.dhcp_agent_scheduler [None req-15a411cf-6fd2-44d6-a76d-fb7d0e4824ab 38b1ba34cc514c329bface504a7db0d6 8650fc1a31944c41afd3392cce13e780 - - default default] No more DHCP agents
2026-06-06 00:44:13.637 7 WARNING neutron.api.rpc.agentnotifiers.dhcp_rpc_agent_api [None req-15a411cf-6fd2-44d6-a76d-fb7d0e4824ab 38b1ba34cc514c329bface504a7db0d6 8650fc1a31944c41afd3392cce13e780 - - default default] Unable to schedule network 87074a20-2eb2-4fc5-8e43-d7e2cf3a99de: no agents available; will retry on subsequent port and subnet creation events.
2026-06-06 00:44:13.798 7 INFO neutron.db.ovn_revision_numbers_db [None req-15a411cf-6fd2-44d6-a76d-fb7d0e4824ab 38b1ba34cc514c329bface504a7db0d6 8650fc1a31944c41afd3392cce13e780 - - default default] Successfully bumped revision number for resource 3104cd59-0c6b-4338-945f-65111b03260a (type: ports) to 1 [pid: 6|app: 0|req: 550/1067] 10.0.0.238 () {32 vars in 740 bytes} [Sat Jun 6 00:44:13 2026] DELETE /v2.0/security-groups/6f3a9663-81e9-47e2-9c92-b419bed0eb9c => generated 0 bytes in 509 msecs (HTTP/1.1 204) 2 headers in 112 bytes (1 switches on core 0)
2026-06-06 00:44:14.479 6 INFO neutron.db.ovn_revision_numbers_db [None req-5d129d79-f919-4103-ad6f-5728eb26092b 38b1ba34cc514c329bface504a7db0d6 8650fc1a31944c41afd3392cce13e780 - - default default] Successfully bumped revision number for resource 4acdb818-7229-4469-8277-8652dc7f24ab (type: security_groups) to 1
2026-06-06 00:44:14.502 6 INFO neutron.db.ovn_revision_numbers_db [None req-5d129d79-f919-4103-ad6f-5728eb26092b 38b1ba34cc514c329bface504a7db0d6 8650fc1a31944c41afd3392cce13e780 - - default default] Successfully bumped revision number for resource 062bca75-fdcf-4b15-8a30-250ca466f80a (type: security_group_rules) to 0
2026-06-06 00:44:14.513 6 INFO neutron.db.ovn_revision_numbers_db [None req-f61739fd-3a68-41c1-8998-193691d188dd - - - - - -] Successfully bumped revision number for resource edfa1822-82dd-445d-ab0b-d9658e299170 (type: ports) to 4
2026-06-06 00:44:14.520 6 INFO neutron.db.ovn_revision_numbers_db [None req-5d129d79-f919-4103-ad6f-5728eb26092b 38b1ba34cc514c329bface504a7db0d6 8650fc1a31944c41afd3392cce13e780 - - default default] Successfully bumped revision number for resource 341dbaf8-eece-4cd7-98e2-7d9b4828e585 (type: security_group_rules) to 0
2026-06-06 00:44:14.521 7 WARNING neutron.scheduler.dhcp_agent_scheduler [None req-15a411cf-6fd2-44d6-a76d-fb7d0e4824ab 38b1ba34cc514c329bface504a7db0d6 8650fc1a31944c41afd3392cce13e780 - - default default] No more DHCP agents
2026-06-06 00:44:14.522 7 WARNING neutron.api.rpc.agentnotifiers.dhcp_rpc_agent_api [None req-15a411cf-6fd2-44d6-a76d-fb7d0e4824ab 38b1ba34cc514c329bface504a7db0d6 8650fc1a31944c41afd3392cce13e780 - - default default] Unable to schedule network 87074a20-2eb2-4fc5-8e43-d7e2cf3a99de: no agents available; will retry on subsequent port and subnet creation events.
2026-06-06 00:44:14.535 6 INFO neutron.db.ovn_revision_numbers_db [None req-5d129d79-f919-4103-ad6f-5728eb26092b 38b1ba34cc514c329bface504a7db0d6 8650fc1a31944c41afd3392cce13e780 - - default default] Successfully bumped revision number for resource 8b6bd00f-7c36-4571-bd9b-473695a63e33 (type: security_group_rules) to 0
2026-06-06 00:44:14.563 6 INFO neutron.db.ovn_revision_numbers_db [None req-5d129d79-f919-4103-ad6f-5728eb26092b 38b1ba34cc514c329bface504a7db0d6 8650fc1a31944c41afd3392cce13e780 - - default default] Successfully bumped revision number for resource a016fc6b-525c-4aa3-92c4-0d4145a4740c (type: security_group_rules) to 0
2026-06-06 00:44:14.682 6 INFO neutron.db.segments_db [None req-5d129d79-f919-4103-ad6f-5728eb26092b 38b1ba34cc514c329bface504a7db0d6 8650fc1a31944c41afd3392cce13e780 - - default default] Added segment e3ffd7e0-e762-4769-bdda-0f0f5f70380a of type geneve for network 745c8ae4-d135-462e-8007-8e25fbc41b6e
2026-06-06 00:44:14.921 6 INFO neutron.db.ovn_revision_numbers_db [None req-5d129d79-f919-4103-ad6f-5728eb26092b 38b1ba34cc514c329bface504a7db0d6 8650fc1a31944c41afd3392cce13e780 - - default default] Successfully bumped revision number for resource 745c8ae4-d135-462e-8007-8e25fbc41b6e (type: networks) to 1
2026-06-06 00:44:15.072 7 INFO neutron.db.ovn_revision_numbers_db [None req-15a411cf-6fd2-44d6-a76d-fb7d0e4824ab 38b1ba34cc514c329bface504a7db0d6 8650fc1a31944c41afd3392cce13e780 - - default default] Successfully bumped revision number for resource 3104cd59-0c6b-4338-945f-65111b03260a (type: router_ports) to 1 [pid: 7|app: 0|req: 518/1068] 10.0.0.238 () {34 vars in 783 bytes} [Sat Jun 6 00:44:13 2026] PUT /v2.0/routers/88ea6dbe-e2e6-4128-846c-415dd76b4ab7/add_router_interface => generated 309 bytes in 1925 msecs (HTTP/1.1 200) 4 headers in 157 bytes (1 switches on core 0)
2026-06-06 00:44:15.265 6 INFO neutron.db.ovn_revision_numbers_db [None req-f61739fd-3a68-41c1-8998-193691d188dd - - - - - -] Successfully bumped revision number for resource edfa1822-82dd-445d-ab0b-d9658e299170 (type: ports) to 5
2026-06-06 00:44:15.364 6 WARNING neutron.scheduler.dhcp_agent_scheduler [None req-5d129d79-f919-4103-ad6f-5728eb26092b 38b1ba34cc514c329bface504a7db0d6 8650fc1a31944c41afd3392cce13e780 - - default default] No more DHCP agents
2026-06-06 00:44:15.368 6 WARNING neutron.api.rpc.agentnotifiers.dhcp_rpc_agent_api [None req-5d129d79-f919-4103-ad6f-5728eb26092b 38b1ba34cc514c329bface504a7db0d6 8650fc1a31944c41afd3392cce13e780 - - default default] Unable to schedule network 745c8ae4-d135-462e-8007-8e25fbc41b6e: no agents available; will retry on subsequent port and subnet creation events. [pid: 7|app: 0|req: 521/1071] 10.0.0.202 () {34 vars in 990 bytes} [Sat Jun 6 00:44:15 2026] GET /v2.0/ports?device_id=145e953c-e17d-4a04-8643-df2ab8e58240 => generated 1209 bytes in 349 msecs (HTTP/1.1 200) 4 headers in 158 bytes (1 switches on core 0)
2026-06-06 00:44:15.495 7 INFO neutron.plugins.ml2.drivers.ovn.mech_driver.mech_driver [None req-0eb2e5d6-5c4f-4c45-ab31-fcb09aeea5a8 - - - - - -] OVN reports status down for port: 9f989b14-8244-43de-980d-370f8881c583
2026-06-06 00:44:15.496 6 INFO neutron.db.ovn_revision_numbers_db [None req-5d129d79-f919-4103-ad6f-5728eb26092b 38b1ba34cc514c329bface504a7db0d6 8650fc1a31944c41afd3392cce13e780 - - default default] Successfully bumped revision number for resource 9f989b14-8244-43de-980d-370f8881c583 (type: ports) to 1 [pid: 7|app: 0|req: 522/1072] 10.0.0.202 () {34 vars in 1040 bytes} [Sat Jun 6 00:44:15 2026] GET /v2.0/security-groups?id=f30604be-ced8-4079-985d-946319e8206c&fields=id&fields=name => generated 113 bytes in 64 msecs (HTTP/1.1 200) 4 headers in 157 bytes (1 switches on core 0) [pid: 6|app: 0|req: 551/1073] 10.0.0.238 () {34 vars in 671 bytes} [Sat Jun 6 00:44:13 2026] POST /v2.0/networks => generated 766 bytes in 1696 msecs (HTTP/1.1 201) 4 headers in 162 bytes (1 switches on core 0)
2026-06-06 00:44:15.648 6 INFO neutron.plugins.ml2.drivers.ovn.mech_driver.mech_driver [None req-3c1fbed3-193b-41b2-b1f9-e81d0affe001 - - - - - -] OVN reports status down for port: 3104cd59-0c6b-4338-945f-65111b03260a
2026-06-06 00:44:15.707 7 WARNING neutron.scheduler.dhcp_agent_scheduler [None req-a9656aea-5cc9-4aa4-a620-e5d923322792 38b1ba34cc514c329bface504a7db0d6 8650fc1a31944c41afd3392cce13e780 - - default default] No more DHCP agents
2026-06-06 00:44:15.708 7 WARNING neutron.api.rpc.agentnotifiers.dhcp_rpc_agent_api [None req-a9656aea-5cc9-4aa4-a620-e5d923322792 38b1ba34cc514c329bface504a7db0d6 8650fc1a31944c41afd3392cce13e780 - - default default] Unable to schedule network 745c8ae4-d135-462e-8007-8e25fbc41b6e: no agents available; will retry on subsequent port and subnet creation events.
2026-06-06 00:44:15.746 6 WARNING neutron.plugins.ml2.drivers.ovn.mech_driver.ovsdb.ovn_client [None req-3c1fbed3-193b-41b2-b1f9-e81d0affe001 - - - - - -] Logical_Switch_Port %s host information not removed, the port state is up
2026-06-06 00:44:15.750 6 INFO neutron.plugins.ml2.drivers.ovn.mech_driver.mech_driver [None req-3c1fbed3-193b-41b2-b1f9-e81d0affe001 - - - - - -] OVN reports status up for port: 3104cd59-0c6b-4338-945f-65111b03260a
2026-06-06 00:44:15.771 6 INFO neutron.plugins.ml2.plugin [None req-3c1fbed3-193b-41b2-b1f9-e81d0affe001 - - - - - -] Attempt 1 to provision port 3104cd59-0c6b-4338-945f-65111b03260a
2026-06-06 00:44:15.880 6 INFO neutron.db.ovn_revision_numbers_db [None req-395823c3-a034-4e45-9a6e-505f1063a0d0 2f3f4104278246299a2429605f45f7c7 4ecd79db51494a4cae85d9dc21281dab - - default default] Successfully bumped revision number for resource e5c8a521-002d-4da0-9160-56cad79ee62c (type: security_groups) to 1
2026-06-06 00:44:15.902 6 INFO neutron.db.ovn_revision_numbers_db [None req-395823c3-a034-4e45-9a6e-505f1063a0d0 2f3f4104278246299a2429605f45f7c7 4ecd79db51494a4cae85d9dc21281dab - - default default] Successfully bumped revision number for resource 4be3d934-3ccb-4788-a558-2f9b47771f1d (type: security_group_rules) to 0
2026-06-06 00:44:15.929 6 INFO neutron.db.ovn_revision_numbers_db [None req-395823c3-a034-4e45-9a6e-505f1063a0d0 2f3f4104278246299a2429605f45f7c7 4ecd79db51494a4cae85d9dc21281dab - - default default] Successfully bumped revision number for resource 6e3fe5f3-fac7-46f8-92c2-bac6544d2af2 (type: security_group_rules) to 0
2026-06-06 00:44:15.957 6 INFO neutron.db.ovn_revision_numbers_db [None req-395823c3-a034-4e45-9a6e-505f1063a0d0 2f3f4104278246299a2429605f45f7c7 4ecd79db51494a4cae85d9dc21281dab - - default default] Successfully bumped revision number for resource 78890b52-82ac-4461-b688-460b338fcc69 (type: security_group_rules) to 0
2026-06-06 00:44:15.991 6 INFO neutron.db.ovn_revision_numbers_db [None req-395823c3-a034-4e45-9a6e-505f1063a0d0 2f3f4104278246299a2429605f45f7c7 4ecd79db51494a4cae85d9dc21281dab - - default default] Successfully bumped revision number for resource dc18c472-b83a-49a1-944b-ab936cfcc7ff (type: security_group_rules) to 0
2026-06-06 00:44:16.097 6 INFO neutron.db.segments_db [None req-395823c3-a034-4e45-9a6e-505f1063a0d0 2f3f4104278246299a2429605f45f7c7 4ecd79db51494a4cae85d9dc21281dab - - default default] Added segment 42f1a370-5916-4741-bbf6-3a1dacb56a05 of type geneve for network 910b2a0a-9105-4efa-9078-8d1ee9bd1fa6
2026-06-06 00:44:16.180 7 INFO neutron.db.ovn_revision_numbers_db [None req-485566ab-52ba-41e3-affa-7cd2ce416fcd - - - - - -] Successfully bumped revision number for resource 9f989b14-8244-43de-980d-370f8881c583 (type: ports) to 2
2026-06-06 00:44:16.214 7 INFO neutron.db.ovn_revision_numbers_db [None req-485566ab-52ba-41e3-affa-7cd2ce416fcd - - - - - -] Successfully bumped revision number for resource 7b09c93f-ff5c-4f3a-bf28-60abd82986e3 (type: subnets) to 0 [pid: 7|app: 0|req: 523/1074] 10.0.0.238 () {34 vars in 669 bytes} [Sat Jun 6 00:44:15 2026] POST /v2.0/subnets => generated 691 bytes in 701 msecs (HTTP/1.1 201) 4 headers in 162 bytes (1 switches on core 0)
2026-06-06 00:44:16.329 6 INFO neutron.db.ovn_revision_numbers_db [None req-395823c3-a034-4e45-9a6e-505f1063a0d0 2f3f4104278246299a2429605f45f7c7 4ecd79db51494a4cae85d9dc21281dab - - default default] Successfully bumped revision number for resource 910b2a0a-9105-4efa-9078-8d1ee9bd1fa6 (type: networks) to 1
2026-06-06 00:44:16.387 7 INFO neutron.db.ovn_revision_numbers_db [None req-667f0a4c-5f27-42b6-a7e4-2371ddc55144 4bdfa027cf014c16ae4c5ee28aec7a9e 2d48859d44bd4f90ba192613aa275108 - - default default] Successfully bumped revision number for resource 90b4ace1-0afa-4b3a-b565-114becbd8240 (type: security_groups) to 1
2026-06-06 00:44:16.399 7 INFO neutron.db.ovn_revision_numbers_db [None req-667f0a4c-5f27-42b6-a7e4-2371ddc55144 4bdfa027cf014c16ae4c5ee28aec7a9e 2d48859d44bd4f90ba192613aa275108 - - default default] Successfully bumped revision number for resource 5a9a700f-a94d-4b05-bae6-c4d25269e19b (type: security_group_rules) to 0
2026-06-06 00:44:16.411 7 INFO neutron.db.ovn_revision_numbers_db [None req-667f0a4c-5f27-42b6-a7e4-2371ddc55144 4bdfa027cf014c16ae4c5ee28aec7a9e 2d48859d44bd4f90ba192613aa275108 - - default default] Successfully bumped revision number for resource 7c681b9b-c687-4693-95e9-76417ce79e00 (type: security_group_rules) to 0 [pid: 7|app: 0|req: 524/1075] 10.0.0.238 () {34 vars in 685 bytes} [Sat Jun 6 00:44:16 2026] POST /v2.0/security-groups => generated 1661 bytes in 217 msecs (HTTP/1.1 201) 4 headers in 163 bytes (1 switches on core 0)
2026-06-06 00:44:16.577 6 INFO neutron.db.ovn_revision_numbers_db [None req-3c1fbed3-193b-41b2-b1f9-e81d0affe001 - - - - - -] Successfully bumped revision number for resource 3104cd59-0c6b-4338-945f-65111b03260a (type: ports) to 2
2026-06-06 00:44:16.665 6 WARNING neutron.scheduler.dhcp_agent_scheduler [None req-395823c3-a034-4e45-9a6e-505f1063a0d0 2f3f4104278246299a2429605f45f7c7 4ecd79db51494a4cae85d9dc21281dab - - default default] No more DHCP agents
2026-06-06 00:44:16.671 6 WARNING neutron.api.rpc.agentnotifiers.dhcp_rpc_agent_api [None req-395823c3-a034-4e45-9a6e-505f1063a0d0 2f3f4104278246299a2429605f45f7c7 4ecd79db51494a4cae85d9dc21281dab - - default default] Unable to schedule network 910b2a0a-9105-4efa-9078-8d1ee9bd1fa6: no agents available; will retry on subsequent port and subnet creation events.
2026-06-06 00:44:16.797 7 INFO neutron.plugins.ml2.drivers.ovn.mech_driver.mech_driver [None req-0eb2e5d6-5c4f-4c45-ab31-fcb09aeea5a8 - - - - - -] OVN reports status down for port: e8131a98-64a0-4af7-a167-627fe32b96f6
2026-06-06 00:44:16.830 6 INFO neutron.db.ovn_revision_numbers_db [None req-395823c3-a034-4e45-9a6e-505f1063a0d0 2f3f4104278246299a2429605f45f7c7 4ecd79db51494a4cae85d9dc21281dab - - default default] Successfully bumped revision number for resource e8131a98-64a0-4af7-a167-627fe32b96f6 (type: ports) to 1 [pid: 6|app: 0|req: 552/1076] 10.0.0.238 () {34 vars in 670 bytes} [Sat Jun 6 00:44:15 2026] POST /v2.0/networks => generated 668 bytes in 1314 msecs (HTTP/1.1 201) 4 headers in 162 bytes (1 switches on core 0)
2026-06-06 00:44:16.984 6 INFO neutron.db.ovn_revision_numbers_db [None req-a815ddef-4b8d-4f7f-b990-3ad64a28bfa5 4bdfa027cf014c16ae4c5ee28aec7a9e 2d48859d44bd4f90ba192613aa275108 - - default default] Successfully bumped revision number for resource ba8d16f3-f067-408a-9b01-8f1543d068e5 (type: security_group_rules) to 0
2026-06-06 00:44:17.011 7 WARNING neutron.scheduler.dhcp_agent_scheduler [None req-18b3853d-06ed-4f48-9d95-35daf95a3591 38b1ba34cc514c329bface504a7db0d6 8650fc1a31944c41afd3392cce13e780 - - default default] No more DHCP agents [pid: 6|app: 0|req: 553/1077] 10.0.0.238 () {34 vars in 695 bytes} [Sat Jun 6 00:44:16 2026] POST /v2.0/security-group-rules => generated 597 bytes in 147 msecs (HTTP/1.1 201) 4 headers in 162 bytes (1 switches on core 0)
2026-06-06 00:44:17.013 7 WARNING neutron.api.rpc.agentnotifiers.dhcp_rpc_agent_api [None req-18b3853d-06ed-4f48-9d95-35daf95a3591 38b1ba34cc514c329bface504a7db0d6 8650fc1a31944c41afd3392cce13e780 - - default default] Unable to schedule network fb76b751-e401-4ee1-9d83-372c8528f7fd: no agents available; will retry on subsequent port and subnet creation events. [pid: 6|app: 0|req: 554/1078] 10.0.0.56 () {34 vars in 989 bytes} [Sat Jun 6 00:44:17 2026] GET /v2.0/ports?device_id=145e953c-e17d-4a04-8643-df2ab8e58240 => generated 971 bytes in 65 msecs (HTTP/1.1 200) 4 headers in 157 bytes (1 switches on core 0)
2026-06-06 00:44:17.153 7 INFO neutron.db.ovn_revision_numbers_db [None req-18b3853d-06ed-4f48-9d95-35daf95a3591 38b1ba34cc514c329bface504a7db0d6 8650fc1a31944c41afd3392cce13e780 - - default default] Successfully bumped revision number for resource 568f9615-e2bd-4a04-9ad7-29650848614c (type: ports) to 1
2026-06-06 00:44:17.321 6 WARNING neutron.scheduler.dhcp_agent_scheduler [None req-70a5e47a-acb7-4245-8dec-a7e6a0c92602 2f3f4104278246299a2429605f45f7c7 4ecd79db51494a4cae85d9dc21281dab - - default default] No more DHCP agents
2026-06-06 00:44:17.322 6 WARNING neutron.api.rpc.agentnotifiers.dhcp_rpc_agent_api [None req-70a5e47a-acb7-4245-8dec-a7e6a0c92602 2f3f4104278246299a2429605f45f7c7 4ecd79db51494a4cae85d9dc21281dab - - default default] Unable to schedule network 910b2a0a-9105-4efa-9078-8d1ee9bd1fa6: no agents available; will retry on subsequent port and subnet creation events.
2026-06-06 00:44:17.392 7 INFO neutron.plugins.ml2.drivers.ovn.mech_driver.mech_driver [None req-0eb2e5d6-5c4f-4c45-ab31-fcb09aeea5a8 - - - - - -] OVN reports status down for port: 7b4de771-6f8d-491e-a291-cf6380eeba62
2026-06-06 00:44:17.407 6 INFO neutron.db.ovn_revision_numbers_db [None req-70a5e47a-acb7-4245-8dec-a7e6a0c92602 2f3f4104278246299a2429605f45f7c7 4ecd79db51494a4cae85d9dc21281dab - - default default] Successfully bumped revision number for resource 7b4de771-6f8d-491e-a291-cf6380eeba62 (type: ports) to 1 [pid: 6|app: 0|req: 555/1079] 10.0.0.238 () {34 vars in 665 bytes} [Sat Jun 6 00:44:17 2026] POST /v2.0/ports => generated 779 bytes in 378 msecs (HTTP/1.1 201) 4 headers in 162 bytes (1 switches on core 0) /var/lib/openstack/lib/python3.12/site-packages/pycadf/identifier.py:70: UserWarning: Invalid uuid: neutron. To ensure interoperability, identifiers should be a valid uuid. warnings.warn(('Invalid uuid: %s. To ensure interoperability, '
2026-06-06 00:44:17.592 6 INFO neutron.db.ovn_revision_numbers_db [None req-370f532f-cca4-495f-a03b-fe096ee24daf 4bdfa027cf014c16ae4c5ee28aec7a9e 2d48859d44bd4f90ba192613aa275108 - - default default] Successfully bumped revision number for resource 951ee50e-3170-4779-917d-a924748f85d3 (type: security_group_rules) to 0 [pid: 6|app: 0|req: 556/1080] 10.0.0.238 () {34 vars in 695 bytes} [Sat Jun 6 00:44:17 2026] POST /v2.0/security-group-rules => generated 602 bytes in 166 msecs (HTTP/1.1 201) 4 headers in 162 bytes (1 switches on core 0) [pid: 6|app: 0|req: 557/1081] 10.0.0.56 () {34 vars in 970 bytes} [Sat Jun 6 00:44:17 2026] GET /v2.0/ports/f77817ad-2838-4a59-9f6a-1f770548e6d1 => generated 968 bytes in 36 msecs (HTTP/1.1 200) 4 headers in 157 bytes (1 switches on core 0)
2026-06-06 00:44:17.764 6 INFO neutron.db.segments_db [None req-89c57dc9-1aa1-4bcb-9e8a-32739d3768a7 2f3f4104278246299a2429605f45f7c7 4ecd79db51494a4cae85d9dc21281dab - - default default] Added segment 01cbbbaf-4b52-4941-9d72-35c6c5028dc9 of type geneve for network 6a5c9feb-37cb-4754-ad75-b4bcb0783e6c
2026-06-06 00:44:17.814 7 INFO neutron.plugins.ml2.drivers.ovn.mech_driver.ovsdb.commands [None req-c8e7e571-1033-47fe-a856-8741ff5fe29d - - - - - -] Schedule LRP lrp-568f9615-e2bd-4a04-9ad7-29650848614c on gateway 97ca824d-0910-44b9-a241-3633203e2b17 with priority 1
2026-06-06 00:44:17.885 7 INFO neutron.db.ovn_revision_numbers_db [None req-18b3853d-06ed-4f48-9d95-35daf95a3591 38b1ba34cc514c329bface504a7db0d6 8650fc1a31944c41afd3392cce13e780 - - default default] Successfully bumped revision number for resource 568f9615-e2bd-4a04-9ad7-29650848614c (type: router_ports) to 1
2026-06-06 00:44:17.888 6 INFO neutron.plugins.ml2.drivers.ovn.mech_driver.ovsdb.ovsdb_monitor [None req-f61739fd-3a68-41c1-8998-193691d188dd - - - - - -] Router ffd0dcaf-13e1-4980-b2fb-2994f61a0377 is bound to host instance
2026-06-06 00:44:17.972 7 INFO neutron.db.ovn_revision_numbers_db [None req-18b3853d-06ed-4f48-9d95-35daf95a3591 38b1ba34cc514c329bface504a7db0d6 8650fc1a31944c41afd3392cce13e780 - - default default] Successfully bumped revision number for resource ffd0dcaf-13e1-4980-b2fb-2994f61a0377 (type: routers) to 2 [pid: 7|app: 0|req: 525/1082] 10.0.0.238 () {34 vars in 669 bytes} [Sat Jun 6 00:44:16 2026] POST /v2.0/routers => generated 969 bytes in 1547 msecs (HTTP/1.1 201) 4 headers in 162 bytes (1 switches on core 0)
2026-06-06 00:44:18.038 6 INFO neutron.db.ovn_revision_numbers_db [None req-89c57dc9-1aa1-4bcb-9e8a-32739d3768a7 2f3f4104278246299a2429605f45f7c7 4ecd79db51494a4cae85d9dc21281dab - - default default] Successfully bumped revision number for resource 6a5c9feb-37cb-4754-ad75-b4bcb0783e6c (type: networks) to 1
2026-06-06 00:44:18.258 7 WARNING neutron.scheduler.dhcp_agent_scheduler [None req-a1d45f31-4fbe-4ea6-9a76-a6276acaadfc 4bdfa027cf014c16ae4c5ee28aec7a9e 2d48859d44bd4f90ba192613aa275108 - - default default] No more DHCP agents
2026-06-06 00:44:18.259 7 WARNING neutron.api.rpc.agentnotifiers.dhcp_rpc_agent_api [None req-a1d45f31-4fbe-4ea6-9a76-a6276acaadfc 4bdfa027cf014c16ae4c5ee28aec7a9e 2d48859d44bd4f90ba192613aa275108 - - default default] Unable to schedule network fb76b751-e401-4ee1-9d83-372c8528f7fd: no agents available; will retry on subsequent port and subnet creation events.
2026-06-06 00:44:18.343 6 WARNING neutron.scheduler.dhcp_agent_scheduler [None req-89c57dc9-1aa1-4bcb-9e8a-32739d3768a7 2f3f4104278246299a2429605f45f7c7 4ecd79db51494a4cae85d9dc21281dab - - default default] No more DHCP agents
2026-06-06 00:44:18.346 6 WARNING neutron.api.rpc.agentnotifiers.dhcp_rpc_agent_api [None req-89c57dc9-1aa1-4bcb-9e8a-32739d3768a7 2f3f4104278246299a2429605f45f7c7 4ecd79db51494a4cae85d9dc21281dab - - default default] Unable to schedule network 6a5c9feb-37cb-4754-ad75-b4bcb0783e6c: no agents available; will retry on subsequent port and subnet creation events.
2026-06-06 00:44:18.534 6 INFO neutron.db.ovn_revision_numbers_db [None req-89c57dc9-1aa1-4bcb-9e8a-32739d3768a7 2f3f4104278246299a2429605f45f7c7 4ecd79db51494a4cae85d9dc21281dab - - default default] Successfully bumped revision number for resource ce9864d2-c838-4caf-a66d-a82ace4e03a2 (type: ports) to 1 [pid: 7|app: 0|req: 526/1083] 10.0.0.238 () {34 vars in 676 bytes} [Sat Jun 6 00:44:17 2026] POST /v2.0/floatingips => generated 552 bytes in 554 msecs (HTTP/1.1 201) 4 headers in 162 bytes (1 switches on core 0) [pid: 6|app: 0|req: 558/1084] 10.0.0.238 () {34 vars in 670 bytes} [Sat Jun 6 00:44:17 2026] POST /v2.0/networks => generated 655 bytes in 937 msecs (HTTP/1.1 201) 4 headers in 162 bytes (1 switches on core 0) [pid: 6|app: 0|req: 559/1085] 199.204.45.205 () {34 vars in 1000 bytes} [Sat Jun 6 00:44:18 2026] GET /v2.0/subnets?network_id=feefffb5-04ed-4307-91c7-722dec7d6ba9 => generated 684 bytes in 92 msecs (HTTP/1.1 200) 4 headers in 157 bytes (1 switches on core 0)
2026-06-06 00:44:19.091 7 WARNING neutron.scheduler.dhcp_agent_scheduler [None req-a0005b21-fd20-42c4-8da5-90dd20c82f59 38b1ba34cc514c329bface504a7db0d6 8650fc1a31944c41afd3392cce13e780 - - default default] No more DHCP agents
2026-06-06 00:44:19.092 6 WARNING neutron.scheduler.dhcp_agent_scheduler [None req-1051f29f-fcff-46b6-a44f-8ada68acf869 2f3f4104278246299a2429605f45f7c7 4ecd79db51494a4cae85d9dc21281dab - - default default] No more DHCP agents
2026-06-06 00:44:19.095 6 WARNING neutron.api.rpc.agentnotifiers.dhcp_rpc_agent_api [None req-1051f29f-fcff-46b6-a44f-8ada68acf869 2f3f4104278246299a2429605f45f7c7 4ecd79db51494a4cae85d9dc21281dab - - default default] Unable to schedule network 6a5c9feb-37cb-4754-ad75-b4bcb0783e6c: no agents available; will retry on subsequent port and subnet creation events.
2026-06-06 00:44:19.095 7 WARNING neutron.api.rpc.agentnotifiers.dhcp_rpc_agent_api [None req-a0005b21-fd20-42c4-8da5-90dd20c82f59 38b1ba34cc514c329bface504a7db0d6 8650fc1a31944c41afd3392cce13e780 - - default default] Unable to schedule network 745c8ae4-d135-462e-8007-8e25fbc41b6e: no agents available; will retry on subsequent port and subnet creation events.
2026-06-06 00:44:19.153 6 INFO neutron.db.ovn_revision_numbers_db [None req-1051f29f-fcff-46b6-a44f-8ada68acf869 2f3f4104278246299a2429605f45f7c7 4ecd79db51494a4cae85d9dc21281dab - - default default] Successfully bumped revision number for resource 8b65167a-75d5-426e-9b7f-38d782110828 (type: subnets) to 0 [pid: 6|app: 0|req: 560/1086] 10.0.0.238 () {34 vars in 669 bytes} [Sat Jun 6 00:44:18 2026] POST /v2.0/subnets => generated 646 bytes in 491 msecs (HTTP/1.1 201) 4 headers in 162 bytes (1 switches on core 0)
2026-06-06 00:44:19.232 7 INFO neutron.db.ovn_revision_numbers_db [None req-a0005b21-fd20-42c4-8da5-90dd20c82f59 38b1ba34cc514c329bface504a7db0d6 8650fc1a31944c41afd3392cce13e780 - - default default] Successfully bumped revision number for resource b15e2c43-d52f-47a4-86e1-96760dffd3fd (type: ports) to 1 [pid: 6|app: 0|req: 561/1087] 199.204.45.205 () {34 vars in 1146 bytes} [Sat Jun 6 00:44:19 2026] GET /v2.0/ports?device_id=145e953c-e17d-4a04-8643-df2ab8e58240&device_owner=compute%3Anova&network_id=feefffb5-04ed-4307-91c7-722dec7d6ba9 => generated 971 bytes in 180 msecs (HTTP/1.1 200) 4 headers in 157 bytes (1 switches on core 0) [pid: 6|app: 0|req: 562/1088] 10.0.0.56 () {34 vars in 1099 bytes} [Sat Jun 6 00:44:19 2026] GET /v2.0/security-groups?name=tempest-securitygroup--1660776321&fields=id&tenant_id=2d48859d44bd4f90ba192613aa275108 => generated 69 bytes in 81 msecs (HTTP/1.1 200) 4 headers in 156 bytes (1 switches on core 0)
2026-06-06 00:44:19.545 6 INFO neutron.db.ovn_revision_numbers_db [None req-2e14b8f6-9a0e-4319-afbd-2b97e210855f - - - - - -] Successfully bumped revision number for resource 568f9615-e2bd-4a04-9ad7-29650848614c (type: ports) to 4
2026-06-06 00:44:19.892 7 WARNING neutron.scheduler.dhcp_agent_scheduler [None req-a0005b21-fd20-42c4-8da5-90dd20c82f59 38b1ba34cc514c329bface504a7db0d6 8650fc1a31944c41afd3392cce13e780 - - default default] No more DHCP agents
2026-06-06 00:44:19.894 7 WARNING neutron.api.rpc.agentnotifiers.dhcp_rpc_agent_api [None req-a0005b21-fd20-42c4-8da5-90dd20c82f59 38b1ba34cc514c329bface504a7db0d6 8650fc1a31944c41afd3392cce13e780 - - default default] Unable to schedule network 745c8ae4-d135-462e-8007-8e25fbc41b6e: no agents available; will retry on subsequent port and subnet creation events.
2026-06-06 00:44:19.997 6 WARNING neutron.scheduler.dhcp_agent_scheduler [None req-1378cfa8-20f9-4238-8aea-43a296ae36c4 2f3f4104278246299a2429605f45f7c7 4ecd79db51494a4cae85d9dc21281dab - - default default] No more DHCP agents
2026-06-06 00:44:20.004 6 WARNING neutron.api.rpc.agentnotifiers.dhcp_rpc_agent_api [None req-1378cfa8-20f9-4238-8aea-43a296ae36c4 2f3f4104278246299a2429605f45f7c7 4ecd79db51494a4cae85d9dc21281dab - - default default] Unable to schedule network 6a5c9feb-37cb-4754-ad75-b4bcb0783e6c: no agents available; will retry on subsequent port and subnet creation events.
2026-06-06 00:44:20.217 6 INFO neutron.db.ovn_revision_numbers_db [None req-1378cfa8-20f9-4238-8aea-43a296ae36c4 2f3f4104278246299a2429605f45f7c7 4ecd79db51494a4cae85d9dc21281dab - - default default] Successfully bumped revision number for resource 795aa41c-e7cc-4c7f-b56a-21529bc79f29 (type: ports) to 1
2026-06-06 00:44:20.219 6 INFO neutron.db.ovn_revision_numbers_db [None req-2e14b8f6-9a0e-4319-afbd-2b97e210855f - - - - - -] Successfully bumped revision number for resource 568f9615-e2bd-4a04-9ad7-29650848614c (type: ports) to 5 [pid: 6|app: 0|req: 563/1089] 10.0.0.238 () {34 vars in 665 bytes} [Sat Jun 6 00:44:19 2026] POST /v2.0/ports => generated 966 bytes in 821 msecs (HTTP/1.1 201) 4 headers in 162 bytes (1 switches on core 0) /var/lib/openstack/lib/python3.12/site-packages/pycadf/identifier.py:70: UserWarning: Invalid uuid: neutron. To ensure interoperability, identifiers should be a valid uuid. warnings.warn(('Invalid uuid: %s. To ensure interoperability, '
2026-06-06 00:44:20.382 7 INFO neutron.db.ovn_revision_numbers_db [None req-a0005b21-fd20-42c4-8da5-90dd20c82f59 38b1ba34cc514c329bface504a7db0d6 8650fc1a31944c41afd3392cce13e780 - - default default] Successfully bumped revision number for resource b15e2c43-d52f-47a4-86e1-96760dffd3fd (type: router_ports) to 1 [pid: 7|app: 0|req: 527/1090] 10.0.0.238 () {34 vars in 783 bytes} [Sat Jun 6 00:44:18 2026] PUT /v2.0/routers/ffd0dcaf-13e1-4980-b2fb-2994f61a0377/add_router_interface => generated 309 bytes in 1845 msecs (HTTP/1.1 200) 4 headers in 157 bytes (1 switches on core 0) [pid: 7|app: 0|req: 528/1091] 10.0.0.56 () {34 vars in 981 bytes} [Sat Jun 6 00:44:20 2026] GET /v2.0/networks?id=87074a20-2eb2-4fc5-8e43-d7e2cf3a99de => generated 714 bytes in 53 msecs (HTTP/1.1 200) 4 headers in 157 bytes (1 switches on core 0)
2026-06-06 00:44:20.624 7 INFO neutron_taas.services.taas.taas_plugin [None req-289f08c7-8511-4a09-885b-1cf14253e2b7 2f3f4104278246299a2429605f45f7c7 4ecd79db51494a4cae85d9dc21281dab - - default default] TaaS: Handle Delete Port: 795aa41c-e7cc-4c7f-b56a-21529bc79f29
2026-06-06 00:44:20.629 7 INFO neutron_taas.services.taas.tap_mirror_plugin [None req-289f08c7-8511-4a09-885b-1cf14253e2b7 2f3f4104278246299a2429605f45f7c7 4ecd79db51494a4cae85d9dc21281dab - - default default] Tap Mirror: Handle Delete Port: 795aa41c-e7cc-4c7f-b56a-21529bc79f29 [pid: 7|app: 0|req: 529/1092] 10.0.0.238 () {32 vars in 720 bytes} [Sat Jun 6 00:44:20 2026] DELETE /v2.0/ports/795aa41c-e7cc-4c7f-b56a-21529bc79f29 => generated 0 bytes in 306 msecs (HTTP/1.1 204) 3 headers in 131 bytes (1 switches on core 0) [pid: 7|app: 0|req: 530/1093] 10.0.0.56 () {34 vars in 964 bytes} [Sat Jun 6 00:44:20 2026] GET /v2.0/quotas/2d48859d44bd4f90ba192613aa275108 => generated 292 bytes in 15 msecs (HTTP/1.1 200) 4 headers in 157 bytes (1 switches on core 0)
