2026-06-06 00:46:03.593 7 WARNING neutron.api.rpc.agentnotifiers.dhcp_rpc_agent_api [None req-8c46aae5-74d3-4186-98cb-c2febd997626 38b1ba34cc514c329bface504a7db0d6 8650fc1a31944c41afd3392cce13e780 - - default default] Unable to schedule network 5664cc56-76b8-4857-8b84-c97e7dc9e7f6: no agents available; will retry on subsequent port and subnet creation events.
2026-06-06 00:46:03.657 6 INFO neutron.db.ovn_revision_numbers_db [None req-a526aa09-6d33-4af2-8a7b-825dfe63f6c2 fdc46e7efc98433698f180bd55a3fa3d 114c585116cf4c4ab6995a695ed11e18 - - default default] Successfully bumped revision number for resource 0a40f158-1c12-4fc9-a1ce-dd411350a8a5 (type: ports) to 1 [pid: 6|app: 0|req: 938/1796] 10.0.0.238 () {34 vars in 665 bytes} [Sat Jun 6 00:46:02 2026] POST /v2.0/ports => generated 1505 bytes in 789 msecs (HTTP/1.1 201) 4 headers in 163 bytes (1 switches on core 0) /var/lib/openstack/lib/python3.12/site-packages/pycadf/identifier.py:70: UserWarning: Invalid uuid: neutron. To ensure interoperability, identifiers should be a valid uuid. warnings.warn(('Invalid uuid: %s. To ensure interoperability, ' [pid: 6|app: 0|req: 939/1797] 10.0.0.238 () {32 vars in 739 bytes} [Sat Jun 6 00:46:03 2026] GET /v2.0/subnetpools/34974565-290d-4455-8cbc-f7f4b4030b26/tags => generated 25 bytes in 41 msecs (HTTP/1.1 200) 4 headers in 156 bytes (1 switches on core 0) [pid: 6|app: 0|req: 940/1798] 10.0.0.238 () {32 vars in 724 bytes} [Sat Jun 6 00:46:03 2026] DELETE /v2.0/subnets/861bc82d-aa31-4c8d-86f7-ad2831be946b => generated 0 bytes in 154 msecs (HTTP/1.1 204) 3 headers in 131 bytes (1 switches on core 0) [pid: 6|app: 0|req: 941/1799] 10.0.0.238 () {32 vars in 643 bytes} [Sat Jun 6 00:46:03 2026] GET /v2.0/ports => generated 3017 bytes in 43 msecs (HTTP/1.1 200) 4 headers in 158 bytes (1 switches on core 0)
2026-06-06 00:46:04.069 7 INFO neutron.db.ovn_revision_numbers_db [None req-a7f5fdf3-e4a2-41c7-a98f-a5c86c9403b5 - - - - - -] Successfully bumped revision number for resource dc4d7450-7e3e-4e3d-b7de-121dfe97e2d8 (type: ports) to 2 [pid: 6|app: 0|req: 942/1800] 10.0.0.238 () {34 vars in 770 bytes} [Sat Jun 6 00:46:04 2026] PUT /v2.0/subnetpools/34974565-290d-4455-8cbc-f7f4b4030b26/tags/green => generated 4 bytes in 78 msecs (HTTP/1.1 201) 4 headers in 160 bytes (1 switches on core 0)
2026-06-06 00:46:04.109 7 INFO neutron.db.ovn_revision_numbers_db [None req-a7f5fdf3-e4a2-41c7-a98f-a5c86c9403b5 - - - - - -] Successfully bumped revision number for resource 40bf95ff-eee1-4873-af0c-7fee6be22bea (type: subnets) to 0 [pid: 7|app: 0|req: 859/1801] 10.0.0.238 () {34 vars in 669 bytes} [Sat Jun 6 00:46:03 2026] POST /v2.0/subnets => generated 688 bytes in 778 msecs (HTTP/1.1 201) 4 headers in 162 bytes (1 switches on core 0)
2026-06-06 00:46:04.214 6 INFO neutron_taas.services.taas.taas_plugin [None req-9dbdc45e-11b8-4e2f-b1b6-a622a0aca045 49501455fd7f4e2f807633176b89a23d ecb7126fce4b4e6db2fe142a959c882c - - default default] TaaS: Handle Delete Port: 7d1e8cc4-acb2-4e7c-87b7-88a68d481e24
2026-06-06 00:46:04.217 6 INFO neutron_taas.services.taas.tap_mirror_plugin [None req-9dbdc45e-11b8-4e2f-b1b6-a622a0aca045 49501455fd7f4e2f807633176b89a23d ecb7126fce4b4e6db2fe142a959c882c - - default default] Tap Mirror: Handle Delete Port: 7d1e8cc4-acb2-4e7c-87b7-88a68d481e24
2026-06-06 00:46:04.266 7 INFO neutron_taas.services.taas.taas_plugin [None req-3c934d9c-2416-4726-94b2-7f4abf1c91c1 fdc46e7efc98433698f180bd55a3fa3d 114c585116cf4c4ab6995a695ed11e18 - - default default] TaaS: Handle Delete Port: 854a37d5-ae62-4571-91ca-583e956d97f8
2026-06-06 00:46:04.270 7 INFO neutron_taas.services.taas.tap_mirror_plugin [None req-3c934d9c-2416-4726-94b2-7f4abf1c91c1 fdc46e7efc98433698f180bd55a3fa3d 114c585116cf4c4ab6995a695ed11e18 - - default default] Tap Mirror: Handle Delete Port: 854a37d5-ae62-4571-91ca-583e956d97f8 [pid: 7|app: 0|req: 860/1802] 10.0.0.238 () {32 vars in 720 bytes} [Sat Jun 6 00:46:04 2026] DELETE /v2.0/ports/854a37d5-ae62-4571-91ca-583e956d97f8 => generated 0 bytes in 267 msecs (HTTP/1.1 204) 3 headers in 131 bytes (1 switches on core 0) [pid: 7|app: 0|req: 861/1803] 10.0.0.238 () {32 vars in 739 bytes} [Sat Jun 6 00:46:04 2026] GET /v2.0/subnetpools/34974565-290d-4455-8cbc-f7f4b4030b26/tags => generated 34 bytes in 43 msecs (HTTP/1.1 200) 4 headers in 156 bytes (1 switches on core 0) [pid: 6|app: 0|req: 943/1804] 10.0.0.238 () {32 vars in 726 bytes} [Sat Jun 6 00:46:04 2026] DELETE /v2.0/networks/1ca52e49-7c62-4fdd-89e1-1dc3a161969a => generated 0 bytes in 365 msecs (HTTP/1.1 204) 3 headers in 131 bytes (1 switches on core 0)
2026-06-06 00:46:04.578 6 INFO neutron_taas.services.taas.taas_plugin [None req-466d414b-a5b9-4d01-8978-e1807eb40a22 fdc46e7efc98433698f180bd55a3fa3d 114c585116cf4c4ab6995a695ed11e18 - - default default] TaaS: Handle Delete Port: 0a40f158-1c12-4fc9-a1ce-dd411350a8a5
2026-06-06 00:46:04.582 6 INFO neutron_taas.services.taas.tap_mirror_plugin [None req-466d414b-a5b9-4d01-8978-e1807eb40a22 fdc46e7efc98433698f180bd55a3fa3d 114c585116cf4c4ab6995a695ed11e18 - - default default] Tap Mirror: Handle Delete Port: 0a40f158-1c12-4fc9-a1ce-dd411350a8a5 [pid: 6|app: 0|req: 944/1805] 10.0.0.238 () {32 vars in 720 bytes} [Sat Jun 6 00:46:04 2026] DELETE /v2.0/ports/0a40f158-1c12-4fc9-a1ce-dd411350a8a5 => generated 0 bytes in 273 msecs (HTTP/1.1 204) 3 headers in 131 bytes (1 switches on core 0) [pid: 6|app: 0|req: 945/1806] 10.0.0.238 () {34 vars in 766 bytes} [Sat Jun 6 00:46:04 2026] PUT /v2.0/subnetpools/34974565-290d-4455-8cbc-f7f4b4030b26/tags/red => generated 4 bytes in 34 msecs (HTTP/1.1 201) 4 headers in 160 bytes (1 switches on core 0) [pid: 6|app: 0|req: 946/1807] 10.0.0.238 () {32 vars in 643 bytes} [Sat Jun 6 00:46:04 2026] GET /v2.0/ports => generated 1523 bytes in 70 msecs (HTTP/1.1 200) 4 headers in 158 bytes (1 switches on core 0) [pid: 6|app: 0|req: 947/1808] 10.0.0.238 () {32 vars in 739 bytes} [Sat Jun 6 00:46:04 2026] GET /v2.0/subnetpools/34974565-290d-4455-8cbc-f7f4b4030b26/tags => generated 34 bytes in 29 msecs (HTTP/1.1 200) 4 headers in 156 bytes (1 switches on core 0)
2026-06-06 00:46:04.918 6 INFO neutron.services.segments.plugin [-] Segment 6e715745-2fb9-4b24-8fa7-2b65bb168baf resource provider aggregate not found
2026-06-06 00:46:04.928 6 INFO neutron.services.segments.plugin [-] Segment 6e715745-2fb9-4b24-8fa7-2b65bb168baf resource provider aggregate not found
2026-06-06 00:46:04.933 7 WARNING neutron.scheduler.dhcp_agent_scheduler [None req-d192bb78-90f4-44a3-b8a3-1e6259a80536 38b1ba34cc514c329bface504a7db0d6 8650fc1a31944c41afd3392cce13e780 - - default default] No more DHCP agents
2026-06-06 00:46:04.936 7 WARNING neutron.api.rpc.agentnotifiers.dhcp_rpc_agent_api [None req-d192bb78-90f4-44a3-b8a3-1e6259a80536 38b1ba34cc514c329bface504a7db0d6 8650fc1a31944c41afd3392cce13e780 - - default default] Unable to schedule network fb76b751-e401-4ee1-9d83-372c8528f7fd: no agents available; will retry on subsequent port and subnet creation events.
2026-06-06 00:46:04.939 6 INFO neutron.services.segments.plugin [-] Segment 6e715745-2fb9-4b24-8fa7-2b65bb168baf resource provider not found; error: Placement Client Error (4xx): {"errors": [{"status": 404, "title": "Not Found", "detail": "The resource could not be found.\n\n No resource provider with uuid 6e715745-2fb9-4b24-8fa7-2b65bb168baf found for delete ", "request_id": "req-61755b47-88c8-4bb0-8482-74cbb5a6a953"}]}
2026-06-06 00:46:04.946 6 INFO neutron.services.segments.plugin [-] Segment 6e715745-2fb9-4b24-8fa7-2b65bb168baf resource provider not found; error: Placement Client Error (4xx): {"errors": [{"status": 404, "title": "Not Found", "detail": "The resource could not be found.\n\n No resource provider with uuid 6e715745-2fb9-4b24-8fa7-2b65bb168baf found for delete ", "request_id": "req-971cbda2-a251-4c52-b999-862705c2767a"}]}
2026-06-06 00:46:04.978 6 INFO neutron.db.segments_db [None req-aec2cd72-5ea5-4940-b89e-3789feb8fca6 fdc46e7efc98433698f180bd55a3fa3d 114c585116cf4c4ab6995a695ed11e18 - - default default] Added segment 76071532-89ab-40f1-86b3-12f3da269f7f of type geneve for network abf3e2b5-8612-4ea3-80f0-c2a56f1d1108
2026-06-06 00:46:05.067 7 INFO neutron.plugins.ml2.drivers.ovn.mech_driver.mech_driver [None req-3b677372-7c13-419d-a046-b0d61accc428 - - - - - -] OVN reports status down for port: ff18ab14-712b-496f-9d05-cdc65c87cd00
2026-06-06 00:46:05.112 6 INFO neutron.db.ovn_revision_numbers_db [None req-aec2cd72-5ea5-4940-b89e-3789feb8fca6 fdc46e7efc98433698f180bd55a3fa3d 114c585116cf4c4ab6995a695ed11e18 - - default default] Successfully bumped revision number for resource abf3e2b5-8612-4ea3-80f0-c2a56f1d1108 (type: networks) to 1
2026-06-06 00:46:05.141 7 INFO neutron.db.ovn_revision_numbers_db [None req-d192bb78-90f4-44a3-b8a3-1e6259a80536 38b1ba34cc514c329bface504a7db0d6 8650fc1a31944c41afd3392cce13e780 - - default default] Successfully bumped revision number for resource ff18ab14-712b-496f-9d05-cdc65c87cd00 (type: ports) to 1
2026-06-06 00:46:05.282 6 WARNING neutron.scheduler.dhcp_agent_scheduler [None req-aec2cd72-5ea5-4940-b89e-3789feb8fca6 fdc46e7efc98433698f180bd55a3fa3d 114c585116cf4c4ab6995a695ed11e18 - - default default] No more DHCP agents
2026-06-06 00:46:05.283 6 WARNING neutron.api.rpc.agentnotifiers.dhcp_rpc_agent_api [None req-aec2cd72-5ea5-4940-b89e-3789feb8fca6 fdc46e7efc98433698f180bd55a3fa3d 114c585116cf4c4ab6995a695ed11e18 - - default default] Unable to schedule network abf3e2b5-8612-4ea3-80f0-c2a56f1d1108: no agents available; will retry on subsequent port and subnet creation events.
2026-06-06 00:46:05.347 7 INFO neutron.plugins.ml2.drivers.ovn.mech_driver.mech_driver [None req-3b677372-7c13-419d-a046-b0d61accc428 - - - - - -] OVN reports status down for port: 44972afc-6c17-4e40-8ff5-7d8b9c53336d
2026-06-06 00:46:05.372 6 INFO neutron.db.ovn_revision_numbers_db [None req-aec2cd72-5ea5-4940-b89e-3789feb8fca6 fdc46e7efc98433698f180bd55a3fa3d 114c585116cf4c4ab6995a695ed11e18 - - default default] Successfully bumped revision number for resource 44972afc-6c17-4e40-8ff5-7d8b9c53336d (type: ports) to 1 [pid: 6|app: 0|req: 948/1809] 10.0.0.238 () {34 vars in 670 bytes} [Sat Jun 6 00:46:04 2026] POST /v2.0/networks => generated 673 bytes in 528 msecs (HTTP/1.1 201) 4 headers in 162 bytes (1 switches on core 0) [pid: 6|app: 0|req: 949/1810] 10.0.0.238 () {34 vars in 788 bytes} [Sat Jun 6 00:46:05 2026] PUT /v2.0/subnetpools/34974565-290d-4455-8cbc-f7f4b4030b26/tags/black.or.white => generated 4 bytes in 59 msecs (HTTP/1.1 201) 4 headers in 160 bytes (1 switches on core 0) [pid: 6|app: 0|req: 950/1811] 10.0.0.238 () {32 vars in 774 bytes} [Sat Jun 6 00:46:05 2026] GET /v2.0/security-groups?tenant_id=ecb7126fce4b4e6db2fe142a959c882c&name=default => generated 2925 bytes in 116 msecs (HTTP/1.1 200) 4 headers in 158 bytes (1 switches on core 0)
2026-06-06 00:46:05.664 6 INFO neutron.db.segments_db [None req-9ff9007b-d7fe-4b36-9db4-19be4dc194fc fdc46e7efc98433698f180bd55a3fa3d 114c585116cf4c4ab6995a695ed11e18 - - default default] Added segment 39ac7911-21d6-4797-a12a-0e47071d9e01 of type geneve for network 14679a56-b4ce-4b82-9232-0b34ca46a3a7
2026-06-06 00:46:05.794 6 INFO neutron.db.ovn_revision_numbers_db [None req-9ff9007b-d7fe-4b36-9db4-19be4dc194fc fdc46e7efc98433698f180bd55a3fa3d 114c585116cf4c4ab6995a695ed11e18 - - default default] Successfully bumped revision number for resource 14679a56-b4ce-4b82-9232-0b34ca46a3a7 (type: networks) to 1
2026-06-06 00:46:05.825 7 INFO neutron.plugins.ml2.drivers.ovn.mech_driver.ovsdb.commands [None req-c8e7e571-1033-47fe-a856-8741ff5fe29d - - - - - -] Schedule LRP lrp-ff18ab14-712b-496f-9d05-cdc65c87cd00 on gateway 97ca824d-0910-44b9-a241-3633203e2b17 with priority 1
2026-06-06 00:46:05.884 7 INFO neutron.plugins.ml2.drivers.ovn.mech_driver.mech_driver [None req-3b677372-7c13-419d-a046-b0d61accc428 - - - - - -] OVN reports status up for port: ff18ab14-712b-496f-9d05-cdc65c87cd00
2026-06-06 00:46:05.912 7 INFO neutron.plugins.ml2.plugin [None req-3b677372-7c13-419d-a046-b0d61accc428 - - - - - -] Attempt 1 to provision port ff18ab14-712b-496f-9d05-cdc65c87cd00
2026-06-06 00:46:05.918 6 INFO neutron.plugins.ml2.drivers.ovn.mech_driver.ovsdb.ovsdb_monitor [None req-f88fa0f0-bc09-4f57-a8a6-c1242040a969 - - - - - -] Router 7221a9d3-0448-4e0e-b109-4c229efca3b3 is bound to host instance
2026-06-06 00:46:05.950 7 INFO neutron.db.ovn_revision_numbers_db [None req-d192bb78-90f4-44a3-b8a3-1e6259a80536 38b1ba34cc514c329bface504a7db0d6 8650fc1a31944c41afd3392cce13e780 - - default default] Successfully bumped revision number for resource ff18ab14-712b-496f-9d05-cdc65c87cd00 (type: router_ports) to 1
2026-06-06 00:46:06.071 7 INFO neutron.db.ovn_revision_numbers_db [None req-d192bb78-90f4-44a3-b8a3-1e6259a80536 38b1ba34cc514c329bface504a7db0d6 8650fc1a31944c41afd3392cce13e780 - - default default] Successfully bumped revision number for resource 7221a9d3-0448-4e0e-b109-4c229efca3b3 (type: routers) to 2 [pid: 7|app: 0|req: 862/1812] 10.0.0.238 () {34 vars in 669 bytes} [Sat Jun 6 00:46:04 2026] POST /v2.0/routers => generated 966 bytes in 1654 msecs (HTTP/1.1 201) 4 headers in 162 bytes (1 switches on core 0) [pid: 7|app: 0|req: 863/1813] 10.0.0.238 () {32 vars in 739 bytes} [Sat Jun 6 00:46:06 2026] GET /v2.0/subnetpools/34974565-290d-4455-8cbc-f7f4b4030b26/tags => generated 52 bytes in 63 msecs (HTTP/1.1 200) 4 headers in 156 bytes (1 switches on core 0)
2026-06-06 00:46:06.237 6 WARNING neutron.scheduler.dhcp_agent_scheduler [None req-9ff9007b-d7fe-4b36-9db4-19be4dc194fc fdc46e7efc98433698f180bd55a3fa3d 114c585116cf4c4ab6995a695ed11e18 - - default default] No more DHCP agents
2026-06-06 00:46:06.240 6 WARNING neutron.api.rpc.agentnotifiers.dhcp_rpc_agent_api [None req-9ff9007b-d7fe-4b36-9db4-19be4dc194fc fdc46e7efc98433698f180bd55a3fa3d 114c585116cf4c4ab6995a695ed11e18 - - default default] Unable to schedule network 14679a56-b4ce-4b82-9232-0b34ca46a3a7: no agents available; will retry on subsequent port and subnet creation events.
2026-06-06 00:46:06.433 6 INFO neutron.db.ovn_revision_numbers_db [None req-9ff9007b-d7fe-4b36-9db4-19be4dc194fc fdc46e7efc98433698f180bd55a3fa3d 114c585116cf4c4ab6995a695ed11e18 - - default default] Successfully bumped revision number for resource b50c8002-d636-4e09-9409-ef2f4d0b96d8 (type: ports) to 1 [pid: 7|app: 0|req: 864/1814] 10.0.0.238 () {32 vars in 740 bytes} [Sat Jun 6 00:46:06 2026] DELETE /v2.0/security-groups/1c81052b-525d-4b71-8379-c4a24ab914e9 => generated 0 bytes in 279 msecs (HTTP/1.1 204) 2 headers in 112 bytes (1 switches on core 0) [pid: 6|app: 0|req: 951/1815] 10.0.0.238 () {34 vars in 670 bytes} [Sat Jun 6 00:46:05 2026] POST /v2.0/networks => generated 673 bytes in 919 msecs (HTTP/1.1 201) 4 headers in 162 bytes (1 switches on core 0) [pid: 6|app: 0|req: 952/1816] 10.0.0.238 () {34 vars in 759 bytes} [Sat Jun 6 00:46:06 2026] PUT /v2.0/subnetpools/34974565-290d-4455-8cbc-f7f4b4030b26/tags => generated 37 bytes in 85 msecs (HTTP/1.1 200) 4 headers in 156 bytes (1 switches on core 0) [pid: 6|app: 0|req: 953/1817] 10.0.0.238 () {32 vars in 739 bytes} [Sat Jun 6 00:46:06 2026] GET /v2.0/subnetpools/34974565-290d-4455-8cbc-f7f4b4030b26/tags => generated 37 bytes in 62 msecs (HTTP/1.1 200) 4 headers in 156 bytes (1 switches on core 0) [pid: 6|app: 0|req: 954/1818] 10.0.0.238 () {32 vars in 747 bytes} [Sat Jun 6 00:46:06 2026] GET /v2.0/subnetpools/34974565-290d-4455-8cbc-f7f4b4030b26/tags/red => generated 0 bytes in 47 msecs (HTTP/1.1 204) 2 headers in 112 bytes (1 switches on core 0)
2026-06-06 00:46:06.767 6 INFO neutron.api.v2.resource [None req-aefae63d-7430-4cd6-9d27-118e65082612 e2baede4fb1a4aa3bfdbfdecf4fcd4fb ca8386f3478e43fbbcba358455cecbea - - default default] show failed (client error): The resource could not be found. [pid: 6|app: 0|req: 955/1819] 10.0.0.238 () {32 vars in 751 bytes} [Sat Jun 6 00:46:06 2026] GET /v2.0/subnetpools/34974565-290d-4455-8cbc-f7f4b4030b26/tags/green => generated 99 bytes in 66 msecs (HTTP/1.1 404) 4 headers in 163 bytes (1 switches on core 0) [pid: 6|app: 0|req: 956/1820] 10.0.0.238 () {32 vars in 750 bytes} [Sat Jun 6 00:46:06 2026] DELETE /v2.0/subnetpools/34974565-290d-4455-8cbc-f7f4b4030b26/tags/red => generated 0 bytes in 90 msecs (HTTP/1.1 204) 2 headers in 112 bytes (1 switches on core 0)
2026-06-06 00:46:06.911 7 WARNING neutron.scheduler.dhcp_agent_scheduler [None req-01248a6e-2f12-447b-9030-7dc6cc4f71f5 38b1ba34cc514c329bface504a7db0d6 8650fc1a31944c41afd3392cce13e780 - - default default] No more DHCP agents
2026-06-06 00:46:06.912 7 WARNING neutron.api.rpc.agentnotifiers.dhcp_rpc_agent_api [None req-01248a6e-2f12-447b-9030-7dc6cc4f71f5 38b1ba34cc514c329bface504a7db0d6 8650fc1a31944c41afd3392cce13e780 - - default default] Unable to schedule network 5664cc56-76b8-4857-8b84-c97e7dc9e7f6: no agents available; will retry on subsequent port and subnet creation events. [pid: 6|app: 0|req: 957/1821] 10.0.0.238 () {32 vars in 739 bytes} [Sat Jun 6 00:46:06 2026] GET /v2.0/subnetpools/34974565-290d-4455-8cbc-f7f4b4030b26/tags => generated 30 bytes in 90 msecs (HTTP/1.1 200) 4 headers in 156 bytes (1 switches on core 0)
2026-06-06 00:46:07.057 6 INFO neutron.api.v2.resource [None req-2798b4bc-09fb-48da-97b8-27aa875f7774 e2baede4fb1a4aa3bfdbfdecf4fcd4fb ca8386f3478e43fbbcba358455cecbea - - default default] delete failed (client error): The resource could not be found. [pid: 6|app: 0|req: 958/1822] 10.0.0.238 () {32 vars in 754 bytes} [Sat Jun 6 00:46:06 2026] DELETE /v2.0/subnetpools/34974565-290d-4455-8cbc-f7f4b4030b26/tags/green => generated 99 bytes in 90 msecs (HTTP/1.1 404) 4 headers in 163 bytes (1 switches on core 0)
2026-06-06 00:46:07.094 7 INFO neutron.db.ovn_revision_numbers_db [None req-01248a6e-2f12-447b-9030-7dc6cc4f71f5 38b1ba34cc514c329bface504a7db0d6 8650fc1a31944c41afd3392cce13e780 - - default default] Successfully bumped revision number for resource 5b07991b-5f71-4e8e-a153-f2bd7f1ee572 (type: ports) to 1
2026-06-06 00:46:07.432 6 INFO neutron.db.ovn_revision_numbers_db [None req-e3a00318-0582-4826-a597-3403d6dcb060 - - - - - -] Successfully bumped revision number for resource ff18ab14-712b-496f-9d05-cdc65c87cd00 (type: ports) to 4
2026-06-06 00:46:07.698 6 WARNING neutron.scheduler.dhcp_agent_scheduler [None req-702818a6-c6c7-40ad-9485-c06cdbc1f024 fdc46e7efc98433698f180bd55a3fa3d 114c585116cf4c4ab6995a695ed11e18 - - default default] No more DHCP agents
2026-06-06 00:46:07.702 6 WARNING neutron.api.rpc.agentnotifiers.dhcp_rpc_agent_api [None req-702818a6-c6c7-40ad-9485-c06cdbc1f024 fdc46e7efc98433698f180bd55a3fa3d 114c585116cf4c4ab6995a695ed11e18 - - default default] Unable to schedule network abf3e2b5-8612-4ea3-80f0-c2a56f1d1108: no agents available; will retry on subsequent port and subnet creation events.
2026-06-06 00:46:07.757 6 INFO neutron.db.ovn_revision_numbers_db [None req-702818a6-c6c7-40ad-9485-c06cdbc1f024 fdc46e7efc98433698f180bd55a3fa3d 114c585116cf4c4ab6995a695ed11e18 - - default default] Successfully bumped revision number for resource 6f236cbc-30a9-4cef-bede-a3eeb7eb381f (type: subnets) to 0
2026-06-06 00:46:07.846 7 WARNING neutron.scheduler.dhcp_agent_scheduler [None req-01248a6e-2f12-447b-9030-7dc6cc4f71f5 38b1ba34cc514c329bface504a7db0d6 8650fc1a31944c41afd3392cce13e780 - - default default] No more DHCP agents
2026-06-06 00:46:07.847 6 WARNING neutron.scheduler.dhcp_agent_scheduler [None req-702818a6-c6c7-40ad-9485-c06cdbc1f024 fdc46e7efc98433698f180bd55a3fa3d 114c585116cf4c4ab6995a695ed11e18 - - default default] No more DHCP agents
2026-06-06 00:46:07.848 7 WARNING neutron.api.rpc.agentnotifiers.dhcp_rpc_agent_api [None req-01248a6e-2f12-447b-9030-7dc6cc4f71f5 38b1ba34cc514c329bface504a7db0d6 8650fc1a31944c41afd3392cce13e780 - - default default] Unable to schedule network 5664cc56-76b8-4857-8b84-c97e7dc9e7f6: no agents available; will retry on subsequent port and subnet creation events.
2026-06-06 00:46:07.851 6 WARNING neutron.api.rpc.agentnotifiers.dhcp_rpc_agent_api [None req-702818a6-c6c7-40ad-9485-c06cdbc1f024 fdc46e7efc98433698f180bd55a3fa3d 114c585116cf4c4ab6995a695ed11e18 - - default default] Unable to schedule network 14679a56-b4ce-4b82-9232-0b34ca46a3a7: no agents available; will retry on subsequent port and subnet creation events.
2026-06-06 00:46:07.943 6 INFO neutron.db.ovn_revision_numbers_db [None req-702818a6-c6c7-40ad-9485-c06cdbc1f024 fdc46e7efc98433698f180bd55a3fa3d 114c585116cf4c4ab6995a695ed11e18 - - default default] Successfully bumped revision number for resource 27929fd2-d12b-44d1-80a7-c206042e1490 (type: subnets) to 0 [pid: 6|app: 0|req: 959/1823] 10.0.0.238 () {34 vars in 669 bytes} [Sat Jun 6 00:46:07 2026] POST /v2.0/subnets => generated 1324 bytes in 918 msecs (HTTP/1.1 201) 4 headers in 163 bytes (1 switches on core 0)
2026-06-06 00:46:08.076 6 INFO neutron.db.ovn_revision_numbers_db [None req-e3a00318-0582-4826-a597-3403d6dcb060 - - - - - -] Successfully bumped revision number for resource ff18ab14-712b-496f-9d05-cdc65c87cd00 (type: ports) to 5 [pid: 6|app: 0|req: 960/1824] 10.0.0.238 () {32 vars in 742 bytes} [Sat Jun 6 00:46:07 2026] DELETE /v2.0/subnetpools/34974565-290d-4455-8cbc-f7f4b4030b26/tags => generated 0 bytes in 103 msecs (HTTP/1.1 204) 2 headers in 112 bytes (1 switches on core 0)
2026-06-06 00:46:08.098 7 INFO neutron.plugins.ml2.drivers.ovn.mech_driver.mech_driver [None req-3b677372-7c13-419d-a046-b0d61accc428 - - - - - -] OVN reports status down for port: b50c8002-d636-4e09-9409-ef2f4d0b96d8 [pid: 6|app: 0|req: 961/1825] 10.0.0.238 () {32 vars in 647 bytes} [Sat Jun 6 00:46:08 2026] GET /v2.0/subnets => generated 1960 bytes in 58 msecs (HTTP/1.1 200) 4 headers in 158 bytes (1 switches on core 0) [pid: 6|app: 0|req: 962/1826] 10.0.0.238 () {32 vars in 739 bytes} [Sat Jun 6 00:46:08 2026] GET /v2.0/subnetpools/34974565-290d-4455-8cbc-f7f4b4030b26/tags => generated 12 bytes in 65 msecs (HTTP/1.1 200) 4 headers in 156 bytes (1 switches on core 0)
2026-06-06 00:46:08.227 7 INFO neutron.plugins.ml2.drivers.ovn.mech_driver.mech_driver [None req-3b677372-7c13-419d-a046-b0d61accc428 - - - - - -] OVN reports status down for port: 5b07991b-5f71-4e8e-a153-f2bd7f1ee572
2026-06-06 00:46:08.329 7 WARNING neutron.plugins.ml2.drivers.ovn.mech_driver.ovsdb.ovn_client [None req-3b677372-7c13-419d-a046-b0d61accc428 - - - - - -] Logical_Switch_Port %s host information not removed, the port state is up
2026-06-06 00:46:08.330 7 INFO neutron.plugins.ml2.drivers.ovn.mech_driver.mech_driver [None req-3b677372-7c13-419d-a046-b0d61accc428 - - - - - -] OVN reports status up for port: 5b07991b-5f71-4e8e-a153-f2bd7f1ee572
2026-06-06 00:46:08.359 7 INFO neutron.plugins.ml2.plugin [None req-3b677372-7c13-419d-a046-b0d61accc428 - - - - - -] Attempt 1 to provision port 5b07991b-5f71-4e8e-a153-f2bd7f1ee572 [pid: 6|app: 0|req: 963/1827] 10.0.0.238 () {32 vars in 724 bytes} [Sat Jun 6 00:46:08 2026] DELETE /v2.0/subnets/6f236cbc-30a9-4cef-bede-a3eeb7eb381f => generated 0 bytes in 166 msecs (HTTP/1.1 204) 3 headers in 131 bytes (1 switches on core 0)
2026-06-06 00:46:08.666 6 INFO neutron.db.ovn_revision_numbers_db [None req-9330999f-b1b2-4290-839a-f4dcaf5fd952 73a9bd5543b14a038449e18593933364 97d49526b1174b30acc97527bfda0b75 - - default default] Successfully bumped revision number for resource 6569e2e5-4cea-4e63-a532-0f5be314df52 (type: security_groups) to 1
2026-06-06 00:46:08.678 6 INFO neutron.db.ovn_revision_numbers_db [None req-9330999f-b1b2-4290-839a-f4dcaf5fd952 73a9bd5543b14a038449e18593933364 97d49526b1174b30acc97527bfda0b75 - - default default] Successfully bumped revision number for resource 25019351-928b-411a-9651-b249a9f0a608 (type: security_group_rules) to 0
2026-06-06 00:46:08.692 6 INFO neutron.db.ovn_revision_numbers_db [None req-9330999f-b1b2-4290-839a-f4dcaf5fd952 73a9bd5543b14a038449e18593933364 97d49526b1174b30acc97527bfda0b75 - - default default] Successfully bumped revision number for resource 2e6d8604-f408-4fd8-8359-bd7d2c54ffa7 (type: security_group_rules) to 0
2026-06-06 00:46:08.707 6 INFO neutron.db.ovn_revision_numbers_db [None req-9330999f-b1b2-4290-839a-f4dcaf5fd952 73a9bd5543b14a038449e18593933364 97d49526b1174b30acc97527bfda0b75 - - default default] Successfully bumped revision number for resource 73517eee-556f-4002-b1fa-c212b92cbc29 (type: security_group_rules) to 0
2026-06-06 00:46:08.717 6 INFO neutron.db.ovn_revision_numbers_db [None req-9330999f-b1b2-4290-839a-f4dcaf5fd952 73a9bd5543b14a038449e18593933364 97d49526b1174b30acc97527bfda0b75 - - default default] Successfully bumped revision number for resource f1360728-3be7-49a2-bbce-940a92b2f2e5 (type: security_group_rules) to 0
2026-06-06 00:46:08.769 7 INFO neutron.db.ovn_revision_numbers_db [None req-01248a6e-2f12-447b-9030-7dc6cc4f71f5 38b1ba34cc514c329bface504a7db0d6 8650fc1a31944c41afd3392cce13e780 - - default default] Successfully bumped revision number for resource 5b07991b-5f71-4e8e-a153-f2bd7f1ee572 (type: router_ports) to 1 [pid: 7|app: 0|req: 865/1828] 10.0.0.238 () {34 vars in 783 bytes} [Sat Jun 6 00:46:06 2026] PUT /v2.0/routers/7221a9d3-0448-4e0e-b109-4c229efca3b3/add_router_interface => generated 309 bytes in 2344 msecs (HTTP/1.1 200) 4 headers in 157 bytes (1 switches on core 0)
2026-06-06 00:46:08.807 6 INFO neutron.db.segments_db [None req-9330999f-b1b2-4290-839a-f4dcaf5fd952 73a9bd5543b14a038449e18593933364 97d49526b1174b30acc97527bfda0b75 - - default default] Added segment 4dea131c-f89a-4416-96ce-5c905f7d0dc5 of type geneve for network e1095b8d-78b0-4e0c-8cb7-99a6bf38fc3c [pid: 7|app: 0|req: 866/1829] 10.0.0.238 () {32 vars in 732 bytes} [Sat Jun 6 00:46:08 2026] DELETE /v2.0/subnetpools/34974565-290d-4455-8cbc-f7f4b4030b26 => generated 0 bytes in 122 msecs (HTTP/1.1 204) 2 headers in 112 bytes (1 switches on core 0)
2026-06-06 00:46:08.943 6 INFO neutron.db.ovn_revision_numbers_db [None req-9330999f-b1b2-4290-839a-f4dcaf5fd952 73a9bd5543b14a038449e18593933364 97d49526b1174b30acc97527bfda0b75 - - default default] Successfully bumped revision number for resource e1095b8d-78b0-4e0c-8cb7-99a6bf38fc3c (type: networks) to 1
2026-06-06 00:46:09.110 6 WARNING neutron.scheduler.dhcp_agent_scheduler [None req-9330999f-b1b2-4290-839a-f4dcaf5fd952 73a9bd5543b14a038449e18593933364 97d49526b1174b30acc97527bfda0b75 - - default default] No more DHCP agents
2026-06-06 00:46:09.111 6 WARNING neutron.api.rpc.agentnotifiers.dhcp_rpc_agent_api [None req-9330999f-b1b2-4290-839a-f4dcaf5fd952 73a9bd5543b14a038449e18593933364 97d49526b1174b30acc97527bfda0b75 - - default default] Unable to schedule network e1095b8d-78b0-4e0c-8cb7-99a6bf38fc3c: no agents available; will retry on subsequent port and subnet creation events.
2026-06-06 00:46:09.196 6 INFO neutron.db.ovn_revision_numbers_db [None req-9330999f-b1b2-4290-839a-f4dcaf5fd952 73a9bd5543b14a038449e18593933364 97d49526b1174b30acc97527bfda0b75 - - default default] Successfully bumped revision number for resource 2016caf8-2d7d-4fe8-b02a-0eb19e89a6a0 (type: ports) to 1
2026-06-06 00:46:09.215 7 INFO neutron.db.ovn_revision_numbers_db [None req-3b677372-7c13-419d-a046-b0d61accc428 - - - - - -] Successfully bumped revision number for resource 5b07991b-5f71-4e8e-a153-f2bd7f1ee572 (type: ports) to 2 [pid: 6|app: 0|req: 964/1830] 10.0.0.238 () {34 vars in 670 bytes} [Sat Jun 6 00:46:08 2026] POST /v2.0/networks => generated 667 bytes in 849 msecs (HTTP/1.1 201) 4 headers in 162 bytes (1 switches on core 0) [pid: 7|app: 0|req: 867/1831] 10.0.0.238 () {32 vars in 724 bytes} [Sat Jun 6 00:46:08 2026] DELETE /v2.0/subnets/27929fd2-d12b-44d1-80a7-c206042e1490 => generated 0 bytes in 327 msecs (HTTP/1.1 204) 3 headers in 131 bytes (1 switches on core 0) [pid: 6|app: 0|req: 965/1832] 10.0.0.238 () {32 vars in 647 bytes} [Sat Jun 6 00:46:09 2026] GET /v2.0/subnets => generated 649 bytes in 37 msecs (HTTP/1.1 200) 4 headers in 157 bytes (1 switches on core 0)
2026-06-06 00:46:09.414 7 INFO neutron_taas.services.taas.taas_plugin [None req-5d66b753-2015-465b-a132-169343567a8a fdc46e7efc98433698f180bd55a3fa3d 114c585116cf4c4ab6995a695ed11e18 - - default default] TaaS: Handle Delete Port: b50c8002-d636-4e09-9409-ef2f4d0b96d8
2026-06-06 00:46:09.417 7 INFO neutron_taas.services.taas.tap_mirror_plugin [None req-5d66b753-2015-465b-a132-169343567a8a fdc46e7efc98433698f180bd55a3fa3d 114c585116cf4c4ab6995a695ed11e18 - - default default] Tap Mirror: Handle Delete Port: b50c8002-d636-4e09-9409-ef2f4d0b96d8
2026-06-06 00:46:09.647 7 INFO neutron.services.segments.plugin [-] Segment 39ac7911-21d6-4797-a12a-0e47071d9e01 resource provider aggregate not found
2026-06-06 00:46:09.648 7 INFO neutron.services.segments.plugin [-] Segment 39ac7911-21d6-4797-a12a-0e47071d9e01 resource provider aggregate not found
2026-06-06 00:46:09.668 7 INFO neutron.services.segments.plugin [-] Segment 39ac7911-21d6-4797-a12a-0e47071d9e01 resource provider not found; error: Placement Client Error (4xx): {"errors": [{"status": 404, "title": "Not Found", "detail": "The resource could not be found.\n\n No resource provider with uuid 39ac7911-21d6-4797-a12a-0e47071d9e01 found for delete ", "request_id": "req-d4d2ae59-be95-4404-b535-407a6d361baa"}]}
2026-06-06 00:46:09.679 7 INFO neutron.services.segments.plugin [-] Segment 39ac7911-21d6-4797-a12a-0e47071d9e01 resource provider not found; error: Placement Client Error (4xx): {"errors": [{"status": 404, "title": "Not Found", "detail": "The resource could not be found.\n\n No resource provider with uuid 39ac7911-21d6-4797-a12a-0e47071d9e01 found for delete ", "request_id": "req-68c67739-f6c3-4bdf-8287-84a17b39bef7"}]} [pid: 7|app: 0|req: 868/1833] 10.0.0.238 () {32 vars in 726 bytes} [Sat Jun 6 00:46:09 2026] DELETE /v2.0/networks/14679a56-b4ce-4b82-9232-0b34ca46a3a7 => generated 0 bytes in 416 msecs (HTTP/1.1 204) 3 headers in 131 bytes (1 switches on core 0)
2026-06-06 00:46:09.767 6 INFO neutron.db.ovn_revision_numbers_db [None req-997e4a5a-9898-4217-ac46-84996a63e06f 38b1ba34cc514c329bface504a7db0d6 8650fc1a31944c41afd3392cce13e780 - - default default] Successfully bumped revision number for resource e94292c8-3175-4532-83c5-9177d677eb95 (type: security_groups) to 1
2026-06-06 00:46:09.794 6 INFO neutron.db.ovn_revision_numbers_db [None req-997e4a5a-9898-4217-ac46-84996a63e06f 38b1ba34cc514c329bface504a7db0d6 8650fc1a31944c41afd3392cce13e780 - - default default] Successfully bumped revision number for resource 28c3c7ce-2159-4b89-8c6c-396c115f6d33 (type: security_group_rules) to 0
2026-06-06 00:46:09.809 6 INFO neutron.db.ovn_revision_numbers_db [None req-997e4a5a-9898-4217-ac46-84996a63e06f 38b1ba34cc514c329bface504a7db0d6 8650fc1a31944c41afd3392cce13e780 - - default default] Successfully bumped revision number for resource 67fdfc23-a11c-4297-8318-b45f347692d6 (type: security_group_rules) to 0
2026-06-06 00:46:09.822 6 INFO neutron.db.ovn_revision_numbers_db [None req-997e4a5a-9898-4217-ac46-84996a63e06f 38b1ba34cc514c329bface504a7db0d6 8650fc1a31944c41afd3392cce13e780 - - default default] Successfully bumped revision number for resource 7d956ffe-678c-4201-8286-6e5548fed976 (type: security_group_rules) to 0
2026-06-06 00:46:09.842 6 INFO neutron.db.ovn_revision_numbers_db [None req-997e4a5a-9898-4217-ac46-84996a63e06f 38b1ba34cc514c329bface504a7db0d6 8650fc1a31944c41afd3392cce13e780 - - default default] Successfully bumped revision number for resource e20b5de7-3d5a-4eb3-a1b8-9cf48dd780ed (type: security_group_rules) to 0
2026-06-06 00:46:09.846 7 INFO neutron_taas.services.taas.taas_plugin [None req-e36e5dd8-1bc9-43c5-a117-8ae252e045f9 fdc46e7efc98433698f180bd55a3fa3d 114c585116cf4c4ab6995a695ed11e18 - - default default] TaaS: Handle Delete Port: 44972afc-6c17-4e40-8ff5-7d8b9c53336d
2026-06-06 00:46:09.850 7 INFO neutron_taas.services.taas.tap_mirror_plugin [None req-e36e5dd8-1bc9-43c5-a117-8ae252e045f9 fdc46e7efc98433698f180bd55a3fa3d 114c585116cf4c4ab6995a695ed11e18 - - default default] Tap Mirror: Handle Delete Port: 44972afc-6c17-4e40-8ff5-7d8b9c53336d [pid: 6|app: 0|req: 966/1834] 10.0.0.238 () {32 vars in 774 bytes} [Sat Jun 6 00:46:09 2026] GET /v2.0/security-groups?tenant_id=ca8386f3478e43fbbcba358455cecbea&name=default => generated 2925 bytes in 395 msecs (HTTP/1.1 200) 4 headers in 158 bytes (1 switches on core 0) [pid: 7|app: 0|req: 869/1835] 10.0.0.238 () {32 vars in 726 bytes} [Sat Jun 6 00:46:09 2026] DELETE /v2.0/networks/abf3e2b5-8612-4ea3-80f0-c2a56f1d1108 => generated 0 bytes in 379 msecs (HTTP/1.1 204) 3 headers in 131 bytes (1 switches on core 0)
2026-06-06 00:46:10.099 6 WARNING neutron.scheduler.dhcp_agent_scheduler [None req-aa1ffe0e-a4a3-428c-bef5-df8d87df82e8 73a9bd5543b14a038449e18593933364 97d49526b1174b30acc97527bfda0b75 - - default default] No more DHCP agents
2026-06-06 00:46:10.100 6 WARNING neutron.api.rpc.agentnotifiers.dhcp_rpc_agent_api [None req-aa1ffe0e-a4a3-428c-bef5-df8d87df82e8 73a9bd5543b14a038449e18593933364 97d49526b1174b30acc97527bfda0b75 - - default default] Unable to schedule network e1095b8d-78b0-4e0c-8cb7-99a6bf38fc3c: no agents available; will retry on subsequent port and subnet creation events.
2026-06-06 00:46:10.146 6 INFO neutron.db.ovn_revision_numbers_db [None req-aa1ffe0e-a4a3-428c-bef5-df8d87df82e8 73a9bd5543b14a038449e18593933364 97d49526b1174b30acc97527bfda0b75 - - default default] Successfully bumped revision number for resource 07ab40aa-a259-4f69-8736-d34bca177cc9 (type: subnets) to 0 [pid: 6|app: 0|req: 967/1836] 10.0.0.238 () {34 vars in 669 bytes} [Sat Jun 6 00:46:09 2026] POST /v2.0/subnets => generated 673 bytes in 276 msecs (HTTP/1.1 201) 4 headers in 162 bytes (1 switches on core 0)
2026-06-06 00:46:10.239 7 INFO neutron.db.ovn_revision_numbers_db [None req-455c1f95-72a5-4abd-a015-a63c804bc770 38b1ba34cc514c329bface504a7db0d6 8650fc1a31944c41afd3392cce13e780 - - default default] Successfully bumped revision number for resource 24e0f21a-a4b6-44c2-8038-9713e91ad372 (type: security_groups) to 1
2026-06-06 00:46:10.253 7 INFO neutron.db.ovn_revision_numbers_db [None req-455c1f95-72a5-4abd-a015-a63c804bc770 38b1ba34cc514c329bface504a7db0d6 8650fc1a31944c41afd3392cce13e780 - - default default] Successfully bumped revision number for resource 0c956587-4066-4261-8355-fb0e5ed863a5 (type: security_group_rules) to 0
2026-06-06 00:46:10.267 7 INFO neutron.db.ovn_revision_numbers_db [None req-455c1f95-72a5-4abd-a015-a63c804bc770 38b1ba34cc514c329bface504a7db0d6 8650fc1a31944c41afd3392cce13e780 - - default default] Successfully bumped revision number for resource 14e5c4c8-158a-4225-ab05-ec845263c7f7 (type: security_group_rules) to 0
2026-06-06 00:46:10.282 7 INFO neutron.db.ovn_revision_numbers_db [None req-455c1f95-72a5-4abd-a015-a63c804bc770 38b1ba34cc514c329bface504a7db0d6 8650fc1a31944c41afd3392cce13e780 - - default default] Successfully bumped revision number for resource 794c2bfe-e9ef-4d2d-87ce-393464ae7f0b (type: security_group_rules) to 0
2026-06-06 00:46:10.295 7 INFO neutron.db.ovn_revision_numbers_db [None req-455c1f95-72a5-4abd-a015-a63c804bc770 38b1ba34cc514c329bface504a7db0d6 8650fc1a31944c41afd3392cce13e780 - - default default] Successfully bumped revision number for resource 94a637d8-bbb2-4abd-aae9-d2a9a6c6157b (type: security_group_rules) to 0
2026-06-06 00:46:10.379 7 INFO neutron.db.segments_db [None req-455c1f95-72a5-4abd-a015-a63c804bc770 38b1ba34cc514c329bface504a7db0d6 8650fc1a31944c41afd3392cce13e780 - - default default] Added segment 0d1e9639-69da-48e2-a467-8ab3bf457064 of type geneve for network 3eadd171-95bc-487a-aaa2-9a54c2ae3b2f [pid: 6|app: 0|req: 968/1837] 10.0.0.238 () {32 vars in 740 bytes} [Sat Jun 6 00:46:10 2026] DELETE /v2.0/security-groups/e94292c8-3175-4532-83c5-9177d677eb95 => generated 0 bytes in 255 msecs (HTTP/1.1 204) 2 headers in 112 bytes (1 switches on core 0)
2026-06-06 00:46:10.498 7 INFO neutron.db.ovn_revision_numbers_db [None req-455c1f95-72a5-4abd-a015-a63c804bc770 38b1ba34cc514c329bface504a7db0d6 8650fc1a31944c41afd3392cce13e780 - - default default] Successfully bumped revision number for resource 3eadd171-95bc-487a-aaa2-9a54c2ae3b2f (type: networks) to 1
2026-06-06 00:46:10.571 6 INFO neutron_taas.services.taas.taas_plugin [None req-ed83c64b-a43a-42a5-94cc-569892d93241 fdc46e7efc98433698f180bd55a3fa3d 114c585116cf4c4ab6995a695ed11e18 - - default default] TaaS: Handle Delete Port: 72350e2c-a488-4c19-a076-5d41dce36508
2026-06-06 00:46:10.574 6 INFO neutron_taas.services.taas.tap_mirror_plugin [None req-ed83c64b-a43a-42a5-94cc-569892d93241 fdc46e7efc98433698f180bd55a3fa3d 114c585116cf4c4ab6995a695ed11e18 - - default default] Tap Mirror: Handle Delete Port: 72350e2c-a488-4c19-a076-5d41dce36508
2026-06-06 00:46:10.683 7 WARNING neutron.scheduler.dhcp_agent_scheduler [None req-455c1f95-72a5-4abd-a015-a63c804bc770 38b1ba34cc514c329bface504a7db0d6 8650fc1a31944c41afd3392cce13e780 - - default default] No more DHCP agents
2026-06-06 00:46:10.685 7 WARNING neutron.api.rpc.agentnotifiers.dhcp_rpc_agent_api [None req-455c1f95-72a5-4abd-a015-a63c804bc770 38b1ba34cc514c329bface504a7db0d6 8650fc1a31944c41afd3392cce13e780 - - default default] Unable to schedule network 3eadd171-95bc-487a-aaa2-9a54c2ae3b2f: no agents available; will retry on subsequent port and subnet creation events.
2026-06-06 00:46:10.754 6 INFO neutron.plugins.ml2.drivers.ovn.mech_driver.mech_driver [None req-b38364b5-628f-4950-8a0f-ae2bd3ad49ff - - - - - -] OVN reports status down for port: efbfbd4e-cc0f-4701-b555-1f61904b6cbe
2026-06-06 00:46:10.761 7 INFO neutron.db.ovn_revision_numbers_db [None req-455c1f95-72a5-4abd-a015-a63c804bc770 38b1ba34cc514c329bface504a7db0d6 8650fc1a31944c41afd3392cce13e780 - - default default] Successfully bumped revision number for resource efbfbd4e-cc0f-4701-b555-1f61904b6cbe (type: ports) to 1 [pid: 7|app: 0|req: 870/1838] 10.0.0.238 () {34 vars in 671 bytes} [Sat Jun 6 00:46:10 2026] POST /v2.0/networks => generated 763 bytes in 700 msecs (HTTP/1.1 201) 4 headers in 162 bytes (1 switches on core 0)
2026-06-06 00:46:10.859 6 INFO neutron.services.segments.plugin [-] Segment 1e3580a8-1d53-464c-b9ec-4b5072b4b96d resource provider aggregate not found
2026-06-06 00:46:10.881 6 INFO neutron.services.segments.plugin [-] Segment 1e3580a8-1d53-464c-b9ec-4b5072b4b96d resource provider aggregate not found
2026-06-06 00:46:10.887 6 INFO neutron.services.segments.plugin [-] Segment 1e3580a8-1d53-464c-b9ec-4b5072b4b96d resource provider not found; error: Placement Client Error (4xx): {"errors": [{"status": 404, "title": "Not Found", "detail": "The resource could not be found.\n\n No resource provider with uuid 1e3580a8-1d53-464c-b9ec-4b5072b4b96d found for delete ", "request_id": "req-8c508a1b-cc6c-404d-a9c5-1e62c4366eb6"}]}
2026-06-06 00:46:10.910 7 INFO neutron.db.segments_db [None req-1ef40e1e-058c-4388-beec-f6f05742c0ea 73a9bd5543b14a038449e18593933364 97d49526b1174b30acc97527bfda0b75 - - default default] Added segment 997790ef-99b9-4f5c-843f-a8d17e853491 of type geneve for network 71fa0cf4-31df-4a5a-9139-ec7d19ff5b2e
2026-06-06 00:46:10.915 6 INFO neutron.services.segments.plugin [-] Segment 1e3580a8-1d53-464c-b9ec-4b5072b4b96d resource provider not found; error: Placement Client Error (4xx): {"errors": [{"status": 404, "title": "Not Found", "detail": "The resource could not be found.\n\n No resource provider with uuid 1e3580a8-1d53-464c-b9ec-4b5072b4b96d found for delete ", "request_id": "req-8260995f-c8d2-413e-b629-e90617bfaed0"}]} [pid: 6|app: 0|req: 969/1839] 10.0.0.238 () {32 vars in 726 bytes} [Sat Jun 6 00:46:10 2026] DELETE /v2.0/networks/838c9e8f-e3bb-4979-abb0-602e6bc49f60 => generated 0 bytes in 521 msecs (HTTP/1.1 204) 3 headers in 131 bytes (1 switches on core 0)
2026-06-06 00:46:11.030 7 INFO neutron.db.ovn_revision_numbers_db [None req-1ef40e1e-058c-4388-beec-f6f05742c0ea 73a9bd5543b14a038449e18593933364 97d49526b1174b30acc97527bfda0b75 - - default default] Successfully bumped revision number for resource 71fa0cf4-31df-4a5a-9139-ec7d19ff5b2e (type: networks) to 1
2026-06-06 00:46:11.094 6 INFO neutron.db.ovn_revision_numbers_db [None req-ded611ba-ffb1-4fac-9796-3accba64bd2d 38b1ba34cc514c329bface504a7db0d6 8650fc1a31944c41afd3392cce13e780 - - default default] Successfully bumped revision number for resource d5d59038-d1a5-4369-8f84-b3d87b58551f (type: security_groups) to 1
2026-06-06 00:46:11.131 6 INFO neutron.db.ovn_revision_numbers_db [None req-ded611ba-ffb1-4fac-9796-3accba64bd2d 38b1ba34cc514c329bface504a7db0d6 8650fc1a31944c41afd3392cce13e780 - - default default] Successfully bumped revision number for resource 5fb9ae06-5f73-47a6-9234-6afd40e4e895 (type: security_group_rules) to 0
2026-06-06 00:46:11.142 6 INFO neutron.db.ovn_revision_numbers_db [None req-ded611ba-ffb1-4fac-9796-3accba64bd2d 38b1ba34cc514c329bface504a7db0d6 8650fc1a31944c41afd3392cce13e780 - - default default] Successfully bumped revision number for resource 8b8b0cd2-4260-4362-9494-d56483cc3b26 (type: security_group_rules) to 0
2026-06-06 00:46:11.156 6 INFO neutron.db.ovn_revision_numbers_db [None req-ded611ba-ffb1-4fac-9796-3accba64bd2d 38b1ba34cc514c329bface504a7db0d6 8650fc1a31944c41afd3392cce13e780 - - default default] Successfully bumped revision number for resource c01cff36-f787-4f7f-b11c-9a1e3e836378 (type: security_group_rules) to 0
2026-06-06 00:46:11.171 6 INFO neutron.db.ovn_revision_numbers_db [None req-ded611ba-ffb1-4fac-9796-3accba64bd2d 38b1ba34cc514c329bface504a7db0d6 8650fc1a31944c41afd3392cce13e780 - - default default] Successfully bumped revision number for resource dcf28ed3-4d4a-40c7-9f18-f5e789f73969 (type: security_group_rules) to 0
2026-06-06 00:46:11.196 7 WARNING neutron.scheduler.dhcp_agent_scheduler [None req-1ef40e1e-058c-4388-beec-f6f05742c0ea 73a9bd5543b14a038449e18593933364 97d49526b1174b30acc97527bfda0b75 - - default default] No more DHCP agents
2026-06-06 00:46:11.198 7 WARNING neutron.api.rpc.agentnotifiers.dhcp_rpc_agent_api [None req-1ef40e1e-058c-4388-beec-f6f05742c0ea 73a9bd5543b14a038449e18593933364 97d49526b1174b30acc97527bfda0b75 - - default default] Unable to schedule network 71fa0cf4-31df-4a5a-9139-ec7d19ff5b2e: no agents available; will retry on subsequent port and subnet creation events. [pid: 6|app: 0|req: 970/1840] 10.0.0.238 () {32 vars in 774 bytes} [Sat Jun 6 00:46:10 2026] GET /v2.0/security-groups?tenant_id=dcfd9627b8ac4be585d74093526a146f&name=default => generated 2925 bytes in 265 msecs (HTTP/1.1 200) 4 headers in 158 bytes (1 switches on core 0)
2026-06-06 00:46:11.275 6 INFO neutron.plugins.ml2.drivers.ovn.mech_driver.mech_driver [None req-b38364b5-628f-4950-8a0f-ae2bd3ad49ff - - - - - -] OVN reports status down for port: 0e4c2d96-6dfe-4332-bbb3-f8137e456a80
2026-06-06 00:46:11.282 7 INFO neutron.db.ovn_revision_numbers_db [None req-1ef40e1e-058c-4388-beec-f6f05742c0ea 73a9bd5543b14a038449e18593933364 97d49526b1174b30acc97527bfda0b75 - - default default] Successfully bumped revision number for resource 0e4c2d96-6dfe-4332-bbb3-f8137e456a80 (type: ports) to 1 [pid: 7|app: 0|req: 871/1841] 10.0.0.238 () {34 vars in 670 bytes} [Sat Jun 6 00:46:10 2026] POST /v2.0/networks => generated 667 bytes in 521 msecs (HTTP/1.1 201) 4 headers in 162 bytes (1 switches on core 0)
2026-06-06 00:46:11.406 6 WARNING neutron.scheduler.dhcp_agent_scheduler [None req-f062425b-17fb-4957-bb11-812a46ad6675 38b1ba34cc514c329bface504a7db0d6 8650fc1a31944c41afd3392cce13e780 - - default default] No more DHCP agents
2026-06-06 00:46:11.408 6 WARNING neutron.api.rpc.agentnotifiers.dhcp_rpc_agent_api [None req-f062425b-17fb-4957-bb11-812a46ad6675 38b1ba34cc514c329bface504a7db0d6 8650fc1a31944c41afd3392cce13e780 - - default default] Unable to schedule network 3eadd171-95bc-487a-aaa2-9a54c2ae3b2f: no agents available; will retry on subsequent port and subnet creation events.
2026-06-06 00:46:11.424 7 INFO neutron_taas.services.taas.taas_plugin [None req-3a654da9-290e-49e1-a142-dfddd9f1169d fdc46e7efc98433698f180bd55a3fa3d 114c585116cf4c4ab6995a695ed11e18 - - default default] TaaS: Handle Delete Port: 5bf652b6-5b28-471c-a5ca-3177aaaaed1a
2026-06-06 00:46:11.427 7 INFO neutron_taas.services.taas.tap_mirror_plugin [None req-3a654da9-290e-49e1-a142-dfddd9f1169d fdc46e7efc98433698f180bd55a3fa3d 114c585116cf4c4ab6995a695ed11e18 - - default default] Tap Mirror: Handle Delete Port: 5bf652b6-5b28-471c-a5ca-3177aaaaed1a
2026-06-06 00:46:11.696 7 INFO neutron.services.segments.plugin [-] Segment 76071532-89ab-40f1-86b3-12f3da269f7f resource provider aggregate not found
2026-06-06 00:46:11.700 7 INFO neutron.services.segments.plugin [-] Segment 76071532-89ab-40f1-86b3-12f3da269f7f resource provider aggregate not found [pid: 7|app: 0|req: 872/1842] 10.0.0.238 () {32 vars in 726 bytes} [Sat Jun 6 00:46:11 2026] DELETE /v2.0/networks/0792f925-0d0f-45ca-8031-0b9f561d84cf => generated 0 bytes in 411 msecs (HTTP/1.1 204) 3 headers in 131 bytes (1 switches on core 0)
2026-06-06 00:46:11.725 7 INFO neutron.services.segments.plugin [-] Segment 76071532-89ab-40f1-86b3-12f3da269f7f resource provider not found; error: Placement Client Error (4xx): {"errors": [{"status": 404, "title": "Not Found", "detail": "The resource could not be found.\n\n No resource provider with uuid 76071532-89ab-40f1-86b3-12f3da269f7f found for delete ", "request_id": "req-e21de20c-8e8f-477e-bb11-a17759037c26"}]}
2026-06-06 00:46:11.731 7 INFO neutron.services.segments.plugin [-] Segment 76071532-89ab-40f1-86b3-12f3da269f7f resource provider not found; error: Placement Client Error (4xx): {"errors": [{"status": 404, "title": "Not Found", "detail": "The resource could not be found.\n\n No resource provider with uuid 76071532-89ab-40f1-86b3-12f3da269f7f found for delete ", "request_id": "req-9ee7b45b-a41c-44c4-993b-d327223da22d"}]}
2026-06-06 00:46:11.751 7 INFO neutron.services.segments.plugin [-] Segment 220a40d2-8207-4389-acdd-7c50d50f1869 resource provider aggregate not found
2026-06-06 00:46:11.757 7 INFO neutron.services.segments.plugin [-] Segment 220a40d2-8207-4389-acdd-7c50d50f1869 resource provider aggregate not found
2026-06-06 00:46:11.775 7 INFO neutron.services.segments.plugin [-] Segment 220a40d2-8207-4389-acdd-7c50d50f1869 resource provider not found; error: Placement Client Error (4xx): {"errors": [{"status": 404, "title": "Not Found", "detail": "The resource could not be found.\n\n No resource provider with uuid 220a40d2-8207-4389-acdd-7c50d50f1869 found for delete ", "request_id": "req-b9871030-bd1b-4030-826f-a3697b087394"}]}
2026-06-06 00:46:11.800 7 INFO neutron.services.segments.plugin [-] Segment 220a40d2-8207-4389-acdd-7c50d50f1869 resource provider not found; error: Placement Client Error (4xx): {"errors": [{"status": 404, "title": "Not Found", "detail": "The resource could not be found.\n\n No resource provider with uuid 220a40d2-8207-4389-acdd-7c50d50f1869 found for delete ", "request_id": "req-97df2b3e-b68c-479d-af35-faea8a552e4b"}]}
2026-06-06 00:46:11.895 6 INFO neutron.db.ovn_revision_numbers_db [None req-b9c8fd4e-ec2d-4af7-b94b-c10383e3b471 - - - - - -] Successfully bumped revision number for resource efbfbd4e-cc0f-4701-b555-1f61904b6cbe (type: ports) to 2
2026-06-06 00:46:11.932 6 INFO neutron.db.ovn_revision_numbers_db [None req-b9c8fd4e-ec2d-4af7-b94b-c10383e3b471 - - - - - -] Successfully bumped revision number for resource 550c4828-c89a-4a01-a64b-4427d35731f5 (type: subnets) to 0 [pid: 6|app: 0|req: 971/1843] 10.0.0.238 () {34 vars in 669 bytes} [Sat Jun 6 00:46:11 2026] POST /v2.0/subnets => generated 688 bytes in 745 msecs (HTTP/1.1 201) 4 headers in 162 bytes (1 switches on core 0) [pid: 7|app: 0|req: 873/1844] 10.0.0.238 () {32 vars in 740 bytes} [Sat Jun 6 00:46:11 2026] DELETE /v2.0/security-groups/d5d59038-d1a5-4369-8f84-b3d87b58551f => generated 0 bytes in 350 msecs (HTTP/1.1 204) 2 headers in 112 bytes (1 switches on core 0)
2026-06-06 00:46:12.130 6 INFO neutron.db.ovn_revision_numbers_db [None req-7853f2b3-a790-4591-be99-37afcad39e39 73a9bd5543b14a038449e18593933364 97d49526b1174b30acc97527bfda0b75 - - default default] Successfully bumped revision number for resource 71fa0cf4-31df-4a5a-9139-ec7d19ff5b2e (type: networks) to 2 [pid: 6|app: 0|req: 972/1845] 10.0.0.238 () {34 vars in 743 bytes} [Sat Jun 6 00:46:11 2026] PUT /v2.0/networks/71fa0cf4-31df-4a5a-9139-ec7d19ff5b2e => generated 636 bytes in 182 msecs (HTTP/1.1 200) 4 headers in 157 bytes (1 switches on core 0)
2026-06-06 00:46:12.341 6 WARNING neutron.scheduler.dhcp_agent_scheduler [None req-ed82d864-2dde-488c-9af4-dbd323ca4fc1 73a9bd5543b14a038449e18593933364 97d49526b1174b30acc97527bfda0b75 - - default default] No more DHCP agents
2026-06-06 00:46:12.342 6 WARNING neutron.api.rpc.agentnotifiers.dhcp_rpc_agent_api [None req-ed82d864-2dde-488c-9af4-dbd323ca4fc1 73a9bd5543b14a038449e18593933364 97d49526b1174b30acc97527bfda0b75 - - default default] Unable to schedule network 71fa0cf4-31df-4a5a-9139-ec7d19ff5b2e: no agents available; will retry on subsequent port and subnet creation events.
2026-06-06 00:46:12.374 6 INFO neutron.db.ovn_revision_numbers_db [None req-ed82d864-2dde-488c-9af4-dbd323ca4fc1 73a9bd5543b14a038449e18593933364 97d49526b1174b30acc97527bfda0b75 - - default default] Successfully bumped revision number for resource 6c6ea9de-8766-4596-ac74-e06bec538673 (type: subnets) to 0 [pid: 6|app: 0|req: 973/1846] 10.0.0.238 () {34 vars in 669 bytes} [Sat Jun 6 00:46:12 2026] POST /v2.0/subnets => generated 646 bytes in 247 msecs (HTTP/1.1 201) 4 headers in 162 bytes (1 switches on core 0)
2026-06-06 00:46:12.497 7 WARNING neutron.scheduler.dhcp_agent_scheduler [None req-85405282-537f-4c77-b9b4-cceb7cc9122a 38b1ba34cc514c329bface504a7db0d6 8650fc1a31944c41afd3392cce13e780 - - default default] No more DHCP agents
