2026-06-06 00:52:08.333 7 INFO neutron.db.ovn_revision_numbers_db [None req-7c0a4a55-d4a5-48f5-95ea-41d67b4021f8 38b1ba34cc514c329bface504a7db0d6 8650fc1a31944c41afd3392cce13e780 - - default default] Successfully bumped revision number for resource dc2248c8-15bb-483c-aebe-fc22af2bc470 (type: security_group_rules) to 0 [pid: 7|app: 0|req: 1678/3510] 10.0.0.238 () {32 vars in 774 bytes} [Sat Jun 6 00:52:08 2026] GET /v2.0/security-groups?tenant_id=e608a7de166d4884b06a0a5009e47b22&name=default => generated 2929 bytes in 213 msecs (HTTP/1.1 200) 4 headers in 158 bytes (1 switches on core 0) [pid: 6|app: 0|req: 1833/3511] 10.0.0.238 () {32 vars in 740 bytes} [Sat Jun 6 00:52:08 2026] DELETE /v2.0/security-groups/bfeabb17-2d55-4baa-91c1-5685ae3af067 => generated 0 bytes in 250 msecs (HTTP/1.1 204) 2 headers in 112 bytes (1 switches on core 0)
2026-06-06 00:52:08.945 7 INFO neutron.db.ovn_revision_numbers_db [None req-0b87b73e-02dc-418e-8e40-c60fa56dbb5d 38b1ba34cc514c329bface504a7db0d6 8650fc1a31944c41afd3392cce13e780 - - default default] Successfully bumped revision number for resource dca70a91-0533-4cce-a69e-b776a02758de (type: security_groups) to 1
2026-06-06 00:52:08.959 7 INFO neutron.db.ovn_revision_numbers_db [None req-0b87b73e-02dc-418e-8e40-c60fa56dbb5d 38b1ba34cc514c329bface504a7db0d6 8650fc1a31944c41afd3392cce13e780 - - default default] Successfully bumped revision number for resource 152e7501-736c-4ed0-9627-021b4a09adf9 (type: security_group_rules) to 0
2026-06-06 00:52:08.971 7 INFO neutron.db.ovn_revision_numbers_db [None req-0b87b73e-02dc-418e-8e40-c60fa56dbb5d 38b1ba34cc514c329bface504a7db0d6 8650fc1a31944c41afd3392cce13e780 - - default default] Successfully bumped revision number for resource a47d0954-55d4-458c-b257-b6254d190690 (type: security_group_rules) to 0
2026-06-06 00:52:08.981 7 INFO neutron.db.ovn_revision_numbers_db [None req-0b87b73e-02dc-418e-8e40-c60fa56dbb5d 38b1ba34cc514c329bface504a7db0d6 8650fc1a31944c41afd3392cce13e780 - - default default] Successfully bumped revision number for resource ab022739-98fb-415b-b596-dd976a8fc137 (type: security_group_rules) to 0
2026-06-06 00:52:08.993 7 INFO neutron.db.ovn_revision_numbers_db [None req-0b87b73e-02dc-418e-8e40-c60fa56dbb5d 38b1ba34cc514c329bface504a7db0d6 8650fc1a31944c41afd3392cce13e780 - - default default] Successfully bumped revision number for resource d407657c-5712-4156-acec-813494517065 (type: security_group_rules) to 0 [pid: 7|app: 0|req: 1679/3512] 10.0.0.238 () {32 vars in 774 bytes} [Sat Jun 6 00:52:08 2026] GET /v2.0/security-groups?tenant_id=7dab5945d8f644f6950b941b15dbed2e&name=default => generated 2929 bytes in 282 msecs (HTTP/1.1 200) 4 headers in 158 bytes (1 switches on core 0) [pid: 6|app: 0|req: 1834/3513] 10.0.0.238 () {32 vars in 740 bytes} [Sat Jun 6 00:52:09 2026] DELETE /v2.0/security-groups/dca70a91-0533-4cce-a69e-b776a02758de => generated 0 bytes in 230 msecs (HTTP/1.1 204) 2 headers in 112 bytes (1 switches on core 0)
2026-06-06 00:52:09.531 7 INFO neutron.db.ovn_revision_numbers_db [None req-c23c2aee-1cb2-4097-84b5-d8d68aa162fc 38b1ba34cc514c329bface504a7db0d6 8650fc1a31944c41afd3392cce13e780 - - default default] Successfully bumped revision number for resource 66375291-6fba-4bd9-8c84-a242b2d0b171 (type: security_groups) to 1
2026-06-06 00:52:09.542 7 INFO neutron.db.ovn_revision_numbers_db [None req-c23c2aee-1cb2-4097-84b5-d8d68aa162fc 38b1ba34cc514c329bface504a7db0d6 8650fc1a31944c41afd3392cce13e780 - - default default] Successfully bumped revision number for resource 95a756b8-3025-4093-b258-75e6f81e92bf (type: security_group_rules) to 0
2026-06-06 00:52:09.554 7 INFO neutron.db.ovn_revision_numbers_db [None req-c23c2aee-1cb2-4097-84b5-d8d68aa162fc 38b1ba34cc514c329bface504a7db0d6 8650fc1a31944c41afd3392cce13e780 - - default default] Successfully bumped revision number for resource a8638fba-c62a-43f3-b289-7369b08ca350 (type: security_group_rules) to 0
2026-06-06 00:52:09.566 7 INFO neutron.db.ovn_revision_numbers_db [None req-c23c2aee-1cb2-4097-84b5-d8d68aa162fc 38b1ba34cc514c329bface504a7db0d6 8650fc1a31944c41afd3392cce13e780 - - default default] Successfully bumped revision number for resource ed5afaae-c310-49ec-b617-c54ab6503ae2 (type: security_group_rules) to 0
2026-06-06 00:52:09.578 7 INFO neutron.db.ovn_revision_numbers_db [None req-c23c2aee-1cb2-4097-84b5-d8d68aa162fc 38b1ba34cc514c329bface504a7db0d6 8650fc1a31944c41afd3392cce13e780 - - default default] Successfully bumped revision number for resource f4f099e9-91e2-4590-b7e2-9f315e554fc3 (type: security_group_rules) to 0 [pid: 7|app: 0|req: 1680/3514] 10.0.0.238 () {32 vars in 774 bytes} [Sat Jun 6 00:52:09 2026] GET /v2.0/security-groups?tenant_id=48329eecca91451c9e2af5077ee1189d&name=default => generated 2929 bytes in 232 msecs (HTTP/1.1 200) 4 headers in 158 bytes (1 switches on core 0) [pid: 6|app: 0|req: 1835/3515] 10.0.0.238 () {32 vars in 740 bytes} [Sat Jun 6 00:52:09 2026] DELETE /v2.0/security-groups/66375291-6fba-4bd9-8c84-a242b2d0b171 => generated 0 bytes in 247 msecs (HTTP/1.1 204) 2 headers in 112 bytes (1 switches on core 0)
2026-06-06 00:52:10.154 7 INFO neutron.db.ovn_revision_numbers_db [None req-6bc163f7-032a-4c28-9584-26bacc050db0 38b1ba34cc514c329bface504a7db0d6 8650fc1a31944c41afd3392cce13e780 - - default default] Successfully bumped revision number for resource 934df176-31ba-4be0-8f49-25e77b78273e (type: security_groups) to 1
2026-06-06 00:52:10.173 7 INFO neutron.db.ovn_revision_numbers_db [None req-6bc163f7-032a-4c28-9584-26bacc050db0 38b1ba34cc514c329bface504a7db0d6 8650fc1a31944c41afd3392cce13e780 - - default default] Successfully bumped revision number for resource 08d4c5b5-58eb-4b60-af5f-7d232780f5bb (type: security_group_rules) to 0
2026-06-06 00:52:10.189 7 INFO neutron.db.ovn_revision_numbers_db [None req-6bc163f7-032a-4c28-9584-26bacc050db0 38b1ba34cc514c329bface504a7db0d6 8650fc1a31944c41afd3392cce13e780 - - default default] Successfully bumped revision number for resource 0ecad4ef-8073-4c34-b7a4-d3e0ddaec873 (type: security_group_rules) to 0
2026-06-06 00:52:10.200 7 INFO neutron.db.ovn_revision_numbers_db [None req-6bc163f7-032a-4c28-9584-26bacc050db0 38b1ba34cc514c329bface504a7db0d6 8650fc1a31944c41afd3392cce13e780 - - default default] Successfully bumped revision number for resource 2e554763-ab3b-48b5-9783-876bd4944d64 (type: security_group_rules) to 0
2026-06-06 00:52:10.209 7 INFO neutron.db.ovn_revision_numbers_db [None req-6bc163f7-032a-4c28-9584-26bacc050db0 38b1ba34cc514c329bface504a7db0d6 8650fc1a31944c41afd3392cce13e780 - - default default] Successfully bumped revision number for resource a18447ee-d7e6-455c-97b8-e115b771f006 (type: security_group_rules) to 0 [pid: 7|app: 0|req: 1681/3516] 10.0.0.238 () {32 vars in 774 bytes} [Sat Jun 6 00:52:10 2026] GET /v2.0/security-groups?tenant_id=6ccf41ef81d848078e45fb98e5b99147&name=default => generated 2929 bytes in 214 msecs (HTTP/1.1 200) 4 headers in 158 bytes (1 switches on core 0) [pid: 6|app: 0|req: 1836/3517] 10.0.0.238 () {32 vars in 740 bytes} [Sat Jun 6 00:52:10 2026] DELETE /v2.0/security-groups/934df176-31ba-4be0-8f49-25e77b78273e => generated 0 bytes in 244 msecs (HTTP/1.1 204) 2 headers in 112 bytes (1 switches on core 0) [pid: 7|app: 0|req: 1682/3518] 10.0.0.238 () {32 vars in 774 bytes} [Sat Jun 6 00:52:10 2026] GET /v2.0/security-groups?tenant_id=fcc0295eddaa45b59bc65750b695f723&name=default => generated 2925 bytes in 31 msecs (HTTP/1.1 200) 4 headers in 158 bytes (1 switches on core 0) [pid: 6|app: 0|req: 1837/3519] 10.0.0.238 () {32 vars in 740 bytes} [Sat Jun 6 00:52:10 2026] DELETE /v2.0/security-groups/1367fb4e-7d9c-455b-a503-942bbfecf14c => generated 0 bytes in 263 msecs (HTTP/1.1 204) 2 headers in 112 bytes (1 switches on core 0)
2026-06-06 00:52:11.203 7 INFO neutron.db.ovn_revision_numbers_db [None req-421383c5-9240-4e80-a563-2e230b501498 38b1ba34cc514c329bface504a7db0d6 8650fc1a31944c41afd3392cce13e780 - - default default] Successfully bumped revision number for resource 9792dfdc-2856-4c03-a337-95f9e79d13f0 (type: security_groups) to 1
2026-06-06 00:52:11.214 7 INFO neutron.db.ovn_revision_numbers_db [None req-421383c5-9240-4e80-a563-2e230b501498 38b1ba34cc514c329bface504a7db0d6 8650fc1a31944c41afd3392cce13e780 - - default default] Successfully bumped revision number for resource 00439ad5-5eb0-4cfb-bcbf-e5d7b949823c (type: security_group_rules) to 0
2026-06-06 00:52:11.226 7 INFO neutron.db.ovn_revision_numbers_db [None req-421383c5-9240-4e80-a563-2e230b501498 38b1ba34cc514c329bface504a7db0d6 8650fc1a31944c41afd3392cce13e780 - - default default] Successfully bumped revision number for resource 4065e8fb-ac38-4fa8-a57d-4df20d3a8c39 (type: security_group_rules) to 0
2026-06-06 00:52:11.236 7 INFO neutron.db.ovn_revision_numbers_db [None req-421383c5-9240-4e80-a563-2e230b501498 38b1ba34cc514c329bface504a7db0d6 8650fc1a31944c41afd3392cce13e780 - - default default] Successfully bumped revision number for resource 605a902a-68ed-46a7-aa9f-9220e317ac23 (type: security_group_rules) to 0
2026-06-06 00:52:11.247 7 INFO neutron.db.ovn_revision_numbers_db [None req-421383c5-9240-4e80-a563-2e230b501498 38b1ba34cc514c329bface504a7db0d6 8650fc1a31944c41afd3392cce13e780 - - default default] Successfully bumped revision number for resource 83334363-c77c-4680-87f7-36b1ae285e92 (type: security_group_rules) to 0 [pid: 7|app: 0|req: 1683/3520] 10.0.0.238 () {32 vars in 774 bytes} [Sat Jun 6 00:52:11 2026] GET /v2.0/security-groups?tenant_id=2e6cf685731e4ab187b61e2a64ee2399&name=default => generated 2929 bytes in 225 msecs (HTTP/1.1 200) 4 headers in 158 bytes (1 switches on core 0) [pid: 6|app: 0|req: 1838/3521] 10.0.0.238 () {32 vars in 740 bytes} [Sat Jun 6 00:52:11 2026] DELETE /v2.0/security-groups/9792dfdc-2856-4c03-a337-95f9e79d13f0 => generated 0 bytes in 268 msecs (HTTP/1.1 204) 2 headers in 112 bytes (1 switches on core 0)
2026-06-06 00:52:16.113 7 INFO neutron.db.ovn_revision_numbers_db [None req-692b2861-be2a-40ec-9f00-5b94e0e16377 1318b14851274f30ac21d3a5555a922f f0f7d601de0143fbb746166315da1904 - - default default] Successfully bumped revision number for resource 40161cdb-a3e5-488f-88e6-05bd36b10060 (type: security_groups) to 1
2026-06-06 00:52:16.124 7 INFO neutron.db.ovn_revision_numbers_db [None req-692b2861-be2a-40ec-9f00-5b94e0e16377 1318b14851274f30ac21d3a5555a922f f0f7d601de0143fbb746166315da1904 - - default default] Successfully bumped revision number for resource 14de5190-4e2b-4be6-8652-4fa645c9a513 (type: security_group_rules) to 0
2026-06-06 00:52:16.136 7 INFO neutron.db.ovn_revision_numbers_db [None req-692b2861-be2a-40ec-9f00-5b94e0e16377 1318b14851274f30ac21d3a5555a922f f0f7d601de0143fbb746166315da1904 - - default default] Successfully bumped revision number for resource 9692dd2e-eaf0-4740-bd97-e262bc020451 (type: security_group_rules) to 0
2026-06-06 00:52:16.149 7 INFO neutron.db.ovn_revision_numbers_db [None req-692b2861-be2a-40ec-9f00-5b94e0e16377 1318b14851274f30ac21d3a5555a922f f0f7d601de0143fbb746166315da1904 - - default default] Successfully bumped revision number for resource c0704b39-f0ff-4361-97e2-5bf2c0a4ba45 (type: security_group_rules) to 0
2026-06-06 00:52:16.162 7 INFO neutron.db.ovn_revision_numbers_db [None req-692b2861-be2a-40ec-9f00-5b94e0e16377 1318b14851274f30ac21d3a5555a922f f0f7d601de0143fbb746166315da1904 - - default default] Successfully bumped revision number for resource dc77c867-6943-4404-a161-1c3726dd5ec3 (type: security_group_rules) to 0
2026-06-06 00:52:16.232 7 INFO neutron.db.segments_db [None req-692b2861-be2a-40ec-9f00-5b94e0e16377 1318b14851274f30ac21d3a5555a922f f0f7d601de0143fbb746166315da1904 - - default default] Added segment f3efbc8f-012c-4c86-b3da-a2e1eaf2a956 of type geneve for network 5a8c2e5a-1374-4377-8386-2e9b2a5a7e12
2026-06-06 00:52:16.337 7 INFO neutron.db.ovn_revision_numbers_db [None req-692b2861-be2a-40ec-9f00-5b94e0e16377 1318b14851274f30ac21d3a5555a922f f0f7d601de0143fbb746166315da1904 - - default default] Successfully bumped revision number for resource 5a8c2e5a-1374-4377-8386-2e9b2a5a7e12 (type: networks) to 1
2026-06-06 00:52:16.503 7 WARNING neutron.scheduler.dhcp_agent_scheduler [None req-692b2861-be2a-40ec-9f00-5b94e0e16377 1318b14851274f30ac21d3a5555a922f f0f7d601de0143fbb746166315da1904 - - default default] No more DHCP agents
2026-06-06 00:52:16.504 7 WARNING neutron.api.rpc.agentnotifiers.dhcp_rpc_agent_api [None req-692b2861-be2a-40ec-9f00-5b94e0e16377 1318b14851274f30ac21d3a5555a922f f0f7d601de0143fbb746166315da1904 - - default default] Unable to schedule network 5a8c2e5a-1374-4377-8386-2e9b2a5a7e12: no agents available; will retry on subsequent port and subnet creation events.
2026-06-06 00:52:16.573 7 INFO neutron.plugins.ml2.drivers.ovn.mech_driver.mech_driver [None req-ee6eddfe-c0dd-4330-aa2b-19236acf2738 - - - - - -] OVN reports status down for port: 1a30164b-e24a-4023-90c5-28ec4c1105bd
2026-06-06 00:52:16.642 7 INFO neutron.db.ovn_revision_numbers_db [None req-692b2861-be2a-40ec-9f00-5b94e0e16377 1318b14851274f30ac21d3a5555a922f f0f7d601de0143fbb746166315da1904 - - default default] Successfully bumped revision number for resource 1a30164b-e24a-4023-90c5-28ec4c1105bd (type: ports) to 1 [pid: 7|app: 0|req: 1685/3524] 10.0.0.238 () {34 vars in 670 bytes} [Sat Jun 6 00:52:15 2026] POST /v2.0/networks => generated 748 bytes in 929 msecs (HTTP/1.1 201) 4 headers in 162 bytes (1 switches on core 0)
2026-06-06 00:52:16.884 6 WARNING neutron.scheduler.dhcp_agent_scheduler [None req-2288e2c0-717a-40c0-afd8-c6a58dd0bcbb 1318b14851274f30ac21d3a5555a922f f0f7d601de0143fbb746166315da1904 - - default default] No more DHCP agents
2026-06-06 00:52:16.896 6 WARNING neutron.api.rpc.agentnotifiers.dhcp_rpc_agent_api [None req-2288e2c0-717a-40c0-afd8-c6a58dd0bcbb 1318b14851274f30ac21d3a5555a922f f0f7d601de0143fbb746166315da1904 - - default default] Unable to schedule network 5a8c2e5a-1374-4377-8386-2e9b2a5a7e12: no agents available; will retry on subsequent port and subnet creation events.
2026-06-06 00:52:17.306 6 INFO neutron.db.ovn_revision_numbers_db [None req-a452ba3d-2acc-4ab5-a795-a14526dcd2af - - - - - -] Successfully bumped revision number for resource 1a30164b-e24a-4023-90c5-28ec4c1105bd (type: ports) to 2
2026-06-06 00:52:17.339 6 INFO neutron.db.ovn_revision_numbers_db [None req-a452ba3d-2acc-4ab5-a795-a14526dcd2af - - - - - -] Successfully bumped revision number for resource 6347e8d1-b6be-479a-b9a5-1d0afd441e34 (type: subnets) to 0 [pid: 6|app: 0|req: 1840/3525] 10.0.0.238 () {34 vars in 669 bytes} [Sat Jun 6 00:52:16 2026] POST /v2.0/subnets => generated 644 bytes in 655 msecs (HTTP/1.1 201) 4 headers in 162 bytes (1 switches on core 0)
2026-06-06 00:52:17.372 7 WARNING neutron.api.v2.base [None req-e8cafae1-eaa3-424b-a1d6-898061a97dca 1318b14851274f30ac21d3a5555a922f f0f7d601de0143fbb746166315da1904 - - default default] An exception happened while processing the request body. The exception message is [Invalid input for target_tenant. Reason: 'None' is not a valid string.].: webob.exc.HTTPBadRequest: Invalid input for target_tenant. Reason: 'None' is not a valid string.
2026-06-06 00:52:17.373 7 INFO neutron.api.v2.resource [None req-e8cafae1-eaa3-424b-a1d6-898061a97dca 1318b14851274f30ac21d3a5555a922f f0f7d601de0143fbb746166315da1904 - - default default] create failed (client error): Invalid input for target_tenant. Reason: 'None' is not a valid string. [pid: 7|app: 0|req: 1686/3526] 10.0.0.238 () {34 vars in 681 bytes} [Sat Jun 6 00:52:17 2026] POST /v2.0/rbac-policies => generated 143 bytes in 10 msecs (HTTP/1.1 400) 4 headers in 166 bytes (1 switches on core 0)
2026-06-06 00:52:17.546 6 INFO neutron_taas.services.taas.taas_plugin [None req-7bfb6d46-ad52-43a5-883f-c71b02d34ee7 1318b14851274f30ac21d3a5555a922f f0f7d601de0143fbb746166315da1904 - - default default] TaaS: Handle Delete Port: 1a30164b-e24a-4023-90c5-28ec4c1105bd
2026-06-06 00:52:17.549 6 INFO neutron_taas.services.taas.tap_mirror_plugin [None req-7bfb6d46-ad52-43a5-883f-c71b02d34ee7 1318b14851274f30ac21d3a5555a922f f0f7d601de0143fbb746166315da1904 - - default default] Tap Mirror: Handle Delete Port: 1a30164b-e24a-4023-90c5-28ec4c1105bd
2026-06-06 00:52:17.871 6 INFO neutron.services.segments.plugin [-] Segment f3efbc8f-012c-4c86-b3da-a2e1eaf2a956 resource provider aggregate not found
2026-06-06 00:52:17.873 6 INFO neutron.services.segments.plugin [-] Segment f3efbc8f-012c-4c86-b3da-a2e1eaf2a956 resource provider aggregate not found
2026-06-06 00:52:17.915 6 INFO neutron.services.segments.plugin [-] Segment f3efbc8f-012c-4c86-b3da-a2e1eaf2a956 resource provider not found; error: Placement Client Error (4xx): {"errors": [{"status": 404, "title": "Not Found", "detail": "The resource could not be found.\n\n No resource provider with uuid f3efbc8f-012c-4c86-b3da-a2e1eaf2a956 found for delete ", "request_id": "req-86699077-09a6-4ed9-b904-dafb008d11ae"}]}
2026-06-06 00:52:17.928 6 INFO neutron.services.segments.plugin [-] Segment f3efbc8f-012c-4c86-b3da-a2e1eaf2a956 resource provider not found; error: Placement Client Error (4xx): {"errors": [{"status": 404, "title": "Not Found", "detail": "The resource could not be found.\n\n No resource provider with uuid f3efbc8f-012c-4c86-b3da-a2e1eaf2a956 found for delete ", "request_id": "req-73840d05-e125-43e4-9d51-e8bdc4d2cdcb"}]} [pid: 6|app: 0|req: 1841/3527] 10.0.0.238 () {32 vars in 726 bytes} [Sat Jun 6 00:52:17 2026] DELETE /v2.0/networks/5a8c2e5a-1374-4377-8386-2e9b2a5a7e12 => generated 0 bytes in 563 msecs (HTTP/1.1 204) 3 headers in 131 bytes (1 switches on core 0)
2026-06-06 00:52:18.042 7 INFO neutron.db.segments_db [None req-787ceefd-43fd-492f-8a30-4744d6a047b4 1318b14851274f30ac21d3a5555a922f f0f7d601de0143fbb746166315da1904 - - default default] Added segment 75186d3c-442b-43a7-9860-6f8cca487735 of type geneve for network abd10b0b-5a8a-4719-a12f-1841e3a2c880
2026-06-06 00:52:18.155 7 INFO neutron.db.ovn_revision_numbers_db [None req-787ceefd-43fd-492f-8a30-4744d6a047b4 1318b14851274f30ac21d3a5555a922f f0f7d601de0143fbb746166315da1904 - - default default] Successfully bumped revision number for resource abd10b0b-5a8a-4719-a12f-1841e3a2c880 (type: networks) to 1
2026-06-06 00:52:18.302 7 WARNING neutron.scheduler.dhcp_agent_scheduler [None req-787ceefd-43fd-492f-8a30-4744d6a047b4 1318b14851274f30ac21d3a5555a922f f0f7d601de0143fbb746166315da1904 - - default default] No more DHCP agents
2026-06-06 00:52:18.304 7 WARNING neutron.api.rpc.agentnotifiers.dhcp_rpc_agent_api [None req-787ceefd-43fd-492f-8a30-4744d6a047b4 1318b14851274f30ac21d3a5555a922f f0f7d601de0143fbb746166315da1904 - - default default] Unable to schedule network abd10b0b-5a8a-4719-a12f-1841e3a2c880: no agents available; will retry on subsequent port and subnet creation events.
2026-06-06 00:52:18.371 6 INFO neutron.plugins.ml2.drivers.ovn.mech_driver.mech_driver [None req-b4bb4053-cb69-44ba-a70c-d2bb35eaebaa - - - - - -] OVN reports status down for port: 6ef70617-4e28-475a-81c8-7a4aaa12dfc1
2026-06-06 00:52:18.391 7 INFO neutron.db.ovn_revision_numbers_db [None req-787ceefd-43fd-492f-8a30-4744d6a047b4 1318b14851274f30ac21d3a5555a922f f0f7d601de0143fbb746166315da1904 - - default default] Successfully bumped revision number for resource 6ef70617-4e28-475a-81c8-7a4aaa12dfc1 (type: ports) to 1 [pid: 7|app: 0|req: 1687/3528] 10.0.0.238 () {34 vars in 670 bytes} [Sat Jun 6 00:52:17 2026] POST /v2.0/networks => generated 747 bytes in 466 msecs (HTTP/1.1 201) 4 headers in 162 bytes (1 switches on core 0)
2026-06-06 00:52:18.573 6 WARNING neutron.scheduler.dhcp_agent_scheduler [None req-d0ce6024-3f63-4334-a384-ceb16840a6ca 1318b14851274f30ac21d3a5555a922f f0f7d601de0143fbb746166315da1904 - - default default] No more DHCP agents
2026-06-06 00:52:18.574 6 WARNING neutron.api.rpc.agentnotifiers.dhcp_rpc_agent_api [None req-d0ce6024-3f63-4334-a384-ceb16840a6ca 1318b14851274f30ac21d3a5555a922f f0f7d601de0143fbb746166315da1904 - - default default] Unable to schedule network abd10b0b-5a8a-4719-a12f-1841e3a2c880: no agents available; will retry on subsequent port and subnet creation events.
2026-06-06 00:52:19.017 6 INFO neutron.db.ovn_revision_numbers_db [None req-bd73e092-e477-477d-bf2c-e1652aba24df - - - - - -] Successfully bumped revision number for resource 6ef70617-4e28-475a-81c8-7a4aaa12dfc1 (type: ports) to 2
2026-06-06 00:52:19.075 6 INFO neutron.db.ovn_revision_numbers_db [None req-bd73e092-e477-477d-bf2c-e1652aba24df - - - - - -] Successfully bumped revision number for resource 61b90422-1e4f-474b-827f-fff354fba074 (type: subnets) to 0 [pid: 6|app: 0|req: 1842/3529] 10.0.0.238 () {34 vars in 669 bytes} [Sat Jun 6 00:52:18 2026] POST /v2.0/subnets => generated 647 bytes in 674 msecs (HTTP/1.1 201) 4 headers in 162 bytes (1 switches on core 0)
2026-06-06 00:52:19.109 7 WARNING neutron.api.v2.base [None req-32322965-85fe-4980-b42f-ec79908ee4f3 1318b14851274f30ac21d3a5555a922f f0f7d601de0143fbb746166315da1904 - - default default] An exception happened while processing the request body. The exception message is [Invalid input for target_tenant. Reason: '1234123412341234123412341234123412341234123412341234123412341234123412341234123412341234123412341234123412341234123412341234123412341234123412341234123412341234123412341234123412341234123412341234123412341234123412341234123412341234123412341234123412341234123412341234123412341234123412341234123412341234123412341234123412341234123412341234123412341234123412341234123412341234123412341234123412341234' exceeds maximum length of 255.].: webob.exc.HTTPBadRequest: Invalid input for target_tenant. Reason: '1234123412341234123412341234123412341234123412341234123412341234123412341234123412341234123412341234123412341234123412341234123412341234123412341234123412341234123412341234123412341234123412341234123412341234123412341234123412341234123412341234123412341234123412341234123412341234123412341234123412341234123412341234123412341234123412341234123412341234123412341234123412341234123412341234123412341234' exceeds maximum length of 255.
2026-06-06 00:52:19.110 7 INFO neutron.api.v2.resource [None req-32322965-85fe-4980-b42f-ec79908ee4f3 1318b14851274f30ac21d3a5555a922f f0f7d601de0143fbb746166315da1904 - - default default] create failed (client error): Invalid input for target_tenant. Reason: '1234123412341234123412341234123412341234123412341234123412341234123412341234123412341234123412341234123412341234123412341234123412341234123412341234123412341234123412341234123412341234123412341234123412341234123412341234123412341234123412341234123412341234123412341234123412341234123412341234123412341234123412341234123412341234123412341234123412341234123412341234123412341234123412341234123412341234' exceeds maximum length of 255. [pid: 7|app: 0|req: 1688/3530] 10.0.0.238 () {34 vars in 681 bytes} [Sat Jun 6 00:52:19 2026] POST /v2.0/rbac-policies => generated 547 bytes in 7 msecs (HTTP/1.1 400) 4 headers in 166 bytes (1 switches on core 0)
2026-06-06 00:52:19.266 6 INFO neutron_taas.services.taas.taas_plugin [None req-816c2030-d93b-4d40-9ce5-450965793f3c 1318b14851274f30ac21d3a5555a922f f0f7d601de0143fbb746166315da1904 - - default default] TaaS: Handle Delete Port: 6ef70617-4e28-475a-81c8-7a4aaa12dfc1
2026-06-06 00:52:19.268 6 INFO neutron_taas.services.taas.tap_mirror_plugin [None req-816c2030-d93b-4d40-9ce5-450965793f3c 1318b14851274f30ac21d3a5555a922f f0f7d601de0143fbb746166315da1904 - - default default] Tap Mirror: Handle Delete Port: 6ef70617-4e28-475a-81c8-7a4aaa12dfc1 [pid: 6|app: 0|req: 1843/3531] 10.0.0.238 () {32 vars in 726 bytes} [Sat Jun 6 00:52:19 2026] DELETE /v2.0/networks/abd10b0b-5a8a-4719-a12f-1841e3a2c880 => generated 0 bytes in 540 msecs (HTTP/1.1 204) 3 headers in 131 bytes (1 switches on core 0)
2026-06-06 00:52:19.747 7 INFO neutron.db.segments_db [None req-b0e44b68-b1ca-4850-87ba-ed7d21f2089d 1318b14851274f30ac21d3a5555a922f f0f7d601de0143fbb746166315da1904 - - default default] Added segment da39723c-5aa4-4726-aa9d-057adc99517a of type geneve for network 2231bb6c-57cc-4cef-a290-83e6c116e933
2026-06-06 00:52:19.887 7 INFO neutron.db.ovn_revision_numbers_db [None req-b0e44b68-b1ca-4850-87ba-ed7d21f2089d 1318b14851274f30ac21d3a5555a922f f0f7d601de0143fbb746166315da1904 - - default default] Successfully bumped revision number for resource 2231bb6c-57cc-4cef-a290-83e6c116e933 (type: networks) to 1
2026-06-06 00:52:19.935 6 INFO neutron.services.segments.plugin [-] Segment 75186d3c-442b-43a7-9860-6f8cca487735 resource provider aggregate not found
2026-06-06 00:52:19.953 6 INFO neutron.services.segments.plugin [-] Segment 75186d3c-442b-43a7-9860-6f8cca487735 resource provider aggregate not found
2026-06-06 00:52:19.960 6 INFO neutron.services.segments.plugin [-] Segment 75186d3c-442b-43a7-9860-6f8cca487735 resource provider not found; error: Placement Client Error (4xx): {"errors": [{"status": 404, "title": "Not Found", "detail": "The resource could not be found.\n\n No resource provider with uuid 75186d3c-442b-43a7-9860-6f8cca487735 found for delete ", "request_id": "req-efd7b7ea-4f4f-482c-a981-f46598cec060"}]}
2026-06-06 00:52:19.970 6 INFO neutron.services.segments.plugin [-] Segment 75186d3c-442b-43a7-9860-6f8cca487735 resource provider not found; error: Placement Client Error (4xx): {"errors": [{"status": 404, "title": "Not Found", "detail": "The resource could not be found.\n\n No resource provider with uuid 75186d3c-442b-43a7-9860-6f8cca487735 found for delete ", "request_id": "req-1cc98e53-a6c0-4330-a910-a3b8f4b8023a"}]}
2026-06-06 00:52:20.059 7 WARNING neutron.scheduler.dhcp_agent_scheduler [None req-b0e44b68-b1ca-4850-87ba-ed7d21f2089d 1318b14851274f30ac21d3a5555a922f f0f7d601de0143fbb746166315da1904 - - default default] No more DHCP agents
2026-06-06 00:52:20.060 7 WARNING neutron.api.rpc.agentnotifiers.dhcp_rpc_agent_api [None req-b0e44b68-b1ca-4850-87ba-ed7d21f2089d 1318b14851274f30ac21d3a5555a922f f0f7d601de0143fbb746166315da1904 - - default default] Unable to schedule network 2231bb6c-57cc-4cef-a290-83e6c116e933: no agents available; will retry on subsequent port and subnet creation events.
2026-06-06 00:52:20.131 6 INFO neutron.plugins.ml2.drivers.ovn.mech_driver.mech_driver [None req-b4bb4053-cb69-44ba-a70c-d2bb35eaebaa - - - - - -] OVN reports status down for port: 8b38a33d-8ea2-4e8a-a635-0745542d0628
2026-06-06 00:52:20.170 7 INFO neutron.db.ovn_revision_numbers_db [None req-b0e44b68-b1ca-4850-87ba-ed7d21f2089d 1318b14851274f30ac21d3a5555a922f f0f7d601de0143fbb746166315da1904 - - default default] Successfully bumped revision number for resource 8b38a33d-8ea2-4e8a-a635-0745542d0628 (type: ports) to 1 [pid: 7|app: 0|req: 1689/3532] 10.0.0.238 () {34 vars in 670 bytes} [Sat Jun 6 00:52:19 2026] POST /v2.0/networks => generated 748 bytes in 536 msecs (HTTP/1.1 201) 4 headers in 162 bytes (1 switches on core 0)
2026-06-06 00:52:20.360 6 WARNING neutron.scheduler.dhcp_agent_scheduler [None req-d4a60d0a-1586-4d52-bf1d-1793458cfcab 1318b14851274f30ac21d3a5555a922f f0f7d601de0143fbb746166315da1904 - - default default] No more DHCP agents
2026-06-06 00:52:20.361 6 WARNING neutron.api.rpc.agentnotifiers.dhcp_rpc_agent_api [None req-d4a60d0a-1586-4d52-bf1d-1793458cfcab 1318b14851274f30ac21d3a5555a922f f0f7d601de0143fbb746166315da1904 - - default default] Unable to schedule network 2231bb6c-57cc-4cef-a290-83e6c116e933: no agents available; will retry on subsequent port and subnet creation events.
2026-06-06 00:52:20.837 6 INFO neutron.db.ovn_revision_numbers_db [None req-a7b398a2-f110-436c-8620-a731382c2cda - - - - - -] Successfully bumped revision number for resource 8b38a33d-8ea2-4e8a-a635-0745542d0628 (type: ports) to 2
2026-06-06 00:52:20.869 6 INFO neutron.db.ovn_revision_numbers_db [None req-a7b398a2-f110-436c-8620-a731382c2cda - - - - - -] Successfully bumped revision number for resource e580bcce-b565-42ff-b174-8afb8a5557ef (type: subnets) to 0 [pid: 6|app: 0|req: 1844/3533] 10.0.0.238 () {34 vars in 669 bytes} [Sat Jun 6 00:52:20 2026] POST /v2.0/subnets => generated 647 bytes in 675 msecs (HTTP/1.1 201) 4 headers in 162 bytes (1 switches on core 0) [pid: 7|app: 0|req: 1690/3534] 10.0.0.238 () {34 vars in 681 bytes} [Sat Jun 6 00:52:20 2026] POST /v2.0/rbac-policies => generated 324 bytes in 269 msecs (HTTP/1.1 201) 4 headers in 162 bytes (1 switches on core 0) [pid: 6|app: 0|req: 1845/3535] 10.0.0.238 () {32 vars in 723 bytes} [Sat Jun 6 00:52:21 2026] GET /v2.0/networks/2231bb6c-57cc-4cef-a290-83e6c116e933 => generated 692 bytes in 91 msecs (HTTP/1.1 200) 4 headers in 157 bytes (1 switches on core 0)
2026-06-06 00:52:22.062 7 INFO neutron.pecan_wsgi.hooks.translation [None req-c5c2d0a8-0a49-4ed1-adcd-1456777fca1d 40ae9a0d0f074f71b3df6e3972f8eb48 953c84e929184c50849eb4c9b9f7380b - - default default] GET failed (client error): The resource could not be found. [pid: 7|app: 0|req: 1691/3536] 10.0.0.238 () {32 vars in 723 bytes} [Sat Jun 6 00:52:22 2026] GET /v2.0/networks/2231bb6c-57cc-4cef-a290-83e6c116e933 => generated 138 bytes in 39 msecs (HTTP/1.1 404) 4 headers in 164 bytes (1 switches on core 0)
2026-06-06 00:52:22.200 6 INFO neutron_taas.services.taas.taas_plugin [None req-72c70879-18f7-4284-ae59-a920ec94c21c 1318b14851274f30ac21d3a5555a922f f0f7d601de0143fbb746166315da1904 - - default default] TaaS: Handle Delete Port: 8b38a33d-8ea2-4e8a-a635-0745542d0628
2026-06-06 00:52:22.203 6 INFO neutron_taas.services.taas.tap_mirror_plugin [None req-72c70879-18f7-4284-ae59-a920ec94c21c 1318b14851274f30ac21d3a5555a922f f0f7d601de0143fbb746166315da1904 - - default default] Tap Mirror: Handle Delete Port: 8b38a33d-8ea2-4e8a-a635-0745542d0628
2026-06-06 00:52:22.515 6 INFO neutron.services.segments.plugin [-] Segment da39723c-5aa4-4726-aa9d-057adc99517a resource provider aggregate not found
2026-06-06 00:52:22.521 6 INFO neutron.services.segments.plugin [-] Segment da39723c-5aa4-4726-aa9d-057adc99517a resource provider aggregate not found
2026-06-06 00:52:22.530 6 INFO neutron.services.segments.plugin [-] Segment da39723c-5aa4-4726-aa9d-057adc99517a resource provider not found; error: Placement Client Error (4xx): {"errors": [{"status": 404, "title": "Not Found", "detail": "The resource could not be found.\n\n No resource provider with uuid da39723c-5aa4-4726-aa9d-057adc99517a found for delete ", "request_id": "req-3987f8e5-6b9c-49cf-b4c0-5e6caf74fb44"}]}
2026-06-06 00:52:22.541 6 INFO neutron.services.segments.plugin [-] Segment da39723c-5aa4-4726-aa9d-057adc99517a resource provider not found; error: Placement Client Error (4xx): {"errors": [{"status": 404, "title": "Not Found", "detail": "The resource could not be found.\n\n No resource provider with uuid da39723c-5aa4-4726-aa9d-057adc99517a found for delete ", "request_id": "req-5ac29552-d618-4587-8e95-539aa144b0e4"}]} [pid: 6|app: 0|req: 1846/3537] 10.0.0.238 () {32 vars in 726 bytes} [Sat Jun 6 00:52:22 2026] DELETE /v2.0/networks/2231bb6c-57cc-4cef-a290-83e6c116e933 => generated 0 bytes in 515 msecs (HTTP/1.1 204) 3 headers in 131 bytes (1 switches on core 0)
2026-06-06 00:52:22.604 7 INFO neutron.pecan_wsgi.hooks.translation [None req-09cfe189-dcc1-48d2-9b9d-40e99daef3da 1318b14851274f30ac21d3a5555a922f f0f7d601de0143fbb746166315da1904 - - default default] DELETE failed (client error): The resource could not be found. [pid: 7|app: 0|req: 1692/3538] 10.0.0.238 () {32 vars in 724 bytes} [Sat Jun 6 00:52:22 2026] DELETE /v2.0/subnets/6347e8d1-b6be-479a-b9a5-1d0afd441e34 => generated 136 bytes in 15 msecs (HTTP/1.1 404) 4 headers in 164 bytes (1 switches on core 0)
2026-06-06 00:52:22.625 6 INFO neutron.pecan_wsgi.hooks.translation [None req-f206d988-c9f8-407e-86e6-cc9af77a6579 1318b14851274f30ac21d3a5555a922f f0f7d601de0143fbb746166315da1904 - - default default] DELETE failed (client error): The resource could not be found. [pid: 6|app: 0|req: 1847/3539] 10.0.0.238 () {32 vars in 724 bytes} [Sat Jun 6 00:52:22 2026] DELETE /v2.0/subnets/61b90422-1e4f-474b-827f-fff354fba074 => generated 136 bytes in 17 msecs (HTTP/1.1 404) 4 headers in 164 bytes (1 switches on core 0)
2026-06-06 00:52:22.645 7 INFO neutron.pecan_wsgi.hooks.translation [None req-ce3c0360-6fdf-47ea-8693-9ec30ac19965 1318b14851274f30ac21d3a5555a922f f0f7d601de0143fbb746166315da1904 - - default default] DELETE failed (client error): The resource could not be found. [pid: 7|app: 0|req: 1693/3540] 10.0.0.238 () {32 vars in 724 bytes} [Sat Jun 6 00:52:22 2026] DELETE /v2.0/subnets/e580bcce-b565-42ff-b174-8afb8a5557ef => generated 136 bytes in 15 msecs (HTTP/1.1 404) 4 headers in 164 bytes (1 switches on core 0) [pid: 6|app: 0|req: 1848/3541] 10.0.0.238 () {32 vars in 774 bytes} [Sat Jun 6 00:52:23 2026] GET /v2.0/security-groups?tenant_id=f0f7d601de0143fbb746166315da1904&name=default => generated 2929 bytes in 212 msecs (HTTP/1.1 200) 4 headers in 158 bytes (1 switches on core 0) [pid: 7|app: 0|req: 1694/3542] 10.0.0.238 () {32 vars in 740 bytes} [Sat Jun 6 00:52:23 2026] DELETE /v2.0/security-groups/40161cdb-a3e5-488f-88e6-05bd36b10060 => generated 0 bytes in 285 msecs (HTTP/1.1 204) 2 headers in 112 bytes (1 switches on core 0)
2026-06-06 00:52:24.244 6 INFO neutron.db.ovn_revision_numbers_db [None req-bee4406e-d77b-4a43-aa95-6b487c50668c 38b1ba34cc514c329bface504a7db0d6 8650fc1a31944c41afd3392cce13e780 - - default default] Successfully bumped revision number for resource a6de1904-b108-4b0a-8f3a-c61173484bd1 (type: security_groups) to 1
2026-06-06 00:52:24.257 6 INFO neutron.db.ovn_revision_numbers_db [None req-bee4406e-d77b-4a43-aa95-6b487c50668c 38b1ba34cc514c329bface504a7db0d6 8650fc1a31944c41afd3392cce13e780 - - default default] Successfully bumped revision number for resource 00630382-42f0-415c-ba0b-710574c52f89 (type: security_group_rules) to 0
2026-06-06 00:52:24.269 6 INFO neutron.db.ovn_revision_numbers_db [None req-bee4406e-d77b-4a43-aa95-6b487c50668c 38b1ba34cc514c329bface504a7db0d6 8650fc1a31944c41afd3392cce13e780 - - default default] Successfully bumped revision number for resource 6b3bf7a3-523f-4725-83f5-5f8cec605a35 (type: security_group_rules) to 0
2026-06-06 00:52:24.280 6 INFO neutron.db.ovn_revision_numbers_db [None req-bee4406e-d77b-4a43-aa95-6b487c50668c 38b1ba34cc514c329bface504a7db0d6 8650fc1a31944c41afd3392cce13e780 - - default default] Successfully bumped revision number for resource f4bf7dc7-a7da-48f7-b6f9-f2b6cea3d1b6 (type: security_group_rules) to 0
2026-06-06 00:52:24.290 6 INFO neutron.db.ovn_revision_numbers_db [None req-bee4406e-d77b-4a43-aa95-6b487c50668c 38b1ba34cc514c329bface504a7db0d6 8650fc1a31944c41afd3392cce13e780 - - default default] Successfully bumped revision number for resource fbea7b71-d1c2-44db-ac65-558336cdf3f0 (type: security_group_rules) to 0 [pid: 6|app: 0|req: 1849/3543] 10.0.0.238 () {32 vars in 774 bytes} [Sat Jun 6 00:52:24 2026] GET /v2.0/security-groups?tenant_id=953c84e929184c50849eb4c9b9f7380b&name=default => generated 2929 bytes in 208 msecs (HTTP/1.1 200) 4 headers in 158 bytes (1 switches on core 0) [pid: 7|app: 0|req: 1695/3544] 10.0.0.238 () {32 vars in 740 bytes} [Sat Jun 6 00:52:24 2026] DELETE /v2.0/security-groups/a6de1904-b108-4b0a-8f3a-c61173484bd1 => generated 0 bytes in 247 msecs (HTTP/1.1 204) 2 headers in 112 bytes (1 switches on core 0)
2026-06-06 00:52:24.900 6 INFO neutron.db.ovn_revision_numbers_db [None req-7f8f6dfd-827b-491c-9530-5609edb2b56a 38b1ba34cc514c329bface504a7db0d6 8650fc1a31944c41afd3392cce13e780 - - default default] Successfully bumped revision number for resource 81799946-59ba-42e0-85fc-fa8a76e34f45 (type: security_groups) to 1
2026-06-06 00:52:24.915 6 INFO neutron.db.ovn_revision_numbers_db [None req-7f8f6dfd-827b-491c-9530-5609edb2b56a 38b1ba34cc514c329bface504a7db0d6 8650fc1a31944c41afd3392cce13e780 - - default default] Successfully bumped revision number for resource 0849d4a4-bfa7-4cd1-bd80-2ea973cb6d22 (type: security_group_rules) to 0
2026-06-06 00:52:24.925 6 INFO neutron.db.ovn_revision_numbers_db [None req-7f8f6dfd-827b-491c-9530-5609edb2b56a 38b1ba34cc514c329bface504a7db0d6 8650fc1a31944c41afd3392cce13e780 - - default default] Successfully bumped revision number for resource 2b050728-8bb1-48c4-820b-ac4dc684cd00 (type: security_group_rules) to 0
2026-06-06 00:52:24.938 6 INFO neutron.db.ovn_revision_numbers_db [None req-7f8f6dfd-827b-491c-9530-5609edb2b56a 38b1ba34cc514c329bface504a7db0d6 8650fc1a31944c41afd3392cce13e780 - - default default] Successfully bumped revision number for resource 3051cb38-e5ce-4864-93fc-96b1dfddf48e (type: security_group_rules) to 0
2026-06-06 00:52:24.948 6 INFO neutron.db.ovn_revision_numbers_db [None req-7f8f6dfd-827b-491c-9530-5609edb2b56a 38b1ba34cc514c329bface504a7db0d6 8650fc1a31944c41afd3392cce13e780 - - default default] Successfully bumped revision number for resource 8805df99-2605-4830-8dd9-0e9d0f97a4dd (type: security_group_rules) to 0 [pid: 6|app: 0|req: 1850/3545] 10.0.0.238 () {32 vars in 774 bytes} [Sat Jun 6 00:52:24 2026] GET /v2.0/security-groups?tenant_id=2dee2d6ffd0a461cbf7d206366395015&name=default => generated 2929 bytes in 221 msecs (HTTP/1.1 200) 4 headers in 158 bytes (1 switches on core 0) [pid: 7|app: 0|req: 1696/3546] 10.0.0.238 () {32 vars in 740 bytes} [Sat Jun 6 00:52:24 2026] DELETE /v2.0/security-groups/81799946-59ba-42e0-85fc-fa8a76e34f45 => generated 0 bytes in 235 msecs (HTTP/1.1 204) 2 headers in 112 bytes (1 switches on core 0)
2026-06-06 00:52:29.701 6 WARNING neutron.scheduler.dhcp_agent_scheduler [None req-0726fcb9-65af-4bda-bcce-b05425505e17 4f1a08761b0e43bbb4c34d812995cf35 ebbf0222100a469b98f952983b0cf958 - - default default] No more DHCP agents
2026-06-06 00:52:29.702 6 WARNING neutron.api.rpc.agentnotifiers.dhcp_rpc_agent_api [None req-0726fcb9-65af-4bda-bcce-b05425505e17 4f1a08761b0e43bbb4c34d812995cf35 ebbf0222100a469b98f952983b0cf958 - - default default] Unable to schedule network fb76b751-e401-4ee1-9d83-372c8528f7fd: no agents available; will retry on subsequent port and subnet creation events. [pid: 6|app: 0|req: 1851/3549] 10.0.0.238 () {34 vars in 676 bytes} [Sat Jun 6 00:52:29 2026] POST /v2.0/floatingips => generated 552 bytes in 745 msecs (HTTP/1.1 201) 4 headers in 162 bytes (1 switches on core 0)
2026-06-06 00:52:30.285 7 WARNING neutron.scheduler.dhcp_agent_scheduler [None req-5a472d1b-c483-44c8-8ccc-18197588d3fd 4f1a08761b0e43bbb4c34d812995cf35 ebbf0222100a469b98f952983b0cf958 - - default default] No more DHCP agents
2026-06-06 00:52:30.286 7 WARNING neutron.api.rpc.agentnotifiers.dhcp_rpc_agent_api [None req-5a472d1b-c483-44c8-8ccc-18197588d3fd 4f1a08761b0e43bbb4c34d812995cf35 ebbf0222100a469b98f952983b0cf958 - - default default] Unable to schedule network fb76b751-e401-4ee1-9d83-372c8528f7fd: no agents available; will retry on subsequent port and subnet creation events. [pid: 7|app: 0|req: 1699/3550] 10.0.0.238 () {34 vars in 676 bytes} [Sat Jun 6 00:52:30 2026] POST /v2.0/floatingips => generated 552 bytes in 469 msecs (HTTP/1.1 201) 4 headers in 162 bytes (1 switches on core 0)
2026-06-06 00:52:30.767 6 WARNING neutron.scheduler.dhcp_agent_scheduler [None req-30765dca-02a6-49ba-82aa-024a1626afdc 4f1a08761b0e43bbb4c34d812995cf35 ebbf0222100a469b98f952983b0cf958 - - default default] No more DHCP agents
2026-06-06 00:52:30.768 6 WARNING neutron.api.rpc.agentnotifiers.dhcp_rpc_agent_api [None req-30765dca-02a6-49ba-82aa-024a1626afdc 4f1a08761b0e43bbb4c34d812995cf35 ebbf0222100a469b98f952983b0cf958 - - default default] Unable to schedule network fb76b751-e401-4ee1-9d83-372c8528f7fd: no agents available; will retry on subsequent port and subnet creation events. [pid: 6|app: 0|req: 1852/3551] 10.0.0.238 () {34 vars in 676 bytes} [Sat Jun 6 00:52:30 2026] POST /v2.0/floatingips => generated 552 bytes in 544 msecs (HTTP/1.1 201) 4 headers in 162 bytes (1 switches on core 0)
2026-06-06 00:52:31.255 7 WARNING neutron.scheduler.dhcp_agent_scheduler [None req-e12dd813-8b91-45b7-b308-f114cac78b6e 4f1a08761b0e43bbb4c34d812995cf35 ebbf0222100a469b98f952983b0cf958 - - default default] No more DHCP agents
2026-06-06 00:52:31.256 7 WARNING neutron.api.rpc.agentnotifiers.dhcp_rpc_agent_api [None req-e12dd813-8b91-45b7-b308-f114cac78b6e 4f1a08761b0e43bbb4c34d812995cf35 ebbf0222100a469b98f952983b0cf958 - - default default] Unable to schedule network fb76b751-e401-4ee1-9d83-372c8528f7fd: no agents available; will retry on subsequent port and subnet creation events. [pid: 7|app: 0|req: 1700/3552] 10.0.0.238 () {34 vars in 676 bytes} [Sat Jun 6 00:52:31 2026] POST /v2.0/floatingips => generated 552 bytes in 431 msecs (HTTP/1.1 201) 4 headers in 162 bytes (1 switches on core 0)
2026-06-06 00:52:31.740 6 WARNING neutron.scheduler.dhcp_agent_scheduler [None req-7733b882-ca34-4dc9-bba2-64ebc76b78e8 4f1a08761b0e43bbb4c34d812995cf35 ebbf0222100a469b98f952983b0cf958 - - default default] No more DHCP agents
2026-06-06 00:52:31.741 6 WARNING neutron.api.rpc.agentnotifiers.dhcp_rpc_agent_api [None req-7733b882-ca34-4dc9-bba2-64ebc76b78e8 4f1a08761b0e43bbb4c34d812995cf35 ebbf0222100a469b98f952983b0cf958 - - default default] Unable to schedule network fb76b751-e401-4ee1-9d83-372c8528f7fd: no agents available; will retry on subsequent port and subnet creation events. [pid: 6|app: 0|req: 1853/3553] 10.0.0.238 () {34 vars in 676 bytes} [Sat Jun 6 00:52:31 2026] POST /v2.0/floatingips => generated 552 bytes in 509 msecs (HTTP/1.1 201) 4 headers in 162 bytes (1 switches on core 0) [pid: 7|app: 0|req: 1701/3554] 10.0.0.238 () {34 vars in 759 bytes} [Sat Jun 6 00:52:32 2026] PUT /v2.0/floatingips/a525d8bb-f036-45f6-96a4-5473d152bd67/tags => generated 17 bytes in 68 msecs (HTTP/1.1 200) 4 headers in 156 bytes (1 switches on core 0) [pid: 6|app: 0|req: 1854/3555] 10.0.0.238 () {34 vars in 759 bytes} [Sat Jun 6 00:52:32 2026] PUT /v2.0/floatingips/f39032b3-f8be-4d12-b1c6-9b3aa4cf4eb8/tags => generated 25 bytes in 97 msecs (HTTP/1.1 200) 4 headers in 156 bytes (1 switches on core 0) [pid: 7|app: 0|req: 1702/3556] 10.0.0.238 () {34 vars in 759 bytes} [Sat Jun 6 00:52:32 2026] PUT /v2.0/floatingips/46707848-ac70-4928-bdbf-4d1f2747b858/tags => generated 34 bytes in 53 msecs (HTTP/1.1 200) 4 headers in 156 bytes (1 switches on core 0) [pid: 6|app: 0|req: 1855/3557] 10.0.0.238 () {34 vars in 759 bytes} [Sat Jun 6 00:52:32 2026] PUT /v2.0/floatingips/d8b1ad42-784e-4641-add5-e878c22749c4/tags => generated 19 bytes in 50 msecs (HTTP/1.1 200) 4 headers in 156 bytes (1 switches on core 0) [pid: 7|app: 0|req: 1703/3558] 10.0.0.238 () {32 vars in 672 bytes} [Sat Jun 6 00:52:32 2026] GET /v2.0/floatingips?tags=red => generated 1671 bytes in 59 msecs (HTTP/1.1 200) 4 headers in 158 bytes (1 switches on core 0) [pid: 6|app: 0|req: 1856/3559] 10.0.0.238 () {32 vars in 686 bytes} [Sat Jun 6 00:52:32 2026] GET /v2.0/floatingips?tags=red%2Cblue => generated 1128 bytes in 50 msecs (HTTP/1.1 200) 4 headers in 158 bytes (1 switches on core 0) [pid: 7|app: 0|req: 1704/3560] 10.0.0.238 () {32 vars in 682 bytes} [Sat Jun 6 00:52:32 2026] GET /v2.0/floatingips?tags-any=blue => generated 1128 bytes in 785 msecs (HTTP/1.1 200) 4 headers in 158 bytes (1 switches on core 0) [pid: 6|app: 0|req: 1857/3561] 10.0.0.238 () {32 vars in 694 bytes} [Sat Jun 6 00:52:33 2026] GET /v2.0/floatingips?tags-any=red%2Cblue => generated 1671 bytes in 48 msecs (HTTP/1.1 200) 4 headers in 158 bytes (1 switches on core 0) [pid: 7|app: 0|req: 1705/3562] 10.0.0.238 () {32 vars in 680 bytes} [Sat Jun 6 00:52:33 2026] GET /v2.0/floatingips?not-tags=red => generated 1100 bytes in 50 msecs (HTTP/1.1 200) 4 headers in 158 bytes (1 switches on core 0) [pid: 7|app: 0|req: 1706/3563] 10.0.0.98 () {28 vars in 580 bytes} [Sat Jun 6 00:52:33 2026] GET /v2.0/agents => generated 1214 bytes in 79 msecs (HTTP/1.1 200) 4 headers in 158 bytes (1 switches on core 0) [pid: 7|app: 0|req: 1707/3564] 10.0.0.98 () {28 vars in 584 bytes} [Sat Jun 6 00:52:33 2026] GET /v2.0/networks => generated 2288 bytes in 62 msecs (HTTP/1.1 200) 4 headers in 158 bytes (1 switches on core 0) [pid: 7|app: 0|req: 1708/3565] 10.0.0.98 () {28 vars in 598 bytes} [Sat Jun 6 00:52:34 2026] GET /v2.0/security-groups => generated 17401 bytes in 35 msecs (HTTP/1.1 200) 4 headers in 159 bytes (1 switches on core 0) [pid: 7|app: 0|req: 1709/3566] 10.0.0.98 () {28 vars in 582 bytes} [Sat Jun 6 00:52:34 2026] GET /v2.0/subnets => generated 1308 bytes in 29 msecs (HTTP/1.1 200) 4 headers in 158 bytes (1 switches on core 0) [pid: 6|app: 0|req: 1858/3567] 10.0.0.238 () {32 vars in 694 bytes} [Sat Jun 6 00:52:33 2026] GET /v2.0/floatingips?not-tags=red%2Cblue => generated 1643 bytes in 807 msecs (HTTP/1.1 200) 4 headers in 158 bytes (1 switches on core 0) [pid: 6|app: 0|req: 1859/3568] 10.0.0.238 () {32 vars in 690 bytes} [Sat Jun 6 00:52:34 2026] GET /v2.0/floatingips?not-tags-any=blue => generated 1643 bytes in 55 msecs (HTTP/1.1 200) 4 headers in 158 bytes (1 switches on core 0) [pid: 7|app: 0|req: 1710/3569] 10.0.0.98 () {28 vars in 578 bytes} [Sat Jun 6 00:52:34 2026] GET /v2.0/ports => generated 10145 bytes in 96 msecs (HTTP/1.1 200) 4 headers in 159 bytes (1 switches on core 0) [pid: 6|app: 0|req: 1860/3570] 10.0.0.238 () {32 vars in 702 bytes} [Sat Jun 6 00:52:34 2026] GET /v2.0/floatingips?not-tags-any=red%2Cblue => generated 1100 bytes in 30 msecs (HTTP/1.1 200) 4 headers in 158 bytes (1 switches on core 0) [pid: 7|app: 0|req: 1711/3571] 10.0.0.98 () {28 vars in 618 bytes} [Sat Jun 6 00:52:34 2026] GET /v2.0/network-ip-availabilities => generated 1104 bytes in 22 msecs (HTTP/1.1 200) 4 headers in 158 bytes (1 switches on core 0) [pid: 6|app: 0|req: 1861/3572] 10.0.0.98 () {28 vars in 590 bytes} [Sat Jun 6 00:52:34 2026] GET /v2.0/floatingips => generated 2754 bytes in 35 msecs (HTTP/1.1 200) 4 headers in 158 bytes (1 switches on core 0) [pid: 6|app: 0|req: 1862/3573] 10.0.0.98 () {28 vars in 582 bytes} [Sat Jun 6 00:52:34 2026] GET /v2.0/routers => generated 15 bytes in 17 msecs (HTTP/1.1 200) 4 headers in 156 bytes (1 switches on core 0) [pid: 6|app: 0|req: 1863/3574] 10.0.0.98 () {28 vars in 623 bytes} [Sat Jun 6 00:52:34 2026] GET /v2.0/agents?binary=ovn-controller => generated 416 bytes in 10 msecs (HTTP/1.1 200) 4 headers in 157 bytes (1 switches on core 0) [pid: 6|app: 0|req: 1864/3575] 10.0.0.98 () {28 vars in 582 bytes} [Sat Jun 6 00:52:34 2026] GET /v2.0/subnets => generated 1308 bytes in 25 msecs (HTTP/1.1 200) 4 headers in 158 bytes (1 switches on core 0) [pid: 6|app: 0|req: 1865/3576] 10.0.0.98 () {28 vars in 590 bytes} [Sat Jun 6 00:52:34 2026] GET /v2.0/subnetpools => generated 19 bytes in 8 msecs (HTTP/1.1 200) 4 headers in 156 bytes (1 switches on core 0)
2026-06-06 00:52:34.385 7 INFO neutron_taas.services.taas.taas_plugin [None req-417d93fc-aca0-45e6-bab0-1aa505b403e3 4f1a08761b0e43bbb4c34d812995cf35 ebbf0222100a469b98f952983b0cf958 - - default default] TaaS: Handle Delete Port: 0539c7fd-a152-4cf6-b37f-5fdc582e5dc0
2026-06-06 00:52:34.389 7 INFO neutron_taas.services.taas.tap_mirror_plugin [None req-417d93fc-aca0-45e6-bab0-1aa505b403e3 4f1a08761b0e43bbb4c34d812995cf35 ebbf0222100a469b98f952983b0cf958 - - default default] Tap Mirror: Handle Delete Port: 0539c7fd-a152-4cf6-b37f-5fdc582e5dc0 [pid: 7|app: 0|req: 1712/3577] 10.0.0.238 () {32 vars in 732 bytes} [Sat Jun 6 00:52:34 2026] DELETE /v2.0/floatingips/a525d8bb-f036-45f6-96a4-5473d152bd67 => generated 0 bytes in 277 msecs (HTTP/1.1 204) 2 headers in 112 bytes (1 switches on core 0)
2026-06-06 00:52:34.687 6 INFO neutron_taas.services.taas.taas_plugin [None req-c74888fc-5c75-48ee-b561-aeeb318dd25f 4f1a08761b0e43bbb4c34d812995cf35 ebbf0222100a469b98f952983b0cf958 - - default default] TaaS: Handle Delete Port: 9f9db9e4-bfd6-46aa-a6ce-1c0b80b0174d
2026-06-06 00:52:34.690 6 INFO neutron_taas.services.taas.tap_mirror_plugin [None req-c74888fc-5c75-48ee-b561-aeeb318dd25f 4f1a08761b0e43bbb4c34d812995cf35 ebbf0222100a469b98f952983b0cf958 - - default default] Tap Mirror: Handle Delete Port: 9f9db9e4-bfd6-46aa-a6ce-1c0b80b0174d [pid: 6|app: 0|req: 1866/3578] 10.0.0.238 () {32 vars in 732 bytes} [Sat Jun 6 00:52:34 2026] DELETE /v2.0/floatingips/f39032b3-f8be-4d12-b1c6-9b3aa4cf4eb8 => generated 0 bytes in 313 msecs (HTTP/1.1 204) 2 headers in 112 bytes (1 switches on core 0)
2026-06-06 00:52:35.003 7 INFO neutron_taas.services.taas.taas_plugin [None req-0fe85664-7538-4328-a036-0bb0fd8c8b5c 4f1a08761b0e43bbb4c34d812995cf35 ebbf0222100a469b98f952983b0cf958 - - default default] TaaS: Handle Delete Port: acc6358c-ee4b-44cc-9fe1-8804de9f344d
2026-06-06 00:52:35.007 7 INFO neutron_taas.services.taas.tap_mirror_plugin [None req-0fe85664-7538-4328-a036-0bb0fd8c8b5c 4f1a08761b0e43bbb4c34d812995cf35 ebbf0222100a469b98f952983b0cf958 - - default default] Tap Mirror: Handle Delete Port: acc6358c-ee4b-44cc-9fe1-8804de9f344d [pid: 7|app: 0|req: 1713/3579] 10.0.0.238 () {32 vars in 732 bytes} [Sat Jun 6 00:52:34 2026] DELETE /v2.0/floatingips/46707848-ac70-4928-bdbf-4d1f2747b858 => generated 0 bytes in 311 msecs (HTTP/1.1 204) 2 headers in 112 bytes (1 switches on core 0)
2026-06-06 00:52:35.292 6 INFO neutron_taas.services.taas.taas_plugin [None req-ee2fa446-d403-410e-9c33-ccf8c2c010a0 4f1a08761b0e43bbb4c34d812995cf35 ebbf0222100a469b98f952983b0cf958 - - default default] TaaS: Handle Delete Port: 10a25317-7925-48f2-a17c-46d48fbaf848
2026-06-06 00:52:35.294 6 INFO neutron_taas.services.taas.tap_mirror_plugin [None req-ee2fa446-d403-410e-9c33-ccf8c2c010a0 4f1a08761b0e43bbb4c34d812995cf35 ebbf0222100a469b98f952983b0cf958 - - default default] Tap Mirror: Handle Delete Port: 10a25317-7925-48f2-a17c-46d48fbaf848 [pid: 6|app: 0|req: 1867/3580] 10.0.0.238 () {32 vars in 732 bytes} [Sat Jun 6 00:52:35 2026] DELETE /v2.0/floatingips/d8b1ad42-784e-4641-add5-e878c22749c4 => generated 0 bytes in 238 msecs (HTTP/1.1 204) 2 headers in 112 bytes (1 switches on core 0)
2026-06-06 00:52:35.536 7 INFO neutron_taas.services.taas.taas_plugin [None req-bf1716f4-f763-4611-bae9-63c7b2e58109 4f1a08761b0e43bbb4c34d812995cf35 ebbf0222100a469b98f952983b0cf958 - - default default] TaaS: Handle Delete Port: 08d7fcc1-deaf-4940-87e3-e57746819de0
