2026-06-06 00:45:55.308 6 INFO neutron_taas.services.taas.taas_plugin [None req-0a0320f8-ffbf-4fa7-88b1-0403d85009a6 ae1ac8c0cf994ca78604477143c44ecf 7266bc0d0dd14bb49bd839be58a8cfc7 - - default default] TaaS: Handle Delete Port: 06ef9d59-ee1c-4f46-b5e9-886f6042c7d6
2026-06-06 00:45:55.312 6 INFO neutron_taas.services.taas.tap_mirror_plugin [None req-0a0320f8-ffbf-4fa7-88b1-0403d85009a6 ae1ac8c0cf994ca78604477143c44ecf 7266bc0d0dd14bb49bd839be58a8cfc7 - - default default] Tap Mirror: Handle Delete Port: 06ef9d59-ee1c-4f46-b5e9-886f6042c7d6
2026-06-06 00:45:55.356 6 WARNING neutron.plugins.ml2.drivers.ovn.mech_driver.ovsdb.ovn_client [None req-1fd56563-7db4-4fd4-8959-59bc6065459b - - - - - -] Logical_Switch_Port %s host information not removed, the port state is up
2026-06-06 00:45:55.356 6 INFO neutron.plugins.ml2.drivers.ovn.mech_driver.mech_driver [None req-1fd56563-7db4-4fd4-8959-59bc6065459b - - - - - -] OVN reports status up for port: b8bf7927-dadd-4f8b-b4dc-f76b65fb9165
2026-06-06 00:45:55.388 6 INFO neutron.plugins.ml2.plugin [None req-1fd56563-7db4-4fd4-8959-59bc6065459b - - - - - -] Attempt 1 to provision port b8bf7927-dadd-4f8b-b4dc-f76b65fb9165 [pid: 6|app: 0|req: 923/1758] 10.0.0.238 () {32 vars in 720 bytes} [Sat Jun 6 00:45:55 2026] DELETE /v2.0/ports/06ef9d59-ee1c-4f46-b5e9-886f6042c7d6 => generated 0 bytes in 579 msecs (HTTP/1.1 204) 3 headers in 131 bytes (1 switches on core 0)
2026-06-06 00:45:55.729 7 INFO neutron.db.ovn_revision_numbers_db [None req-dd17e767-78c3-4a91-9f74-32dc13313951 49501455fd7f4e2f807633176b89a23d ecb7126fce4b4e6db2fe142a959c882c - - default default] Successfully bumped revision number for resource dd10913d-7366-49b3-a2a6-dea826252979 (type: floatingips) to 1
2026-06-06 00:45:55.730 7 INFO neutron.db.l3_db [None req-dd17e767-78c3-4a91-9f74-32dc13313951 49501455fd7f4e2f807633176b89a23d ecb7126fce4b4e6db2fe142a959c882c - - default default] Floating IP dd10913d-7366-49b3-a2a6-dea826252979 associated. External IP: 10.96.250.218, port: ca9ab47c-d6af-417d-995d-fdcfcb9b2e9f. [pid: 7|app: 0|req: 836/1759] 10.0.0.238 () {34 vars in 677 bytes} [Sat Jun 6 00:45:54 2026] POST /v2.0/floatingips => generated 842 bytes in 1380 msecs (HTTP/1.1 201) 4 headers in 162 bytes (1 switches on core 0) /var/lib/openstack/lib/python3.12/site-packages/pycadf/identifier.py:70: UserWarning: Invalid uuid: neutron. To ensure interoperability, identifiers should be a valid uuid. warnings.warn(('Invalid uuid: %s. To ensure interoperability, ' [pid: 6|app: 0|req: 924/1760] 10.0.0.207 () {30 vars in 724 bytes} [Sat Jun 6 00:45:55 2026] GET /v2.0/quotas/0bfdc332680047c38bcc37a1aea5e879/details => generated 847 bytes in 200 msecs (HTTP/1.1 200) 4 headers in 157 bytes (1 switches on core 0)
2026-06-06 00:45:55.901 7 INFO neutron_taas.services.taas.taas_plugin [None req-aae88f50-6f14-431c-bf29-516e02926925 ae1ac8c0cf994ca78604477143c44ecf 7266bc0d0dd14bb49bd839be58a8cfc7 - - default default] TaaS: Handle Delete Port: b03b72e1-866d-40a7-86d1-62d25ca1c883
2026-06-06 00:45:55.906 7 INFO neutron_taas.services.taas.tap_mirror_plugin [None req-aae88f50-6f14-431c-bf29-516e02926925 ae1ac8c0cf994ca78604477143c44ecf 7266bc0d0dd14bb49bd839be58a8cfc7 - - default default] Tap Mirror: Handle Delete Port: b03b72e1-866d-40a7-86d1-62d25ca1c883
2026-06-06 00:45:56.120 7 INFO neutron.services.segments.plugin [-] Segment 3f5588cd-9aff-4b29-ba8d-f1c334db295d resource provider aggregate not found
2026-06-06 00:45:56.127 7 INFO neutron.services.segments.plugin [-] Segment 3f5588cd-9aff-4b29-ba8d-f1c334db295d resource provider aggregate not found
2026-06-06 00:45:56.137 7 INFO neutron.services.segments.plugin [-] Segment 3f5588cd-9aff-4b29-ba8d-f1c334db295d resource provider not found; error: Placement Client Error (4xx): {"errors": [{"status": 404, "title": "Not Found", "detail": "The resource could not be found.\n\n No resource provider with uuid 3f5588cd-9aff-4b29-ba8d-f1c334db295d found for delete ", "request_id": "req-7c4ef276-7138-4256-a24e-b4861bfb5422"}]}
2026-06-06 00:45:56.150 7 INFO neutron.services.segments.plugin [-] Segment 3f5588cd-9aff-4b29-ba8d-f1c334db295d resource provider not found; error: Placement Client Error (4xx): {"errors": [{"status": 404, "title": "Not Found", "detail": "The resource could not be found.\n\n No resource provider with uuid 3f5588cd-9aff-4b29-ba8d-f1c334db295d found for delete ", "request_id": "req-5192d202-57f8-4c14-83ec-709a5bee1de3"}]} [pid: 7|app: 0|req: 837/1761] 10.0.0.238 () {32 vars in 726 bytes} [Sat Jun 6 00:45:55 2026] DELETE /v2.0/networks/e866ff00-8bd7-4fae-b93a-b571fb9d99bc => generated 0 bytes in 403 msecs (HTTP/1.1 204) 3 headers in 131 bytes (1 switches on core 0)
2026-06-06 00:45:56.255 6 INFO neutron.db.ovn_revision_numbers_db [None req-1fd56563-7db4-4fd4-8959-59bc6065459b - - - - - -] Successfully bumped revision number for resource b8bf7927-dadd-4f8b-b4dc-f76b65fb9165 (type: ports) to 2
2026-06-06 00:45:56.258 6 INFO neutron.db.ovn_revision_numbers_db [None req-89112ad6-5e5d-4a23-8107-66f96f285550 49501455fd7f4e2f807633176b89a23d ecb7126fce4b4e6db2fe142a959c882c - - default default] Successfully bumped revision number for resource dd10913d-7366-49b3-a2a6-dea826252979 (type: floatingips) to 2
2026-06-06 00:45:56.338 6 INFO neutron.db.l3_db [None req-89112ad6-5e5d-4a23-8107-66f96f285550 49501455fd7f4e2f807633176b89a23d ecb7126fce4b4e6db2fe142a959c882c - - default default] Floating IP dd10913d-7366-49b3-a2a6-dea826252979 disassociated. External IP: 10.96.250.218, port: ca9ab47c-d6af-417d-995d-fdcfcb9b2e9f. /var/lib/openstack/lib/python3.12/site-packages/pycadf/identifier.py:70: UserWarning: Invalid uuid: neutron. To ensure interoperability, identifiers should be a valid uuid. warnings.warn(('Invalid uuid: %s. To ensure interoperability, ' [pid: 6|app: 0|req: 925/1762] 10.0.0.238 () {34 vars in 749 bytes} [Sat Jun 6 00:45:55 2026] PUT /v2.0/floatingips/dd10913d-7366-49b3-a2a6-dea826252979 => generated 554 bytes in 516 msecs (HTTP/1.1 200) 4 headers in 157 bytes (1 switches on core 0)
2026-06-06 00:45:56.512 7 INFO neutron.db.ovn_revision_numbers_db [None req-1c53114a-1de9-41c9-8efc-3257a7b9d1eb 38b1ba34cc514c329bface504a7db0d6 8650fc1a31944c41afd3392cce13e780 - - default default] Successfully bumped revision number for resource db6b8484-a494-4a6b-aaeb-68356e46a5d3 (type: security_groups) to 1
2026-06-06 00:45:56.534 7 INFO neutron.db.ovn_revision_numbers_db [None req-1c53114a-1de9-41c9-8efc-3257a7b9d1eb 38b1ba34cc514c329bface504a7db0d6 8650fc1a31944c41afd3392cce13e780 - - default default] Successfully bumped revision number for resource 03aaf2c7-33bf-47b0-8681-5b4c5c9f5709 (type: security_group_rules) to 0
2026-06-06 00:45:56.549 7 INFO neutron.db.ovn_revision_numbers_db [None req-1c53114a-1de9-41c9-8efc-3257a7b9d1eb 38b1ba34cc514c329bface504a7db0d6 8650fc1a31944c41afd3392cce13e780 - - default default] Successfully bumped revision number for resource 29629a73-4c47-49c7-8add-b83f1e772b47 (type: security_group_rules) to 0
2026-06-06 00:45:56.551 6 INFO neutron_taas.services.taas.taas_plugin [None req-7fa4c797-8c29-4b98-ba8e-3cc9a92e54de 49501455fd7f4e2f807633176b89a23d ecb7126fce4b4e6db2fe142a959c882c - - default default] TaaS: Handle Delete Port: 71e1d037-ffac-4fb5-a055-3f10b0afeda4
2026-06-06 00:45:56.554 6 INFO neutron_taas.services.taas.tap_mirror_plugin [None req-7fa4c797-8c29-4b98-ba8e-3cc9a92e54de 49501455fd7f4e2f807633176b89a23d ecb7126fce4b4e6db2fe142a959c882c - - default default] Tap Mirror: Handle Delete Port: 71e1d037-ffac-4fb5-a055-3f10b0afeda4
2026-06-06 00:45:56.560 7 INFO neutron.db.ovn_revision_numbers_db [None req-1c53114a-1de9-41c9-8efc-3257a7b9d1eb 38b1ba34cc514c329bface504a7db0d6 8650fc1a31944c41afd3392cce13e780 - - default default] Successfully bumped revision number for resource c6325128-0358-40d0-80c0-7703001d6c85 (type: security_group_rules) to 0
2026-06-06 00:45:56.572 7 INFO neutron.db.ovn_revision_numbers_db [None req-1c53114a-1de9-41c9-8efc-3257a7b9d1eb 38b1ba34cc514c329bface504a7db0d6 8650fc1a31944c41afd3392cce13e780 - - default default] Successfully bumped revision number for resource f71602b7-761a-4618-8f8b-948eaac9d5ff (type: security_group_rules) to 0 [pid: 7|app: 0|req: 838/1763] 10.0.0.238 () {32 vars in 774 bytes} [Sat Jun 6 00:45:56 2026] GET /v2.0/security-groups?tenant_id=b300aa853b824b4a8123ac7d6e4a562d&name=default => generated 2925 bytes in 451 msecs (HTTP/1.1 200) 4 headers in 158 bytes (1 switches on core 0) [pid: 6|app: 0|req: 926/1764] 10.0.0.238 () {32 vars in 732 bytes} [Sat Jun 6 00:45:56 2026] DELETE /v2.0/floatingips/dd10913d-7366-49b3-a2a6-dea826252979 => generated 0 bytes in 332 msecs (HTTP/1.1 204) 2 headers in 112 bytes (1 switches on core 0) [pid: 7|app: 0|req: 839/1765] 10.0.0.238 () {32 vars in 740 bytes} [Sat Jun 6 00:45:56 2026] DELETE /v2.0/security-groups/db6b8484-a494-4a6b-aaeb-68356e46a5d3 => generated 0 bytes in 262 msecs (HTTP/1.1 204) 2 headers in 112 bytes (1 switches on core 0)
2026-06-06 00:45:57.017 6 WARNING neutron.scheduler.dhcp_agent_scheduler [None req-8109333c-c6ba-481a-9a26-aa113d1b9e0c 49501455fd7f4e2f807633176b89a23d ecb7126fce4b4e6db2fe142a959c882c - - default default] No more DHCP agents
2026-06-06 00:45:57.018 6 WARNING neutron.api.rpc.agentnotifiers.dhcp_rpc_agent_api [None req-8109333c-c6ba-481a-9a26-aa113d1b9e0c 49501455fd7f4e2f807633176b89a23d ecb7126fce4b4e6db2fe142a959c882c - - default default] Unable to schedule network fb76b751-e401-4ee1-9d83-372c8528f7fd: no agents available; will retry on subsequent port and subnet creation events. [pid: 7|app: 0|req: 840/1766] 10.0.0.238 () {32 vars in 774 bytes} [Sat Jun 6 00:45:56 2026] GET /v2.0/security-groups?tenant_id=7266bc0d0dd14bb49bd839be58a8cfc7&name=default => generated 2925 bytes in 133 msecs (HTTP/1.1 200) 4 headers in 158 bytes (1 switches on core 0) [pid: 7|app: 0|req: 841/1767] 10.0.0.238 () {32 vars in 740 bytes} [Sat Jun 6 00:45:57 2026] DELETE /v2.0/security-groups/2ad99ed8-51cb-4e65-93f8-a05231fd7696 => generated 0 bytes in 218 msecs (HTTP/1.1 204) 2 headers in 112 bytes (1 switches on core 0)
2026-06-06 00:45:57.560 7 INFO neutron.db.ovn_revision_numbers_db [None req-06e1a006-c5a4-4aa8-a579-38ef61700c63 38b1ba34cc514c329bface504a7db0d6 8650fc1a31944c41afd3392cce13e780 - - default default] Successfully bumped revision number for resource e46c114b-ba8e-49ba-87df-5a13a564e44e (type: security_groups) to 1
2026-06-06 00:45:57.576 7 INFO neutron.db.ovn_revision_numbers_db [None req-06e1a006-c5a4-4aa8-a579-38ef61700c63 38b1ba34cc514c329bface504a7db0d6 8650fc1a31944c41afd3392cce13e780 - - default default] Successfully bumped revision number for resource 011c071e-98cb-41bb-8bcc-57533a15438d (type: security_group_rules) to 0
2026-06-06 00:45:57.588 7 INFO neutron.db.ovn_revision_numbers_db [None req-06e1a006-c5a4-4aa8-a579-38ef61700c63 38b1ba34cc514c329bface504a7db0d6 8650fc1a31944c41afd3392cce13e780 - - default default] Successfully bumped revision number for resource 686f81ea-b387-43ea-911c-9186034aca55 (type: security_group_rules) to 0
2026-06-06 00:45:57.600 7 INFO neutron.db.ovn_revision_numbers_db [None req-06e1a006-c5a4-4aa8-a579-38ef61700c63 38b1ba34cc514c329bface504a7db0d6 8650fc1a31944c41afd3392cce13e780 - - default default] Successfully bumped revision number for resource 709e496b-2b2c-4765-a3db-3ad82df59a21 (type: security_group_rules) to 0
2026-06-06 00:45:57.612 7 INFO neutron.db.ovn_revision_numbers_db [None req-06e1a006-c5a4-4aa8-a579-38ef61700c63 38b1ba34cc514c329bface504a7db0d6 8650fc1a31944c41afd3392cce13e780 - - default default] Successfully bumped revision number for resource acacb21a-648a-4f24-97fe-3c689bae7378 (type: security_group_rules) to 0 [pid: 7|app: 0|req: 842/1768] 10.0.0.238 () {32 vars in 774 bytes} [Sat Jun 6 00:45:57 2026] GET /v2.0/security-groups?tenant_id=954d09301d83413591524d6088aa5298&name=default => generated 2925 bytes in 263 msecs (HTTP/1.1 200) 4 headers in 158 bytes (1 switches on core 0)
2026-06-06 00:45:57.929 6 INFO neutron.db.ovn_revision_numbers_db [None req-8109333c-c6ba-481a-9a26-aa113d1b9e0c 49501455fd7f4e2f807633176b89a23d ecb7126fce4b4e6db2fe142a959c882c - - default default] Successfully bumped revision number for resource c5080505-50fc-48d5-808a-f31078305d8a (type: floatingips) to 1
2026-06-06 00:45:57.930 6 INFO neutron.db.l3_db [None req-8109333c-c6ba-481a-9a26-aa113d1b9e0c 49501455fd7f4e2f807633176b89a23d ecb7126fce4b4e6db2fe142a959c882c - - default default] Floating IP c5080505-50fc-48d5-808a-f31078305d8a associated. External IP: 10.96.250.220, port: 17f73e0d-88e6-4ba9-9aee-5317928c66f4. [pid: 7|app: 0|req: 843/1769] 10.0.0.238 () {32 vars in 740 bytes} [Sat Jun 6 00:45:57 2026] DELETE /v2.0/security-groups/e46c114b-ba8e-49ba-87df-5a13a564e44e => generated 0 bytes in 311 msecs (HTTP/1.1 204) 2 headers in 112 bytes (1 switches on core 0) [pid: 6|app: 0|req: 927/1770] 10.0.0.238 () {34 vars in 677 bytes} [Sat Jun 6 00:45:56 2026] POST /v2.0/floatingips => generated 842 bytes in 1243 msecs (HTTP/1.1 201) 4 headers in 162 bytes (1 switches on core 0) [pid: 7|app: 0|req: 844/1771] 10.0.0.238 () {32 vars in 729 bytes} [Sat Jun 6 00:45:57 2026] GET /v2.0/floatingips/c5080505-50fc-48d5-808a-f31078305d8a => generated 844 bytes in 53 msecs (HTTP/1.1 200) 4 headers in 157 bytes (1 switches on core 0) [pid: 6|app: 0|req: 928/1772] 10.0.0.238 () {32 vars in 655 bytes} [Sat Jun 6 00:45:58 2026] GET /v2.0/floatingips => generated 847 bytes in 73 msecs (HTTP/1.1 200) 4 headers in 157 bytes (1 switches on core 0)
2026-06-06 00:45:58.708 7 INFO neutron.db.ovn_revision_numbers_db [None req-5d5adbb9-0aa9-4061-a136-fd4e39dc6363 49501455fd7f4e2f807633176b89a23d ecb7126fce4b4e6db2fe142a959c882c - - default default] Successfully bumped revision number for resource c5080505-50fc-48d5-808a-f31078305d8a (type: floatingips) to 2
2026-06-06 00:45:58.841 7 INFO neutron.db.l3_db [None req-5d5adbb9-0aa9-4061-a136-fd4e39dc6363 49501455fd7f4e2f807633176b89a23d ecb7126fce4b4e6db2fe142a959c882c - - default default] Floating IP c5080505-50fc-48d5-808a-f31078305d8a associated. External IP: 10.96.250.220, port: 17f73e0d-88e6-4ba9-9aee-5317928c66f4. [pid: 7|app: 0|req: 845/1773] 10.0.0.238 () {34 vars in 749 bytes} [Sat Jun 6 00:45:58 2026] PUT /v2.0/floatingips/c5080505-50fc-48d5-808a-f31078305d8a => generated 844 bytes in 780 msecs (HTTP/1.1 200) 4 headers in 157 bytes (1 switches on core 0) /var/lib/openstack/lib/python3.12/site-packages/pycadf/identifier.py:70: UserWarning: Invalid uuid: neutron. To ensure interoperability, identifiers should be a valid uuid. warnings.warn(('Invalid uuid: %s. To ensure interoperability, '
2026-06-06 00:45:59.094 7 INFO neutron.db.ovn_revision_numbers_db [None req-e73d1591-6713-4ba4-82b6-8be2a69e0780 49501455fd7f4e2f807633176b89a23d ecb7126fce4b4e6db2fe142a959c882c - - default default] Successfully bumped revision number for resource c5080505-50fc-48d5-808a-f31078305d8a (type: floatingips) to 3
2026-06-06 00:45:59.142 7 INFO neutron.db.l3_db [None req-e73d1591-6713-4ba4-82b6-8be2a69e0780 49501455fd7f4e2f807633176b89a23d ecb7126fce4b4e6db2fe142a959c882c - - default default] Floating IP c5080505-50fc-48d5-808a-f31078305d8a disassociated. External IP: 10.96.250.220, port: ca9ab47c-d6af-417d-995d-fdcfcb9b2e9f. [pid: 7|app: 0|req: 846/1774] 10.0.0.238 () {34 vars in 749 bytes} [Sat Jun 6 00:45:58 2026] PUT /v2.0/floatingips/c5080505-50fc-48d5-808a-f31078305d8a => generated 554 bytes in 270 msecs (HTTP/1.1 200) 4 headers in 157 bytes (1 switches on core 0) /var/lib/openstack/lib/python3.12/site-packages/pycadf/identifier.py:70: UserWarning: Invalid uuid: neutron. To ensure interoperability, identifiers should be a valid uuid. warnings.warn(('Invalid uuid: %s. To ensure interoperability, '
2026-06-06 00:45:59.252 6 INFO neutron.db.ovn_revision_numbers_db [None req-6b6de245-857b-4b57-94d6-3d15e1838f91 fdc46e7efc98433698f180bd55a3fa3d 114c585116cf4c4ab6995a695ed11e18 - - default default] Successfully bumped revision number for resource 750e79a5-cb99-4a02-96ee-56e371910a82 (type: security_groups) to 1
2026-06-06 00:45:59.263 6 INFO neutron.db.ovn_revision_numbers_db [None req-6b6de245-857b-4b57-94d6-3d15e1838f91 fdc46e7efc98433698f180bd55a3fa3d 114c585116cf4c4ab6995a695ed11e18 - - default default] Successfully bumped revision number for resource 2783f0fe-a008-4c35-9428-9e0f41f1ada5 (type: security_group_rules) to 0
2026-06-06 00:45:59.278 6 INFO neutron.db.ovn_revision_numbers_db [None req-6b6de245-857b-4b57-94d6-3d15e1838f91 fdc46e7efc98433698f180bd55a3fa3d 114c585116cf4c4ab6995a695ed11e18 - - default default] Successfully bumped revision number for resource 93e47b72-21b7-48dd-9b00-021ef1fcde6c (type: security_group_rules) to 0
2026-06-06 00:45:59.293 6 INFO neutron.db.ovn_revision_numbers_db [None req-6b6de245-857b-4b57-94d6-3d15e1838f91 fdc46e7efc98433698f180bd55a3fa3d 114c585116cf4c4ab6995a695ed11e18 - - default default] Successfully bumped revision number for resource d417d124-eaf1-471b-afb2-8df4ae835199 (type: security_group_rules) to 0
2026-06-06 00:45:59.305 6 INFO neutron.db.ovn_revision_numbers_db [None req-6b6de245-857b-4b57-94d6-3d15e1838f91 fdc46e7efc98433698f180bd55a3fa3d 114c585116cf4c4ab6995a695ed11e18 - - default default] Successfully bumped revision number for resource f0ece4df-1a52-469f-b318-407348b3c484 (type: security_group_rules) to 0
2026-06-06 00:45:59.359 7 INFO neutron.db.ovn_revision_numbers_db [None req-04b75630-0cc5-4bcd-a878-b5ca073a8413 38b1ba34cc514c329bface504a7db0d6 8650fc1a31944c41afd3392cce13e780 - - default default] Successfully bumped revision number for resource 18982a95-6518-48a8-89b9-03d5ea113ad9 (type: security_groups) to 1
2026-06-06 00:45:59.370 7 INFO neutron.db.ovn_revision_numbers_db [None req-04b75630-0cc5-4bcd-a878-b5ca073a8413 38b1ba34cc514c329bface504a7db0d6 8650fc1a31944c41afd3392cce13e780 - - default default] Successfully bumped revision number for resource 16d6226f-35c4-4320-9d4e-61212ba95df0 (type: security_group_rules) to 0
2026-06-06 00:45:59.381 7 INFO neutron.db.ovn_revision_numbers_db [None req-04b75630-0cc5-4bcd-a878-b5ca073a8413 38b1ba34cc514c329bface504a7db0d6 8650fc1a31944c41afd3392cce13e780 - - default default] Successfully bumped revision number for resource 2615796d-3c51-46c8-b60d-76f4fd342846 (type: security_group_rules) to 0
2026-06-06 00:45:59.394 7 INFO neutron.db.ovn_revision_numbers_db [None req-04b75630-0cc5-4bcd-a878-b5ca073a8413 38b1ba34cc514c329bface504a7db0d6 8650fc1a31944c41afd3392cce13e780 - - default default] Successfully bumped revision number for resource 2b461a88-afdb-4669-a2ba-abb7f04d36ed (type: security_group_rules) to 0
2026-06-06 00:45:59.405 7 INFO neutron.db.ovn_revision_numbers_db [None req-04b75630-0cc5-4bcd-a878-b5ca073a8413 38b1ba34cc514c329bface504a7db0d6 8650fc1a31944c41afd3392cce13e780 - - default default] Successfully bumped revision number for resource 81edd270-3950-449f-a457-aff8f64c1c02 (type: security_group_rules) to 0
2026-06-06 00:45:59.417 6 INFO neutron.db.segments_db [None req-6b6de245-857b-4b57-94d6-3d15e1838f91 fdc46e7efc98433698f180bd55a3fa3d 114c585116cf4c4ab6995a695ed11e18 - - default default] Added segment 8254a4cd-80bf-4709-b52a-eb46ddb90729 of type geneve for network 68ae26f8-ab93-453b-a2bf-96ceefdb74d0 [pid: 7|app: 0|req: 847/1775] 10.0.0.238 () {32 vars in 774 bytes} [Sat Jun 6 00:45:59 2026] GET /v2.0/security-groups?tenant_id=0bfdc332680047c38bcc37a1aea5e879&name=default => generated 2925 bytes in 266 msecs (HTTP/1.1 200) 4 headers in 158 bytes (1 switches on core 0)
2026-06-06 00:45:59.513 6 INFO neutron.db.segments_db [None req-6b6de245-857b-4b57-94d6-3d15e1838f91 fdc46e7efc98433698f180bd55a3fa3d 114c585116cf4c4ab6995a695ed11e18 - - default default] Added segment 91588365-9618-4c4c-ab10-4859e81844a8 of type geneve for network 31af09f2-5a1b-4d25-a77e-da6822f2796f
2026-06-06 00:45:59.574 7 INFO neutron_taas.services.taas.taas_plugin [None req-205f5451-243e-48ae-ad5e-ed280728c430 49501455fd7f4e2f807633176b89a23d ecb7126fce4b4e6db2fe142a959c882c - - default default] TaaS: Handle Delete Port: 96a5170d-021c-4c05-8c37-592a5f190ced
2026-06-06 00:45:59.577 7 INFO neutron_taas.services.taas.tap_mirror_plugin [None req-205f5451-243e-48ae-ad5e-ed280728c430 49501455fd7f4e2f807633176b89a23d ecb7126fce4b4e6db2fe142a959c882c - - default default] Tap Mirror: Handle Delete Port: 96a5170d-021c-4c05-8c37-592a5f190ced
2026-06-06 00:45:59.619 6 INFO neutron.db.ovn_revision_numbers_db [None req-6b6de245-857b-4b57-94d6-3d15e1838f91 fdc46e7efc98433698f180bd55a3fa3d 114c585116cf4c4ab6995a695ed11e18 - - default default] Successfully bumped revision number for resource 68ae26f8-ab93-453b-a2bf-96ceefdb74d0 (type: networks) to 1 [pid: 7|app: 0|req: 848/1776] 10.0.0.238 () {32 vars in 732 bytes} [Sat Jun 6 00:45:59 2026] DELETE /v2.0/floatingips/c5080505-50fc-48d5-808a-f31078305d8a => generated 0 bytes in 315 msecs (HTTP/1.1 204) 2 headers in 112 bytes (1 switches on core 0)
2026-06-06 00:45:59.800 6 WARNING neutron.scheduler.dhcp_agent_scheduler [None req-6b6de245-857b-4b57-94d6-3d15e1838f91 fdc46e7efc98433698f180bd55a3fa3d 114c585116cf4c4ab6995a695ed11e18 - - default default] No more DHCP agents
2026-06-06 00:45:59.802 6 WARNING neutron.api.rpc.agentnotifiers.dhcp_rpc_agent_api [None req-6b6de245-857b-4b57-94d6-3d15e1838f91 fdc46e7efc98433698f180bd55a3fa3d 114c585116cf4c4ab6995a695ed11e18 - - default default] Unable to schedule network 68ae26f8-ab93-453b-a2bf-96ceefdb74d0: no agents available; will retry on subsequent port and subnet creation events.
2026-06-06 00:45:59.900 7 INFO neutron.plugins.ml2.drivers.ovn.mech_driver.mech_driver [None req-3b677372-7c13-419d-a046-b0d61accc428 - - - - - -] OVN reports status down for port: 9ca5eb32-fcf2-4a65-ae7a-c84dabbcdbe3
2026-06-06 00:45:59.908 6 INFO neutron.db.ovn_revision_numbers_db [None req-6b6de245-857b-4b57-94d6-3d15e1838f91 fdc46e7efc98433698f180bd55a3fa3d 114c585116cf4c4ab6995a695ed11e18 - - default default] Successfully bumped revision number for resource 9ca5eb32-fcf2-4a65-ae7a-c84dabbcdbe3 (type: ports) to 1
2026-06-06 00:46:00.004 6 INFO neutron.db.ovn_revision_numbers_db [None req-6b6de245-857b-4b57-94d6-3d15e1838f91 fdc46e7efc98433698f180bd55a3fa3d 114c585116cf4c4ab6995a695ed11e18 - - default default] Successfully bumped revision number for resource 31af09f2-5a1b-4d25-a77e-da6822f2796f (type: networks) to 1 [pid: 7|app: 0|req: 851/1779] 10.0.0.238 () {32 vars in 740 bytes} [Sat Jun 6 00:45:59 2026] DELETE /v2.0/security-groups/18982a95-6518-48a8-89b9-03d5ea113ad9 => generated 0 bytes in 351 msecs (HTTP/1.1 204) 2 headers in 112 bytes (1 switches on core 0)
2026-06-06 00:46:00.129 7 INFO neutron.api.v2.resource [None req-3903db6a-7d00-432f-ab0c-5d195efe3442 49501455fd7f4e2f807633176b89a23d ecb7126fce4b4e6db2fe142a959c882c - - default default] delete failed (client error): The resource could not be found. [pid: 7|app: 0|req: 852/1780] 10.0.0.238 () {32 vars in 732 bytes} [Sat Jun 6 00:46:00 2026] DELETE /v2.0/floatingips/c5080505-50fc-48d5-808a-f31078305d8a => generated 144 bytes in 20 msecs (HTTP/1.1 404) 4 headers in 164 bytes (1 switches on core 0)
2026-06-06 00:46:00.213 6 WARNING neutron.scheduler.dhcp_agent_scheduler [None req-6b6de245-857b-4b57-94d6-3d15e1838f91 fdc46e7efc98433698f180bd55a3fa3d 114c585116cf4c4ab6995a695ed11e18 - - default default] No more DHCP agents
2026-06-06 00:46:00.216 6 WARNING neutron.api.rpc.agentnotifiers.dhcp_rpc_agent_api [None req-6b6de245-857b-4b57-94d6-3d15e1838f91 fdc46e7efc98433698f180bd55a3fa3d 114c585116cf4c4ab6995a695ed11e18 - - default default] Unable to schedule network 31af09f2-5a1b-4d25-a77e-da6822f2796f: no agents available; will retry on subsequent port and subnet creation events.
2026-06-06 00:46:00.314 6 INFO neutron.db.ovn_revision_numbers_db [None req-6b6de245-857b-4b57-94d6-3d15e1838f91 fdc46e7efc98433698f180bd55a3fa3d 114c585116cf4c4ab6995a695ed11e18 - - default default] Successfully bumped revision number for resource e6408f8d-0161-41c2-8b44-5722c3cc19bd (type: ports) to 1 [pid: 6|app: 0|req: 929/1781] 10.0.0.238 () {34 vars in 670 bytes} [Sat Jun 6 00:45:58 2026] POST /v2.0/networks => generated 1281 bytes in 1480 msecs (HTTP/1.1 201) 4 headers in 163 bytes (1 switches on core 0)
2026-06-06 00:46:00.360 7 INFO neutron_taas.services.taas.taas_plugin [None req-bc8a2061-f94f-41c8-a771-17fad2c915e4 49501455fd7f4e2f807633176b89a23d ecb7126fce4b4e6db2fe142a959c882c - - default default] TaaS: Handle Delete Port: ca9ab47c-d6af-417d-995d-fdcfcb9b2e9f
2026-06-06 00:46:00.363 7 INFO neutron_taas.services.taas.tap_mirror_plugin [None req-bc8a2061-f94f-41c8-a771-17fad2c915e4 49501455fd7f4e2f807633176b89a23d ecb7126fce4b4e6db2fe142a959c882c - - default default] Tap Mirror: Handle Delete Port: ca9ab47c-d6af-417d-995d-fdcfcb9b2e9f [pid: 6|app: 0|req: 930/1782] 10.0.0.238 () {32 vars in 649 bytes} [Sat Jun 6 00:46:00 2026] GET /v2.0/networks => generated 1968 bytes in 54 msecs (HTTP/1.1 200) 4 headers in 158 bytes (1 switches on core 0)
2026-06-06 00:46:00.559 6 INFO neutron_taas.services.taas.taas_plugin [None req-dbc81219-00c5-46b5-984e-893b5561b528 fdc46e7efc98433698f180bd55a3fa3d 114c585116cf4c4ab6995a695ed11e18 - - default default] TaaS: Handle Delete Port: 9ca5eb32-fcf2-4a65-ae7a-c84dabbcdbe3
2026-06-06 00:46:00.562 6 INFO neutron_taas.services.taas.tap_mirror_plugin [None req-dbc81219-00c5-46b5-984e-893b5561b528 fdc46e7efc98433698f180bd55a3fa3d 114c585116cf4c4ab6995a695ed11e18 - - default default] Tap Mirror: Handle Delete Port: 9ca5eb32-fcf2-4a65-ae7a-c84dabbcdbe3 [pid: 7|app: 0|req: 853/1783] 10.0.0.238 () {32 vars in 720 bytes} [Sat Jun 6 00:46:00 2026] DELETE /v2.0/ports/ca9ab47c-d6af-417d-995d-fdcfcb9b2e9f => generated 0 bytes in 426 msecs (HTTP/1.1 204) 3 headers in 131 bytes (1 switches on core 0)
2026-06-06 00:46:00.748 7 INFO neutron_taas.services.taas.taas_plugin [None req-91e774dc-387c-4dbb-8b2a-ed71d5ca12b4 49501455fd7f4e2f807633176b89a23d ecb7126fce4b4e6db2fe142a959c882c - - default default] TaaS: Handle Delete Port: 17f73e0d-88e6-4ba9-9aee-5317928c66f4
2026-06-06 00:46:00.752 7 INFO neutron_taas.services.taas.tap_mirror_plugin [None req-91e774dc-387c-4dbb-8b2a-ed71d5ca12b4 49501455fd7f4e2f807633176b89a23d ecb7126fce4b4e6db2fe142a959c882c - - default default] Tap Mirror: Handle Delete Port: 17f73e0d-88e6-4ba9-9aee-5317928c66f4
2026-06-06 00:46:00.777 6 INFO neutron.services.segments.plugin [-] Segment 8254a4cd-80bf-4709-b52a-eb46ddb90729 resource provider aggregate not found
2026-06-06 00:46:00.784 6 INFO neutron.services.segments.plugin [-] Segment 8254a4cd-80bf-4709-b52a-eb46ddb90729 resource provider aggregate not found
2026-06-06 00:46:00.806 6 INFO neutron.services.segments.plugin [-] Segment 8254a4cd-80bf-4709-b52a-eb46ddb90729 resource provider not found; error: Placement Client Error (4xx): {"errors": [{"status": 404, "title": "Not Found", "detail": "The resource could not be found.\n\n No resource provider with uuid 8254a4cd-80bf-4709-b52a-eb46ddb90729 found for delete ", "request_id": "req-3543e5f5-915b-4327-bbfe-07d9d7ade76a"}]}
2026-06-06 00:46:00.807 6 INFO neutron.services.segments.plugin [-] Segment 8254a4cd-80bf-4709-b52a-eb46ddb90729 resource provider not found; error: Placement Client Error (4xx): {"errors": [{"status": 404, "title": "Not Found", "detail": "The resource could not be found.\n\n No resource provider with uuid 8254a4cd-80bf-4709-b52a-eb46ddb90729 found for delete ", "request_id": "req-3dd7a16b-0690-4cb4-9181-e9fc0ae822e1"}]} [pid: 6|app: 0|req: 931/1784] 10.0.0.238 () {32 vars in 726 bytes} [Sat Jun 6 00:46:00 2026] DELETE /v2.0/networks/68ae26f8-ab93-453b-a2bf-96ceefdb74d0 => generated 0 bytes in 428 msecs (HTTP/1.1 204) 3 headers in 131 bytes (1 switches on core 0) [pid: 7|app: 0|req: 854/1785] 10.0.0.238 () {32 vars in 720 bytes} [Sat Jun 6 00:46:00 2026] DELETE /v2.0/ports/17f73e0d-88e6-4ba9-9aee-5317928c66f4 => generated 0 bytes in 374 msecs (HTTP/1.1 204) 3 headers in 131 bytes (1 switches on core 0)
2026-06-06 00:46:00.972 6 INFO neutron_taas.services.taas.taas_plugin [None req-a2807c66-31a4-4ea5-9181-7822a51222f7 fdc46e7efc98433698f180bd55a3fa3d 114c585116cf4c4ab6995a695ed11e18 - - default default] TaaS: Handle Delete Port: e6408f8d-0161-41c2-8b44-5722c3cc19bd
2026-06-06 00:46:00.976 6 INFO neutron_taas.services.taas.tap_mirror_plugin [None req-a2807c66-31a4-4ea5-9181-7822a51222f7 fdc46e7efc98433698f180bd55a3fa3d 114c585116cf4c4ab6995a695ed11e18 - - default default] Tap Mirror: Handle Delete Port: e6408f8d-0161-41c2-8b44-5722c3cc19bd [pid: 7|app: 0|req: 855/1786] 10.0.0.238 () {32 vars in 736 bytes} [Sat Jun 6 00:46:00 2026] GET /v2.0/ports?device_id=f810fea9-d381-4990-abc2-59069c9f9a0a => generated 946 bytes in 40 msecs (HTTP/1.1 200) 4 headers in 157 bytes (1 switches on core 0) [pid: 6|app: 0|req: 932/1787] 10.0.0.238 () {32 vars in 726 bytes} [Sat Jun 6 00:46:00 2026] DELETE /v2.0/networks/31af09f2-5a1b-4d25-a77e-da6822f2796f => generated 0 bytes in 365 msecs (HTTP/1.1 204) 3 headers in 131 bytes (1 switches on core 0) [pid: 6|app: 0|req: 933/1788] 10.0.0.238 () {32 vars in 649 bytes} [Sat Jun 6 00:46:01 2026] GET /v2.0/networks => generated 689 bytes in 40 msecs (HTTP/1.1 200) 4 headers in 157 bytes (1 switches on core 0)
2026-06-06 00:46:01.327 6 INFO neutron.db.segments_db [None req-18006392-ae4c-4e50-ac34-da36f6d461ba fdc46e7efc98433698f180bd55a3fa3d 114c585116cf4c4ab6995a695ed11e18 - - default default] Added segment 220a40d2-8207-4389-acdd-7c50d50f1869 of type geneve for network 0792f925-0d0f-45ca-8031-0b9f561d84cf
2026-06-06 00:46:01.381 7 INFO neutron_taas.services.taas.taas_plugin [None req-e5f2685b-1918-4292-8b1b-b7ff44104859 49501455fd7f4e2f807633176b89a23d ecb7126fce4b4e6db2fe142a959c882c - - default default] TaaS: Handle Delete Port: b8bf7927-dadd-4f8b-b4dc-f76b65fb9165
2026-06-06 00:46:01.384 7 INFO neutron_taas.services.taas.tap_mirror_plugin [None req-e5f2685b-1918-4292-8b1b-b7ff44104859 49501455fd7f4e2f807633176b89a23d ecb7126fce4b4e6db2fe142a959c882c - - default default] Tap Mirror: Handle Delete Port: b8bf7927-dadd-4f8b-b4dc-f76b65fb9165
2026-06-06 00:46:01.462 6 WARNING neutron.plugins.ml2.drivers.ovn.mech_driver.ovsdb.ovn_client [None req-b38364b5-628f-4950-8a0f-ae2bd3ad49ff - - - - - -] No hosting information found for port b8bf7927-dadd-4f8b-b4dc-f76b65fb9165: RuntimeError: No hosting information found for port b8bf7927-dadd-4f8b-b4dc-f76b65fb9165
2026-06-06 00:46:01.462 6 INFO neutron.plugins.ml2.drivers.ovn.mech_driver.mech_driver [None req-b38364b5-628f-4950-8a0f-ae2bd3ad49ff - - - - - -] OVN reports status down for port: b03b72e1-866d-40a7-86d1-62d25ca1c883
2026-06-06 00:46:01.464 6 INFO neutron.db.ovn_revision_numbers_db [None req-18006392-ae4c-4e50-ac34-da36f6d461ba fdc46e7efc98433698f180bd55a3fa3d 114c585116cf4c4ab6995a695ed11e18 - - default default] Successfully bumped revision number for resource 0792f925-0d0f-45ca-8031-0b9f561d84cf (type: networks) to 1
2026-06-06 00:46:01.618 6 ERROR ovsdbapp.event [None req-b38364b5-628f-4950-8a0f-ae2bd3ad49ff - - - - - -] Unexpected exception in notify_loop: neutron.db.ovn_revision_numbers_db.StandardAttributeIDNotFound: Standard attribute ID not found for b8bf7927-dadd-4f8b-b4dc-f76b65fb9165
2026-06-06 00:46:01.618 6 ERROR ovsdbapp.event
Traceback (most recent call last):
2026-06-06 00:46:01.618 6 ERROR ovsdbapp.event
File "/var/lib/openstack/lib/python3.12/site-packages/neutron/db/ovn_revision_numbers_db.py", line 88, in _get_standard_attr_id
2026-06-06 00:46:01.618 6 ERROR ovsdbapp.event id=resource_uuid).one()
2026-06-06 00:46:01.618 6 ERROR ovsdbapp.event ^^^^^
2026-06-06 00:46:01.618 6 ERROR ovsdbapp.event
File "/var/lib/openstack/lib/python3.12/site-packages/sqlalchemy/orm/query.py", line 2808, in one
2026-06-06 00:46:01.618 6 ERROR ovsdbapp.event return self._iter().one() # type: ignore
2026-06-06 00:46:01.618 6 ERROR ovsdbapp.event ^^^^^^^^^^^^^^^^^^
2026-06-06 00:46:01.618 6 ERROR ovsdbapp.event
File "/var/lib/openstack/lib/python3.12/site-packages/sqlalchemy/engine/result.py", line 1815, in one
2026-06-06 00:46:01.618 6 ERROR ovsdbapp.event return self._only_one_row(
2026-06-06 00:46:01.618 6 ERROR ovsdbapp.event ^^^^^^^^^^^^^^^^^^^
2026-06-06 00:46:01.618 6 ERROR ovsdbapp.event
File "/var/lib/openstack/lib/python3.12/site-packages/sqlalchemy/engine/result.py", line 760, in _only_one_row
2026-06-06 00:46:01.618 6 ERROR ovsdbapp.event raise exc.NoResultFound(
2026-06-06 00:46:01.618 6 ERROR ovsdbapp.event sqlalchemy.exc.NoResultFound: No row was found when one was required
2026-06-06 00:46:01.618 6 ERROR ovsdbapp.event
2026-06-06 00:46:01.618 6 ERROR ovsdbapp.event During handling of the above exception, another exception occurred:
2026-06-06 00:46:01.618 6 ERROR ovsdbapp.event
2026-06-06 00:46:01.618 6 ERROR ovsdbapp.event
Traceback (most recent call last):
2026-06-06 00:46:01.618 6 ERROR ovsdbapp.event
File "/var/lib/openstack/lib/python3.12/site-packages/ovsdbapp/event.py", line 177, in notify_loop
2026-06-06 00:46:01.618 6 ERROR ovsdbapp.event match.run(event, row, updates)
2026-06-06 00:46:01.618 6 ERROR ovsdbapp.event
File "/var/lib/openstack/lib/python3.12/site-packages/neutron/plugins/ml2/drivers/ovn/mech_driver/ovsdb/ovsdb_monitor.py", line 616, in run
2026-06-06 00:46:01.618 6 ERROR ovsdbapp.event self.l3_plugin._ovn_client.update_router_port(
2026-06-06 00:46:01.618 6 ERROR ovsdbapp.event
File "/var/lib/openstack/lib/python3.12/site-packages/neutron/plugins/ml2/drivers/ovn/mech_driver/ovsdb/ovn_client.py", line 1928, in update_router_port
2026-06-06 00:46:01.618 6 ERROR ovsdbapp.event db_rev.bump_revision(
2026-06-06 00:46:01.618 6 ERROR ovsdbapp.event
File "/var/lib/openstack/lib/python3.12/site-packages/neutron_lib/db/api.py", line 223, in wrapped
2026-06-06 00:46:01.618 6 ERROR ovsdbapp.event return f_with_retry(*args, **kwargs,
2026-06-06 00:46:01.618 6 ERROR ovsdbapp.event ^^^^^^^^^^^^^^^^^^^^^^^^^^^^^
2026-06-06 00:46:01.618 6 ERROR ovsdbapp.event
File "/var/lib/openstack/lib/python3.12/site-packages/neutron_lib/db/api.py", line 137, in wrapped
2026-06-06 00:46:01.618 6 ERROR ovsdbapp.event with excutils.save_and_reraise_exception():
2026-06-06 00:46:01.618 6 ERROR ovsdbapp.event
File "/var/lib/openstack/lib/python3.12/site-packages/oslo_utils/excutils.py", line 227, in __exit__
2026-06-06 00:46:01.618 6 ERROR ovsdbapp.event self.force_reraise()
2026-06-06 00:46:01.618 6 ERROR ovsdbapp.event
File "/var/lib/openstack/lib/python3.12/site-packages/oslo_utils/excutils.py", line 200, in force_reraise
2026-06-06 00:46:01.618 6 ERROR ovsdbapp.event raise self.value
2026-06-06 00:46:01.618 6 ERROR ovsdbapp.event
File "/var/lib/openstack/lib/python3.12/site-packages/neutron_lib/db/api.py", line 135, in wrapped
2026-06-06 00:46:01.618 6 ERROR ovsdbapp.event return f(*args, **kwargs)
2026-06-06 00:46:01.618 6 ERROR ovsdbapp.event ^^^^^^^^^^^^^^^^^^
2026-06-06 00:46:01.618 6 ERROR ovsdbapp.event
File "/var/lib/openstack/lib/python3.12/site-packages/oslo_db/api.py", line 144, in wrapper
2026-06-06 00:46:01.618 6 ERROR ovsdbapp.event with excutils.save_and_reraise_exception() as ectxt:
2026-06-06 00:46:01.618 6 ERROR ovsdbapp.event
File "/var/lib/openstack/lib/python3.12/site-packages/oslo_utils/excutils.py", line 227, in __exit__
2026-06-06 00:46:01.618 6 ERROR ovsdbapp.event self.force_reraise()
2026-06-06 00:46:01.618 6 ERROR ovsdbapp.event
File "/var/lib/openstack/lib/python3.12/site-packages/oslo_utils/excutils.py", line 200, in force_reraise
2026-06-06 00:46:01.618 6 ERROR ovsdbapp.event raise self.value
2026-06-06 00:46:01.618 6 ERROR ovsdbapp.event
File "/var/lib/openstack/lib/python3.12/site-packages/oslo_db/api.py", line 142, in wrapper
2026-06-06 00:46:01.618 6 ERROR ovsdbapp.event return f(*args, **kwargs)
2026-06-06 00:46:01.618 6 ERROR ovsdbapp.event ^^^^^^^^^^^^^^^^^^
2026-06-06 00:46:01.618 6 ERROR ovsdbapp.event
File "/var/lib/openstack/lib/python3.12/site-packages/neutron_lib/db/api.py", line 183, in wrapped
2026-06-06 00:46:01.618 6 ERROR ovsdbapp.event with excutils.save_and_reraise_exception():
2026-06-06 00:46:01.618 6 ERROR ovsdbapp.event
File "/var/lib/openstack/lib/python3.12/site-packages/oslo_utils/excutils.py", line 227, in __exit__
2026-06-06 00:46:01.618 6 ERROR ovsdbapp.event self.force_reraise()
2026-06-06 00:46:01.618 6 ERROR ovsdbapp.event
File "/var/lib/openstack/lib/python3.12/site-packages/oslo_utils/excutils.py", line 200, in force_reraise
2026-06-06 00:46:01.618 6 ERROR ovsdbapp.event raise self.value
2026-06-06 00:46:01.618 6 ERROR ovsdbapp.event
File "/var/lib/openstack/lib/python3.12/site-packages/neutron_lib/db/api.py", line 181, in wrapped
2026-06-06 00:46:01.618 6 ERROR ovsdbapp.event return f(*dup_args, **dup_kwargs)
2026-06-06 00:46:01.618 6 ERROR ovsdbapp.event ^^^^^^^^^^^^^^^^^^^^^^^^^^
2026-06-06 00:46:01.618 6 ERROR ovsdbapp.event
File "/var/lib/openstack/lib/python3.12/site-packages/neutron/db/ovn_revision_numbers_db.py", line 186, in bump_revision
2026-06-06 00:46:01.618 6 ERROR ovsdbapp.event std_attr_id = _get_standard_attr_id(context, resource['id'],
2026-06-06 00:46:01.618 6 ERROR ovsdbapp.event ^^^^^^^^^^^^^^^^^^^^^^^^^^^^^^^^^^^^^^^^^^^^^^
2026-06-06 00:46:01.618 6 ERROR ovsdbapp.event
File "/var/lib/openstack/lib/python3.12/site-packages/neutron/db/ovn_revision_numbers_db.py", line 91, in _get_standard_attr_id
2026-06-06 00:46:01.618 6 ERROR ovsdbapp.event raise StandardAttributeIDNotFound(resource_uuid=resource_uuid)
2026-06-06 00:46:01.618 6 ERROR ovsdbapp.event neutron.db.ovn_revision_numbers_db.StandardAttributeIDNotFound: Standard attribute ID not found for b8bf7927-dadd-4f8b-b4dc-f76b65fb9165
2026-06-06 00:46:01.618 6 ERROR ovsdbapp.event
2026-06-06 00:46:01.747 6 INFO neutron.plugins.ml2.drivers.ovn.mech_driver.mech_driver [None req-b38364b5-628f-4950-8a0f-ae2bd3ad49ff - - - - - -] OVN reports status down for port: e6408f8d-0161-41c2-8b44-5722c3cc19bd
2026-06-06 00:46:01.793 6 WARNING neutron.scheduler.dhcp_agent_scheduler [None req-18006392-ae4c-4e50-ac34-da36f6d461ba fdc46e7efc98433698f180bd55a3fa3d 114c585116cf4c4ab6995a695ed11e18 - - default default] No more DHCP agents
2026-06-06 00:46:01.794 6 WARNING neutron.api.rpc.agentnotifiers.dhcp_rpc_agent_api [None req-18006392-ae4c-4e50-ac34-da36f6d461ba fdc46e7efc98433698f180bd55a3fa3d 114c585116cf4c4ab6995a695ed11e18 - - default default] Unable to schedule network 0792f925-0d0f-45ca-8031-0b9f561d84cf: no agents available; will retry on subsequent port and subnet creation events.
2026-06-06 00:46:01.870 6 INFO neutron.db.ovn_revision_numbers_db [None req-18006392-ae4c-4e50-ac34-da36f6d461ba fdc46e7efc98433698f180bd55a3fa3d 114c585116cf4c4ab6995a695ed11e18 - - default default] Successfully bumped revision number for resource 5bf652b6-5b28-471c-a5ca-3177aaaaed1a (type: ports) to 1
2026-06-06 00:46:01.873 7 INFO neutron.plugins.ml2.drivers.ovn.mech_driver.mech_driver [None req-3b677372-7c13-419d-a046-b0d61accc428 - - - - - -] OVN reports status down for port: 5bf652b6-5b28-471c-a5ca-3177aaaaed1a [pid: 6|app: 0|req: 934/1789] 10.0.0.238 () {34 vars in 670 bytes} [Sat Jun 6 00:46:01 2026] POST /v2.0/networks => generated 672 bytes in 660 msecs (HTTP/1.1 201) 4 headers in 162 bytes (1 switches on core 0) [pid: 7|app: 0|req: 856/1790] 10.0.0.238 () {34 vars in 789 bytes} [Sat Jun 6 00:46:00 2026] PUT /v2.0/routers/f810fea9-d381-4990-abc2-59069c9f9a0a/remove_router_interface => generated 309 bytes in 989 msecs (HTTP/1.1 200) 4 headers in 157 bytes (1 switches on core 0) /var/lib/openstack/lib/python3.12/site-packages/pycadf/identifier.py:70: UserWarning: Invalid uuid: neutron. To ensure interoperability, identifiers should be a valid uuid. warnings.warn(('Invalid uuid: %s. To ensure interoperability, ' /var/lib/openstack/lib/python3.12/site-packages/pycadf/identifier.py:70: UserWarning: Invalid uuid: neutron. To ensure interoperability, identifiers should be a valid uuid. warnings.warn(('Invalid uuid: %s. To ensure interoperability, '
2026-06-06 00:46:02.121 7 INFO neutron.db.segments_db [None req-856f76a0-7e0e-4bdf-ae89-6e5d0788c3bb fdc46e7efc98433698f180bd55a3fa3d 114c585116cf4c4ab6995a695ed11e18 - - default default] Added segment 1e3580a8-1d53-464c-b9ec-4b5072b4b96d of type geneve for network 838c9e8f-e3bb-4979-abb0-602e6bc49f60 [pid: 6|app: 0|req: 935/1791] 10.0.0.238 () {34 vars in 676 bytes} [Sat Jun 6 00:46:01 2026] POST /v2.0/subnetpools => generated 516 bytes in 257 msecs (HTTP/1.1 201) 4 headers in 162 bytes (1 switches on core 0)
2026-06-06 00:46:02.241 7 INFO neutron.db.ovn_revision_numbers_db [None req-856f76a0-7e0e-4bdf-ae89-6e5d0788c3bb fdc46e7efc98433698f180bd55a3fa3d 114c585116cf4c4ab6995a695ed11e18 - - default default] Successfully bumped revision number for resource 838c9e8f-e3bb-4979-abb0-602e6bc49f60 (type: networks) to 1
2026-06-06 00:46:02.354 6 INFO neutron.db.ovn_revision_numbers_db [None req-167c9056-dab7-4eb4-bf23-cd817e75be63 38b1ba34cc514c329bface504a7db0d6 8650fc1a31944c41afd3392cce13e780 - - default default] Successfully bumped revision number for resource c1b5949b-cdec-47c4-887e-dc6d5e1b41ff (type: security_groups) to 1
2026-06-06 00:46:02.365 6 INFO neutron.db.ovn_revision_numbers_db [None req-167c9056-dab7-4eb4-bf23-cd817e75be63 38b1ba34cc514c329bface504a7db0d6 8650fc1a31944c41afd3392cce13e780 - - default default] Successfully bumped revision number for resource 6fc5ca0b-8fbd-44e4-96c9-3c74ad317b08 (type: security_group_rules) to 0
2026-06-06 00:46:02.373 6 INFO neutron.db.ovn_revision_numbers_db [None req-167c9056-dab7-4eb4-bf23-cd817e75be63 38b1ba34cc514c329bface504a7db0d6 8650fc1a31944c41afd3392cce13e780 - - default default] Successfully bumped revision number for resource 94bd234f-e689-4ac1-9574-686ef6a19c24 (type: security_group_rules) to 0
2026-06-06 00:46:02.382 6 INFO neutron.db.ovn_revision_numbers_db [None req-167c9056-dab7-4eb4-bf23-cd817e75be63 38b1ba34cc514c329bface504a7db0d6 8650fc1a31944c41afd3392cce13e780 - - default default] Successfully bumped revision number for resource afb2962a-829a-4dc3-941a-12950d495503 (type: security_group_rules) to 0
2026-06-06 00:46:02.393 6 INFO neutron.db.ovn_revision_numbers_db [None req-167c9056-dab7-4eb4-bf23-cd817e75be63 38b1ba34cc514c329bface504a7db0d6 8650fc1a31944c41afd3392cce13e780 - - default default] Successfully bumped revision number for resource ea6e8d91-3879-4933-98d3-88edf8b9ec28 (type: security_group_rules) to 0
2026-06-06 00:46:02.421 7 WARNING neutron.scheduler.dhcp_agent_scheduler [None req-856f76a0-7e0e-4bdf-ae89-6e5d0788c3bb fdc46e7efc98433698f180bd55a3fa3d 114c585116cf4c4ab6995a695ed11e18 - - default default] No more DHCP agents
2026-06-06 00:46:02.423 7 WARNING neutron.api.rpc.agentnotifiers.dhcp_rpc_agent_api [None req-856f76a0-7e0e-4bdf-ae89-6e5d0788c3bb fdc46e7efc98433698f180bd55a3fa3d 114c585116cf4c4ab6995a695ed11e18 - - default default] Unable to schedule network 838c9e8f-e3bb-4979-abb0-602e6bc49f60: no agents available; will retry on subsequent port and subnet creation events.
2026-06-06 00:46:02.449 6 INFO neutron.db.segments_db [None req-167c9056-dab7-4eb4-bf23-cd817e75be63 38b1ba34cc514c329bface504a7db0d6 8650fc1a31944c41afd3392cce13e780 - - default default] Added segment 9fa0d269-2a6f-4fd8-828e-221bb910e176 of type geneve for network 5664cc56-76b8-4857-8b84-c97e7dc9e7f6
2026-06-06 00:46:02.504 6 INFO neutron.plugins.ml2.drivers.ovn.mech_driver.mech_driver [None req-b38364b5-628f-4950-8a0f-ae2bd3ad49ff - - - - - -] OVN reports status down for port: 72350e2c-a488-4c19-a076-5d41dce36508
2026-06-06 00:46:02.507 7 INFO neutron.db.ovn_revision_numbers_db [None req-856f76a0-7e0e-4bdf-ae89-6e5d0788c3bb fdc46e7efc98433698f180bd55a3fa3d 114c585116cf4c4ab6995a695ed11e18 - - default default] Successfully bumped revision number for resource 72350e2c-a488-4c19-a076-5d41dce36508 (type: ports) to 1 [pid: 7|app: 0|req: 857/1792] 10.0.0.238 () {34 vars in 670 bytes} [Sat Jun 6 00:46:01 2026] POST /v2.0/networks => generated 672 bytes in 540 msecs (HTTP/1.1 201) 4 headers in 162 bytes (1 switches on core 0)
2026-06-06 00:46:02.634 6 INFO neutron.db.ovn_revision_numbers_db [None req-167c9056-dab7-4eb4-bf23-cd817e75be63 38b1ba34cc514c329bface504a7db0d6 8650fc1a31944c41afd3392cce13e780 - - default default] Successfully bumped revision number for resource 5664cc56-76b8-4857-8b84-c97e7dc9e7f6 (type: networks) to 1
2026-06-06 00:46:02.783 6 WARNING neutron.scheduler.dhcp_agent_scheduler [None req-167c9056-dab7-4eb4-bf23-cd817e75be63 38b1ba34cc514c329bface504a7db0d6 8650fc1a31944c41afd3392cce13e780 - - default default] No more DHCP agents
2026-06-06 00:46:02.784 6 WARNING neutron.api.rpc.agentnotifiers.dhcp_rpc_agent_api [None req-167c9056-dab7-4eb4-bf23-cd817e75be63 38b1ba34cc514c329bface504a7db0d6 8650fc1a31944c41afd3392cce13e780 - - default default] Unable to schedule network 5664cc56-76b8-4857-8b84-c97e7dc9e7f6: no agents available; will retry on subsequent port and subnet creation events.
2026-06-06 00:46:02.843 6 INFO neutron.services.segments.plugin [-] Segment 91588365-9618-4c4c-ab10-4859e81844a8 resource provider aggregate not found
2026-06-06 00:46:02.861 6 INFO neutron.services.segments.plugin [-] Segment 91588365-9618-4c4c-ab10-4859e81844a8 resource provider aggregate not found
2026-06-06 00:46:02.889 6 INFO neutron.services.segments.plugin [-] Segment 91588365-9618-4c4c-ab10-4859e81844a8 resource provider not found; error: Placement Client Error (4xx): {"errors": [{"status": 404, "title": "Not Found", "detail": "The resource could not be found.\n\n No resource provider with uuid 91588365-9618-4c4c-ab10-4859e81844a8 found for delete ", "request_id": "req-a1bb3871-ceb7-456f-a2c3-ae28b2e510a0"}]}
2026-06-06 00:46:02.889 7 INFO neutron.plugins.ml2.drivers.ovn.mech_driver.mech_driver [None req-3b677372-7c13-419d-a046-b0d61accc428 - - - - - -] OVN reports status down for port: dc4d7450-7e3e-4e3d-b7de-121dfe97e2d8
2026-06-06 00:46:02.906 6 INFO neutron.services.segments.plugin [-] Segment 91588365-9618-4c4c-ab10-4859e81844a8 resource provider not found; error: Placement Client Error (4xx): {"errors": [{"status": 404, "title": "Not Found", "detail": "The resource could not be found.\n\n No resource provider with uuid 91588365-9618-4c4c-ab10-4859e81844a8 found for delete ", "request_id": "req-c198b92f-e58b-458d-b635-f0fbfb69841c"}]}
2026-06-06 00:46:02.918 6 INFO neutron.db.ovn_revision_numbers_db [None req-167c9056-dab7-4eb4-bf23-cd817e75be63 38b1ba34cc514c329bface504a7db0d6 8650fc1a31944c41afd3392cce13e780 - - default default] Successfully bumped revision number for resource dc4d7450-7e3e-4e3d-b7de-121dfe97e2d8 (type: ports) to 1 [pid: 6|app: 0|req: 936/1793] 10.0.0.238 () {34 vars in 671 bytes} [Sat Jun 6 00:46:02 2026] POST /v2.0/networks => generated 763 bytes in 767 msecs (HTTP/1.1 201) 4 headers in 162 bytes (1 switches on core 0)
2026-06-06 00:46:02.942 7 INFO neutron_taas.services.taas.taas_plugin [None req-1f2eb9d6-ab43-49fd-bf19-9a1440dabc9d 49501455fd7f4e2f807633176b89a23d ecb7126fce4b4e6db2fe142a959c882c - - default default] TaaS: Handle Delete Port: d5900ca9-70ea-4538-a494-f5f0328172f8
2026-06-06 00:46:02.949 7 INFO neutron_taas.services.taas.tap_mirror_plugin [None req-1f2eb9d6-ab43-49fd-bf19-9a1440dabc9d 49501455fd7f4e2f807633176b89a23d ecb7126fce4b4e6db2fe142a959c882c - - default default] Tap Mirror: Handle Delete Port: d5900ca9-70ea-4538-a494-f5f0328172f8 [pid: 6|app: 0|req: 937/1794] 10.0.0.238 () {34 vars in 759 bytes} [Sat Jun 6 00:46:02 2026] PUT /v2.0/subnetpools/34974565-290d-4455-8cbc-f7f4b4030b26/tags => generated 25 bytes in 41 msecs (HTTP/1.1 200) 4 headers in 156 bytes (1 switches on core 0) [pid: 7|app: 0|req: 858/1795] 10.0.0.238 () {32 vars in 724 bytes} [Sat Jun 6 00:46:02 2026] DELETE /v2.0/routers/f810fea9-d381-4990-abc2-59069c9f9a0a => generated 0 bytes in 819 msecs (HTTP/1.1 204) 2 headers in 112 bytes (1 switches on core 0)
2026-06-06 00:46:03.389 6 WARNING neutron.scheduler.dhcp_agent_scheduler [None req-a526aa09-6d33-4af2-8a7b-825dfe63f6c2 fdc46e7efc98433698f180bd55a3fa3d 114c585116cf4c4ab6995a695ed11e18 - - default default] No more DHCP agents
2026-06-06 00:46:03.390 6 WARNING neutron.api.rpc.agentnotifiers.dhcp_rpc_agent_api [None req-a526aa09-6d33-4af2-8a7b-825dfe63f6c2 fdc46e7efc98433698f180bd55a3fa3d 114c585116cf4c4ab6995a695ed11e18 - - default default] Unable to schedule network 0792f925-0d0f-45ca-8031-0b9f561d84cf: no agents available; will retry on subsequent port and subnet creation events.
2026-06-06 00:46:03.468 7 INFO neutron.plugins.ml2.drivers.ovn.mech_driver.mech_driver [None req-3b677372-7c13-419d-a046-b0d61accc428 - - - - - -] OVN reports status down for port: 854a37d5-ae62-4571-91ca-583e956d97f8
2026-06-06 00:46:03.484 6 INFO neutron.db.ovn_revision_numbers_db [None req-a526aa09-6d33-4af2-8a7b-825dfe63f6c2 fdc46e7efc98433698f180bd55a3fa3d 114c585116cf4c4ab6995a695ed11e18 - - default default] Successfully bumped revision number for resource 854a37d5-ae62-4571-91ca-583e956d97f8 (type: ports) to 1
2026-06-06 00:46:03.528 6 WARNING neutron.scheduler.dhcp_agent_scheduler [None req-a526aa09-6d33-4af2-8a7b-825dfe63f6c2 fdc46e7efc98433698f180bd55a3fa3d 114c585116cf4c4ab6995a695ed11e18 - - default default] No more DHCP agents
2026-06-06 00:46:03.530 6 WARNING neutron.api.rpc.agentnotifiers.dhcp_rpc_agent_api [None req-a526aa09-6d33-4af2-8a7b-825dfe63f6c2 fdc46e7efc98433698f180bd55a3fa3d 114c585116cf4c4ab6995a695ed11e18 - - default default] Unable to schedule network 838c9e8f-e3bb-4979-abb0-602e6bc49f60: no agents available; will retry on subsequent port and subnet creation events.
2026-06-06 00:46:03.584 7 WARNING neutron.scheduler.dhcp_agent_scheduler [None req-8c46aae5-74d3-4186-98cb-c2febd997626 38b1ba34cc514c329bface504a7db0d6 8650fc1a31944c41afd3392cce13e780 - - default default] No more DHCP agents
2026-06-06 00:46:03.592 6 INFO neutron.plugins.ml2.drivers.ovn.mech_driver.mech_driver [None req-b38364b5-628f-4950-8a0f-ae2bd3ad49ff - - - - - -] OVN reports status down for port: 0a40f158-1c12-4fc9-a1ce-dd411350a8a5
