2026-03-05 08:10:24.502 8 INFO placement.requestlog [req-b08979fa-6b34-4180-b223-1ddf920160a5 req-f5972dc3-30cd-452f-99dd-651c74e27455 275da532aaf348bc9755e4bdcfe87e5c 939d8373c7ca422a8e228984fc18f85b - - 7c80608366af4977b9f9660aa372b1f7 7c80608366af4977b9f9660aa372b1f7] 199.204.45.22 "GET /resource_providers/1e718520-7bdf-45d2-89a0-1237fcdcbc80/inventories" status: 200 len: 400 microversion: 1.0 [pid: 8|app: 0|req: 274/549] 199.204.45.22 () {32 vars in 855 bytes} [Thu Mar 5 08:10:24 2026] GET /resource_providers/1e718520-7bdf-45d2-89a0-1237fcdcbc80/inventories => generated 400 bytes in 15 msecs (HTTP/1.1 200) 6 headers in 224 bytes (1 switches on core 0)
2026-03-05 08:10:24.518 7 INFO placement.requestlog [req-b08979fa-6b34-4180-b223-1ddf920160a5 req-09d03df1-b971-4937-a9af-44bd2d358f16 275da532aaf348bc9755e4bdcfe87e5c 939d8373c7ca422a8e228984fc18f85b - - 7c80608366af4977b9f9660aa372b1f7 7c80608366af4977b9f9660aa372b1f7] 199.204.45.22 "GET /resource_providers/1e718520-7bdf-45d2-89a0-1237fcdcbc80/aggregates" status: 200 len: 53 microversion: 1.19 [pid: 7|app: 0|req: 276/550] 199.204.45.22 () {34 vars in 897 bytes} [Thu Mar 5 08:10:24 2026] GET /resource_providers/1e718520-7bdf-45d2-89a0-1237fcdcbc80/aggregates => generated 53 bytes in 11 msecs (HTTP/1.1 200) 8 headers in 295 bytes (1 switches on core 0)
2026-03-05 08:10:24.543 8 INFO placement.requestlog [req-b08979fa-6b34-4180-b223-1ddf920160a5 req-c3143407-309b-4b8b-a4bd-37b1da4a6156 275da532aaf348bc9755e4bdcfe87e5c 939d8373c7ca422a8e228984fc18f85b - - 7c80608366af4977b9f9660aa372b1f7 7c80608366af4977b9f9660aa372b1f7] 199.204.45.22 "GET /resource_providers/1e718520-7bdf-45d2-89a0-1237fcdcbc80/traits" status: 200 len: 2316 microversion: 1.6 [pid: 8|app: 0|req: 275/551] 199.204.45.22 () {34 vars in 888 bytes} [Thu Mar 5 08:10:24 2026] GET /resource_providers/1e718520-7bdf-45d2-89a0-1237fcdcbc80/traits => generated 2316 bytes in 19 msecs (HTTP/1.1 200) 6 headers in 225 bytes (1 switches on core 0)
2026-03-05 08:10:24.565 7 INFO placement.requestlog [req-b08979fa-6b34-4180-b223-1ddf920160a5 req-e70c823c-c6c9-4f6c-9900-e083324ea3ac 275da532aaf348bc9755e4bdcfe87e5c 939d8373c7ca422a8e228984fc18f85b - - 7c80608366af4977b9f9660aa372b1f7 7c80608366af4977b9f9660aa372b1f7] 199.204.45.22 "GET /resource_providers/1e718520-7bdf-45d2-89a0-1237fcdcbc80/allocations" status: 200 len: 54 microversion: 1.0 [pid: 7|app: 0|req: 277/552] 199.204.45.22 () {32 vars in 855 bytes} [Thu Mar 5 08:10:24 2026] GET /resource_providers/1e718520-7bdf-45d2-89a0-1237fcdcbc80/allocations => generated 54 bytes in 13 msecs (HTTP/1.1 200) 6 headers in 223 bytes (1 switches on core 0)
2026-03-05 08:10:29.990 8 INFO placement.requestlog [None req-e96cd1eb-74bb-4fae-bd7a-55b57d1ca549 - - - - - -] 10.0.0.133 "GET /" status: 200 len: 136 microversion: 1.0
2026-03-05 08:10:29.990 7 INFO placement.requestlog [None req-6b34297f-32f4-46f7-90a4-e9c27e8a343e - - - - - -] 10.0.0.133 "GET /" status: 200 len: 136 microversion: 1.0
2026-03-05 08:10:39.989 8 INFO placement.requestlog [None req-d6a3452d-aecb-42ae-a6ef-e40d96de5cac - - - - - -] 10.0.0.133 "GET /" status: 200 len: 136 microversion: 1.0
2026-03-05 08:10:39.990 7 INFO placement.requestlog [None req-1c382b1b-cad2-4f3b-a78d-fe77e0813b4b - - - - - -] 10.0.0.133 "GET /" status: 200 len: 136 microversion: 1.0
2026-03-05 08:10:49.990 8 INFO placement.requestlog [None req-f472aa30-ca01-4066-8b4c-463d98387a6b - - - - - -] 10.0.0.133 "GET /" status: 200 len: 136 microversion: 1.0
2026-03-05 08:10:49.991 7 INFO placement.requestlog [None req-4131de15-55ca-40c7-9ec8-858c1278521e - - - - - -] 10.0.0.133 "GET /" status: 200 len: 136 microversion: 1.0
2026-03-05 08:10:59.990 8 INFO placement.requestlog [None req-ab5da384-09e2-4360-b014-ed368da7088f - - - - - -] 10.0.0.133 "GET /" status: 200 len: 136 microversion: 1.0
2026-03-05 08:11:00.000 7 INFO placement.requestlog [None req-8b6d6e71-84ab-4dc3-a38b-f1da221d70d2 - - - - - -] 10.0.0.133 "GET /" status: 200 len: 136 microversion: 1.0
2026-03-05 08:11:10.000 8 INFO placement.requestlog [None req-32288b20-a74f-4255-bfb7-8634be2978e2 - - - - - -] 10.0.0.133 "GET /" status: 200 len: 136 microversion: 1.0
2026-03-05 08:11:10.003 7 INFO placement.requestlog [None req-096bf5cb-67fd-4e30-ae79-ebaca78d6f9f - - - - - -] 10.0.0.133 "GET /" status: 200 len: 136 microversion: 1.0
2026-03-05 08:11:12.773 8 INFO placement.requestlog [None req-95c00c02-46c2-4646-b1e5-31a057952338 7d0c3f2c5c574033b0a6df6f39515ece c23927d6c55b47fbbf29ae287d0b63d8 - - default default] 10.0.0.168 "GET /resource_providers" status: 200 len: 405 microversion: 1.0 [pid: 8|app: 0|req: 281/563] 10.0.0.168 () {28 vars in 592 bytes} [Thu Mar 5 08:11:12 2026] GET /resource_providers => generated 405 bytes in 75 msecs (HTTP/1.1 200) 6 headers in 224 bytes (1 switches on core 0)
2026-03-05 08:11:12.800 7 INFO placement.requestlog [None req-288bbf90-8647-45e6-a4a9-1e9bf050b873 7d0c3f2c5c574033b0a6df6f39515ece c23927d6c55b47fbbf29ae287d0b63d8 - - default default] 10.0.0.168 "GET /resource_providers/1e718520-7bdf-45d2-89a0-1237fcdcbc80/inventories" status: 200 len: 400 microversion: 1.0 [pid: 7|app: 0|req: 283/564] 10.0.0.168 () {28 vars in 690 bytes} [Thu Mar 5 08:11:12 2026] GET /resource_providers/1e718520-7bdf-45d2-89a0-1237fcdcbc80/inventories => generated 400 bytes in 21 msecs (HTTP/1.1 200) 6 headers in 224 bytes (1 switches on core 0)
2026-03-05 08:11:12.834 8 INFO placement.requestlog [None req-d9799606-b22e-442c-942c-5222450d7bea 7d0c3f2c5c574033b0a6df6f39515ece c23927d6c55b47fbbf29ae287d0b63d8 - - default default] 10.0.0.168 "GET /resource_providers/1e718520-7bdf-45d2-89a0-1237fcdcbc80/usages" status: 200 len: 88 microversion: 1.0 [pid: 8|app: 0|req: 282/565] 10.0.0.168 () {28 vars in 680 bytes} [Thu Mar 5 08:11:12 2026] GET /resource_providers/1e718520-7bdf-45d2-89a0-1237fcdcbc80/usages => generated 88 bytes in 30 msecs (HTTP/1.1 200) 6 headers in 223 bytes (1 switches on core 0)
2026-03-05 08:11:19.990 8 INFO placement.requestlog [None req-65c5f709-35a4-44b4-982b-39bc424435ec - - - - - -] 10.0.0.133 "GET /" status: 200 len: 136 microversion: 1.0
2026-03-05 08:11:19.990 7 INFO placement.requestlog [None req-8606d3c9-d91d-4ed4-9b25-c022d23adff3 - - - - - -] 10.0.0.133 "GET /" status: 200 len: 136 microversion: 1.0
2026-03-05 08:11:24.357 8 INFO placement.requestlog [req-88f661ed-9470-43a6-a681-64bc2c82e0de req-820ca7dc-1921-4cb0-a95f-1f2d4a80f9cd 275da532aaf348bc9755e4bdcfe87e5c 939d8373c7ca422a8e228984fc18f85b - - 7c80608366af4977b9f9660aa372b1f7 7c80608366af4977b9f9660aa372b1f7] 199.204.45.22 "GET /resource_providers/1e718520-7bdf-45d2-89a0-1237fcdcbc80/allocations" status: 200 len: 54 microversion: 1.0 [pid: 8|app: 0|req: 284/568] 199.204.45.22 () {32 vars in 855 bytes} [Thu Mar 5 08:11:24 2026] GET /resource_providers/1e718520-7bdf-45d2-89a0-1237fcdcbc80/allocations => generated 54 bytes in 14 msecs (HTTP/1.1 200) 6 headers in 223 bytes (1 switches on core 0)
2026-03-05 08:11:24.382 7 INFO placement.requestlog [req-88f661ed-9470-43a6-a681-64bc2c82e0de req-3e2841d5-81c1-4854-8c98-ec9579e54e6a 275da532aaf348bc9755e4bdcfe87e5c 939d8373c7ca422a8e228984fc18f85b - - 7c80608366af4977b9f9660aa372b1f7 7c80608366af4977b9f9660aa372b1f7] 199.204.45.22 "GET /resource_providers/1e718520-7bdf-45d2-89a0-1237fcdcbc80/allocations" status: 200 len: 54 microversion: 1.0 [pid: 7|app: 0|req: 285/569] 199.204.45.22 () {32 vars in 855 bytes} [Thu Mar 5 08:11:24 2026] GET /resource_providers/1e718520-7bdf-45d2-89a0-1237fcdcbc80/allocations => generated 54 bytes in 18 msecs (HTTP/1.1 200) 6 headers in 223 bytes (1 switches on core 0)
2026-03-05 08:11:29.990 8 INFO placement.requestlog [None req-4e75aff4-feec-4c68-a2dc-32a93dfb9c84 - - - - - -] 10.0.0.133 "GET /" status: 200 len: 136 microversion: 1.0
2026-03-05 08:11:29.993 7 INFO placement.requestlog [None req-3010d877-79a1-4d7e-bac2-a08e72651730 - - - - - -] 10.0.0.133 "GET /" status: 200 len: 136 microversion: 1.0
2026-03-05 08:11:39.990 8 INFO placement.requestlog [None req-5052fa45-fe80-4ea8-b262-ea475102cfd1 - - - - - -] 10.0.0.133 "GET /" status: 200 len: 136 microversion: 1.0
2026-03-05 08:11:39.990 7 INFO placement.requestlog [None req-12782115-53c2-4142-b7f1-929d682bf789 - - - - - -] 10.0.0.133 "GET /" status: 200 len: 136 microversion: 1.0
2026-03-05 08:11:49.990 8 INFO placement.requestlog [None req-c86d43e0-6b19-42f7-a44c-2ff49dc9a56e - - - - - -] 10.0.0.133 "GET /" status: 200 len: 136 microversion: 1.0
2026-03-05 08:11:49.990 7 INFO placement.requestlog [None req-9c90bd73-f5db-492c-96a5-5aaa4ab84230 - - - - - -] 10.0.0.133 "GET /" status: 200 len: 136 microversion: 1.0
2026-03-05 08:11:59.990 8 INFO placement.requestlog [None req-db84adb0-5431-4787-911a-ae105a9c35fc - - - - - -] 10.0.0.133 "GET /" status: 200 len: 136 microversion: 1.0
2026-03-05 08:11:59.990 7 INFO placement.requestlog [None req-1d31a3b5-922d-4e3e-83c0-a4f82d613f0c - - - - - -] 10.0.0.133 "GET /" status: 200 len: 136 microversion: 1.0
2026-03-05 08:12:09.990 8 INFO placement.requestlog [None req-f771d1c7-b996-4583-a42b-b642b5d14a84 - - - - - -] 10.0.0.133 "GET /" status: 200 len: 136 microversion: 1.0
2026-03-05 08:12:09.990 7 INFO placement.requestlog [None req-f637c49d-4af8-4139-a35f-875a8cb71656 - - - - - -] 10.0.0.133 "GET /" status: 200 len: 136 microversion: 1.0
2026-03-05 08:12:12.690 8 INFO placement.requestlog [None req-67dc6dd3-7174-4309-976a-ed3107e9d732 7d0c3f2c5c574033b0a6df6f39515ece c23927d6c55b47fbbf29ae287d0b63d8 - - default default] 10.0.0.168 "GET /resource_providers" status: 200 len: 405 microversion: 1.0 [pid: 8|app: 0|req: 290/580] 10.0.0.168 () {28 vars in 592 bytes} [Thu Mar 5 08:12:12 2026] GET /resource_providers => generated 405 bytes in 107 msecs (HTTP/1.1 200) 6 headers in 224 bytes (1 switches on core 0)
2026-03-05 08:12:12.714 7 INFO placement.requestlog [None req-20a2fad8-adc1-45e5-8f60-bb94b2f5d00d 7d0c3f2c5c574033b0a6df6f39515ece c23927d6c55b47fbbf29ae287d0b63d8 - - default default] 10.0.0.168 "GET /resource_providers/1e718520-7bdf-45d2-89a0-1237fcdcbc80/inventories" status: 200 len: 400 microversion: 1.0 [pid: 7|app: 0|req: 291/581] 10.0.0.168 () {28 vars in 690 bytes} [Thu Mar 5 08:12:12 2026] GET /resource_providers/1e718520-7bdf-45d2-89a0-1237fcdcbc80/inventories => generated 400 bytes in 18 msecs (HTTP/1.1 200) 6 headers in 224 bytes (1 switches on core 0)
2026-03-05 08:12:12.729 8 INFO placement.requestlog [None req-624e94af-eacb-45e4-ab05-a3b75648250e 7d0c3f2c5c574033b0a6df6f39515ece c23927d6c55b47fbbf29ae287d0b63d8 - - default default] 10.0.0.168 "GET /resource_providers/1e718520-7bdf-45d2-89a0-1237fcdcbc80/usages" status: 200 len: 88 microversion: 1.0 [pid: 8|app: 0|req: 291/582] 10.0.0.168 () {28 vars in 680 bytes} [Thu Mar 5 08:12:12 2026] GET /resource_providers/1e718520-7bdf-45d2-89a0-1237fcdcbc80/usages => generated 88 bytes in 9 msecs (HTTP/1.1 200) 6 headers in 223 bytes (1 switches on core 0)
2026-03-05 08:12:19.990 8 INFO placement.requestlog [None req-cd8a6c6c-5c02-45b3-8a6c-e057d108a5e5 - - - - - -] 10.0.0.133 "GET /" status: 200 len: 136 microversion: 1.0
2026-03-05 08:12:19.990 7 INFO placement.requestlog [None req-f30f3bb7-7dcc-4f91-a0a9-b15d96f0e19f - - - - - -] 10.0.0.133 "GET /" status: 200 len: 136 microversion: 1.0
2026-03-05 08:12:25.355 8 INFO placement.requestlog [req-af2265f2-7fb7-42c9-ac39-ba488b353784 req-805f96ec-51a3-4570-92c3-a2f6766a31a4 275da532aaf348bc9755e4bdcfe87e5c 939d8373c7ca422a8e228984fc18f85b - - 7c80608366af4977b9f9660aa372b1f7 7c80608366af4977b9f9660aa372b1f7] 199.204.45.22 "GET /resource_providers/1e718520-7bdf-45d2-89a0-1237fcdcbc80/allocations" status: 200 len: 54 microversion: 1.0 [pid: 8|app: 0|req: 293/585] 199.204.45.22 () {32 vars in 855 bytes} [Thu Mar 5 08:12:25 2026] GET /resource_providers/1e718520-7bdf-45d2-89a0-1237fcdcbc80/allocations => generated 54 bytes in 13 msecs (HTTP/1.1 200) 6 headers in 223 bytes (1 switches on core 0)
2026-03-05 08:12:25.375 7 INFO placement.requestlog [req-af2265f2-7fb7-42c9-ac39-ba488b353784 req-ee4e88fb-8218-432c-9106-76814e27c792 275da532aaf348bc9755e4bdcfe87e5c 939d8373c7ca422a8e228984fc18f85b - - 7c80608366af4977b9f9660aa372b1f7 7c80608366af4977b9f9660aa372b1f7] 199.204.45.22 "GET /resource_providers/1e718520-7bdf-45d2-89a0-1237fcdcbc80/allocations" status: 200 len: 54 microversion: 1.0 [pid: 7|app: 0|req: 293/586] 199.204.45.22 () {32 vars in 855 bytes} [Thu Mar 5 08:12:25 2026] GET /resource_providers/1e718520-7bdf-45d2-89a0-1237fcdcbc80/allocations => generated 54 bytes in 13 msecs (HTTP/1.1 200) 6 headers in 223 bytes (1 switches on core 0)
2026-03-05 08:12:29.989 8 INFO placement.requestlog [None req-6a9cd4ae-4fd5-401e-b348-28f51743c493 - - - - - -] 10.0.0.133 "GET /" status: 200 len: 136 microversion: 1.0
2026-03-05 08:12:29.989 7 INFO placement.requestlog [None req-094fe29b-ec6e-4c13-8142-046b647a97e3 - - - - - -] 10.0.0.133 "GET /" status: 200 len: 136 microversion: 1.0
2026-03-05 08:12:39.990 8 INFO placement.requestlog [None req-a359b1a0-0d81-4f8f-b377-9e98aa410840 - - - - - -] 10.0.0.133 "GET /" status: 200 len: 136 microversion: 1.0
2026-03-05 08:12:39.990 7 INFO placement.requestlog [None req-482e1c75-042a-4155-97e1-dd14382e4137 - - - - - -] 10.0.0.133 "GET /" status: 200 len: 136 microversion: 1.0
2026-03-05 08:12:49.990 7 INFO placement.requestlog [None req-418499fa-2c30-43a2-a41e-670f718ec086 - - - - - -] 10.0.0.133 "GET /" status: 200 len: 136 microversion: 1.0
2026-03-05 08:12:49.991 8 INFO placement.requestlog [None req-a34d984c-d7fa-44b5-9c59-c47e34e4107a - - - - - -] 10.0.0.133 "GET /" status: 200 len: 136 microversion: 1.0
2026-03-05 08:12:59.990 7 INFO placement.requestlog [None req-50f14aa8-402a-461e-9b60-0317e11a8d24 - - - - - -] 10.0.0.133 "GET /" status: 200 len: 136 microversion: 1.0
2026-03-05 08:12:59.990 8 INFO placement.requestlog [None req-e7b82411-4905-4419-b585-87a39ff48cda - - - - - -] 10.0.0.133 "GET /" status: 200 len: 136 microversion: 1.0
2026-03-05 08:13:09.990 7 INFO placement.requestlog [None req-6450d0dd-73d9-41dc-aed0-e901ecdbab41 - - - - - -] 10.0.0.133 "GET /" status: 200 len: 136 microversion: 1.0
2026-03-05 08:13:09.991 8 INFO placement.requestlog [None req-45b5b65e-a050-486a-9f30-064789f3c4aa - - - - - -] 10.0.0.133 "GET /" status: 200 len: 136 microversion: 1.0
2026-03-05 08:13:12.598 7 INFO placement.requestlog [None req-4448564a-0ffc-476d-aa77-3a20a789a3a4 7d0c3f2c5c574033b0a6df6f39515ece c23927d6c55b47fbbf29ae287d0b63d8 - - default default] 10.0.0.168 "GET /resource_providers" status: 200 len: 405 microversion: 1.0 [pid: 7|app: 0|req: 299/597] 10.0.0.168 () {28 vars in 592 bytes} [Thu Mar 5 08:13:12 2026] GET /resource_providers => generated 405 bytes in 47 msecs (HTTP/1.1 200) 6 headers in 224 bytes (1 switches on core 0)
2026-03-05 08:13:12.620 8 INFO placement.requestlog [None req-ee9080dd-ae8c-4dfe-b95c-efc0cbcde66f 7d0c3f2c5c574033b0a6df6f39515ece c23927d6c55b47fbbf29ae287d0b63d8 - - default default] 10.0.0.168 "GET /resource_providers/1e718520-7bdf-45d2-89a0-1237fcdcbc80/inventories" status: 200 len: 400 microversion: 1.0 [pid: 8|app: 0|req: 299/598] 10.0.0.168 () {28 vars in 690 bytes} [Thu Mar 5 08:13:12 2026] GET /resource_providers/1e718520-7bdf-45d2-89a0-1237fcdcbc80/inventories => generated 400 bytes in 19 msecs (HTTP/1.1 200) 6 headers in 224 bytes (1 switches on core 0)
2026-03-05 08:13:12.637 7 INFO placement.requestlog [None req-bee06eff-1423-4f5b-90ab-7b4b540abcfc 7d0c3f2c5c574033b0a6df6f39515ece c23927d6c55b47fbbf29ae287d0b63d8 - - default default] 10.0.0.168 "GET /resource_providers/1e718520-7bdf-45d2-89a0-1237fcdcbc80/usages" status: 200 len: 88 microversion: 1.0 [pid: 7|app: 0|req: 300/599] 10.0.0.168 () {28 vars in 680 bytes} [Thu Mar 5 08:13:12 2026] GET /resource_providers/1e718520-7bdf-45d2-89a0-1237fcdcbc80/usages => generated 88 bytes in 13 msecs (HTTP/1.1 200) 6 headers in 223 bytes (1 switches on core 0)
2026-03-05 08:13:19.990 8 INFO placement.requestlog [None req-85ddb9f2-d45b-4b49-bcfc-0803b8521051 - - - - - -] 10.0.0.133 "GET /" status: 200 len: 136 microversion: 1.0
2026-03-05 08:13:19.991 7 INFO placement.requestlog [None req-c1333fea-1b71-4b38-9d3e-921d848f2f20 - - - - - -] 10.0.0.133 "GET /" status: 200 len: 136 microversion: 1.0
2026-03-05 08:13:26.415 8 INFO placement.requestlog [req-59e1db15-e825-4760-8031-43e07cd69fe9 req-c7c60f06-255b-464e-80a6-6b1c373bd065 275da532aaf348bc9755e4bdcfe87e5c 939d8373c7ca422a8e228984fc18f85b - - 7c80608366af4977b9f9660aa372b1f7 7c80608366af4977b9f9660aa372b1f7] 199.204.45.22 "GET /resource_providers/1e718520-7bdf-45d2-89a0-1237fcdcbc80/allocations" status: 200 len: 54 microversion: 1.0 [pid: 8|app: 0|req: 301/602] 199.204.45.22 () {32 vars in 855 bytes} [Thu Mar 5 08:13:26 2026] GET /resource_providers/1e718520-7bdf-45d2-89a0-1237fcdcbc80/allocations => generated 54 bytes in 14 msecs (HTTP/1.1 200) 6 headers in 223 bytes (1 switches on core 0)
2026-03-05 08:13:26.438 7 INFO placement.requestlog [req-59e1db15-e825-4760-8031-43e07cd69fe9 req-91c8098e-1433-4558-a07e-28dcc06a7af2 275da532aaf348bc9755e4bdcfe87e5c 939d8373c7ca422a8e228984fc18f85b - - 7c80608366af4977b9f9660aa372b1f7 7c80608366af4977b9f9660aa372b1f7] 199.204.45.22 "GET /resource_providers/1e718520-7bdf-45d2-89a0-1237fcdcbc80/allocations" status: 200 len: 54 microversion: 1.0 [pid: 7|app: 0|req: 302/603] 199.204.45.22 () {32 vars in 855 bytes} [Thu Mar 5 08:13:26 2026] GET /resource_providers/1e718520-7bdf-45d2-89a0-1237fcdcbc80/allocations => generated 54 bytes in 17 msecs (HTTP/1.1 200) 6 headers in 223 bytes (1 switches on core 0)
2026-03-05 08:13:29.990 7 INFO placement.requestlog [None req-8c57e070-4c7c-477a-a84d-53e7dfaf6de6 - - - - - -] 10.0.0.133 "GET /" status: 200 len: 136 microversion: 1.0
2026-03-05 08:13:29.990 8 INFO placement.requestlog [None req-a39b2a91-817f-4d8c-a134-f95caf9f6837 - - - - - -] 10.0.0.133 "GET /" status: 200 len: 136 microversion: 1.0
2026-03-05 08:13:39.989 8 INFO placement.requestlog [None req-7d866dcf-32b4-44b2-90aa-a66b33aa8c49 - - - - - -] 10.0.0.133 "GET /" status: 200 len: 136 microversion: 1.0
2026-03-05 08:13:39.990 7 INFO placement.requestlog [None req-cdb6c7c0-7982-4f63-9fbe-0a207b596cea - - - - - -] 10.0.0.133 "GET /" status: 200 len: 136 microversion: 1.0
2026-03-05 08:13:49.990 7 INFO placement.requestlog [None req-23d95242-3a47-4e2b-a15e-4d93cb5e3a80 - - - - - -] 10.0.0.133 "GET /" status: 200 len: 136 microversion: 1.0
2026-03-05 08:13:49.990 8 INFO placement.requestlog [None req-c9d50dcc-22f9-4108-a392-14921e533bfe - - - - - -] 10.0.0.133 "GET /" status: 200 len: 136 microversion: 1.0
2026-03-05 08:13:59.990 8 INFO placement.requestlog [None req-cb5c7794-80cb-4646-b1ff-d25d72293eba - - - - - -] 10.0.0.133 "GET /" status: 200 len: 136 microversion: 1.0
2026-03-05 08:13:59.990 7 INFO placement.requestlog [None req-bf92f4b9-1555-4be6-99ee-7134b90df9e1 - - - - - -] 10.0.0.133 "GET /" status: 200 len: 136 microversion: 1.0
2026-03-05 08:14:09.990 8 INFO placement.requestlog [None req-9c5b1d94-f3b8-4a03-a7af-04843a9f6915 - - - - - -] 10.0.0.133 "GET /" status: 200 len: 136 microversion: 1.0
2026-03-05 08:14:09.990 7 INFO placement.requestlog [None req-74fdb23a-876b-4ba9-baec-365e06ec345c - - - - - -] 10.0.0.133 "GET /" status: 200 len: 136 microversion: 1.0
2026-03-05 08:14:12.828 8 INFO placement.requestlog [None req-a9271d46-f042-4e61-bda7-c18c862aea70 7d0c3f2c5c574033b0a6df6f39515ece c23927d6c55b47fbbf29ae287d0b63d8 - - default default] 10.0.0.168 "GET /resource_providers" status: 200 len: 405 microversion: 1.0 [pid: 8|app: 0|req: 307/614] 10.0.0.168 () {28 vars in 592 bytes} [Thu Mar 5 08:14:12 2026] GET /resource_providers => generated 405 bytes in 200 msecs (HTTP/1.1 200) 6 headers in 224 bytes (1 switches on core 0)
2026-03-05 08:14:12.849 7 INFO placement.requestlog [None req-f95b38a1-2e3c-4cc6-a091-244fccdd879d 7d0c3f2c5c574033b0a6df6f39515ece c23927d6c55b47fbbf29ae287d0b63d8 - - default default] 10.0.0.168 "GET /resource_providers/1e718520-7bdf-45d2-89a0-1237fcdcbc80/inventories" status: 200 len: 400 microversion: 1.0 [pid: 7|app: 0|req: 308/615] 10.0.0.168 () {28 vars in 690 bytes} [Thu Mar 5 08:14:12 2026] GET /resource_providers/1e718520-7bdf-45d2-89a0-1237fcdcbc80/inventories => generated 400 bytes in 17 msecs (HTTP/1.1 200) 6 headers in 224 bytes (1 switches on core 0)
2026-03-05 08:14:12.866 8 INFO placement.requestlog [None req-6aa82e1f-e44d-4dbf-af46-dff7dc1b79e2 7d0c3f2c5c574033b0a6df6f39515ece c23927d6c55b47fbbf29ae287d0b63d8 - - default default] 10.0.0.168 "GET /resource_providers/1e718520-7bdf-45d2-89a0-1237fcdcbc80/usages" status: 200 len: 88 microversion: 1.0 [pid: 8|app: 0|req: 308/616] 10.0.0.168 () {28 vars in 680 bytes} [Thu Mar 5 08:14:12 2026] GET /resource_providers/1e718520-7bdf-45d2-89a0-1237fcdcbc80/usages => generated 88 bytes in 12 msecs (HTTP/1.1 200) 6 headers in 223 bytes (1 switches on core 0)
2026-03-05 08:14:19.990 7 INFO placement.requestlog [None req-c994d224-589e-4d5b-860b-cb3204823dd5 - - - - - -] 10.0.0.133 "GET /" status: 200 len: 136 microversion: 1.0
2026-03-05 08:14:19.994 8 INFO placement.requestlog [None req-ec4a19c3-1347-4930-a7ed-11d9150e3955 - - - - - -] 10.0.0.133 "GET /" status: 200 len: 136 microversion: 1.0
2026-03-05 08:14:28.608 7 INFO placement.requestlog [req-f1530cfc-67ad-47dc-9af0-ba160bb8ac4c req-54f7b512-c143-4775-9d58-280bc29cf5a1 275da532aaf348bc9755e4bdcfe87e5c 939d8373c7ca422a8e228984fc18f85b - - 7c80608366af4977b9f9660aa372b1f7 7c80608366af4977b9f9660aa372b1f7] 199.204.45.22 "GET /resource_providers/1e718520-7bdf-45d2-89a0-1237fcdcbc80/allocations" status: 200 len: 54 microversion: 1.0 [pid: 7|app: 0|req: 310/619] 199.204.45.22 () {32 vars in 855 bytes} [Thu Mar 5 08:14:28 2026] GET /resource_providers/1e718520-7bdf-45d2-89a0-1237fcdcbc80/allocations => generated 54 bytes in 20 msecs (HTTP/1.1 200) 6 headers in 223 bytes (1 switches on core 0)
2026-03-05 08:14:28.636 8 INFO placement.requestlog [req-f1530cfc-67ad-47dc-9af0-ba160bb8ac4c req-4b3de924-2066-4bee-a8bc-979a5d2b1d3a 275da532aaf348bc9755e4bdcfe87e5c 939d8373c7ca422a8e228984fc18f85b - - 7c80608366af4977b9f9660aa372b1f7 7c80608366af4977b9f9660aa372b1f7] 199.204.45.22 "GET /resource_providers/1e718520-7bdf-45d2-89a0-1237fcdcbc80/allocations" status: 200 len: 54 microversion: 1.0 [pid: 8|app: 0|req: 310/620] 199.204.45.22 () {32 vars in 855 bytes} [Thu Mar 5 08:14:28 2026] GET /resource_providers/1e718520-7bdf-45d2-89a0-1237fcdcbc80/allocations => generated 54 bytes in 21 msecs (HTTP/1.1 200) 6 headers in 223 bytes (1 switches on core 0)
2026-03-05 08:14:29.991 7 INFO placement.requestlog [None req-eb25de5d-7231-483a-a51a-5ed94124e0db - - - - - -] 10.0.0.133 "GET /" status: 200 len: 136 microversion: 1.0
2026-03-05 08:14:29.994 8 INFO placement.requestlog [None req-4c745d6b-f71c-4ff7-9498-07a0ae1a30e8 - - - - - -] 10.0.0.133 "GET /" status: 200 len: 136 microversion: 1.0
2026-03-05 08:14:39.990 7 INFO placement.requestlog [None req-de6698ed-b00b-45e4-8892-14dcf1b2ae6f - - - - - -] 10.0.0.133 "GET /" status: 200 len: 136 microversion: 1.0
2026-03-05 08:14:39.990 8 INFO placement.requestlog [None req-7712e07c-3253-416a-a8ac-f75ce9ff9a6f - - - - - -] 10.0.0.133 "GET /" status: 200 len: 136 microversion: 1.0
2026-03-05 08:14:48.892 7 INFO placement.requestlog [req-acb51c18-7de3-4550-998d-0dd5ac9e825c req-6e37ddd3-bbc5-4f6e-a0c6-b7325d5a1f9f 275da532aaf348bc9755e4bdcfe87e5c 939d8373c7ca422a8e228984fc18f85b - - 7c80608366af4977b9f9660aa372b1f7 7c80608366af4977b9f9660aa372b1f7] 10.0.0.35 "GET /allocation_candidates?limit=1000&resources=DISK_GB%3A1%2CMEMORY_MB%3A512%2CVCPU%3A1&root_required=%21COMPUTE_STATUS_DISABLED" status: 200 len: 2781 microversion: 1.36 [pid: 7|app: 0|req: 313/625] 10.0.0.35 () {34 vars in 1010 bytes} [Thu Mar 5 08:14:48 2026] GET /allocation_candidates?limit=1000&resources=DISK_GB%3A1%2CMEMORY_MB%3A512%2CVCPU%3A1&root_required=%21COMPUTE_STATUS_DISABLED => generated 2781 bytes in 177 msecs (HTTP/1.1 200) 8 headers in 297 bytes (1 switches on core 0)
2026-03-05 08:14:48.940 8 INFO placement.requestlog [req-acb51c18-7de3-4550-998d-0dd5ac9e825c req-1f5a7b97-e8fa-420e-8460-5cd5da09c640 275da532aaf348bc9755e4bdcfe87e5c 939d8373c7ca422a8e228984fc18f85b - - 7c80608366af4977b9f9660aa372b1f7 7c80608366af4977b9f9660aa372b1f7] 10.0.0.35 "GET /allocations/e11a9292-ff75-40dd-8562-1d23119afa42" status: 200 len: 19 microversion: 1.28 [pid: 8|app: 0|req: 313/626] 10.0.0.35 () {34 vars in 859 bytes} [Thu Mar 5 08:14:48 2026] GET /allocations/e11a9292-ff75-40dd-8562-1d23119afa42 => generated 19 bytes in 16 msecs (HTTP/1.1 200) 8 headers in 295 bytes (1 switches on core 0)
2026-03-05 08:14:49.013 7 INFO placement.requestlog [req-acb51c18-7de3-4550-998d-0dd5ac9e825c req-96c8f6d0-e8ed-4c60-8da3-dc14842a49fb 275da532aaf348bc9755e4bdcfe87e5c 939d8373c7ca422a8e228984fc18f85b - - 7c80608366af4977b9f9660aa372b1f7 7c80608366af4977b9f9660aa372b1f7] 10.0.0.35 "PUT /allocations/e11a9292-ff75-40dd-8562-1d23119afa42" status: 204 len: 0 microversion: 1.36 [pid: 7|app: 0|req: 314/627] 10.0.0.35 () {38 vars in 912 bytes} [Thu Mar 5 08:14:48 2026] PUT /allocations/e11a9292-ff75-40dd-8562-1d23119afa42 => generated 0 bytes in 64 msecs (HTTP/1.1 204) 5 headers in 199 bytes (1 switches on core 0)
2026-03-05 08:14:49.990 8 INFO placement.requestlog [None req-0f27f614-a15d-4192-857d-0ee7cb8dcd9c - - - - - -] 10.0.0.133 "GET /" status: 200 len: 136 microversion: 1.0
2026-03-05 08:14:49.992 7 INFO placement.requestlog [None req-cbf3e247-05d0-41d0-874f-5cf7693e2352 - - - - - -] 10.0.0.133 "GET /" status: 200 len: 136 microversion: 1.0
2026-03-05 08:14:50.569 7 INFO placement.requestlog [req-acb51c18-7de3-4550-998d-0dd5ac9e825c req-9118b075-14e6-4448-906a-26f4f40cad5a 275da532aaf348bc9755e4bdcfe87e5c 939d8373c7ca422a8e228984fc18f85b - - 7c80608366af4977b9f9660aa372b1f7 7c80608366af4977b9f9660aa372b1f7] 199.204.45.22 "GET /allocations/e11a9292-ff75-40dd-8562-1d23119afa42" status: 200 len: 257 microversion: 1.28 [pid: 7|app: 0|req: 316/630] 199.204.45.22 () {34 vars in 861 bytes} [Thu Mar 5 08:14:50 2026] GET /allocations/e11a9292-ff75-40dd-8562-1d23119afa42 => generated 257 bytes in 15 msecs (HTTP/1.1 200) 8 headers in 296 bytes (1 switches on core 0)
2026-03-05 08:14:50.601 8 INFO placement.requestlog [req-820df819-2d53-442d-964e-04fa797ddf9f req-ce2dc57e-bb31-49e7-a256-b86ef515e03b 275da532aaf348bc9755e4bdcfe87e5c 939d8373c7ca422a8e228984fc18f85b - - 7c80608366af4977b9f9660aa372b1f7 7c80608366af4977b9f9660aa372b1f7] 10.0.0.35 "GET /allocation_candidates?limit=1000&resources=DISK_GB%3A1%2CMEMORY_MB%3A512%2CVCPU%3A1&root_required=%21COMPUTE_STATUS_DISABLED" status: 200 len: 2783 microversion: 1.36 [pid: 8|app: 0|req: 315/631] 10.0.0.35 () {34 vars in 1010 bytes} [Thu Mar 5 08:14:50 2026] GET /allocation_candidates?limit=1000&resources=DISK_GB%3A1%2CMEMORY_MB%3A512%2CVCPU%3A1&root_required=%21COMPUTE_STATUS_DISABLED => generated 2783 bytes in 53 msecs (HTTP/1.1 200) 8 headers in 297 bytes (1 switches on core 0)
2026-03-05 08:14:50.645 7 INFO placement.requestlog [req-820df819-2d53-442d-964e-04fa797ddf9f req-fce2662d-3735-4eaf-a5eb-465c95e0e668 275da532aaf348bc9755e4bdcfe87e5c 939d8373c7ca422a8e228984fc18f85b - - 7c80608366af4977b9f9660aa372b1f7 7c80608366af4977b9f9660aa372b1f7] 10.0.0.35 "GET /allocations/72234372-e030-4f11-8bb0-c45cd20e4dbe" status: 200 len: 19 microversion: 1.28 [pid: 7|app: 0|req: 317/632] 10.0.0.35 () {34 vars in 859 bytes} [Thu Mar 5 08:14:50 2026] GET /allocations/72234372-e030-4f11-8bb0-c45cd20e4dbe => generated 19 bytes in 11 msecs (HTTP/1.1 200) 8 headers in 295 bytes (1 switches on core 0)
2026-03-05 08:14:50.728 8 INFO placement.requestlog [req-820df819-2d53-442d-964e-04fa797ddf9f req-be4594f9-784c-444e-bd9c-1b25b7ed41d9 275da532aaf348bc9755e4bdcfe87e5c 939d8373c7ca422a8e228984fc18f85b - - 7c80608366af4977b9f9660aa372b1f7 7c80608366af4977b9f9660aa372b1f7] 10.0.0.35 "PUT /allocations/72234372-e030-4f11-8bb0-c45cd20e4dbe" status: 204 len: 0 microversion: 1.36 [pid: 8|app: 0|req: 316/633] 10.0.0.35 () {38 vars in 912 bytes} [Thu Mar 5 08:14:50 2026] PUT /allocations/72234372-e030-4f11-8bb0-c45cd20e4dbe => generated 0 bytes in 75 msecs (HTTP/1.1 204) 5 headers in 199 bytes (1 switches on core 0)
2026-03-05 08:14:51.184 7 INFO placement.requestlog [None req-4dcc7b31-4adb-4ed4-b13a-872d28b747d2 acc1beef0827419a89ef94fa70255673 939d8373c7ca422a8e228984fc18f85b - - 7c80608366af4977b9f9660aa372b1f7 7c80608366af4977b9f9660aa372b1f7] 10.0.0.154 "GET /resource_providers/0eda846d-65fc-4877-b4ba-f26498e9f772/aggregates" status: 404 len: 235 microversion: 1.1 [pid: 7|app: 0|req: 318/634] 10.0.0.154 () {32 vars in 815 bytes} [Thu Mar 5 08:14:51 2026] GET /resource_providers/0eda846d-65fc-4877-b4ba-f26498e9f772/aggregates => generated 235 bytes in 69 msecs (HTTP/1.1 404) 5 headers in 202 bytes (1 switches on core 0)
2026-03-05 08:14:51.197 7 INFO placement.requestlog [None req-acd45595-7df6-499d-880d-d942e9f997d4 acc1beef0827419a89ef94fa70255673 939d8373c7ca422a8e228984fc18f85b - - 7c80608366af4977b9f9660aa372b1f7 7c80608366af4977b9f9660aa372b1f7] 10.0.0.154 "DELETE /resource_providers/0eda846d-65fc-4877-b4ba-f26498e9f772" status: 404 len: 246 microversion: 1.1 [pid: 7|app: 0|req: 319/635] 10.0.0.154 () {34 vars in 815 bytes} [Thu Mar 5 08:14:51 2026] DELETE /resource_providers/0eda846d-65fc-4877-b4ba-f26498e9f772 => generated 246 bytes in 7 msecs (HTTP/1.1 404) 6 headers in 231 bytes (1 switches on core 0)
2026-03-05 08:14:51.211 8 INFO placement.requestlog [None req-ac65a13b-c63f-4463-b35a-94baec5f4bb2 acc1beef0827419a89ef94fa70255673 939d8373c7ca422a8e228984fc18f85b - - 7c80608366af4977b9f9660aa372b1f7 7c80608366af4977b9f9660aa372b1f7] 10.0.0.154 "GET /resource_providers/0eda846d-65fc-4877-b4ba-f26498e9f772/aggregates" status: 404 len: 235 microversion: 1.1 [pid: 8|app: 0|req: 317/636] 10.0.0.154 () {32 vars in 815 bytes} [Thu Mar 5 08:14:51 2026] GET /resource_providers/0eda846d-65fc-4877-b4ba-f26498e9f772/aggregates => generated 235 bytes in 73 msecs (HTTP/1.1 404) 5 headers in 202 bytes (1 switches on core 0)
2026-03-05 08:14:51.240 7 INFO placement.requestlog [None req-8d6478b2-656e-4b3b-8fea-45067accc60e acc1beef0827419a89ef94fa70255673 939d8373c7ca422a8e228984fc18f85b - - 7c80608366af4977b9f9660aa372b1f7 7c80608366af4977b9f9660aa372b1f7] 10.0.0.154 "DELETE /resource_providers/0eda846d-65fc-4877-b4ba-f26498e9f772" status: 404 len: 246 microversion: 1.1 [pid: 7|app: 0|req: 320/637] 10.0.0.154 () {34 vars in 815 bytes} [Thu Mar 5 08:14:51 2026] DELETE /resource_providers/0eda846d-65fc-4877-b4ba-f26498e9f772 => generated 246 bytes in 11 msecs (HTTP/1.1 404) 6 headers in 231 bytes (1 switches on core 0)
2026-03-05 08:14:51.609 8 INFO placement.requestlog [req-acb51c18-7de3-4550-998d-0dd5ac9e825c req-f4b8bf53-6317-4579-a405-f7423370712d 275da532aaf348bc9755e4bdcfe87e5c 939d8373c7ca422a8e228984fc18f85b - - 7c80608366af4977b9f9660aa372b1f7 7c80608366af4977b9f9660aa372b1f7] 199.204.45.22 "GET /resource_providers/1e718520-7bdf-45d2-89a0-1237fcdcbc80/allocations" status: 200 len: 252 microversion: 1.0 [pid: 8|app: 0|req: 318/638] 199.204.45.22 () {32 vars in 855 bytes} [Thu Mar 5 08:14:51 2026] GET /resource_providers/1e718520-7bdf-45d2-89a0-1237fcdcbc80/allocations => generated 252 bytes in 14 msecs (HTTP/1.1 200) 6 headers in 224 bytes (1 switches on core 0)
2026-03-05 08:14:51.626 7 INFO placement.requestlog [req-acb51c18-7de3-4550-998d-0dd5ac9e825c req-36fdab98-be0b-4ee6-b381-ff51775a9226 275da532aaf348bc9755e4bdcfe87e5c 939d8373c7ca422a8e228984fc18f85b - - 7c80608366af4977b9f9660aa372b1f7 7c80608366af4977b9f9660aa372b1f7] 199.204.45.22 "GET /allocations/72234372-e030-4f11-8bb0-c45cd20e4dbe" status: 200 len: 257 microversion: 1.28 [pid: 7|app: 0|req: 321/639] 199.204.45.22 () {34 vars in 861 bytes} [Thu Mar 5 08:14:51 2026] GET /allocations/72234372-e030-4f11-8bb0-c45cd20e4dbe => generated 257 bytes in 14 msecs (HTTP/1.1 200) 8 headers in 296 bytes (1 switches on core 0)
2026-03-05 08:14:51.643 8 INFO placement.requestlog [req-acb51c18-7de3-4550-998d-0dd5ac9e825c req-f54bcd30-04c2-40c6-90cb-64dc063a96a3 275da532aaf348bc9755e4bdcfe87e5c 939d8373c7ca422a8e228984fc18f85b - - 7c80608366af4977b9f9660aa372b1f7 7c80608366af4977b9f9660aa372b1f7] 199.204.45.22 "GET /allocations/e11a9292-ff75-40dd-8562-1d23119afa42" status: 200 len: 257 microversion: 1.28 [pid: 8|app: 0|req: 319/640] 199.204.45.22 () {34 vars in 861 bytes} [Thu Mar 5 08:14:51 2026] GET /allocations/e11a9292-ff75-40dd-8562-1d23119afa42 => generated 257 bytes in 11 msecs (HTTP/1.1 200) 8 headers in 296 bytes (1 switches on core 0)
2026-03-05 08:14:52.254 7 INFO placement.requestlog [req-820df819-2d53-442d-964e-04fa797ddf9f req-f4f44a23-a0bb-46ba-a262-cdcc4291775c 275da532aaf348bc9755e4bdcfe87e5c 939d8373c7ca422a8e228984fc18f85b - - 7c80608366af4977b9f9660aa372b1f7 7c80608366af4977b9f9660aa372b1f7] 199.204.45.22 "GET /allocations/72234372-e030-4f11-8bb0-c45cd20e4dbe" status: 200 len: 257 microversion: 1.28 [pid: 7|app: 0|req: 322/641] 199.204.45.22 () {34 vars in 861 bytes} [Thu Mar 5 08:14:52 2026] GET /allocations/72234372-e030-4f11-8bb0-c45cd20e4dbe => generated 257 bytes in 29 msecs (HTTP/1.1 200) 8 headers in 296 bytes (1 switches on core 0)
2026-03-05 08:14:53.234 7 INFO placement.requestlog [None req-9e5bed0f-e77c-479f-aff8-7caa5812a333 acc1beef0827419a89ef94fa70255673 939d8373c7ca422a8e228984fc18f85b - - 7c80608366af4977b9f9660aa372b1f7 7c80608366af4977b9f9660aa372b1f7] 10.0.0.154 "GET /resource_providers/09ed1071-2766-41e5-aa6a-638ee97da0b2/aggregates" status: 404 len: 235 microversion: 1.1 [pid: 7|app: 0|req: 323/642] 10.0.0.154 () {32 vars in 815 bytes} [Thu Mar 5 08:14:53 2026] GET /resource_providers/09ed1071-2766-41e5-aa6a-638ee97da0b2/aggregates => generated 235 bytes in 18 msecs (HTTP/1.1 404) 5 headers in 202 bytes (1 switches on core 0)
2026-03-05 08:14:53.255 7 INFO placement.requestlog [None req-54337737-c45e-410e-826b-89d539031775 acc1beef0827419a89ef94fa70255673 939d8373c7ca422a8e228984fc18f85b - - 7c80608366af4977b9f9660aa372b1f7 7c80608366af4977b9f9660aa372b1f7] 10.0.0.154 "DELETE /resource_providers/09ed1071-2766-41e5-aa6a-638ee97da0b2" status: 404 len: 246 microversion: 1.1 [pid: 7|app: 0|req: 324/643] 10.0.0.154 () {34 vars in 815 bytes} [Thu Mar 5 08:14:53 2026] DELETE /resource_providers/09ed1071-2766-41e5-aa6a-638ee97da0b2 => generated 246 bytes in 12 msecs (HTTP/1.1 404) 6 headers in 231 bytes (1 switches on core 0)
2026-03-05 08:14:53.263 7 INFO placement.requestlog [None req-92e0f213-dbf6-4e0b-80bb-a5c387cceade acc1beef0827419a89ef94fa70255673 939d8373c7ca422a8e228984fc18f85b - - 7c80608366af4977b9f9660aa372b1f7 7c80608366af4977b9f9660aa372b1f7] 10.0.0.154 "GET /resource_providers/09ed1071-2766-41e5-aa6a-638ee97da0b2/aggregates" status: 404 len: 235 microversion: 1.1 [pid: 7|app: 0|req: 325/644] 10.0.0.154 () {32 vars in 815 bytes} [Thu Mar 5 08:14:53 2026] GET /resource_providers/09ed1071-2766-41e5-aa6a-638ee97da0b2/aggregates => generated 235 bytes in 7 msecs (HTTP/1.1 404) 5 headers in 202 bytes (1 switches on core 0)
2026-03-05 08:14:53.268 8 INFO placement.requestlog [req-13163c8a-9884-46ba-939d-8f1ada163408 req-0a8e38e3-4233-4e7f-ab19-dc7dad1feebe 275da532aaf348bc9755e4bdcfe87e5c 939d8373c7ca422a8e228984fc18f85b - - 7c80608366af4977b9f9660aa372b1f7 7c80608366af4977b9f9660aa372b1f7] 10.0.0.35 "GET /allocation_candidates?limit=1000&resources=MEMORY_MB%3A512%2CVCPU%3A1&root_required=%21COMPUTE_STATUS_DISABLED" status: 200 len: 2770 microversion: 1.36 [pid: 8|app: 0|req: 320/645] 10.0.0.35 () {34 vars in 982 bytes} [Thu Mar 5 08:14:53 2026] GET /allocation_candidates?limit=1000&resources=MEMORY_MB%3A512%2CVCPU%3A1&root_required=%21COMPUTE_STATUS_DISABLED => generated 2770 bytes in 56 msecs (HTTP/1.1 200) 8 headers in 297 bytes (1 switches on core 0)
2026-03-05 08:14:53.277 7 INFO placement.requestlog [None req-6520c4f9-d4d2-46f9-9208-3eb7ac92b362 acc1beef0827419a89ef94fa70255673 939d8373c7ca422a8e228984fc18f85b - - 7c80608366af4977b9f9660aa372b1f7 7c80608366af4977b9f9660aa372b1f7] 10.0.0.154 "DELETE /resource_providers/09ed1071-2766-41e5-aa6a-638ee97da0b2" status: 404 len: 246 microversion: 1.1 [pid: 7|app: 0|req: 326/646] 10.0.0.154 () {34 vars in 815 bytes} [Thu Mar 5 08:14:53 2026] DELETE /resource_providers/09ed1071-2766-41e5-aa6a-638ee97da0b2 => generated 246 bytes in 7 msecs (HTTP/1.1 404) 6 headers in 231 bytes (1 switches on core 0)
2026-03-05 08:14:53.319 8 INFO placement.requestlog [req-13163c8a-9884-46ba-939d-8f1ada163408 req-bd74c462-3e18-4d06-8f12-4db0f2707e67 275da532aaf348bc9755e4bdcfe87e5c 939d8373c7ca422a8e228984fc18f85b - - 7c80608366af4977b9f9660aa372b1f7 7c80608366af4977b9f9660aa372b1f7] 10.0.0.35 "GET /allocations/fc95c86d-3875-4481-83d9-0170ee0c5ddc" status: 200 len: 19 microversion: 1.28 [pid: 8|app: 0|req: 321/647] 10.0.0.35 () {34 vars in 859 bytes} [Thu Mar 5 08:14:53 2026] GET /allocations/fc95c86d-3875-4481-83d9-0170ee0c5ddc => generated 19 bytes in 18 msecs (HTTP/1.1 200) 8 headers in 295 bytes (1 switches on core 0)
2026-03-05 08:14:53.404 7 INFO placement.requestlog [req-13163c8a-9884-46ba-939d-8f1ada163408 req-4921cf20-6ea3-4007-b6a6-14e25b64f737 275da532aaf348bc9755e4bdcfe87e5c 939d8373c7ca422a8e228984fc18f85b - - 7c80608366af4977b9f9660aa372b1f7 7c80608366af4977b9f9660aa372b1f7] 10.0.0.35 "PUT /allocations/fc95c86d-3875-4481-83d9-0170ee0c5ddc" status: 204 len: 0 microversion: 1.36 [pid: 7|app: 0|req: 327/648] 10.0.0.35 () {38 vars in 912 bytes} [Thu Mar 5 08:14:53 2026] PUT /allocations/fc95c86d-3875-4481-83d9-0170ee0c5ddc => generated 0 bytes in 79 msecs (HTTP/1.1 204) 5 headers in 199 bytes (1 switches on core 0)
2026-03-05 08:14:53.728 8 INFO placement.requestlog [req-820df819-2d53-442d-964e-04fa797ddf9f req-a281d0da-c9f1-43f9-99c7-1ff23e618c1c 275da532aaf348bc9755e4bdcfe87e5c 939d8373c7ca422a8e228984fc18f85b - - 7c80608366af4977b9f9660aa372b1f7 7c80608366af4977b9f9660aa372b1f7] 199.204.45.22 "GET /resource_providers/1e718520-7bdf-45d2-89a0-1237fcdcbc80/allocations" status: 200 len: 338 microversion: 1.0 [pid: 8|app: 0|req: 322/649] 199.204.45.22 () {32 vars in 855 bytes} [Thu Mar 5 08:14:53 2026] GET /resource_providers/1e718520-7bdf-45d2-89a0-1237fcdcbc80/allocations => generated 338 bytes in 24 msecs (HTTP/1.1 200) 6 headers in 224 bytes (1 switches on core 0)
2026-03-05 08:14:53.746 7 INFO placement.requestlog [req-820df819-2d53-442d-964e-04fa797ddf9f req-03102c13-053c-4601-9c12-db252d6f4f10 275da532aaf348bc9755e4bdcfe87e5c 939d8373c7ca422a8e228984fc18f85b - - 7c80608366af4977b9f9660aa372b1f7 7c80608366af4977b9f9660aa372b1f7] 199.204.45.22 "GET /allocations/fc95c86d-3875-4481-83d9-0170ee0c5ddc" status: 200 len: 243 microversion: 1.28 [pid: 7|app: 0|req: 328/650] 199.204.45.22 () {34 vars in 861 bytes} [Thu Mar 5 08:14:53 2026] GET /allocations/fc95c86d-3875-4481-83d9-0170ee0c5ddc => generated 243 bytes in 13 msecs (HTTP/1.1 200) 8 headers in 296 bytes (1 switches on core 0)
2026-03-05 08:14:53.773 8 INFO placement.requestlog [req-820df819-2d53-442d-964e-04fa797ddf9f req-11164db3-3aee-4f7a-afb5-20bb11b2ab43 275da532aaf348bc9755e4bdcfe87e5c 939d8373c7ca422a8e228984fc18f85b - - 7c80608366af4977b9f9660aa372b1f7 7c80608366af4977b9f9660aa372b1f7] 199.204.45.22 "GET /allocations/72234372-e030-4f11-8bb0-c45cd20e4dbe" status: 200 len: 257 microversion: 1.28 [pid: 8|app: 0|req: 323/651] 199.204.45.22 () {34 vars in 861 bytes} [Thu Mar 5 08:14:53 2026] GET /allocations/72234372-e030-4f11-8bb0-c45cd20e4dbe => generated 257 bytes in 21 msecs (HTTP/1.1 200) 8 headers in 296 bytes (1 switches on core 0)
2026-03-05 08:14:53.794 7 INFO placement.requestlog [req-820df819-2d53-442d-964e-04fa797ddf9f req-e2425800-5096-4c35-8156-be4fde3a2213 275da532aaf348bc9755e4bdcfe87e5c 939d8373c7ca422a8e228984fc18f85b - - 7c80608366af4977b9f9660aa372b1f7 7c80608366af4977b9f9660aa372b1f7] 199.204.45.22 "GET /allocations/e11a9292-ff75-40dd-8562-1d23119afa42" status: 200 len: 257 microversion: 1.28 [pid: 7|app: 0|req: 329/652] 199.204.45.22 () {34 vars in 861 bytes} [Thu Mar 5 08:14:53 2026] GET /allocations/e11a9292-ff75-40dd-8562-1d23119afa42 => generated 257 bytes in 14 msecs (HTTP/1.1 200) 8 headers in 296 bytes (1 switches on core 0)
2026-03-05 08:14:55.005 8 INFO placement.requestlog [req-13163c8a-9884-46ba-939d-8f1ada163408 req-eeb38528-74e8-4d94-a45f-033c1c03edf8 275da532aaf348bc9755e4bdcfe87e5c 939d8373c7ca422a8e228984fc18f85b - - 7c80608366af4977b9f9660aa372b1f7 7c80608366af4977b9f9660aa372b1f7] 199.204.45.22 "GET /allocations/fc95c86d-3875-4481-83d9-0170ee0c5ddc" status: 200 len: 243 microversion: 1.28 [pid: 8|app: 0|req: 324/653] 199.204.45.22 () {34 vars in 861 bytes} [Thu Mar 5 08:14:54 2026] GET /allocations/fc95c86d-3875-4481-83d9-0170ee0c5ddc => generated 243 bytes in 15 msecs (HTTP/1.1 200) 8 headers in 296 bytes (1 switches on core 0)
2026-03-05 08:14:56.051 7 INFO placement.requestlog [req-13163c8a-9884-46ba-939d-8f1ada163408 req-2ed0b595-91ae-449d-b728-f6c5259dc8e7 275da532aaf348bc9755e4bdcfe87e5c 939d8373c7ca422a8e228984fc18f85b - - 7c80608366af4977b9f9660aa372b1f7 7c80608366af4977b9f9660aa372b1f7] 199.204.45.22 "GET /resource_providers/1e718520-7bdf-45d2-89a0-1237fcdcbc80/allocations" status: 200 len: 338 microversion: 1.0 [pid: 7|app: 0|req: 330/654] 199.204.45.22 () {32 vars in 855 bytes} [Thu Mar 5 08:14:56 2026] GET /resource_providers/1e718520-7bdf-45d2-89a0-1237fcdcbc80/allocations => generated 338 bytes in 21 msecs (HTTP/1.1 200) 6 headers in 224 bytes (1 switches on core 0)
2026-03-05 08:14:56.067 8 INFO placement.requestlog [req-13163c8a-9884-46ba-939d-8f1ada163408 req-8ebe6892-9701-4c3e-8154-bb6a80924d4c 275da532aaf348bc9755e4bdcfe87e5c 939d8373c7ca422a8e228984fc18f85b - - 7c80608366af4977b9f9660aa372b1f7 7c80608366af4977b9f9660aa372b1f7] 199.204.45.22 "GET /allocations/fc95c86d-3875-4481-83d9-0170ee0c5ddc" status: 200 len: 243 microversion: 1.28 [pid: 8|app: 0|req: 325/655] 199.204.45.22 () {34 vars in 861 bytes} [Thu Mar 5 08:14:56 2026] GET /allocations/fc95c86d-3875-4481-83d9-0170ee0c5ddc => generated 243 bytes in 14 msecs (HTTP/1.1 200) 8 headers in 296 bytes (1 switches on core 0)
2026-03-05 08:14:56.085 7 INFO placement.requestlog [req-13163c8a-9884-46ba-939d-8f1ada163408 req-40cf834b-6a2d-4417-b3a9-ba6bf8127482 275da532aaf348bc9755e4bdcfe87e5c 939d8373c7ca422a8e228984fc18f85b - - 7c80608366af4977b9f9660aa372b1f7 7c80608366af4977b9f9660aa372b1f7] 199.204.45.22 "GET /allocations/72234372-e030-4f11-8bb0-c45cd20e4dbe" status: 200 len: 257 microversion: 1.28 [pid: 7|app: 0|req: 331/656] 199.204.45.22 () {34 vars in 861 bytes} [Thu Mar 5 08:14:56 2026] GET /allocations/72234372-e030-4f11-8bb0-c45cd20e4dbe => generated 257 bytes in 11 msecs (HTTP/1.1 200) 8 headers in 296 bytes (1 switches on core 0)
2026-03-05 08:14:56.102 8 INFO placement.requestlog [req-13163c8a-9884-46ba-939d-8f1ada163408 req-bd4f7c4b-5054-44a4-bd31-0feb7aa29f41 275da532aaf348bc9755e4bdcfe87e5c 939d8373c7ca422a8e228984fc18f85b - - 7c80608366af4977b9f9660aa372b1f7 7c80608366af4977b9f9660aa372b1f7] 199.204.45.22 "GET /allocations/e11a9292-ff75-40dd-8562-1d23119afa42" status: 200 len: 257 microversion: 1.28 [pid: 8|app: 0|req: 326/657] 199.204.45.22 () {34 vars in 861 bytes} [Thu Mar 5 08:14:56 2026] GET /allocations/e11a9292-ff75-40dd-8562-1d23119afa42 => generated 257 bytes in 13 msecs (HTTP/1.1 200) 8 headers in 296 bytes (1 switches on core 0)
2026-03-05 08:14:59.990 7 INFO placement.requestlog [None req-91d38da1-3466-4ce2-91bb-3a17265554c9 - - - - - -] 10.0.0.133 "GET /" status: 200 len: 136 microversion: 1.0
2026-03-05 08:14:59.991 8 INFO placement.requestlog [None req-c571c09d-b0d5-4a88-8c22-e8c358500963 - - - - - -] 10.0.0.133 "GET /" status: 200 len: 136 microversion: 1.0
2026-03-05 08:15:02.550 7 INFO placement.requestlog [None req-a915390d-081a-4c3d-bd6c-af20e7bd7181 acc1beef0827419a89ef94fa70255673 939d8373c7ca422a8e228984fc18f85b - - 7c80608366af4977b9f9660aa372b1f7 7c80608366af4977b9f9660aa372b1f7] 10.0.0.154 "GET /resource_providers/91378195-a8e9-451c-a19a-155cbcf84f8a/aggregates" status: 404 len: 235 microversion: 1.1 [pid: 7|app: 0|req: 333/660] 10.0.0.154 () {32 vars in 815 bytes} [Thu Mar 5 08:15:02 2026] GET /resource_providers/91378195-a8e9-451c-a19a-155cbcf84f8a/aggregates => generated 235 bytes in 13 msecs (HTTP/1.1 404) 5 headers in 202 bytes (1 switches on core 0)
2026-03-05 08:15:02.551 8 INFO placement.requestlog [None req-abc9848b-5354-45ae-91ee-1b1d63eb38d8 acc1beef0827419a89ef94fa70255673 939d8373c7ca422a8e228984fc18f85b - - 7c80608366af4977b9f9660aa372b1f7 7c80608366af4977b9f9660aa372b1f7] 10.0.0.154 "GET /resource_providers/91378195-a8e9-451c-a19a-155cbcf84f8a/aggregates" status: 404 len: 235 microversion: 1.1 [pid: 8|app: 0|req: 328/661] 10.0.0.154 () {32 vars in 815 bytes} [Thu Mar 5 08:15:02 2026] GET /resource_providers/91378195-a8e9-451c-a19a-155cbcf84f8a/aggregates => generated 235 bytes in 14 msecs (HTTP/1.1 404) 5 headers in 202 bytes (1 switches on core 0)
2026-03-05 08:15:02.867 8 INFO placement.requestlog [None req-feb18814-b972-4e75-8658-d1ca9920b1df acc1beef0827419a89ef94fa70255673 939d8373c7ca422a8e228984fc18f85b - - 7c80608366af4977b9f9660aa372b1f7 7c80608366af4977b9f9660aa372b1f7] 10.0.0.154 "GET /resource_providers/10530eaf-5bca-4e15-a018-e25877547371/aggregates" status: 404 len: 235 microversion: 1.1 [pid: 8|app: 0|req: 329/662] 10.0.0.154 () {32 vars in 815 bytes} [Thu Mar 5 08:15:02 2026] GET /resource_providers/10530eaf-5bca-4e15-a018-e25877547371/aggregates => generated 235 bytes in 311 msecs (HTTP/1.1 404) 5 headers in 202 bytes (1 switches on core 0)
2026-03-05 08:15:02.870 7 INFO placement.requestlog [None req-b1c4d34f-0b75-4798-8d8c-335aac3107fa acc1beef0827419a89ef94fa70255673 939d8373c7ca422a8e228984fc18f85b - - 7c80608366af4977b9f9660aa372b1f7 7c80608366af4977b9f9660aa372b1f7] 10.0.0.154 "GET /resource_providers/10530eaf-5bca-4e15-a018-e25877547371/aggregates" status: 404 len: 235 microversion: 1.1 [pid: 7|app: 0|req: 334/663] 10.0.0.154 () {32 vars in 815 bytes} [Thu Mar 5 08:15:02 2026] GET /resource_providers/10530eaf-5bca-4e15-a018-e25877547371/aggregates => generated 235 bytes in 319 msecs (HTTP/1.1 404) 5 headers in 202 bytes (1 switches on core 0)
2026-03-05 08:15:02.877 7 INFO placement.requestlog [None req-2fe96571-acbf-4110-a60a-cf137f19cfa8 acc1beef0827419a89ef94fa70255673 939d8373c7ca422a8e228984fc18f85b - - 7c80608366af4977b9f9660aa372b1f7 7c80608366af4977b9f9660aa372b1f7] 10.0.0.154 "DELETE /resource_providers/91378195-a8e9-451c-a19a-155cbcf84f8a" status: 404 len: 246 microversion: 1.1 [pid: 7|app: 0|req: 335/664] 10.0.0.154 () {34 vars in 815 bytes} [Thu Mar 5 08:15:02 2026] DELETE /resource_providers/91378195-a8e9-451c-a19a-155cbcf84f8a => generated 246 bytes in 6 msecs (HTTP/1.1 404) 6 headers in 231 bytes (1 switches on core 0)
2026-03-05 08:15:02.880 8 INFO placement.requestlog [None req-0551154d-b228-4848-af27-507a3ecad85f acc1beef0827419a89ef94fa70255673 939d8373c7ca422a8e228984fc18f85b - - 7c80608366af4977b9f9660aa372b1f7 7c80608366af4977b9f9660aa372b1f7] 10.0.0.154 "DELETE /resource_providers/91378195-a8e9-451c-a19a-155cbcf84f8a" status: 404 len: 246 microversion: 1.1 [pid: 8|app: 0|req: 330/665] 10.0.0.154 () {34 vars in 815 bytes} [Thu Mar 5 08:15:02 2026] DELETE /resource_providers/91378195-a8e9-451c-a19a-155cbcf84f8a => generated 246 bytes in 13 msecs (HTTP/1.1 404) 6 headers in 231 bytes (1 switches on core 0)
2026-03-05 08:15:02.887 7 INFO placement.requestlog [None req-c0751909-9825-4542-aed0-02c1d7d58fff acc1beef0827419a89ef94fa70255673 939d8373c7ca422a8e228984fc18f85b - - 7c80608366af4977b9f9660aa372b1f7 7c80608366af4977b9f9660aa372b1f7] 10.0.0.154 "DELETE /resource_providers/10530eaf-5bca-4e15-a018-e25877547371" status: 404 len: 246 microversion: 1.1 [pid: 7|app: 0|req: 336/666] 10.0.0.154 () {34 vars in 815 bytes} [Thu Mar 5 08:15:02 2026] DELETE /resource_providers/10530eaf-5bca-4e15-a018-e25877547371 => generated 246 bytes in 7 msecs (HTTP/1.1 404) 6 headers in 231 bytes (1 switches on core 0)
2026-03-05 08:15:02.889 8 INFO placement.requestlog [None req-35fac14b-149b-450e-bc9d-77c4e90a20e8 acc1beef0827419a89ef94fa70255673 939d8373c7ca422a8e228984fc18f85b - - 7c80608366af4977b9f9660aa372b1f7 7c80608366af4977b9f9660aa372b1f7] 10.0.0.154 "DELETE /resource_providers/10530eaf-5bca-4e15-a018-e25877547371" status: 404 len: 246 microversion: 1.1 [pid: 8|app: 0|req: 331/667] 10.0.0.154 () {34 vars in 815 bytes} [Thu Mar 5 08:15:02 2026] DELETE /resource_providers/10530eaf-5bca-4e15-a018-e25877547371 => generated 246 bytes in 8 msecs (HTTP/1.1 404) 6 headers in 231 bytes (1 switches on core 0)
2026-03-05 08:15:09.991 7 INFO placement.requestlog [None req-9d767ea3-8864-4403-a23d-f64ded8e1a14 - - - - - -] 10.0.0.133 "GET /" status: 200 len: 136 microversion: 1.0
2026-03-05 08:15:09.995 8 INFO placement.requestlog [None req-22331942-0476-4e0e-a86f-9680e1ab1cbb - - - - - -] 10.0.0.133 "GET /" status: 200 len: 136 microversion: 1.0
2026-03-05 08:15:11.936 7 INFO placement.requestlog [req-8f5bb08f-852e-4567-9259-72443be7a8d6 req-62c780b3-ce4e-45ac-a8e6-04f32286f9ac 275da532aaf348bc9755e4bdcfe87e5c 939d8373c7ca422a8e228984fc18f85b - - 7c80608366af4977b9f9660aa372b1f7 7c80608366af4977b9f9660aa372b1f7] 10.0.0.35 "GET /allocation_candidates?limit=1000&resources=DISK_GB%3A1%2CMEMORY_MB%3A512%2CVCPU%3A1&root_required=%21COMPUTE_STATUS_DISABLED" status: 200 len: 2784 microversion: 1.36 [pid: 7|app: 0|req: 338/670] 10.0.0.35 () {34 vars in 1010 bytes} [Thu Mar 5 08:15:11 2026] GET /allocation_candidates?limit=1000&resources=DISK_GB%3A1%2CMEMORY_MB%3A512%2CVCPU%3A1&root_required=%21COMPUTE_STATUS_DISABLED => generated 2784 bytes in 44 msecs (HTTP/1.1 200) 8 headers in 297 bytes (1 switches on core 0)
