2026-08-19 10:25:04.746 8 INFO placement.requestlog [req-42b5a9c9-7a1c-4aae-af42-013075677a46 req-15e95b80-79f1-416f-b8a7-7f6c1ce113b2 e8755b60d1c244e5a315d17324ba6102 d0892774f61a4b7dab1f8c71b9709984 - - d5f8154f7ee940d19c44846d21ba2df0 d5f8154f7ee940d19c44846d21ba2df0] 199.19.213.130 "GET /resource_providers/10262579-6dfa-4254-be81-af10d7f6bfc5/allocations" status: 200 len: 253 microversion: 1.0 [pid: 8|app: 0|req: 602/1198] 199.19.213.130 () {32 vars in 857 bytes} [Wed Aug 19 10:25:04 2026] GET /resource_providers/10262579-6dfa-4254-be81-af10d7f6bfc5/allocations => generated 253 bytes in 20 msecs (HTTP/1.1 200) 6 headers in 224 bytes (1 switches on core 0)
2026-08-19 10:25:04.769 7 INFO placement.requestlog [req-42b5a9c9-7a1c-4aae-af42-013075677a46 req-7e3a0ff1-df5c-4025-80f8-4915e735a3d9 e8755b60d1c244e5a315d17324ba6102 d0892774f61a4b7dab1f8c71b9709984 - - d5f8154f7ee940d19c44846d21ba2df0 d5f8154f7ee940d19c44846d21ba2df0] 199.19.213.130 "GET /allocations/a1982c88-c2ec-484e-a0bb-1990d0de6532" status: 200 len: 258 microversion: 1.28 [pid: 7|app: 0|req: 597/1199] 199.19.213.130 () {34 vars in 863 bytes} [Wed Aug 19 10:25:04 2026] GET /allocations/a1982c88-c2ec-484e-a0bb-1990d0de6532 => generated 258 bytes in 16 msecs (HTTP/1.1 200) 8 headers in 296 bytes (1 switches on core 0)
2026-08-19 10:25:04.786 8 INFO placement.requestlog [req-42b5a9c9-7a1c-4aae-af42-013075677a46 req-6cabf41f-1a12-4393-bc24-fc2bb618a2f9 e8755b60d1c244e5a315d17324ba6102 d0892774f61a4b7dab1f8c71b9709984 - - d5f8154f7ee940d19c44846d21ba2df0 d5f8154f7ee940d19c44846d21ba2df0] 199.19.213.130 "GET /allocations/9d92eb43-e817-4609-940b-fdb52425f2e5" status: 200 len: 258 microversion: 1.28 [pid: 8|app: 0|req: 603/1200] 199.19.213.130 () {34 vars in 863 bytes} [Wed Aug 19 10:25:04 2026] GET /allocations/9d92eb43-e817-4609-940b-fdb52425f2e5 => generated 258 bytes in 9 msecs (HTTP/1.1 200) 8 headers in 296 bytes (1 switches on core 0)
2026-08-19 10:25:06.873 7 INFO placement.requestlog [req-25fad78a-2333-4d0f-8428-ea3ae1041523 req-5578c245-be26-4221-abf2-669c0d336bd6 e8755b60d1c244e5a315d17324ba6102 d0892774f61a4b7dab1f8c71b9709984 - - d5f8154f7ee940d19c44846d21ba2df0 d5f8154f7ee940d19c44846d21ba2df0] 199.19.213.130 "GET /resource_providers/10262579-6dfa-4254-be81-af10d7f6bfc5/allocations" status: 200 len: 253 microversion: 1.0 [pid: 7|app: 0|req: 598/1201] 199.19.213.130 () {32 vars in 857 bytes} [Wed Aug 19 10:25:06 2026] GET /resource_providers/10262579-6dfa-4254-be81-af10d7f6bfc5/allocations => generated 253 bytes in 16 msecs (HTTP/1.1 200) 6 headers in 224 bytes (1 switches on core 0)
2026-08-19 10:25:06.901 8 INFO placement.requestlog [req-25fad78a-2333-4d0f-8428-ea3ae1041523 req-ed31758c-b515-488a-846c-3a346903d50f e8755b60d1c244e5a315d17324ba6102 d0892774f61a4b7dab1f8c71b9709984 - - d5f8154f7ee940d19c44846d21ba2df0 d5f8154f7ee940d19c44846d21ba2df0] 199.19.213.130 "GET /resource_providers/10262579-6dfa-4254-be81-af10d7f6bfc5/allocations" status: 200 len: 253 microversion: 1.0 [pid: 8|app: 0|req: 604/1202] 199.19.213.130 () {32 vars in 857 bytes} [Wed Aug 19 10:25:06 2026] GET /resource_providers/10262579-6dfa-4254-be81-af10d7f6bfc5/allocations => generated 253 bytes in 18 msecs (HTTP/1.1 200) 6 headers in 224 bytes (1 switches on core 0)
2026-08-19 10:25:06.925 7 INFO placement.requestlog [req-25fad78a-2333-4d0f-8428-ea3ae1041523 req-b45add21-a05f-4804-96ae-8cfd18c46052 e8755b60d1c244e5a315d17324ba6102 d0892774f61a4b7dab1f8c71b9709984 - - d5f8154f7ee940d19c44846d21ba2df0 d5f8154f7ee940d19c44846d21ba2df0] 199.19.213.130 "GET /allocations/a1982c88-c2ec-484e-a0bb-1990d0de6532" status: 200 len: 258 microversion: 1.28 [pid: 7|app: 0|req: 599/1203] 199.19.213.130 () {34 vars in 863 bytes} [Wed Aug 19 10:25:06 2026] GET /allocations/a1982c88-c2ec-484e-a0bb-1990d0de6532 => generated 258 bytes in 17 msecs (HTTP/1.1 200) 8 headers in 296 bytes (1 switches on core 0)
2026-08-19 10:25:06.945 8 INFO placement.requestlog [req-25fad78a-2333-4d0f-8428-ea3ae1041523 req-2bd4a528-75a1-48d5-9eaa-fc7231f8206c e8755b60d1c244e5a315d17324ba6102 d0892774f61a4b7dab1f8c71b9709984 - - d5f8154f7ee940d19c44846d21ba2df0 d5f8154f7ee940d19c44846d21ba2df0] 199.19.213.130 "GET /allocations/9d92eb43-e817-4609-940b-fdb52425f2e5" status: 200 len: 258 microversion: 1.28 [pid: 8|app: 0|req: 605/1204] 199.19.213.130 () {34 vars in 863 bytes} [Wed Aug 19 10:25:06 2026] GET /allocations/9d92eb43-e817-4609-940b-fdb52425f2e5 => generated 258 bytes in 13 msecs (HTTP/1.1 200) 8 headers in 296 bytes (1 switches on core 0)
2026-08-19 10:25:12.279 7 INFO placement.requestlog [None req-63748673-dd11-44dd-b922-960c41b0824b - - - - - -] 10.0.0.199 "GET /" status: 200 len: 136 microversion: 1.0
2026-08-19 10:25:12.279 8 INFO placement.requestlog [None req-7354217b-c61f-4cad-8452-b511d68ae2ca - - - - - -] 10.0.0.199 "GET /" status: 200 len: 136 microversion: 1.0
2026-08-19 10:25:22.278 7 INFO placement.requestlog [None req-36d8ce30-1d2f-4f21-9e35-e63cf3a3ec77 - - - - - -] 10.0.0.199 "GET /" status: 200 len: 136 microversion: 1.0
2026-08-19 10:25:22.278 8 INFO placement.requestlog [None req-dd47dae0-d4a5-4465-a31f-283fb4d647c0 - - - - - -] 10.0.0.199 "GET /" status: 200 len: 136 microversion: 1.0
2026-08-19 10:25:32.279 8 INFO placement.requestlog [None req-0bb25f7f-81ec-4ae0-80fa-cc92fd6d8512 - - - - - -] 10.0.0.199 "GET /" status: 200 len: 136 microversion: 1.0
2026-08-19 10:25:32.280 7 INFO placement.requestlog [None req-d07ecd93-1258-4778-9366-47709976bc96 - - - - - -] 10.0.0.199 "GET /" status: 200 len: 136 microversion: 1.0
2026-08-19 10:25:42.278 7 INFO placement.requestlog [None req-ea25f318-e7e7-465b-966e-86737272fe16 - - - - - -] 10.0.0.199 "GET /" status: 200 len: 136 microversion: 1.0
2026-08-19 10:25:42.279 8 INFO placement.requestlog [None req-2aca31fd-fcff-4fc8-b8e6-37dc1cd168c5 - - - - - -] 10.0.0.199 "GET /" status: 200 len: 136 microversion: 1.0
2026-08-19 10:25:52.279 7 INFO placement.requestlog [None req-b87442f0-846f-494e-8651-5f77bc5cdfb5 - - - - - -] 10.0.0.199 "GET /" status: 200 len: 136 microversion: 1.0
2026-08-19 10:25:52.280 8 INFO placement.requestlog [None req-36d89b04-f8a5-49e2-96ac-7f2928b00f5f - - - - - -] 10.0.0.199 "GET /" status: 200 len: 136 microversion: 1.0
2026-08-19 10:25:54.107 7 INFO placement.requestlog [req-01b779c1-1366-4f4a-afdf-10673e662b5d req-04845f2a-a519-4409-81b7-b34ebc3d6e70 e8755b60d1c244e5a315d17324ba6102 d0892774f61a4b7dab1f8c71b9709984 - - d5f8154f7ee940d19c44846d21ba2df0 d5f8154f7ee940d19c44846d21ba2df0] 10.0.0.252 "GET /allocation_candidates?limit=1000&resources=MEMORY_MB%3A2048%2CVCPU%3A2&root_required=%21COMPUTE_STATUS_DISABLED" status: 200 len: 2432 microversion: 1.36 [pid: 7|app: 0|req: 605/1215] 10.0.0.252 () {34 vars in 986 bytes} [Wed Aug 19 10:25:54 2026] GET /allocation_candidates?limit=1000&resources=MEMORY_MB%3A2048%2CVCPU%3A2&root_required=%21COMPUTE_STATUS_DISABLED => generated 2432 bytes in 36 msecs (HTTP/1.1 200) 8 headers in 297 bytes (1 switches on core 0)
2026-08-19 10:25:54.138 8 INFO placement.requestlog [req-01b779c1-1366-4f4a-afdf-10673e662b5d req-3013c987-f3cc-4919-bbfc-f9750bdab141 e8755b60d1c244e5a315d17324ba6102 d0892774f61a4b7dab1f8c71b9709984 - - d5f8154f7ee940d19c44846d21ba2df0 d5f8154f7ee940d19c44846d21ba2df0] 10.0.0.252 "GET /allocations/b1457844-eea8-4362-bd31-e2fd8fa6bd4c" status: 200 len: 19 microversion: 1.28 [pid: 8|app: 0|req: 611/1216] 10.0.0.252 () {34 vars in 861 bytes} [Wed Aug 19 10:25:54 2026] GET /allocations/b1457844-eea8-4362-bd31-e2fd8fa6bd4c => generated 19 bytes in 12 msecs (HTTP/1.1 200) 8 headers in 295 bytes (1 switches on core 0)
2026-08-19 10:25:54.199 7 INFO placement.requestlog [req-01b779c1-1366-4f4a-afdf-10673e662b5d req-39cc3591-b162-482e-8d08-a3211fc6c03f e8755b60d1c244e5a315d17324ba6102 d0892774f61a4b7dab1f8c71b9709984 - - d5f8154f7ee940d19c44846d21ba2df0 d5f8154f7ee940d19c44846d21ba2df0] 10.0.0.252 "PUT /allocations/b1457844-eea8-4362-bd31-e2fd8fa6bd4c" status: 204 len: 0 microversion: 1.36 [pid: 7|app: 0|req: 606/1217] 10.0.0.252 () {38 vars in 914 bytes} [Wed Aug 19 10:25:54 2026] PUT /allocations/b1457844-eea8-4362-bd31-e2fd8fa6bd4c => generated 0 bytes in 57 msecs (HTTP/1.1 204) 5 headers in 199 bytes (1 switches on core 0)
2026-08-19 10:25:55.744 8 INFO placement.requestlog [req-01b779c1-1366-4f4a-afdf-10673e662b5d req-2f331353-a140-491d-acb6-219d8fd4c6e8 e8755b60d1c244e5a315d17324ba6102 d0892774f61a4b7dab1f8c71b9709984 - - d5f8154f7ee940d19c44846d21ba2df0 d5f8154f7ee940d19c44846d21ba2df0] 199.19.213.130 "GET /allocations/b1457844-eea8-4362-bd31-e2fd8fa6bd4c" status: 200 len: 245 microversion: 1.28 [pid: 8|app: 0|req: 612/1218] 199.19.213.130 () {34 vars in 863 bytes} [Wed Aug 19 10:25:55 2026] GET /allocations/b1457844-eea8-4362-bd31-e2fd8fa6bd4c => generated 245 bytes in 15 msecs (HTTP/1.1 200) 8 headers in 296 bytes (1 switches on core 0)
2026-08-19 10:25:56.782 7 INFO placement.requestlog [req-01b779c1-1366-4f4a-afdf-10673e662b5d req-3db951ae-fd2e-4656-8ee5-459140f6bb95 e8755b60d1c244e5a315d17324ba6102 d0892774f61a4b7dab1f8c71b9709984 - - d5f8154f7ee940d19c44846d21ba2df0 d5f8154f7ee940d19c44846d21ba2df0] 199.19.213.130 "GET /resource_providers/10262579-6dfa-4254-be81-af10d7f6bfc5/allocations" status: 200 len: 340 microversion: 1.0 [pid: 7|app: 0|req: 607/1219] 199.19.213.130 () {32 vars in 857 bytes} [Wed Aug 19 10:25:56 2026] GET /resource_providers/10262579-6dfa-4254-be81-af10d7f6bfc5/allocations => generated 340 bytes in 16 msecs (HTTP/1.1 200) 6 headers in 224 bytes (1 switches on core 0)
2026-08-19 10:25:56.801 8 INFO placement.requestlog [req-01b779c1-1366-4f4a-afdf-10673e662b5d req-ae11be74-15e3-4938-a93b-5838da4ee4b3 e8755b60d1c244e5a315d17324ba6102 d0892774f61a4b7dab1f8c71b9709984 - - d5f8154f7ee940d19c44846d21ba2df0 d5f8154f7ee940d19c44846d21ba2df0] 199.19.213.130 "GET /allocations/a1982c88-c2ec-484e-a0bb-1990d0de6532" status: 200 len: 258 microversion: 1.28 [pid: 8|app: 0|req: 613/1220] 199.19.213.130 () {34 vars in 863 bytes} [Wed Aug 19 10:25:56 2026] GET /allocations/a1982c88-c2ec-484e-a0bb-1990d0de6532 => generated 258 bytes in 13 msecs (HTTP/1.1 200) 8 headers in 296 bytes (1 switches on core 0)
2026-08-19 10:25:56.822 7 INFO placement.requestlog [req-01b779c1-1366-4f4a-afdf-10673e662b5d req-5bd995be-cd39-4b1b-b1ea-b1b0ccd67f88 e8755b60d1c244e5a315d17324ba6102 d0892774f61a4b7dab1f8c71b9709984 - - d5f8154f7ee940d19c44846d21ba2df0 d5f8154f7ee940d19c44846d21ba2df0] 199.19.213.130 "GET /allocations/b1457844-eea8-4362-bd31-e2fd8fa6bd4c" status: 200 len: 245 microversion: 1.28 [pid: 7|app: 0|req: 608/1221] 199.19.213.130 () {34 vars in 863 bytes} [Wed Aug 19 10:25:56 2026] GET /allocations/b1457844-eea8-4362-bd31-e2fd8fa6bd4c => generated 245 bytes in 13 msecs (HTTP/1.1 200) 8 headers in 296 bytes (1 switches on core 0)
2026-08-19 10:25:56.845 8 INFO placement.requestlog [req-01b779c1-1366-4f4a-afdf-10673e662b5d req-5b816625-02b5-4136-9473-48b91692deaf e8755b60d1c244e5a315d17324ba6102 d0892774f61a4b7dab1f8c71b9709984 - - d5f8154f7ee940d19c44846d21ba2df0 d5f8154f7ee940d19c44846d21ba2df0] 199.19.213.130 "GET /allocations/9d92eb43-e817-4609-940b-fdb52425f2e5" status: 200 len: 258 microversion: 1.28 [pid: 8|app: 0|req: 614/1222] 199.19.213.130 () {34 vars in 863 bytes} [Wed Aug 19 10:25:56 2026] GET /allocations/9d92eb43-e817-4609-940b-fdb52425f2e5 => generated 258 bytes in 15 msecs (HTTP/1.1 200) 8 headers in 296 bytes (1 switches on core 0)
2026-08-19 10:26:02.278 7 INFO placement.requestlog [None req-39eb6a02-c43e-4436-8e61-440f9f555f51 - - - - - -] 10.0.0.199 "GET /" status: 200 len: 136 microversion: 1.0
2026-08-19 10:26:02.279 8 INFO placement.requestlog [None req-acf3eba4-f643-4ece-b295-9ad973ad1ad9 - - - - - -] 10.0.0.199 "GET /" status: 200 len: 136 microversion: 1.0
2026-08-19 10:26:07.509 7 INFO placement.requestlog [req-3fc7f950-e238-4ea8-8989-873443c70c10 req-7f45eb1a-4ae7-4ef1-b88a-64ef83d80ae7 e8755b60d1c244e5a315d17324ba6102 d0892774f61a4b7dab1f8c71b9709984 - - d5f8154f7ee940d19c44846d21ba2df0 d5f8154f7ee940d19c44846d21ba2df0] 199.19.213.130 "GET /resource_providers/10262579-6dfa-4254-be81-af10d7f6bfc5/allocations" status: 200 len: 340 microversion: 1.0 [pid: 7|app: 0|req: 610/1225] 199.19.213.130 () {32 vars in 857 bytes} [Wed Aug 19 10:26:07 2026] GET /resource_providers/10262579-6dfa-4254-be81-af10d7f6bfc5/allocations => generated 340 bytes in 20 msecs (HTTP/1.1 200) 6 headers in 224 bytes (1 switches on core 0)
2026-08-19 10:26:07.539 8 INFO placement.requestlog [req-3fc7f950-e238-4ea8-8989-873443c70c10 req-b7f44a1b-8633-4918-85c2-9eff407256ae e8755b60d1c244e5a315d17324ba6102 d0892774f61a4b7dab1f8c71b9709984 - - d5f8154f7ee940d19c44846d21ba2df0 d5f8154f7ee940d19c44846d21ba2df0] 199.19.213.130 "GET /resource_providers/10262579-6dfa-4254-be81-af10d7f6bfc5/allocations" status: 200 len: 340 microversion: 1.0 [pid: 8|app: 0|req: 616/1226] 199.19.213.130 () {32 vars in 857 bytes} [Wed Aug 19 10:26:07 2026] GET /resource_providers/10262579-6dfa-4254-be81-af10d7f6bfc5/allocations => generated 340 bytes in 23 msecs (HTTP/1.1 200) 6 headers in 224 bytes (1 switches on core 0)
2026-08-19 10:26:07.560 7 INFO placement.requestlog [req-3fc7f950-e238-4ea8-8989-873443c70c10 req-58e9e712-df44-4323-af1f-9ea61cc51c81 e8755b60d1c244e5a315d17324ba6102 d0892774f61a4b7dab1f8c71b9709984 - - d5f8154f7ee940d19c44846d21ba2df0 d5f8154f7ee940d19c44846d21ba2df0] 199.19.213.130 "GET /allocations/a1982c88-c2ec-484e-a0bb-1990d0de6532" status: 200 len: 258 microversion: 1.28 [pid: 7|app: 0|req: 611/1227] 199.19.213.130 () {34 vars in 863 bytes} [Wed Aug 19 10:26:07 2026] GET /allocations/a1982c88-c2ec-484e-a0bb-1990d0de6532 => generated 258 bytes in 17 msecs (HTTP/1.1 200) 8 headers in 296 bytes (1 switches on core 0)
2026-08-19 10:26:07.581 8 INFO placement.requestlog [req-3fc7f950-e238-4ea8-8989-873443c70c10 req-56489a1a-09b2-4760-9389-0f61cc2bb52b e8755b60d1c244e5a315d17324ba6102 d0892774f61a4b7dab1f8c71b9709984 - - d5f8154f7ee940d19c44846d21ba2df0 d5f8154f7ee940d19c44846d21ba2df0] 199.19.213.130 "GET /allocations/b1457844-eea8-4362-bd31-e2fd8fa6bd4c" status: 200 len: 245 microversion: 1.28 [pid: 8|app: 0|req: 617/1228] 199.19.213.130 () {34 vars in 863 bytes} [Wed Aug 19 10:26:07 2026] GET /allocations/b1457844-eea8-4362-bd31-e2fd8fa6bd4c => generated 245 bytes in 15 msecs (HTTP/1.1 200) 8 headers in 296 bytes (1 switches on core 0)
2026-08-19 10:26:07.603 7 INFO placement.requestlog [req-3fc7f950-e238-4ea8-8989-873443c70c10 req-cdefd6ac-bf63-41b9-bc07-cd7b4a2d7776 e8755b60d1c244e5a315d17324ba6102 d0892774f61a4b7dab1f8c71b9709984 - - d5f8154f7ee940d19c44846d21ba2df0 d5f8154f7ee940d19c44846d21ba2df0] 199.19.213.130 "GET /allocations/9d92eb43-e817-4609-940b-fdb52425f2e5" status: 200 len: 258 microversion: 1.28 [pid: 7|app: 0|req: 612/1229] 199.19.213.130 () {34 vars in 863 bytes} [Wed Aug 19 10:26:07 2026] GET /allocations/9d92eb43-e817-4609-940b-fdb52425f2e5 => generated 258 bytes in 14 msecs (HTTP/1.1 200) 8 headers in 296 bytes (1 switches on core 0)
2026-08-19 10:26:12.279 8 INFO placement.requestlog [None req-741a20e0-1b81-403e-9496-bc4d6fafdd56 - - - - - -] 10.0.0.199 "GET /" status: 200 len: 136 microversion: 1.0
2026-08-19 10:26:12.279 7 INFO placement.requestlog [None req-b6f0a226-f81b-4564-99d0-2341d2faf1ea - - - - - -] 10.0.0.199 "GET /" status: 200 len: 136 microversion: 1.0
2026-08-19 10:26:22.278 7 INFO placement.requestlog [None req-264d16eb-cdbc-4f32-bfb9-df389f024bf6 - - - - - -] 10.0.0.199 "GET /" status: 200 len: 136 microversion: 1.0
2026-08-19 10:26:22.279 8 INFO placement.requestlog [None req-6d1528f3-a5d7-4ff0-9785-262b2041d6f1 - - - - - -] 10.0.0.199 "GET /" status: 200 len: 136 microversion: 1.0
2026-08-19 10:26:32.278 8 INFO placement.requestlog [None req-0d531d94-da20-42d7-8097-26135294ba0a - - - - - -] 10.0.0.199 "GET /" status: 200 len: 136 microversion: 1.0
2026-08-19 10:26:32.279 7 INFO placement.requestlog [None req-69da32c7-638d-4c4a-824e-9957c3cc3ebb - - - - - -] 10.0.0.199 "GET /" status: 200 len: 136 microversion: 1.0
2026-08-19 10:26:42.280 7 INFO placement.requestlog [None req-16960f98-0c8b-4fac-acaa-ed77fe448af5 - - - - - -] 10.0.0.199 "GET /" status: 200 len: 136 microversion: 1.0
2026-08-19 10:26:42.280 8 INFO placement.requestlog [None req-ae1de261-326d-446c-93db-c143f10b8aec - - - - - -] 10.0.0.199 "GET /" status: 200 len: 136 microversion: 1.0
2026-08-19 10:26:52.279 7 INFO placement.requestlog [None req-1e7d529d-8035-46db-9f8c-440b874ad84a - - - - - -] 10.0.0.199 "GET /" status: 200 len: 136 microversion: 1.0
2026-08-19 10:26:52.279 8 INFO placement.requestlog [None req-28893323-636a-4b87-b093-79d8c02b4133 - - - - - -] 10.0.0.199 "GET /" status: 200 len: 136 microversion: 1.0
2026-08-19 10:27:02.279 8 INFO placement.requestlog [None req-843b46e7-7924-40aa-9515-9f7b4637e8d7 - - - - - -] 10.0.0.199 "GET /" status: 200 len: 136 microversion: 1.0
2026-08-19 10:27:02.279 7 INFO placement.requestlog [None req-1ddeaa73-63f8-4ae5-8f94-ff78b90e14c6 - - - - - -] 10.0.0.199 "GET /" status: 200 len: 136 microversion: 1.0
2026-08-19 10:27:08.529 8 INFO placement.requestlog [req-17836c80-7363-42b8-873b-d5416d8e32df req-ac5c726a-a189-4fb3-825a-3d4ea64669fd e8755b60d1c244e5a315d17324ba6102 d0892774f61a4b7dab1f8c71b9709984 - - d5f8154f7ee940d19c44846d21ba2df0 d5f8154f7ee940d19c44846d21ba2df0] 199.19.213.130 "GET /resource_providers/10262579-6dfa-4254-be81-af10d7f6bfc5/allocations" status: 200 len: 340 microversion: 1.0 [pid: 8|app: 0|req: 624/1242] 199.19.213.130 () {32 vars in 857 bytes} [Wed Aug 19 10:27:08 2026] GET /resource_providers/10262579-6dfa-4254-be81-af10d7f6bfc5/allocations => generated 340 bytes in 28 msecs (HTTP/1.1 200) 6 headers in 224 bytes (1 switches on core 0)
2026-08-19 10:27:08.561 7 INFO placement.requestlog [req-17836c80-7363-42b8-873b-d5416d8e32df req-d3d9a350-dcfe-4bbb-af80-e025ceaafd03 e8755b60d1c244e5a315d17324ba6102 d0892774f61a4b7dab1f8c71b9709984 - - d5f8154f7ee940d19c44846d21ba2df0 d5f8154f7ee940d19c44846d21ba2df0] 199.19.213.130 "GET /resource_providers/10262579-6dfa-4254-be81-af10d7f6bfc5/allocations" status: 200 len: 340 microversion: 1.0 [pid: 7|app: 0|req: 619/1243] 199.19.213.130 () {32 vars in 857 bytes} [Wed Aug 19 10:27:08 2026] GET /resource_providers/10262579-6dfa-4254-be81-af10d7f6bfc5/allocations => generated 340 bytes in 20 msecs (HTTP/1.1 200) 6 headers in 224 bytes (1 switches on core 0)
2026-08-19 10:27:08.585 8 INFO placement.requestlog [req-17836c80-7363-42b8-873b-d5416d8e32df req-cb19f79a-201d-4ce4-bfdf-6b0f9b78832e e8755b60d1c244e5a315d17324ba6102 d0892774f61a4b7dab1f8c71b9709984 - - d5f8154f7ee940d19c44846d21ba2df0 d5f8154f7ee940d19c44846d21ba2df0] 199.19.213.130 "GET /allocations/a1982c88-c2ec-484e-a0bb-1990d0de6532" status: 200 len: 258 microversion: 1.28 [pid: 8|app: 0|req: 625/1244] 199.19.213.130 () {34 vars in 863 bytes} [Wed Aug 19 10:27:08 2026] GET /allocations/a1982c88-c2ec-484e-a0bb-1990d0de6532 => generated 258 bytes in 21 msecs (HTTP/1.1 200) 8 headers in 296 bytes (1 switches on core 0)
2026-08-19 10:27:08.603 7 INFO placement.requestlog [req-17836c80-7363-42b8-873b-d5416d8e32df req-93add0af-c867-4864-bcdb-69b8da2ae699 e8755b60d1c244e5a315d17324ba6102 d0892774f61a4b7dab1f8c71b9709984 - - d5f8154f7ee940d19c44846d21ba2df0 d5f8154f7ee940d19c44846d21ba2df0] 199.19.213.130 "GET /allocations/b1457844-eea8-4362-bd31-e2fd8fa6bd4c" status: 200 len: 245 microversion: 1.28 [pid: 7|app: 0|req: 620/1245] 199.19.213.130 () {34 vars in 863 bytes} [Wed Aug 19 10:27:08 2026] GET /allocations/b1457844-eea8-4362-bd31-e2fd8fa6bd4c => generated 245 bytes in 13 msecs (HTTP/1.1 200) 8 headers in 296 bytes (1 switches on core 0)
2026-08-19 10:27:08.621 8 INFO placement.requestlog [req-17836c80-7363-42b8-873b-d5416d8e32df req-94879dc8-72ad-4a38-8e2d-1ea6d58b7803 e8755b60d1c244e5a315d17324ba6102 d0892774f61a4b7dab1f8c71b9709984 - - d5f8154f7ee940d19c44846d21ba2df0 d5f8154f7ee940d19c44846d21ba2df0] 199.19.213.130 "GET /allocations/9d92eb43-e817-4609-940b-fdb52425f2e5" status: 200 len: 258 microversion: 1.28 [pid: 8|app: 0|req: 626/1246] 199.19.213.130 () {34 vars in 863 bytes} [Wed Aug 19 10:27:08 2026] GET /allocations/9d92eb43-e817-4609-940b-fdb52425f2e5 => generated 258 bytes in 12 msecs (HTTP/1.1 200) 8 headers in 296 bytes (1 switches on core 0)
2026-08-19 10:27:12.279 7 INFO placement.requestlog [None req-1b4b06c3-8255-4459-a83d-831c417e2194 - - - - - -] 10.0.0.199 "GET /" status: 200 len: 136 microversion: 1.0
2026-08-19 10:27:12.279 8 INFO placement.requestlog [None req-38260379-6f14-4ee0-8100-7986a9db0b4b - - - - - -] 10.0.0.199 "GET /" status: 200 len: 136 microversion: 1.0
2026-08-19 10:27:22.279 7 INFO placement.requestlog [None req-59afd6ea-a86a-46fe-bb9e-35feb12aaecd - - - - - -] 10.0.0.199 "GET /" status: 200 len: 136 microversion: 1.0
2026-08-19 10:27:22.279 8 INFO placement.requestlog [None req-2c7afa69-a95c-4b80-ab4c-e25dded7f665 - - - - - -] 10.0.0.199 "GET /" status: 200 len: 136 microversion: 1.0
2026-08-19 10:27:32.279 8 INFO placement.requestlog [None req-857275fc-f8e8-42ea-83f2-ff1180bf7411 - - - - - -] 10.0.0.199 "GET /" status: 200 len: 136 microversion: 1.0
2026-08-19 10:27:32.279 7 INFO placement.requestlog [None req-1a264711-b12d-427b-b0b8-5472b29685f5 - - - - - -] 10.0.0.199 "GET /" status: 200 len: 136 microversion: 1.0
2026-08-19 10:27:42.279 8 INFO placement.requestlog [None req-93810276-866e-446c-986c-0cc5e444ef8d - - - - - -] 10.0.0.199 "GET /" status: 200 len: 136 microversion: 1.0
2026-08-19 10:27:42.279 7 INFO placement.requestlog [None req-3c1a7456-0150-4239-a3c6-32ee4146db4f - - - - - -] 10.0.0.199 "GET /" status: 200 len: 136 microversion: 1.0
2026-08-19 10:27:52.279 7 INFO placement.requestlog [None req-4383818f-f354-4c70-a236-ff9c6a3aef61 - - - - - -] 10.0.0.199 "GET /" status: 200 len: 136 microversion: 1.0
2026-08-19 10:27:52.281 8 INFO placement.requestlog [None req-2279fd3b-f5fd-4d0f-a3e4-2522b14231f8 - - - - - -] 10.0.0.199 "GET /" status: 200 len: 136 microversion: 1.0
2026-08-19 10:28:02.279 8 INFO placement.requestlog [None req-f0eeea15-5f07-4fb0-b155-1210f2424e51 - - - - - -] 10.0.0.199 "GET /" status: 200 len: 136 microversion: 1.0
2026-08-19 10:28:02.279 7 INFO placement.requestlog [None req-ffda5bac-3cfc-4bbe-a7ad-4769d227b81a - - - - - -] 10.0.0.199 "GET /" status: 200 len: 136 microversion: 1.0
2026-08-19 10:28:12.060 7 INFO placement.requestlog [req-da9d85ce-830b-45ec-99ea-8a5fd0d67c0a req-d48080fb-175e-4191-8ef7-7719f5030fca e8755b60d1c244e5a315d17324ba6102 d0892774f61a4b7dab1f8c71b9709984 - - d5f8154f7ee940d19c44846d21ba2df0 d5f8154f7ee940d19c44846d21ba2df0] 199.19.213.130 "GET /resource_providers/10262579-6dfa-4254-be81-af10d7f6bfc5/allocations" status: 200 len: 340 microversion: 1.0 [pid: 7|app: 0|req: 627/1259] 199.19.213.130 () {32 vars in 857 bytes} [Wed Aug 19 10:28:12 2026] GET /resource_providers/10262579-6dfa-4254-be81-af10d7f6bfc5/allocations => generated 340 bytes in 18 msecs (HTTP/1.1 200) 6 headers in 224 bytes (1 switches on core 0)
2026-08-19 10:28:12.086 8 INFO placement.requestlog [req-da9d85ce-830b-45ec-99ea-8a5fd0d67c0a req-82c1f886-cadf-4577-874c-f076d54fc23a e8755b60d1c244e5a315d17324ba6102 d0892774f61a4b7dab1f8c71b9709984 - - d5f8154f7ee940d19c44846d21ba2df0 d5f8154f7ee940d19c44846d21ba2df0] 199.19.213.130 "GET /resource_providers/10262579-6dfa-4254-be81-af10d7f6bfc5/allocations" status: 200 len: 340 microversion: 1.0 [pid: 8|app: 0|req: 633/1260] 199.19.213.130 () {32 vars in 857 bytes} [Wed Aug 19 10:28:12 2026] GET /resource_providers/10262579-6dfa-4254-be81-af10d7f6bfc5/allocations => generated 340 bytes in 19 msecs (HTTP/1.1 200) 6 headers in 224 bytes (1 switches on core 0)
2026-08-19 10:28:12.109 7 INFO placement.requestlog [req-da9d85ce-830b-45ec-99ea-8a5fd0d67c0a req-71cfe82d-d05a-4b3a-8ad2-9ea3642d2ff9 e8755b60d1c244e5a315d17324ba6102 d0892774f61a4b7dab1f8c71b9709984 - - d5f8154f7ee940d19c44846d21ba2df0 d5f8154f7ee940d19c44846d21ba2df0] 199.19.213.130 "GET /allocations/a1982c88-c2ec-484e-a0bb-1990d0de6532" status: 200 len: 258 microversion: 1.28 [pid: 7|app: 0|req: 628/1261] 199.19.213.130 () {34 vars in 863 bytes} [Wed Aug 19 10:28:12 2026] GET /allocations/a1982c88-c2ec-484e-a0bb-1990d0de6532 => generated 258 bytes in 18 msecs (HTTP/1.1 200) 8 headers in 296 bytes (1 switches on core 0)
2026-08-19 10:28:12.127 8 INFO placement.requestlog [req-da9d85ce-830b-45ec-99ea-8a5fd0d67c0a req-fa7d1762-5b75-42fc-8b6a-a14d2de826dd e8755b60d1c244e5a315d17324ba6102 d0892774f61a4b7dab1f8c71b9709984 - - d5f8154f7ee940d19c44846d21ba2df0 d5f8154f7ee940d19c44846d21ba2df0] 199.19.213.130 "GET /allocations/b1457844-eea8-4362-bd31-e2fd8fa6bd4c" status: 200 len: 245 microversion: 1.28 [pid: 8|app: 0|req: 634/1262] 199.19.213.130 () {34 vars in 863 bytes} [Wed Aug 19 10:28:12 2026] GET /allocations/b1457844-eea8-4362-bd31-e2fd8fa6bd4c => generated 245 bytes in 12 msecs (HTTP/1.1 200) 8 headers in 296 bytes (1 switches on core 0)
2026-08-19 10:28:12.148 7 INFO placement.requestlog [req-da9d85ce-830b-45ec-99ea-8a5fd0d67c0a req-cb4fa196-d873-412f-a41c-ee0fa45c0d31 e8755b60d1c244e5a315d17324ba6102 d0892774f61a4b7dab1f8c71b9709984 - - d5f8154f7ee940d19c44846d21ba2df0 d5f8154f7ee940d19c44846d21ba2df0] 199.19.213.130 "GET /allocations/9d92eb43-e817-4609-940b-fdb52425f2e5" status: 200 len: 258 microversion: 1.28 [pid: 7|app: 0|req: 629/1263] 199.19.213.130 () {34 vars in 863 bytes} [Wed Aug 19 10:28:12 2026] GET /allocations/9d92eb43-e817-4609-940b-fdb52425f2e5 => generated 258 bytes in 15 msecs (HTTP/1.1 200) 8 headers in 296 bytes (1 switches on core 0)
2026-08-19 10:28:12.279 8 INFO placement.requestlog [None req-eeffb47b-5c51-4b6c-981b-1ebf0dc09694 - - - - - -] 10.0.0.199 "GET /" status: 200 len: 136 microversion: 1.0
2026-08-19 10:28:12.280 7 INFO placement.requestlog [None req-691f01cf-57fc-4ae1-a4d7-6ede0f24203d - - - - - -] 10.0.0.199 "GET /" status: 200 len: 136 microversion: 1.0
2026-08-19 10:28:22.279 7 INFO placement.requestlog [None req-f38f83c1-2f75-4e84-94a4-a17923d312a6 - - - - - -] 10.0.0.199 "GET /" status: 200 len: 136 microversion: 1.0
2026-08-19 10:28:22.279 8 INFO placement.requestlog [None req-a100b6ef-7871-4f89-b09f-ec84eaec0e2b - - - - - -] 10.0.0.199 "GET /" status: 200 len: 136 microversion: 1.0
2026-08-19 10:28:32.278 8 INFO placement.requestlog [None req-d2544893-980c-4a63-823f-eb93872bab8d - - - - - -] 10.0.0.199 "GET /" status: 200 len: 136 microversion: 1.0
2026-08-19 10:28:32.279 7 INFO placement.requestlog [None req-138f02a2-cda9-4959-870c-b882f12c6f11 - - - - - -] 10.0.0.199 "GET /" status: 200 len: 136 microversion: 1.0
2026-08-19 10:28:42.279 7 INFO placement.requestlog [None req-ef1889d3-e35e-4b3e-91f3-bda7b58c1973 - - - - - -] 10.0.0.199 "GET /" status: 200 len: 136 microversion: 1.0
2026-08-19 10:28:42.279 8 INFO placement.requestlog [None req-a9f88df6-3569-46bd-a86c-9f62c96b02f6 - - - - - -] 10.0.0.199 "GET /" status: 200 len: 136 microversion: 1.0
2026-08-19 10:28:44.221 7 INFO placement.requestlog [req-753d3aa9-c59e-471c-adf1-4452c8196385 req-c8e3cd67-520f-4ccb-a9ef-051720e385e9 e8755b60d1c244e5a315d17324ba6102 d0892774f61a4b7dab1f8c71b9709984 - - d5f8154f7ee940d19c44846d21ba2df0 d5f8154f7ee940d19c44846d21ba2df0] 199.19.213.130 "GET /resource_providers/10262579-6dfa-4254-be81-af10d7f6bfc5/allocations" status: 200 len: 340 microversion: 1.0 [pid: 7|app: 0|req: 634/1272] 199.19.213.130 () {32 vars in 857 bytes} [Wed Aug 19 10:28:44 2026] GET /resource_providers/10262579-6dfa-4254-be81-af10d7f6bfc5/allocations => generated 340 bytes in 15 msecs (HTTP/1.1 200) 6 headers in 224 bytes (1 switches on core 0)
2026-08-19 10:28:44.242 8 INFO placement.requestlog [req-753d3aa9-c59e-471c-adf1-4452c8196385 req-9e1b2402-e953-4ca4-a405-865059e16ebb e8755b60d1c244e5a315d17324ba6102 d0892774f61a4b7dab1f8c71b9709984 - - d5f8154f7ee940d19c44846d21ba2df0 d5f8154f7ee940d19c44846d21ba2df0] 199.19.213.130 "GET /allocations/a1982c88-c2ec-484e-a0bb-1990d0de6532" status: 200 len: 258 microversion: 1.28 [pid: 8|app: 0|req: 639/1273] 199.19.213.130 () {34 vars in 863 bytes} [Wed Aug 19 10:28:44 2026] GET /allocations/a1982c88-c2ec-484e-a0bb-1990d0de6532 => generated 258 bytes in 12 msecs (HTTP/1.1 200) 8 headers in 296 bytes (1 switches on core 0)
2026-08-19 10:28:44.260 7 INFO placement.requestlog [req-753d3aa9-c59e-471c-adf1-4452c8196385 req-4be646fa-c6d9-464a-b1de-539068321733 e8755b60d1c244e5a315d17324ba6102 d0892774f61a4b7dab1f8c71b9709984 - - d5f8154f7ee940d19c44846d21ba2df0 d5f8154f7ee940d19c44846d21ba2df0] 199.19.213.130 "GET /allocations/b1457844-eea8-4362-bd31-e2fd8fa6bd4c" status: 200 len: 245 microversion: 1.28 [pid: 7|app: 0|req: 635/1274] 199.19.213.130 () {34 vars in 863 bytes} [Wed Aug 19 10:28:44 2026] GET /allocations/b1457844-eea8-4362-bd31-e2fd8fa6bd4c => generated 245 bytes in 12 msecs (HTTP/1.1 200) 8 headers in 296 bytes (1 switches on core 0)
2026-08-19 10:28:44.278 8 INFO placement.requestlog [req-753d3aa9-c59e-471c-adf1-4452c8196385 req-17fdc225-0027-4e9e-ab9d-b367981e9d78 e8755b60d1c244e5a315d17324ba6102 d0892774f61a4b7dab1f8c71b9709984 - - d5f8154f7ee940d19c44846d21ba2df0 d5f8154f7ee940d19c44846d21ba2df0] 199.19.213.130 "GET /allocations/9d92eb43-e817-4609-940b-fdb52425f2e5" status: 200 len: 258 microversion: 1.28 [pid: 8|app: 0|req: 640/1275] 199.19.213.130 () {34 vars in 863 bytes} [Wed Aug 19 10:28:44 2026] GET /allocations/9d92eb43-e817-4609-940b-fdb52425f2e5 => generated 258 bytes in 11 msecs (HTTP/1.1 200) 8 headers in 296 bytes (1 switches on core 0)
2026-08-19 10:28:45.329 7 INFO placement.requestlog [req-753d3aa9-c59e-471c-adf1-4452c8196385 req-faaebc45-b0d3-48ac-9ede-9692b186265e e8755b60d1c244e5a315d17324ba6102 d0892774f61a4b7dab1f8c71b9709984 - - d5f8154f7ee940d19c44846d21ba2df0 d5f8154f7ee940d19c44846d21ba2df0] 199.19.213.130 "DELETE /allocations/b1457844-eea8-4362-bd31-e2fd8fa6bd4c" status: 204 len: 0 microversion: 1.0 [pid: 7|app: 0|req: 636/1276] 199.19.213.130 () {34 vars in 841 bytes} [Wed Aug 19 10:28:45 2026] DELETE /allocations/b1457844-eea8-4362-bd31-e2fd8fa6bd4c => generated 0 bytes in 25 msecs (HTTP/1.1 204) 5 headers in 198 bytes (1 switches on core 0)
2026-08-19 10:28:48.246 8 INFO placement.requestlog [req-07f91d1a-2033-4796-b60a-914e552e5e1d req-5ec90f21-7649-4a87-8530-77f6794b9c02 e8755b60d1c244e5a315d17324ba6102 d0892774f61a4b7dab1f8c71b9709984 - - d5f8154f7ee940d19c44846d21ba2df0 d5f8154f7ee940d19c44846d21ba2df0] 199.19.213.130 "GET /resource_providers/10262579-6dfa-4254-be81-af10d7f6bfc5/allocations" status: 200 len: 253 microversion: 1.0 [pid: 8|app: 0|req: 641/1277] 199.19.213.130 () {32 vars in 857 bytes} [Wed Aug 19 10:28:48 2026] GET /resource_providers/10262579-6dfa-4254-be81-af10d7f6bfc5/allocations => generated 253 bytes in 13 msecs (HTTP/1.1 200) 6 headers in 224 bytes (1 switches on core 0)
2026-08-19 10:28:48.265 7 INFO placement.requestlog [req-07f91d1a-2033-4796-b60a-914e552e5e1d req-9f41ee28-bf30-4682-860b-6731cd964672 e8755b60d1c244e5a315d17324ba6102 d0892774f61a4b7dab1f8c71b9709984 - - d5f8154f7ee940d19c44846d21ba2df0 d5f8154f7ee940d19c44846d21ba2df0] 199.19.213.130 "GET /allocations/a1982c88-c2ec-484e-a0bb-1990d0de6532" status: 200 len: 258 microversion: 1.28 [pid: 7|app: 0|req: 637/1278] 199.19.213.130 () {34 vars in 863 bytes} [Wed Aug 19 10:28:48 2026] GET /allocations/a1982c88-c2ec-484e-a0bb-1990d0de6532 => generated 258 bytes in 13 msecs (HTTP/1.1 200) 8 headers in 296 bytes (1 switches on core 0)
2026-08-19 10:28:48.283 8 INFO placement.requestlog [req-07f91d1a-2033-4796-b60a-914e552e5e1d req-c887944f-3517-40b8-9c16-91d1a0348bd3 e8755b60d1c244e5a315d17324ba6102 d0892774f61a4b7dab1f8c71b9709984 - - d5f8154f7ee940d19c44846d21ba2df0 d5f8154f7ee940d19c44846d21ba2df0] 199.19.213.130 "GET /allocations/9d92eb43-e817-4609-940b-fdb52425f2e5" status: 200 len: 258 microversion: 1.28 [pid: 8|app: 0|req: 642/1279] 199.19.213.130 () {34 vars in 863 bytes} [Wed Aug 19 10:28:48 2026] GET /allocations/9d92eb43-e817-4609-940b-fdb52425f2e5 => generated 258 bytes in 11 msecs (HTTP/1.1 200) 8 headers in 296 bytes (1 switches on core 0)
2026-08-19 10:28:49.335 7 INFO placement.requestlog [req-07f91d1a-2033-4796-b60a-914e552e5e1d req-6c40c56d-b52a-403f-bb88-2c0fc83fb700 e8755b60d1c244e5a315d17324ba6102 d0892774f61a4b7dab1f8c71b9709984 - - d5f8154f7ee940d19c44846d21ba2df0 d5f8154f7ee940d19c44846d21ba2df0] 199.19.213.130 "DELETE /allocations/a1982c88-c2ec-484e-a0bb-1990d0de6532" status: 204 len: 0 microversion: 1.0 [pid: 7|app: 0|req: 638/1280] 199.19.213.130 () {34 vars in 841 bytes} [Wed Aug 19 10:28:49 2026] DELETE /allocations/a1982c88-c2ec-484e-a0bb-1990d0de6532 => generated 0 bytes in 27 msecs (HTTP/1.1 204) 5 headers in 198 bytes (1 switches on core 0)
2026-08-19 10:28:52.279 7 INFO placement.requestlog [None req-75c2c7f7-51ae-4c1c-b10f-38224054261e - - - - - -] 10.0.0.199 "GET /" status: 200 len: 136 microversion: 1.0
2026-08-19 10:28:52.279 8 INFO placement.requestlog [None req-efcf2482-85ce-49f0-a64b-d92d1cb5cf44 - - - - - -] 10.0.0.199 "GET /" status: 200 len: 136 microversion: 1.0
2026-08-19 10:28:59.776 8 INFO placement.requestlog [req-0d3feb1c-5e48-421f-ac9d-e0fd9f84e288 req-5a214e44-9115-460e-a4c3-9074fa42b4a8 e8755b60d1c244e5a315d17324ba6102 d0892774f61a4b7dab1f8c71b9709984 - - d5f8154f7ee940d19c44846d21ba2df0 d5f8154f7ee940d19c44846d21ba2df0] 199.19.213.130 "GET /resource_providers/10262579-6dfa-4254-be81-af10d7f6bfc5/allocations" status: 200 len: 153 microversion: 1.0 [pid: 8|app: 0|req: 644/1283] 199.19.213.130 () {32 vars in 857 bytes} [Wed Aug 19 10:28:59 2026] GET /resource_providers/10262579-6dfa-4254-be81-af10d7f6bfc5/allocations => generated 153 bytes in 13 msecs (HTTP/1.1 200) 6 headers in 224 bytes (1 switches on core 0)
2026-08-19 10:28:59.799 7 INFO placement.requestlog [req-0d3feb1c-5e48-421f-ac9d-e0fd9f84e288 req-9a41dd34-fe2e-4e9d-8b0d-ae7a7639ba2a e8755b60d1c244e5a315d17324ba6102 d0892774f61a4b7dab1f8c71b9709984 - - d5f8154f7ee940d19c44846d21ba2df0 d5f8154f7ee940d19c44846d21ba2df0] 199.19.213.130 "GET /allocations/9d92eb43-e817-4609-940b-fdb52425f2e5" status: 200 len: 258 microversion: 1.28 [pid: 7|app: 0|req: 640/1284] 199.19.213.130 () {34 vars in 863 bytes} [Wed Aug 19 10:28:59 2026] GET /allocations/9d92eb43-e817-4609-940b-fdb52425f2e5 => generated 258 bytes in 15 msecs (HTTP/1.1 200) 8 headers in 296 bytes (1 switches on core 0)
2026-08-19 10:29:00.849 8 INFO placement.requestlog [req-0d3feb1c-5e48-421f-ac9d-e0fd9f84e288 req-e99e5018-e9e6-4ada-b5f6-addc42fc1c1d e8755b60d1c244e5a315d17324ba6102 d0892774f61a4b7dab1f8c71b9709984 - - d5f8154f7ee940d19c44846d21ba2df0 d5f8154f7ee940d19c44846d21ba2df0] 199.19.213.130 "DELETE /allocations/9d92eb43-e817-4609-940b-fdb52425f2e5" status: 204 len: 0 microversion: 1.0 [pid: 8|app: 0|req: 645/1285] 199.19.213.130 () {34 vars in 841 bytes} [Wed Aug 19 10:29:00 2026] DELETE /allocations/9d92eb43-e817-4609-940b-fdb52425f2e5 => generated 0 bytes in 19 msecs (HTTP/1.1 204) 5 headers in 198 bytes (1 switches on core 0)
2026-08-19 10:29:02.279 7 INFO placement.requestlog [None req-215c08e3-f8e6-4e91-b866-b6eecbc09e71 - - - - - -] 10.0.0.199 "GET /" status: 200 len: 136 microversion: 1.0
2026-08-19 10:29:02.281 8 INFO placement.requestlog [None req-8c64aff4-8ae9-43af-ae1b-cad2106ee431 - - - - - -] 10.0.0.199 "GET /" status: 200 len: 136 microversion: 1.0
2026-08-19 10:29:10.906 7 INFO placement.requestlog [None req-5217b867-e10d-4447-88b4-443f3ad65274 83c3d4c8b2d247f2aaa2b3f55e1fe257 d0892774f61a4b7dab1f8c71b9709984 - - d5f8154f7ee940d19c44846d21ba2df0 d5f8154f7ee940d19c44846d21ba2df0] 10.0.0.214 "GET /resource_providers/8fba7953-ed6a-4d9e-9415-cf93a8fa3e69/aggregates" status: 404 len: 235 microversion: 1.1 [pid: 7|app: 0|req: 642/1288] 10.0.0.214 () {32 vars in 816 bytes} [Wed Aug 19 10:29:10 2026] GET /resource_providers/8fba7953-ed6a-4d9e-9415-cf93a8fa3e69/aggregates => generated 235 bytes in 8 msecs (HTTP/1.1 404) 5 headers in 202 bytes (1 switches on core 0)
2026-08-19 10:29:10.908 8 INFO placement.requestlog [None req-68899197-7e5b-427c-be6f-dcc428f649e0 83c3d4c8b2d247f2aaa2b3f55e1fe257 d0892774f61a4b7dab1f8c71b9709984 - - d5f8154f7ee940d19c44846d21ba2df0 d5f8154f7ee940d19c44846d21ba2df0] 10.0.0.214 "GET /resource_providers/8fba7953-ed6a-4d9e-9415-cf93a8fa3e69/aggregates" status: 404 len: 235 microversion: 1.1 [pid: 8|app: 0|req: 647/1289] 10.0.0.214 () {32 vars in 816 bytes} [Wed Aug 19 10:29:10 2026] GET /resource_providers/8fba7953-ed6a-4d9e-9415-cf93a8fa3e69/aggregates => generated 235 bytes in 10 msecs (HTTP/1.1 404) 5 headers in 202 bytes (1 switches on core 0)
2026-08-19 10:29:10.928 7 INFO placement.requestlog [None req-418d5623-b7dc-481a-9ad8-623e9bcd2001 83c3d4c8b2d247f2aaa2b3f55e1fe257 d0892774f61a4b7dab1f8c71b9709984 - - d5f8154f7ee940d19c44846d21ba2df0 d5f8154f7ee940d19c44846d21ba2df0] 10.0.0.214 "DELETE /resource_providers/8fba7953-ed6a-4d9e-9415-cf93a8fa3e69" status: 404 len: 246 microversion: 1.1 [pid: 7|app: 0|req: 643/1290] 10.0.0.214 () {34 vars in 816 bytes} [Wed Aug 19 10:29:10 2026] DELETE /resource_providers/8fba7953-ed6a-4d9e-9415-cf93a8fa3e69 => generated 246 bytes in 9 msecs (HTTP/1.1 404) 6 headers in 231 bytes (1 switches on core 0)
2026-08-19 10:29:10.931 8 INFO placement.requestlog [None req-fe4c632e-ba20-4fe4-961d-4fbba49c10f8 83c3d4c8b2d247f2aaa2b3f55e1fe257 d0892774f61a4b7dab1f8c71b9709984 - - d5f8154f7ee940d19c44846d21ba2df0 d5f8154f7ee940d19c44846d21ba2df0] 10.0.0.214 "DELETE /resource_providers/8fba7953-ed6a-4d9e-9415-cf93a8fa3e69" status: 404 len: 246 microversion: 1.1 [pid: 8|app: 0|req: 648/1291] 10.0.0.214 () {34 vars in 816 bytes} [Wed Aug 19 10:29:10 2026] DELETE /resource_providers/8fba7953-ed6a-4d9e-9415-cf93a8fa3e69 => generated 246 bytes in 10 msecs (HTTP/1.1 404) 6 headers in 231 bytes (1 switches on core 0)
2026-08-19 10:29:11.143 7 INFO placement.requestlog [req-8073af9e-e0f5-4e65-82e3-3f8cccab01db req-2a686601-143e-48eb-b19c-14603be283aa e8755b60d1c244e5a315d17324ba6102 d0892774f61a4b7dab1f8c71b9709984 - - d5f8154f7ee940d19c44846d21ba2df0 d5f8154f7ee940d19c44846d21ba2df0] 199.19.213.130 "GET /resource_providers/10262579-6dfa-4254-be81-af10d7f6bfc5/allocations" status: 200 len: 55 microversion: 1.0 [pid: 7|app: 0|req: 644/1292] 199.19.213.130 () {32 vars in 857 bytes} [Wed Aug 19 10:29:11 2026] GET /resource_providers/10262579-6dfa-4254-be81-af10d7f6bfc5/allocations => generated 55 bytes in 115 msecs (HTTP/1.1 200) 6 headers in 223 bytes (1 switches on core 0)
2026-08-19 10:29:11.166 8 INFO placement.requestlog [req-8073af9e-e0f5-4e65-82e3-3f8cccab01db req-b697d658-4741-4007-8e28-e4530216a7af e8755b60d1c244e5a315d17324ba6102 d0892774f61a4b7dab1f8c71b9709984 - - d5f8154f7ee940d19c44846d21ba2df0 d5f8154f7ee940d19c44846d21ba2df0] 199.19.213.130 "GET /resource_providers?in_tree=10262579-6dfa-4254-be81-af10d7f6bfc5" status: 200 len: 798 microversion: 1.14 [pid: 8|app: 0|req: 649/1293] 199.19.213.130 () {34 vars in 892 bytes} [Wed Aug 19 10:29:11 2026] GET /resource_providers?in_tree=10262579-6dfa-4254-be81-af10d7f6bfc5 => generated 798 bytes in 14 msecs (HTTP/1.1 200) 6 headers in 225 bytes (1 switches on core 0)
2026-08-19 10:29:11.191 7 INFO placement.requestlog [req-8073af9e-e0f5-4e65-82e3-3f8cccab01db req-9ea5df48-084b-49cb-89bf-fd47f26cfbb9 e8755b60d1c244e5a315d17324ba6102 d0892774f61a4b7dab1f8c71b9709984 - - d5f8154f7ee940d19c44846d21ba2df0 d5f8154f7ee940d19c44846d21ba2df0] 199.19.213.130 "GET /resource_providers/10262579-6dfa-4254-be81-af10d7f6bfc5/inventories" status: 200 len: 401 microversion: 1.0 [pid: 7|app: 0|req: 645/1294] 199.19.213.130 () {32 vars in 857 bytes} [Wed Aug 19 10:29:11 2026] GET /resource_providers/10262579-6dfa-4254-be81-af10d7f6bfc5/inventories => generated 401 bytes in 18 msecs (HTTP/1.1 200) 6 headers in 224 bytes (1 switches on core 0)
2026-08-19 10:29:11.212 8 INFO placement.requestlog [req-8073af9e-e0f5-4e65-82e3-3f8cccab01db req-83880980-2321-4eb0-88d0-ae1f48834946 e8755b60d1c244e5a315d17324ba6102 d0892774f61a4b7dab1f8c71b9709984 - - d5f8154f7ee940d19c44846d21ba2df0 d5f8154f7ee940d19c44846d21ba2df0] 199.19.213.130 "GET /resource_providers/10262579-6dfa-4254-be81-af10d7f6bfc5/aggregates" status: 200 len: 54 microversion: 1.19 [pid: 8|app: 0|req: 650/1295] 199.19.213.130 () {34 vars in 899 bytes} [Wed Aug 19 10:29:11 2026] GET /resource_providers/10262579-6dfa-4254-be81-af10d7f6bfc5/aggregates => generated 54 bytes in 15 msecs (HTTP/1.1 200) 8 headers in 295 bytes (1 switches on core 0)
2026-08-19 10:29:11.238 7 INFO placement.requestlog [req-8073af9e-e0f5-4e65-82e3-3f8cccab01db req-e53151ef-2f35-4acb-9061-1ce542c15d24 e8755b60d1c244e5a315d17324ba6102 d0892774f61a4b7dab1f8c71b9709984 - - d5f8154f7ee940d19c44846d21ba2df0 d5f8154f7ee940d19c44846d21ba2df0] 199.19.213.130 "GET /resource_providers/10262579-6dfa-4254-be81-af10d7f6bfc5/traits" status: 200 len: 1978 microversion: 1.6 [pid: 7|app: 0|req: 646/1296] 199.19.213.130 () {34 vars in 890 bytes} [Wed Aug 19 10:29:11 2026] GET /resource_providers/10262579-6dfa-4254-be81-af10d7f6bfc5/traits => generated 1978 bytes in 19 msecs (HTTP/1.1 200) 6 headers in 225 bytes (1 switches on core 0)
2026-08-19 10:29:11.260 8 INFO placement.requestlog [req-8073af9e-e0f5-4e65-82e3-3f8cccab01db req-7e7fdb4e-4b7c-4fe7-bc22-03f6165f7777 e8755b60d1c244e5a315d17324ba6102 d0892774f61a4b7dab1f8c71b9709984 - - d5f8154f7ee940d19c44846d21ba2df0 d5f8154f7ee940d19c44846d21ba2df0] 199.19.213.130 "GET /resource_providers/10262579-6dfa-4254-be81-af10d7f6bfc5/allocations" status: 200 len: 55 microversion: 1.0 [pid: 8|app: 0|req: 651/1297] 199.19.213.130 () {32 vars in 857 bytes} [Wed Aug 19 10:29:11 2026] GET /resource_providers/10262579-6dfa-4254-be81-af10d7f6bfc5/allocations => generated 55 bytes in 15 msecs (HTTP/1.1 200) 6 headers in 223 bytes (1 switches on core 0)
2026-08-19 10:29:12.278 7 INFO placement.requestlog [None req-f9aa304a-6bc8-4410-999b-0cf21762121f - - - - - -] 10.0.0.199 "GET /" status: 200 len: 136 microversion: 1.0
2026-08-19 10:29:12.278 8 INFO placement.requestlog [None req-1d5e0921-9fb4-4fa4-8fa3-00ad79b3a7da - - - - - -] 10.0.0.199 "GET /" status: 200 len: 136 microversion: 1.0
2026-08-19 10:29:12.946 7 INFO placement.requestlog [None req-b61ca1f8-092f-45cc-b6f2-4295fb58e6e8 83c3d4c8b2d247f2aaa2b3f55e1fe257 d0892774f61a4b7dab1f8c71b9709984 - - d5f8154f7ee940d19c44846d21ba2df0 d5f8154f7ee940d19c44846d21ba2df0] 10.0.0.214 "GET /resource_providers/c625276a-a4b9-4892-9eb8-b833addbc42b/aggregates" status: 404 len: 235 microversion: 1.1 [pid: 7|app: 0|req: 648/1300] 10.0.0.214 () {32 vars in 816 bytes} [Wed Aug 19 10:29:12 2026] GET /resource_providers/c625276a-a4b9-4892-9eb8-b833addbc42b/aggregates => generated 235 bytes in 7 msecs (HTTP/1.1 404) 5 headers in 202 bytes (1 switches on core 0)
2026-08-19 10:29:12.950 8 INFO placement.requestlog [None req-d75a57be-592a-4db3-8ae4-baadea2b869e 83c3d4c8b2d247f2aaa2b3f55e1fe257 d0892774f61a4b7dab1f8c71b9709984 - - d5f8154f7ee940d19c44846d21ba2df0 d5f8154f7ee940d19c44846d21ba2df0] 10.0.0.214 "GET /resource_providers/c625276a-a4b9-4892-9eb8-b833addbc42b/aggregates" status: 404 len: 235 microversion: 1.1 [pid: 8|app: 0|req: 653/1301] 10.0.0.214 () {32 vars in 816 bytes} [Wed Aug 19 10:29:12 2026] GET /resource_providers/c625276a-a4b9-4892-9eb8-b833addbc42b/aggregates => generated 235 bytes in 8 msecs (HTTP/1.1 404) 5 headers in 202 bytes (1 switches on core 0)
2026-08-19 10:29:12.963 7 INFO placement.requestlog [None req-07e1b939-cde6-40df-b5a8-cf691b6e480e 83c3d4c8b2d247f2aaa2b3f55e1fe257 d0892774f61a4b7dab1f8c71b9709984 - - d5f8154f7ee940d19c44846d21ba2df0 d5f8154f7ee940d19c44846d21ba2df0] 10.0.0.214 "DELETE /resource_providers/c625276a-a4b9-4892-9eb8-b833addbc42b" status: 404 len: 246 microversion: 1.1 [pid: 7|app: 0|req: 649/1302] 10.0.0.214 () {34 vars in 816 bytes} [Wed Aug 19 10:29:12 2026] DELETE /resource_providers/c625276a-a4b9-4892-9eb8-b833addbc42b => generated 246 bytes in 7 msecs (HTTP/1.1 404) 6 headers in 231 bytes (1 switches on core 0)
2026-08-19 10:29:12.964 8 INFO placement.requestlog [None req-1dc6e978-20c6-4999-bc70-389167fb0662 83c3d4c8b2d247f2aaa2b3f55e1fe257 d0892774f61a4b7dab1f8c71b9709984 - - d5f8154f7ee940d19c44846d21ba2df0 d5f8154f7ee940d19c44846d21ba2df0] 10.0.0.214 "DELETE /resource_providers/c625276a-a4b9-4892-9eb8-b833addbc42b" status: 404 len: 246 microversion: 1.1 [pid: 8|app: 0|req: 654/1303] 10.0.0.214 () {34 vars in 816 bytes} [Wed Aug 19 10:29:12 2026] DELETE /resource_providers/c625276a-a4b9-4892-9eb8-b833addbc42b => generated 246 bytes in 7 msecs (HTTP/1.1 404) 6 headers in 231 bytes (1 switches on core 0)
2026-08-19 10:29:12.979 7 INFO placement.requestlog [None req-51350209-6262-4d86-be35-f1c2c8c57f20 83c3d4c8b2d247f2aaa2b3f55e1fe257 d0892774f61a4b7dab1f8c71b9709984 - - d5f8154f7ee940d19c44846d21ba2df0 d5f8154f7ee940d19c44846d21ba2df0] 10.0.0.214 "GET /resource_providers/2cbe15fe-1e87-4960-b716-c6af389c345c/aggregates" status: 404 len: 235 microversion: 1.1 [pid: 7|app: 0|req: 650/1304] 10.0.0.214 () {32 vars in 816 bytes} [Wed Aug 19 10:29:12 2026] GET /resource_providers/2cbe15fe-1e87-4960-b716-c6af389c345c/aggregates => generated 235 bytes in 7 msecs (HTTP/1.1 404) 5 headers in 202 bytes (1 switches on core 0)
2026-08-19 10:29:12.983 8 INFO placement.requestlog [None req-cf2f9717-73d2-4396-8daf-43621c624288 83c3d4c8b2d247f2aaa2b3f55e1fe257 d0892774f61a4b7dab1f8c71b9709984 - - d5f8154f7ee940d19c44846d21ba2df0 d5f8154f7ee940d19c44846d21ba2df0] 10.0.0.214 "GET /resource_providers/2cbe15fe-1e87-4960-b716-c6af389c345c/aggregates" status: 404 len: 235 microversion: 1.1 [pid: 8|app: 0|req: 655/1305] 10.0.0.214 () {32 vars in 816 bytes} [Wed Aug 19 10:29:12 2026] GET /resource_providers/2cbe15fe-1e87-4960-b716-c6af389c345c/aggregates => generated 235 bytes in 9 msecs (HTTP/1.1 404) 5 headers in 202 bytes (1 switches on core 0)
2026-08-19 10:29:12.996 8 INFO placement.requestlog [None req-c5ac0519-4192-4c50-95c6-388d75c16711 83c3d4c8b2d247f2aaa2b3f55e1fe257 d0892774f61a4b7dab1f8c71b9709984 - - d5f8154f7ee940d19c44846d21ba2df0 d5f8154f7ee940d19c44846d21ba2df0] 10.0.0.214 "DELETE /resource_providers/2cbe15fe-1e87-4960-b716-c6af389c345c" status: 404 len: 246 microversion: 1.1 [pid: 8|app: 0|req: 656/1306] 10.0.0.214 () {34 vars in 816 bytes} [Wed Aug 19 10:29:12 2026] DELETE /resource_providers/2cbe15fe-1e87-4960-b716-c6af389c345c => generated 246 bytes in 6 msecs (HTTP/1.1 404) 6 headers in 231 bytes (1 switches on core 0)
2026-08-19 10:29:12.998 7 INFO placement.requestlog [None req-3a7e159b-2fc4-426a-8f95-d7ef6b61a283 83c3d4c8b2d247f2aaa2b3f55e1fe257 d0892774f61a4b7dab1f8c71b9709984 - - d5f8154f7ee940d19c44846d21ba2df0 d5f8154f7ee940d19c44846d21ba2df0] 10.0.0.214 "DELETE /resource_providers/2cbe15fe-1e87-4960-b716-c6af389c345c" status: 404 len: 246 microversion: 1.1 [pid: 7|app: 0|req: 651/1307] 10.0.0.214 () {34 vars in 816 bytes} [Wed Aug 19 10:29:12 2026] DELETE /resource_providers/2cbe15fe-1e87-4960-b716-c6af389c345c => generated 246 bytes in 10 msecs (HTTP/1.1 404) 6 headers in 231 bytes (1 switches on core 0)
2026-08-19 10:29:13.011 8 INFO placement.requestlog [None req-29980b6a-81a3-4ab6-8fd3-4634d6e14115 83c3d4c8b2d247f2aaa2b3f55e1fe257 d0892774f61a4b7dab1f8c71b9709984 - - d5f8154f7ee940d19c44846d21ba2df0 d5f8154f7ee940d19c44846d21ba2df0] 10.0.0.214 "GET /resource_providers/b6ce585c-3f7a-4c8c-93cd-67b17587c801/aggregates" status: 404 len: 235 microversion: 1.1 [pid: 8|app: 0|req: 657/1308] 10.0.0.214 () {32 vars in 816 bytes} [Wed Aug 19 10:29:13 2026] GET /resource_providers/b6ce585c-3f7a-4c8c-93cd-67b17587c801/aggregates => generated 235 bytes in 6 msecs (HTTP/1.1 404) 5 headers in 202 bytes (1 switches on core 0)
2026-08-19 10:29:13.018 7 INFO placement.requestlog [None req-aaaf2148-ab5c-47e3-83ae-848e1864936f 83c3d4c8b2d247f2aaa2b3f55e1fe257 d0892774f61a4b7dab1f8c71b9709984 - - d5f8154f7ee940d19c44846d21ba2df0 d5f8154f7ee940d19c44846d21ba2df0] 10.0.0.214 "GET /resource_providers/b6ce585c-3f7a-4c8c-93cd-67b17587c801/aggregates" status: 404 len: 235 microversion: 1.1 [pid: 7|app: 0|req: 652/1309] 10.0.0.214 () {32 vars in 816 bytes} [Wed Aug 19 10:29:13 2026] GET /resource_providers/b6ce585c-3f7a-4c8c-93cd-67b17587c801/aggregates => generated 235 bytes in 12 msecs (HTTP/1.1 404) 5 headers in 202 bytes (1 switches on core 0)
2026-08-19 10:29:13.027 8 INFO placement.requestlog [None req-440c9530-2def-414f-98c0-da6a6dc0a07b 83c3d4c8b2d247f2aaa2b3f55e1fe257 d0892774f61a4b7dab1f8c71b9709984 - - d5f8154f7ee940d19c44846d21ba2df0 d5f8154f7ee940d19c44846d21ba2df0] 10.0.0.214 "DELETE /resource_providers/b6ce585c-3f7a-4c8c-93cd-67b17587c801" status: 404 len: 246 microversion: 1.1 [pid: 8|app: 0|req: 658/1310] 10.0.0.214 () {34 vars in 816 bytes} [Wed Aug 19 10:29:13 2026] DELETE /resource_providers/b6ce585c-3f7a-4c8c-93cd-67b17587c801 => generated 246 bytes in 8 msecs (HTTP/1.1 404) 6 headers in 231 bytes (1 switches on core 0)
2026-08-19 10:29:13.034 7 INFO placement.requestlog [None req-8801d0a9-0ff0-4042-88a3-213e15bb2389 83c3d4c8b2d247f2aaa2b3f55e1fe257 d0892774f61a4b7dab1f8c71b9709984 - - d5f8154f7ee940d19c44846d21ba2df0 d5f8154f7ee940d19c44846d21ba2df0] 10.0.0.214 "DELETE /resource_providers/b6ce585c-3f7a-4c8c-93cd-67b17587c801" status: 404 len: 246 microversion: 1.1 [pid: 7|app: 0|req: 653/1311] 10.0.0.214 () {34 vars in 816 bytes} [Wed Aug 19 10:29:13 2026] DELETE /resource_providers/b6ce585c-3f7a-4c8c-93cd-67b17587c801 => generated 246 bytes in 9 msecs (HTTP/1.1 404) 6 headers in 231 bytes (1 switches on core 0)
2026-08-19 10:29:22.278 8 INFO placement.requestlog [None req-e7bd2d2a-020f-44b8-b4bd-9b4419391271 - - - - - -] 10.0.0.199 "GET /" status: 200 len: 136 microversion: 1.0
2026-08-19 10:29:22.278 7 INFO placement.requestlog [None req-5bfe06f7-dffb-4af0-917f-5059c27fe92f - - - - - -] 10.0.0.199 "GET /" status: 200 len: 136 microversion: 1.0
2026-08-19 10:29:32.278 8 INFO placement.requestlog [None req-1279e091-3918-42da-a6dc-2af8ba75b1cb - - - - - -] 10.0.0.199 "GET /" status: 200 len: 136 microversion: 1.0
