2026-09-03 17:40:44.299 7 INFO placement.requestlog [None req-d550312b-8928-4d58-9236-4bdafc9b145c 7ad7ae9e2db548e1adc95b133162ecdf 85ac34fdfbad4f9491e7100cdcd4f6a1 - - a802213689724739912a0ed9a1297b10 a802213689724739912a0ed9a1297b10] 10.0.0.108 "DELETE /resource_providers/abeb325f-92bc-48d7-a5da-0e33f4a8cdd2" status: 404 len: 246 microversion: 1.1 [pid: 7|app: 0|req: 451/903] 10.0.0.108 () {34 vars in 816 bytes} [Thu Sep 3 17:40:44 2026] DELETE /resource_providers/abeb325f-92bc-48d7-a5da-0e33f4a8cdd2 => generated 246 bytes in 13 msecs (HTTP/1.1 404) 6 headers in 231 bytes (1 switches on core 0)
2026-09-03 17:40:44.304 8 INFO placement.requestlog [None req-d418afc2-a4cd-4a04-bee4-8e6494edfeb6 7ad7ae9e2db548e1adc95b133162ecdf 85ac34fdfbad4f9491e7100cdcd4f6a1 - - a802213689724739912a0ed9a1297b10 a802213689724739912a0ed9a1297b10] 10.0.0.108 "DELETE /resource_providers/abeb325f-92bc-48d7-a5da-0e33f4a8cdd2" status: 404 len: 246 microversion: 1.1 [pid: 8|app: 0|req: 453/904] 10.0.0.108 () {34 vars in 816 bytes} [Thu Sep 3 17:40:44 2026] DELETE /resource_providers/abeb325f-92bc-48d7-a5da-0e33f4a8cdd2 => generated 246 bytes in 20 msecs (HTTP/1.1 404) 6 headers in 231 bytes (1 switches on core 0)
2026-09-03 17:40:44.746 8 INFO placement.requestlog [None req-fae6917d-d515-4b57-8aa6-426fda43f0ec 7ad7ae9e2db548e1adc95b133162ecdf 85ac34fdfbad4f9491e7100cdcd4f6a1 - - a802213689724739912a0ed9a1297b10 a802213689724739912a0ed9a1297b10] 10.0.0.108 "GET /resource_providers/5a05a7a8-37a8-4345-85c8-d541006f0752/aggregates" status: 404 len: 235 microversion: 1.1 [pid: 8|app: 0|req: 454/905] 10.0.0.108 () {32 vars in 816 bytes} [Thu Sep 3 17:40:44 2026] GET /resource_providers/5a05a7a8-37a8-4345-85c8-d541006f0752/aggregates => generated 235 bytes in 10 msecs (HTTP/1.1 404) 5 headers in 202 bytes (1 switches on core 0)
2026-09-03 17:40:44.748 7 INFO placement.requestlog [None req-09f5a8ce-dee0-49b5-96b8-b1a0dff1bab0 7ad7ae9e2db548e1adc95b133162ecdf 85ac34fdfbad4f9491e7100cdcd4f6a1 - - a802213689724739912a0ed9a1297b10 a802213689724739912a0ed9a1297b10] 10.0.0.108 "GET /resource_providers/5a05a7a8-37a8-4345-85c8-d541006f0752/aggregates" status: 404 len: 235 microversion: 1.1 [pid: 7|app: 0|req: 452/906] 10.0.0.108 () {32 vars in 816 bytes} [Thu Sep 3 17:40:44 2026] GET /resource_providers/5a05a7a8-37a8-4345-85c8-d541006f0752/aggregates => generated 235 bytes in 20 msecs (HTTP/1.1 404) 5 headers in 202 bytes (1 switches on core 0)
2026-09-03 17:40:44.766 8 INFO placement.requestlog [None req-fc2a78a7-bc37-433b-aaf6-3548ced48cf4 7ad7ae9e2db548e1adc95b133162ecdf 85ac34fdfbad4f9491e7100cdcd4f6a1 - - a802213689724739912a0ed9a1297b10 a802213689724739912a0ed9a1297b10] 10.0.0.108 "DELETE /resource_providers/5a05a7a8-37a8-4345-85c8-d541006f0752" status: 404 len: 246 microversion: 1.1 [pid: 8|app: 0|req: 455/907] 10.0.0.108 () {34 vars in 816 bytes} [Thu Sep 3 17:40:44 2026] DELETE /resource_providers/5a05a7a8-37a8-4345-85c8-d541006f0752 => generated 246 bytes in 8 msecs (HTTP/1.1 404) 6 headers in 231 bytes (1 switches on core 0)
2026-09-03 17:40:44.788 7 INFO placement.requestlog [None req-495fb126-e9da-4ed8-af47-056de90dfe92 7ad7ae9e2db548e1adc95b133162ecdf 85ac34fdfbad4f9491e7100cdcd4f6a1 - - a802213689724739912a0ed9a1297b10 a802213689724739912a0ed9a1297b10] 10.0.0.108 "DELETE /resource_providers/5a05a7a8-37a8-4345-85c8-d541006f0752" status: 404 len: 246 microversion: 1.1 [pid: 7|app: 0|req: 453/908] 10.0.0.108 () {34 vars in 816 bytes} [Thu Sep 3 17:40:44 2026] DELETE /resource_providers/5a05a7a8-37a8-4345-85c8-d541006f0752 => generated 246 bytes in 28 msecs (HTTP/1.1 404) 6 headers in 231 bytes (1 switches on core 0)
2026-09-03 17:40:44.793 8 INFO placement.requestlog [None req-37354894-e4e5-4eb0-b284-f2452343ae51 7ad7ae9e2db548e1adc95b133162ecdf 85ac34fdfbad4f9491e7100cdcd4f6a1 - - a802213689724739912a0ed9a1297b10 a802213689724739912a0ed9a1297b10] 10.0.0.108 "GET /resource_providers/f8528bcb-17b9-419f-8d0d-1e10551c156d/aggregates" status: 404 len: 235 microversion: 1.1 [pid: 8|app: 0|req: 456/909] 10.0.0.108 () {32 vars in 816 bytes} [Thu Sep 3 17:40:44 2026] GET /resource_providers/f8528bcb-17b9-419f-8d0d-1e10551c156d/aggregates => generated 235 bytes in 12 msecs (HTTP/1.1 404) 5 headers in 202 bytes (1 switches on core 0)
2026-09-03 17:40:44.810 7 INFO placement.requestlog [None req-a0ca3d17-7594-41eb-955b-248a1aaa437b 7ad7ae9e2db548e1adc95b133162ecdf 85ac34fdfbad4f9491e7100cdcd4f6a1 - - a802213689724739912a0ed9a1297b10 a802213689724739912a0ed9a1297b10] 10.0.0.108 "GET /resource_providers/f8528bcb-17b9-419f-8d0d-1e10551c156d/aggregates" status: 404 len: 235 microversion: 1.1 [pid: 7|app: 0|req: 454/910] 10.0.0.108 () {32 vars in 816 bytes} [Thu Sep 3 17:40:44 2026] GET /resource_providers/f8528bcb-17b9-419f-8d0d-1e10551c156d/aggregates => generated 235 bytes in 15 msecs (HTTP/1.1 404) 5 headers in 202 bytes (1 switches on core 0)
2026-09-03 17:40:44.815 8 INFO placement.requestlog [None req-7775cbec-765a-43a8-af97-190844d888d0 7ad7ae9e2db548e1adc95b133162ecdf 85ac34fdfbad4f9491e7100cdcd4f6a1 - - a802213689724739912a0ed9a1297b10 a802213689724739912a0ed9a1297b10] 10.0.0.108 "DELETE /resource_providers/f8528bcb-17b9-419f-8d0d-1e10551c156d" status: 404 len: 246 microversion: 1.1 [pid: 8|app: 0|req: 457/911] 10.0.0.108 () {34 vars in 816 bytes} [Thu Sep 3 17:40:44 2026] DELETE /resource_providers/f8528bcb-17b9-419f-8d0d-1e10551c156d => generated 246 bytes in 14 msecs (HTTP/1.1 404) 6 headers in 231 bytes (1 switches on core 0)
2026-09-03 17:40:44.828 7 INFO placement.requestlog [None req-e68576c7-bc0e-4a4f-9475-afcfc974a5bb 7ad7ae9e2db548e1adc95b133162ecdf 85ac34fdfbad4f9491e7100cdcd4f6a1 - - a802213689724739912a0ed9a1297b10 a802213689724739912a0ed9a1297b10] 10.0.0.108 "DELETE /resource_providers/f8528bcb-17b9-419f-8d0d-1e10551c156d" status: 404 len: 246 microversion: 1.1 [pid: 7|app: 0|req: 455/912] 10.0.0.108 () {34 vars in 816 bytes} [Thu Sep 3 17:40:44 2026] DELETE /resource_providers/f8528bcb-17b9-419f-8d0d-1e10551c156d => generated 246 bytes in 12 msecs (HTTP/1.1 404) 6 headers in 231 bytes (1 switches on core 0)
2026-09-03 17:40:46.316 8 INFO placement.requestlog [None req-4acb3140-00a7-4682-aa06-4f8a6c9c01a4 7ad7ae9e2db548e1adc95b133162ecdf 85ac34fdfbad4f9491e7100cdcd4f6a1 - - a802213689724739912a0ed9a1297b10 a802213689724739912a0ed9a1297b10] 10.0.0.108 "GET /resource_providers/96301468-566e-4733-a446-f8f4e8bdce8b/aggregates" status: 404 len: 235 microversion: 1.1 [pid: 8|app: 0|req: 458/913] 10.0.0.108 () {32 vars in 816 bytes} [Thu Sep 3 17:40:46 2026] GET /resource_providers/96301468-566e-4733-a446-f8f4e8bdce8b/aggregates => generated 235 bytes in 9 msecs (HTTP/1.1 404) 5 headers in 202 bytes (1 switches on core 0)
2026-09-03 17:40:46.331 8 INFO placement.requestlog [None req-27af0085-2568-4245-9c72-f8985f18930d 7ad7ae9e2db548e1adc95b133162ecdf 85ac34fdfbad4f9491e7100cdcd4f6a1 - - a802213689724739912a0ed9a1297b10 a802213689724739912a0ed9a1297b10] 10.0.0.108 "DELETE /resource_providers/96301468-566e-4733-a446-f8f4e8bdce8b" status: 404 len: 246 microversion: 1.1 [pid: 8|app: 0|req: 459/914] 10.0.0.108 () {34 vars in 816 bytes} [Thu Sep 3 17:40:46 2026] DELETE /resource_providers/96301468-566e-4733-a446-f8f4e8bdce8b => generated 246 bytes in 7 msecs (HTTP/1.1 404) 6 headers in 231 bytes (1 switches on core 0)
2026-09-03 17:40:46.340 7 INFO placement.requestlog [None req-dcf72aa6-5670-4c2b-aecb-8bc3b56c6407 7ad7ae9e2db548e1adc95b133162ecdf 85ac34fdfbad4f9491e7100cdcd4f6a1 - - a802213689724739912a0ed9a1297b10 a802213689724739912a0ed9a1297b10] 10.0.0.108 "GET /resource_providers/96301468-566e-4733-a446-f8f4e8bdce8b/aggregates" status: 404 len: 235 microversion: 1.1 [pid: 7|app: 0|req: 456/915] 10.0.0.108 () {32 vars in 816 bytes} [Thu Sep 3 17:40:46 2026] GET /resource_providers/96301468-566e-4733-a446-f8f4e8bdce8b/aggregates => generated 235 bytes in 18 msecs (HTTP/1.1 404) 5 headers in 202 bytes (1 switches on core 0)
2026-09-03 17:40:46.349 8 INFO placement.requestlog [None req-677a7c57-44ff-4096-b78d-3d0cd1d68b4b 7ad7ae9e2db548e1adc95b133162ecdf 85ac34fdfbad4f9491e7100cdcd4f6a1 - - a802213689724739912a0ed9a1297b10 a802213689724739912a0ed9a1297b10] 10.0.0.108 "GET /resource_providers/b88a84c2-56e1-4b2d-9d02-928635eed398/aggregates" status: 404 len: 235 microversion: 1.1 [pid: 8|app: 0|req: 460/916] 10.0.0.108 () {32 vars in 816 bytes} [Thu Sep 3 17:40:46 2026] GET /resource_providers/b88a84c2-56e1-4b2d-9d02-928635eed398/aggregates => generated 235 bytes in 6 msecs (HTTP/1.1 404) 5 headers in 202 bytes (1 switches on core 0)
2026-09-03 17:40:46.362 8 INFO placement.requestlog [None req-92c1cc45-a37a-4329-bb1b-5f7585f6d5ec 7ad7ae9e2db548e1adc95b133162ecdf 85ac34fdfbad4f9491e7100cdcd4f6a1 - - a802213689724739912a0ed9a1297b10 a802213689724739912a0ed9a1297b10] 10.0.0.108 "DELETE /resource_providers/b88a84c2-56e1-4b2d-9d02-928635eed398" status: 404 len: 246 microversion: 1.1 [pid: 8|app: 0|req: 461/917] 10.0.0.108 () {34 vars in 816 bytes} [Thu Sep 3 17:40:46 2026] DELETE /resource_providers/b88a84c2-56e1-4b2d-9d02-928635eed398 => generated 246 bytes in 7 msecs (HTTP/1.1 404) 6 headers in 231 bytes (1 switches on core 0)
2026-09-03 17:40:46.364 7 INFO placement.requestlog [None req-397d3fba-0e9a-4038-9b77-d50fd80ae6dd 7ad7ae9e2db548e1adc95b133162ecdf 85ac34fdfbad4f9491e7100cdcd4f6a1 - - a802213689724739912a0ed9a1297b10 a802213689724739912a0ed9a1297b10] 10.0.0.108 "DELETE /resource_providers/96301468-566e-4733-a446-f8f4e8bdce8b" status: 404 len: 246 microversion: 1.1 [pid: 7|app: 0|req: 457/918] 10.0.0.108 () {34 vars in 816 bytes} [Thu Sep 3 17:40:46 2026] DELETE /resource_providers/96301468-566e-4733-a446-f8f4e8bdce8b => generated 246 bytes in 18 msecs (HTTP/1.1 404) 6 headers in 231 bytes (1 switches on core 0)
2026-09-03 17:40:46.379 8 INFO placement.requestlog [None req-f6018a41-2a42-4bf8-b653-38cc3a8e9620 7ad7ae9e2db548e1adc95b133162ecdf 85ac34fdfbad4f9491e7100cdcd4f6a1 - - a802213689724739912a0ed9a1297b10 a802213689724739912a0ed9a1297b10] 10.0.0.108 "GET /resource_providers/b88a84c2-56e1-4b2d-9d02-928635eed398/aggregates" status: 404 len: 235 microversion: 1.1 [pid: 8|app: 0|req: 462/919] 10.0.0.108 () {32 vars in 816 bytes} [Thu Sep 3 17:40:46 2026] GET /resource_providers/b88a84c2-56e1-4b2d-9d02-928635eed398/aggregates => generated 235 bytes in 9 msecs (HTTP/1.1 404) 5 headers in 202 bytes (1 switches on core 0)
2026-09-03 17:40:46.402 7 INFO placement.requestlog [None req-666d3793-c15b-482a-be68-347073a2c478 7ad7ae9e2db548e1adc95b133162ecdf 85ac34fdfbad4f9491e7100cdcd4f6a1 - - a802213689724739912a0ed9a1297b10 a802213689724739912a0ed9a1297b10] 10.0.0.108 "DELETE /resource_providers/b88a84c2-56e1-4b2d-9d02-928635eed398" status: 404 len: 246 microversion: 1.1 [pid: 7|app: 0|req: 458/920] 10.0.0.108 () {34 vars in 816 bytes} [Thu Sep 3 17:40:46 2026] DELETE /resource_providers/b88a84c2-56e1-4b2d-9d02-928635eed398 => generated 246 bytes in 16 msecs (HTTP/1.1 404) 6 headers in 231 bytes (1 switches on core 0)
2026-09-03 17:40:50.722 8 INFO placement.requestlog [None req-ff05c342-658d-4216-8829-0fa58dd6dd92 - - - - - -] 10.0.0.162 "GET /" status: 200 len: 136 microversion: 1.0
2026-09-03 17:40:50.723 7 INFO placement.requestlog [None req-ecd97d22-5167-46db-9be2-d17f68a14b47 - - - - - -] 10.0.0.162 "GET /" status: 200 len: 136 microversion: 1.0
2026-09-03 17:40:51.153 8 INFO placement.requestlog [req-dd1334d6-e60a-4a43-8e5e-54e9323ba2b1 req-69e37df1-cf87-458f-881a-baa8633affca bb829b24a73449df93571bae7152da0b 85ac34fdfbad4f9491e7100cdcd4f6a1 - - a802213689724739912a0ed9a1297b10 a802213689724739912a0ed9a1297b10] 10.0.0.230 "GET /allocation_candidates?limit=1000&resources=DISK_GB%3A1%2CMEMORY_MB%3A512%2CVCPU%3A1&root_required=%21COMPUTE_STATUS_DISABLED" status: 200 len: 2149 microversion: 1.36 [pid: 8|app: 0|req: 464/923] 10.0.0.230 () {34 vars in 1012 bytes} [Thu Sep 3 17:40:51 2026] GET /allocation_candidates?limit=1000&resources=DISK_GB%3A1%2CMEMORY_MB%3A512%2CVCPU%3A1&root_required=%21COMPUTE_STATUS_DISABLED => generated 2149 bytes in 50 msecs (HTTP/1.1 200) 8 headers in 297 bytes (1 switches on core 0)
2026-09-03 17:40:51.193 7 INFO placement.requestlog [req-dd1334d6-e60a-4a43-8e5e-54e9323ba2b1 req-83ee0b73-4628-47c4-8b39-8248b6d252f7 bb829b24a73449df93571bae7152da0b 85ac34fdfbad4f9491e7100cdcd4f6a1 - - a802213689724739912a0ed9a1297b10 a802213689724739912a0ed9a1297b10] 10.0.0.230 "GET /allocations/f1fc00ec-fba2-48b2-87a8-331e116bd409" status: 200 len: 19 microversion: 1.28 [pid: 7|app: 0|req: 460/924] 10.0.0.230 () {34 vars in 861 bytes} [Thu Sep 3 17:40:51 2026] GET /allocations/f1fc00ec-fba2-48b2-87a8-331e116bd409 => generated 19 bytes in 16 msecs (HTTP/1.1 200) 8 headers in 295 bytes (1 switches on core 0)
2026-09-03 17:40:51.255 7 INFO placement.requestlog [None req-fafb2c2a-322d-442f-add0-921623dd6a5b 7ad7ae9e2db548e1adc95b133162ecdf 85ac34fdfbad4f9491e7100cdcd4f6a1 - - a802213689724739912a0ed9a1297b10 a802213689724739912a0ed9a1297b10] 10.0.0.108 "GET /resource_providers/f8d88c7b-d56a-466a-a628-3bdba6ebbe66/aggregates" status: 404 len: 235 microversion: 1.1 [pid: 7|app: 0|req: 461/925] 10.0.0.108 () {32 vars in 816 bytes} [Thu Sep 3 17:40:51 2026] GET /resource_providers/f8d88c7b-d56a-466a-a628-3bdba6ebbe66/aggregates => generated 235 bytes in 13 msecs (HTTP/1.1 404) 5 headers in 202 bytes (1 switches on core 0)
2026-09-03 17:40:51.268 7 INFO placement.requestlog [None req-5f6c6a95-577a-4484-8196-02a1df2e506f 7ad7ae9e2db548e1adc95b133162ecdf 85ac34fdfbad4f9491e7100cdcd4f6a1 - - a802213689724739912a0ed9a1297b10 a802213689724739912a0ed9a1297b10] 10.0.0.108 "GET /resource_providers/f8d88c7b-d56a-466a-a628-3bdba6ebbe66/aggregates" status: 404 len: 235 microversion: 1.1 [pid: 7|app: 0|req: 462/926] 10.0.0.108 () {32 vars in 816 bytes} [Thu Sep 3 17:40:51 2026] GET /resource_providers/f8d88c7b-d56a-466a-a628-3bdba6ebbe66/aggregates => generated 235 bytes in 11 msecs (HTTP/1.1 404) 5 headers in 202 bytes (1 switches on core 0)
2026-09-03 17:40:51.277 7 INFO placement.requestlog [None req-07245ec9-f3dc-401c-a5b3-edb7e2ce799f 7ad7ae9e2db548e1adc95b133162ecdf 85ac34fdfbad4f9491e7100cdcd4f6a1 - - a802213689724739912a0ed9a1297b10 a802213689724739912a0ed9a1297b10] 10.0.0.108 "DELETE /resource_providers/f8d88c7b-d56a-466a-a628-3bdba6ebbe66" status: 404 len: 246 microversion: 1.1 [pid: 7|app: 0|req: 463/927] 10.0.0.108 () {34 vars in 816 bytes} [Thu Sep 3 17:40:51 2026] DELETE /resource_providers/f8d88c7b-d56a-466a-a628-3bdba6ebbe66 => generated 246 bytes in 9 msecs (HTTP/1.1 404) 6 headers in 231 bytes (1 switches on core 0)
2026-09-03 17:40:51.287 7 INFO placement.requestlog [None req-c0b9466b-3edb-4e5c-b839-ca49f855f200 7ad7ae9e2db548e1adc95b133162ecdf 85ac34fdfbad4f9491e7100cdcd4f6a1 - - a802213689724739912a0ed9a1297b10 a802213689724739912a0ed9a1297b10] 10.0.0.108 "DELETE /resource_providers/f8d88c7b-d56a-466a-a628-3bdba6ebbe66" status: 404 len: 246 microversion: 1.1 [pid: 7|app: 0|req: 464/928] 10.0.0.108 () {34 vars in 816 bytes} [Thu Sep 3 17:40:51 2026] DELETE /resource_providers/f8d88c7b-d56a-466a-a628-3bdba6ebbe66 => generated 246 bytes in 10 msecs (HTTP/1.1 404) 6 headers in 231 bytes (1 switches on core 0)
2026-09-03 17:40:51.293 8 INFO placement.requestlog [req-dd1334d6-e60a-4a43-8e5e-54e9323ba2b1 req-ef272dec-7fc7-493a-a5f5-1a1f9547f085 bb829b24a73449df93571bae7152da0b 85ac34fdfbad4f9491e7100cdcd4f6a1 - - a802213689724739912a0ed9a1297b10 a802213689724739912a0ed9a1297b10] 10.0.0.230 "PUT /allocations/f1fc00ec-fba2-48b2-87a8-331e116bd409" status: 204 len: 0 microversion: 1.36 [pid: 8|app: 0|req: 465/929] 10.0.0.230 () {38 vars in 914 bytes} [Thu Sep 3 17:40:51 2026] PUT /allocations/f1fc00ec-fba2-48b2-87a8-331e116bd409 => generated 0 bytes in 84 msecs (HTTP/1.1 204) 5 headers in 199 bytes (1 switches on core 0)
2026-09-03 17:40:51.582 7 INFO placement.requestlog [req-dd1334d6-e60a-4a43-8e5e-54e9323ba2b1 req-bb42378b-4d9e-43a6-8609-13098080b80d bb829b24a73449df93571bae7152da0b 85ac34fdfbad4f9491e7100cdcd4f6a1 - - a802213689724739912a0ed9a1297b10 a802213689724739912a0ed9a1297b10] 162.253.55.121 "GET /allocations/f1fc00ec-fba2-48b2-87a8-331e116bd409" status: 200 len: 257 microversion: 1.28 [pid: 7|app: 0|req: 465/930] 162.253.55.121 () {34 vars in 863 bytes} [Thu Sep 3 17:40:51 2026] GET /allocations/f1fc00ec-fba2-48b2-87a8-331e116bd409 => generated 257 bytes in 20 msecs (HTTP/1.1 200) 8 headers in 296 bytes (1 switches on core 0)
2026-09-03 17:40:51.734 8 INFO placement.requestlog [req-dd1334d6-e60a-4a43-8e5e-54e9323ba2b1 req-55685328-1efa-4420-96d2-888bb32806d7 bb829b24a73449df93571bae7152da0b 85ac34fdfbad4f9491e7100cdcd4f6a1 - - a802213689724739912a0ed9a1297b10 a802213689724739912a0ed9a1297b10] 162.253.55.121 "GET /resource_providers/48c9ac32-dbea-453c-b07e-b5662cca2842/allocations" status: 200 len: 252 microversion: 1.0 [pid: 8|app: 0|req: 466/931] 162.253.55.121 () {32 vars in 857 bytes} [Thu Sep 3 17:40:51 2026] GET /resource_providers/48c9ac32-dbea-453c-b07e-b5662cca2842/allocations => generated 252 bytes in 47 msecs (HTTP/1.1 200) 6 headers in 224 bytes (1 switches on core 0)
2026-09-03 17:40:51.755 7 INFO placement.requestlog [req-dd1334d6-e60a-4a43-8e5e-54e9323ba2b1 req-89f5a77d-2365-4361-8346-4a812009688f bb829b24a73449df93571bae7152da0b 85ac34fdfbad4f9491e7100cdcd4f6a1 - - a802213689724739912a0ed9a1297b10 a802213689724739912a0ed9a1297b10] 162.253.55.121 "GET /allocations/05879119-8bab-4c6b-a9bf-ce88a689ebdf" status: 200 len: 257 microversion: 1.28 [pid: 7|app: 0|req: 466/932] 162.253.55.121 () {34 vars in 863 bytes} [Thu Sep 3 17:40:51 2026] GET /allocations/05879119-8bab-4c6b-a9bf-ce88a689ebdf => generated 257 bytes in 12 msecs (HTTP/1.1 200) 8 headers in 296 bytes (1 switches on core 0)
2026-09-03 17:40:51.799 8 INFO placement.requestlog [req-dd1334d6-e60a-4a43-8e5e-54e9323ba2b1 req-010416a9-fe2a-450c-8837-f02de123bc5c bb829b24a73449df93571bae7152da0b 85ac34fdfbad4f9491e7100cdcd4f6a1 - - a802213689724739912a0ed9a1297b10 a802213689724739912a0ed9a1297b10] 162.253.55.121 "GET /allocations/f1fc00ec-fba2-48b2-87a8-331e116bd409" status: 200 len: 257 microversion: 1.28 [pid: 8|app: 0|req: 467/933] 162.253.55.121 () {34 vars in 863 bytes} [Thu Sep 3 17:40:51 2026] GET /allocations/f1fc00ec-fba2-48b2-87a8-331e116bd409 => generated 257 bytes in 38 msecs (HTTP/1.1 200) 8 headers in 296 bytes (1 switches on core 0)
2026-09-03 17:40:53.301 7 INFO placement.requestlog [None req-c2406c8b-cac1-4cb7-93da-ec89d8cb21a5 7ad7ae9e2db548e1adc95b133162ecdf 85ac34fdfbad4f9491e7100cdcd4f6a1 - - a802213689724739912a0ed9a1297b10 a802213689724739912a0ed9a1297b10] 10.0.0.108 "GET /resource_providers/cc5f6d24-1cc9-4d14-9b42-947645297542/aggregates" status: 404 len: 235 microversion: 1.1 [pid: 7|app: 0|req: 467/934] 10.0.0.108 () {32 vars in 816 bytes} [Thu Sep 3 17:40:53 2026] GET /resource_providers/cc5f6d24-1cc9-4d14-9b42-947645297542/aggregates => generated 235 bytes in 19 msecs (HTTP/1.1 404) 5 headers in 202 bytes (1 switches on core 0)
2026-09-03 17:40:53.321 8 INFO placement.requestlog [None req-bd39f8df-208d-407e-9e79-85f7c213a498 7ad7ae9e2db548e1adc95b133162ecdf 85ac34fdfbad4f9491e7100cdcd4f6a1 - - a802213689724739912a0ed9a1297b10 a802213689724739912a0ed9a1297b10] 10.0.0.108 "DELETE /resource_providers/cc5f6d24-1cc9-4d14-9b42-947645297542" status: 404 len: 246 microversion: 1.1 [pid: 8|app: 0|req: 468/935] 10.0.0.108 () {34 vars in 816 bytes} [Thu Sep 3 17:40:53 2026] DELETE /resource_providers/cc5f6d24-1cc9-4d14-9b42-947645297542 => generated 246 bytes in 11 msecs (HTTP/1.1 404) 6 headers in 231 bytes (1 switches on core 0)
2026-09-03 17:40:53.576 7 INFO placement.requestlog [None req-37547566-7d68-48d1-92fb-518e928f62b5 7ad7ae9e2db548e1adc95b133162ecdf 85ac34fdfbad4f9491e7100cdcd4f6a1 - - a802213689724739912a0ed9a1297b10 a802213689724739912a0ed9a1297b10] 10.0.0.108 "GET /resource_providers/cc5f6d24-1cc9-4d14-9b42-947645297542/aggregates" status: 404 len: 235 microversion: 1.1 [pid: 7|app: 0|req: 468/936] 10.0.0.108 () {32 vars in 816 bytes} [Thu Sep 3 17:40:53 2026] GET /resource_providers/cc5f6d24-1cc9-4d14-9b42-947645297542/aggregates => generated 235 bytes in 13 msecs (HTTP/1.1 404) 5 headers in 202 bytes (1 switches on core 0)
2026-09-03 17:40:53.598 8 INFO placement.requestlog [None req-0ea2e304-52fe-4e72-b52e-088307e2679a 7ad7ae9e2db548e1adc95b133162ecdf 85ac34fdfbad4f9491e7100cdcd4f6a1 - - a802213689724739912a0ed9a1297b10 a802213689724739912a0ed9a1297b10] 10.0.0.108 "DELETE /resource_providers/cc5f6d24-1cc9-4d14-9b42-947645297542" status: 404 len: 246 microversion: 1.1 [pid: 8|app: 0|req: 469/937] 10.0.0.108 () {34 vars in 816 bytes} [Thu Sep 3 17:40:53 2026] DELETE /resource_providers/cc5f6d24-1cc9-4d14-9b42-947645297542 => generated 246 bytes in 15 msecs (HTTP/1.1 404) 6 headers in 231 bytes (1 switches on core 0)
2026-09-03 17:40:56.884 7 INFO placement.requestlog [None req-b20af836-ee38-4b9d-9ee0-d2c1d541b118 7ad7ae9e2db548e1adc95b133162ecdf 85ac34fdfbad4f9491e7100cdcd4f6a1 - - a802213689724739912a0ed9a1297b10 a802213689724739912a0ed9a1297b10] 10.0.0.108 "GET /resource_providers/47e4d82c-6210-412c-951a-48bc7f93e06e/aggregates" status: 404 len: 235 microversion: 1.1 [pid: 7|app: 0|req: 469/938] 10.0.0.108 () {32 vars in 816 bytes} [Thu Sep 3 17:40:56 2026] GET /resource_providers/47e4d82c-6210-412c-951a-48bc7f93e06e/aggregates => generated 235 bytes in 9 msecs (HTTP/1.1 404) 5 headers in 202 bytes (1 switches on core 0)
2026-09-03 17:40:56.892 8 INFO placement.requestlog [None req-084faaa1-de29-481b-9eee-e7a85ea5eb56 7ad7ae9e2db548e1adc95b133162ecdf 85ac34fdfbad4f9491e7100cdcd4f6a1 - - a802213689724739912a0ed9a1297b10 a802213689724739912a0ed9a1297b10] 10.0.0.108 "GET /resource_providers/47e4d82c-6210-412c-951a-48bc7f93e06e/aggregates" status: 404 len: 235 microversion: 1.1 [pid: 8|app: 0|req: 470/939] 10.0.0.108 () {32 vars in 816 bytes} [Thu Sep 3 17:40:56 2026] GET /resource_providers/47e4d82c-6210-412c-951a-48bc7f93e06e/aggregates => generated 235 bytes in 17 msecs (HTTP/1.1 404) 5 headers in 202 bytes (1 switches on core 0)
2026-09-03 17:40:56.913 7 INFO placement.requestlog [None req-a7faa30d-6086-41ac-842c-daa8db375e4a 7ad7ae9e2db548e1adc95b133162ecdf 85ac34fdfbad4f9491e7100cdcd4f6a1 - - a802213689724739912a0ed9a1297b10 a802213689724739912a0ed9a1297b10] 10.0.0.108 "DELETE /resource_providers/47e4d82c-6210-412c-951a-48bc7f93e06e" status: 404 len: 246 microversion: 1.1 [pid: 7|app: 0|req: 470/940] 10.0.0.108 () {34 vars in 816 bytes} [Thu Sep 3 17:40:56 2026] DELETE /resource_providers/47e4d82c-6210-412c-951a-48bc7f93e06e => generated 246 bytes in 9 msecs (HTTP/1.1 404) 6 headers in 231 bytes (1 switches on core 0)
2026-09-03 17:40:56.915 8 INFO placement.requestlog [None req-6f651264-56eb-4f9c-a50e-b56ff15e699c 7ad7ae9e2db548e1adc95b133162ecdf 85ac34fdfbad4f9491e7100cdcd4f6a1 - - a802213689724739912a0ed9a1297b10 a802213689724739912a0ed9a1297b10] 10.0.0.108 "DELETE /resource_providers/47e4d82c-6210-412c-951a-48bc7f93e06e" status: 404 len: 246 microversion: 1.1 [pid: 8|app: 0|req: 471/941] 10.0.0.108 () {34 vars in 816 bytes} [Thu Sep 3 17:40:56 2026] DELETE /resource_providers/47e4d82c-6210-412c-951a-48bc7f93e06e => generated 246 bytes in 10 msecs (HTTP/1.1 404) 6 headers in 231 bytes (1 switches on core 0)
2026-09-03 17:40:58.412 7 INFO placement.requestlog [req-caeede62-c35d-417f-b20a-a398dac760b2 req-f57fcc1d-7dee-42d5-96dd-c19aee405b94 bb829b24a73449df93571bae7152da0b 85ac34fdfbad4f9491e7100cdcd4f6a1 - - a802213689724739912a0ed9a1297b10 a802213689724739912a0ed9a1297b10] 162.253.55.121 "GET /resource_providers/48c9ac32-dbea-453c-b07e-b5662cca2842/allocations" status: 200 len: 252 microversion: 1.0 [pid: 7|app: 0|req: 471/942] 162.253.55.121 () {32 vars in 857 bytes} [Thu Sep 3 17:40:58 2026] GET /resource_providers/48c9ac32-dbea-453c-b07e-b5662cca2842/allocations => generated 252 bytes in 29 msecs (HTTP/1.1 200) 6 headers in 224 bytes (1 switches on core 0)
2026-09-03 17:40:58.442 8 INFO placement.requestlog [req-caeede62-c35d-417f-b20a-a398dac760b2 req-3ae57971-9cf9-4145-b828-dda7f918812e bb829b24a73449df93571bae7152da0b 85ac34fdfbad4f9491e7100cdcd4f6a1 - - a802213689724739912a0ed9a1297b10 a802213689724739912a0ed9a1297b10] 162.253.55.121 "GET /allocations/05879119-8bab-4c6b-a9bf-ce88a689ebdf" status: 200 len: 257 microversion: 1.28 [pid: 8|app: 0|req: 472/943] 162.253.55.121 () {34 vars in 863 bytes} [Thu Sep 3 17:40:58 2026] GET /allocations/05879119-8bab-4c6b-a9bf-ce88a689ebdf => generated 257 bytes in 24 msecs (HTTP/1.1 200) 8 headers in 296 bytes (1 switches on core 0)
2026-09-03 17:40:58.470 7 INFO placement.requestlog [req-caeede62-c35d-417f-b20a-a398dac760b2 req-72ede26f-145a-472e-b103-4e37594cfde2 bb829b24a73449df93571bae7152da0b 85ac34fdfbad4f9491e7100cdcd4f6a1 - - a802213689724739912a0ed9a1297b10 a802213689724739912a0ed9a1297b10] 162.253.55.121 "GET /allocations/f1fc00ec-fba2-48b2-87a8-331e116bd409" status: 200 len: 257 microversion: 1.28 [pid: 7|app: 0|req: 472/944] 162.253.55.121 () {34 vars in 863 bytes} [Thu Sep 3 17:40:58 2026] GET /allocations/f1fc00ec-fba2-48b2-87a8-331e116bd409 => generated 257 bytes in 18 msecs (HTTP/1.1 200) 8 headers in 296 bytes (1 switches on core 0)
2026-09-03 17:40:58.586 8 INFO placement.requestlog [req-caeede62-c35d-417f-b20a-a398dac760b2 req-7100f36d-47bb-40b0-94a5-3c516374a47f bb829b24a73449df93571bae7152da0b 85ac34fdfbad4f9491e7100cdcd4f6a1 - - a802213689724739912a0ed9a1297b10 a802213689724739912a0ed9a1297b10] 162.253.55.121 "DELETE /allocations/f1fc00ec-fba2-48b2-87a8-331e116bd409" status: 204 len: 0 microversion: 1.0 [pid: 8|app: 0|req: 473/945] 162.253.55.121 () {34 vars in 841 bytes} [Thu Sep 3 17:40:58 2026] DELETE /allocations/f1fc00ec-fba2-48b2-87a8-331e116bd409 => generated 0 bytes in 17 msecs (HTTP/1.1 204) 5 headers in 198 bytes (1 switches on core 0)
2026-09-03 17:41:00.722 7 INFO placement.requestlog [None req-001617b1-1b0e-42c8-83a3-536583d2fe36 - - - - - -] 10.0.0.162 "GET /" status: 200 len: 136 microversion: 1.0
2026-09-03 17:41:00.722 8 INFO placement.requestlog [None req-5ec70ea8-34cf-432f-88b8-7ed0d67413c2 - - - - - -] 10.0.0.162 "GET /" status: 200 len: 136 microversion: 1.0
2026-09-03 17:41:01.825 7 INFO placement.requestlog [req-a16e9e95-fbad-4785-a564-f738bd2e60b0 req-19eeccdd-d001-44a6-ba55-383d065e352b bb829b24a73449df93571bae7152da0b 85ac34fdfbad4f9491e7100cdcd4f6a1 - - a802213689724739912a0ed9a1297b10 a802213689724739912a0ed9a1297b10] 162.253.55.121 "GET /resource_providers/48c9ac32-dbea-453c-b07e-b5662cca2842/allocations" status: 200 len: 152 microversion: 1.0 [pid: 7|app: 0|req: 474/948] 162.253.55.121 () {32 vars in 857 bytes} [Thu Sep 3 17:41:01 2026] GET /resource_providers/48c9ac32-dbea-453c-b07e-b5662cca2842/allocations => generated 152 bytes in 18 msecs (HTTP/1.1 200) 6 headers in 224 bytes (1 switches on core 0)
2026-09-03 17:41:01.861 8 INFO placement.requestlog [req-a16e9e95-fbad-4785-a564-f738bd2e60b0 req-f75aaa46-5f33-42aa-84f2-60da5eb45a12 bb829b24a73449df93571bae7152da0b 85ac34fdfbad4f9491e7100cdcd4f6a1 - - a802213689724739912a0ed9a1297b10 a802213689724739912a0ed9a1297b10] 162.253.55.121 "GET /allocations/05879119-8bab-4c6b-a9bf-ce88a689ebdf" status: 200 len: 257 microversion: 1.28 [pid: 8|app: 0|req: 475/949] 162.253.55.121 () {34 vars in 863 bytes} [Thu Sep 3 17:41:01 2026] GET /allocations/05879119-8bab-4c6b-a9bf-ce88a689ebdf => generated 257 bytes in 28 msecs (HTTP/1.1 200) 8 headers in 296 bytes (1 switches on core 0)
2026-09-03 17:41:01.960 7 INFO placement.requestlog [req-a16e9e95-fbad-4785-a564-f738bd2e60b0 req-e5c61fe7-bbd2-41db-a678-d8abd2cd6364 bb829b24a73449df93571bae7152da0b 85ac34fdfbad4f9491e7100cdcd4f6a1 - - a802213689724739912a0ed9a1297b10 a802213689724739912a0ed9a1297b10] 162.253.55.121 "DELETE /allocations/05879119-8bab-4c6b-a9bf-ce88a689ebdf" status: 204 len: 0 microversion: 1.0 [pid: 7|app: 0|req: 475/950] 162.253.55.121 () {34 vars in 841 bytes} [Thu Sep 3 17:41:01 2026] DELETE /allocations/05879119-8bab-4c6b-a9bf-ce88a689ebdf => generated 0 bytes in 37 msecs (HTTP/1.1 204) 5 headers in 198 bytes (1 switches on core 0)
2026-09-03 17:41:03.331 7 INFO placement.requestlog [None req-85d140f2-211c-4ef6-ac41-17e2d8338529 7ad7ae9e2db548e1adc95b133162ecdf 85ac34fdfbad4f9491e7100cdcd4f6a1 - - a802213689724739912a0ed9a1297b10 a802213689724739912a0ed9a1297b10] 10.0.0.108 "GET /resource_providers/6d46aa89-cc07-40e9-bb07-2a313e686008/aggregates" status: 404 len: 235 microversion: 1.1 [pid: 7|app: 0|req: 476/951] 10.0.0.108 () {32 vars in 816 bytes} [Thu Sep 3 17:41:03 2026] GET /resource_providers/6d46aa89-cc07-40e9-bb07-2a313e686008/aggregates => generated 235 bytes in 14 msecs (HTTP/1.1 404) 5 headers in 202 bytes (1 switches on core 0)
2026-09-03 17:41:03.332 8 INFO placement.requestlog [None req-45cce4d6-fdae-414d-8650-2083f38f31e5 7ad7ae9e2db548e1adc95b133162ecdf 85ac34fdfbad4f9491e7100cdcd4f6a1 - - a802213689724739912a0ed9a1297b10 a802213689724739912a0ed9a1297b10] 10.0.0.108 "GET /resource_providers/6d46aa89-cc07-40e9-bb07-2a313e686008/aggregates" status: 404 len: 235 microversion: 1.1 [pid: 8|app: 0|req: 476/952] 10.0.0.108 () {32 vars in 816 bytes} [Thu Sep 3 17:41:03 2026] GET /resource_providers/6d46aa89-cc07-40e9-bb07-2a313e686008/aggregates => generated 235 bytes in 15 msecs (HTTP/1.1 404) 5 headers in 202 bytes (1 switches on core 0)
2026-09-03 17:41:03.351 7 INFO placement.requestlog [None req-3f217f0a-38ea-4c6c-adfe-ee960881082e 7ad7ae9e2db548e1adc95b133162ecdf 85ac34fdfbad4f9491e7100cdcd4f6a1 - - a802213689724739912a0ed9a1297b10 a802213689724739912a0ed9a1297b10] 10.0.0.108 "DELETE /resource_providers/6d46aa89-cc07-40e9-bb07-2a313e686008" status: 404 len: 246 microversion: 1.1 [pid: 7|app: 0|req: 477/953] 10.0.0.108 () {34 vars in 816 bytes} [Thu Sep 3 17:41:03 2026] DELETE /resource_providers/6d46aa89-cc07-40e9-bb07-2a313e686008 => generated 246 bytes in 15 msecs (HTTP/1.1 404) 6 headers in 231 bytes (1 switches on core 0)
2026-09-03 17:41:03.355 8 INFO placement.requestlog [None req-36910221-bdc5-481e-af0d-f6c73f1cab94 7ad7ae9e2db548e1adc95b133162ecdf 85ac34fdfbad4f9491e7100cdcd4f6a1 - - a802213689724739912a0ed9a1297b10 a802213689724739912a0ed9a1297b10] 10.0.0.108 "DELETE /resource_providers/6d46aa89-cc07-40e9-bb07-2a313e686008" status: 404 len: 246 microversion: 1.1 [pid: 8|app: 0|req: 477/954] 10.0.0.108 () {34 vars in 816 bytes} [Thu Sep 3 17:41:03 2026] DELETE /resource_providers/6d46aa89-cc07-40e9-bb07-2a313e686008 => generated 246 bytes in 13 msecs (HTTP/1.1 404) 6 headers in 231 bytes (1 switches on core 0)
2026-09-03 17:41:03.916 8 INFO placement.requestlog [None req-5a7b5921-e443-4197-8426-ac3aae8632c8 7ad7ae9e2db548e1adc95b133162ecdf 85ac34fdfbad4f9491e7100cdcd4f6a1 - - a802213689724739912a0ed9a1297b10 a802213689724739912a0ed9a1297b10] 10.0.0.108 "GET /resource_providers/dad3b787-112b-4284-b3e2-50787f57101f/aggregates" status: 404 len: 235 microversion: 1.1 [pid: 8|app: 0|req: 478/955] 10.0.0.108 () {32 vars in 816 bytes} [Thu Sep 3 17:41:03 2026] GET /resource_providers/dad3b787-112b-4284-b3e2-50787f57101f/aggregates => generated 235 bytes in 16 msecs (HTTP/1.1 404) 5 headers in 202 bytes (1 switches on core 0)
2026-09-03 17:41:03.919 7 INFO placement.requestlog [None req-e10d8194-78b1-4147-9312-8aee34b8f050 7ad7ae9e2db548e1adc95b133162ecdf 85ac34fdfbad4f9491e7100cdcd4f6a1 - - a802213689724739912a0ed9a1297b10 a802213689724739912a0ed9a1297b10] 10.0.0.108 "GET /resource_providers/dad3b787-112b-4284-b3e2-50787f57101f/aggregates" status: 404 len: 235 microversion: 1.1 [pid: 7|app: 0|req: 478/956] 10.0.0.108 () {32 vars in 816 bytes} [Thu Sep 3 17:41:03 2026] GET /resource_providers/dad3b787-112b-4284-b3e2-50787f57101f/aggregates => generated 235 bytes in 18 msecs (HTTP/1.1 404) 5 headers in 202 bytes (1 switches on core 0)
2026-09-03 17:41:03.946 8 INFO placement.requestlog [None req-940a648b-acd4-46aa-adc4-d7908afd10fd 7ad7ae9e2db548e1adc95b133162ecdf 85ac34fdfbad4f9491e7100cdcd4f6a1 - - a802213689724739912a0ed9a1297b10 a802213689724739912a0ed9a1297b10] 10.0.0.108 "DELETE /resource_providers/dad3b787-112b-4284-b3e2-50787f57101f" status: 404 len: 246 microversion: 1.1 [pid: 8|app: 0|req: 479/957] 10.0.0.108 () {34 vars in 816 bytes} [Thu Sep 3 17:41:03 2026] DELETE /resource_providers/dad3b787-112b-4284-b3e2-50787f57101f => generated 246 bytes in 15 msecs (HTTP/1.1 404) 6 headers in 231 bytes (1 switches on core 0)
2026-09-03 17:41:03.952 7 INFO placement.requestlog [None req-c91b76d6-d1f0-4a99-a12b-be2f1673c209 7ad7ae9e2db548e1adc95b133162ecdf 85ac34fdfbad4f9491e7100cdcd4f6a1 - - a802213689724739912a0ed9a1297b10 a802213689724739912a0ed9a1297b10] 10.0.0.108 "DELETE /resource_providers/dad3b787-112b-4284-b3e2-50787f57101f" status: 404 len: 246 microversion: 1.1 [pid: 7|app: 0|req: 479/958] 10.0.0.108 () {34 vars in 816 bytes} [Thu Sep 3 17:41:03 2026] DELETE /resource_providers/dad3b787-112b-4284-b3e2-50787f57101f => generated 246 bytes in 20 msecs (HTTP/1.1 404) 6 headers in 231 bytes (1 switches on core 0)
2026-09-03 17:41:05.967 8 INFO placement.requestlog [None req-16b3b643-be8a-4d70-b072-d18a5650b3fa 7ad7ae9e2db548e1adc95b133162ecdf 85ac34fdfbad4f9491e7100cdcd4f6a1 - - a802213689724739912a0ed9a1297b10 a802213689724739912a0ed9a1297b10] 10.0.0.108 "GET /resource_providers/b343187f-de2e-4181-a988-64e4eff17f58/aggregates" status: 404 len: 235 microversion: 1.1
2026-09-03 17:41:05.968 7 INFO placement.requestlog [None req-e7b9aa5e-6d3b-41a2-abbe-39ca03e458fa 7ad7ae9e2db548e1adc95b133162ecdf 85ac34fdfbad4f9491e7100cdcd4f6a1 - - a802213689724739912a0ed9a1297b10 a802213689724739912a0ed9a1297b10] 10.0.0.108 "GET /resource_providers/b343187f-de2e-4181-a988-64e4eff17f58/aggregates" status: 404 len: 235 microversion: 1.1 [pid: 8|app: 0|req: 480/960] 10.0.0.108 () {32 vars in 816 bytes} [Thu Sep 3 17:41:05 2026] GET /resource_providers/b343187f-de2e-4181-a988-64e4eff17f58/aggregates => generated 235 bytes in 15 msecs (HTTP/1.1 404) 5 headers in 202 bytes (1 switches on core 0) [pid: 7|app: 0|req: 480/960] 10.0.0.108 () {32 vars in 816 bytes} [Thu Sep 3 17:41:05 2026] GET /resource_providers/b343187f-de2e-4181-a988-64e4eff17f58/aggregates => generated 235 bytes in 6 msecs (HTTP/1.1 404) 5 headers in 202 bytes (1 switches on core 0)
2026-09-03 17:41:06.017 7 INFO placement.requestlog [None req-d78cd36c-fa25-4269-b9b1-705bc9ac88fa 7ad7ae9e2db548e1adc95b133162ecdf 85ac34fdfbad4f9491e7100cdcd4f6a1 - - a802213689724739912a0ed9a1297b10 a802213689724739912a0ed9a1297b10] 10.0.0.108 "DELETE /resource_providers/b343187f-de2e-4181-a988-64e4eff17f58" status: 404 len: 246 microversion: 1.1 [pid: 7|app: 0|req: 481/961] 10.0.0.108 () {34 vars in 816 bytes} [Thu Sep 3 17:41:05 2026] DELETE /resource_providers/b343187f-de2e-4181-a988-64e4eff17f58 => generated 246 bytes in 26 msecs (HTTP/1.1 404) 6 headers in 231 bytes (1 switches on core 0)
2026-09-03 17:41:06.021 8 INFO placement.requestlog [None req-8066791f-64eb-43b1-9f85-0b4e88f9a6f3 7ad7ae9e2db548e1adc95b133162ecdf 85ac34fdfbad4f9491e7100cdcd4f6a1 - - a802213689724739912a0ed9a1297b10 a802213689724739912a0ed9a1297b10] 10.0.0.108 "DELETE /resource_providers/b343187f-de2e-4181-a988-64e4eff17f58" status: 404 len: 246 microversion: 1.1 [pid: 8|app: 0|req: 481/962] 10.0.0.108 () {34 vars in 816 bytes} [Thu Sep 3 17:41:05 2026] DELETE /resource_providers/b343187f-de2e-4181-a988-64e4eff17f58 => generated 246 bytes in 28 msecs (HTTP/1.1 404) 6 headers in 231 bytes (1 switches on core 0)
2026-09-03 17:41:08.537 7 INFO placement.requestlog [None req-edb35ee4-2f52-4a2e-922e-704f047a807a 7ad7ae9e2db548e1adc95b133162ecdf 85ac34fdfbad4f9491e7100cdcd4f6a1 - - a802213689724739912a0ed9a1297b10 a802213689724739912a0ed9a1297b10] 10.0.0.108 "GET /resource_providers/06606183-559c-4b16-ab63-4cf19069a179/aggregates" status: 404 len: 235 microversion: 1.1 [pid: 7|app: 0|req: 482/963] 10.0.0.108 () {32 vars in 816 bytes} [Thu Sep 3 17:41:08 2026] GET /resource_providers/06606183-559c-4b16-ab63-4cf19069a179/aggregates => generated 235 bytes in 14 msecs (HTTP/1.1 404) 5 headers in 202 bytes (1 switches on core 0)
2026-09-03 17:41:08.541 8 INFO placement.requestlog [None req-3dd8b4c3-76dd-412a-9f02-67543ae6bf56 7ad7ae9e2db548e1adc95b133162ecdf 85ac34fdfbad4f9491e7100cdcd4f6a1 - - a802213689724739912a0ed9a1297b10 a802213689724739912a0ed9a1297b10] 10.0.0.108 "GET /resource_providers/06606183-559c-4b16-ab63-4cf19069a179/aggregates" status: 404 len: 235 microversion: 1.1 [pid: 8|app: 0|req: 482/964] 10.0.0.108 () {32 vars in 816 bytes} [Thu Sep 3 17:41:08 2026] GET /resource_providers/06606183-559c-4b16-ab63-4cf19069a179/aggregates => generated 235 bytes in 18 msecs (HTTP/1.1 404) 5 headers in 202 bytes (1 switches on core 0)
2026-09-03 17:41:08.570 7 INFO placement.requestlog [None req-54aa0dbc-2f25-4e66-914a-e20d50ed270d 7ad7ae9e2db548e1adc95b133162ecdf 85ac34fdfbad4f9491e7100cdcd4f6a1 - - a802213689724739912a0ed9a1297b10 a802213689724739912a0ed9a1297b10] 10.0.0.108 "DELETE /resource_providers/06606183-559c-4b16-ab63-4cf19069a179" status: 404 len: 246 microversion: 1.1 [pid: 7|app: 0|req: 483/965] 10.0.0.108 () {34 vars in 816 bytes} [Thu Sep 3 17:41:08 2026] DELETE /resource_providers/06606183-559c-4b16-ab63-4cf19069a179 => generated 246 bytes in 14 msecs (HTTP/1.1 404) 6 headers in 231 bytes (1 switches on core 0)
2026-09-03 17:41:08.576 8 INFO placement.requestlog [None req-33d917eb-cee4-4764-a5b7-e68dede59ed6 7ad7ae9e2db548e1adc95b133162ecdf 85ac34fdfbad4f9491e7100cdcd4f6a1 - - a802213689724739912a0ed9a1297b10 a802213689724739912a0ed9a1297b10] 10.0.0.108 "DELETE /resource_providers/06606183-559c-4b16-ab63-4cf19069a179" status: 404 len: 246 microversion: 1.1 [pid: 8|app: 0|req: 483/966] 10.0.0.108 () {34 vars in 816 bytes} [Thu Sep 3 17:41:08 2026] DELETE /resource_providers/06606183-559c-4b16-ab63-4cf19069a179 => generated 246 bytes in 14 msecs (HTTP/1.1 404) 6 headers in 231 bytes (1 switches on core 0)
2026-09-03 17:41:10.723 7 INFO placement.requestlog [None req-4f48e426-a414-4d10-9b8d-baa754c2279f - - - - - -] 10.0.0.162 "GET /" status: 200 len: 136 microversion: 1.0
2026-09-03 17:41:10.725 8 INFO placement.requestlog [None req-a5e9fa47-68f6-4a68-ac68-9941f83f790f - - - - - -] 10.0.0.162 "GET /" status: 200 len: 136 microversion: 1.0
2026-09-03 17:41:14.787 7 INFO placement.requestlog [req-a9a6c7ee-c937-4fbb-a52a-3c97afcca351 req-7cff4f7e-21e3-46b0-9e87-e79df3d3825e bb829b24a73449df93571bae7152da0b 85ac34fdfbad4f9491e7100cdcd4f6a1 - - a802213689724739912a0ed9a1297b10 a802213689724739912a0ed9a1297b10] 10.0.0.230 "GET /allocation_candidates?limit=1000&resources=DISK_GB%3A1%2CMEMORY_MB%3A512%2CVCPU%3A1&root_required=%21COMPUTE_STATUS_DISABLED" status: 200 len: 2147 microversion: 1.36 [pid: 7|app: 0|req: 485/969] 10.0.0.230 () {34 vars in 1012 bytes} [Thu Sep 3 17:41:14 2026] GET /allocation_candidates?limit=1000&resources=DISK_GB%3A1%2CMEMORY_MB%3A512%2CVCPU%3A1&root_required=%21COMPUTE_STATUS_DISABLED => generated 2147 bytes in 58 msecs (HTTP/1.1 200) 8 headers in 297 bytes (1 switches on core 0)
2026-09-03 17:41:14.831 8 INFO placement.requestlog [req-a9a6c7ee-c937-4fbb-a52a-3c97afcca351 req-7ea02d5d-b864-4eb4-9f3d-14f101f4928c bb829b24a73449df93571bae7152da0b 85ac34fdfbad4f9491e7100cdcd4f6a1 - - a802213689724739912a0ed9a1297b10 a802213689724739912a0ed9a1297b10] 10.0.0.230 "GET /allocations/faba702d-4277-4180-b969-48130fe49ab0" status: 200 len: 19 microversion: 1.28 [pid: 8|app: 0|req: 485/970] 10.0.0.230 () {34 vars in 861 bytes} [Thu Sep 3 17:41:14 2026] GET /allocations/faba702d-4277-4180-b969-48130fe49ab0 => generated 19 bytes in 15 msecs (HTTP/1.1 200) 8 headers in 295 bytes (1 switches on core 0)
2026-09-03 17:41:14.933 7 INFO placement.requestlog [req-a9a6c7ee-c937-4fbb-a52a-3c97afcca351 req-fe7e26a6-a7cb-48f6-a4cc-287b61d1dbed bb829b24a73449df93571bae7152da0b 85ac34fdfbad4f9491e7100cdcd4f6a1 - - a802213689724739912a0ed9a1297b10 a802213689724739912a0ed9a1297b10] 10.0.0.230 "PUT /allocations/faba702d-4277-4180-b969-48130fe49ab0" status: 204 len: 0 microversion: 1.36 [pid: 7|app: 0|req: 486/971] 10.0.0.230 () {38 vars in 914 bytes} [Thu Sep 3 17:41:14 2026] PUT /allocations/faba702d-4277-4180-b969-48130fe49ab0 => generated 0 bytes in 93 msecs (HTTP/1.1 204) 5 headers in 199 bytes (1 switches on core 0)
2026-09-03 17:41:15.195 8 INFO placement.requestlog [req-a9a6c7ee-c937-4fbb-a52a-3c97afcca351 req-929c1f9a-658b-44d3-869b-bbc289313c33 bb829b24a73449df93571bae7152da0b 85ac34fdfbad4f9491e7100cdcd4f6a1 - - a802213689724739912a0ed9a1297b10 a802213689724739912a0ed9a1297b10] 162.253.55.121 "GET /allocations/faba702d-4277-4180-b969-48130fe49ab0" status: 200 len: 257 microversion: 1.28 [pid: 8|app: 0|req: 486/972] 162.253.55.121 () {34 vars in 863 bytes} [Thu Sep 3 17:41:15 2026] GET /allocations/faba702d-4277-4180-b969-48130fe49ab0 => generated 257 bytes in 19 msecs (HTTP/1.1 200) 8 headers in 296 bytes (1 switches on core 0)
2026-09-03 17:41:15.320 7 INFO placement.requestlog [req-a9a6c7ee-c937-4fbb-a52a-3c97afcca351 req-428c593f-5c6c-4f99-909f-e127347ef4b5 bb829b24a73449df93571bae7152da0b 85ac34fdfbad4f9491e7100cdcd4f6a1 - - a802213689724739912a0ed9a1297b10 a802213689724739912a0ed9a1297b10] 162.253.55.121 "GET /resource_providers/48c9ac32-dbea-453c-b07e-b5662cca2842/allocations" status: 200 len: 152 microversion: 1.0 [pid: 7|app: 0|req: 487/973] 162.253.55.121 () {32 vars in 857 bytes} [Thu Sep 3 17:41:15 2026] GET /resource_providers/48c9ac32-dbea-453c-b07e-b5662cca2842/allocations => generated 152 bytes in 38 msecs (HTTP/1.1 200) 6 headers in 224 bytes (1 switches on core 0)
2026-09-03 17:41:15.348 8 INFO placement.requestlog [req-a9a6c7ee-c937-4fbb-a52a-3c97afcca351 req-3e3058df-9243-449b-a773-2b4212eaf2a8 bb829b24a73449df93571bae7152da0b 85ac34fdfbad4f9491e7100cdcd4f6a1 - - a802213689724739912a0ed9a1297b10 a802213689724739912a0ed9a1297b10] 162.253.55.121 "GET /allocations/faba702d-4277-4180-b969-48130fe49ab0" status: 200 len: 257 microversion: 1.28 [pid: 8|app: 0|req: 487/974] 162.253.55.121 () {34 vars in 863 bytes} [Thu Sep 3 17:41:15 2026] GET /allocations/faba702d-4277-4180-b969-48130fe49ab0 => generated 257 bytes in 20 msecs (HTTP/1.1 200) 8 headers in 296 bytes (1 switches on core 0)
2026-09-03 17:41:20.722 8 INFO placement.requestlog [None req-7ca0c870-e7a7-448a-9788-e2d58bf5e2ac - - - - - -] 10.0.0.162 "GET /" status: 200 len: 136 microversion: 1.0
2026-09-03 17:41:20.722 7 INFO placement.requestlog [None req-8f07a841-77da-4120-a068-f318aea4ea03 - - - - - -] 10.0.0.162 "GET /" status: 200 len: 136 microversion: 1.0
2026-09-03 17:41:21.075 8 INFO placement.requestlog [req-27b00596-03ea-43df-bdde-0f4ab391ee19 req-e8884392-c64a-4ef1-af56-0538fdebd30d bb829b24a73449df93571bae7152da0b 85ac34fdfbad4f9491e7100cdcd4f6a1 - - a802213689724739912a0ed9a1297b10 a802213689724739912a0ed9a1297b10] 162.253.55.121 "GET /resource_providers/48c9ac32-dbea-453c-b07e-b5662cca2842/allocations" status: 200 len: 152 microversion: 1.0 [pid: 8|app: 0|req: 489/977] 162.253.55.121 () {32 vars in 857 bytes} [Thu Sep 3 17:41:21 2026] GET /resource_providers/48c9ac32-dbea-453c-b07e-b5662cca2842/allocations => generated 152 bytes in 44 msecs (HTTP/1.1 200) 6 headers in 224 bytes (1 switches on core 0)
2026-09-03 17:41:21.104 7 INFO placement.requestlog [req-27b00596-03ea-43df-bdde-0f4ab391ee19 req-0fea20a3-f47d-4df3-ad64-dbe6a539fb77 bb829b24a73449df93571bae7152da0b 85ac34fdfbad4f9491e7100cdcd4f6a1 - - a802213689724739912a0ed9a1297b10 a802213689724739912a0ed9a1297b10] 162.253.55.121 "GET /allocations/faba702d-4277-4180-b969-48130fe49ab0" status: 200 len: 257 microversion: 1.28 [pid: 7|app: 0|req: 489/978] 162.253.55.121 () {34 vars in 863 bytes} [Thu Sep 3 17:41:21 2026] GET /allocations/faba702d-4277-4180-b969-48130fe49ab0 => generated 257 bytes in 17 msecs (HTTP/1.1 200) 8 headers in 296 bytes (1 switches on core 0)
2026-09-03 17:41:21.224 8 INFO placement.requestlog [req-27b00596-03ea-43df-bdde-0f4ab391ee19 req-27272159-78e8-481b-9eea-cbce3333ed63 bb829b24a73449df93571bae7152da0b 85ac34fdfbad4f9491e7100cdcd4f6a1 - - a802213689724739912a0ed9a1297b10 a802213689724739912a0ed9a1297b10] 162.253.55.121 "DELETE /allocations/faba702d-4277-4180-b969-48130fe49ab0" status: 204 len: 0 microversion: 1.0 [pid: 8|app: 0|req: 490/979] 162.253.55.121 () {34 vars in 841 bytes} [Thu Sep 3 17:41:21 2026] DELETE /allocations/faba702d-4277-4180-b969-48130fe49ab0 => generated 0 bytes in 72 msecs (HTTP/1.1 204) 5 headers in 198 bytes (1 switches on core 0)
2026-09-03 17:41:24.733 7 INFO placement.requestlog [None req-6fe3c586-7d62-4193-8e3f-4cbc89c41d59 7ad7ae9e2db548e1adc95b133162ecdf 85ac34fdfbad4f9491e7100cdcd4f6a1 - - a802213689724739912a0ed9a1297b10 a802213689724739912a0ed9a1297b10] 10.0.0.108 "GET /resource_providers/79b8322b-b460-43cf-b1eb-31d83874a9f4/aggregates" status: 404 len: 235 microversion: 1.1 [pid: 7|app: 0|req: 490/980] 10.0.0.108 () {32 vars in 816 bytes} [Thu Sep 3 17:41:24 2026] GET /resource_providers/79b8322b-b460-43cf-b1eb-31d83874a9f4/aggregates => generated 235 bytes in 13 msecs (HTTP/1.1 404) 5 headers in 202 bytes (1 switches on core 0)
2026-09-03 17:41:24.733 8 INFO placement.requestlog [None req-9d9ae4e9-fefd-47b6-92f4-58854ba76ec5 7ad7ae9e2db548e1adc95b133162ecdf 85ac34fdfbad4f9491e7100cdcd4f6a1 - - a802213689724739912a0ed9a1297b10 a802213689724739912a0ed9a1297b10] 10.0.0.108 "GET /resource_providers/79b8322b-b460-43cf-b1eb-31d83874a9f4/aggregates" status: 404 len: 235 microversion: 1.1 [pid: 8|app: 0|req: 491/981] 10.0.0.108 () {32 vars in 816 bytes} [Thu Sep 3 17:41:24 2026] GET /resource_providers/79b8322b-b460-43cf-b1eb-31d83874a9f4/aggregates => generated 235 bytes in 13 msecs (HTTP/1.1 404) 5 headers in 202 bytes (1 switches on core 0)
2026-09-03 17:41:24.748 7 INFO placement.requestlog [None req-d5b8ea75-b03d-43ac-8ce8-737c89754304 7ad7ae9e2db548e1adc95b133162ecdf 85ac34fdfbad4f9491e7100cdcd4f6a1 - - a802213689724739912a0ed9a1297b10 a802213689724739912a0ed9a1297b10] 10.0.0.108 "DELETE /resource_providers/79b8322b-b460-43cf-b1eb-31d83874a9f4" status: 404 len: 246 microversion: 1.1 [pid: 7|app: 0|req: 491/982] 10.0.0.108 () {34 vars in 816 bytes} [Thu Sep 3 17:41:24 2026] DELETE /resource_providers/79b8322b-b460-43cf-b1eb-31d83874a9f4 => generated 246 bytes in 9 msecs (HTTP/1.1 404) 6 headers in 231 bytes (1 switches on core 0)
2026-09-03 17:41:24.762 8 INFO placement.requestlog [None req-0cbf7f18-a051-4079-aa58-6e15e92a32cd 7ad7ae9e2db548e1adc95b133162ecdf 85ac34fdfbad4f9491e7100cdcd4f6a1 - - a802213689724739912a0ed9a1297b10 a802213689724739912a0ed9a1297b10] 10.0.0.108 "DELETE /resource_providers/79b8322b-b460-43cf-b1eb-31d83874a9f4" status: 404 len: 246 microversion: 1.1 [pid: 8|app: 0|req: 492/983] 10.0.0.108 () {34 vars in 816 bytes} [Thu Sep 3 17:41:24 2026] DELETE /resource_providers/79b8322b-b460-43cf-b1eb-31d83874a9f4 => generated 246 bytes in 15 msecs (HTTP/1.1 404) 6 headers in 231 bytes (1 switches on core 0)
2026-09-03 17:41:26.843 7 INFO placement.requestlog [req-8520dcf4-07a6-4994-a8b8-5d20721087d5 req-f7f215c2-e95e-46a6-8d27-aed8f81f53dd bb829b24a73449df93571bae7152da0b 85ac34fdfbad4f9491e7100cdcd4f6a1 - - a802213689724739912a0ed9a1297b10 a802213689724739912a0ed9a1297b10] 10.0.0.230 "GET /allocation_candidates?limit=1000&resources=DISK_GB%3A1%2CMEMORY_MB%3A512%2CVCPU%3A1&root_required=%21COMPUTE_STATUS_DISABLED" status: 200 len: 2147 microversion: 1.36 [pid: 7|app: 0|req: 492/984] 10.0.0.230 () {34 vars in 1012 bytes} [Thu Sep 3 17:41:26 2026] GET /allocation_candidates?limit=1000&resources=DISK_GB%3A1%2CMEMORY_MB%3A512%2CVCPU%3A1&root_required=%21COMPUTE_STATUS_DISABLED => generated 2147 bytes in 60 msecs (HTTP/1.1 200) 8 headers in 297 bytes (1 switches on core 0)
2026-09-03 17:41:26.853 8 INFO placement.requestlog [None req-64c054eb-c4df-40d5-9b67-123188246fa1 7ad7ae9e2db548e1adc95b133162ecdf 85ac34fdfbad4f9491e7100cdcd4f6a1 - - a802213689724739912a0ed9a1297b10 a802213689724739912a0ed9a1297b10] 10.0.0.108 "GET /resource_providers/63b82bc6-6184-4a9a-a8a6-13fbe3b37f3b/aggregates" status: 404 len: 235 microversion: 1.1 [pid: 8|app: 0|req: 493/985] 10.0.0.108 () {32 vars in 816 bytes} [Thu Sep 3 17:41:26 2026] GET /resource_providers/63b82bc6-6184-4a9a-a8a6-13fbe3b37f3b/aggregates => generated 235 bytes in 23 msecs (HTTP/1.1 404) 5 headers in 202 bytes (1 switches on core 0)
2026-09-03 17:41:26.857 7 INFO placement.requestlog [None req-bf11d3e9-d7b7-4ad3-82a3-dc83958f1e97 7ad7ae9e2db548e1adc95b133162ecdf 85ac34fdfbad4f9491e7100cdcd4f6a1 - - a802213689724739912a0ed9a1297b10 a802213689724739912a0ed9a1297b10] 10.0.0.108 "GET /resource_providers/63b82bc6-6184-4a9a-a8a6-13fbe3b37f3b/aggregates" status: 404 len: 235 microversion: 1.1 [pid: 7|app: 0|req: 493/986] 10.0.0.108 () {32 vars in 816 bytes} [Thu Sep 3 17:41:26 2026] GET /resource_providers/63b82bc6-6184-4a9a-a8a6-13fbe3b37f3b/aggregates => generated 235 bytes in 13 msecs (HTTP/1.1 404) 5 headers in 202 bytes (1 switches on core 0)
2026-09-03 17:41:26.882 8 INFO placement.requestlog [req-8520dcf4-07a6-4994-a8b8-5d20721087d5 req-819725a8-b877-46e8-b43e-7518c21e65f2 bb829b24a73449df93571bae7152da0b 85ac34fdfbad4f9491e7100cdcd4f6a1 - - a802213689724739912a0ed9a1297b10 a802213689724739912a0ed9a1297b10] 10.0.0.230 "GET /allocations/753be3df-68db-4952-a8e8-2c89afdb2b6c" status: 200 len: 19 microversion: 1.28 [pid: 8|app: 0|req: 494/987] 10.0.0.230 () {34 vars in 861 bytes} [Thu Sep 3 17:41:26 2026] GET /allocations/753be3df-68db-4952-a8e8-2c89afdb2b6c => generated 19 bytes in 11 msecs (HTTP/1.1 200) 8 headers in 295 bytes (1 switches on core 0)
