2026-09-03 17:40:15.341 8 INFO placement.requestlog [req-63da2c3e-9152-4b31-83a0-81000a6666f2 req-04e68f7b-9088-45e4-ba58-73302343e57f bb829b24a73449df93571bae7152da0b 85ac34fdfbad4f9491e7100cdcd4f6a1 - - a802213689724739912a0ed9a1297b10 a802213689724739912a0ed9a1297b10] 162.253.55.121 "GET /resource_providers/48c9ac32-dbea-453c-b07e-b5662cca2842/allocations" status: 200 len: 152 microversion: 1.0 [pid: 8|app: 0|req: 410/818] 162.253.55.121 () {32 vars in 857 bytes} [Thu Sep 3 17:40:15 2026] GET /resource_providers/48c9ac32-dbea-453c-b07e-b5662cca2842/allocations => generated 152 bytes in 30 msecs (HTTP/1.1 200) 6 headers in 224 bytes (1 switches on core 0)
2026-09-03 17:40:15.366 7 INFO placement.requestlog [req-63da2c3e-9152-4b31-83a0-81000a6666f2 req-9cf73987-a400-4c72-a370-b8867d92aac5 bb829b24a73449df93571bae7152da0b 85ac34fdfbad4f9491e7100cdcd4f6a1 - - a802213689724739912a0ed9a1297b10 a802213689724739912a0ed9a1297b10] 162.253.55.121 "GET /allocations/05879119-8bab-4c6b-a9bf-ce88a689ebdf" status: 200 len: 257 microversion: 1.28 [pid: 7|app: 0|req: 409/819] 162.253.55.121 () {34 vars in 863 bytes} [Thu Sep 3 17:40:15 2026] GET /allocations/05879119-8bab-4c6b-a9bf-ce88a689ebdf => generated 257 bytes in 17 msecs (HTTP/1.1 200) 8 headers in 296 bytes (1 switches on core 0)
2026-09-03 17:40:17.873 7 INFO placement.requestlog [None req-82d0b570-8334-493e-9f89-997547459e83 7ad7ae9e2db548e1adc95b133162ecdf 85ac34fdfbad4f9491e7100cdcd4f6a1 - - a802213689724739912a0ed9a1297b10 a802213689724739912a0ed9a1297b10] 10.0.0.108 "GET /resource_providers/66a2bacc-4898-4cc6-ae12-705924c82084/aggregates" status: 404 len: 235 microversion: 1.1 [pid: 7|app: 0|req: 410/820] 10.0.0.108 () {32 vars in 816 bytes} [Thu Sep 3 17:40:17 2026] GET /resource_providers/66a2bacc-4898-4cc6-ae12-705924c82084/aggregates => generated 235 bytes in 11 msecs (HTTP/1.1 404) 5 headers in 202 bytes (1 switches on core 0)
2026-09-03 17:40:17.878 8 INFO placement.requestlog [None req-1205ddba-4057-437b-983b-56de41a29992 7ad7ae9e2db548e1adc95b133162ecdf 85ac34fdfbad4f9491e7100cdcd4f6a1 - - a802213689724739912a0ed9a1297b10 a802213689724739912a0ed9a1297b10] 10.0.0.108 "GET /resource_providers/66a2bacc-4898-4cc6-ae12-705924c82084/aggregates" status: 404 len: 235 microversion: 1.1 [pid: 8|app: 0|req: 411/821] 10.0.0.108 () {32 vars in 816 bytes} [Thu Sep 3 17:40:17 2026] GET /resource_providers/66a2bacc-4898-4cc6-ae12-705924c82084/aggregates => generated 235 bytes in 16 msecs (HTTP/1.1 404) 5 headers in 202 bytes (1 switches on core 0)
2026-09-03 17:40:17.895 7 INFO placement.requestlog [None req-6ddcde2f-7f91-48ba-9422-0a5632c2eb33 7ad7ae9e2db548e1adc95b133162ecdf 85ac34fdfbad4f9491e7100cdcd4f6a1 - - a802213689724739912a0ed9a1297b10 a802213689724739912a0ed9a1297b10] 10.0.0.108 "DELETE /resource_providers/66a2bacc-4898-4cc6-ae12-705924c82084" status: 404 len: 246 microversion: 1.1 [pid: 7|app: 0|req: 411/822] 10.0.0.108 () {34 vars in 816 bytes} [Thu Sep 3 17:40:17 2026] DELETE /resource_providers/66a2bacc-4898-4cc6-ae12-705924c82084 => generated 246 bytes in 7 msecs (HTTP/1.1 404) 6 headers in 231 bytes (1 switches on core 0)
2026-09-03 17:40:17.901 8 INFO placement.requestlog [None req-4068062a-7944-468c-a909-6b4f1b677695 7ad7ae9e2db548e1adc95b133162ecdf 85ac34fdfbad4f9491e7100cdcd4f6a1 - - a802213689724739912a0ed9a1297b10 a802213689724739912a0ed9a1297b10] 10.0.0.108 "DELETE /resource_providers/66a2bacc-4898-4cc6-ae12-705924c82084" status: 404 len: 246 microversion: 1.1 [pid: 8|app: 0|req: 412/823] 10.0.0.108 () {34 vars in 816 bytes} [Thu Sep 3 17:40:17 2026] DELETE /resource_providers/66a2bacc-4898-4cc6-ae12-705924c82084 => generated 246 bytes in 14 msecs (HTTP/1.1 404) 6 headers in 231 bytes (1 switches on core 0)
2026-09-03 17:40:19.312 7 INFO placement.requestlog [None req-63e90085-7c0a-4308-ae17-2fbab292a7da 7ad7ae9e2db548e1adc95b133162ecdf 85ac34fdfbad4f9491e7100cdcd4f6a1 - - a802213689724739912a0ed9a1297b10 a802213689724739912a0ed9a1297b10] 10.0.0.108 "GET /resource_providers/82aa7038-7778-4ad2-8892-1fa40a3c4047/aggregates" status: 404 len: 235 microversion: 1.1 [pid: 7|app: 0|req: 412/824] 10.0.0.108 () {32 vars in 816 bytes} [Thu Sep 3 17:40:19 2026] GET /resource_providers/82aa7038-7778-4ad2-8892-1fa40a3c4047/aggregates => generated 235 bytes in 11 msecs (HTTP/1.1 404) 5 headers in 202 bytes (1 switches on core 0)
2026-09-03 17:40:19.315 8 INFO placement.requestlog [None req-11f1830c-2cc6-4f1d-9935-64d4a8f5f971 7ad7ae9e2db548e1adc95b133162ecdf 85ac34fdfbad4f9491e7100cdcd4f6a1 - - a802213689724739912a0ed9a1297b10 a802213689724739912a0ed9a1297b10] 10.0.0.108 "GET /resource_providers/82aa7038-7778-4ad2-8892-1fa40a3c4047/aggregates" status: 404 len: 235 microversion: 1.1 [pid: 8|app: 0|req: 413/825] 10.0.0.108 () {32 vars in 816 bytes} [Thu Sep 3 17:40:19 2026] GET /resource_providers/82aa7038-7778-4ad2-8892-1fa40a3c4047/aggregates => generated 235 bytes in 14 msecs (HTTP/1.1 404) 5 headers in 202 bytes (1 switches on core 0)
2026-09-03 17:40:19.332 7 INFO placement.requestlog [None req-1f437328-d7d2-49a8-9f64-5f5f0daa9dde 7ad7ae9e2db548e1adc95b133162ecdf 85ac34fdfbad4f9491e7100cdcd4f6a1 - - a802213689724739912a0ed9a1297b10 a802213689724739912a0ed9a1297b10] 10.0.0.108 "DELETE /resource_providers/82aa7038-7778-4ad2-8892-1fa40a3c4047" status: 404 len: 246 microversion: 1.1 [pid: 7|app: 0|req: 413/826] 10.0.0.108 () {34 vars in 816 bytes} [Thu Sep 3 17:40:19 2026] DELETE /resource_providers/82aa7038-7778-4ad2-8892-1fa40a3c4047 => generated 246 bytes in 10 msecs (HTTP/1.1 404) 6 headers in 231 bytes (1 switches on core 0)
2026-09-03 17:40:19.356 8 INFO placement.requestlog [None req-56b88a20-ceca-4995-8f91-929ea0147716 7ad7ae9e2db548e1adc95b133162ecdf 85ac34fdfbad4f9491e7100cdcd4f6a1 - - a802213689724739912a0ed9a1297b10 a802213689724739912a0ed9a1297b10] 10.0.0.108 "DELETE /resource_providers/82aa7038-7778-4ad2-8892-1fa40a3c4047" status: 404 len: 246 microversion: 1.1 [pid: 8|app: 0|req: 414/827] 10.0.0.108 () {34 vars in 816 bytes} [Thu Sep 3 17:40:19 2026] DELETE /resource_providers/82aa7038-7778-4ad2-8892-1fa40a3c4047 => generated 246 bytes in 16 msecs (HTTP/1.1 404) 6 headers in 231 bytes (1 switches on core 0)
2026-09-03 17:40:19.907 7 INFO placement.requestlog [None req-8cdf2468-fe25-4f64-9299-0dbc2737e152 7ad7ae9e2db548e1adc95b133162ecdf 85ac34fdfbad4f9491e7100cdcd4f6a1 - - a802213689724739912a0ed9a1297b10 a802213689724739912a0ed9a1297b10] 10.0.0.108 "GET /resource_providers/a7441b3e-c204-43a5-8445-8dfd54baaa20/aggregates" status: 404 len: 235 microversion: 1.1 [pid: 7|app: 0|req: 414/828] 10.0.0.108 () {32 vars in 816 bytes} [Thu Sep 3 17:40:19 2026] GET /resource_providers/a7441b3e-c204-43a5-8445-8dfd54baaa20/aggregates => generated 235 bytes in 6 msecs (HTTP/1.1 404) 5 headers in 202 bytes (1 switches on core 0)
2026-09-03 17:40:19.922 8 INFO placement.requestlog [None req-e5821209-6b38-4b87-b845-6647b92b164b 7ad7ae9e2db548e1adc95b133162ecdf 85ac34fdfbad4f9491e7100cdcd4f6a1 - - a802213689724739912a0ed9a1297b10 a802213689724739912a0ed9a1297b10] 10.0.0.108 "GET /resource_providers/a7441b3e-c204-43a5-8445-8dfd54baaa20/aggregates" status: 404 len: 235 microversion: 1.1 [pid: 8|app: 0|req: 415/829] 10.0.0.108 () {32 vars in 816 bytes} [Thu Sep 3 17:40:19 2026] GET /resource_providers/a7441b3e-c204-43a5-8445-8dfd54baaa20/aggregates => generated 235 bytes in 10 msecs (HTTP/1.1 404) 5 headers in 202 bytes (1 switches on core 0)
2026-09-03 17:40:19.923 7 INFO placement.requestlog [None req-c638530c-f626-4773-8f28-72e630f366d7 7ad7ae9e2db548e1adc95b133162ecdf 85ac34fdfbad4f9491e7100cdcd4f6a1 - - a802213689724739912a0ed9a1297b10 a802213689724739912a0ed9a1297b10] 10.0.0.108 "DELETE /resource_providers/a7441b3e-c204-43a5-8445-8dfd54baaa20" status: 404 len: 246 microversion: 1.1 [pid: 7|app: 0|req: 415/830] 10.0.0.108 () {34 vars in 816 bytes} [Thu Sep 3 17:40:19 2026] DELETE /resource_providers/a7441b3e-c204-43a5-8445-8dfd54baaa20 => generated 246 bytes in 10 msecs (HTTP/1.1 404) 6 headers in 231 bytes (1 switches on core 0)
2026-09-03 17:40:19.937 8 INFO placement.requestlog [None req-bb8d7880-84ba-43e0-b7dd-d9b51f792b57 7ad7ae9e2db548e1adc95b133162ecdf 85ac34fdfbad4f9491e7100cdcd4f6a1 - - a802213689724739912a0ed9a1297b10 a802213689724739912a0ed9a1297b10] 10.0.0.108 "DELETE /resource_providers/a7441b3e-c204-43a5-8445-8dfd54baaa20" status: 404 len: 246 microversion: 1.1 [pid: 8|app: 0|req: 416/831] 10.0.0.108 () {34 vars in 816 bytes} [Thu Sep 3 17:40:19 2026] DELETE /resource_providers/a7441b3e-c204-43a5-8445-8dfd54baaa20 => generated 246 bytes in 9 msecs (HTTP/1.1 404) 6 headers in 231 bytes (1 switches on core 0)
2026-09-03 17:40:19.939 7 INFO placement.requestlog [None req-dc2aeb8f-67b5-4ca7-9f15-dc573db2494a 7ad7ae9e2db548e1adc95b133162ecdf 85ac34fdfbad4f9491e7100cdcd4f6a1 - - a802213689724739912a0ed9a1297b10 a802213689724739912a0ed9a1297b10] 10.0.0.108 "GET /resource_providers/b938ea60-f28a-4961-984a-9a9a34e6cac2/aggregates" status: 404 len: 235 microversion: 1.1 [pid: 7|app: 0|req: 416/832] 10.0.0.108 () {32 vars in 816 bytes} [Thu Sep 3 17:40:19 2026] GET /resource_providers/b938ea60-f28a-4961-984a-9a9a34e6cac2/aggregates => generated 235 bytes in 8 msecs (HTTP/1.1 404) 5 headers in 202 bytes (1 switches on core 0)
2026-09-03 17:40:19.950 8 INFO placement.requestlog [None req-2d3dcd48-7f74-4964-a900-186152bf92b8 7ad7ae9e2db548e1adc95b133162ecdf 85ac34fdfbad4f9491e7100cdcd4f6a1 - - a802213689724739912a0ed9a1297b10 a802213689724739912a0ed9a1297b10] 10.0.0.108 "GET /resource_providers/b938ea60-f28a-4961-984a-9a9a34e6cac2/aggregates" status: 404 len: 235 microversion: 1.1 [pid: 8|app: 0|req: 417/833] 10.0.0.108 () {32 vars in 816 bytes} [Thu Sep 3 17:40:19 2026] GET /resource_providers/b938ea60-f28a-4961-984a-9a9a34e6cac2/aggregates => generated 235 bytes in 8 msecs (HTTP/1.1 404) 5 headers in 202 bytes (1 switches on core 0)
2026-09-03 17:40:19.955 7 INFO placement.requestlog [None req-adb8b9d8-1a57-419a-8894-f3451cf52bfc 7ad7ae9e2db548e1adc95b133162ecdf 85ac34fdfbad4f9491e7100cdcd4f6a1 - - a802213689724739912a0ed9a1297b10 a802213689724739912a0ed9a1297b10] 10.0.0.108 "DELETE /resource_providers/b938ea60-f28a-4961-984a-9a9a34e6cac2" status: 404 len: 246 microversion: 1.1 [pid: 7|app: 0|req: 417/834] 10.0.0.108 () {34 vars in 816 bytes} [Thu Sep 3 17:40:19 2026] DELETE /resource_providers/b938ea60-f28a-4961-984a-9a9a34e6cac2 => generated 246 bytes in 9 msecs (HTTP/1.1 404) 6 headers in 231 bytes (1 switches on core 0)
2026-09-03 17:40:19.967 8 INFO placement.requestlog [None req-e90e16a3-70fb-4b66-ad12-7ffbb864cde9 7ad7ae9e2db548e1adc95b133162ecdf 85ac34fdfbad4f9491e7100cdcd4f6a1 - - a802213689724739912a0ed9a1297b10 a802213689724739912a0ed9a1297b10] 10.0.0.108 "DELETE /resource_providers/b938ea60-f28a-4961-984a-9a9a34e6cac2" status: 404 len: 246 microversion: 1.1 [pid: 8|app: 0|req: 418/835] 10.0.0.108 () {34 vars in 816 bytes} [Thu Sep 3 17:40:19 2026] DELETE /resource_providers/b938ea60-f28a-4961-984a-9a9a34e6cac2 => generated 246 bytes in 9 msecs (HTTP/1.1 404) 6 headers in 231 bytes (1 switches on core 0)
2026-09-03 17:40:20.723 7 INFO placement.requestlog [None req-0657ba4e-8385-49b4-9331-59a3aabe3cec - - - - - -] 10.0.0.162 "GET /" status: 200 len: 136 microversion: 1.0
2026-09-03 17:40:20.725 8 INFO placement.requestlog [None req-76aa51b6-cfba-4faa-a7dd-759a603fe109 - - - - - -] 10.0.0.162 "GET /" status: 200 len: 136 microversion: 1.0
2026-09-03 17:40:21.978 7 INFO placement.requestlog [None req-21827453-ebfc-43fd-aed3-988a50325e67 7ad7ae9e2db548e1adc95b133162ecdf 85ac34fdfbad4f9491e7100cdcd4f6a1 - - a802213689724739912a0ed9a1297b10 a802213689724739912a0ed9a1297b10] 10.0.0.108 "GET /resource_providers/b938ea60-f28a-4961-984a-9a9a34e6cac2/aggregates" status: 404 len: 235 microversion: 1.1 [pid: 7|app: 0|req: 419/838] 10.0.0.108 () {32 vars in 816 bytes} [Thu Sep 3 17:40:21 2026] GET /resource_providers/b938ea60-f28a-4961-984a-9a9a34e6cac2/aggregates => generated 235 bytes in 7 msecs (HTTP/1.1 404) 5 headers in 202 bytes (1 switches on core 0)
2026-09-03 17:40:21.994 8 INFO placement.requestlog [None req-43c9c5a8-362f-4045-9c6d-c914af77cf23 7ad7ae9e2db548e1adc95b133162ecdf 85ac34fdfbad4f9491e7100cdcd4f6a1 - - a802213689724739912a0ed9a1297b10 a802213689724739912a0ed9a1297b10] 10.0.0.108 "GET /resource_providers/b938ea60-f28a-4961-984a-9a9a34e6cac2/aggregates" status: 404 len: 235 microversion: 1.1 [pid: 8|app: 0|req: 420/839] 10.0.0.108 () {32 vars in 816 bytes} [Thu Sep 3 17:40:21 2026] GET /resource_providers/b938ea60-f28a-4961-984a-9a9a34e6cac2/aggregates => generated 235 bytes in 14 msecs (HTTP/1.1 404) 5 headers in 202 bytes (1 switches on core 0)
2026-09-03 17:40:22.000 7 INFO placement.requestlog [None req-e511e73c-8206-4574-814c-c863e66d43f8 7ad7ae9e2db548e1adc95b133162ecdf 85ac34fdfbad4f9491e7100cdcd4f6a1 - - a802213689724739912a0ed9a1297b10 a802213689724739912a0ed9a1297b10] 10.0.0.108 "DELETE /resource_providers/b938ea60-f28a-4961-984a-9a9a34e6cac2" status: 404 len: 246 microversion: 1.1 [pid: 7|app: 0|req: 420/840] 10.0.0.108 () {34 vars in 816 bytes} [Thu Sep 3 17:40:21 2026] DELETE /resource_providers/b938ea60-f28a-4961-984a-9a9a34e6cac2 => generated 246 bytes in 12 msecs (HTTP/1.1 404) 6 headers in 231 bytes (1 switches on core 0)
2026-09-03 17:40:22.025 8 INFO placement.requestlog [None req-0a3c4b3a-5a7b-473e-89a8-8baddb4705fb 7ad7ae9e2db548e1adc95b133162ecdf 85ac34fdfbad4f9491e7100cdcd4f6a1 - - a802213689724739912a0ed9a1297b10 a802213689724739912a0ed9a1297b10] 10.0.0.108 "DELETE /resource_providers/b938ea60-f28a-4961-984a-9a9a34e6cac2" status: 404 len: 246 microversion: 1.1 [pid: 8|app: 0|req: 421/841] 10.0.0.108 () {34 vars in 816 bytes} [Thu Sep 3 17:40:22 2026] DELETE /resource_providers/b938ea60-f28a-4961-984a-9a9a34e6cac2 => generated 246 bytes in 19 msecs (HTTP/1.1 404) 6 headers in 231 bytes (1 switches on core 0)
2026-09-03 17:40:22.187 7 INFO placement.requestlog [None req-0b93e2cf-7284-40c9-8142-81b6be93bd0f 7ad7ae9e2db548e1adc95b133162ecdf 85ac34fdfbad4f9491e7100cdcd4f6a1 - - a802213689724739912a0ed9a1297b10 a802213689724739912a0ed9a1297b10] 10.0.0.108 "GET /resource_providers/ebcc4a89-cf2c-44f2-b514-fe43f76f0af5/aggregates" status: 404 len: 235 microversion: 1.1 [pid: 7|app: 0|req: 421/842] 10.0.0.108 () {32 vars in 816 bytes} [Thu Sep 3 17:40:22 2026] GET /resource_providers/ebcc4a89-cf2c-44f2-b514-fe43f76f0af5/aggregates => generated 235 bytes in 22 msecs (HTTP/1.1 404) 5 headers in 202 bytes (1 switches on core 0)
2026-09-03 17:40:22.194 8 INFO placement.requestlog [None req-7d9f7937-daa8-42a3-a22c-a75306fb1751 7ad7ae9e2db548e1adc95b133162ecdf 85ac34fdfbad4f9491e7100cdcd4f6a1 - - a802213689724739912a0ed9a1297b10 a802213689724739912a0ed9a1297b10] 10.0.0.108 "GET /resource_providers/ebcc4a89-cf2c-44f2-b514-fe43f76f0af5/aggregates" status: 404 len: 235 microversion: 1.1 [pid: 8|app: 0|req: 422/843] 10.0.0.108 () {32 vars in 816 bytes} [Thu Sep 3 17:40:22 2026] GET /resource_providers/ebcc4a89-cf2c-44f2-b514-fe43f76f0af5/aggregates => generated 235 bytes in 29 msecs (HTTP/1.1 404) 5 headers in 202 bytes (1 switches on core 0)
2026-09-03 17:40:22.208 7 INFO placement.requestlog [None req-6418f733-cf33-4847-960d-0d34d76e85ee 7ad7ae9e2db548e1adc95b133162ecdf 85ac34fdfbad4f9491e7100cdcd4f6a1 - - a802213689724739912a0ed9a1297b10 a802213689724739912a0ed9a1297b10] 10.0.0.108 "DELETE /resource_providers/ebcc4a89-cf2c-44f2-b514-fe43f76f0af5" status: 404 len: 246 microversion: 1.1 [pid: 7|app: 0|req: 422/844] 10.0.0.108 () {34 vars in 816 bytes} [Thu Sep 3 17:40:22 2026] DELETE /resource_providers/ebcc4a89-cf2c-44f2-b514-fe43f76f0af5 => generated 246 bytes in 19 msecs (HTTP/1.1 404) 6 headers in 231 bytes (1 switches on core 0)
2026-09-03 17:40:22.215 8 INFO placement.requestlog [None req-2529fa90-5d88-4b20-9979-b73a402a10e6 7ad7ae9e2db548e1adc95b133162ecdf 85ac34fdfbad4f9491e7100cdcd4f6a1 - - a802213689724739912a0ed9a1297b10 a802213689724739912a0ed9a1297b10] 10.0.0.108 "DELETE /resource_providers/ebcc4a89-cf2c-44f2-b514-fe43f76f0af5" status: 404 len: 246 microversion: 1.1 [pid: 8|app: 0|req: 423/845] 10.0.0.108 () {34 vars in 816 bytes} [Thu Sep 3 17:40:22 2026] DELETE /resource_providers/ebcc4a89-cf2c-44f2-b514-fe43f76f0af5 => generated 246 bytes in 17 msecs (HTTP/1.1 404) 6 headers in 231 bytes (1 switches on core 0)
2026-09-03 17:40:24.240 7 INFO placement.requestlog [None req-61b52da0-613c-4e42-9b20-5cd19ee7f205 7ad7ae9e2db548e1adc95b133162ecdf 85ac34fdfbad4f9491e7100cdcd4f6a1 - - a802213689724739912a0ed9a1297b10 a802213689724739912a0ed9a1297b10] 10.0.0.108 "GET /resource_providers/3ec3411a-a927-4660-992a-de759bb4fa1a/aggregates" status: 404 len: 235 microversion: 1.1 [pid: 7|app: 0|req: 423/846] 10.0.0.108 () {32 vars in 816 bytes} [Thu Sep 3 17:40:24 2026] GET /resource_providers/3ec3411a-a927-4660-992a-de759bb4fa1a/aggregates => generated 235 bytes in 15 msecs (HTTP/1.1 404) 5 headers in 202 bytes (1 switches on core 0)
2026-09-03 17:40:24.257 8 INFO placement.requestlog [None req-cebfab92-1702-46df-9f58-96964a3cb0ff 7ad7ae9e2db548e1adc95b133162ecdf 85ac34fdfbad4f9491e7100cdcd4f6a1 - - a802213689724739912a0ed9a1297b10 a802213689724739912a0ed9a1297b10] 10.0.0.108 "GET /resource_providers/3ec3411a-a927-4660-992a-de759bb4fa1a/aggregates" status: 404 len: 235 microversion: 1.1 [pid: 8|app: 0|req: 424/847] 10.0.0.108 () {32 vars in 816 bytes} [Thu Sep 3 17:40:24 2026] GET /resource_providers/3ec3411a-a927-4660-992a-de759bb4fa1a/aggregates => generated 235 bytes in 22 msecs (HTTP/1.1 404) 5 headers in 202 bytes (1 switches on core 0)
2026-09-03 17:40:24.260 7 INFO placement.requestlog [None req-68217f43-d75e-4354-a9b5-64c81d4c106c 7ad7ae9e2db548e1adc95b133162ecdf 85ac34fdfbad4f9491e7100cdcd4f6a1 - - a802213689724739912a0ed9a1297b10 a802213689724739912a0ed9a1297b10] 10.0.0.108 "DELETE /resource_providers/3ec3411a-a927-4660-992a-de759bb4fa1a" status: 404 len: 246 microversion: 1.1 [pid: 7|app: 0|req: 424/848] 10.0.0.108 () {34 vars in 816 bytes} [Thu Sep 3 17:40:24 2026] DELETE /resource_providers/3ec3411a-a927-4660-992a-de759bb4fa1a => generated 246 bytes in 13 msecs (HTTP/1.1 404) 6 headers in 231 bytes (1 switches on core 0)
2026-09-03 17:40:24.290 8 INFO placement.requestlog [None req-4143ccfd-d968-4ac5-a29d-d576e27f3038 7ad7ae9e2db548e1adc95b133162ecdf 85ac34fdfbad4f9491e7100cdcd4f6a1 - - a802213689724739912a0ed9a1297b10 a802213689724739912a0ed9a1297b10] 10.0.0.108 "DELETE /resource_providers/3ec3411a-a927-4660-992a-de759bb4fa1a" status: 404 len: 246 microversion: 1.1 [pid: 8|app: 0|req: 425/849] 10.0.0.108 () {34 vars in 816 bytes} [Thu Sep 3 17:40:24 2026] DELETE /resource_providers/3ec3411a-a927-4660-992a-de759bb4fa1a => generated 246 bytes in 16 msecs (HTTP/1.1 404) 6 headers in 231 bytes (1 switches on core 0)
2026-09-03 17:40:24.622 7 INFO placement.requestlog [None req-bfe35718-aeb2-4e7f-9b84-0ca67c58864b 7ad7ae9e2db548e1adc95b133162ecdf 85ac34fdfbad4f9491e7100cdcd4f6a1 - - a802213689724739912a0ed9a1297b10 a802213689724739912a0ed9a1297b10] 10.0.0.108 "GET /resource_providers/dfc901e7-bf75-4c63-adde-d4870dd04e19/aggregates" status: 404 len: 235 microversion: 1.1 [pid: 7|app: 0|req: 425/850] 10.0.0.108 () {32 vars in 816 bytes} [Thu Sep 3 17:40:24 2026] GET /resource_providers/dfc901e7-bf75-4c63-adde-d4870dd04e19/aggregates => generated 235 bytes in 11 msecs (HTTP/1.1 404) 5 headers in 202 bytes (1 switches on core 0)
2026-09-03 17:40:24.631 8 INFO placement.requestlog [None req-97242705-742d-4ba5-ae7b-d3ab6547e588 7ad7ae9e2db548e1adc95b133162ecdf 85ac34fdfbad4f9491e7100cdcd4f6a1 - - a802213689724739912a0ed9a1297b10 a802213689724739912a0ed9a1297b10] 10.0.0.108 "GET /resource_providers/dfc901e7-bf75-4c63-adde-d4870dd04e19/aggregates" status: 404 len: 235 microversion: 1.1 [pid: 8|app: 0|req: 426/851] 10.0.0.108 () {32 vars in 816 bytes} [Thu Sep 3 17:40:24 2026] GET /resource_providers/dfc901e7-bf75-4c63-adde-d4870dd04e19/aggregates => generated 235 bytes in 19 msecs (HTTP/1.1 404) 5 headers in 202 bytes (1 switches on core 0)
2026-09-03 17:40:24.652 7 INFO placement.requestlog [None req-053e159a-4520-411c-b236-0e1c70958506 7ad7ae9e2db548e1adc95b133162ecdf 85ac34fdfbad4f9491e7100cdcd4f6a1 - - a802213689724739912a0ed9a1297b10 a802213689724739912a0ed9a1297b10] 10.0.0.108 "DELETE /resource_providers/dfc901e7-bf75-4c63-adde-d4870dd04e19" status: 404 len: 246 microversion: 1.1 [pid: 7|app: 0|req: 426/852] 10.0.0.108 () {34 vars in 816 bytes} [Thu Sep 3 17:40:24 2026] DELETE /resource_providers/dfc901e7-bf75-4c63-adde-d4870dd04e19 => generated 246 bytes in 20 msecs (HTTP/1.1 404) 6 headers in 231 bytes (1 switches on core 0)
2026-09-03 17:40:24.660 8 INFO placement.requestlog [None req-5001bbc0-a4e4-4a12-adbd-bf9613aec014 7ad7ae9e2db548e1adc95b133162ecdf 85ac34fdfbad4f9491e7100cdcd4f6a1 - - a802213689724739912a0ed9a1297b10 a802213689724739912a0ed9a1297b10] 10.0.0.108 "DELETE /resource_providers/dfc901e7-bf75-4c63-adde-d4870dd04e19" status: 404 len: 246 microversion: 1.1 [pid: 8|app: 0|req: 427/853] 10.0.0.108 () {34 vars in 816 bytes} [Thu Sep 3 17:40:24 2026] DELETE /resource_providers/dfc901e7-bf75-4c63-adde-d4870dd04e19 => generated 246 bytes in 19 msecs (HTTP/1.1 404) 6 headers in 231 bytes (1 switches on core 0)
2026-09-03 17:40:28.163 7 INFO placement.requestlog [None req-d2bcf565-9ac1-4985-9ee5-5ab0e385b671 7ad7ae9e2db548e1adc95b133162ecdf 85ac34fdfbad4f9491e7100cdcd4f6a1 - - a802213689724739912a0ed9a1297b10 a802213689724739912a0ed9a1297b10] 10.0.0.108 "GET /resource_providers/e9239aac-5dce-4698-91fa-ac82e17265a3/aggregates" status: 404 len: 235 microversion: 1.1 [pid: 7|app: 0|req: 427/854] 10.0.0.108 () {32 vars in 816 bytes} [Thu Sep 3 17:40:28 2026] GET /resource_providers/e9239aac-5dce-4698-91fa-ac82e17265a3/aggregates => generated 235 bytes in 15 msecs (HTTP/1.1 404) 5 headers in 202 bytes (1 switches on core 0)
2026-09-03 17:40:28.164 8 INFO placement.requestlog [None req-8f23bf15-f003-4019-beca-078e8c788ef6 7ad7ae9e2db548e1adc95b133162ecdf 85ac34fdfbad4f9491e7100cdcd4f6a1 - - a802213689724739912a0ed9a1297b10 a802213689724739912a0ed9a1297b10] 10.0.0.108 "GET /resource_providers/e9239aac-5dce-4698-91fa-ac82e17265a3/aggregates" status: 404 len: 235 microversion: 1.1 [pid: 8|app: 0|req: 428/855] 10.0.0.108 () {32 vars in 816 bytes} [Thu Sep 3 17:40:28 2026] GET /resource_providers/e9239aac-5dce-4698-91fa-ac82e17265a3/aggregates => generated 235 bytes in 12 msecs (HTTP/1.1 404) 5 headers in 202 bytes (1 switches on core 0)
2026-09-03 17:40:28.193 7 INFO placement.requestlog [None req-0b483c9a-cce0-4d1b-a7dc-3bd17dc5e34d 7ad7ae9e2db548e1adc95b133162ecdf 85ac34fdfbad4f9491e7100cdcd4f6a1 - - a802213689724739912a0ed9a1297b10 a802213689724739912a0ed9a1297b10] 10.0.0.108 "DELETE /resource_providers/e9239aac-5dce-4698-91fa-ac82e17265a3" status: 404 len: 246 microversion: 1.1 [pid: 7|app: 0|req: 428/856] 10.0.0.108 () {34 vars in 816 bytes} [Thu Sep 3 17:40:28 2026] DELETE /resource_providers/e9239aac-5dce-4698-91fa-ac82e17265a3 => generated 246 bytes in 11 msecs (HTTP/1.1 404) 6 headers in 231 bytes (1 switches on core 0)
2026-09-03 17:40:28.203 8 INFO placement.requestlog [None req-4d62f90b-7098-42a1-9d5d-2d2ba8db4b59 7ad7ae9e2db548e1adc95b133162ecdf 85ac34fdfbad4f9491e7100cdcd4f6a1 - - a802213689724739912a0ed9a1297b10 a802213689724739912a0ed9a1297b10] 10.0.0.108 "DELETE /resource_providers/e9239aac-5dce-4698-91fa-ac82e17265a3" status: 404 len: 246 microversion: 1.1 [pid: 8|app: 0|req: 429/857] 10.0.0.108 () {34 vars in 816 bytes} [Thu Sep 3 17:40:28 2026] DELETE /resource_providers/e9239aac-5dce-4698-91fa-ac82e17265a3 => generated 246 bytes in 11 msecs (HTTP/1.1 404) 6 headers in 231 bytes (1 switches on core 0)
2026-09-03 17:40:30.212 7 INFO placement.requestlog [None req-b289cb12-42f6-48e2-aebd-46a62311ef4f 7ad7ae9e2db548e1adc95b133162ecdf 85ac34fdfbad4f9491e7100cdcd4f6a1 - - a802213689724739912a0ed9a1297b10 a802213689724739912a0ed9a1297b10] 10.0.0.108 "GET /resource_providers/e722bdbc-bc12-4a14-8b77-8f74030c010b/aggregates" status: 404 len: 235 microversion: 1.1 [pid: 7|app: 0|req: 429/858] 10.0.0.108 () {32 vars in 816 bytes} [Thu Sep 3 17:40:30 2026] GET /resource_providers/e722bdbc-bc12-4a14-8b77-8f74030c010b/aggregates => generated 235 bytes in 9 msecs (HTTP/1.1 404) 5 headers in 202 bytes (1 switches on core 0)
2026-09-03 17:40:30.220 8 INFO placement.requestlog [None req-121c4087-67ed-4b9a-9639-bc9527415a8a 7ad7ae9e2db548e1adc95b133162ecdf 85ac34fdfbad4f9491e7100cdcd4f6a1 - - a802213689724739912a0ed9a1297b10 a802213689724739912a0ed9a1297b10] 10.0.0.108 "GET /resource_providers/e722bdbc-bc12-4a14-8b77-8f74030c010b/aggregates" status: 404 len: 235 microversion: 1.1 [pid: 8|app: 0|req: 430/859] 10.0.0.108 () {32 vars in 816 bytes} [Thu Sep 3 17:40:30 2026] GET /resource_providers/e722bdbc-bc12-4a14-8b77-8f74030c010b/aggregates => generated 235 bytes in 17 msecs (HTTP/1.1 404) 5 headers in 202 bytes (1 switches on core 0)
2026-09-03 17:40:30.244 7 INFO placement.requestlog [None req-a5657a19-26bb-4ae8-8317-535bbea9bae5 7ad7ae9e2db548e1adc95b133162ecdf 85ac34fdfbad4f9491e7100cdcd4f6a1 - - a802213689724739912a0ed9a1297b10 a802213689724739912a0ed9a1297b10] 10.0.0.108 "DELETE /resource_providers/e722bdbc-bc12-4a14-8b77-8f74030c010b" status: 404 len: 246 microversion: 1.1 [pid: 7|app: 0|req: 430/860] 10.0.0.108 () {34 vars in 816 bytes} [Thu Sep 3 17:40:30 2026] DELETE /resource_providers/e722bdbc-bc12-4a14-8b77-8f74030c010b => generated 246 bytes in 9 msecs (HTTP/1.1 404) 6 headers in 231 bytes (1 switches on core 0)
2026-09-03 17:40:30.251 8 INFO placement.requestlog [None req-e9e2794c-9067-4e8e-b4d0-1ee440c9d0c1 7ad7ae9e2db548e1adc95b133162ecdf 85ac34fdfbad4f9491e7100cdcd4f6a1 - - a802213689724739912a0ed9a1297b10 a802213689724739912a0ed9a1297b10] 10.0.0.108 "DELETE /resource_providers/e722bdbc-bc12-4a14-8b77-8f74030c010b" status: 404 len: 246 microversion: 1.1 [pid: 8|app: 0|req: 431/861] 10.0.0.108 () {34 vars in 816 bytes} [Thu Sep 3 17:40:30 2026] DELETE /resource_providers/e722bdbc-bc12-4a14-8b77-8f74030c010b => generated 246 bytes in 14 msecs (HTTP/1.1 404) 6 headers in 231 bytes (1 switches on core 0)
2026-09-03 17:40:30.722 7 INFO placement.requestlog [None req-3b51b4b2-e5f0-4e2e-af2b-543181e1ef80 - - - - - -] 10.0.0.162 "GET /" status: 200 len: 136 microversion: 1.0
2026-09-03 17:40:30.722 8 INFO placement.requestlog [None req-4ddf1220-6616-4c8d-b041-0263cae3d8db - - - - - -] 10.0.0.162 "GET /" status: 200 len: 136 microversion: 1.0
2026-09-03 17:40:31.707 8 INFO placement.requestlog [None req-5ef4d80d-1702-4c6c-ad51-2862169789a3 7ad7ae9e2db548e1adc95b133162ecdf 85ac34fdfbad4f9491e7100cdcd4f6a1 - - a802213689724739912a0ed9a1297b10 a802213689724739912a0ed9a1297b10] 10.0.0.108 "GET /resource_providers/25ae2390-4e49-4305-83c1-d703eda9d9d5/aggregates" status: 404 len: 235 microversion: 1.1 [pid: 8|app: 0|req: 433/864] 10.0.0.108 () {32 vars in 816 bytes} [Thu Sep 3 17:40:31 2026] GET /resource_providers/25ae2390-4e49-4305-83c1-d703eda9d9d5/aggregates => generated 235 bytes in 13 msecs (HTTP/1.1 404) 5 headers in 202 bytes (1 switches on core 0)
2026-09-03 17:40:31.709 7 INFO placement.requestlog [None req-d5f0bedc-4c7e-4dc9-84d2-3fc814baf1f8 7ad7ae9e2db548e1adc95b133162ecdf 85ac34fdfbad4f9491e7100cdcd4f6a1 - - a802213689724739912a0ed9a1297b10 a802213689724739912a0ed9a1297b10] 10.0.0.108 "GET /resource_providers/25ae2390-4e49-4305-83c1-d703eda9d9d5/aggregates" status: 404 len: 235 microversion: 1.1 [pid: 7|app: 0|req: 432/865] 10.0.0.108 () {32 vars in 816 bytes} [Thu Sep 3 17:40:31 2026] GET /resource_providers/25ae2390-4e49-4305-83c1-d703eda9d9d5/aggregates => generated 235 bytes in 15 msecs (HTTP/1.1 404) 5 headers in 202 bytes (1 switches on core 0)
2026-09-03 17:40:31.734 8 INFO placement.requestlog [None req-c5393534-60b0-48ca-93b1-028c8efe7135 7ad7ae9e2db548e1adc95b133162ecdf 85ac34fdfbad4f9491e7100cdcd4f6a1 - - a802213689724739912a0ed9a1297b10 a802213689724739912a0ed9a1297b10] 10.0.0.108 "DELETE /resource_providers/25ae2390-4e49-4305-83c1-d703eda9d9d5" status: 404 len: 246 microversion: 1.1 [pid: 8|app: 0|req: 434/866] 10.0.0.108 () {34 vars in 816 bytes} [Thu Sep 3 17:40:31 2026] DELETE /resource_providers/25ae2390-4e49-4305-83c1-d703eda9d9d5 => generated 246 bytes in 14 msecs (HTTP/1.1 404) 6 headers in 231 bytes (1 switches on core 0)
2026-09-03 17:40:31.741 7 INFO placement.requestlog [None req-1f01f3e6-0c16-4139-934a-1585e11119e7 7ad7ae9e2db548e1adc95b133162ecdf 85ac34fdfbad4f9491e7100cdcd4f6a1 - - a802213689724739912a0ed9a1297b10 a802213689724739912a0ed9a1297b10] 10.0.0.108 "DELETE /resource_providers/25ae2390-4e49-4305-83c1-d703eda9d9d5" status: 404 len: 246 microversion: 1.1 [pid: 7|app: 0|req: 433/867] 10.0.0.108 () {34 vars in 816 bytes} [Thu Sep 3 17:40:31 2026] DELETE /resource_providers/25ae2390-4e49-4305-83c1-d703eda9d9d5 => generated 246 bytes in 20 msecs (HTTP/1.1 404) 6 headers in 231 bytes (1 switches on core 0)
2026-09-03 17:40:36.528 8 INFO placement.requestlog [None req-dcefaedd-c539-4390-9b8f-a37c8674025e 7ad7ae9e2db548e1adc95b133162ecdf 85ac34fdfbad4f9491e7100cdcd4f6a1 - - a802213689724739912a0ed9a1297b10 a802213689724739912a0ed9a1297b10] 10.0.0.108 "GET /resource_providers/6ef3201d-d5df-4484-9042-520f26477963/aggregates" status: 404 len: 235 microversion: 1.1 [pid: 8|app: 0|req: 435/868] 10.0.0.108 () {32 vars in 816 bytes} [Thu Sep 3 17:40:36 2026] GET /resource_providers/6ef3201d-d5df-4484-9042-520f26477963/aggregates => generated 235 bytes in 6 msecs (HTTP/1.1 404) 5 headers in 202 bytes (1 switches on core 0)
2026-09-03 17:40:36.536 7 INFO placement.requestlog [None req-397b543f-3a9a-40e8-b648-b8c7bfca0c2a 7ad7ae9e2db548e1adc95b133162ecdf 85ac34fdfbad4f9491e7100cdcd4f6a1 - - a802213689724739912a0ed9a1297b10 a802213689724739912a0ed9a1297b10] 10.0.0.108 "GET /resource_providers/6ef3201d-d5df-4484-9042-520f26477963/aggregates" status: 404 len: 235 microversion: 1.1 [pid: 7|app: 0|req: 434/869] 10.0.0.108 () {32 vars in 816 bytes} [Thu Sep 3 17:40:36 2026] GET /resource_providers/6ef3201d-d5df-4484-9042-520f26477963/aggregates => generated 235 bytes in 14 msecs (HTTP/1.1 404) 5 headers in 202 bytes (1 switches on core 0)
2026-09-03 17:40:36.545 8 INFO placement.requestlog [None req-39daa08d-0bf1-45a9-b4d4-604ebe7e5a13 7ad7ae9e2db548e1adc95b133162ecdf 85ac34fdfbad4f9491e7100cdcd4f6a1 - - a802213689724739912a0ed9a1297b10 a802213689724739912a0ed9a1297b10] 10.0.0.108 "DELETE /resource_providers/6ef3201d-d5df-4484-9042-520f26477963" status: 404 len: 246 microversion: 1.1 [pid: 8|app: 0|req: 436/870] 10.0.0.108 () {34 vars in 816 bytes} [Thu Sep 3 17:40:36 2026] DELETE /resource_providers/6ef3201d-d5df-4484-9042-520f26477963 => generated 246 bytes in 6 msecs (HTTP/1.1 404) 6 headers in 231 bytes (1 switches on core 0)
2026-09-03 17:40:36.556 7 INFO placement.requestlog [None req-9a700032-6cf8-4159-9f52-2961bb294077 7ad7ae9e2db548e1adc95b133162ecdf 85ac34fdfbad4f9491e7100cdcd4f6a1 - - a802213689724739912a0ed9a1297b10 a802213689724739912a0ed9a1297b10] 10.0.0.108 "DELETE /resource_providers/6ef3201d-d5df-4484-9042-520f26477963" status: 404 len: 246 microversion: 1.1 [pid: 7|app: 0|req: 435/871] 10.0.0.108 () {34 vars in 816 bytes} [Thu Sep 3 17:40:36 2026] DELETE /resource_providers/6ef3201d-d5df-4484-9042-520f26477963 => generated 246 bytes in 13 msecs (HTTP/1.1 404) 6 headers in 231 bytes (1 switches on core 0)
2026-09-03 17:40:36.636 8 INFO placement.requestlog [None req-5735082d-e8d1-4123-9160-80770445a608 7ad7ae9e2db548e1adc95b133162ecdf 85ac34fdfbad4f9491e7100cdcd4f6a1 - - a802213689724739912a0ed9a1297b10 a802213689724739912a0ed9a1297b10] 10.0.0.108 "GET /resource_providers/a340da51-31c3-4b3f-8d10-e05790c7a8ab/aggregates" status: 404 len: 235 microversion: 1.1 [pid: 8|app: 0|req: 437/872] 10.0.0.108 () {32 vars in 816 bytes} [Thu Sep 3 17:40:36 2026] GET /resource_providers/a340da51-31c3-4b3f-8d10-e05790c7a8ab/aggregates => generated 235 bytes in 13 msecs (HTTP/1.1 404) 5 headers in 202 bytes (1 switches on core 0)
2026-09-03 17:40:36.643 7 INFO placement.requestlog [None req-cc1c7da0-f2a6-4661-a4d6-877c9e666bdd 7ad7ae9e2db548e1adc95b133162ecdf 85ac34fdfbad4f9491e7100cdcd4f6a1 - - a802213689724739912a0ed9a1297b10 a802213689724739912a0ed9a1297b10] 10.0.0.108 "GET /resource_providers/a340da51-31c3-4b3f-8d10-e05790c7a8ab/aggregates" status: 404 len: 235 microversion: 1.1 [pid: 7|app: 0|req: 436/873] 10.0.0.108 () {32 vars in 816 bytes} [Thu Sep 3 17:40:36 2026] GET /resource_providers/a340da51-31c3-4b3f-8d10-e05790c7a8ab/aggregates => generated 235 bytes in 14 msecs (HTTP/1.1 404) 5 headers in 202 bytes (1 switches on core 0)
2026-09-03 17:40:36.676 8 INFO placement.requestlog [None req-4b418655-98b3-40fc-bf73-08501bf57e07 7ad7ae9e2db548e1adc95b133162ecdf 85ac34fdfbad4f9491e7100cdcd4f6a1 - - a802213689724739912a0ed9a1297b10 a802213689724739912a0ed9a1297b10] 10.0.0.108 "DELETE /resource_providers/a340da51-31c3-4b3f-8d10-e05790c7a8ab" status: 404 len: 246 microversion: 1.1 [pid: 8|app: 0|req: 438/874] 10.0.0.108 () {34 vars in 816 bytes} [Thu Sep 3 17:40:36 2026] DELETE /resource_providers/a340da51-31c3-4b3f-8d10-e05790c7a8ab => generated 246 bytes in 12 msecs (HTTP/1.1 404) 6 headers in 231 bytes (1 switches on core 0)
2026-09-03 17:40:36.680 7 INFO placement.requestlog [None req-fe3fca0f-39bf-4f02-a6de-c0006fc79341 7ad7ae9e2db548e1adc95b133162ecdf 85ac34fdfbad4f9491e7100cdcd4f6a1 - - a802213689724739912a0ed9a1297b10 a802213689724739912a0ed9a1297b10] 10.0.0.108 "DELETE /resource_providers/a340da51-31c3-4b3f-8d10-e05790c7a8ab" status: 404 len: 246 microversion: 1.1 [pid: 7|app: 0|req: 437/875] 10.0.0.108 () {34 vars in 816 bytes} [Thu Sep 3 17:40:36 2026] DELETE /resource_providers/a340da51-31c3-4b3f-8d10-e05790c7a8ab => generated 246 bytes in 14 msecs (HTTP/1.1 404) 6 headers in 231 bytes (1 switches on core 0)
2026-09-03 17:40:38.320 8 INFO placement.requestlog [req-27895101-ebcc-44af-92a8-a67b81df502e req-04774714-411b-47b9-a116-0f13d5302093 bb829b24a73449df93571bae7152da0b 85ac34fdfbad4f9491e7100cdcd4f6a1 - - a802213689724739912a0ed9a1297b10 a802213689724739912a0ed9a1297b10] 162.253.55.121 "GET /resource_providers/48c9ac32-dbea-453c-b07e-b5662cca2842/allocations" status: 200 len: 152 microversion: 1.0 [pid: 8|app: 0|req: 439/876] 162.253.55.121 () {32 vars in 857 bytes} [Thu Sep 3 17:40:38 2026] GET /resource_providers/48c9ac32-dbea-453c-b07e-b5662cca2842/allocations => generated 152 bytes in 206 msecs (HTTP/1.1 200) 6 headers in 224 bytes (1 switches on core 0)
2026-09-03 17:40:38.343 7 INFO placement.requestlog [req-27895101-ebcc-44af-92a8-a67b81df502e req-bcdccb25-1011-454f-a4b9-4cd0d72142d9 bb829b24a73449df93571bae7152da0b 85ac34fdfbad4f9491e7100cdcd4f6a1 - - a802213689724739912a0ed9a1297b10 a802213689724739912a0ed9a1297b10] 162.253.55.121 "GET /resource_providers?in_tree=48c9ac32-dbea-453c-b07e-b5662cca2842" status: 200 len: 797 microversion: 1.14 [pid: 7|app: 0|req: 438/877] 162.253.55.121 () {34 vars in 892 bytes} [Thu Sep 3 17:40:38 2026] GET /resource_providers?in_tree=48c9ac32-dbea-453c-b07e-b5662cca2842 => generated 797 bytes in 14 msecs (HTTP/1.1 200) 6 headers in 225 bytes (1 switches on core 0)
2026-09-03 17:40:38.376 8 INFO placement.requestlog [req-27895101-ebcc-44af-92a8-a67b81df502e req-a33c0bdd-4059-488c-9f72-d15e3a9dd66c bb829b24a73449df93571bae7152da0b 85ac34fdfbad4f9491e7100cdcd4f6a1 - - a802213689724739912a0ed9a1297b10 a802213689724739912a0ed9a1297b10] 162.253.55.121 "GET /resource_providers/48c9ac32-dbea-453c-b07e-b5662cca2842/inventories" status: 200 len: 400 microversion: 1.0 [pid: 8|app: 0|req: 440/878] 162.253.55.121 () {32 vars in 857 bytes} [Thu Sep 3 17:40:38 2026] GET /resource_providers/48c9ac32-dbea-453c-b07e-b5662cca2842/inventories => generated 400 bytes in 25 msecs (HTTP/1.1 200) 6 headers in 224 bytes (1 switches on core 0)
2026-09-03 17:40:38.396 7 INFO placement.requestlog [req-27895101-ebcc-44af-92a8-a67b81df502e req-0026de15-57ca-49bb-a005-af02f234fd69 bb829b24a73449df93571bae7152da0b 85ac34fdfbad4f9491e7100cdcd4f6a1 - - a802213689724739912a0ed9a1297b10 a802213689724739912a0ed9a1297b10] 162.253.55.121 "GET /resource_providers/48c9ac32-dbea-453c-b07e-b5662cca2842/aggregates" status: 200 len: 53 microversion: 1.19 [pid: 7|app: 0|req: 439/879] 162.253.55.121 () {34 vars in 899 bytes} [Thu Sep 3 17:40:38 2026] GET /resource_providers/48c9ac32-dbea-453c-b07e-b5662cca2842/aggregates => generated 53 bytes in 12 msecs (HTTP/1.1 200) 8 headers in 295 bytes (1 switches on core 0)
2026-09-03 17:40:38.437 8 INFO placement.requestlog [req-27895101-ebcc-44af-92a8-a67b81df502e req-799ac4ba-7bf5-441e-a47a-bf8584d1221a bb829b24a73449df93571bae7152da0b 85ac34fdfbad4f9491e7100cdcd4f6a1 - - a802213689724739912a0ed9a1297b10 a802213689724739912a0ed9a1297b10] 162.253.55.121 "GET /resource_providers/48c9ac32-dbea-453c-b07e-b5662cca2842/traits" status: 200 len: 1682 microversion: 1.6 [pid: 8|app: 0|req: 441/880] 162.253.55.121 () {34 vars in 890 bytes} [Thu Sep 3 17:40:38 2026] GET /resource_providers/48c9ac32-dbea-453c-b07e-b5662cca2842/traits => generated 1682 bytes in 32 msecs (HTTP/1.1 200) 6 headers in 225 bytes (1 switches on core 0)
2026-09-03 17:40:38.466 7 INFO placement.requestlog [req-27895101-ebcc-44af-92a8-a67b81df502e req-20d5e99a-4082-4743-a166-5b6a429b7d01 bb829b24a73449df93571bae7152da0b 85ac34fdfbad4f9491e7100cdcd4f6a1 - - a802213689724739912a0ed9a1297b10 a802213689724739912a0ed9a1297b10] 162.253.55.121 "GET /resource_providers/48c9ac32-dbea-453c-b07e-b5662cca2842/allocations" status: 200 len: 152 microversion: 1.0 [pid: 7|app: 0|req: 440/881] 162.253.55.121 () {32 vars in 857 bytes} [Thu Sep 3 17:40:38 2026] GET /resource_providers/48c9ac32-dbea-453c-b07e-b5662cca2842/allocations => generated 152 bytes in 20 msecs (HTTP/1.1 200) 6 headers in 224 bytes (1 switches on core 0)
2026-09-03 17:40:38.489 8 INFO placement.requestlog [req-27895101-ebcc-44af-92a8-a67b81df502e req-23450049-0f15-4129-bcab-4164450b9105 bb829b24a73449df93571bae7152da0b 85ac34fdfbad4f9491e7100cdcd4f6a1 - - a802213689724739912a0ed9a1297b10 a802213689724739912a0ed9a1297b10] 162.253.55.121 "GET /allocations/05879119-8bab-4c6b-a9bf-ce88a689ebdf" status: 200 len: 257 microversion: 1.28 [pid: 8|app: 0|req: 442/882] 162.253.55.121 () {34 vars in 863 bytes} [Thu Sep 3 17:40:38 2026] GET /allocations/05879119-8bab-4c6b-a9bf-ce88a689ebdf => generated 257 bytes in 17 msecs (HTTP/1.1 200) 8 headers in 296 bytes (1 switches on core 0)
2026-09-03 17:40:38.575 7 INFO placement.requestlog [None req-b2832792-eeac-45fd-88db-0b69444ad215 7ad7ae9e2db548e1adc95b133162ecdf 85ac34fdfbad4f9491e7100cdcd4f6a1 - - a802213689724739912a0ed9a1297b10 a802213689724739912a0ed9a1297b10] 10.0.0.108 "GET /resource_providers/0fab52a8-fda6-4e66-a006-ddaed5b017b0/aggregates" status: 404 len: 235 microversion: 1.1 [pid: 7|app: 0|req: 441/883] 10.0.0.108 () {32 vars in 816 bytes} [Thu Sep 3 17:40:38 2026] GET /resource_providers/0fab52a8-fda6-4e66-a006-ddaed5b017b0/aggregates => generated 235 bytes in 11 msecs (HTTP/1.1 404) 5 headers in 202 bytes (1 switches on core 0)
2026-09-03 17:40:38.585 8 INFO placement.requestlog [None req-59f950f0-cd09-4216-b33f-355dd887525e 7ad7ae9e2db548e1adc95b133162ecdf 85ac34fdfbad4f9491e7100cdcd4f6a1 - - a802213689724739912a0ed9a1297b10 a802213689724739912a0ed9a1297b10] 10.0.0.108 "GET /resource_providers/0fab52a8-fda6-4e66-a006-ddaed5b017b0/aggregates" status: 404 len: 235 microversion: 1.1 [pid: 8|app: 0|req: 443/884] 10.0.0.108 () {32 vars in 816 bytes} [Thu Sep 3 17:40:38 2026] GET /resource_providers/0fab52a8-fda6-4e66-a006-ddaed5b017b0/aggregates => generated 235 bytes in 15 msecs (HTTP/1.1 404) 5 headers in 202 bytes (1 switches on core 0)
2026-09-03 17:40:38.597 7 INFO placement.requestlog [None req-d6e543de-d59c-4e9b-ac11-ab0388f53a3e 7ad7ae9e2db548e1adc95b133162ecdf 85ac34fdfbad4f9491e7100cdcd4f6a1 - - a802213689724739912a0ed9a1297b10 a802213689724739912a0ed9a1297b10] 10.0.0.108 "DELETE /resource_providers/0fab52a8-fda6-4e66-a006-ddaed5b017b0" status: 404 len: 246 microversion: 1.1 [pid: 7|app: 0|req: 442/885] 10.0.0.108 () {34 vars in 816 bytes} [Thu Sep 3 17:40:38 2026] DELETE /resource_providers/0fab52a8-fda6-4e66-a006-ddaed5b017b0 => generated 246 bytes in 8 msecs (HTTP/1.1 404) 6 headers in 231 bytes (1 switches on core 0)
2026-09-03 17:40:38.614 8 INFO placement.requestlog [None req-3d121534-0188-494c-ba1b-8445314ad3d4 7ad7ae9e2db548e1adc95b133162ecdf 85ac34fdfbad4f9491e7100cdcd4f6a1 - - a802213689724739912a0ed9a1297b10 a802213689724739912a0ed9a1297b10] 10.0.0.108 "DELETE /resource_providers/0fab52a8-fda6-4e66-a006-ddaed5b017b0" status: 404 len: 246 microversion: 1.1 [pid: 8|app: 0|req: 444/886] 10.0.0.108 () {34 vars in 816 bytes} [Thu Sep 3 17:40:38 2026] DELETE /resource_providers/0fab52a8-fda6-4e66-a006-ddaed5b017b0 => generated 246 bytes in 13 msecs (HTTP/1.1 404) 6 headers in 231 bytes (1 switches on core 0)
2026-09-03 17:40:38.704 7 INFO placement.requestlog [None req-84051877-7464-4677-954a-3d100d631d15 7ad7ae9e2db548e1adc95b133162ecdf 85ac34fdfbad4f9491e7100cdcd4f6a1 - - a802213689724739912a0ed9a1297b10 a802213689724739912a0ed9a1297b10] 10.0.0.108 "GET /resource_providers/5b553955-8571-4b67-83ea-0b3ab3e18676/aggregates" status: 404 len: 235 microversion: 1.1 [pid: 7|app: 0|req: 443/887] 10.0.0.108 () {32 vars in 816 bytes} [Thu Sep 3 17:40:38 2026] GET /resource_providers/5b553955-8571-4b67-83ea-0b3ab3e18676/aggregates => generated 235 bytes in 19 msecs (HTTP/1.1 404) 5 headers in 202 bytes (1 switches on core 0)
2026-09-03 17:40:38.704 8 INFO placement.requestlog [None req-13b76a5b-cd13-41b1-9390-1de8a6fcf118 7ad7ae9e2db548e1adc95b133162ecdf 85ac34fdfbad4f9491e7100cdcd4f6a1 - - a802213689724739912a0ed9a1297b10 a802213689724739912a0ed9a1297b10] 10.0.0.108 "GET /resource_providers/5b553955-8571-4b67-83ea-0b3ab3e18676/aggregates" status: 404 len: 235 microversion: 1.1 [pid: 8|app: 0|req: 445/888] 10.0.0.108 () {32 vars in 816 bytes} [Thu Sep 3 17:40:38 2026] GET /resource_providers/5b553955-8571-4b67-83ea-0b3ab3e18676/aggregates => generated 235 bytes in 13 msecs (HTTP/1.1 404) 5 headers in 202 bytes (1 switches on core 0)
2026-09-03 17:40:38.728 8 INFO placement.requestlog [None req-74a51dc2-1d47-4822-a357-f8eb99940b37 7ad7ae9e2db548e1adc95b133162ecdf 85ac34fdfbad4f9491e7100cdcd4f6a1 - - a802213689724739912a0ed9a1297b10 a802213689724739912a0ed9a1297b10] 10.0.0.108 "DELETE /resource_providers/5b553955-8571-4b67-83ea-0b3ab3e18676" status: 404 len: 246 microversion: 1.1
2026-09-03 17:40:38.728 7 INFO placement.requestlog [None req-de8ea284-9d28-4ff2-8ca9-275b83c44ebe 7ad7ae9e2db548e1adc95b133162ecdf 85ac34fdfbad4f9491e7100cdcd4f6a1 - - a802213689724739912a0ed9a1297b10 a802213689724739912a0ed9a1297b10] 10.0.0.108 "DELETE /resource_providers/5b553955-8571-4b67-83ea-0b3ab3e18676" status: 404 len: 246 microversion: 1.1 [pid: 8|app: 0|req: 446/889] 10.0.0.108 () {34 vars in 816 bytes} [Thu Sep 3 17:40:38 2026] DELETE /resource_providers/5b553955-8571-4b67-83ea-0b3ab3e18676 => generated 246 bytes in 9 msecs (HTTP/1.1 404) 6 headers in 231 bytes (1 switches on core 0) [pid: 7|app: 0|req: 444/890] 10.0.0.108 () {34 vars in 816 bytes} [Thu Sep 3 17:40:38 2026] DELETE /resource_providers/5b553955-8571-4b67-83ea-0b3ab3e18676 => generated 246 bytes in 11 msecs (HTTP/1.1 404) 6 headers in 231 bytes (1 switches on core 0)
2026-09-03 17:40:38.750 8 INFO placement.requestlog [None req-a102f566-9790-42dc-a0b6-7d0fcc7ad2de 7ad7ae9e2db548e1adc95b133162ecdf 85ac34fdfbad4f9491e7100cdcd4f6a1 - - a802213689724739912a0ed9a1297b10 a802213689724739912a0ed9a1297b10] 10.0.0.108 "GET /resource_providers/d1b886a5-346b-4abb-8a72-c989c73740bc/aggregates" status: 404 len: 235 microversion: 1.1 [pid: 8|app: 0|req: 447/891] 10.0.0.108 () {32 vars in 816 bytes} [Thu Sep 3 17:40:38 2026] GET /resource_providers/d1b886a5-346b-4abb-8a72-c989c73740bc/aggregates => generated 235 bytes in 9 msecs (HTTP/1.1 404) 5 headers in 202 bytes (1 switches on core 0)
2026-09-03 17:40:38.755 7 INFO placement.requestlog [None req-a53732c7-6ace-436a-8eae-7413ebc9a505 7ad7ae9e2db548e1adc95b133162ecdf 85ac34fdfbad4f9491e7100cdcd4f6a1 - - a802213689724739912a0ed9a1297b10 a802213689724739912a0ed9a1297b10] 10.0.0.108 "GET /resource_providers/d1b886a5-346b-4abb-8a72-c989c73740bc/aggregates" status: 404 len: 235 microversion: 1.1 [pid: 7|app: 0|req: 445/892] 10.0.0.108 () {32 vars in 816 bytes} [Thu Sep 3 17:40:38 2026] GET /resource_providers/d1b886a5-346b-4abb-8a72-c989c73740bc/aggregates => generated 235 bytes in 14 msecs (HTTP/1.1 404) 5 headers in 202 bytes (1 switches on core 0)
2026-09-03 17:40:38.768 8 INFO placement.requestlog [None req-fa541492-63b7-4372-ab02-8d8c42c4f98b 7ad7ae9e2db548e1adc95b133162ecdf 85ac34fdfbad4f9491e7100cdcd4f6a1 - - a802213689724739912a0ed9a1297b10 a802213689724739912a0ed9a1297b10] 10.0.0.108 "DELETE /resource_providers/d1b886a5-346b-4abb-8a72-c989c73740bc" status: 404 len: 246 microversion: 1.1 [pid: 8|app: 0|req: 448/893] 10.0.0.108 () {34 vars in 816 bytes} [Thu Sep 3 17:40:38 2026] DELETE /resource_providers/d1b886a5-346b-4abb-8a72-c989c73740bc => generated 246 bytes in 12 msecs (HTTP/1.1 404) 6 headers in 231 bytes (1 switches on core 0)
2026-09-03 17:40:38.775 7 INFO placement.requestlog [None req-d0bdaaa3-ec7c-4dbf-b402-6087fd5f3267 7ad7ae9e2db548e1adc95b133162ecdf 85ac34fdfbad4f9491e7100cdcd4f6a1 - - a802213689724739912a0ed9a1297b10 a802213689724739912a0ed9a1297b10] 10.0.0.108 "DELETE /resource_providers/d1b886a5-346b-4abb-8a72-c989c73740bc" status: 404 len: 246 microversion: 1.1 [pid: 7|app: 0|req: 446/894] 10.0.0.108 () {34 vars in 816 bytes} [Thu Sep 3 17:40:38 2026] DELETE /resource_providers/d1b886a5-346b-4abb-8a72-c989c73740bc => generated 246 bytes in 8 msecs (HTTP/1.1 404) 6 headers in 231 bytes (1 switches on core 0)
2026-09-03 17:40:40.723 8 INFO placement.requestlog [None req-db62452c-709e-4383-b777-43ccc76eb665 - - - - - -] 10.0.0.162 "GET /" status: 200 len: 136 microversion: 1.0
2026-09-03 17:40:40.725 7 INFO placement.requestlog [None req-a61be5c9-2a14-417b-90c0-c0a6639a4630 - - - - - -] 10.0.0.162 "GET /" status: 200 len: 136 microversion: 1.0
2026-09-03 17:40:42.701 8 INFO placement.requestlog [None req-315344a4-ef4e-47b9-b93d-c69fa9247599 7ad7ae9e2db548e1adc95b133162ecdf 85ac34fdfbad4f9491e7100cdcd4f6a1 - - a802213689724739912a0ed9a1297b10 a802213689724739912a0ed9a1297b10] 10.0.0.108 "GET /resource_providers/a39311d3-3035-4ece-a9a5-b09abf32bb78/aggregates" status: 404 len: 235 microversion: 1.1 [pid: 8|app: 0|req: 450/897] 10.0.0.108 () {32 vars in 816 bytes} [Thu Sep 3 17:40:42 2026] GET /resource_providers/a39311d3-3035-4ece-a9a5-b09abf32bb78/aggregates => generated 235 bytes in 20 msecs (HTTP/1.1 404) 5 headers in 202 bytes (1 switches on core 0)
2026-09-03 17:40:42.705 7 INFO placement.requestlog [None req-36049ca0-b36a-41a7-873b-c8d4e62ab8e3 7ad7ae9e2db548e1adc95b133162ecdf 85ac34fdfbad4f9491e7100cdcd4f6a1 - - a802213689724739912a0ed9a1297b10 a802213689724739912a0ed9a1297b10] 10.0.0.108 "GET /resource_providers/a39311d3-3035-4ece-a9a5-b09abf32bb78/aggregates" status: 404 len: 235 microversion: 1.1 [pid: 7|app: 0|req: 448/898] 10.0.0.108 () {32 vars in 816 bytes} [Thu Sep 3 17:40:42 2026] GET /resource_providers/a39311d3-3035-4ece-a9a5-b09abf32bb78/aggregates => generated 235 bytes in 18 msecs (HTTP/1.1 404) 5 headers in 202 bytes (1 switches on core 0)
2026-09-03 17:40:42.716 8 INFO placement.requestlog [None req-2ae6f32a-f293-47e0-9932-0275d88c3f31 7ad7ae9e2db548e1adc95b133162ecdf 85ac34fdfbad4f9491e7100cdcd4f6a1 - - a802213689724739912a0ed9a1297b10 a802213689724739912a0ed9a1297b10] 10.0.0.108 "DELETE /resource_providers/a39311d3-3035-4ece-a9a5-b09abf32bb78" status: 404 len: 246 microversion: 1.1 [pid: 8|app: 0|req: 451/899] 10.0.0.108 () {34 vars in 816 bytes} [Thu Sep 3 17:40:42 2026] DELETE /resource_providers/a39311d3-3035-4ece-a9a5-b09abf32bb78 => generated 246 bytes in 9 msecs (HTTP/1.1 404) 6 headers in 231 bytes (1 switches on core 0)
2026-09-03 17:40:42.721 7 INFO placement.requestlog [None req-feba3460-a9f2-4abe-93d2-9709b8cab3a6 7ad7ae9e2db548e1adc95b133162ecdf 85ac34fdfbad4f9491e7100cdcd4f6a1 - - a802213689724739912a0ed9a1297b10 a802213689724739912a0ed9a1297b10] 10.0.0.108 "DELETE /resource_providers/a39311d3-3035-4ece-a9a5-b09abf32bb78" status: 404 len: 246 microversion: 1.1 [pid: 7|app: 0|req: 449/900] 10.0.0.108 () {34 vars in 816 bytes} [Thu Sep 3 17:40:42 2026] DELETE /resource_providers/a39311d3-3035-4ece-a9a5-b09abf32bb78 => generated 246 bytes in 8 msecs (HTTP/1.1 404) 6 headers in 231 bytes (1 switches on core 0)
2026-09-03 17:40:44.274 7 INFO placement.requestlog [None req-8be726b2-1ff2-4785-b1a8-1ea56fca2fbf 7ad7ae9e2db548e1adc95b133162ecdf 85ac34fdfbad4f9491e7100cdcd4f6a1 - - a802213689724739912a0ed9a1297b10 a802213689724739912a0ed9a1297b10] 10.0.0.108 "GET /resource_providers/abeb325f-92bc-48d7-a5da-0e33f4a8cdd2/aggregates" status: 404 len: 235 microversion: 1.1
2026-09-03 17:40:44.274 8 INFO placement.requestlog [None req-7729df94-7203-4a98-9ef2-e5f39c1bc76b 7ad7ae9e2db548e1adc95b133162ecdf 85ac34fdfbad4f9491e7100cdcd4f6a1 - - a802213689724739912a0ed9a1297b10 a802213689724739912a0ed9a1297b10] 10.0.0.108 "GET /resource_providers/abeb325f-92bc-48d7-a5da-0e33f4a8cdd2/aggregates" status: 404 len: 235 microversion: 1.1 [pid: 8|app: 0|req: 452/901] 10.0.0.108 () {32 vars in 816 bytes} [Thu Sep 3 17:40:44 2026] GET /resource_providers/abeb325f-92bc-48d7-a5da-0e33f4a8cdd2/aggregates => generated 235 bytes in 17 msecs (HTTP/1.1 404) 5 headers in 202 bytes (1 switches on core 0) [pid: 7|app: 0|req: 450/902] 10.0.0.108 () {32 vars in 816 bytes} [Thu Sep 3 17:40:44 2026] GET /resource_providers/abeb325f-92bc-48d7-a5da-0e33f4a8cdd2/aggregates => generated 235 bytes in 17 msecs (HTTP/1.1 404) 5 headers in 202 bytes (1 switches on core 0)
