+ COMMAND=start + start + for KEYSTONE_WSGI_SCRIPT in keystone-wsgi-public ++ type -p keystone-wsgi-public + cp -a /var/lib/openstack/bin/keystone-wsgi-public /var/www/cgi-bin/keystone/ + '[' -f /etc/apache2/envvars ']' + source /etc/apache2/envvars ++ unset HOME ++ '[' '' '!=' '' ']' ++ SUFFIX= ++ export APACHE_RUN_USER=www-data ++ APACHE_RUN_USER=www-data ++ export APACHE_RUN_GROUP=www-data ++ APACHE_RUN_GROUP=www-data ++ export APACHE_PID_FILE=/var/run/apache2/apache2.pid ++ APACHE_PID_FILE=/var/run/apache2/apache2.pid ++ export APACHE_RUN_DIR=/var/run/apache2 ++ APACHE_RUN_DIR=/var/run/apache2 ++ export APACHE_LOCK_DIR=/var/lock/apache2 ++ APACHE_LOCK_DIR=/var/lock/apache2 ++ export APACHE_LOG_DIR=/var/log/apache2 ++ APACHE_LOG_DIR=/var/log/apache2 ++ export LANG=C ++ LANG=C ++ export LANG + '[' -f /var/run/apache2/apache2.pid ']' + exec apache2 -DFOREGROUND AH00558: apache2: Could not reliably determine the server's fully qualified domain name, using 10.0.0.234. Set the 'ServerName' directive globally to suppress this message AH00558: apache2: Could not reliably determine the server's fully qualified domain name, using 10.0.0.234. Set the 'ServerName' directive globally to suppress this message
[Mon Sep 07 18:31:25.697885 2026] [mpm_event:notice] [pid 1:tid 140519097390976] AH00489: Apache/2.4.58 (Ubuntu) mod_wsgi/5.0.0 Python/3.12 configured -- resuming normal operations
[Mon Sep 07 18:31:25.698063 2026] [core:notice] [pid 1:tid 140519097390976] AH00094: Command line: 'apache2 -D FOREGROUND'
[Mon Sep 07 18:32:21.011497 2026] [wsgi:error] [pid 12:tid 140518459569856] /var/lib/openstack/lib/python3.12/site-packages/oslo_utils/importutils.py:77: EventletDeprecationWarning:
[Mon Sep 07 18:32:21.011537 2026] [wsgi:error] [pid 12:tid 140518459569856] Eventlet is deprecated. It is currently being maintained in bugfix mode, and
[Mon Sep 07 18:32:21.011538 2026] [wsgi:error] [pid 12:tid 140518459569856] we strongly recommend against using it for new projects.
[Mon Sep 07 18:32:21.011540 2026] [wsgi:error] [pid 12:tid 140518459569856]
[Mon Sep 07 18:32:21.011541 2026] [wsgi:error] [pid 12:tid 140518459569856] If you are already using Eventlet, we recommend migrating to a different
[Mon Sep 07 18:32:21.011542 2026] [wsgi:error] [pid 12:tid 140518459569856] framework. For more detail see
[Mon Sep 07 18:32:21.011543 2026] [wsgi:error] [pid 12:tid 140518459569856] https://eventlet.readthedocs.io/en/latest/asyncio/migration.html
[Mon Sep 07 18:32:21.011544 2026] [wsgi:error] [pid 12:tid 140518459569856]
[Mon Sep 07 18:32:21.011545 2026] [wsgi:error] [pid 12:tid 140518459569856] __import__(import_str)
[Mon Sep 07 18:32:21.071099 2026] [wsgi:error] [pid 9:tid 140518459569856] /var/lib/openstack/lib/python3.12/site-packages/oslo_utils/importutils.py:77: EventletDeprecationWarning:
[Mon Sep 07 18:32:21.071187 2026] [wsgi:error] [pid 9:tid 140518459569856] Eventlet is deprecated. It is currently being maintained in bugfix mode, and
[Mon Sep 07 18:32:21.071200 2026] [wsgi:error] [pid 9:tid 140518459569856] we strongly recommend against using it for new projects.
[Mon Sep 07 18:32:21.071209 2026] [wsgi:error] [pid 9:tid 140518459569856]
[Mon Sep 07 18:32:21.071219 2026] [wsgi:error] [pid 9:tid 140518459569856] If you are already using Eventlet, we recommend migrating to a different
[Mon Sep 07 18:32:21.071229 2026] [wsgi:error] [pid 9:tid 140518459569856] framework. For more detail see
[Mon Sep 07 18:32:21.071238 2026] [wsgi:error] [pid 9:tid 140518459569856] https://eventlet.readthedocs.io/en/latest/asyncio/migration.html
[Mon Sep 07 18:32:21.071248 2026] [wsgi:error] [pid 9:tid 140518459569856]
[Mon Sep 07 18:32:21.071257 2026] [wsgi:error] [pid 9:tid 140518459569856] __import__(import_str) 10.0.0.69 - - [07/Sep/2026:18:32:20 +0000] "GET /v3/ HTTP/1.1" 200 250 10.0.0.69 - - [07/Sep/2026:18:32:20 +0000] "GET /v3/ HTTP/1.1" 200 250
[Mon Sep 07 18:32:34.083971 2026] [wsgi:error] [pid 11:tid 140518459569856] /var/lib/openstack/lib/python3.12/site-packages/oslo_utils/importutils.py:77: EventletDeprecationWarning:
[Mon Sep 07 18:32:34.084010 2026] [wsgi:error] [pid 11:tid 140518459569856] Eventlet is deprecated. It is currently being maintained in bugfix mode, and
[Mon Sep 07 18:32:34.084011 2026] [wsgi:error] [pid 11:tid 140518459569856] we strongly recommend against using it for new projects.
[Mon Sep 07 18:32:34.084026 2026] [wsgi:error] [pid 11:tid 140518459569856]
[Mon Sep 07 18:32:34.084027 2026] [wsgi:error] [pid 11:tid 140518459569856] If you are already using Eventlet, we recommend migrating to a different
[Mon Sep 07 18:32:34.084028 2026] [wsgi:error] [pid 11:tid 140518459569856] framework. For more detail see
[Mon Sep 07 18:32:34.084029 2026] [wsgi:error] [pid 11:tid 140518459569856] https://eventlet.readthedocs.io/en/latest/asyncio/migration.html
[Mon Sep 07 18:32:34.084030 2026] [wsgi:error] [pid 11:tid 140518459569856]
[Mon Sep 07 18:32:34.084031 2026] [wsgi:error] [pid 11:tid 140518459569856] __import__(import_str) 10.0.0.210 - - [07/Sep/2026:18:32:33 +0000] "GET / HTTP/1.1" 300 295
[Mon Sep 07 18:32:39.363644 2026] [wsgi:error] [pid 10:tid 140518459569856] /var/lib/openstack/lib/python3.12/site-packages/oslo_utils/importutils.py:77: EventletDeprecationWarning:
[Mon Sep 07 18:32:39.363686 2026] [wsgi:error] [pid 10:tid 140518459569856] Eventlet is deprecated. It is currently being maintained in bugfix mode, and
[Mon Sep 07 18:32:39.363688 2026] [wsgi:error] [pid 10:tid 140518459569856] we strongly recommend against using it for new projects.
[Mon Sep 07 18:32:39.363690 2026] [wsgi:error] [pid 10:tid 140518459569856]
[Mon Sep 07 18:32:39.363691 2026] [wsgi:error] [pid 10:tid 140518459569856] If you are already using Eventlet, we recommend migrating to a different
[Mon Sep 07 18:32:39.363692 2026] [wsgi:error] [pid 10:tid 140518459569856] framework. For more detail see
[Mon Sep 07 18:32:39.363693 2026] [wsgi:error] [pid 10:tid 140518459569856] https://eventlet.readthedocs.io/en/latest/asyncio/migration.html
[Mon Sep 07 18:32:39.363694 2026] [wsgi:error] [pid 10:tid 140518459569856]
[Mon Sep 07 18:32:39.363695 2026] [wsgi:error] [pid 10:tid 140518459569856] __import__(import_str)
[Mon Sep 07 18:32:44.290677 2026] [wsgi:error] [pid 10:tid 140518459569856] [remote 10.0.0.210:41510] 2026-09-07 18:32:44.287 10 WARNING keystone.identity.core [None req-cc0d55fc-ca58-47eb-8802-a1c0d06f65fa - - - - - -] Invalid domain name (atmosphere) found in config file name: keystone.exception.DomainNotFound: Could not find domain: atmosphere.
[Mon Sep 07 18:32:44.338313 2026] [wsgi:error] [pid 10:tid 140518459569856] [remote 10.0.0.210:41510] 2026-09-07 18:32:44.337 10 WARNING keystone.common.password_hashing [None req-cc0d55fc-ca58-47eb-8802-a1c0d06f65fa - - - - - -] Truncating password to algorithm specific maximum length 72 characters.
[Mon Sep 07 18:32:44.657418 2026] [wsgi:error] [pid 10:tid 140518459569856] [remote 10.0.0.210:41510] 2026-09-07 18:32:44.657 10 WARNING keystone.common.fernet_utils [None req-cc0d55fc-ca58-47eb-8802-a1c0d06f65fa - - - - - -] key_repository is world readable: /etc/keystone/fernet-keys/ 10.0.0.210 - - [07/Sep/2026:18:32:38 +0000] "POST /v3/auth/tokens HTTP/1.1" 201 1360
[Mon Sep 07 18:32:45.082378 2026] [wsgi:error] [pid 12:tid 140518459569856] [remote 10.0.0.210:41510] 2026-09-07 18:32:45.080 12 WARNING keystone.identity.core [None req-01174244-ca45-49df-b03d-321289beec14 - - - - - -] Invalid domain name (atmosphere) found in config file name: keystone.exception.DomainNotFound: Could not find domain: atmosphere. 10.0.0.210 - - [07/Sep/2026:18:32:44 +0000] "POST /v3/domains HTTP/1.1" 201 261 10.0.0.43 - - [07/Sep/2026:18:32:57 +0000] "GET / HTTP/1.1" 300 295
[Mon Sep 07 18:32:57.424451 2026] [wsgi:error] [pid 11:tid 140518459569856] [remote 10.0.0.43:57470] 2026-09-07 18:32:57.423 11 WARNING keystone.common.password_hashing [None req-6c3154ce-59e8-40ed-aac6-b67e5eb51178 - - - - - -] Truncating password to algorithm specific maximum length 72 characters.
[Mon Sep 07 18:32:57.737414 2026] [wsgi:error] [pid 11:tid 140518459569856] [remote 10.0.0.43:57470] 2026-09-07 18:32:57.736 11 WARNING keystone.common.fernet_utils [None req-6c3154ce-59e8-40ed-aac6-b67e5eb51178 - - - - - -] key_repository is world readable: /etc/keystone/fernet-keys/ 10.0.0.43 - - [07/Sep/2026:18:32:57 +0000] "POST /v3/auth/tokens HTTP/1.1" 201 1360 10.0.0.43 - - [07/Sep/2026:18:32:57 +0000] "GET /v3/roles/admin HTTP/1.1" 404 83
[Mon Sep 07 18:32:58.033326 2026] [wsgi:error] [pid 12:tid 140518459569856] [remote 10.0.0.43:57470] 2026-09-07 18:32:58.032 12 WARNING keystone.common.rbac_enforcer.enforcer [None req-c253fafc-fdc2-4450-9735-9783c8246706 11a803c77ebe43bfb5ead388369cc61e 41a606438510403c88e505c5a54745c4 - - default default] Deprecated policy rules found. Use oslopolicy-policy-generator and oslopolicy-policy-upgrade to detect and resolve deprecated policies in your configuration. 10.0.0.43 - - [07/Sep/2026:18:32:58 +0000] "GET /v3/roles?name=admin HTTP/1.1" 200 389
[Mon Sep 07 18:32:58.696119 2026] [wsgi:error] [pid 9:tid 140518459569856] [remote 10.0.0.43:57470] 2026-09-07 18:32:58.695 9 WARNING keystone.common.rbac_enforcer.enforcer [None req-461e7028-9f9f-473e-9f19-51cb281a625d 11a803c77ebe43bfb5ead388369cc61e 41a606438510403c88e505c5a54745c4 - - default default] Deprecated policy rules found. Use oslopolicy-policy-generator and oslopolicy-policy-upgrade to detect and resolve deprecated policies in your configuration. 10.0.0.43 - - [07/Sep/2026:18:32:58 +0000] "GET /v3/users/admin-RegionOne HTTP/1.1" 404 93
[Mon Sep 07 18:32:58.919876 2026] [wsgi:error] [pid 11:tid 140518459569856] [remote 10.0.0.43:57470] 2026-09-07 18:32:58.919 11 WARNING keystone.common.rbac_enforcer.enforcer [None req-48c36adc-7124-4c6f-b2c5-7b750bdd7e2b 11a803c77ebe43bfb5ead388369cc61e 41a606438510403c88e505c5a54745c4 - - default default] Deprecated policy rules found. Use oslopolicy-policy-generator and oslopolicy-policy-upgrade to detect and resolve deprecated policies in your configuration. 10.0.0.43 - - [07/Sep/2026:18:32:58 +0000] "GET /v3/users?name=admin-RegionOne HTTP/1.1" 200 422
[Mon Sep 07 18:32:59.121581 2026] [wsgi:error] [pid 10:tid 140518459569856] [remote 10.0.0.43:57470] 2026-09-07 18:32:59.121 10 WARNING keystone.common.rbac_enforcer.enforcer [None req-7523a188-0e05-4f7e-a81e-178f3beb8bd9 11a803c77ebe43bfb5ead388369cc61e 41a606438510403c88e505c5a54745c4 - - default default] Deprecated policy rules found. Use oslopolicy-policy-generator and oslopolicy-policy-upgrade to detect and resolve deprecated policies in your configuration. 10.0.0.43 - - [07/Sep/2026:18:32:58 +0000] "GET /v3/domains/default HTTP/1.1" 200 224 10.0.0.43 - - [07/Sep/2026:18:32:59 +0000] "PUT /v3/domains/default/users/11a803c77ebe43bfb5ead388369cc61e/roles/9761709cb2e14c87b06626dad76c64f8 HTTP/1.1" 204 - 10.0.0.69 - - [07/Sep/2026:18:33:08 +0000] "GET / HTTP/1.1" 300 281 10.0.0.69 - - [07/Sep/2026:18:33:10 +0000] "GET /v3 HTTP/1.1" 200 266
[Mon Sep 07 18:33:10.218306 2026] [wsgi:error] [pid 10:tid 140518459569856] [remote 10.0.0.69:35698] 2026-09-07 18:33:10.217 10 WARNING keystone.common.password_hashing [None req-cb3b08ea-24ca-4b87-81a7-3c58c60f39a6 - - - - - -] Truncating password to algorithm specific maximum length 72 characters.
[Mon Sep 07 18:33:10.567955 2026] [wsgi:error] [pid 10:tid 140518459569856] [remote 10.0.0.69:35698] 2026-09-07 18:33:10.567 10 WARNING keystone.common.fernet_utils [None req-cb3b08ea-24ca-4b87-81a7-3c58c60f39a6 - - - - - -] key_repository is world readable: /etc/keystone/fernet-keys/ 10.0.0.69 - - [07/Sep/2026:18:33:10 +0000] "POST /v3/auth/tokens HTTP/1.1" 201 1360 10.0.0.69 - - [07/Sep/2026:18:33:10 +0000] "GET / HTTP/1.1" 300 281 10.0.0.69 - - [07/Sep/2026:18:33:10 +0000] "GET /v3/domains/atmosphere HTTP/1.1" 404 90 10.0.0.69 - - [07/Sep/2026:18:33:10 +0000] "GET /v3/domains?name=atmosphere HTTP/1.1" 200 370 10.0.0.69 - - [07/Sep/2026:18:33:10 +0000] "GET /v3/domains/5c3c199497614bbd9d99ab62c4804f82 HTTP/1.1" 200 247 10.0.0.69 - - [07/Sep/2026:18:33:11 +0000] "GET /v3 HTTP/1.1" 200 266
[Mon Sep 07 18:33:11.916080 2026] [wsgi:error] [pid 9:tid 140518459569856] [remote 10.0.0.69:35698] 2026-09-07 18:33:11.915 9 WARNING keystone.common.password_hashing [None req-7a61adba-518e-4ec4-a406-bb70912d4466 - - - - - -] Truncating password to algorithm specific maximum length 72 characters.
[Mon Sep 07 18:33:12.206722 2026] [wsgi:error] [pid 9:tid 140518459569856] [remote 10.0.0.69:35698] 2026-09-07 18:33:12.206 9 WARNING keystone.common.fernet_utils [None req-7a61adba-518e-4ec4-a406-bb70912d4466 - - - - - -] key_repository is world readable: /etc/keystone/fernet-keys/ 10.0.0.69 - - [07/Sep/2026:18:33:11 +0000] "POST /v3/auth/tokens HTTP/1.1" 201 1360 10.0.0.69 - - [07/Sep/2026:18:33:12 +0000] "GET / HTTP/1.1" 300 281 10.0.0.69 - - [07/Sep/2026:18:33:12 +0000] "GET /v3/OS-FEDERATION/identity_providers/atmosphere HTTP/1.1" 404 101 10.0.0.69 - - [07/Sep/2026:18:33:12 +0000] "GET /v3/OS-FEDERATION/identity_providers HTTP/1.1" 200 156 10.0.0.69 - - [07/Sep/2026:18:33:12 +0000] "PUT /v3/OS-FEDERATION/identity_providers/atmosphere HTTP/1.1" 201 342 10.0.0.69 - - [07/Sep/2026:18:33:13 +0000] "GET /v3 HTTP/1.1" 200 266
[Mon Sep 07 18:33:13.201919 2026] [wsgi:error] [pid 10:tid 140518459569856] [remote 10.0.0.69:35682] 2026-09-07 18:33:13.201 10 WARNING keystone.common.password_hashing [None req-fc1ec737-f751-4f35-b7c4-ee65cb82ac3f - - - - - -] Truncating password to algorithm specific maximum length 72 characters.
[Mon Sep 07 18:33:13.513664 2026] [wsgi:error] [pid 10:tid 140518459569856] [remote 10.0.0.69:35682] 2026-09-07 18:33:13.513 10 WARNING keystone.common.fernet_utils [None req-fc1ec737-f751-4f35-b7c4-ee65cb82ac3f - - - - - -] key_repository is world readable: /etc/keystone/fernet-keys/ 10.0.0.69 - - [07/Sep/2026:18:33:13 +0000] "POST /v3/auth/tokens HTTP/1.1" 201 1360 10.0.0.69 - - [07/Sep/2026:18:33:13 +0000] "GET / HTTP/1.1" 300 281 10.0.0.69 - - [07/Sep/2026:18:33:13 +0000] "GET /v3/OS-FEDERATION/mappings/atmosphere-openid HTTP/1.1" 404 98 10.0.0.69 - - [07/Sep/2026:18:33:13 +0000] "GET /v3/OS-FEDERATION/mappings HTTP/1.1" 200 136 10.0.0.69 - - [07/Sep/2026:18:33:13 +0000] "PUT /v3/OS-FEDERATION/mappings/atmosphere-openid HTTP/1.1" 201 357 10.0.0.69 - - [07/Sep/2026:18:33:14 +0000] "GET /v3 HTTP/1.1" 200 266
[Mon Sep 07 18:33:14.498393 2026] [wsgi:error] [pid 9:tid 140518459569856] [remote 10.0.0.69:35698] 2026-09-07 18:33:14.497 9 WARNING keystone.common.password_hashing [None req-6926c8be-9f05-4c99-b0c9-d31719824606 - - - - - -] Truncating password to algorithm specific maximum length 72 characters.
[Mon Sep 07 18:33:14.830088 2026] [wsgi:error] [pid 9:tid 140518459569856] [remote 10.0.0.69:35698] 2026-09-07 18:33:14.829 9 WARNING keystone.common.fernet_utils [None req-6926c8be-9f05-4c99-b0c9-d31719824606 - - - - - -] key_repository is world readable: /etc/keystone/fernet-keys/ 10.0.0.69 - - [07/Sep/2026:18:33:14 +0000] "POST /v3/auth/tokens HTTP/1.1" 201 1360 10.0.0.69 - - [07/Sep/2026:18:33:14 +0000] "GET / HTTP/1.1" 300 281 10.0.0.69 - - [07/Sep/2026:18:33:14 +0000] "GET /v3/OS-FEDERATION/identity_providers/atmosphere/protocols/openid?idp_id=atmosphere HTTP/1.1" 404 131 10.0.0.69 - - [07/Sep/2026:18:33:14 +0000] "GET /v3/OS-FEDERATION/identity_providers/atmosphere/protocols HTTP/1.1" 200 168 10.0.0.69 - - [07/Sep/2026:18:33:14 +0000] "PUT /v3/OS-FEDERATION/identity_providers/atmosphere/protocols/openid HTTP/1.1" 201 224 10.0.0.69 - - [07/Sep/2026:18:33:20 +0000] "GET /v3/ HTTP/1.1" 200 250 10.0.0.69 - - [07/Sep/2026:18:33:20 +0000] "GET /v3/ HTTP/1.1" 200 250 10.0.0.69 - - [07/Sep/2026:18:34:20 +0000] "GET /v3/ HTTP/1.1" 200 250 10.0.0.69 - - [07/Sep/2026:18:34:20 +0000] "GET /v3/ HTTP/1.1" 200 250 10.0.0.93 - - [07/Sep/2026:18:34:44 +0000] "GET / HTTP/1.1" 300 295
[Mon Sep 07 18:34:44.562455 2026] [wsgi:error] [pid 10:tid 140518459569856] [remote 10.0.0.93:49388] 2026-09-07 18:34:44.562 10 WARNING keystone.common.password_hashing [None req-949e87f4-633e-4c99-aa9a-b42b06cbf451 - - - - - -] Truncating password to algorithm specific maximum length 72 characters.
[Mon Sep 07 18:34:44.855237 2026] [wsgi:error] [pid 10:tid 140518459569856] [remote 10.0.0.93:49388] 2026-09-07 18:34:44.855 10 WARNING keystone.common.fernet_utils [None req-949e87f4-633e-4c99-aa9a-b42b06cbf451 - - - - - -] key_repository is world readable: /etc/keystone/fernet-keys/ 10.0.0.93 - - [07/Sep/2026:18:34:44 +0000] "POST /v3/auth/tokens HTTP/1.1" 201 1360 10.0.0.93 - - [07/Sep/2026:18:34:44 +0000] "GET /v3/services HTTP/1.1" 200 355 10.0.0.93 - - [07/Sep/2026:18:34:48 +0000] "GET / HTTP/1.1" 300 295
[Mon Sep 07 18:34:48.737577 2026] [wsgi:error] [pid 11:tid 140518459569856] [remote 10.0.0.93:49392] 2026-09-07 18:34:48.737 11 WARNING keystone.common.password_hashing [None req-4ded3627-4a03-4564-9e20-9c33b07095e6 - - - - - -] Truncating password to algorithm specific maximum length 72 characters.
[Mon Sep 07 18:34:49.011702 2026] [wsgi:error] [pid 11:tid 140518459569856] [remote 10.0.0.93:49392] 2026-09-07 18:34:49.011 11 WARNING keystone.common.fernet_utils [None req-4ded3627-4a03-4564-9e20-9c33b07095e6 - - - - - -] key_repository is world readable: /etc/keystone/fernet-keys/ 10.0.0.93 - - [07/Sep/2026:18:34:48 +0000] "POST /v3/auth/tokens HTTP/1.1" 201 1360 10.0.0.93 - - [07/Sep/2026:18:34:49 +0000] "GET /v3/services HTTP/1.1" 200 355 10.0.0.93 - - [07/Sep/2026:18:34:52 +0000] "GET / HTTP/1.1" 300 295
[Mon Sep 07 18:34:52.832351 2026] [wsgi:error] [pid 12:tid 140518459569856] [remote 10.0.0.93:49404] 2026-09-07 18:34:52.831 12 WARNING keystone.common.password_hashing [None req-585a632d-ce1d-4417-abbb-6a75bc8c6d87 - - - - - -] Truncating password to algorithm specific maximum length 72 characters.
[Mon Sep 07 18:34:53.125940 2026] [wsgi:error] [pid 12:tid 140518459569856] [remote 10.0.0.93:49404] 2026-09-07 18:34:53.125 12 WARNING keystone.common.fernet_utils [None req-585a632d-ce1d-4417-abbb-6a75bc8c6d87 - - - - - -] key_repository is world readable: /etc/keystone/fernet-keys/ 10.0.0.93 - - [07/Sep/2026:18:34:52 +0000] "POST /v3/auth/tokens HTTP/1.1" 201 1360 10.0.0.93 - - [07/Sep/2026:18:34:53 +0000] "GET /v3/services HTTP/1.1" 200 355 10.0.0.93 - - [07/Sep/2026:18:34:56 +0000] "GET / HTTP/1.1" 300 295
[Mon Sep 07 18:34:56.853103 2026] [wsgi:error] [pid 9:tid 140518459569856] [remote 10.0.0.93:37146] 2026-09-07 18:34:56.852 9 WARNING keystone.common.password_hashing [None req-bfa3cab3-fccd-4c5c-a648-dccf922f6769 - - - - - -] Truncating password to algorithm specific maximum length 72 characters.
[Mon Sep 07 18:34:57.148432 2026] [wsgi:error] [pid 9:tid 140518459569856] [remote 10.0.0.93:37146] 2026-09-07 18:34:57.148 9 WARNING keystone.common.fernet_utils [None req-bfa3cab3-fccd-4c5c-a648-dccf922f6769 - - - - - -] key_repository is world readable: /etc/keystone/fernet-keys/ 10.0.0.93 - - [07/Sep/2026:18:34:56 +0000] "POST /v3/auth/tokens HTTP/1.1" 201 1360 10.0.0.93 - - [07/Sep/2026:18:34:57 +0000] "POST /v3/services HTTP/1.1" 201 296 10.0.0.49 - - [07/Sep/2026:18:35:09 +0000] "GET / HTTP/1.1" 300 295
[Mon Sep 07 18:35:09.552215 2026] [wsgi:error] [pid 10:tid 140518459569856] [remote 10.0.0.49:38248] 2026-09-07 18:35:09.551 10 WARNING keystone.common.password_hashing [None req-32d07329-8302-48b5-b49c-5e2b5c1f644e - - - - - -] Truncating password to algorithm specific maximum length 72 characters. 10.0.0.49 - - [07/Sep/2026:18:35:09 +0000] "GET / HTTP/1.1" 300 295
[Mon Sep 07 18:35:09.660178 2026] [wsgi:error] [pid 12:tid 140518459569856] [remote 10.0.0.49:38258] 2026-09-07 18:35:09.659 12 WARNING keystone.common.password_hashing [None req-14f1d6ae-b164-4bd1-a615-6bca593517f0 - - - - - -] Truncating password to algorithm specific maximum length 72 characters.
[Mon Sep 07 18:35:09.874817 2026] [wsgi:error] [pid 10:tid 140518459569856] [remote 10.0.0.49:38248] 2026-09-07 18:35:09.874 10 WARNING keystone.common.fernet_utils [None req-32d07329-8302-48b5-b49c-5e2b5c1f644e - - - - - -] key_repository is world readable: /etc/keystone/fernet-keys/ 10.0.0.49 - - [07/Sep/2026:18:35:09 +0000] "POST /v3/auth/tokens HTTP/1.1" 201 1464 10.0.0.49 - - [07/Sep/2026:18:35:09 +0000] "GET / HTTP/1.1" 300 295
[Mon Sep 07 18:35:09.957854 2026] [wsgi:error] [pid 12:tid 140518459569856] [remote 10.0.0.49:38258] 2026-09-07 18:35:09.957 12 WARNING keystone.common.fernet_utils [None req-14f1d6ae-b164-4bd1-a615-6bca593517f0 - - - - - -] key_repository is world readable: /etc/keystone/fernet-keys/ 10.0.0.49 - - [07/Sep/2026:18:35:09 +0000] "POST /v3/auth/tokens HTTP/1.1" 201 1464
[Mon Sep 07 18:35:09.973292 2026] [wsgi:error] [pid 9:tid 140518459569856] [remote 10.0.0.49:38268] 2026-09-07 18:35:09.973 9 WARNING keystone.common.password_hashing [None req-a964acae-dbc6-4e5e-a0d6-c150f284917b - - - - - -] Truncating password to algorithm specific maximum length 72 characters. 10.0.0.49 - - [07/Sep/2026:18:35:09 +0000] "GET /v3/services HTTP/1.1" 200 639 10.0.0.49 - - [07/Sep/2026:18:35:10 +0000] "GET /v3/services HTTP/1.1" 200 639
[Mon Sep 07 18:35:10.271489 2026] [wsgi:error] [pid 9:tid 140518459569856] [remote 10.0.0.49:38268] 2026-09-07 18:35:10.271 9 WARNING keystone.common.fernet_utils [None req-a964acae-dbc6-4e5e-a0d6-c150f284917b - - - - - -] key_repository is world readable: /etc/keystone/fernet-keys/ 10.0.0.49 - - [07/Sep/2026:18:35:09 +0000] "POST /v3/auth/tokens HTTP/1.1" 201 1464 10.0.0.49 - - [07/Sep/2026:18:35:10 +0000] "GET /v3/services HTTP/1.1" 200 639 10.0.0.49 - - [07/Sep/2026:18:35:11 +0000] "GET / HTTP/1.1" 300 295
[Mon Sep 07 18:35:11.880254 2026] [wsgi:error] [pid 11:tid 140518459569856] [remote 10.0.0.49:38282] 2026-09-07 18:35:11.879 11 WARNING keystone.common.password_hashing [None req-17e55acb-f8d2-402e-a9fc-2fe581ec7a9b - - - - - -] Truncating password to algorithm specific maximum length 72 characters. 10.0.0.49 - - [07/Sep/2026:18:35:11 +0000] "GET / HTTP/1.1" 300 295
[Mon Sep 07 18:35:11.993219 2026] [wsgi:error] [pid 12:tid 140518459569856] [remote 10.0.0.49:38286] 2026-09-07 18:35:11.992 12 WARNING keystone.common.password_hashing [None req-2956aa38-91d5-4c6a-9bca-18a71d4472e4 - - - - - -] Truncating password to algorithm specific maximum length 72 characters. 10.0.0.49 - - [07/Sep/2026:18:35:12 +0000] "GET / HTTP/1.1" 300 295
[Mon Sep 07 18:35:12.053622 2026] [wsgi:error] [pid 9:tid 140518459569856] [remote 10.0.0.49:38302] 2026-09-07 18:35:12.053 9 WARNING keystone.common.password_hashing [None req-f8188b80-ed10-4144-9497-073bdb7c2dfc - - - - - -] Truncating password to algorithm specific maximum length 72 characters.
[Mon Sep 07 18:35:12.174896 2026] [wsgi:error] [pid 11:tid 140518459569856] [remote 10.0.0.49:38282] 2026-09-07 18:35:12.174 11 WARNING keystone.common.fernet_utils [None req-17e55acb-f8d2-402e-a9fc-2fe581ec7a9b - - - - - -] key_repository is world readable: /etc/keystone/fernet-keys/ 10.0.0.49 - - [07/Sep/2026:18:35:11 +0000] "POST /v3/auth/tokens HTTP/1.1" 201 1464
[Mon Sep 07 18:35:12.316950 2026] [wsgi:error] [pid 12:tid 140518459569856] [remote 10.0.0.49:38286] 2026-09-07 18:35:12.316 12 WARNING keystone.common.fernet_utils [None req-2956aa38-91d5-4c6a-9bca-18a71d4472e4 - - - - - -] key_repository is world readable: /etc/keystone/fernet-keys/ 10.0.0.49 - - [07/Sep/2026:18:35:11 +0000] "POST /v3/auth/tokens HTTP/1.1" 201 1464 10.0.0.49 - - [07/Sep/2026:18:35:12 +0000] "GET /v3/endpoints HTTP/1.1" 200 1227
[Mon Sep 07 18:35:12.344048 2026] [wsgi:error] [pid 9:tid 140518459569856] [remote 10.0.0.49:38302] 2026-09-07 18:35:12.343 9 WARNING keystone.common.fernet_utils [None req-f8188b80-ed10-4144-9497-073bdb7c2dfc - - - - - -] key_repository is world readable: /etc/keystone/fernet-keys/ 10.0.0.49 - - [07/Sep/2026:18:35:12 +0000] "POST /v3/auth/tokens HTTP/1.1" 201 1464 10.0.0.49 - - [07/Sep/2026:18:35:12 +0000] "GET /v3/services/e11e0b4c73204eaea7907ae74eca683f HTTP/1.1" 200 233 10.0.0.49 - - [07/Sep/2026:18:35:12 +0000] "GET /v3/services/e11e0b4c73204eaea7907ae74eca683f HTTP/1.1" 200 233 10.0.0.49 - - [07/Sep/2026:18:35:12 +0000] "GET /v3/services/e11e0b4c73204eaea7907ae74eca683f HTTP/1.1" 200 233 10.0.0.49 - - [07/Sep/2026:18:35:12 +0000] "GET /v3/endpoints HTTP/1.1" 200 1227 10.0.0.49 - - [07/Sep/2026:18:35:12 +0000] "GET /v3/services/e11e0b4c73204eaea7907ae74eca683f HTTP/1.1" 200 233 10.0.0.49 - - [07/Sep/2026:18:35:12 +0000] "GET /v3/services/e11e0b4c73204eaea7907ae74eca683f HTTP/1.1" 200 233 10.0.0.49 - - [07/Sep/2026:18:35:12 +0000] "GET /v3/endpoints HTTP/1.1" 200 1227 10.0.0.49 - - [07/Sep/2026:18:35:12 +0000] "GET /v3/services/e11e0b4c73204eaea7907ae74eca683f HTTP/1.1" 200 233 10.0.0.49 - - [07/Sep/2026:18:35:12 +0000] "GET /v3/services/e11e0b4c73204eaea7907ae74eca683f HTTP/1.1" 200 233 10.0.0.49 - - [07/Sep/2026:18:35:12 +0000] "GET /v3/services/e11e0b4c73204eaea7907ae74eca683f HTTP/1.1" 200 233 10.0.0.49 - - [07/Sep/2026:18:35:12 +0000] "GET /v3/services/e11e0b4c73204eaea7907ae74eca683f HTTP/1.1" 200 233 10.0.0.49 - - [07/Sep/2026:18:35:14 +0000] "GET / HTTP/1.1" 300 295
[Mon Sep 07 18:35:14.153442 2026] [wsgi:error] [pid 11:tid 140518459569856] [remote 10.0.0.49:43666] 2026-09-07 18:35:14.153 11 WARNING keystone.common.password_hashing [None req-c6c0e7dd-14f2-4cc4-bae0-9a9a95a22064 - - - - - -] Truncating password to algorithm specific maximum length 72 characters. 10.0.0.49 - - [07/Sep/2026:18:35:14 +0000] "GET / HTTP/1.1" 300 295
[Mon Sep 07 18:35:14.202420 2026] [wsgi:error] [pid 10:tid 140518459569856] [remote 10.0.0.49:43680] 2026-09-07 18:35:14.202 10 WARNING keystone.common.password_hashing [None req-eb6ce2dc-e33f-4fcd-bd3b-f9740dcff7dc - - - - - -] Truncating password to algorithm specific maximum length 72 characters. 10.0.0.49 - - [07/Sep/2026:18:35:14 +0000] "GET / HTTP/1.1" 300 295
[Mon Sep 07 18:35:14.369917 2026] [wsgi:error] [pid 12:tid 140518459569856] [remote 10.0.0.49:43682] 2026-09-07 18:35:14.369 12 WARNING keystone.common.password_hashing [None req-e7ef96fa-9095-4292-9a0d-263a00547d42 - - - - - -] Truncating password to algorithm specific maximum length 72 characters.
[Mon Sep 07 18:35:14.483808 2026] [wsgi:error] [pid 11:tid 140518459569856] [remote 10.0.0.49:43666] 2026-09-07 18:35:14.483 11 WARNING keystone.common.fernet_utils [None req-c6c0e7dd-14f2-4cc4-bae0-9a9a95a22064 - - - - - -] key_repository is world readable: /etc/keystone/fernet-keys/ 10.0.0.49 - - [07/Sep/2026:18:35:14 +0000] "POST /v3/auth/tokens HTTP/1.1" 201 1464
[Mon Sep 07 18:35:14.544550 2026] [wsgi:error] [pid 10:tid 140518459569856] [remote 10.0.0.49:43680] 2026-09-07 18:35:14.544 10 WARNING keystone.common.fernet_utils [None req-eb6ce2dc-e33f-4fcd-bd3b-f9740dcff7dc - - - - - -] key_repository is world readable: /etc/keystone/fernet-keys/ 10.0.0.49 - - [07/Sep/2026:18:35:14 +0000] "POST /v3/auth/tokens HTTP/1.1" 201 1464 10.0.0.49 - - [07/Sep/2026:18:35:14 +0000] "GET /v3/services/bc6ba9cc2b04415f93cfec7102066c6b HTTP/1.1" 200 296 10.0.0.49 - - [07/Sep/2026:18:35:14 +0000] "GET /v3/regions/RegionOne HTTP/1.1" 200 173 10.0.0.49 - - [07/Sep/2026:18:35:14 +0000] "GET /v3/services/bc6ba9cc2b04415f93cfec7102066c6b HTTP/1.1" 200 296
[Mon Sep 07 18:35:14.689341 2026] [wsgi:error] [pid 12:tid 140518459569856] [remote 10.0.0.49:43682] 2026-09-07 18:35:14.689 12 WARNING keystone.common.fernet_utils [None req-e7ef96fa-9095-4292-9a0d-263a00547d42 - - - - - -] key_repository is world readable: /etc/keystone/fernet-keys/ 10.0.0.49 - - [07/Sep/2026:18:35:14 +0000] "GET /v3/regions/RegionOne HTTP/1.1" 200 173 10.0.0.49 - - [07/Sep/2026:18:35:14 +0000] "POST /v3/auth/tokens HTTP/1.1" 201 1464 10.0.0.49 - - [07/Sep/2026:18:35:14 +0000] "GET /v3/services/bc6ba9cc2b04415f93cfec7102066c6b HTTP/1.1" 200 296 10.0.0.49 - - [07/Sep/2026:18:35:14 +0000] "GET /v3/regions/RegionOne HTTP/1.1" 200 173 10.0.0.49 - - [07/Sep/2026:18:35:14 +0000] "POST /v3/endpoints HTTP/1.1" 201 370 10.0.0.49 - - [07/Sep/2026:18:35:14 +0000] "POST /v3/endpoints HTTP/1.1" 201 383 10.0.0.49 - - [07/Sep/2026:18:35:14 +0000] "POST /v3/endpoints HTTP/1.1" 201 380 10.0.0.49 - - [07/Sep/2026:18:35:16 +0000] "GET / HTTP/1.1" 300 295
[Mon Sep 07 18:35:16.515151 2026] [wsgi:error] [pid 10:tid 140518459569856] [remote 10.0.0.49:43684] 2026-09-07 18:35:16.514 10 WARNING keystone.common.password_hashing [None req-4e5f4b79-1dce-4728-9c60-98b58f95fd7f - - - - - -] Truncating password to algorithm specific maximum length 72 characters. 10.0.0.49 - - [07/Sep/2026:18:35:16 +0000] "GET / HTTP/1.1" 300 295
[Mon Sep 07 18:35:16.610924 2026] [wsgi:error] [pid 11:tid 140518459569856] [remote 10.0.0.49:43688] 2026-09-07 18:35:16.610 11 WARNING keystone.common.password_hashing [None req-b4f5bad9-cacd-4c25-8628-4a587d268ab2 - - - - - -] Truncating password to algorithm specific maximum length 72 characters. 10.0.0.49 - - [07/Sep/2026:18:35:16 +0000] "GET / HTTP/1.1" 300 295
[Mon Sep 07 18:35:16.669349 2026] [wsgi:error] [pid 9:tid 140518459569856] [remote 10.0.0.49:43700] 2026-09-07 18:35:16.668 9 WARNING keystone.common.password_hashing [None req-d0af7653-aa6f-43b8-a503-424b3254f1fd - - - - - -] Truncating password to algorithm specific maximum length 72 characters.
[Mon Sep 07 18:35:16.810907 2026] [wsgi:error] [pid 10:tid 140518459569856] [remote 10.0.0.49:43684] 2026-09-07 18:35:16.810 10 WARNING keystone.common.fernet_utils [None req-4e5f4b79-1dce-4728-9c60-98b58f95fd7f - - - - - -] key_repository is world readable: /etc/keystone/fernet-keys/ 10.0.0.49 - - [07/Sep/2026:18:35:16 +0000] "POST /v3/auth/tokens HTTP/1.1" 201 1992
[Mon Sep 07 18:35:16.909292 2026] [wsgi:error] [pid 11:tid 140518459569856] [remote 10.0.0.49:43688] 2026-09-07 18:35:16.909 11 WARNING keystone.common.fernet_utils [None req-b4f5bad9-cacd-4c25-8628-4a587d268ab2 - - - - - -] key_repository is world readable: /etc/keystone/fernet-keys/ 10.0.0.49 - - [07/Sep/2026:18:35:16 +0000] "POST /v3/auth/tokens HTTP/1.1" 201 1992 10.0.0.49 - - [07/Sep/2026:18:35:16 +0000] "GET /v3/endpoints/d382a2656dfc457196d249bf827a11bf HTTP/1.1" 200 370 10.0.0.49 - - [07/Sep/2026:18:35:16 +0000] "GET /v3/services/bc6ba9cc2b04415f93cfec7102066c6b HTTP/1.1" 200 296
[Mon Sep 07 18:35:16.961955 2026] [wsgi:error] [pid 9:tid 140518459569856] [remote 10.0.0.49:43700] 2026-09-07 18:35:16.961 9 WARNING keystone.common.fernet_utils [None req-d0af7653-aa6f-43b8-a503-424b3254f1fd - - - - - -] key_repository is world readable: /etc/keystone/fernet-keys/ 10.0.0.49 - - [07/Sep/2026:18:35:16 +0000] "POST /v3/auth/tokens HTTP/1.1" 201 1992 10.0.0.49 - - [07/Sep/2026:18:35:17 +0000] "GET /v3/endpoints/c568667b48dc498b8355d5edfa3ed254 HTTP/1.1" 200 383 10.0.0.49 - - [07/Sep/2026:18:35:17 +0000] "GET /v3/services/bc6ba9cc2b04415f93cfec7102066c6b HTTP/1.1" 200 296 10.0.0.49 - - [07/Sep/2026:18:35:17 +0000] "GET /v3/endpoints/0e62dda9cc044d318f12bf72d9b87d5f HTTP/1.1" 200 380 10.0.0.49 - - [07/Sep/2026:18:35:17 +0000] "GET /v3/services/bc6ba9cc2b04415f93cfec7102066c6b HTTP/1.1" 200 296 10.0.0.69 - - [07/Sep/2026:18:35:20 +0000] "GET /v3/ HTTP/1.1" 200 250 10.0.0.69 - - [07/Sep/2026:18:35:20 +0000] "GET /v3/ HTTP/1.1" 200 250 10.0.0.46 - - [07/Sep/2026:18:35:29 +0000] "GET / HTTP/1.1" 300 295
[Mon Sep 07 18:35:30.010910 2026] [wsgi:error] [pid 9:tid 140518459569856] [remote 10.0.0.46:44598] 2026-09-07 18:35:30.010 9 WARNING keystone.common.password_hashing [None req-1485170a-4442-4d9d-b26e-b2a31eda3a15 - - - - - -] Truncating password to algorithm specific maximum length 72 characters.
[Mon Sep 07 18:35:30.311128 2026] [wsgi:error] [pid 9:tid 140518459569856] [remote 10.0.0.46:44598] 2026-09-07 18:35:30.310 9 WARNING keystone.common.fernet_utils [None req-1485170a-4442-4d9d-b26e-b2a31eda3a15 - - - - - -] key_repository is world readable: /etc/keystone/fernet-keys/ 10.0.0.46 - - [07/Sep/2026:18:35:29 +0000] "POST /v3/auth/tokens HTTP/1.1" 201 1992 10.0.0.46 - - [07/Sep/2026:18:35:30 +0000] "POST /v3/domains HTTP/1.1" 201 284 10.0.0.46 - - [07/Sep/2026:18:35:32 +0000] "GET / HTTP/1.1" 300 295
[Mon Sep 07 18:35:32.339107 2026] [wsgi:error] [pid 10:tid 140518459569856] [remote 10.0.0.46:44608] 2026-09-07 18:35:32.338 10 WARNING keystone.common.password_hashing [None req-399e6651-a6cc-4d55-a78b-093a92e18dbf - - - - - -] Truncating password to algorithm specific maximum length 72 characters.
[Mon Sep 07 18:35:32.617948 2026] [wsgi:error] [pid 10:tid 140518459569856] [remote 10.0.0.46:44608] 2026-09-07 18:35:32.617 10 WARNING keystone.common.fernet_utils [None req-399e6651-a6cc-4d55-a78b-093a92e18dbf - - - - - -] key_repository is world readable: /etc/keystone/fernet-keys/ 10.0.0.46 - - [07/Sep/2026:18:35:32 +0000] "POST /v3/auth/tokens HTTP/1.1" 201 1992
[Mon Sep 07 18:35:32.843838 2026] [wsgi:error] [pid 9:tid 140518459569856] [remote 10.0.0.46:44608] 2026-09-07 18:35:32.818 9 ERROR keystone.server.flask.application [None req-cf40cccc-e9bf-4c9d-b555-51a43e4b4edd 11a803c77ebe43bfb5ead388369cc61e 41a606438510403c88e505c5a54745c4 - - default default] Conflict occurred attempting to store project - it is not permitted to have two projects acting as domains with the same name: service.: keystone.exception.Conflict: Conflict occurred attempting to store project - it is not permitted to have two projects acting as domains with the same name: service.
[Mon Sep 07 18:35:32.843877 2026] [wsgi:error] [pid 9:tid 140518459569856] [remote 10.0.0.46:44608] 2026-09-07 18:35:32.818 9 ERROR keystone.server.flask.application
Traceback (most recent call last):
[Mon Sep 07 18:35:32.843880 2026] [wsgi:error] [pid 9:tid 140518459569856] [remote 10.0.0.46:44608] 2026-09-07 18:35:32.818 9 ERROR keystone.server.flask.application
File "/var/lib/openstack/lib/python3.12/site-packages/sqlalchemy/engine/base.py", line 1969, in _exec_single_context
[Mon Sep 07 18:35:32.843883 2026] [wsgi:error] [pid 9:tid 140518459569856] [remote 10.0.0.46:44608] 2026-09-07 18:35:32.818 9 ERROR keystone.server.flask.application self.dialect.do_execute(
[Mon Sep 07 18:35:32.843886 2026] [wsgi:error] [pid 9:tid 140518459569856] [remote 10.0.0.46:44608] 2026-09-07 18:35:32.818 9 ERROR keystone.server.flask.application
File "/var/lib/openstack/lib/python3.12/site-packages/sqlalchemy/engine/default.py", line 952, in do_execute
[Mon Sep 07 18:35:32.843888 2026] [wsgi:error] [pid 9:tid 140518459569856] [remote 10.0.0.46:44608] 2026-09-07 18:35:32.818 9 ERROR keystone.server.flask.application cursor.execute(statement, parameters)
[Mon Sep 07 18:35:32.843891 2026] [wsgi:error] [pid 9:tid 140518459569856] [remote 10.0.0.46:44608] 2026-09-07 18:35:32.818 9 ERROR keystone.server.flask.application
File "/var/lib/openstack/lib/python3.12/site-packages/pymysql/cursors.py", line 159, in execute
[Mon Sep 07 18:35:32.843893 2026] [wsgi:error] [pid 9:tid 140518459569856] [remote 10.0.0.46:44608] 2026-09-07 18:35:32.818 9 ERROR keystone.server.flask.application result = self._query(query)
[Mon Sep 07 18:35:32.843896 2026] [wsgi:error] [pid 9:tid 140518459569856] [remote 10.0.0.46:44608] 2026-09-07 18:35:32.818 9 ERROR keystone.server.flask.application ^^^^^^^^^^^^^^^^^^
[Mon Sep 07 18:35:32.843898 2026] [wsgi:error] [pid 9:tid 140518459569856] [remote 10.0.0.46:44608] 2026-09-07 18:35:32.818 9 ERROR keystone.server.flask.application
File "/var/lib/openstack/lib/python3.12/site-packages/pymysql/cursors.py", line 330, in _query
[Mon Sep 07 18:35:32.843902 2026] [wsgi:error] [pid 9:tid 140518459569856] [remote 10.0.0.46:44608] 2026-09-07 18:35:32.818 9 ERROR keystone.server.flask.application conn.query(q)
[Mon Sep 07 18:35:32.843905 2026] [wsgi:error] [pid 9:tid 140518459569856] [remote 10.0.0.46:44608] 2026-09-07 18:35:32.818 9 ERROR keystone.server.flask.application
File "/var/lib/openstack/lib/python3.12/site-packages/pymysql/connections.py", line 582, in query
[Mon Sep 07 18:35:32.843909 2026] [wsgi:error] [pid 9:tid 140518459569856] [remote 10.0.0.46:44608] 2026-09-07 18:35:32.818 9 ERROR keystone.server.flask.application self._affected_rows = self._read_query_result(unbuffered=unbuffered)
[Mon Sep 07 18:35:32.843913 2026] [wsgi:error] [pid 9:tid 140518459569856] [remote 10.0.0.46:44608] 2026-09-07 18:35:32.818 9 ERROR keystone.server.flask.application ^^^^^^^^^^^^^^^^^^^^^^^^^^^^^^^^^^^^^^^^^^^^^^
[Mon Sep 07 18:35:32.843916 2026] [wsgi:error] [pid 9:tid 140518459569856] [remote 10.0.0.46:44608] 2026-09-07 18:35:32.818 9 ERROR keystone.server.flask.application
File "/var/lib/openstack/lib/python3.12/site-packages/pymysql/connections.py", line 847, in _read_query_result
[Mon Sep 07 18:35:32.843920 2026] [wsgi:error] [pid 9:tid 140518459569856] [remote 10.0.0.46:44608] 2026-09-07 18:35:32.818 9 ERROR keystone.server.flask.application result.read()
[Mon Sep 07 18:35:32.843923 2026] [wsgi:error] [pid 9:tid 140518459569856] [remote 10.0.0.46:44608] 2026-09-07 18:35:32.818 9 ERROR keystone.server.flask.application
File "/var/lib/openstack/lib/python3.12/site-packages/pymysql/connections.py", line 1245, in read
[Mon Sep 07 18:35:32.843929 2026] [wsgi:error] [pid 9:tid 140518459569856] [remote 10.0.0.46:44608] 2026-09-07 18:35:32.818 9 ERROR keystone.server.flask.application first_packet = self.connection._read_packet()
[Mon Sep 07 18:35:32.843932 2026] [wsgi:error] [pid 9:tid 140518459569856] [remote 10.0.0.46:44608] 2026-09-07 18:35:32.818 9 ERROR keystone.server.flask.application ^^^^^^^^^^^^^^^^^^^^^^^^^^^^^^
[Mon Sep 07 18:35:32.843934 2026] [wsgi:error] [pid 9:tid 140518459569856] [remote 10.0.0.46:44608] 2026-09-07 18:35:32.818 9 ERROR keystone.server.flask.application
File "/var/lib/openstack/lib/python3.12/site-packages/pymysql/connections.py", line 803, in _read_packet
[Mon Sep 07 18:35:32.843938 2026] [wsgi:error] [pid 9:tid 140518459569856] [remote 10.0.0.46:44608] 2026-09-07 18:35:32.818 9 ERROR keystone.server.flask.application packet.raise_for_error()
[Mon Sep 07 18:35:32.843940 2026] [wsgi:error] [pid 9:tid 140518459569856] [remote 10.0.0.46:44608] 2026-09-07 18:35:32.818 9 ERROR keystone.server.flask.application
File "/var/lib/openstack/lib/python3.12/site-packages/pymysql/protocol.py", line 219, in raise_for_error
[Mon Sep 07 18:35:32.843943 2026] [wsgi:error] [pid 9:tid 140518459569856] [remote 10.0.0.46:44608] 2026-09-07 18:35:32.818 9 ERROR keystone.server.flask.application err.raise_mysql_exception(self._data)
[Mon Sep 07 18:35:32.843947 2026] [wsgi:error] [pid 9:tid 140518459569856] [remote 10.0.0.46:44608] 2026-09-07 18:35:32.818 9 ERROR keystone.server.flask.application
File "/var/lib/openstack/lib/python3.12/site-packages/pymysql/err.py", line 154, in raise_mysql_exception
[Mon Sep 07 18:35:32.843957 2026] [wsgi:error] [pid 9:tid 140518459569856] [remote 10.0.0.46:44608] 2026-09-07 18:35:32.818 9 ERROR keystone.server.flask.application raise errorclass(errno, errval, sqlstate=sqlstate)
[Mon Sep 07 18:35:32.843960 2026] [wsgi:error] [pid 9:tid 140518459569856] [remote 10.0.0.46:44608] 2026-09-07 18:35:32.818 9 ERROR keystone.server.flask.application pymysql.err.IntegrityError: (1062, "Duplicate entry '<>-service' for key 'project.ixu_project_name_domain_id'")
[Mon Sep 07 18:35:32.843963 2026] [wsgi:error] [pid 9:tid 140518459569856] [remote 10.0.0.46:44608] 2026-09-07 18:35:32.818 9 ERROR keystone.server.flask.application
[Mon Sep 07 18:35:32.843965 2026] [wsgi:error] [pid 9:tid 140518459569856] [remote 10.0.0.46:44608] 2026-09-07 18:35:32.818 9 ERROR keystone.server.flask.application The above exception was the direct cause of the following exception:
[Mon Sep 07 18:35:32.843967 2026] [wsgi:error] [pid 9:tid 140518459569856] [remote 10.0.0.46:44608] 2026-09-07 18:35:32.818 9 ERROR keystone.server.flask.application
[Mon Sep 07 18:35:32.843969 2026] [wsgi:error] [pid 9:tid 140518459569856] [remote 10.0.0.46:44608] 2026-09-07 18:35:32.818 9 ERROR keystone.server.flask.application
Traceback (most recent call last):
[Mon Sep 07 18:35:32.843971 2026] [wsgi:error] [pid 9:tid 140518459569856] [remote 10.0.0.46:44608] 2026-09-07 18:35:32.818 9 ERROR keystone.server.flask.application
File "/var/lib/openstack/lib/python3.12/site-packages/keystone/common/sql/core.py", line 575, in wrapper
[Mon Sep 07 18:35:32.843974 2026] [wsgi:error] [pid 9:tid 140518459569856] [remote 10.0.0.46:44608] 2026-09-07 18:35:32.818 9 ERROR keystone.server.flask.application return method(*args, **kwargs)
[Mon Sep 07 18:35:32.843976 2026] [wsgi:error] [pid 9:tid 140518459569856] [remote 10.0.0.46:44608] 2026-09-07 18:35:32.818 9 ERROR keystone.server.flask.application ^^^^^^^^^^^^^^^^^^^^^^^
[Mon Sep 07 18:35:32.843978 2026] [wsgi:error] [pid 9:tid 140518459569856] [remote 10.0.0.46:44608] 2026-09-07 18:35:32.818 9 ERROR keystone.server.flask.application
File "/var/lib/openstack/lib/python3.12/site-packages/keystone/resource/backends/sql.py", line 278, in create_project
[Mon Sep 07 18:35:32.843994 2026] [wsgi:error] [pid 9:tid 140518459569856] [remote 10.0.0.46:44608] 2026-09-07 18:35:32.818 9 ERROR keystone.server.flask.application with sql.session_for_write() as session:
[Mon Sep 07 18:35:32.843996 2026] [wsgi:error] [pid 9:tid 140518459569856] [remote 10.0.0.46:44608] 2026-09-07 18:35:32.818 9 ERROR keystone.server.flask.application
File "/usr/lib/python3.12/contextlib.py", line 144, in __exit__
[Mon Sep 07 18:35:32.843998 2026] [wsgi:error] [pid 9:tid 140518459569856] [remote 10.0.0.46:44608] 2026-09-07 18:35:32.818 9 ERROR keystone.server.flask.application next(self.gen)
[Mon Sep 07 18:35:32.844000 2026] [wsgi:error] [pid 9:tid 140518459569856] [remote 10.0.0.46:44608] 2026-09-07 18:35:32.818 9 ERROR keystone.server.flask.application
File "/var/lib/openstack/lib/python3.12/site-packages/oslo_db/sqlalchemy/enginefacade.py", line 1175, in _transaction_scope
[Mon Sep 07 18:35:32.844003 2026] [wsgi:error] [pid 9:tid 140518459569856] [remote 10.0.0.46:44608] 2026-09-07 18:35:32.818 9 ERROR keystone.server.flask.application with current._produce_block(
[Mon Sep 07 18:35:32.844005 2026] [wsgi:error] [pid 9:tid 140518459569856] [remote 10.0.0.46:44608] 2026-09-07 18:35:32.818 9 ERROR keystone.server.flask.application
File "/usr/lib/python3.12/contextlib.py", line 144, in __exit__
[Mon Sep 07 18:35:32.844007 2026] [wsgi:error] [pid 9:tid 140518459569856] [remote 10.0.0.46:44608] 2026-09-07 18:35:32.818 9 ERROR keystone.server.flask.application next(self.gen)
[Mon Sep 07 18:35:32.844009 2026] [wsgi:error] [pid 9:tid 140518459569856] [remote 10.0.0.46:44608] 2026-09-07 18:35:32.818 9 ERROR keystone.server.flask.application
File "/var/lib/openstack/lib/python3.12/site-packages/oslo_db/sqlalchemy/enginefacade.py", line 837, in _session
[Mon Sep 07 18:35:32.844013 2026] [wsgi:error] [pid 9:tid 140518459569856] [remote 10.0.0.46:44608] 2026-09-07 18:35:32.818 9 ERROR keystone.server.flask.application with excutils.save_and_reraise_exception():
[Mon Sep 07 18:35:32.844015 2026] [wsgi:error] [pid 9:tid 140518459569856] [remote 10.0.0.46:44608] 2026-09-07 18:35:32.818 9 ERROR keystone.server.flask.application
File "/var/lib/openstack/lib/python3.12/site-packages/oslo_utils/excutils.py", line 266, in __exit__
[Mon Sep 07 18:35:32.844022 2026] [wsgi:error] [pid 9:tid 140518459569856] [remote 10.0.0.46:44608] 2026-09-07 18:35:32.818 9 ERROR keystone.server.flask.application self.force_reraise()
[Mon Sep 07 18:35:32.844024 2026] [wsgi:error] [pid 9:tid 140518459569856] [remote 10.0.0.46:44608] 2026-09-07 18:35:32.818 9 ERROR keystone.server.flask.application
File "/var/lib/openstack/lib/python3.12/site-packages/oslo_utils/excutils.py", line 232, in force_reraise
[Mon Sep 07 18:35:32.844026 2026] [wsgi:error] [pid 9:tid 140518459569856] [remote 10.0.0.46:44608] 2026-09-07 18:35:32.818 9 ERROR keystone.server.flask.application raise self.value
[Mon Sep 07 18:35:32.844029 2026] [wsgi:error] [pid 9:tid 140518459569856] [remote 10.0.0.46:44608] 2026-09-07 18:35:32.818 9 ERROR keystone.server.flask.application
File "/var/lib/openstack/lib/python3.12/site-packages/oslo_db/sqlalchemy/enginefacade.py", line 835, in _session
[Mon Sep 07 18:35:32.844031 2026] [wsgi:error] [pid 9:tid 140518459569856] [remote 10.0.0.46:44608] 2026-09-07 18:35:32.818 9 ERROR keystone.server.flask.application self._end_session_transaction(self.session)
[Mon Sep 07 18:35:32.844034 2026] [wsgi:error] [pid 9:tid 140518459569856] [remote 10.0.0.46:44608] 2026-09-07 18:35:32.818 9 ERROR keystone.server.flask.application
File "/var/lib/openstack/lib/python3.12/site-packages/oslo_db/sqlalchemy/enginefacade.py", line 748, in _end_session_transaction
[Mon Sep 07 18:35:32.844038 2026] [wsgi:error] [pid 9:tid 140518459569856] [remote 10.0.0.46:44608] 2026-09-07 18:35:32.818 9 ERROR keystone.server.flask.application session.commit()
[Mon Sep 07 18:35:32.844040 2026] [wsgi:error] [pid 9:tid 140518459569856] [remote 10.0.0.46:44608] 2026-09-07 18:35:32.818 9 ERROR keystone.server.flask.application
File "/var/lib/openstack/lib/python3.12/site-packages/sqlalchemy/orm/session.py", line 2034, in commit
[Mon Sep 07 18:35:32.844042 2026] [wsgi:error] [pid 9:tid 140518459569856] [remote 10.0.0.46:44608] 2026-09-07 18:35:32.818 9 ERROR keystone.server.flask.application trans.commit(_to_root=True)
[Mon Sep 07 18:35:32.844044 2026] [wsgi:error] [pid 9:tid 140518459569856] [remote 10.0.0.46:44608] 2026-09-07 18:35:32.818 9 ERROR keystone.server.flask.application File "", line 2, in commit
[Mon Sep 07 18:35:32.844046 2026] [wsgi:error] [pid 9:tid 140518459569856] [remote 10.0.0.46:44608] 2026-09-07 18:35:32.818 9 ERROR keystone.server.flask.application
File "/var/lib/openstack/lib/python3.12/site-packages/sqlalchemy/orm/state_changes.py", line 137, in _go
[Mon Sep 07 18:35:32.844049 2026] [wsgi:error] [pid 9:tid 140518459569856] [remote 10.0.0.46:44608] 2026-09-07 18:35:32.818 9 ERROR keystone.server.flask.application ret_value = fn(self, *arg, **kw)
[Mon Sep 07 18:35:32.844051 2026] [wsgi:error] [pid 9:tid 140518459569856] [remote 10.0.0.46:44608] 2026-09-07 18:35:32.818 9 ERROR keystone.server.flask.application ^^^^^^^^^^^^^^^^^^^^
[Mon Sep 07 18:35:32.844053 2026] [wsgi:error] [pid 9:tid 140518459569856] [remote 10.0.0.46:44608] 2026-09-07 18:35:32.818 9 ERROR keystone.server.flask.application
File "/var/lib/openstack/lib/python3.12/site-packages/sqlalchemy/orm/session.py", line 1315, in commit
[Mon Sep 07 18:35:32.844055 2026] [wsgi:error] [pid 9:tid 140518459569856] [remote 10.0.0.46:44608] 2026-09-07 18:35:32.818 9 ERROR keystone.server.flask.application self._prepare_impl()
[Mon Sep 07 18:35:32.844059 2026] [wsgi:error] [pid 9:tid 140518459569856] [remote 10.0.0.46:44608] 2026-09-07 18:35:32.818 9 ERROR keystone.server.flask.application File "", line 2, in _prepare_impl
[Mon Sep 07 18:35:32.844061 2026] [wsgi:error] [pid 9:tid 140518459569856] [remote 10.0.0.46:44608] 2026-09-07 18:35:32.818 9 ERROR keystone.server.flask.application
File "/var/lib/openstack/lib/python3.12/site-packages/sqlalchemy/orm/state_changes.py", line 137, in _go
[Mon Sep 07 18:35:32.844063 2026] [wsgi:error] [pid 9:tid 140518459569856] [remote 10.0.0.46:44608] 2026-09-07 18:35:32.818 9 ERROR keystone.server.flask.application ret_value = fn(self, *arg, **kw)
[Mon Sep 07 18:35:32.844065 2026] [wsgi:error] [pid 9:tid 140518459569856] [remote 10.0.0.46:44608] 2026-09-07 18:35:32.818 9 ERROR keystone.server.flask.application ^^^^^^^^^^^^^^^^^^^^
[Mon Sep 07 18:35:32.844067 2026] [wsgi:error] [pid 9:tid 140518459569856] [remote 10.0.0.46:44608] 2026-09-07 18:35:32.818 9 ERROR keystone.server.flask.application
File "/var/lib/openstack/lib/python3.12/site-packages/sqlalchemy/orm/session.py", line 1290, in _prepare_impl
[Mon Sep 07 18:35:32.844070 2026] [wsgi:error] [pid 9:tid 140518459569856] [remote 10.0.0.46:44608] 2026-09-07 18:35:32.818 9 ERROR keystone.server.flask.application self.session.flush()
[Mon Sep 07 18:35:32.844072 2026] [wsgi:error] [pid 9:tid 140518459569856] [remote 10.0.0.46:44608] 2026-09-07 18:35:32.818 9 ERROR keystone.server.flask.application
File "/var/lib/openstack/lib/python3.12/site-packages/sqlalchemy/orm/session.py", line 4352, in flush
[Mon Sep 07 18:35:32.844075 2026] [wsgi:error] [pid 9:tid 140518459569856] [remote 10.0.0.46:44608] 2026-09-07 18:35:32.818 9 ERROR keystone.server.flask.application self._flush(objects)
[Mon Sep 07 18:35:32.844077 2026] [wsgi:error] [pid 9:tid 140518459569856] [remote 10.0.0.46:44608] 2026-09-07 18:35:32.818 9 ERROR keystone.server.flask.application
File "/var/lib/openstack/lib/python3.12/site-packages/sqlalchemy/orm/session.py", line 4487, in _flush
[Mon Sep 07 18:35:32.844080 2026] [wsgi:error] [pid 9:tid 140518459569856] [remote 10.0.0.46:44608] 2026-09-07 18:35:32.818 9 ERROR keystone.server.flask.application with util.safe_reraise():
[Mon Sep 07 18:35:32.844082 2026] [wsgi:error] [pid 9:tid 140518459569856] [remote 10.0.0.46:44608] 2026-09-07 18:35:32.818 9 ERROR keystone.server.flask.application
File "/var/lib/openstack/lib/python3.12/site-packages/sqlalchemy/util/langhelpers.py", line 122, in __exit__
[Mon Sep 07 18:35:32.844169 2026] [wsgi:error] [pid 9:tid 140518459569856] [remote 10.0.0.46:44608] 2026-09-07 18:35:32.818 9 ERROR keystone.server.flask.application raise exc_value.with_traceback(exc_tb)
[Mon Sep 07 18:35:32.844172 2026] [wsgi:error] [pid 9:tid 140518459569856] [remote 10.0.0.46:44608] 2026-09-07 18:35:32.818 9 ERROR keystone.server.flask.application
File "/var/lib/openstack/lib/python3.12/site-packages/sqlalchemy/orm/session.py", line 4448, in _flush
[Mon Sep 07 18:35:32.844174 2026] [wsgi:error] [pid 9:tid 140518459569856] [remote 10.0.0.46:44608] 2026-09-07 18:35:32.818 9 ERROR keystone.server.flask.application flush_context.execute()
[Mon Sep 07 18:35:32.844176 2026] [wsgi:error] [pid 9:tid 140518459569856] [remote 10.0.0.46:44608] 2026-09-07 18:35:32.818 9 ERROR keystone.server.flask.application
File "/var/lib/openstack/lib/python3.12/site-packages/sqlalchemy/orm/unitofwork.py", line 465, in execute
[Mon Sep 07 18:35:32.844179 2026] [wsgi:error] [pid 9:tid 140518459569856] [remote 10.0.0.46:44608] 2026-09-07 18:35:32.818 9 ERROR keystone.server.flask.application rec.execute(self)
