May 21 15:35:23.919580 np0000175933 devstack@neutron-api.service[103394]: DEBUG neutron.api.extensions [None req-61f3bb6e-c39b-44f0-aeb8-c917f83d94ec None None] Ext name="Subnet Allocation" alias="subnet_allocation" description="Enables allocation of subnets from a subnet pool" updated="2015-03-30T10:00:00-00:00" {{(pid=103394) _check_extension /opt/stack/neutron/neutron/api/extensions.py:415}}
May 21 15:35:23.919643 np0000175933 devstack@neutron-api.service[103393]: DEBUG neutron_lib.callbacks.manager [None req-4a59c0fc-8b4f-4969-a5fb-d1c39ef820f6 None None] Subscribe: port after_update 55550000, False {{(pid=103393) subscribe /opt/stack/data/venv/lib/python3.12/site-packages/neutron_lib/callbacks/manager.py:52}}
May 21 15:35:23.919764 np0000175933 devstack@neutron-api.service[103393]: DEBUG neutron_lib.callbacks.manager [None req-4a59c0fc-8b4f-4969-a5fb-d1c39ef820f6 None None] Subscribe: > port precommit_delete 55550000, False {{(pid=103393) subscribe /opt/stack/data/venv/lib/python3.12/site-packages/neutron_lib/callbacks/manager.py:52}}
May 21 15:35:23.919802 np0000175933 devstack@neutron-api.service[103394]: INFO neutron.api.extensions [None req-61f3bb6e-c39b-44f0-aeb8-c917f83d94ec None None] Loaded extension: subnet_allocation
May 21 15:35:23.919879 np0000175933 devstack@neutron-api.service[103393]: DEBUG neutron_lib.callbacks.manager [None req-4a59c0fc-8b4f-4969-a5fb-d1c39ef820f6 None None] Subscribe: port before_update 55550000, False {{(pid=103393) subscribe /opt/stack/data/venv/lib/python3.12/site-packages/neutron_lib/callbacks/manager.py:52}}
May 21 15:35:23.919922 np0000175933 devstack@neutron-api.service[103394]: DEBUG neutron.api.extensions [None req-61f3bb6e-c39b-44f0-aeb8-c917f83d94ec None None] Loading extension file: subnetpool_prefix_ops.py {{(pid=103394) _load_all_extensions_from_path /opt/stack/neutron/neutron/api/extensions.py:449}}
May 21 15:35:23.919999 np0000175933 devstack@neutron-api.service[103393]: DEBUG neutron_lib.callbacks.manager [None req-4a59c0fc-8b4f-4969-a5fb-d1c39ef820f6 None None] Subscribe: port before_delete 55550000, False {{(pid=103393) subscribe /opt/stack/data/venv/lib/python3.12/site-packages/neutron_lib/callbacks/manager.py:52}}
May 21 15:35:23.920120 np0000175933 devstack@neutron-api.service[103393]: DEBUG neutron_lib.callbacks.manager [None req-4a59c0fc-8b4f-4969-a5fb-d1c39ef820f6 None None] Subscribe: > router precommit_create 55550000, False {{(pid=103393) subscribe /opt/stack/data/venv/lib/python3.12/site-packages/neutron_lib/callbacks/manager.py:52}}
May 21 15:35:23.920183 np0000175933 devstack@neutron-api.service[103393]: DEBUG neutron_lib.callbacks.manager [None req-4a59c0fc-8b4f-4969-a5fb-d1c39ef820f6 None None] Subscribe: > router precommit_create 55550000, False {{(pid=103393) subscribe /opt/stack/data/venv/lib/python3.12/site-packages/neutron_lib/callbacks/manager.py:52}}
May 21 15:35:23.920282 np0000175933 devstack@neutron-api.service[103394]: DEBUG neutron.api.extensions [None req-61f3bb6e-c39b-44f0-aeb8-c917f83d94ec None None] Ext name="Subnet Pool Prefix Operations" alias="subnetpool-prefix-ops" description="Provides support for adjusting the prefix list of subnet pools" updated="2019-02-08T10:00:00-00:00" {{(pid=103394) _check_extension /opt/stack/neutron/neutron/api/extensions.py:415}}
May 21 15:35:23.920312 np0000175933 devstack@neutron-api.service[103393]: DEBUG neutron_lib.callbacks.manager [None req-4a59c0fc-8b4f-4969-a5fb-d1c39ef820f6 None None] Subscribe: > router precommit_update 55550000, False {{(pid=103393) subscribe /opt/stack/data/venv/lib/python3.12/site-packages/neutron_lib/callbacks/manager.py:52}}
May 21 15:35:23.920393 np0000175933 devstack@neutron-api.service[103393]: DEBUG neutron_lib.callbacks.manager [None req-4a59c0fc-8b4f-4969-a5fb-d1c39ef820f6 None None] Subscribe: subnet after_update 55550000, False {{(pid=103393) subscribe /opt/stack/data/venv/lib/python3.12/site-packages/neutron_lib/callbacks/manager.py:52}}
May 21 15:35:23.920595 np0000175933 devstack@neutron-api.service[103394]: INFO neutron.api.extensions [None req-61f3bb6e-c39b-44f0-aeb8-c917f83d94ec None None] Loaded extension: subnetpool-prefix-ops
May 21 15:35:23.920626 np0000175933 devstack@neutron-api.service[103393]: DEBUG neutron.quota.resource_registry [None req-4a59c0fc-8b4f-4969-a5fb-d1c39ef820f6 None None] Tracking information for resource: router configured {{(pid=103393) set_tracked_resource /opt/stack/neutron/neutron/quota/resource_registry.py:203}}
May 21 15:35:23.920701 np0000175933 devstack@neutron-api.service[103394]: DEBUG neutron.api.extensions [None req-61f3bb6e-c39b-44f0-aeb8-c917f83d94ec None None] Loading extension file: tag_creation.py {{(pid=103394) _load_all_extensions_from_path /opt/stack/neutron/neutron/api/extensions.py:449}}
May 21 15:35:23.920748 np0000175933 devstack@neutron-api.service[103393]: DEBUG neutron.quota.resource_registry [None req-4a59c0fc-8b4f-4969-a5fb-d1c39ef820f6 None None] Tracking information for resource: floatingip configured {{(pid=103393) set_tracked_resource /opt/stack/neutron/neutron/quota/resource_registry.py:203}}
May 21 15:35:23.920807 np0000175933 devstack@neutron-api.service[103393]: INFO neutron.services.ovn_l3.plugin [None req-4a59c0fc-8b4f-4969-a5fb-d1c39ef820f6 None None] Starting OVNL3RouterPlugin
May 21 15:35:23.921053 np0000175933 devstack@neutron-api.service[103394]: DEBUG neutron.api.extensions [None req-61f3bb6e-c39b-44f0-aeb8-c917f83d94ec None None] Ext name="Tag creation extension" alias="tag-creation" description="Allow to create multiple tags for a resource" updated="2024-23-07T10:00:00-00:00" {{(pid=103394) _check_extension /opt/stack/neutron/neutron/api/extensions.py:415}}
May 21 15:35:23.921088 np0000175933 devstack@neutron-api.service[103393]: DEBUG neutron_lib.callbacks.manager [None req-4a59c0fc-8b4f-4969-a5fb-d1c39ef820f6 None None] Subscribe: > port_forwarding_plugin after_init 55550000, False {{(pid=103393) subscribe /opt/stack/data/venv/lib/python3.12/site-packages/neutron_lib/callbacks/manager.py:52}}
May 21 15:35:23.921253 np0000175933 devstack@neutron-api.service[103394]: INFO neutron.api.extensions [None req-61f3bb6e-c39b-44f0-aeb8-c917f83d94ec None None] Loaded extension: tag-creation
May 21 15:35:23.921290 np0000175933 devstack@neutron-api.service[103393]: DEBUG neutron_lib.callbacks.manager [None req-4a59c0fc-8b4f-4969-a5fb-d1c39ef820f6 None None] Subscribe: > router before_create 55550100, False {{(pid=103393) subscribe /opt/stack/data/venv/lib/python3.12/site-packages/neutron_lib/callbacks/manager.py:52}}
May 21 15:35:23.921370 np0000175933 devstack@neutron-api.service[103393]: DEBUG neutron_lib.callbacks.manager [None req-4a59c0fc-8b4f-4969-a5fb-d1c39ef820f6 None None] Subscribe: > router precommit_delete 55550100, False {{(pid=103393) subscribe /opt/stack/data/venv/lib/python3.12/site-packages/neutron_lib/callbacks/manager.py:52}}
May 21 15:35:23.921406 np0000175933 devstack@neutron-api.service[103394]: DEBUG neutron.api.extensions [None req-61f3bb6e-c39b-44f0-aeb8-c917f83d94ec None None] Loading extension file: tag_ports_during_bulk_creation.py {{(pid=103394) _load_all_extensions_from_path /opt/stack/neutron/neutron/api/extensions.py:449}}
May 21 15:35:23.921516 np0000175933 devstack@neutron-api.service[103393]: DEBUG neutron_lib.callbacks.manager [None req-4a59c0fc-8b4f-4969-a5fb-d1c39ef820f6 None None] Subscribe: > router precommit_create 55550100, False {{(pid=103393) subscribe /opt/stack/data/venv/lib/python3.12/site-packages/neutron_lib/callbacks/manager.py:52}}
May 21 15:35:23.921600 np0000175933 devstack@neutron-api.service[103393]: DEBUG neutron_lib.callbacks.manager [None req-4a59c0fc-8b4f-4969-a5fb-d1c39ef820f6 None None] Subscribe: > router precommit_update 55550100, False {{(pid=103393) subscribe /opt/stack/data/venv/lib/python3.12/site-packages/neutron_lib/callbacks/manager.py:52}}
May 21 15:35:23.921760 np0000175933 devstack@neutron-api.service[103394]: DEBUG neutron.api.extensions [None req-61f3bb6e-c39b-44f0-aeb8-c917f83d94ec None None] Ext name="Tag Ports During Bulk Creation" alias="tag-ports-during-bulk-creation" description="Allow to tag ports during bulk creation" updated="2019-12-29T19:00:00-00:00" {{(pid=103394) _check_extension /opt/stack/neutron/neutron/api/extensions.py:415}}
May 21 15:35:23.921995 np0000175933 devstack@neutron-api.service[103394]: INFO neutron.api.extensions [None req-61f3bb6e-c39b-44f0-aeb8-c917f83d94ec None None] Extension tag-ports-during-bulk-creation not supported by any of loaded plugins
May 21 15:35:23.922192 np0000175933 devstack@neutron-api.service[103394]: DEBUG neutron.api.extensions [None req-61f3bb6e-c39b-44f0-aeb8-c917f83d94ec None None] Loading extension file: tagging.py {{(pid=103394) _load_all_extensions_from_path /opt/stack/neutron/neutron/api/extensions.py:449}}
May 21 15:35:23.923351 np0000175933 devstack@neutron-api.service[103394]: DEBUG neutron.api.extensions [None req-61f3bb6e-c39b-44f0-aeb8-c917f83d94ec None None] Ext name="Tag support for resources with standard attribute: port, subnet, subnetpool, network, security_group, router, floatingip, policy, trunk, network_segment_range" alias="standard-attr-tag" description="Enables to set tag on resources with standard attribute." updated="2017-01-01T00:00:00-00:00" {{(pid=103394) _check_extension /opt/stack/neutron/neutron/api/extensions.py:415}}
May 21 15:35:23.923643 np0000175933 devstack@neutron-api.service[103394]: INFO neutron.api.extensions [None req-61f3bb6e-c39b-44f0-aeb8-c917f83d94ec None None] Loaded extension: standard-attr-tag
May 21 15:35:23.923792 np0000175933 devstack@neutron-api.service[103394]: DEBUG neutron.api.extensions [None req-61f3bb6e-c39b-44f0-aeb8-c917f83d94ec None None] Loading extension file: timestamp.py {{(pid=103394) _load_all_extensions_from_path /opt/stack/neutron/neutron/api/extensions.py:449}}
May 21 15:35:23.924145 np0000175933 devstack@neutron-api.service[103394]: DEBUG neutron.api.extensions [None req-61f3bb6e-c39b-44f0-aeb8-c917f83d94ec None None] Ext name="Resource timestamps" alias="standard-attr-timestamp" description="Adds created_at and updated_at fields to all Neutron resources that have Neutron standard attributes." updated="2016-09-12T10:00:00-00:00" {{(pid=103394) _check_extension /opt/stack/neutron/neutron/api/extensions.py:415}}
May 21 15:35:23.924355 np0000175933 devstack@neutron-api.service[103394]: INFO neutron.api.extensions [None req-61f3bb6e-c39b-44f0-aeb8-c917f83d94ec None None] Loaded extension: standard-attr-timestamp
May 21 15:35:23.924528 np0000175933 devstack@neutron-api.service[103394]: DEBUG neutron.api.extensions [None req-61f3bb6e-c39b-44f0-aeb8-c917f83d94ec None None] Loading extension file: trunk.py {{(pid=103394) _load_all_extensions_from_path /opt/stack/neutron/neutron/api/extensions.py:449}}
May 21 15:35:23.924851 np0000175933 devstack@neutron-api.service[103394]: DEBUG neutron.api.extensions [None req-61f3bb6e-c39b-44f0-aeb8-c917f83d94ec None None] Ext name="Trunk Extension" alias="trunk" description="Provides support for trunk ports" updated="2016-01-01T10:00:00-00:00" {{(pid=103394) _check_extension /opt/stack/neutron/neutron/api/extensions.py:415}}
May 21 15:35:23.925088 np0000175933 devstack@neutron-api.service[103394]: INFO neutron.api.extensions [None req-61f3bb6e-c39b-44f0-aeb8-c917f83d94ec None None] Extension trunk not supported by any of loaded plugins
May 21 15:35:23.925273 np0000175933 devstack@neutron-api.service[103394]: DEBUG neutron.api.extensions [None req-61f3bb6e-c39b-44f0-aeb8-c917f83d94ec None None] Loading extension file: trunk_details.py {{(pid=103394) _load_all_extensions_from_path /opt/stack/neutron/neutron/api/extensions.py:449}}
May 21 15:35:23.925373 np0000175933 devstack@neutron-api.service[103393]: DEBUG neutron.services.provider_configuration [None req-4a59c0fc-8b4f-4969-a5fb-d1c39ef820f6 None None] Service providers = [] {{(pid=103393) parse_service_provider_opt /opt/stack/neutron/neutron/services/provider_configuration.py:170}}
May 21 15:35:23.925534 np0000175933 devstack@neutron-api.service[103393]: DEBUG neutron.db.servicetype_db [None req-4a59c0fc-8b4f-4969-a5fb-d1c39ef820f6 None None] Adding provider configuration for service L3_ROUTER_NAT {{(pid=103393) add_provider_configuration /opt/stack/neutron/neutron/db/servicetype_db.py:45}}
May 21 15:35:23.925567 np0000175933 devstack@neutron-api.service[103394]: DEBUG neutron.api.extensions [None req-61f3bb6e-c39b-44f0-aeb8-c917f83d94ec None None] Ext name="Trunk port details" alias="trunk-details" description="Expose trunk port details" updated="2016-01-01T10:00:00-00:00" {{(pid=103394) _check_extension /opt/stack/neutron/neutron/api/extensions.py:415}}
May 21 15:35:23.925816 np0000175933 devstack@neutron-api.service[103394]: INFO neutron.api.extensions [None req-61f3bb6e-c39b-44f0-aeb8-c917f83d94ec None None] Extension trunk-details not supported by any of loaded plugins
May 21 15:35:23.925959 np0000175933 devstack@neutron-api.service[103394]: DEBUG neutron.api.extensions [None req-61f3bb6e-c39b-44f0-aeb8-c917f83d94ec None None] Loading extension file: uplink_status_propagation.py {{(pid=103394) _load_all_extensions_from_path /opt/stack/neutron/neutron/api/extensions.py:449}}
May 21 15:35:23.926274 np0000175933 devstack@neutron-api.service[103394]: DEBUG neutron.api.extensions [None req-61f3bb6e-c39b-44f0-aeb8-c917f83d94ec None None] Ext name="Uplink status propagation extension" alias="uplink-status-propagation" description="Provides ability to propagate port uplink status." updated="2018-05-31T18:00:00-00:00" {{(pid=103394) _check_extension /opt/stack/neutron/neutron/api/extensions.py:415}}
May 21 15:35:23.926560 np0000175933 devstack@neutron-api.service[103394]: INFO neutron.api.extensions [None req-61f3bb6e-c39b-44f0-aeb8-c917f83d94ec None None] Extension uplink-status-propagation not supported by any of loaded plugins
May 21 15:35:23.926702 np0000175933 devstack@neutron-api.service[103394]: DEBUG neutron.api.extensions [None req-61f3bb6e-c39b-44f0-aeb8-c917f83d94ec None None] Loading extension file: uplink_status_propagation_updatable.py {{(pid=103394) _load_all_extensions_from_path /opt/stack/neutron/neutron/api/extensions.py:449}}
May 21 15:35:23.927018 np0000175933 devstack@neutron-api.service[103394]: DEBUG neutron.api.extensions [None req-61f3bb6e-c39b-44f0-aeb8-c917f83d94ec None None] Ext name="Uplink status propagation updatable extension" alias="uplink-status-propagation-updatable" description="Provides ability to update the port uplink status." updated="2024-09-03T18:00:00-00:00" {{(pid=103394) _check_extension /opt/stack/neutron/neutron/api/extensions.py:415}}
May 21 15:35:23.927315 np0000175933 devstack@neutron-api.service[103394]: INFO neutron.api.extensions [None req-61f3bb6e-c39b-44f0-aeb8-c917f83d94ec None None] Extension uplink-status-propagation-updatable not supported by any of loaded plugins
May 21 15:35:23.927443 np0000175933 devstack@neutron-api.service[103394]: DEBUG neutron.api.extensions [None req-61f3bb6e-c39b-44f0-aeb8-c917f83d94ec None None] Loading extension file: vlantransparent.py {{(pid=103394) _load_all_extensions_from_path /opt/stack/neutron/neutron/api/extensions.py:449}}
May 21 15:35:23.927516 np0000175933 devstack@neutron-api.service[103393]: DEBUG neutron_lib.callbacks.manager [None req-4a59c0fc-8b4f-4969-a5fb-d1c39ef820f6 None None] Subscribe: > router precommit_create 55549900, False {{(pid=103393) subscribe /opt/stack/data/venv/lib/python3.12/site-packages/neutron_lib/callbacks/manager.py:52}}
May 21 15:35:23.927648 np0000175933 devstack@neutron-api.service[103393]: DEBUG neutron_lib.callbacks.manager [None req-4a59c0fc-8b4f-4969-a5fb-d1c39ef820f6 None None] Subscribe: > router_interface after_create 55550000, False {{(pid=103393) subscribe /opt/stack/data/venv/lib/python3.12/site-packages/neutron_lib/callbacks/manager.py:52}}
May 21 15:35:23.927811 np0000175933 devstack@neutron-api.service[103393]: DEBUG neutron_lib.callbacks.manager [None req-4a59c0fc-8b4f-4969-a5fb-d1c39ef820f6 None None] Subscribe: > floatingip after_create 55550000, False {{(pid=103393) subscribe /opt/stack/data/venv/lib/python3.12/site-packages/neutron_lib/callbacks/manager.py:52}}
May 21 15:35:23.927842 np0000175933 devstack@neutron-api.service[103394]: DEBUG neutron.api.extensions [None req-61f3bb6e-c39b-44f0-aeb8-c917f83d94ec None None] Ext name="Vlantransparent" alias="vlan-transparent" description="Provides Vlan Transparent Networks" updated="2015-03-23T09:00:00-00:00" {{(pid=103394) _check_extension /opt/stack/neutron/neutron/api/extensions.py:415}}
May 21 15:35:23.928142 np0000175933 devstack@neutron-api.service[103394]: INFO neutron.api.extensions [None req-61f3bb6e-c39b-44f0-aeb8-c917f83d94ec None None] Loaded extension: vlan-transparent
May 21 15:35:23.928296 np0000175933 devstack@neutron-api.service[103393]: DEBUG neutron_lib.callbacks.manager [None req-4a59c0fc-8b4f-4969-a5fb-d1c39ef820f6 None None] Subscribe: > floatingip precommit_create 55550000, False {{(pid=103393) subscribe /opt/stack/data/venv/lib/python3.12/site-packages/neutron_lib/callbacks/manager.py:52}}
May 21 15:35:23.928483 np0000175933 devstack@neutron-api.service[103393]: DEBUG neutron_lib.callbacks.manager [None req-4a59c0fc-8b4f-4969-a5fb-d1c39ef820f6 None None] Subscribe: > floatingip precommit_update 55550000, False {{(pid=103393) subscribe /opt/stack/data/venv/lib/python3.12/site-packages/neutron_lib/callbacks/manager.py:52}}
May 21 15:35:23.928649 np0000175933 devstack@neutron-api.service[103393]: DEBUG neutron_lib.callbacks.manager [None req-4a59c0fc-8b4f-4969-a5fb-d1c39ef820f6 None None] Subscribe: > floatingip after_delete 55550000, False {{(pid=103393) subscribe /opt/stack/data/venv/lib/python3.12/site-packages/neutron_lib/callbacks/manager.py:52}}
May 21 15:35:23.928785 np0000175933 devstack@neutron-api.service[103393]: DEBUG neutron_lib.callbacks.manager [None req-4a59c0fc-8b4f-4969-a5fb-d1c39ef820f6 None None] Subscribe: > floatingip after_status_update 55550000, False {{(pid=103393) subscribe /opt/stack/data/venv/lib/python3.12/site-packages/neutron_lib/callbacks/manager.py:52}}
May 21 15:35:23.928911 np0000175933 devstack@neutron-api.service[103393]: DEBUG neutron_lib.callbacks.manager [None req-4a59c0fc-8b4f-4969-a5fb-d1c39ef820f6 None None] Subscribe: > floatingip after_update 55550000, False {{(pid=103393) subscribe /opt/stack/data/venv/lib/python3.12/site-packages/neutron_lib/callbacks/manager.py:52}}
May 21 15:35:23.929020 np0000175933 devstack@neutron-api.service[103393]: DEBUG neutron_lib.callbacks.manager [None req-4a59c0fc-8b4f-4969-a5fb-d1c39ef820f6 None None] Subscribe: > port_forwarding after_create 55550000, False {{(pid=103393) subscribe /opt/stack/data/venv/lib/python3.12/site-packages/neutron_lib/callbacks/manager.py:52}}
May 21 15:35:23.929189 np0000175933 devstack@neutron-api.service[103393]: DEBUG neutron_lib.callbacks.manager [None req-4a59c0fc-8b4f-4969-a5fb-d1c39ef820f6 None None] Subscribe: > router_interface after_delete 55550000, False {{(pid=103393) subscribe /opt/stack/data/venv/lib/python3.12/site-packages/neutron_lib/callbacks/manager.py:52}}
May 21 15:35:23.929221 np0000175933 devstack@neutron-api.service[103393]: DEBUG neutron_lib.callbacks.manager [None req-4a59c0fc-8b4f-4969-a5fb-d1c39ef820f6 None None] Subscribe: > router after_create 55550000, False {{(pid=103393) subscribe /opt/stack/data/venv/lib/python3.12/site-packages/neutron_lib/callbacks/manager.py:52}}
May 21 15:35:23.929327 np0000175933 devstack@neutron-api.service[103393]: DEBUG neutron_lib.callbacks.manager [None req-4a59c0fc-8b4f-4969-a5fb-d1c39ef820f6 None None] Subscribe: > router precommit_create 55550000, False {{(pid=103393) subscribe /opt/stack/data/venv/lib/python3.12/site-packages/neutron_lib/callbacks/manager.py:52}}
May 21 15:35:23.929542 np0000175933 devstack@neutron-api.service[103393]: DEBUG neutron_lib.callbacks.manager [None req-4a59c0fc-8b4f-4969-a5fb-d1c39ef820f6 None None] Subscribe: > router after_delete 55550000, False {{(pid=103393) subscribe /opt/stack/data/venv/lib/python3.12/site-packages/neutron_lib/callbacks/manager.py:52}}
May 21 15:35:23.929617 np0000175933 devstack@neutron-api.service[103393]: DEBUG neutron_lib.callbacks.manager [None req-4a59c0fc-8b4f-4969-a5fb-d1c39ef820f6 None None] Subscribe: > router after_update 55550000, False {{(pid=103393) subscribe /opt/stack/data/venv/lib/python3.12/site-packages/neutron_lib/callbacks/manager.py:52}}
May 21 15:35:23.929786 np0000175933 devstack@neutron-api.service[103393]: DEBUG neutron.services.service_base [None req-4a59c0fc-8b4f-4969-a5fb-d1c39ef820f6 None None] Loaded 'neutron.services.ovn_l3.service_providers.ovn.OvnDriver' provider for service L3_ROUTER_NAT {{(pid=103393) load_drivers /opt/stack/neutron/neutron/services/service_base.py:49}}
May 21 15:35:23.929952 np0000175933 devstack@neutron-api.service[103393]: DEBUG neutron_lib.callbacks.manager [None req-4a59c0fc-8b4f-4969-a5fb-d1c39ef820f6 None None] Subscribe: > process after_init 55550001, True {{(pid=103393) subscribe /opt/stack/data/venv/lib/python3.12/site-packages/neutron_lib/callbacks/manager.py:52}}
May 21 15:35:23.930101 np0000175933 devstack@neutron-api.service[103393]: DEBUG neutron.manager [None req-4a59c0fc-8b4f-4969-a5fb-d1c39ef820f6 None None] Successfully loaded L3_ROUTER_NAT plugin. Description: L3 Router Service Plugin for basic L3 forwarding using OVN {{(pid=103393) _create_and_add_service_plugin /opt/stack/neutron/neutron/manager.py:239}}
May 21 15:35:23.930219 np0000175933 devstack@neutron-api.service[103393]: INFO neutron.manager [None req-4a59c0fc-8b4f-4969-a5fb-d1c39ef820f6 None None] Loading Plugin: auto_allocate
May 21 15:35:23.930659 np0000175933 devstack@neutron-api.service[103394]: INFO neutron.quota.resource_registry [None req-61f3bb6e-c39b-44f0-aeb8-c917f83d94ec None None] Creating instance of TrackedResource for resource:network
May 21 15:35:23.931022 np0000175933 devstack@neutron-api.service[103394]: INFO neutron.quota.resource_registry [None req-61f3bb6e-c39b-44f0-aeb8-c917f83d94ec None None] Creating instance of TrackedResource for resource:subnet
May 21 15:35:23.931194 np0000175933 devstack@neutron-api.service[103394]: INFO neutron.quota.resource_registry [None req-61f3bb6e-c39b-44f0-aeb8-c917f83d94ec None None] Creating instance of TrackedResource for resource:subnetpool
May 21 15:35:23.931405 np0000175933 devstack@neutron-api.service[103394]: INFO neutron.quota.resource_registry [None req-61f3bb6e-c39b-44f0-aeb8-c917f83d94ec None None] Creating instance of TrackedResource for resource:port
May 21 15:35:23.931549 np0000175933 devstack@neutron-api.service[103393]: DEBUG neutron_lib.callbacks.manager [None req-4a59c0fc-8b4f-4969-a5fb-d1c39ef820f6 None None] Subscribe: network precommit_update 55550000, False {{(pid=103393) subscribe /opt/stack/data/venv/lib/python3.12/site-packages/neutron_lib/callbacks/manager.py:52}}
May 21 15:35:23.931653 np0000175933 devstack@neutron-api.service[103393]: DEBUG neutron_lib.callbacks.manager [None req-4a59c0fc-8b4f-4969-a5fb-d1c39ef820f6 None None] Subscribe: network precommit_create 55550000, False {{(pid=103393) subscribe /opt/stack/data/venv/lib/python3.12/site-packages/neutron_lib/callbacks/manager.py:52}}
May 21 15:35:23.931982 np0000175933 devstack@neutron-api.service[103393]: DEBUG neutron.manager [None req-4a59c0fc-8b4f-4969-a5fb-d1c39ef820f6 None None] Successfully loaded auto-allocated-topology plugin. Description: Auto Allocated Topology - aka get me a network. {{(pid=103393) _create_and_add_service_plugin /opt/stack/neutron/neutron/manager.py:239}}
May 21 15:35:23.932107 np0000175933 devstack@neutron-api.service[103393]: INFO neutron.manager [None req-4a59c0fc-8b4f-4969-a5fb-d1c39ef820f6 None None] Loading Plugin: tag
May 21 15:35:23.934104 np0000175933 devstack@neutron-api.service[103394]: DEBUG neutron.api.v2.resource_helper [None req-61f3bb6e-c39b-44f0-aeb8-c917f83d94ec None None] Service L3_ROUTER_NAT assigned prefix: {{(pid=103394) build_resource_info /opt/stack/neutron/neutron/api/v2/resource_helper.py:77}}
May 21 15:35:23.934420 np0000175933 devstack@neutron-api.service[103394]: DEBUG neutron.api.v2.resource_helper [None req-61f3bb6e-c39b-44f0-aeb8-c917f83d94ec None None] Service FLAVORS assigned prefix: {{(pid=103394) build_resource_info /opt/stack/neutron/neutron/api/v2/resource_helper.py:77}}
May 21 15:35:23.935817 np0000175933 devstack@neutron-api.service[103394]: DEBUG neutron.api.v2.resource_helper [None req-61f3bb6e-c39b-44f0-aeb8-c917f83d94ec None None] Service L3_ROUTER_NAT assigned prefix: {{(pid=103394) build_resource_info /opt/stack/neutron/neutron/api/v2/resource_helper.py:77}}
May 21 15:35:23.936023 np0000175933 devstack@neutron-api.service[103393]: DEBUG neutron.manager [None req-4a59c0fc-8b4f-4969-a5fb-d1c39ef820f6 None None] Successfully loaded TAG plugin. Description: Tag support {{(pid=103393) _create_and_add_service_plugin /opt/stack/neutron/neutron/manager.py:239}}
May 21 15:35:23.936111 np0000175933 devstack@neutron-api.service[103393]: INFO neutron.manager [None req-4a59c0fc-8b4f-4969-a5fb-d1c39ef820f6 None None] Loading Plugin: timestamp
May 21 15:35:23.936198 np0000175933 devstack@neutron-api.service[103394]: DEBUG neutron.api.v2.resource_helper [None req-61f3bb6e-c39b-44f0-aeb8-c917f83d94ec None None] Service L3_ROUTER_NAT assigned prefix: {{(pid=103394) build_resource_info /opt/stack/neutron/neutron/api/v2/resource_helper.py:77}}
May 21 15:35:23.936286 np0000175933 devstack@neutron-api.service[103394]: INFO neutron.quota.resource_registry [None req-61f3bb6e-c39b-44f0-aeb8-c917f83d94ec None None] Creating instance of TrackedResource for resource:router
May 21 15:35:23.936687 np0000175933 devstack@neutron-api.service[103394]: INFO neutron.quota.resource_registry [None req-61f3bb6e-c39b-44f0-aeb8-c917f83d94ec None None] Creating instance of TrackedResource for resource:floatingip
May 21 15:35:23.937766 np0000175933 devstack@neutron-api.service[103394]: INFO neutron.quota.resource_registry [None req-61f3bb6e-c39b-44f0-aeb8-c917f83d94ec None None] Creating instance of CountableResource for resource:rbac_policy
May 21 15:35:23.937910 np0000175933 devstack@neutron-api.service[103393]: DEBUG neutron.manager [None req-4a59c0fc-8b4f-4969-a5fb-d1c39ef820f6 None None] Successfully loaded timestamp plugin. Description: Adds timestamps to Neutron resources with standard attributes {{(pid=103393) _create_and_add_service_plugin /opt/stack/neutron/neutron/manager.py:239}}
May 21 15:35:23.938063 np0000175933 devstack@neutron-api.service[103393]: INFO neutron.manager [None req-4a59c0fc-8b4f-4969-a5fb-d1c39ef820f6 None None] Loading Plugin: network_ip_availability
May 21 15:35:23.938423 np0000175933 devstack@neutron-api.service[103394]: INFO neutron.quota.resource_registry [None req-61f3bb6e-c39b-44f0-aeb8-c917f83d94ec None None] Creating instance of TrackedResource for resource:security_group
May 21 15:35:23.938914 np0000175933 devstack@neutron-api.service[103394]: INFO neutron.quota.resource_registry [None req-61f3bb6e-c39b-44f0-aeb8-c917f83d94ec None None] Creating instance of TrackedResource for resource:security_group_rule
May 21 15:35:23.939563 np0000175933 devstack@neutron-api.service[103394]: DEBUG neutron.api.v2.resource_helper [None req-61f3bb6e-c39b-44f0-aeb8-c917f83d94ec None None] Service CORE assigned prefix: {{(pid=103394) build_resource_info /opt/stack/neutron/neutron/api/v2/resource_helper.py:77}}
May 21 15:35:23.939679 np0000175933 devstack@neutron-api.service[103394]: INFO neutron.quota.resource_registry [None req-61f3bb6e-c39b-44f0-aeb8-c917f83d94ec None None] Creating instance of TrackedResource for resource:subnetpool
May 21 15:35:23.939822 np0000175933 devstack@neutron-api.service[103393]: DEBUG neutron.manager [None req-4a59c0fc-8b4f-4969-a5fb-d1c39ef820f6 None None] Successfully loaded network-ip-availability plugin. Description: Provides IP availability data for each network and subnet. {{(pid=103393) _create_and_add_service_plugin /opt/stack/neutron/neutron/manager.py:239}}
May 21 15:35:23.939969 np0000175933 devstack@neutron-api.service[103394]: WARNING neutron.quota.resource_registry [None req-61f3bb6e-c39b-44f0-aeb8-c917f83d94ec None None] subnetpool is already registered
May 21 15:35:23.940129 np0000175933 devstack@neutron-api.service[103393]: INFO neutron.manager [None req-4a59c0fc-8b4f-4969-a5fb-d1c39ef820f6 None None] Loading Plugin: flavors
May 21 15:35:23.941769 np0000175933 devstack@neutron-api.service[103393]: DEBUG neutron.manager [None req-4a59c0fc-8b4f-4969-a5fb-d1c39ef820f6 None None] Successfully loaded FLAVORS plugin. Description: Neutron Flavors and Service Profiles manager plugin {{(pid=103393) _create_and_add_service_plugin /opt/stack/neutron/neutron/manager.py:239}}
May 21 15:35:23.941930 np0000175933 devstack@neutron-api.service[103393]: INFO neutron.manager [None req-4a59c0fc-8b4f-4969-a5fb-d1c39ef820f6 None None] Loading Plugin: revisions
May 21 15:35:23.943318 np0000175933 devstack@neutron-api.service[103394]: DEBUG neutron.api.v2.resource_helper [None req-61f3bb6e-c39b-44f0-aeb8-c917f83d94ec None None] Service L3_ROUTER_NAT assigned prefix: {{(pid=103394) build_resource_info /opt/stack/neutron/neutron/api/v2/resource_helper.py:77}}
May 21 15:35:23.943553 np0000175933 devstack@neutron-api.service[103393]: DEBUG neutron.manager [None req-4a59c0fc-8b4f-4969-a5fb-d1c39ef820f6 None None] Successfully loaded revision_plugin plugin. Description: Adds revision numbers to resources. {{(pid=103393) _create_and_add_service_plugin /opt/stack/neutron/neutron/manager.py:239}}
May 21 15:35:23.943710 np0000175933 devstack@neutron-api.service[103394]: DEBUG neutron.api.v2.resource_helper [None req-61f3bb6e-c39b-44f0-aeb8-c917f83d94ec None None] Service FLAVORS assigned prefix: {{(pid=103394) build_resource_info /opt/stack/neutron/neutron/api/v2/resource_helper.py:77}}
May 21 15:35:23.943739 np0000175933 devstack@neutron-api.service[103393]: DEBUG oslo_concurrency.lockutils [None req-4a59c0fc-8b4f-4969-a5fb-d1c39ef820f6 None None] Lock "manager" "released" by "neutron.manager.NeutronManager._create_instance" :: held 4.954s {{(pid=103393) inner /opt/stack/data/venv/lib/python3.12/site-packages/oslo_concurrency/lockutils.py:543}}
May 21 15:35:23.944056 np0000175933 devstack@neutron-api.service[103393]: DEBUG neutron.api.extensions [None req-4a59c0fc-8b4f-4969-a5fb-d1c39ef820f6 None None] get_extension_paths = OrderedDict({'/opt/stack/neutron/neutron/extensions': 1}) {{(pid=103393) get_extensions_path /opt/stack/neutron/neutron/api/extensions.py:640}}
May 21 15:35:23.944311 np0000175933 devstack@neutron-api.service[103393]: INFO neutron.api.extensions [None req-4a59c0fc-8b4f-4969-a5fb-d1c39ef820f6 None None] Initializing extension manager.
May 21 15:35:23.944578 np0000175933 devstack@neutron-api.service[103393]: DEBUG neutron.api.extensions [None req-4a59c0fc-8b4f-4969-a5fb-d1c39ef820f6 None None] Loading extension file: __init__.py {{(pid=103393) _load_all_extensions_from_path /opt/stack/neutron/neutron/api/extensions.py:449}}
May 21 15:35:23.944721 np0000175933 devstack@neutron-api.service[103393]: DEBUG neutron.api.extensions [None req-4a59c0fc-8b4f-4969-a5fb-d1c39ef820f6 None None] Loading extension file: __pycache__ {{(pid=103393) _load_all_extensions_from_path /opt/stack/neutron/neutron/api/extensions.py:449}}
May 21 15:35:23.944837 np0000175933 devstack@neutron-api.service[103393]: DEBUG neutron.api.extensions [None req-4a59c0fc-8b4f-4969-a5fb-d1c39ef820f6 None None] Loading extension file: address_group.py {{(pid=103393) _load_all_extensions_from_path /opt/stack/neutron/neutron/api/extensions.py:449}}
May 21 15:35:23.945063 np0000175933 devstack@neutron-api.service[103394]: DEBUG neutron.api.v2.resource_helper [None req-61f3bb6e-c39b-44f0-aeb8-c917f83d94ec None None] Service L3_ROUTER_NAT assigned prefix: {{(pid=103394) build_resource_info /opt/stack/neutron/neutron/api/v2/resource_helper.py:77}}
May 21 15:35:23.945380 np0000175933 devstack@neutron-api.service[103393]: DEBUG neutron.api.extensions [None req-4a59c0fc-8b4f-4969-a5fb-d1c39ef820f6 None None] Ext name="Address group" alias="address-group" description="Support address group" updated="2020-07-15T10:00:00-00:00" {{(pid=103393) _check_extension /opt/stack/neutron/neutron/api/extensions.py:415}}
May 21 15:35:23.946544 np0000175933 devstack@neutron-api.service[103394]: DEBUG neutron.api.v2.resource_helper [None req-61f3bb6e-c39b-44f0-aeb8-c917f83d94ec None None] Service L3_ROUTER_NAT assigned prefix: {{(pid=103394) build_resource_info /opt/stack/neutron/neutron/api/v2/resource_helper.py:77}}
May 21 15:35:23.946725 np0000175933 devstack@neutron-api.service[103393]: INFO neutron.api.extensions [None req-4a59c0fc-8b4f-4969-a5fb-d1c39ef820f6 None None] Loaded extension: address-group
May 21 15:35:23.946725 np0000175933 devstack@neutron-api.service[103393]: DEBUG neutron.api.extensions [None req-4a59c0fc-8b4f-4969-a5fb-d1c39ef820f6 None None] Loading extension file: address_scope.py {{(pid=103393) _load_all_extensions_from_path /opt/stack/neutron/neutron/api/extensions.py:449}}
May 21 15:35:23.946876 np0000175933 devstack@neutron-api.service[103394]: INFO neutron.quota.resource_registry [None req-61f3bb6e-c39b-44f0-aeb8-c917f83d94ec None None] Creating instance of TrackedResource for resource:router
May 21 15:35:23.946876 np0000175933 devstack@neutron-api.service[103394]: WARNING neutron.quota.resource_registry [None req-61f3bb6e-c39b-44f0-aeb8-c917f83d94ec None None] router is already registered
May 21 15:35:23.947040 np0000175933 devstack@neutron-api.service[103393]: DEBUG neutron.api.extensions [None req-4a59c0fc-8b4f-4969-a5fb-d1c39ef820f6 None None] Ext name="Address scope" alias="address-scope" description="Address scopes extension." updated="2015-07-26T10:00:00-00:00" {{(pid=103393) _check_extension /opt/stack/neutron/neutron/api/extensions.py:415}}
May 21 15:35:23.947040 np0000175933 devstack@neutron-api.service[103393]: INFO neutron.api.extensions [None req-4a59c0fc-8b4f-4969-a5fb-d1c39ef820f6 None None] Loaded extension: address-scope
May 21 15:35:23.947040 np0000175933 devstack@neutron-api.service[103393]: DEBUG neutron.api.extensions [None req-4a59c0fc-8b4f-4969-a5fb-d1c39ef820f6 None None] Loading extension file: admin_state_down_before_update.py {{(pid=103393) _load_all_extensions_from_path /opt/stack/neutron/neutron/api/extensions.py:449}}
May 21 15:35:23.947040 np0000175933 devstack@neutron-api.service[103393]: DEBUG neutron.api.extensions [None req-4a59c0fc-8b4f-4969-a5fb-d1c39ef820f6 None None] Ext name="Enforce Router's Admin State Down Before Update Extension" alias="router-admin-state-down-before-update" description="Ensure that the admin state of a router is DOWN (admin_state_up=False) before updating the distributed attribute" updated="2019-07-02T15:56:00" {{(pid=103393) _check_extension /opt/stack/neutron/neutron/api/extensions.py:415}}
May 21 15:35:23.947270 np0000175933 devstack@neutron-api.service[103394]: INFO neutron.quota.resource_registry [None req-61f3bb6e-c39b-44f0-aeb8-c917f83d94ec None None] Creating instance of TrackedResource for resource:floatingip
May 21 15:35:23.947381 np0000175933 devstack@neutron-api.service[103393]: INFO neutron.api.extensions [None req-4a59c0fc-8b4f-4969-a5fb-d1c39ef820f6 None None] Extension router-admin-state-down-before-update not supported by any of loaded plugins
May 21 15:35:23.947381 np0000175933 devstack@neutron-api.service[103393]: DEBUG neutron.api.extensions [None req-4a59c0fc-8b4f-4969-a5fb-d1c39ef820f6 None None] Loading extension file: agent.py {{(pid=103393) _load_all_extensions_from_path /opt/stack/neutron/neutron/api/extensions.py:449}}
May 21 15:35:23.947539 np0000175933 devstack@neutron-api.service[103394]: WARNING neutron.quota.resource_registry [None req-61f3bb6e-c39b-44f0-aeb8-c917f83d94ec None None] floatingip is already registered
May 21 15:35:23.947651 np0000175933 devstack@neutron-api.service[103393]: DEBUG neutron.api.extensions [None req-4a59c0fc-8b4f-4969-a5fb-d1c39ef820f6 None None] Ext name="agent" alias="agent" description="The agent management extension." updated="2013-02-03T10:00:00-00:00" {{(pid=103393) _check_extension /opt/stack/neutron/neutron/api/extensions.py:415}}
May 21 15:35:23.947651 np0000175933 devstack@neutron-api.service[103393]: INFO neutron.api.extensions [None req-4a59c0fc-8b4f-4969-a5fb-d1c39ef820f6 None None] Loaded extension: agent
May 21 15:35:23.947783 np0000175933 devstack@neutron-api.service[103393]: DEBUG neutron.api.extensions [None req-4a59c0fc-8b4f-4969-a5fb-d1c39ef820f6 None None] Loading extension file: agent_resources_synced.py {{(pid=103393) _load_all_extensions_from_path /opt/stack/neutron/neutron/api/extensions.py:449}}
May 21 15:35:23.948040 np0000175933 devstack@neutron-api.service[103393]: DEBUG neutron.api.extensions [None req-4a59c0fc-8b4f-4969-a5fb-d1c39ef820f6 None None] Ext name="Agent's Resource View Synced to Placement" alias="agent-resources-synced" description="Stores success/failure of last sync to Placement" updated="2018-12-19T00:00:00-00:00" {{(pid=103393) _check_extension /opt/stack/neutron/neutron/api/extensions.py:415}}
May 21 15:35:23.948215 np0000175933 devstack@neutron-api.service[103393]: INFO neutron.api.extensions [None req-4a59c0fc-8b4f-4969-a5fb-d1c39ef820f6 None None] Extension agent-resources-synced not supported by any of loaded plugins
May 21 15:35:23.948215 np0000175933 devstack@neutron-api.service[103393]: DEBUG neutron.api.extensions [None req-4a59c0fc-8b4f-4969-a5fb-d1c39ef820f6 None None] Loading extension file: agent_sort_key.py {{(pid=103393) _load_all_extensions_from_path /opt/stack/neutron/neutron/api/extensions.py:449}}
May 21 15:35:23.948652 np0000175933 devstack@neutron-api.service[103393]: DEBUG neutron.api.extensions [None req-4a59c0fc-8b4f-4969-a5fb-d1c39ef820f6 None None] Ext name="Agents Sort Key" alias="agent_sort_key" description="Enabling the keyword sort_key for sorting in agents." updated="2013-02-03T10:00:00-00:00" {{(pid=103393) _check_extension /opt/stack/neutron/neutron/api/extensions.py:415}}
May 21 15:35:23.948652 np0000175933 devstack@neutron-api.service[103393]: INFO neutron.api.extensions [None req-4a59c0fc-8b4f-4969-a5fb-d1c39ef820f6 None None] Extension agent_sort_key not supported by any of loaded plugins
May 21 15:35:23.948843 np0000175933 devstack@neutron-api.service[103393]: DEBUG neutron.api.extensions [None req-4a59c0fc-8b4f-4969-a5fb-d1c39ef820f6 None None] Loading extension file: allowedaddresspairs.py {{(pid=103393) _load_all_extensions_from_path /opt/stack/neutron/neutron/api/extensions.py:449}}
May 21 15:35:23.949017 np0000175933 devstack@neutron-api.service[103394]: INFO neutron.quota.resource_registry [None req-61f3bb6e-c39b-44f0-aeb8-c917f83d94ec None None] Creating instance of CountableResource for resource:rbac_policy
May 21 15:35:23.949253 np0000175933 devstack@neutron-api.service[103394]: WARNING neutron.quota.resource_registry [None req-61f3bb6e-c39b-44f0-aeb8-c917f83d94ec None None] rbac_policy is already registered
May 21 15:35:23.949883 np0000175933 devstack@neutron-api.service[103393]: DEBUG neutron.api.extensions [None req-4a59c0fc-8b4f-4969-a5fb-d1c39ef820f6 None None] Ext name="Allowed Address Pairs" alias="allowed-address-pairs" description="Provides allowed address pairs" updated="2013-07-23T10:00:00-00:00" {{(pid=103393) _check_extension /opt/stack/neutron/neutron/api/extensions.py:415}}
May 21 15:35:23.950076 np0000175933 devstack@neutron-api.service[103393]: INFO neutron.api.extensions [None req-4a59c0fc-8b4f-4969-a5fb-d1c39ef820f6 None None] Loaded extension: allowed-address-pairs
May 21 15:35:23.950126 np0000175933 devstack@neutron-api.service[103394]: INFO neutron.quota.resource_registry [None req-61f3bb6e-c39b-44f0-aeb8-c917f83d94ec None None] Creating instance of TrackedResource for resource:security_group
May 21 15:35:23.950157 np0000175933 devstack@neutron-api.service[103393]: DEBUG neutron.api.extensions [None req-4a59c0fc-8b4f-4969-a5fb-d1c39ef820f6 None None] Loading extension file: auto_allocated_topology.py {{(pid=103393) _load_all_extensions_from_path /opt/stack/neutron/neutron/api/extensions.py:449}}
May 21 15:35:23.950453 np0000175933 devstack@neutron-api.service[103393]: DEBUG neutron.api.extensions [None req-4a59c0fc-8b4f-4969-a5fb-d1c39ef820f6 None None] Ext name="Auto Allocated Topology Services" alias="auto-allocated-topology" description="Auto Allocated Topology Services." updated="2016-01-01T00:00:00-00:00" {{(pid=103393) _check_extension /opt/stack/neutron/neutron/api/extensions.py:415}}
May 21 15:35:23.950506 np0000175933 devstack@neutron-api.service[103394]: WARNING neutron.quota.resource_registry [None req-61f3bb6e-c39b-44f0-aeb8-c917f83d94ec None None] security_group is already registered
May 21 15:35:23.950658 np0000175933 devstack@neutron-api.service[103393]: INFO neutron.api.extensions [None req-4a59c0fc-8b4f-4969-a5fb-d1c39ef820f6 None None] Loaded extension: auto-allocated-topology
May 21 15:35:23.950753 np0000175933 devstack@neutron-api.service[103393]: DEBUG neutron.api.extensions [None req-4a59c0fc-8b4f-4969-a5fb-d1c39ef820f6 None None] Loading extension file: availability_zone.py {{(pid=103393) _load_all_extensions_from_path /opt/stack/neutron/neutron/api/extensions.py:449}}
May 21 15:35:23.951150 np0000175933 devstack@neutron-api.service[103394]: INFO neutron.quota.resource_registry [None req-61f3bb6e-c39b-44f0-aeb8-c917f83d94ec None None] Creating instance of TrackedResource for resource:security_group_rule
May 21 15:35:23.951194 np0000175933 devstack@neutron-api.service[103393]: DEBUG neutron.api.extensions [None req-4a59c0fc-8b4f-4969-a5fb-d1c39ef820f6 None None] Ext name="Availability Zone" alias="availability_zone" description="The availability zone extension." updated="2015-01-01T10:00:00-00:00" {{(pid=103393) _check_extension /opt/stack/neutron/neutron/api/extensions.py:415}}
May 21 15:35:23.951344 np0000175933 devstack@neutron-api.service[103394]: WARNING neutron.quota.resource_registry [None req-61f3bb6e-c39b-44f0-aeb8-c917f83d94ec None None] security_group_rule is already registered
May 21 15:35:23.951384 np0000175933 devstack@neutron-api.service[103393]: INFO neutron.api.extensions [None req-4a59c0fc-8b4f-4969-a5fb-d1c39ef820f6 None None] Loaded extension: availability_zone
May 21 15:35:23.951442 np0000175933 devstack@neutron-api.service[103393]: DEBUG neutron.api.extensions [None req-4a59c0fc-8b4f-4969-a5fb-d1c39ef820f6 None None] Loading extension file: availability_zone_filter.py {{(pid=103393) _load_all_extensions_from_path /opt/stack/neutron/neutron/api/extensions.py:449}}
May 21 15:35:23.951725 np0000175933 devstack@neutron-api.service[103393]: DEBUG neutron.api.extensions [None req-4a59c0fc-8b4f-4969-a5fb-d1c39ef820f6 None None] Ext name="Availability Zone Filter Extension" alias="availability_zone_filter" description="Add filter parameters to AvailabilityZone resource" updated="2018-06-22T10:00:00-00:00" {{(pid=103393) _check_extension /opt/stack/neutron/neutron/api/extensions.py:415}}
May 21 15:35:23.951903 np0000175933 devstack@neutron-api.service[103393]: INFO neutron.api.extensions [None req-4a59c0fc-8b4f-4969-a5fb-d1c39ef820f6 None None] Extension availability_zone_filter not supported by any of loaded plugins
May 21 15:35:23.951954 np0000175933 devstack@neutron-api.service[103394]: DEBUG neutron.api.v2.resource_helper [None req-61f3bb6e-c39b-44f0-aeb8-c917f83d94ec None None] Service CORE assigned prefix: {{(pid=103394) build_resource_info /opt/stack/neutron/neutron/api/v2/resource_helper.py:77}}
May 21 15:35:23.952006 np0000175933 devstack@neutron-api.service[103393]: DEBUG neutron.api.extensions [None req-4a59c0fc-8b4f-4969-a5fb-d1c39ef820f6 None None] Loading extension file: data_plane_status.py {{(pid=103393) _load_all_extensions_from_path /opt/stack/neutron/neutron/api/extensions.py:449}}
May 21 15:35:23.952083 np0000175933 devstack@neutron-api.service[103394]: INFO neutron.quota.resource_registry [None req-61f3bb6e-c39b-44f0-aeb8-c917f83d94ec None None] Creating instance of TrackedResource for resource:subnetpool
May 21 15:35:23.952223 np0000175933 devstack@neutron-api.service[103394]: WARNING neutron.quota.resource_registry [None req-61f3bb6e-c39b-44f0-aeb8-c917f83d94ec None None] subnetpool is already registered
May 21 15:35:23.952324 np0000175933 devstack@neutron-api.service[103393]: DEBUG neutron.api.extensions [None req-4a59c0fc-8b4f-4969-a5fb-d1c39ef820f6 None None] Ext name="Port data plane status extension" alias="data-plane-status" description="Expose status of underlying data plane" updated="2017-01-24T10:00:00-00:00" {{(pid=103393) _check_extension /opt/stack/neutron/neutron/api/extensions.py:415}}
May 21 15:35:23.952540 np0000175933 devstack@neutron-api.service[103393]: INFO neutron.api.extensions [None req-4a59c0fc-8b4f-4969-a5fb-d1c39ef820f6 None None] Extension data-plane-status not supported by any of loaded plugins
May 21 15:35:23.952634 np0000175933 devstack@neutron-api.service[103393]: DEBUG neutron.api.extensions [None req-4a59c0fc-8b4f-4969-a5fb-d1c39ef820f6 None None] Loading extension file: default_subnetpools.py {{(pid=103393) _load_all_extensions_from_path /opt/stack/neutron/neutron/api/extensions.py:449}}
May 21 15:35:23.952692 np0000175933 devstack@neutron-api.service[103394]: DEBUG neutron.api.extensions [None req-61f3bb6e-c39b-44f0-aeb8-c917f83d94ec None None] Extended resource: extensions {{(pid=103394) __init__ /opt/stack/neutron/neutron/api/extensions.py:156}}
May 21 15:35:23.953658 np0000175933 devstack@neutron-api.service[103393]: DEBUG neutron.api.extensions [None req-4a59c0fc-8b4f-4969-a5fb-d1c39ef820f6 None None] Ext name="Default Subnetpools" alias="default-subnetpools" description="Provides ability to mark and use a subnetpool as the default." updated="2016-02-18T18:00:00-00:00" {{(pid=103393) _check_extension /opt/stack/neutron/neutron/api/extensions.py:415}}
May 21 15:35:23.953658 np0000175933 devstack@neutron-api.service[103393]: INFO neutron.api.extensions [None req-4a59c0fc-8b4f-4969-a5fb-d1c39ef820f6 None None] Loaded extension: default-subnetpools
May 21 15:35:23.953658 np0000175933 devstack@neutron-api.service[103393]: DEBUG neutron.api.extensions [None req-4a59c0fc-8b4f-4969-a5fb-d1c39ef820f6 None None] Loading extension file: dhcpagentscheduler.py {{(pid=103393) _load_all_extensions_from_path /opt/stack/neutron/neutron/api/extensions.py:449}}
May 21 15:35:23.953749 np0000175933 devstack@neutron-api.service[103394]: DEBUG neutron.api.extensions [None req-61f3bb6e-c39b-44f0-aeb8-c917f83d94ec None None] Extended resource: address-groups {{(pid=103394) __init__ /opt/stack/neutron/neutron/api/extensions.py:156}}
May 21 15:35:23.953780 np0000175933 devstack@neutron-api.service[103393]: DEBUG neutron.api.extensions [None req-4a59c0fc-8b4f-4969-a5fb-d1c39ef820f6 None None] Ext name="DHCP Agent Scheduler" alias="dhcp_agent_scheduler" description="Schedule networks among dhcp agents" updated="2013-02-07T10:00:00-00:00" {{(pid=103393) _check_extension /opt/stack/neutron/neutron/api/extensions.py:415}}
May 21 15:35:23.953780 np0000175933 devstack@neutron-api.service[103393]: INFO neutron.api.extensions [None req-4a59c0fc-8b4f-4969-a5fb-d1c39ef820f6 None None] Loaded extension: dhcp_agent_scheduler
May 21 15:35:23.953890 np0000175933 devstack@neutron-api.service[103393]: DEBUG neutron.api.extensions [None req-4a59c0fc-8b4f-4969-a5fb-d1c39ef820f6 None None] Loading extension file: dns.py {{(pid=103393) _load_all_extensions_from_path /opt/stack/neutron/neutron/api/extensions.py:449}}
May 21 15:35:23.954123 np0000175933 devstack@neutron-api.service[103393]: DEBUG neutron.api.extensions [None req-4a59c0fc-8b4f-4969-a5fb-d1c39ef820f6 None None] Ext name="DNS Integration" alias="dns-integration" description="Provides integration with DNS." updated="2015-08-15T18:00:00-00:00" {{(pid=103393) _check_extension /opt/stack/neutron/neutron/api/extensions.py:415}}
May 21 15:35:23.954237 np0000175933 devstack@neutron-api.service[103394]: DEBUG neutron.api.extensions [None req-61f3bb6e-c39b-44f0-aeb8-c917f83d94ec None None] Extended resource: address-scopes {{(pid=103394) __init__ /opt/stack/neutron/neutron/api/extensions.py:156}}
May 21 15:35:23.954289 np0000175933 devstack@neutron-api.service[103393]: INFO neutron.api.extensions [None req-4a59c0fc-8b4f-4969-a5fb-d1c39ef820f6 None None] Loaded extension: dns-integration
May 21 15:35:23.954380 np0000175933 devstack@neutron-api.service[103393]: DEBUG neutron.api.extensions [None req-4a59c0fc-8b4f-4969-a5fb-d1c39ef820f6 None None] Loading extension file: dns_domain_ports.py {{(pid=103393) _load_all_extensions_from_path /opt/stack/neutron/neutron/api/extensions.py:449}}
May 21 15:35:23.954629 np0000175933 devstack@neutron-api.service[103393]: DEBUG neutron.api.extensions [None req-4a59c0fc-8b4f-4969-a5fb-d1c39ef820f6 None None] Ext name="dns_domain for ports" alias="dns-domain-ports" description="Allows the DNS domain to be specified for a network port." updated="2017-04-24T10:00:00-00:00" {{(pid=103393) _check_extension /opt/stack/neutron/neutron/api/extensions.py:415}}
May 21 15:35:23.954778 np0000175933 devstack@neutron-api.service[103394]: DEBUG neutron.api.extensions [None req-61f3bb6e-c39b-44f0-aeb8-c917f83d94ec None None] Extended resource: agents {{(pid=103394) __init__ /opt/stack/neutron/neutron/api/extensions.py:156}}
May 21 15:35:23.954870 np0000175933 devstack@neutron-api.service[103393]: INFO neutron.api.extensions [None req-4a59c0fc-8b4f-4969-a5fb-d1c39ef820f6 None None] Loaded extension: dns-domain-ports
May 21 15:35:23.955081 np0000175933 devstack@neutron-api.service[103393]: DEBUG neutron.api.extensions [None req-4a59c0fc-8b4f-4969-a5fb-d1c39ef820f6 None None] Loading extension file: dns_integration_domain_keywords.py {{(pid=103393) _load_all_extensions_from_path /opt/stack/neutron/neutron/api/extensions.py:449}}
