Apr 02 09:18:19.253447 np0000162844 neutron-periodic-workers[103894]: DEBUG cotyledon.oslo_config_glue [-] ml2.type_drivers = ['local', 'flat', 'vlan', 'geneve'] {{(pid=103894) log_opt_values /opt/stack/data/venv/lib/python3.12/site-packages/oslo_config/cfg.py:3006}}
Apr 02 09:18:19.253523 np0000162844 neutron-periodic-workers[103894]: DEBUG cotyledon.oslo_config_glue [-] ml2_type_flat.flat_networks = ['public'] {{(pid=103894) log_opt_values /opt/stack/data/venv/lib/python3.12/site-packages/oslo_config/cfg.py:3006}}
Apr 02 09:18:19.253571 np0000162844 neutron-periodic-workers[103894]: DEBUG cotyledon.oslo_config_glue [-] ml2_type_geneve.max_header_size = 38 {{(pid=103894) log_opt_values /opt/stack/data/venv/lib/python3.12/site-packages/oslo_config/cfg.py:3006}}
Apr 02 09:18:19.253617 np0000162844 neutron-periodic-workers[103894]: DEBUG cotyledon.oslo_config_glue [-] ml2_type_geneve.vni_ranges = ['1:65536'] {{(pid=103894) log_opt_values /opt/stack/data/venv/lib/python3.12/site-packages/oslo_config/cfg.py:3006}}
Apr 02 09:18:19.253672 np0000162844 neutron-periodic-workers[103894]: DEBUG cotyledon.oslo_config_glue [-] ml2_type_vlan.network_vlan_ranges = ['public'] {{(pid=103894) log_opt_values /opt/stack/data/venv/lib/python3.12/site-packages/oslo_config/cfg.py:3006}}
Apr 02 09:18:19.253749 np0000162844 neutron-periodic-workers[103894]: DEBUG cotyledon.oslo_config_glue [-] network_log.burst_limit = 25 {{(pid=103894) log_opt_values /opt/stack/data/venv/lib/python3.12/site-packages/oslo_config/cfg.py:3006}}
Apr 02 09:18:19.253794 np0000162844 neutron-periodic-workers[103894]: DEBUG cotyledon.oslo_config_glue [-] network_log.local_output_log_base = None {{(pid=103894) log_opt_values /opt/stack/data/venv/lib/python3.12/site-packages/oslo_config/cfg.py:3006}}
Apr 02 09:18:19.253825 np0000162844 neutron-periodic-workers[103894]: DEBUG cotyledon.oslo_config_glue [-] network_log.rate_limit = 100 {{(pid=103894) log_opt_values /opt/stack/data/venv/lib/python3.12/site-packages/oslo_config/cfg.py:3006}}
Apr 02 09:18:19.253892 np0000162844 neutron-periodic-workers[103894]: DEBUG cotyledon.oslo_config_glue [-] database.asyncio_connection = **** {{(pid=103894) log_opt_values /opt/stack/data/venv/lib/python3.12/site-packages/oslo_config/cfg.py:3006}}
Apr 02 09:18:19.253944 np0000162844 neutron-periodic-workers[103894]: DEBUG cotyledon.oslo_config_glue [-] database.asyncio_slave_connection = **** {{(pid=103894) log_opt_values /opt/stack/data/venv/lib/python3.12/site-packages/oslo_config/cfg.py:3006}}
Apr 02 09:18:19.253992 np0000162844 neutron-periodic-workers[103894]: DEBUG cotyledon.oslo_config_glue [-] database.backend = sqlalchemy {{(pid=103894) log_opt_values /opt/stack/data/venv/lib/python3.12/site-packages/oslo_config/cfg.py:3006}}
Apr 02 09:18:19.254077 np0000162844 neutron-periodic-workers[103894]: DEBUG cotyledon.oslo_config_glue [-] database.connection = **** {{(pid=103894) log_opt_values /opt/stack/data/venv/lib/python3.12/site-packages/oslo_config/cfg.py:3006}}
Apr 02 09:18:19.254131 np0000162844 neutron-periodic-workers[103894]: DEBUG cotyledon.oslo_config_glue [-] database.connection_debug = 0 {{(pid=103894) log_opt_values /opt/stack/data/venv/lib/python3.12/site-packages/oslo_config/cfg.py:3006}}
Apr 02 09:18:19.254172 np0000162844 neutron-periodic-workers[103894]: DEBUG cotyledon.oslo_config_glue [-] database.connection_parameters = {{(pid=103894) log_opt_values /opt/stack/data/venv/lib/python3.12/site-packages/oslo_config/cfg.py:3006}}
Apr 02 09:18:19.254218 np0000162844 neutron-periodic-workers[103894]: DEBUG cotyledon.oslo_config_glue [-] database.connection_recycle_time = 3600 {{(pid=103894) log_opt_values /opt/stack/data/venv/lib/python3.12/site-packages/oslo_config/cfg.py:3006}}
Apr 02 09:18:19.254289 np0000162844 neutron-periodic-workers[103894]: DEBUG cotyledon.oslo_config_glue [-] database.connection_trace = False {{(pid=103894) log_opt_values /opt/stack/data/venv/lib/python3.12/site-packages/oslo_config/cfg.py:3006}}
Apr 02 09:18:19.254324 np0000162844 neutron-periodic-workers[103894]: DEBUG cotyledon.oslo_config_glue [-] database.db_inc_retry_interval = True {{(pid=103894) log_opt_values /opt/stack/data/venv/lib/python3.12/site-packages/oslo_config/cfg.py:3006}}
Apr 02 09:18:19.254355 np0000162844 neutron-periodic-workers[103894]: DEBUG cotyledon.oslo_config_glue [-] database.db_max_retries = 20 {{(pid=103894) log_opt_values /opt/stack/data/venv/lib/python3.12/site-packages/oslo_config/cfg.py:3006}}
Apr 02 09:18:19.254398 np0000162844 neutron-periodic-workers[103894]: DEBUG cotyledon.oslo_config_glue [-] database.db_max_retry_interval = 10 {{(pid=103894) log_opt_values /opt/stack/data/venv/lib/python3.12/site-packages/oslo_config/cfg.py:3006}}
Apr 02 09:18:19.254434 np0000162844 neutron-periodic-workers[103894]: DEBUG cotyledon.oslo_config_glue [-] database.db_retry_interval = 1 {{(pid=103894) log_opt_values /opt/stack/data/venv/lib/python3.12/site-packages/oslo_config/cfg.py:3006}}
Apr 02 09:18:19.254469 np0000162844 neutron-periodic-workers[103894]: DEBUG cotyledon.oslo_config_glue [-] database.max_overflow = 50 {{(pid=103894) log_opt_values /opt/stack/data/venv/lib/python3.12/site-packages/oslo_config/cfg.py:3006}}
Apr 02 09:18:19.254519 np0000162844 neutron-periodic-workers[103894]: DEBUG cotyledon.oslo_config_glue [-] database.max_pool_size = 5 {{(pid=103894) log_opt_values /opt/stack/data/venv/lib/python3.12/site-packages/oslo_config/cfg.py:3006}}
Apr 02 09:18:19.254550 np0000162844 neutron-periodic-workers[103894]: DEBUG cotyledon.oslo_config_glue [-] database.max_retries = 10 {{(pid=103894) log_opt_values /opt/stack/data/venv/lib/python3.12/site-packages/oslo_config/cfg.py:3006}}
Apr 02 09:18:19.254579 np0000162844 neutron-periodic-workers[103894]: DEBUG cotyledon.oslo_config_glue [-] database.mysql_sql_mode = TRADITIONAL {{(pid=103894) log_opt_values /opt/stack/data/venv/lib/python3.12/site-packages/oslo_config/cfg.py:3006}}
Apr 02 09:18:19.254630 np0000162844 neutron-periodic-workers[103894]: DEBUG cotyledon.oslo_config_glue [-] database.mysql_wsrep_sync_wait = None {{(pid=103894) log_opt_values /opt/stack/data/venv/lib/python3.12/site-packages/oslo_config/cfg.py:3006}}
Apr 02 09:18:19.254662 np0000162844 neutron-periodic-workers[103894]: DEBUG cotyledon.oslo_config_glue [-] database.pool_timeout = None {{(pid=103894) log_opt_values /opt/stack/data/venv/lib/python3.12/site-packages/oslo_config/cfg.py:3006}}
Apr 02 09:18:19.254703 np0000162844 neutron-periodic-workers[103894]: DEBUG cotyledon.oslo_config_glue [-] database.retry_interval = 10 {{(pid=103894) log_opt_values /opt/stack/data/venv/lib/python3.12/site-packages/oslo_config/cfg.py:3006}}
Apr 02 09:18:19.254748 np0000162844 neutron-periodic-workers[103894]: DEBUG cotyledon.oslo_config_glue [-] database.slave_connection = **** {{(pid=103894) log_opt_values /opt/stack/data/venv/lib/python3.12/site-packages/oslo_config/cfg.py:3006}}
Apr 02 09:18:19.254797 np0000162844 neutron-periodic-workers[103894]: DEBUG cotyledon.oslo_config_glue [-] database.sqlite_synchronous = True {{(pid=103894) log_opt_values /opt/stack/data/venv/lib/python3.12/site-packages/oslo_config/cfg.py:3006}}
Apr 02 09:18:19.254828 np0000162844 neutron-periodic-workers[103894]: DEBUG cotyledon.oslo_config_glue [-] database.synchronous_reader = True {{(pid=103894) log_opt_values /opt/stack/data/venv/lib/python3.12/site-packages/oslo_config/cfg.py:3006}}
Apr 02 09:18:19.254868 np0000162844 neutron-periodic-workers[103894]: DEBUG cotyledon.oslo_config_glue [-] database.use_db_reconnect = False {{(pid=103894) log_opt_values /opt/stack/data/venv/lib/python3.12/site-packages/oslo_config/cfg.py:3006}}
Apr 02 09:18:19.254960 np0000162844 neutron-periodic-workers[103894]: DEBUG cotyledon.oslo_config_glue [-] ovn.bfd_min_rx = 1000 {{(pid=103894) log_opt_values /opt/stack/data/venv/lib/python3.12/site-packages/oslo_config/cfg.py:3006}}
Apr 02 09:18:19.255003 np0000162844 neutron-periodic-workers[103894]: DEBUG cotyledon.oslo_config_glue [-] ovn.bfd_min_tx = 100 {{(pid=103894) log_opt_values /opt/stack/data/venv/lib/python3.12/site-packages/oslo_config/cfg.py:3006}}
Apr 02 09:18:19.255036 np0000162844 neutron-periodic-workers[103894]: DEBUG cotyledon.oslo_config_glue [-] ovn.bfd_mult = 3 {{(pid=103894) log_opt_values /opt/stack/data/venv/lib/python3.12/site-packages/oslo_config/cfg.py:3006}}
Apr 02 09:18:19.255083 np0000162844 neutron-periodic-workers[103894]: DEBUG cotyledon.oslo_config_glue [-] ovn.broadcast_arps_to_all_routers = True {{(pid=103894) log_opt_values /opt/stack/data/venv/lib/python3.12/site-packages/oslo_config/cfg.py:3006}}
Apr 02 09:18:19.255114 np0000162844 neutron-periodic-workers[103894]: DEBUG cotyledon.oslo_config_glue [-] ovn.dhcp_default_lease_time = 43200 {{(pid=103894) log_opt_values /opt/stack/data/venv/lib/python3.12/site-packages/oslo_config/cfg.py:3006}}
Apr 02 09:18:19.255144 np0000162844 neutron-periodic-workers[103894]: DEBUG cotyledon.oslo_config_glue [-] ovn.disable_ovn_dhcp_for_baremetal_ports = False {{(pid=103894) log_opt_values /opt/stack/data/venv/lib/python3.12/site-packages/oslo_config/cfg.py:3006}}
Apr 02 09:18:19.255186 np0000162844 neutron-periodic-workers[103894]: DEBUG cotyledon.oslo_config_glue [-] ovn.dns_records_ovn_owned = False {{(pid=103894) log_opt_values /opt/stack/data/venv/lib/python3.12/site-packages/oslo_config/cfg.py:3006}}
Apr 02 09:18:19.255215 np0000162844 neutron-periodic-workers[103894]: DEBUG cotyledon.oslo_config_glue [-] ovn.dns_servers = [] {{(pid=103894) log_opt_values /opt/stack/data/venv/lib/python3.12/site-packages/oslo_config/cfg.py:3006}}
Apr 02 09:18:19.255259 np0000162844 neutron-periodic-workers[103894]: DEBUG cotyledon.oslo_config_glue [-] ovn.enable_distributed_floating_ip = False {{(pid=103894) log_opt_values /opt/stack/data/venv/lib/python3.12/site-packages/oslo_config/cfg.py:3006}}
Apr 02 09:18:19.255296 np0000162844 neutron-periodic-workers[103894]: DEBUG cotyledon.oslo_config_glue [-] ovn.fdb_age_threshold = 300 {{(pid=103894) log_opt_values /opt/stack/data/venv/lib/python3.12/site-packages/oslo_config/cfg.py:3006}}
Apr 02 09:18:19.255325 np0000162844 neutron-periodic-workers[103894]: DEBUG cotyledon.oslo_config_glue [-] ovn.ha_failover_strategy = normal {{(pid=103894) log_opt_values /opt/stack/data/venv/lib/python3.12/site-packages/oslo_config/cfg.py:3006}}
Apr 02 09:18:19.255366 np0000162844 neutron-periodic-workers[103894]: DEBUG cotyledon.oslo_config_glue [-] ovn.live_migration_activation_strategy = rarp {{(pid=103894) log_opt_values /opt/stack/data/venv/lib/python3.12/site-packages/oslo_config/cfg.py:3006}}
Apr 02 09:18:19.255396 np0000162844 neutron-periodic-workers[103894]: DEBUG cotyledon.oslo_config_glue [-] ovn.localnet_learn_fdb = False {{(pid=103894) log_opt_values /opt/stack/data/venv/lib/python3.12/site-packages/oslo_config/cfg.py:3006}}
Apr 02 09:18:19.255440 np0000162844 neutron-periodic-workers[103894]: DEBUG cotyledon.oslo_config_glue [-] ovn.mac_binding_age_threshold = 300 {{(pid=103894) log_opt_values /opt/stack/data/venv/lib/python3.12/site-packages/oslo_config/cfg.py:3006}}
Apr 02 09:18:19.255485 np0000162844 neutron-periodic-workers[103894]: DEBUG cotyledon.oslo_config_glue [-] ovn.neutron_sync_mode = log {{(pid=103894) log_opt_values /opt/stack/data/venv/lib/python3.12/site-packages/oslo_config/cfg.py:3006}}
Apr 02 09:18:19.255531 np0000162844 neutron-periodic-workers[103894]: DEBUG cotyledon.oslo_config_glue [-] ovn.ovn_dhcp4_global_options = {} {{(pid=103894) log_opt_values /opt/stack/data/venv/lib/python3.12/site-packages/oslo_config/cfg.py:3006}}
Apr 02 09:18:19.255577 np0000162844 neutron-periodic-workers[103894]: DEBUG cotyledon.oslo_config_glue [-] ovn.ovn_dhcp6_global_options = {} {{(pid=103894) log_opt_values /opt/stack/data/venv/lib/python3.12/site-packages/oslo_config/cfg.py:3006}}
Apr 02 09:18:19.255608 np0000162844 neutron-periodic-workers[103894]: DEBUG cotyledon.oslo_config_glue [-] ovn.ovn_l3_scheduler = leastloaded {{(pid=103894) log_opt_values /opt/stack/data/venv/lib/python3.12/site-packages/oslo_config/cfg.py:3006}}
Apr 02 09:18:19.255644 np0000162844 neutron-periodic-workers[103894]: DEBUG cotyledon.oslo_config_glue [-] ovn.ovn_metadata_enabled = True {{(pid=103894) log_opt_values /opt/stack/data/venv/lib/python3.12/site-packages/oslo_config/cfg.py:3006}}
Apr 02 09:18:19.255695 np0000162844 neutron-periodic-workers[103894]: DEBUG cotyledon.oslo_config_glue [-] ovn.ovn_nb_ca_cert = /opt/stack/data/CA/int-ca/ca-chain.pem {{(pid=103894) log_opt_values /opt/stack/data/venv/lib/python3.12/site-packages/oslo_config/cfg.py:3006}}
Apr 02 09:18:19.255746 np0000162844 neutron-periodic-workers[103894]: DEBUG cotyledon.oslo_config_glue [-] ovn.ovn_nb_certificate = /opt/stack/data/CA/int-ca/devstack-cert.crt {{(pid=103894) log_opt_values /opt/stack/data/venv/lib/python3.12/site-packages/oslo_config/cfg.py:3006}}
Apr 02 09:18:19.255781 np0000162844 neutron-periodic-workers[103894]: DEBUG cotyledon.oslo_config_glue [-] ovn.ovn_nb_connection = ['ssl:199.204.45.69:6641'] {{(pid=103894) log_opt_values /opt/stack/data/venv/lib/python3.12/site-packages/oslo_config/cfg.py:3006}}
Apr 02 09:18:19.255816 np0000162844 neutron-periodic-workers[103894]: DEBUG cotyledon.oslo_config_glue [-] ovn.ovn_nb_private_key = /opt/stack/data/CA/int-ca/private/devstack-cert.key {{(pid=103894) log_opt_values /opt/stack/data/venv/lib/python3.12/site-packages/oslo_config/cfg.py:3006}}
Apr 02 09:18:19.255858 np0000162844 neutron-periodic-workers[103894]: DEBUG cotyledon.oslo_config_glue [-] ovn.ovn_router_indirect_snat = False {{(pid=103894) log_opt_values /opt/stack/data/venv/lib/python3.12/site-packages/oslo_config/cfg.py:3006}}
Apr 02 09:18:19.255889 np0000162844 neutron-periodic-workers[103894]: DEBUG cotyledon.oslo_config_glue [-] ovn.ovn_sb_ca_cert = /opt/stack/data/CA/int-ca/ca-chain.pem {{(pid=103894) log_opt_values /opt/stack/data/venv/lib/python3.12/site-packages/oslo_config/cfg.py:3006}}
Apr 02 09:18:19.255952 np0000162844 neutron-periodic-workers[103894]: DEBUG cotyledon.oslo_config_glue [-] ovn.ovn_sb_certificate = /opt/stack/data/CA/int-ca/devstack-cert.crt {{(pid=103894) log_opt_values /opt/stack/data/venv/lib/python3.12/site-packages/oslo_config/cfg.py:3006}}
Apr 02 09:18:19.255985 np0000162844 neutron-periodic-workers[103894]: DEBUG cotyledon.oslo_config_glue [-] ovn.ovn_sb_connection = ['ssl:199.204.45.69:6642'] {{(pid=103894) log_opt_values /opt/stack/data/venv/lib/python3.12/site-packages/oslo_config/cfg.py:3006}}
Apr 02 09:18:19.256025 np0000162844 neutron-periodic-workers[103894]: DEBUG cotyledon.oslo_config_glue [-] ovn.ovn_sb_private_key = /opt/stack/data/CA/int-ca/private/devstack-cert.key {{(pid=103894) log_opt_values /opt/stack/data/venv/lib/python3.12/site-packages/oslo_config/cfg.py:3006}}
Apr 02 09:18:19.256054 np0000162844 neutron-periodic-workers[103894]: DEBUG cotyledon.oslo_config_glue [-] ovn.ovs_create_tap = False {{(pid=103894) log_opt_values /opt/stack/data/venv/lib/python3.12/site-packages/oslo_config/cfg.py:3006}}
Apr 02 09:18:19.256083 np0000162844 neutron-periodic-workers[103894]: DEBUG cotyledon.oslo_config_glue [-] ovn.ovsdb_connection_timeout = 180 {{(pid=103894) log_opt_values /opt/stack/data/venv/lib/python3.12/site-packages/oslo_config/cfg.py:3006}}
Apr 02 09:18:19.256128 np0000162844 neutron-periodic-workers[103894]: DEBUG cotyledon.oslo_config_glue [-] ovn.ovsdb_log_level = INFO {{(pid=103894) log_opt_values /opt/stack/data/venv/lib/python3.12/site-packages/oslo_config/cfg.py:3006}}
Apr 02 09:18:19.256158 np0000162844 neutron-periodic-workers[103894]: DEBUG cotyledon.oslo_config_glue [-] ovn.ovsdb_probe_interval = 60000 {{(pid=103894) log_opt_values /opt/stack/data/venv/lib/python3.12/site-packages/oslo_config/cfg.py:3006}}
Apr 02 09:18:19.256196 np0000162844 neutron-periodic-workers[103894]: DEBUG cotyledon.oslo_config_glue [-] ovn.ovsdb_retry_max_interval = 180 {{(pid=103894) log_opt_values /opt/stack/data/venv/lib/python3.12/site-packages/oslo_config/cfg.py:3006}}
Apr 02 09:18:19.256227 np0000162844 neutron-periodic-workers[103894]: DEBUG cotyledon.oslo_config_glue [-] ovn.stateless_nat_enabled = False {{(pid=103894) log_opt_values /opt/stack/data/venv/lib/python3.12/site-packages/oslo_config/cfg.py:3006}}
Apr 02 09:18:19.256278 np0000162844 neutron-periodic-workers[103894]: DEBUG cotyledon.oslo_config_glue [-] ovn.vhost_sock_dir = /var/run/openvswitch {{(pid=103894) log_opt_values /opt/stack/data/venv/lib/python3.12/site-packages/oslo_config/cfg.py:3006}}
Apr 02 09:18:19.256336 np0000162844 neutron-periodic-workers[103894]: DEBUG cotyledon.oslo_config_glue [-] OVS.bridge_mac_table_size = 50000 {{(pid=103894) log_opt_values /opt/stack/data/venv/lib/python3.12/site-packages/oslo_config/cfg.py:3006}}
Apr 02 09:18:19.256387 np0000162844 neutron-periodic-workers[103894]: DEBUG cotyledon.oslo_config_glue [-] OVS.igmp_flood = False {{(pid=103894) log_opt_values /opt/stack/data/venv/lib/python3.12/site-packages/oslo_config/cfg.py:3006}}
Apr 02 09:18:19.256417 np0000162844 neutron-periodic-workers[103894]: DEBUG cotyledon.oslo_config_glue [-] OVS.igmp_flood_reports = True {{(pid=103894) log_opt_values /opt/stack/data/venv/lib/python3.12/site-packages/oslo_config/cfg.py:3006}}
Apr 02 09:18:19.256466 np0000162844 neutron-periodic-workers[103894]: DEBUG cotyledon.oslo_config_glue [-] OVS.igmp_flood_unregistered = False {{(pid=103894) log_opt_values /opt/stack/data/venv/lib/python3.12/site-packages/oslo_config/cfg.py:3006}}
Apr 02 09:18:19.256512 np0000162844 neutron-periodic-workers[103894]: DEBUG cotyledon.oslo_config_glue [-] OVS.igmp_snooping_enable = False {{(pid=103894) log_opt_values /opt/stack/data/venv/lib/python3.12/site-packages/oslo_config/cfg.py:3006}}
Apr 02 09:18:19.256542 np0000162844 neutron-periodic-workers[103894]: DEBUG cotyledon.oslo_config_glue [-] OVS.ovsdb_timeout = 10 {{(pid=103894) log_opt_values /opt/stack/data/venv/lib/python3.12/site-packages/oslo_config/cfg.py:3006}}
Apr 02 09:18:19.256598 np0000162844 neutron-periodic-workers[103894]: DEBUG cotyledon.oslo_config_glue [-] ovn_nb_global.fdb_removal_limit = 0 {{(pid=103894) log_opt_values /opt/stack/data/venv/lib/python3.12/site-packages/oslo_config/cfg.py:3006}}
Apr 02 09:18:19.256650 np0000162844 neutron-periodic-workers[103894]: DEBUG cotyledon.oslo_config_glue [-] ovn_nb_global.ignore_lsp_down = False {{(pid=103894) log_opt_values /opt/stack/data/venv/lib/python3.12/site-packages/oslo_config/cfg.py:3006}}
Apr 02 09:18:19.256682 np0000162844 neutron-periodic-workers[103894]: DEBUG cotyledon.oslo_config_glue [-] ovn_nb_global.mac_binding_removal_limit = 0 {{(pid=103894) log_opt_values /opt/stack/data/venv/lib/python3.12/site-packages/oslo_config/cfg.py:3006}}
Apr 02 09:18:19.256725 np0000162844 neutron-periodic-workers[103894]: DEBUG cotyledon.oslo_config_glue [-] ******************************************************************************** {{(pid=103894) log_opt_values /opt/stack/data/venv/lib/python3.12/site-packages/oslo_config/cfg.py:3013}}
Apr 02 09:18:19.256893 np0000162844 neutron-periodic-workers[103894]: DEBUG cotyledon._service_worker [-] Run service ServiceWrapper(0) [103894] {{(pid=103894) wait_forever /opt/stack/data/venv/lib/python3.12/site-packages/cotyledon/_service_worker.py:218}}
Apr 02 09:18:28.907677 np0000162844 neutron-periodic-workers[103129]: DEBUG dbcounter [-] [103129] Writing DB stats neutron:SELECT=4 {{(pid=103129) stat_writer /opt/stack/data/venv/lib/python3.12/site-packages/dbcounter.py:115}}
Apr 02 09:19:07.236475 np0000162844 neutron-periodic-workers[103873]: DEBUG oslo_db.sqlalchemy.engines [None req-843dc58e-35bb-4e3e-b94c-d4f5ac163c45 None None] Parent process 103129 forked (103873) with an open database connection, which is being discarded and recreated. {{(pid=103873) checkout /opt/stack/data/venv/lib/python3.12/site-packages/oslo_db/sqlalchemy/engines.py:402}}
Apr 02 09:19:07.245319 np0000162844 neutron-periodic-workers[103873]: DEBUG dbcounter [-] [103873] Writer thread running {{(pid=103873) stat_writer /opt/stack/data/venv/lib/python3.12/site-packages/dbcounter.py:102}}
Apr 02 09:19:07.250343 np0000162844 neutron-periodic-workers[103873]: DEBUG neutron.db.agents_db [None req-843dc58e-35bb-4e3e-b94c-d4f5ac163c45 None None] Agent healthcheck: found 0 active agents {{(pid=103873) agent_health_check /opt/stack/neutron/neutron/db/agents_db.py:317}}
Apr 02 09:19:07.250681 np0000162844 neutron-periodic-workers[103873]: DEBUG oslo.service.backend._threading.loopingcall [None req-843dc58e-35bb-4e3e-b94c-d4f5ac163c45 None None] Fixed interval looping call 'neutron.plugins.ml2.plugin.AgentDbMixin.agent_health_check' sleeping for 36.98 seconds {{(pid=103873) _run_loop /opt/stack/data/venv/lib/python3.12/site-packages/oslo_service/backend/_threading/loopingcall.py:125}}
Apr 02 09:19:17.246212 np0000162844 neutron-periodic-workers[103873]: DEBUG dbcounter [-] [103873] Writing DB stats neutron:SELECT=1 {{(pid=103873) stat_writer /opt/stack/data/venv/lib/python3.12/site-packages/dbcounter.py:115}}
Apr 02 09:19:33.217506 np0000162844 neutron-periodic-workers[103864]: DEBUG dbcounter [-] [103864] Writer thread running {{(pid=103864) stat_writer /opt/stack/data/venv/lib/python3.12/site-packages/dbcounter.py:102}}
Apr 02 09:19:33.226498 np0000162844 neutron-periodic-workers[103864]: DEBUG oslo.service.backend._threading.loopingcall [None req-66ed9d28-8d7b-4770-aba5-b87b6cae0bfb None None] Fixed interval looping call 'neutron.plugins.ml2.plugin.DhcpAgentSchedulerDbMixin.remove_networks_from_down_agents' sleeping for 36.98 seconds {{(pid=103864) _run_loop /opt/stack/data/venv/lib/python3.12/site-packages/oslo_service/backend/_threading/loopingcall.py:125}}
Apr 02 09:19:43.225982 np0000162844 neutron-periodic-workers[103864]: DEBUG dbcounter [-] [103864] Writing DB stats neutron:SELECT=3 {{(pid=103864) stat_writer /opt/stack/data/venv/lib/python3.12/site-packages/dbcounter.py:115}}
Apr 02 09:19:44.236797 np0000162844 neutron-periodic-workers[103873]: DEBUG neutron.db.agents_db [None req-843dc58e-35bb-4e3e-b94c-d4f5ac163c45 None None] Agent healthcheck: found 0 active agents {{(pid=103873) agent_health_check /opt/stack/neutron/neutron/db/agents_db.py:317}}
Apr 02 09:19:44.237270 np0000162844 neutron-periodic-workers[103873]: DEBUG oslo.service.backend._threading.loopingcall [None req-843dc58e-35bb-4e3e-b94c-d4f5ac163c45 None None] Fixed interval looping call 'neutron.plugins.ml2.plugin.AgentDbMixin.agent_health_check' sleeping for 36.99 seconds {{(pid=103873) _run_loop /opt/stack/data/venv/lib/python3.12/site-packages/oslo_service/backend/_threading/loopingcall.py:125}}
Apr 02 09:19:54.234761 np0000162844 neutron-periodic-workers[103873]: DEBUG dbcounter [-] [103873] Writing DB stats neutron:SELECT=1 {{(pid=103873) stat_writer /opt/stack/data/venv/lib/python3.12/site-packages/dbcounter.py:115}}
Apr 02 09:20:10.219549 np0000162844 neutron-periodic-workers[103864]: DEBUG oslo.service.backend._threading.loopingcall [None req-66ed9d28-8d7b-4770-aba5-b87b6cae0bfb None None] Fixed interval looping call 'neutron.plugins.ml2.plugin.DhcpAgentSchedulerDbMixin.remove_networks_from_down_agents' sleeping for 36.99 seconds {{(pid=103864) _run_loop /opt/stack/data/venv/lib/python3.12/site-packages/oslo_service/backend/_threading/loopingcall.py:125}}
Apr 02 09:20:19.256809 np0000162844 neutron-periodic-workers[103883]: DEBUG dbcounter [-] [103883] Writer thread running {{(pid=103883) stat_writer /opt/stack/data/venv/lib/python3.12/site-packages/dbcounter.py:102}}
Apr 02 09:20:19.259186 np0000162844 neutron-periodic-workers[103883]: DEBUG oslo.service.backend._threading.loopingcall [None req-211d4dc6-7c3d-4399-8bb5-ea7d470b3202 None None] Fixed interval looping call 'neutron.db.quota.driver_nolock.DbQuotaNoLockDriver._remove_expired_reservations' sleeping for 119.98 seconds {{(pid=103883) _run_loop /opt/stack/data/venv/lib/python3.12/site-packages/oslo_service/backend/_threading/loopingcall.py:125}}
Apr 02 09:20:20.215931 np0000162844 neutron-periodic-workers[103864]: DEBUG dbcounter [-] [103864] Writing DB stats neutron:SELECT=3 {{(pid=103864) stat_writer /opt/stack/data/venv/lib/python3.12/site-packages/dbcounter.py:115}}
Apr 02 09:20:21.233233 np0000162844 neutron-periodic-workers[103873]: DEBUG neutron.db.agents_db [None req-843dc58e-35bb-4e3e-b94c-d4f5ac163c45 None None] Agent healthcheck: found 0 active agents {{(pid=103873) agent_health_check /opt/stack/neutron/neutron/db/agents_db.py:317}}
Apr 02 09:20:21.233982 np0000162844 neutron-periodic-workers[103873]: DEBUG oslo.service.backend._threading.loopingcall [None req-843dc58e-35bb-4e3e-b94c-d4f5ac163c45 None None] Fixed interval looping call 'neutron.plugins.ml2.plugin.AgentDbMixin.agent_health_check' sleeping for 36.99 seconds {{(pid=103873) _run_loop /opt/stack/data/venv/lib/python3.12/site-packages/oslo_service/backend/_threading/loopingcall.py:125}}
Apr 02 09:20:29.257586 np0000162844 neutron-periodic-workers[103883]: DEBUG dbcounter [-] [103883] Writing DB stats neutron:DELETE=1 {{(pid=103883) stat_writer /opt/stack/data/venv/lib/python3.12/site-packages/dbcounter.py:115}}
Apr 02 09:20:31.231598 np0000162844 neutron-periodic-workers[103873]: DEBUG dbcounter [-] [103873] Writing DB stats neutron:SELECT=1 {{(pid=103873) stat_writer /opt/stack/data/venv/lib/python3.12/site-packages/dbcounter.py:115}}
Apr 02 09:20:47.218329 np0000162844 neutron-periodic-workers[103864]: DEBUG oslo.service.backend._threading.loopingcall [None req-66ed9d28-8d7b-4770-aba5-b87b6cae0bfb None None] Fixed interval looping call 'neutron.plugins.ml2.plugin.DhcpAgentSchedulerDbMixin.remove_networks_from_down_agents' sleeping for 36.99 seconds {{(pid=103864) _run_loop /opt/stack/data/venv/lib/python3.12/site-packages/oslo_service/backend/_threading/loopingcall.py:125}}
Apr 02 09:20:57.217446 np0000162844 neutron-periodic-workers[103864]: DEBUG dbcounter [-] [103864] Writing DB stats neutron:SELECT=3 {{(pid=103864) stat_writer /opt/stack/data/venv/lib/python3.12/site-packages/dbcounter.py:115}}
Apr 02 09:20:58.231032 np0000162844 neutron-periodic-workers[103873]: DEBUG neutron.db.agents_db [None req-843dc58e-35bb-4e3e-b94c-d4f5ac163c45 None None] Agent healthcheck: found 0 active agents {{(pid=103873) agent_health_check /opt/stack/neutron/neutron/db/agents_db.py:317}}
Apr 02 09:20:58.231875 np0000162844 neutron-periodic-workers[103873]: DEBUG oslo.service.backend._threading.loopingcall [None req-843dc58e-35bb-4e3e-b94c-d4f5ac163c45 None None] Fixed interval looping call 'neutron.plugins.ml2.plugin.AgentDbMixin.agent_health_check' sleeping for 36.99 seconds {{(pid=103873) _run_loop /opt/stack/data/venv/lib/python3.12/site-packages/oslo_service/backend/_threading/loopingcall.py:125}}
Apr 02 09:21:08.229056 np0000162844 neutron-periodic-workers[103873]: DEBUG dbcounter [-] [103873] Writing DB stats neutron:SELECT=1 {{(pid=103873) stat_writer /opt/stack/data/venv/lib/python3.12/site-packages/dbcounter.py:115}}
Apr 02 09:21:24.221797 np0000162844 neutron-periodic-workers[103864]: DEBUG oslo.service.backend._threading.loopingcall [None req-66ed9d28-8d7b-4770-aba5-b87b6cae0bfb None None] Fixed interval looping call 'neutron.plugins.ml2.plugin.DhcpAgentSchedulerDbMixin.remove_networks_from_down_agents' sleeping for 36.99 seconds {{(pid=103864) _run_loop /opt/stack/data/venv/lib/python3.12/site-packages/oslo_service/backend/_threading/loopingcall.py:125}}
Apr 02 09:21:34.220250 np0000162844 neutron-periodic-workers[103864]: DEBUG dbcounter [-] [103864] Writing DB stats neutron:SELECT=3 {{(pid=103864) stat_writer /opt/stack/data/venv/lib/python3.12/site-packages/dbcounter.py:115}}
Apr 02 09:21:35.228463 np0000162844 neutron-periodic-workers[103873]: DEBUG neutron.db.agents_db [None req-843dc58e-35bb-4e3e-b94c-d4f5ac163c45 None None] Agent healthcheck: found 0 active agents {{(pid=103873) agent_health_check /opt/stack/neutron/neutron/db/agents_db.py:317}}
Apr 02 09:21:35.229211 np0000162844 neutron-periodic-workers[103873]: DEBUG oslo.service.backend._threading.loopingcall [None req-843dc58e-35bb-4e3e-b94c-d4f5ac163c45 None None] Fixed interval looping call 'neutron.plugins.ml2.plugin.AgentDbMixin.agent_health_check' sleeping for 36.99 seconds {{(pid=103873) _run_loop /opt/stack/data/venv/lib/python3.12/site-packages/oslo_service/backend/_threading/loopingcall.py:125}}
Apr 02 09:21:45.225722 np0000162844 neutron-periodic-workers[103873]: DEBUG dbcounter [-] [103873] Writing DB stats neutron:SELECT=1 {{(pid=103873) stat_writer /opt/stack/data/venv/lib/python3.12/site-packages/dbcounter.py:115}}
Apr 02 09:21:48.294025 np0000162844 neutron-periodic-workers[103894]: DEBUG dbcounter [-] [103894] Writer thread running {{(pid=103894) stat_writer /opt/stack/data/venv/lib/python3.12/site-packages/dbcounter.py:102}}
Apr 02 09:21:48.310186 np0000162844 neutron-periodic-workers[103894]: DEBUG oslo.service.backend._threading.loopingcall [None req-29df84bc-dfe0-4015-9804-6738ba98c347 None None] Fixed interval looping call 'neutron.services.ovn_l3.plugin.L3_NAT_dbonly_mixin._clean_garbage' sleeping for 299.95 seconds {{(pid=103894) _run_loop /opt/stack/data/venv/lib/python3.12/site-packages/oslo_service/backend/_threading/loopingcall.py:125}}
Apr 02 09:21:58.296230 np0000162844 neutron-periodic-workers[103894]: DEBUG dbcounter [-] [103894] Writing DB stats neutron:SELECT=1 {{(pid=103894) stat_writer /opt/stack/data/venv/lib/python3.12/site-packages/dbcounter.py:115}}
Apr 02 09:22:01.222951 np0000162844 neutron-periodic-workers[103864]: DEBUG oslo.service.backend._threading.loopingcall [None req-66ed9d28-8d7b-4770-aba5-b87b6cae0bfb None None] Fixed interval looping call 'neutron.plugins.ml2.plugin.DhcpAgentSchedulerDbMixin.remove_networks_from_down_agents' sleeping for 36.99 seconds {{(pid=103864) _run_loop /opt/stack/data/venv/lib/python3.12/site-packages/oslo_service/backend/_threading/loopingcall.py:125}}
Apr 02 09:22:11.221731 np0000162844 neutron-periodic-workers[103864]: DEBUG dbcounter [-] [103864] Writing DB stats neutron:SELECT=3 {{(pid=103864) stat_writer /opt/stack/data/venv/lib/python3.12/site-packages/dbcounter.py:115}}
Apr 02 09:22:12.225072 np0000162844 neutron-periodic-workers[103873]: DEBUG neutron.db.agents_db [None req-843dc58e-35bb-4e3e-b94c-d4f5ac163c45 None None] Agent healthcheck: found 0 active agents {{(pid=103873) agent_health_check /opt/stack/neutron/neutron/db/agents_db.py:317}}
Apr 02 09:22:12.225588 np0000162844 neutron-periodic-workers[103873]: DEBUG oslo.service.backend._threading.loopingcall [None req-843dc58e-35bb-4e3e-b94c-d4f5ac163c45 None None] Fixed interval looping call 'neutron.plugins.ml2.plugin.AgentDbMixin.agent_health_check' sleeping for 36.99 seconds {{(pid=103873) _run_loop /opt/stack/data/venv/lib/python3.12/site-packages/oslo_service/backend/_threading/loopingcall.py:125}}
Apr 02 09:22:19.245525 np0000162844 neutron-periodic-workers[103883]: DEBUG oslo.service.backend._threading.loopingcall [None req-211d4dc6-7c3d-4399-8bb5-ea7d470b3202 None None] Fixed interval looping call 'neutron.db.quota.driver_nolock.DbQuotaNoLockDriver._remove_expired_reservations' sleeping for 119.99 seconds {{(pid=103883) _run_loop /opt/stack/data/venv/lib/python3.12/site-packages/oslo_service/backend/_threading/loopingcall.py:125}}
Apr 02 09:22:22.223846 np0000162844 neutron-periodic-workers[103873]: DEBUG dbcounter [-] [103873] Writing DB stats neutron:SELECT=1 {{(pid=103873) stat_writer /opt/stack/data/venv/lib/python3.12/site-packages/dbcounter.py:115}}
Apr 02 09:22:29.244383 np0000162844 neutron-periodic-workers[103883]: DEBUG dbcounter [-] [103883] Writing DB stats neutron:DELETE=1 {{(pid=103883) stat_writer /opt/stack/data/venv/lib/python3.12/site-packages/dbcounter.py:115}}
Apr 02 09:22:38.223595 np0000162844 neutron-periodic-workers[103864]: DEBUG oslo.service.backend._threading.loopingcall [None req-66ed9d28-8d7b-4770-aba5-b87b6cae0bfb None None] Fixed interval looping call 'neutron.plugins.ml2.plugin.DhcpAgentSchedulerDbMixin.remove_networks_from_down_agents' sleeping for 36.99 seconds {{(pid=103864) _run_loop /opt/stack/data/venv/lib/python3.12/site-packages/oslo_service/backend/_threading/loopingcall.py:125}}
Apr 02 09:22:48.221945 np0000162844 neutron-periodic-workers[103864]: DEBUG dbcounter [-] [103864] Writing DB stats neutron:SELECT=3 {{(pid=103864) stat_writer /opt/stack/data/venv/lib/python3.12/site-packages/dbcounter.py:115}}
Apr 02 09:22:49.220449 np0000162844 neutron-periodic-workers[103873]: DEBUG neutron.db.agents_db [None req-843dc58e-35bb-4e3e-b94c-d4f5ac163c45 None None] Agent healthcheck: found 0 active agents {{(pid=103873) agent_health_check /opt/stack/neutron/neutron/db/agents_db.py:317}}
Apr 02 09:22:49.221110 np0000162844 neutron-periodic-workers[103873]: DEBUG oslo.service.backend._threading.loopingcall [None req-843dc58e-35bb-4e3e-b94c-d4f5ac163c45 None None] Fixed interval looping call 'neutron.plugins.ml2.plugin.AgentDbMixin.agent_health_check' sleeping for 36.99 seconds {{(pid=103873) _run_loop /opt/stack/data/venv/lib/python3.12/site-packages/oslo_service/backend/_threading/loopingcall.py:125}}
Apr 02 09:22:59.219433 np0000162844 neutron-periodic-workers[103873]: DEBUG dbcounter [-] [103873] Writing DB stats neutron:SELECT=1 {{(pid=103873) stat_writer /opt/stack/data/venv/lib/python3.12/site-packages/dbcounter.py:115}}
Apr 02 09:23:15.224274 np0000162844 neutron-periodic-workers[103864]: DEBUG oslo.service.backend._threading.loopingcall [None req-66ed9d28-8d7b-4770-aba5-b87b6cae0bfb None None] Fixed interval looping call 'neutron.plugins.ml2.plugin.DhcpAgentSchedulerDbMixin.remove_networks_from_down_agents' sleeping for 36.99 seconds {{(pid=103864) _run_loop /opt/stack/data/venv/lib/python3.12/site-packages/oslo_service/backend/_threading/loopingcall.py:125}}
Apr 02 09:23:25.222824 np0000162844 neutron-periodic-workers[103864]: DEBUG dbcounter [-] [103864] Writing DB stats neutron:SELECT=3 {{(pid=103864) stat_writer /opt/stack/data/venv/lib/python3.12/site-packages/dbcounter.py:115}}
Apr 02 09:23:26.215447 np0000162844 neutron-periodic-workers[103873]: DEBUG neutron.db.agents_db [None req-843dc58e-35bb-4e3e-b94c-d4f5ac163c45 None None] Agent healthcheck: found 0 active agents {{(pid=103873) agent_health_check /opt/stack/neutron/neutron/db/agents_db.py:317}}
Apr 02 09:23:26.216025 np0000162844 neutron-periodic-workers[103873]: DEBUG oslo.service.backend._threading.loopingcall [None req-843dc58e-35bb-4e3e-b94c-d4f5ac163c45 None None] Fixed interval looping call 'neutron.plugins.ml2.plugin.AgentDbMixin.agent_health_check' sleeping for 37.00 seconds {{(pid=103873) _run_loop /opt/stack/data/venv/lib/python3.12/site-packages/oslo_service/backend/_threading/loopingcall.py:125}}
Apr 02 09:23:36.214147 np0000162844 neutron-periodic-workers[103873]: DEBUG dbcounter [-] [103873] Writing DB stats neutron:SELECT=1 {{(pid=103873) stat_writer /opt/stack/data/venv/lib/python3.12/site-packages/dbcounter.py:115}}
Apr 02 09:23:52.223591 np0000162844 neutron-periodic-workers[103864]: DEBUG oslo.service.backend._threading.loopingcall [None req-66ed9d28-8d7b-4770-aba5-b87b6cae0bfb None None] Fixed interval looping call 'neutron.plugins.ml2.plugin.DhcpAgentSchedulerDbMixin.remove_networks_from_down_agents' sleeping for 36.99 seconds {{(pid=103864) _run_loop /opt/stack/data/venv/lib/python3.12/site-packages/oslo_service/backend/_threading/loopingcall.py:125}}
Apr 02 09:24:02.236236 np0000162844 neutron-periodic-workers[103864]: DEBUG dbcounter [-] [103864] Writing DB stats neutron:SELECT=3 {{(pid=103864) stat_writer /opt/stack/data/venv/lib/python3.12/site-packages/dbcounter.py:115}}
Apr 02 09:24:03.235778 np0000162844 neutron-periodic-workers[103873]: DEBUG neutron.db.agents_db [None req-843dc58e-35bb-4e3e-b94c-d4f5ac163c45 None None] Agent healthcheck: found 0 active agents {{(pid=103873) agent_health_check /opt/stack/neutron/neutron/db/agents_db.py:317}}
Apr 02 09:24:03.236329 np0000162844 neutron-periodic-workers[103873]: DEBUG oslo.service.backend._threading.loopingcall [None req-843dc58e-35bb-4e3e-b94c-d4f5ac163c45 None None] Fixed interval looping call 'neutron.plugins.ml2.plugin.AgentDbMixin.agent_health_check' sleeping for 36.98 seconds {{(pid=103873) _run_loop /opt/stack/data/venv/lib/python3.12/site-packages/oslo_service/backend/_threading/loopingcall.py:125}}
Apr 02 09:24:13.232869 np0000162844 neutron-periodic-workers[103873]: DEBUG dbcounter [-] [103873] Writing DB stats neutron:SELECT=1 {{(pid=103873) stat_writer /opt/stack/data/venv/lib/python3.12/site-packages/dbcounter.py:115}}
Apr 02 09:24:19.243709 np0000162844 neutron-periodic-workers[103883]: DEBUG oslo.service.backend._threading.loopingcall [None req-211d4dc6-7c3d-4399-8bb5-ea7d470b3202 None None] Fixed interval looping call 'neutron.db.quota.driver_nolock.DbQuotaNoLockDriver._remove_expired_reservations' sleeping for 119.99 seconds {{(pid=103883) _run_loop /opt/stack/data/venv/lib/python3.12/site-packages/oslo_service/backend/_threading/loopingcall.py:125}}
Apr 02 09:24:29.225393 np0000162844 neutron-periodic-workers[103864]: DEBUG oslo.service.backend._threading.loopingcall [None req-66ed9d28-8d7b-4770-aba5-b87b6cae0bfb None None] Fixed interval looping call 'neutron.plugins.ml2.plugin.DhcpAgentSchedulerDbMixin.remove_networks_from_down_agents' sleeping for 36.99 seconds {{(pid=103864) _run_loop /opt/stack/data/venv/lib/python3.12/site-packages/oslo_service/backend/_threading/loopingcall.py:125}}
Apr 02 09:24:29.240764 np0000162844 neutron-periodic-workers[103883]: DEBUG dbcounter [-] [103883] Writing DB stats neutron:DELETE=1 {{(pid=103883) stat_writer /opt/stack/data/venv/lib/python3.12/site-packages/dbcounter.py:115}}
Apr 02 09:24:39.224184 np0000162844 neutron-periodic-workers[103864]: DEBUG dbcounter [-] [103864] Writing DB stats neutron:SELECT=3 {{(pid=103864) stat_writer /opt/stack/data/venv/lib/python3.12/site-packages/dbcounter.py:115}}
Apr 02 09:24:40.223360 np0000162844 neutron-periodic-workers[103873]: DEBUG neutron.db.agents_db [None req-843dc58e-35bb-4e3e-b94c-d4f5ac163c45 None None] Agent healthcheck: found 0 active agents {{(pid=103873) agent_health_check /opt/stack/neutron/neutron/db/agents_db.py:317}}
Apr 02 09:24:40.223969 np0000162844 neutron-periodic-workers[103873]: DEBUG oslo.service.backend._threading.loopingcall [None req-843dc58e-35bb-4e3e-b94c-d4f5ac163c45 None None] Fixed interval looping call 'neutron.plugins.ml2.plugin.AgentDbMixin.agent_health_check' sleeping for 36.99 seconds {{(pid=103873) _run_loop /opt/stack/data/venv/lib/python3.12/site-packages/oslo_service/backend/_threading/loopingcall.py:125}}
Apr 02 09:24:50.219878 np0000162844 neutron-periodic-workers[103873]: DEBUG dbcounter [-] [103873] Writing DB stats neutron:SELECT=1 {{(pid=103873) stat_writer /opt/stack/data/venv/lib/python3.12/site-packages/dbcounter.py:115}}
Apr 02 09:25:06.223744 np0000162844 neutron-periodic-workers[103864]: DEBUG oslo.service.backend._threading.loopingcall [None req-66ed9d28-8d7b-4770-aba5-b87b6cae0bfb None None] Fixed interval looping call 'neutron.plugins.ml2.plugin.DhcpAgentSchedulerDbMixin.remove_networks_from_down_agents' sleeping for 36.99 seconds {{(pid=103864) _run_loop /opt/stack/data/venv/lib/python3.12/site-packages/oslo_service/backend/_threading/loopingcall.py:125}}
Apr 02 09:25:16.222668 np0000162844 neutron-periodic-workers[103864]: DEBUG dbcounter [-] [103864] Writing DB stats neutron:SELECT=3 {{(pid=103864) stat_writer /opt/stack/data/venv/lib/python3.12/site-packages/dbcounter.py:115}}
Apr 02 09:25:17.219030 np0000162844 neutron-periodic-workers[103873]: DEBUG neutron.db.agents_db [None req-843dc58e-35bb-4e3e-b94c-d4f5ac163c45 None None] Agent healthcheck: found 0 active agents {{(pid=103873) agent_health_check /opt/stack/neutron/neutron/db/agents_db.py:317}}
Apr 02 09:25:17.219614 np0000162844 neutron-periodic-workers[103873]: DEBUG oslo.service.backend._threading.loopingcall [None req-843dc58e-35bb-4e3e-b94c-d4f5ac163c45 None None] Fixed interval looping call 'neutron.plugins.ml2.plugin.AgentDbMixin.agent_health_check' sleeping for 36.99 seconds {{(pid=103873) _run_loop /opt/stack/data/venv/lib/python3.12/site-packages/oslo_service/backend/_threading/loopingcall.py:125}}
Apr 02 09:25:27.218375 np0000162844 neutron-periodic-workers[103873]: DEBUG dbcounter [-] [103873] Writing DB stats neutron:SELECT=1 {{(pid=103873) stat_writer /opt/stack/data/venv/lib/python3.12/site-packages/dbcounter.py:115}}
Apr 02 09:25:43.223744 np0000162844 neutron-periodic-workers[103864]: DEBUG oslo.service.backend._threading.loopingcall [None req-66ed9d28-8d7b-4770-aba5-b87b6cae0bfb None None] Fixed interval looping call 'neutron.plugins.ml2.plugin.DhcpAgentSchedulerDbMixin.remove_networks_from_down_agents' sleeping for 36.99 seconds {{(pid=103864) _run_loop /opt/stack/data/venv/lib/python3.12/site-packages/oslo_service/backend/_threading/loopingcall.py:125}}
Apr 02 09:25:53.222660 np0000162844 neutron-periodic-workers[103864]: DEBUG dbcounter [-] [103864] Writing DB stats neutron:SELECT=3 {{(pid=103864) stat_writer /opt/stack/data/venv/lib/python3.12/site-packages/dbcounter.py:115}}
Apr 02 09:25:54.215448 np0000162844 neutron-periodic-workers[103873]: DEBUG neutron.db.agents_db [None req-843dc58e-35bb-4e3e-b94c-d4f5ac163c45 None None] Agent healthcheck: found 0 active agents {{(pid=103873) agent_health_check /opt/stack/neutron/neutron/db/agents_db.py:317}}
Apr 02 09:25:54.216226 np0000162844 neutron-periodic-workers[103873]: DEBUG oslo.service.backend._threading.loopingcall [None req-843dc58e-35bb-4e3e-b94c-d4f5ac163c45 None None] Fixed interval looping call 'neutron.plugins.ml2.plugin.AgentDbMixin.agent_health_check' sleeping for 36.99 seconds {{(pid=103873) _run_loop /opt/stack/data/venv/lib/python3.12/site-packages/oslo_service/backend/_threading/loopingcall.py:125}}
Apr 02 09:26:04.213653 np0000162844 neutron-periodic-workers[103873]: DEBUG dbcounter [-] [103873] Writing DB stats neutron:SELECT=1 {{(pid=103873) stat_writer /opt/stack/data/venv/lib/python3.12/site-packages/dbcounter.py:115}}
Apr 02 09:26:19.240517 np0000162844 neutron-periodic-workers[103883]: DEBUG oslo.service.backend._threading.loopingcall [None req-211d4dc6-7c3d-4399-8bb5-ea7d470b3202 None None] Fixed interval looping call 'neutron.db.quota.driver_nolock.DbQuotaNoLockDriver._remove_expired_reservations' sleeping for 119.99 seconds {{(pid=103883) _run_loop /opt/stack/data/venv/lib/python3.12/site-packages/oslo_service/backend/_threading/loopingcall.py:125}}
Apr 02 09:26:20.224772 np0000162844 neutron-periodic-workers[103864]: DEBUG oslo.service.backend._threading.loopingcall [None req-66ed9d28-8d7b-4770-aba5-b87b6cae0bfb None None] Fixed interval looping call 'neutron.plugins.ml2.plugin.DhcpAgentSchedulerDbMixin.remove_networks_from_down_agents' sleeping for 36.99 seconds {{(pid=103864) _run_loop /opt/stack/data/venv/lib/python3.12/site-packages/oslo_service/backend/_threading/loopingcall.py:125}}
Apr 02 09:26:29.237621 np0000162844 neutron-periodic-workers[103883]: DEBUG dbcounter [-] [103883] Writing DB stats neutron:DELETE=1 {{(pid=103883) stat_writer /opt/stack/data/venv/lib/python3.12/site-packages/dbcounter.py:115}}
Apr 02 09:26:30.222962 np0000162844 neutron-periodic-workers[103864]: DEBUG dbcounter [-] [103864] Writing DB stats neutron:SELECT=3 {{(pid=103864) stat_writer /opt/stack/data/venv/lib/python3.12/site-packages/dbcounter.py:115}}
Apr 02 09:26:31.212948 np0000162844 neutron-periodic-workers[103873]: DEBUG neutron.db.agents_db [None req-843dc58e-35bb-4e3e-b94c-d4f5ac163c45 None None] Agent healthcheck: found 0 active agents {{(pid=103873) agent_health_check /opt/stack/neutron/neutron/db/agents_db.py:317}}
Apr 02 09:26:31.213696 np0000162844 neutron-periodic-workers[103873]: DEBUG oslo.service.backend._threading.loopingcall [None req-843dc58e-35bb-4e3e-b94c-d4f5ac163c45 None None] Fixed interval looping call 'neutron.plugins.ml2.plugin.AgentDbMixin.agent_health_check' sleeping for 36.99 seconds {{(pid=103873) _run_loop /opt/stack/data/venv/lib/python3.12/site-packages/oslo_service/backend/_threading/loopingcall.py:125}}
Apr 02 09:26:41.210106 np0000162844 neutron-periodic-workers[103873]: DEBUG dbcounter [-] [103873] Writing DB stats neutron:SELECT=1 {{(pid=103873) stat_writer /opt/stack/data/venv/lib/python3.12/site-packages/dbcounter.py:115}}
Apr 02 09:26:48.274013 np0000162844 neutron-periodic-workers[103894]: DEBUG oslo.service.backend._threading.loopingcall [None req-29df84bc-dfe0-4015-9804-6738ba98c347 None None] Fixed interval looping call 'neutron.services.ovn_l3.plugin.L3_NAT_dbonly_mixin._clean_garbage' sleeping for 299.99 seconds {{(pid=103894) _run_loop /opt/stack/data/venv/lib/python3.12/site-packages/oslo_service/backend/_threading/loopingcall.py:125}}
Apr 02 09:26:57.224160 np0000162844 neutron-periodic-workers[103864]: DEBUG oslo.service.backend._threading.loopingcall [None req-66ed9d28-8d7b-4770-aba5-b87b6cae0bfb None None] Fixed interval looping call 'neutron.plugins.ml2.plugin.DhcpAgentSchedulerDbMixin.remove_networks_from_down_agents' sleeping for 36.99 seconds {{(pid=103864) _run_loop /opt/stack/data/venv/lib/python3.12/site-packages/oslo_service/backend/_threading/loopingcall.py:125}}
Apr 02 09:26:58.264395 np0000162844 neutron-periodic-workers[103894]: DEBUG dbcounter [-] [103894] Writing DB stats neutron:SELECT=1 {{(pid=103894) stat_writer /opt/stack/data/venv/lib/python3.12/site-packages/dbcounter.py:115}}
Apr 02 09:27:07.223236 np0000162844 neutron-periodic-workers[103864]: DEBUG dbcounter [-] [103864] Writing DB stats neutron:SELECT=3 {{(pid=103864) stat_writer /opt/stack/data/venv/lib/python3.12/site-packages/dbcounter.py:115}}
Apr 02 09:27:08.208937 np0000162844 neutron-periodic-workers[103873]: DEBUG neutron.db.agents_db [None req-843dc58e-35bb-4e3e-b94c-d4f5ac163c45 None None] Agent healthcheck: found 0 active agents {{(pid=103873) agent_health_check /opt/stack/neutron/neutron/db/agents_db.py:317}}
Apr 02 09:27:08.208937 np0000162844 neutron-periodic-workers[103873]: DEBUG oslo.service.backend._threading.loopingcall [None req-843dc58e-35bb-4e3e-b94c-d4f5ac163c45 None None] Fixed interval looping call 'neutron.plugins.ml2.plugin.AgentDbMixin.agent_health_check' sleeping for 36.99 seconds {{(pid=103873) _run_loop /opt/stack/data/venv/lib/python3.12/site-packages/oslo_service/backend/_threading/loopingcall.py:125}}
Apr 02 09:27:18.207442 np0000162844 neutron-periodic-workers[103873]: DEBUG dbcounter [-] [103873] Writing DB stats neutron:SELECT=1 {{(pid=103873) stat_writer /opt/stack/data/venv/lib/python3.12/site-packages/dbcounter.py:115}}
Apr 02 09:27:34.223049 np0000162844 neutron-periodic-workers[103864]: DEBUG oslo.service.backend._threading.loopingcall [None req-66ed9d28-8d7b-4770-aba5-b87b6cae0bfb None None] Fixed interval looping call 'neutron.plugins.ml2.plugin.DhcpAgentSchedulerDbMixin.remove_networks_from_down_agents' sleeping for 36.99 seconds {{(pid=103864) _run_loop /opt/stack/data/venv/lib/python3.12/site-packages/oslo_service/backend/_threading/loopingcall.py:125}}
Apr 02 09:27:44.222093 np0000162844 neutron-periodic-workers[103864]: DEBUG dbcounter [-] [103864] Writing DB stats neutron:SELECT=3 {{(pid=103864) stat_writer /opt/stack/data/venv/lib/python3.12/site-packages/dbcounter.py:115}}
Apr 02 09:27:45.203408 np0000162844 neutron-periodic-workers[103873]: DEBUG neutron.db.agents_db [None req-843dc58e-35bb-4e3e-b94c-d4f5ac163c45 None None] Agent healthcheck: found 0 active agents {{(pid=103873) agent_health_check /opt/stack/neutron/neutron/db/agents_db.py:317}}
Apr 02 09:27:45.212429 np0000162844 neutron-periodic-workers[103873]: DEBUG oslo.service.backend._threading.loopingcall [None req-843dc58e-35bb-4e3e-b94c-d4f5ac163c45 None None] Fixed interval looping call 'neutron.plugins.ml2.plugin.AgentDbMixin.agent_health_check' sleeping for 37.00 seconds {{(pid=103873) _run_loop /opt/stack/data/venv/lib/python3.12/site-packages/oslo_service/backend/_threading/loopingcall.py:125}}
Apr 02 09:27:55.202295 np0000162844 neutron-periodic-workers[103873]: DEBUG dbcounter [-] [103873] Writing DB stats neutron:SELECT=1 {{(pid=103873) stat_writer /opt/stack/data/venv/lib/python3.12/site-packages/dbcounter.py:115}}
Apr 02 09:28:11.222582 np0000162844 neutron-periodic-workers[103864]: DEBUG oslo.service.backend._threading.loopingcall [None req-66ed9d28-8d7b-4770-aba5-b87b6cae0bfb None None] Fixed interval looping call 'neutron.plugins.ml2.plugin.DhcpAgentSchedulerDbMixin.remove_networks_from_down_agents' sleeping for 36.99 seconds {{(pid=103864) _run_loop /opt/stack/data/venv/lib/python3.12/site-packages/oslo_service/backend/_threading/loopingcall.py:125}}
Apr 02 09:28:19.237373 np0000162844 neutron-periodic-workers[103883]: DEBUG oslo.service.backend._threading.loopingcall [None req-211d4dc6-7c3d-4399-8bb5-ea7d470b3202 None None] Fixed interval looping call 'neutron.db.quota.driver_nolock.DbQuotaNoLockDriver._remove_expired_reservations' sleeping for 119.99 seconds {{(pid=103883) _run_loop /opt/stack/data/venv/lib/python3.12/site-packages/oslo_service/backend/_threading/loopingcall.py:125}}
Apr 02 09:28:21.221472 np0000162844 neutron-periodic-workers[103864]: DEBUG dbcounter [-] [103864] Writing DB stats neutron:SELECT=3 {{(pid=103864) stat_writer /opt/stack/data/venv/lib/python3.12/site-packages/dbcounter.py:115}}
Apr 02 09:28:22.211012 np0000162844 neutron-periodic-workers[103873]: DEBUG neutron.db.agents_db [None req-843dc58e-35bb-4e3e-b94c-d4f5ac163c45 None None] Agent healthcheck: found 0 active agents {{(pid=103873) agent_health_check /opt/stack/neutron/neutron/db/agents_db.py:317}}
