2026-02-26 20:18:07.714 10 WARNING neutron.api.rpc.agentnotifiers.dhcp_rpc_agent_api [None req-9f14af70-6c7e-438a-8364-0fe838545dcd 066a093a8f6040318d1076b890bc95c0 41bcf272e5b44a32b897457135b1bba2 - - default default] Unable to schedule network bbf2e174-651c-4296-bc84-434c3e7e3aa4: no agents available; will retry on subsequent port and subnet creation events.
2026-02-26 20:18:08.201 9 INFO neutron.wsgi [None req-0971e42a-8db0-474c-95bd-a077d2027fd6 e152014a40ec4b498b0955a2fe60add5 4b0a14db54c34f65a634aa8260520256 - - default default] 10.0.0.10 "DELETE /v2.0/networks/4f24eb6a-c4f4-4686-8028-59106c81dac0 HTTP/1.1" status: 204 len: 168 time: 0.8192005
2026-02-26 20:18:08.290 10 INFO neutron.db.ovn_revision_numbers_db [None req-9f14af70-6c7e-438a-8364-0fe838545dcd 066a093a8f6040318d1076b890bc95c0 41bcf272e5b44a32b897457135b1bba2 - - default default] Successfully bumped revision number for resource 0d9c7b6e-e7e4-48c2-91b8-bc26a8119f00 (type: ports) to 2
2026-02-26 20:18:08.314 10 INFO neutron.db.ovn_revision_numbers_db [None req-815e3f19-f2dd-4662-8dbc-57b36d70b0e5 e3c0bfc700924ce084421af3fee0b456 7bb10ce3ad284bc88eb9ea9068dbeb21 - - default default] Successfully bumped revision number for resource 3744f478-9cf3-4c5b-be09-6855b154ca9f (type: security_groups) to 1
2026-02-26 20:18:08.338 10 INFO neutron.db.ovn_revision_numbers_db [None req-815e3f19-f2dd-4662-8dbc-57b36d70b0e5 e3c0bfc700924ce084421af3fee0b456 7bb10ce3ad284bc88eb9ea9068dbeb21 - - default default] Successfully bumped revision number for resource 04c241af-5f10-4ec4-b0ec-33a3340fca9d (type: security_group_rules) to 0
2026-02-26 20:18:08.343 10 INFO neutron.db.ovn_revision_numbers_db [None req-9f14af70-6c7e-438a-8364-0fe838545dcd 066a093a8f6040318d1076b890bc95c0 41bcf272e5b44a32b897457135b1bba2 - - default default] Successfully bumped revision number for resource 3687bdb8-7aad-487b-abb8-7f945924407b (type: subnets) to 0
2026-02-26 20:18:08.360 10 INFO neutron.db.ovn_revision_numbers_db [None req-815e3f19-f2dd-4662-8dbc-57b36d70b0e5 e3c0bfc700924ce084421af3fee0b456 7bb10ce3ad284bc88eb9ea9068dbeb21 - - default default] Successfully bumped revision number for resource 147bd5fd-b307-4b80-97b0-2b4e9bd4718c (type: security_group_rules) to 0
2026-02-26 20:18:08.364 10 INFO neutron.wsgi [None req-9f14af70-6c7e-438a-8364-0fe838545dcd 066a093a8f6040318d1076b890bc95c0 41bcf272e5b44a32b897457135b1bba2 - - default default] 10.0.0.10 "POST /v2.0/subnets HTTP/1.1" status: 201 len: 831 time: 0.9151795
2026-02-26 20:18:08.381 10 INFO neutron.db.ovn_revision_numbers_db [None req-815e3f19-f2dd-4662-8dbc-57b36d70b0e5 e3c0bfc700924ce084421af3fee0b456 7bb10ce3ad284bc88eb9ea9068dbeb21 - - default default] Successfully bumped revision number for resource 3b1b0eb3-fd90-43a6-acea-5cd392c35e71 (type: security_group_rules) to 0
2026-02-26 20:18:08.417 10 INFO neutron.services.segments.plugin [-] Segment dc66784b-c0b6-40d2-94ec-74bac69bfc15 resource provider aggregate not found
2026-02-26 20:18:08.424 10 INFO neutron.services.segments.plugin [-] Segment dc66784b-c0b6-40d2-94ec-74bac69bfc15 resource provider aggregate not found
2026-02-26 20:18:08.430 10 INFO neutron.db.ovn_revision_numbers_db [None req-815e3f19-f2dd-4662-8dbc-57b36d70b0e5 e3c0bfc700924ce084421af3fee0b456 7bb10ce3ad284bc88eb9ea9068dbeb21 - - default default] Successfully bumped revision number for resource 6f1efb39-3673-40bc-af4c-2b182a919b4d (type: security_group_rules) to 0
2026-02-26 20:18:08.442 10 INFO neutron.services.segments.plugin [-] Segment dc66784b-c0b6-40d2-94ec-74bac69bfc15 resource provider not found; error: Placement Client Error (4xx): {"errors": [{"status": 404, "title": "Not Found", "detail": "The resource could not be found.\n\n No resource provider with uuid dc66784b-c0b6-40d2-94ec-74bac69bfc15 found for delete ", "request_id": "req-9322677f-b104-4458-afa0-471128697db8"}]}
2026-02-26 20:18:08.451 10 INFO neutron.services.segments.plugin [-] Segment dc66784b-c0b6-40d2-94ec-74bac69bfc15 resource provider not found; error: Placement Client Error (4xx): {"errors": [{"status": 404, "title": "Not Found", "detail": "The resource could not be found.\n\n No resource provider with uuid dc66784b-c0b6-40d2-94ec-74bac69bfc15 found for delete ", "request_id": "req-8d0e221a-3c7d-467f-9aa3-8bdf9e78f45a"}]}
2026-02-26 20:18:08.470 10 INFO neutron.services.segments.plugin [-] Segment 1c127c00-cd81-4819-9622-eb0b6562ab09 resource provider aggregate not found
2026-02-26 20:18:08.481 10 INFO neutron.services.segments.plugin [-] Segment 1c127c00-cd81-4819-9622-eb0b6562ab09 resource provider aggregate not found
2026-02-26 20:18:08.489 10 INFO neutron.services.segments.plugin [-] Segment 1c127c00-cd81-4819-9622-eb0b6562ab09 resource provider not found; error: Placement Client Error (4xx): {"errors": [{"status": 404, "title": "Not Found", "detail": "The resource could not be found.\n\n No resource provider with uuid 1c127c00-cd81-4819-9622-eb0b6562ab09 found for delete ", "request_id": "req-da7f4137-5b3d-4a10-b3dd-81cea748e147"}]}
2026-02-26 20:18:08.492 10 INFO neutron.wsgi [None req-815e3f19-f2dd-4662-8dbc-57b36d70b0e5 e3c0bfc700924ce084421af3fee0b456 7bb10ce3ad284bc88eb9ea9068dbeb21 - - default default] 10.0.0.10 "GET /v2.0/security-groups?tenant_id=07c2c99b1af64b6389b2ea4c36741b6c&name=default HTTP/1.1" status: 200 len: 2996 time: 0.5487087
2026-02-26 20:18:08.502 10 INFO neutron.services.segments.plugin [-] Segment 1c127c00-cd81-4819-9622-eb0b6562ab09 resource provider not found; error: Placement Client Error (4xx): {"errors": [{"status": 404, "title": "Not Found", "detail": "The resource could not be found.\n\n No resource provider with uuid 1c127c00-cd81-4819-9622-eb0b6562ab09 found for delete ", "request_id": "req-12e40724-0682-4d5e-aa0f-d9d162fcb3a9"}]}
2026-02-26 20:18:08.741 9 WARNING neutron.scheduler.dhcp_agent_scheduler [None req-bca8bf03-721b-404f-a5ec-11f60adb5e2b 066a093a8f6040318d1076b890bc95c0 41bcf272e5b44a32b897457135b1bba2 - - default default] No more DHCP agents
2026-02-26 20:18:08.747 9 WARNING neutron.api.rpc.agentnotifiers.dhcp_rpc_agent_api [None req-bca8bf03-721b-404f-a5ec-11f60adb5e2b 066a093a8f6040318d1076b890bc95c0 41bcf272e5b44a32b897457135b1bba2 - - default default] Unable to schedule network bbf2e174-651c-4296-bc84-434c3e7e3aa4: no agents available; will retry on subsequent port and subnet creation events.
2026-02-26 20:18:08.756 10 INFO neutron.wsgi [None req-c9a86698-5381-446e-8223-350ea6a81f85 e3c0bfc700924ce084421af3fee0b456 7bb10ce3ad284bc88eb9ea9068dbeb21 - - default default] 10.0.0.10 "DELETE /v2.0/security-groups/3744f478-9cf3-4c5b-be09-6855b154ca9f HTTP/1.1" status: 204 len: 168 time: 0.2588778
2026-02-26 20:18:08.768 10 INFO neutron.wsgi [None req-365c9fdf-2c57-4b46-8b70-23b7a730c397 e152014a40ec4b498b0955a2fe60add5 4b0a14db54c34f65a634aa8260520256 - - default default] 10.0.0.10 "DELETE /v2.0/networks/988a8980-8e92-4cba-84c6-1020984257e3 HTTP/1.1" status: 204 len: 168 time: 0.5607827
2026-02-26 20:18:08.782 9 INFO neutron.db.ovn_revision_numbers_db [None req-bca8bf03-721b-404f-a5ec-11f60adb5e2b 066a093a8f6040318d1076b890bc95c0 41bcf272e5b44a32b897457135b1bba2 - - default default] Successfully bumped revision number for resource f67d411c-e546-448e-b55d-f02e0547aa62 (type: subnets) to 0
2026-02-26 20:18:08.804 9 INFO neutron.wsgi [None req-bca8bf03-721b-404f-a5ec-11f60adb5e2b 066a093a8f6040318d1076b890bc95c0 41bcf272e5b44a32b897457135b1bba2 - - default default] 10.0.0.10 "POST /v2.0/subnets HTTP/1.1" status: 201 len: 900 time: 0.4325585
2026-02-26 20:18:08.907 9 INFO neutron.wsgi [None req-16073b35-5b6b-469d-9477-8a8d31d7daf6 e3c0bfc700924ce084421af3fee0b456 7bb10ce3ad284bc88eb9ea9068dbeb21 - - default default] 10.0.0.10 "GET /v2.0/security-groups?tenant_id=f3a5688498064fd6b362810703fd354b&name=default HTTP/1.1" status: 200 len: 2996 time: 0.0408947
2026-02-26 20:18:08.908 9 INFO neutron.db.segments_db [None req-34a7a1bf-023a-4384-ba40-725182469321 066a093a8f6040318d1076b890bc95c0 41bcf272e5b44a32b897457135b1bba2 - - default default] Added segment 2017758a-2b64-48bc-8552-2e58026da584 of type geneve for network 3206cd20-b6c5-4c70-9c19-2377bc8f118d
2026-02-26 20:18:09.091 9 INFO neutron.db.ovn_revision_numbers_db [None req-34a7a1bf-023a-4384-ba40-725182469321 066a093a8f6040318d1076b890bc95c0 41bcf272e5b44a32b897457135b1bba2 - - default default] Successfully bumped revision number for resource 3206cd20-b6c5-4c70-9c19-2377bc8f118d (type: networks) to 1
2026-02-26 20:18:09.104 9 INFO neutron.services.segments.plugin [-] Segment 7dbff7af-d919-4a05-be89-461c5ae5f38f resource provider aggregate not found
2026-02-26 20:18:09.123 9 INFO neutron.services.segments.plugin [-] Segment 7dbff7af-d919-4a05-be89-461c5ae5f38f resource provider not found; error: Placement Client Error (4xx): {"errors": [{"status": 404, "title": "Not Found", "detail": "The resource could not be found.\n\n No resource provider with uuid 7dbff7af-d919-4a05-be89-461c5ae5f38f found for delete ", "request_id": "req-23416780-c0f4-4690-b766-ba53a26b0470"}]}
2026-02-26 20:18:09.128 9 INFO neutron.services.segments.plugin [-] Segment 7dbff7af-d919-4a05-be89-461c5ae5f38f resource provider aggregate not found
2026-02-26 20:18:09.141 10 INFO neutron.wsgi [None req-587df183-9591-434b-b9fc-ceb5b572d04f e3c0bfc700924ce084421af3fee0b456 7bb10ce3ad284bc88eb9ea9068dbeb21 - - default default] 10.0.0.10 "DELETE /v2.0/security-groups/a7621c65-8f50-45c5-aa09-53c0c256a48e HTTP/1.1" status: 204 len: 168 time: 0.2268374
2026-02-26 20:18:09.142 9 INFO neutron.services.segments.plugin [-] Segment d2f6f1ac-fc6a-4895-a2b1-48f59f48dad9 resource provider aggregate not found
2026-02-26 20:18:09.147 9 INFO neutron.services.segments.plugin [-] Segment 7dbff7af-d919-4a05-be89-461c5ae5f38f resource provider not found; error: Placement Client Error (4xx): {"errors": [{"status": 404, "title": "Not Found", "detail": "The resource could not be found.\n\n No resource provider with uuid 7dbff7af-d919-4a05-be89-461c5ae5f38f found for delete ", "request_id": "req-cf886cd2-48d7-49b6-83b4-e6aca06a61ee"}]}
2026-02-26 20:18:09.155 9 INFO neutron.services.segments.plugin [-] Segment d2f6f1ac-fc6a-4895-a2b1-48f59f48dad9 resource provider not found; error: Placement Client Error (4xx): {"errors": [{"status": 404, "title": "Not Found", "detail": "The resource could not be found.\n\n No resource provider with uuid d2f6f1ac-fc6a-4895-a2b1-48f59f48dad9 found for delete ", "request_id": "req-139ea6b6-dea8-4ffe-9c17-0fed7241ceb3"}]}
2026-02-26 20:18:09.164 9 INFO neutron.services.segments.plugin [-] Segment d2f6f1ac-fc6a-4895-a2b1-48f59f48dad9 resource provider aggregate not found
2026-02-26 20:18:09.180 9 INFO neutron.services.segments.plugin [-] Segment d2f6f1ac-fc6a-4895-a2b1-48f59f48dad9 resource provider not found; error: Placement Client Error (4xx): {"errors": [{"status": 404, "title": "Not Found", "detail": "The resource could not be found.\n\n No resource provider with uuid d2f6f1ac-fc6a-4895-a2b1-48f59f48dad9 found for delete ", "request_id": "req-09e75c7e-2f15-422a-b683-54ecfe59533d"}]}
2026-02-26 20:18:09.347 9 WARNING neutron.scheduler.dhcp_agent_scheduler [None req-34a7a1bf-023a-4384-ba40-725182469321 066a093a8f6040318d1076b890bc95c0 41bcf272e5b44a32b897457135b1bba2 - - default default] No more DHCP agents
2026-02-26 20:18:09.351 9 WARNING neutron.api.rpc.agentnotifiers.dhcp_rpc_agent_api [None req-34a7a1bf-023a-4384-ba40-725182469321 066a093a8f6040318d1076b890bc95c0 41bcf272e5b44a32b897457135b1bba2 - - default default] Unable to schedule network 3206cd20-b6c5-4c70-9c19-2377bc8f118d: no agents available; will retry on subsequent port and subnet creation events.
2026-02-26 20:18:09.429 9 INFO neutron.db.ovn_revision_numbers_db [None req-34a7a1bf-023a-4384-ba40-725182469321 066a093a8f6040318d1076b890bc95c0 41bcf272e5b44a32b897457135b1bba2 - - default default] Successfully bumped revision number for resource 94b740b6-8eb4-44bd-a27a-46aa211b7411 (type: ports) to 1
2026-02-26 20:18:09.450 9 INFO neutron.wsgi [None req-34a7a1bf-023a-4384-ba40-725182469321 066a093a8f6040318d1076b890bc95c0 41bcf272e5b44a32b897457135b1bba2 - - default default] 10.0.0.10 "POST /v2.0/networks HTTP/1.1" status: 201 len: 837 time: 0.6397500
2026-02-26 20:18:09.551 10 INFO neutron.db.ovn_revision_numbers_db [None req-f0afe00d-1cce-4009-8c9c-e1963aaaff93 e3c0bfc700924ce084421af3fee0b456 7bb10ce3ad284bc88eb9ea9068dbeb21 - - default default] Successfully bumped revision number for resource 0d3aafcf-2473-4259-b29f-539439f027a6 (type: security_groups) to 1
2026-02-26 20:18:09.567 10 INFO neutron.db.ovn_revision_numbers_db [None req-f0afe00d-1cce-4009-8c9c-e1963aaaff93 e3c0bfc700924ce084421af3fee0b456 7bb10ce3ad284bc88eb9ea9068dbeb21 - - default default] Successfully bumped revision number for resource 01799fa7-2336-4bb8-81f6-9382d6def646 (type: security_group_rules) to 0
2026-02-26 20:18:09.583 10 INFO neutron.db.ovn_revision_numbers_db [None req-f0afe00d-1cce-4009-8c9c-e1963aaaff93 e3c0bfc700924ce084421af3fee0b456 7bb10ce3ad284bc88eb9ea9068dbeb21 - - default default] Successfully bumped revision number for resource 0e448de1-4b19-4aad-bee0-53d92db14910 (type: security_group_rules) to 0
2026-02-26 20:18:09.597 10 INFO neutron.db.ovn_revision_numbers_db [None req-f0afe00d-1cce-4009-8c9c-e1963aaaff93 e3c0bfc700924ce084421af3fee0b456 7bb10ce3ad284bc88eb9ea9068dbeb21 - - default default] Successfully bumped revision number for resource 41fc00dc-557a-47d9-a23c-11f2d7845d2e (type: security_group_rules) to 0
2026-02-26 20:18:09.612 10 INFO neutron.db.ovn_revision_numbers_db [None req-f0afe00d-1cce-4009-8c9c-e1963aaaff93 e3c0bfc700924ce084421af3fee0b456 7bb10ce3ad284bc88eb9ea9068dbeb21 - - default default] Successfully bumped revision number for resource 65efb391-aa21-4860-8034-604b5f806b67 (type: security_group_rules) to 0
2026-02-26 20:18:09.634 10 INFO neutron.wsgi [None req-f0afe00d-1cce-4009-8c9c-e1963aaaff93 e3c0bfc700924ce084421af3fee0b456 7bb10ce3ad284bc88eb9ea9068dbeb21 - - default default] 10.0.0.10 "GET /v2.0/security-groups?tenant_id=691ca5b3fab449b0a71cf896e82370e7&name=default HTTP/1.1" status: 200 len: 2996 time: 0.1918020
2026-02-26 20:18:09.730 9 WARNING neutron.scheduler.dhcp_agent_scheduler [None req-9c520a15-a693-4a6c-8c01-30aebfda4f81 066a093a8f6040318d1076b890bc95c0 41bcf272e5b44a32b897457135b1bba2 - - default default] No more DHCP agents
2026-02-26 20:18:09.733 9 WARNING neutron.api.rpc.agentnotifiers.dhcp_rpc_agent_api [None req-9c520a15-a693-4a6c-8c01-30aebfda4f81 066a093a8f6040318d1076b890bc95c0 41bcf272e5b44a32b897457135b1bba2 - - default default] Unable to schedule network 3206cd20-b6c5-4c70-9c19-2377bc8f118d: no agents available; will retry on subsequent port and subnet creation events.
2026-02-26 20:18:09.806 9 INFO neutron.wsgi [None req-cc8c35d5-5554-4d2b-a76e-50e73d9b5da3 e3c0bfc700924ce084421af3fee0b456 7bb10ce3ad284bc88eb9ea9068dbeb21 - - default default] 10.0.0.10 "GET /v2.0/security-groups?tenant_id=4b0a14db54c34f65a634aa8260520256&name=default HTTP/1.1" status: 200 len: 2996 time: 0.2164726
2026-02-26 20:18:09.855 10 INFO neutron.wsgi [None req-f026f00a-7539-4f98-9e43-ac648cade1c9 e3c0bfc700924ce084421af3fee0b456 7bb10ce3ad284bc88eb9ea9068dbeb21 - - default default] 10.0.0.10 "DELETE /v2.0/security-groups/0d3aafcf-2473-4259-b29f-539439f027a6 HTTP/1.1" status: 204 len: 168 time: 0.2158566
2026-02-26 20:18:10.120 9 INFO neutron.wsgi [None req-a3e71aa3-4aa1-4b48-bf13-0a2ca550cc49 e3c0bfc700924ce084421af3fee0b456 7bb10ce3ad284bc88eb9ea9068dbeb21 - - default default] 10.0.0.10 "DELETE /v2.0/security-groups/19ad69d7-1ce8-4507-aece-2dc7cf861908 HTTP/1.1" status: 204 len: 168 time: 0.3089769
2026-02-26 20:18:10.278 9 INFO neutron.db.ovn_revision_numbers_db [None req-9c520a15-a693-4a6c-8c01-30aebfda4f81 066a093a8f6040318d1076b890bc95c0 41bcf272e5b44a32b897457135b1bba2 - - default default] Successfully bumped revision number for resource 94b740b6-8eb4-44bd-a27a-46aa211b7411 (type: ports) to 2
2026-02-26 20:18:10.312 9 INFO neutron.db.ovn_revision_numbers_db [None req-9c520a15-a693-4a6c-8c01-30aebfda4f81 066a093a8f6040318d1076b890bc95c0 41bcf272e5b44a32b897457135b1bba2 - - default default] Successfully bumped revision number for resource 1f8c3e6a-3a3a-49f0-b8e0-9ee0916bc178 (type: subnets) to 0
2026-02-26 20:18:10.332 9 INFO neutron.wsgi [None req-9c520a15-a693-4a6c-8c01-30aebfda4f81 066a093a8f6040318d1076b890bc95c0 41bcf272e5b44a32b897457135b1bba2 - - default default] 10.0.0.10 "POST /v2.0/subnets HTTP/1.1" status: 201 len: 830 time: 0.8769879
2026-02-26 20:18:10.416 10 INFO neutron.db.ovn_revision_numbers_db [None req-ab24f602-95f7-4c13-bb02-537a52a51dfc e3c0bfc700924ce084421af3fee0b456 7bb10ce3ad284bc88eb9ea9068dbeb21 - - default default] Successfully bumped revision number for resource 7e3ba0f2-fae0-4f6b-a51a-f1657e2d9a6e (type: security_groups) to 1
2026-02-26 20:18:10.433 10 INFO neutron.db.ovn_revision_numbers_db [None req-ab24f602-95f7-4c13-bb02-537a52a51dfc e3c0bfc700924ce084421af3fee0b456 7bb10ce3ad284bc88eb9ea9068dbeb21 - - default default] Successfully bumped revision number for resource 3397189f-b7ea-4ec6-9858-71e81146bd57 (type: security_group_rules) to 0
2026-02-26 20:18:10.456 10 INFO neutron.db.ovn_revision_numbers_db [None req-ab24f602-95f7-4c13-bb02-537a52a51dfc e3c0bfc700924ce084421af3fee0b456 7bb10ce3ad284bc88eb9ea9068dbeb21 - - default default] Successfully bumped revision number for resource 4b8b2172-9fae-4063-b50d-c95eaedb66d0 (type: security_group_rules) to 0
2026-02-26 20:18:10.473 10 INFO neutron.db.ovn_revision_numbers_db [None req-ab24f602-95f7-4c13-bb02-537a52a51dfc e3c0bfc700924ce084421af3fee0b456 7bb10ce3ad284bc88eb9ea9068dbeb21 - - default default] Successfully bumped revision number for resource 5f903fa1-cf85-4097-949f-32b431a4ecc1 (type: security_group_rules) to 0
2026-02-26 20:18:10.488 10 INFO neutron.db.ovn_revision_numbers_db [None req-ab24f602-95f7-4c13-bb02-537a52a51dfc e3c0bfc700924ce084421af3fee0b456 7bb10ce3ad284bc88eb9ea9068dbeb21 - - default default] Successfully bumped revision number for resource ada18672-9b6d-404d-a04b-fe2fb177c90c (type: security_group_rules) to 0
2026-02-26 20:18:10.523 10 INFO neutron.services.segments.plugin [-] Segment b4dbf362-9dd7-43ac-8658-c2a7ece43a85 resource provider aggregate not found
2026-02-26 20:18:10.530 10 INFO neutron.services.segments.plugin [-] Segment b4dbf362-9dd7-43ac-8658-c2a7ece43a85 resource provider aggregate not found
2026-02-26 20:18:10.538 10 INFO neutron.wsgi [None req-ab24f602-95f7-4c13-bb02-537a52a51dfc e3c0bfc700924ce084421af3fee0b456 7bb10ce3ad284bc88eb9ea9068dbeb21 - - default default] 10.0.0.10 "GET /v2.0/security-groups?tenant_id=ef2f6d4795ca4925ba114e4aada22e90&name=default HTTP/1.1" status: 200 len: 2996 time: 0.2469308
2026-02-26 20:18:10.552 10 INFO neutron.services.segments.plugin [-] Segment b4dbf362-9dd7-43ac-8658-c2a7ece43a85 resource provider not found; error: Placement Client Error (4xx): {"errors": [{"status": 404, "title": "Not Found", "detail": "The resource could not be found.\n\n No resource provider with uuid b4dbf362-9dd7-43ac-8658-c2a7ece43a85 found for delete ", "request_id": "req-d88a544e-ed0e-42f6-bbfb-d004c232d700"}]}
2026-02-26 20:18:10.553 10 INFO neutron.services.segments.plugin [-] Segment b4dbf362-9dd7-43ac-8658-c2a7ece43a85 resource provider not found; error: Placement Client Error (4xx): {"errors": [{"status": 404, "title": "Not Found", "detail": "The resource could not be found.\n\n No resource provider with uuid b4dbf362-9dd7-43ac-8658-c2a7ece43a85 found for delete ", "request_id": "req-185a581f-82df-445b-8d4f-cbff38f9b66f"}]}
2026-02-26 20:18:10.637 9 WARNING neutron.scheduler.dhcp_agent_scheduler [None req-d9e7f50f-77a6-41d9-aa50-1b50a56a7262 066a093a8f6040318d1076b890bc95c0 41bcf272e5b44a32b897457135b1bba2 - - default default] No more DHCP agents
2026-02-26 20:18:10.643 9 WARNING neutron.api.rpc.agentnotifiers.dhcp_rpc_agent_api [None req-d9e7f50f-77a6-41d9-aa50-1b50a56a7262 066a093a8f6040318d1076b890bc95c0 41bcf272e5b44a32b897457135b1bba2 - - default default] Unable to schedule network 3206cd20-b6c5-4c70-9c19-2377bc8f118d: no agents available; will retry on subsequent port and subnet creation events.
2026-02-26 20:18:10.687 9 INFO neutron.db.ovn_revision_numbers_db [None req-d9e7f50f-77a6-41d9-aa50-1b50a56a7262 066a093a8f6040318d1076b890bc95c0 41bcf272e5b44a32b897457135b1bba2 - - default default] Successfully bumped revision number for resource 3b0d04ef-0bd5-46a5-b524-b1d9456ad83e (type: subnets) to 0
2026-02-26 20:18:10.706 9 INFO neutron.wsgi [None req-d9e7f50f-77a6-41d9-aa50-1b50a56a7262 066a093a8f6040318d1076b890bc95c0 41bcf272e5b44a32b897457135b1bba2 - - default default] 10.0.0.10 "POST /v2.0/subnets HTTP/1.1" status: 201 len: 905 time: 0.3689237
2026-02-26 20:18:10.767 9 INFO neutron.wsgi [None req-ce612f55-1b1b-46e0-9706-61dc70eee1d2 e3c0bfc700924ce084421af3fee0b456 7bb10ce3ad284bc88eb9ea9068dbeb21 - - default default] 10.0.0.10 "DELETE /v2.0/security-groups/7e3ba0f2-fae0-4f6b-a51a-f1657e2d9a6e HTTP/1.1" status: 204 len: 168 time: 0.2192678
2026-02-26 20:18:11.079 9 INFO neutron.db.ovn_revision_numbers_db [None req-ff715b0d-d4c3-4af1-8814-da29313bd3aa e3c0bfc700924ce084421af3fee0b456 7bb10ce3ad284bc88eb9ea9068dbeb21 - - default default] Successfully bumped revision number for resource 2cff8f17-e042-497d-a6c7-6bb3ed1dd082 (type: security_groups) to 1
2026-02-26 20:18:11.114 9 INFO neutron.db.ovn_revision_numbers_db [None req-ff715b0d-d4c3-4af1-8814-da29313bd3aa e3c0bfc700924ce084421af3fee0b456 7bb10ce3ad284bc88eb9ea9068dbeb21 - - default default] Successfully bumped revision number for resource 0fa09c89-8a2b-4bba-9d71-883a779a3806 (type: security_group_rules) to 0
2026-02-26 20:18:11.152 9 INFO neutron.db.ovn_revision_numbers_db [None req-ff715b0d-d4c3-4af1-8814-da29313bd3aa e3c0bfc700924ce084421af3fee0b456 7bb10ce3ad284bc88eb9ea9068dbeb21 - - default default] Successfully bumped revision number for resource 2ba4070f-8e1c-4d7d-ad35-a65f1eb1344a (type: security_group_rules) to 0
2026-02-26 20:18:11.178 9 INFO neutron.db.ovn_revision_numbers_db [None req-ff715b0d-d4c3-4af1-8814-da29313bd3aa e3c0bfc700924ce084421af3fee0b456 7bb10ce3ad284bc88eb9ea9068dbeb21 - - default default] Successfully bumped revision number for resource 9efc1999-70f5-490c-b584-1b0df8043da6 (type: security_group_rules) to 0
2026-02-26 20:18:11.193 9 INFO neutron.db.ovn_revision_numbers_db [None req-ff715b0d-d4c3-4af1-8814-da29313bd3aa e3c0bfc700924ce084421af3fee0b456 7bb10ce3ad284bc88eb9ea9068dbeb21 - - default default] Successfully bumped revision number for resource ee6dd17b-3be6-42d7-b35f-323456d23d8c (type: security_group_rules) to 0
2026-02-26 20:18:11.219 9 INFO neutron.wsgi [None req-ff715b0d-d4c3-4af1-8814-da29313bd3aa e3c0bfc700924ce084421af3fee0b456 7bb10ce3ad284bc88eb9ea9068dbeb21 - - default default] 10.0.0.10 "GET /v2.0/security-groups?tenant_id=1e5fcbd996c342e5b063f1714a2047f2&name=default HTTP/1.1" status: 200 len: 2996 time: 0.3179080
2026-02-26 20:18:11.400 9 INFO neutron.wsgi [None req-dbe834d1-5016-45ac-abf4-4d0c4341e09b e3c0bfc700924ce084421af3fee0b456 7bb10ce3ad284bc88eb9ea9068dbeb21 - - default default] 10.0.0.10 "DELETE /v2.0/security-groups/2cff8f17-e042-497d-a6c7-6bb3ed1dd082 HTTP/1.1" status: 204 len: 168 time: 0.1762929
2026-02-26 20:18:11.488 10 WARNING neutron.scheduler.dhcp_agent_scheduler [None req-84418153-e43c-47ab-8ff9-8d32dcbfbd92 066a093a8f6040318d1076b890bc95c0 41bcf272e5b44a32b897457135b1bba2 - - default default] No more DHCP agents
2026-02-26 20:18:11.490 10 WARNING neutron.api.rpc.agentnotifiers.dhcp_rpc_agent_api [None req-84418153-e43c-47ab-8ff9-8d32dcbfbd92 066a093a8f6040318d1076b890bc95c0 41bcf272e5b44a32b897457135b1bba2 - - default default] Unable to schedule network 5d0d5061-7456-40d8-8c50-ef877587a22f: no agents available; will retry on subsequent port and subnet creation events.
2026-02-26 20:18:11.634 10 INFO neutron.db.ovn_revision_numbers_db [None req-84418153-e43c-47ab-8ff9-8d32dcbfbd92 066a093a8f6040318d1076b890bc95c0 41bcf272e5b44a32b897457135b1bba2 - - default default] Successfully bumped revision number for resource b8b08089-95a6-4e02-a01f-954685f63dca (type: ports) to 1
2026-02-26 20:18:12.226 10 INFO neutron.plugins.ml2.drivers.ovn.mech_driver.mech_driver [None req-4fd76493-d3e6-48bf-be69-a7591e9358ab - - - - - -] OVN reports status up for port: b8b08089-95a6-4e02-a01f-954685f63dca
2026-02-26 20:18:12.242 10 INFO neutron.plugins.ml2.plugin [None req-4fd76493-d3e6-48bf-be69-a7591e9358ab - - - - - -] Attempt 1 to provision port b8b08089-95a6-4e02-a01f-954685f63dca
2026-02-26 20:18:12.249 9 INFO neutron.plugins.ml2.drivers.ovn.mech_driver.ovsdb.ovsdb_monitor [None req-a8d75589-98d4-4e02-ba2f-f38d039414a1 - - - - - -] Router 98119f1f-e721-45b4-a52f-8fb285a451b7 is bound to host instance
2026-02-26 20:18:12.290 10 INFO neutron.db.ovn_revision_numbers_db [None req-84418153-e43c-47ab-8ff9-8d32dcbfbd92 066a093a8f6040318d1076b890bc95c0 41bcf272e5b44a32b897457135b1bba2 - - default default] Successfully bumped revision number for resource b8b08089-95a6-4e02-a01f-954685f63dca (type: router_ports) to 1
2026-02-26 20:18:12.362 10 INFO neutron.db.ovn_revision_numbers_db [None req-84418153-e43c-47ab-8ff9-8d32dcbfbd92 066a093a8f6040318d1076b890bc95c0 41bcf272e5b44a32b897457135b1bba2 - - default default] Successfully bumped revision number for resource 98119f1f-e721-45b4-a52f-8fb285a451b7 (type: routers) to 2
2026-02-26 20:18:12.379 10 INFO neutron.wsgi [None req-84418153-e43c-47ab-8ff9-8d32dcbfbd92 066a093a8f6040318d1076b890bc95c0 41bcf272e5b44a32b897457135b1bba2 - - default default] 10.0.0.10 "POST /v2.0/routers HTTP/1.1" status: 201 len: 864 time: 1.6672416
2026-02-26 20:18:12.960 9 INFO neutron.db.ovn_revision_numbers_db [None req-a8d75589-98d4-4e02-ba2f-f38d039414a1 - - - - - -] Successfully bumped revision number for resource b8b08089-95a6-4e02-a01f-954685f63dca (type: ports) to 1
2026-02-26 20:18:13.014 9 WARNING neutron.scheduler.dhcp_agent_scheduler [None req-0830610b-e72b-4e4a-92ba-1917629b1812 066a093a8f6040318d1076b890bc95c0 41bcf272e5b44a32b897457135b1bba2 - - default default] No more DHCP agents
2026-02-26 20:18:13.017 9 WARNING neutron.api.rpc.agentnotifiers.dhcp_rpc_agent_api [None req-0830610b-e72b-4e4a-92ba-1917629b1812 066a093a8f6040318d1076b890bc95c0 41bcf272e5b44a32b897457135b1bba2 - - default default] Unable to schedule network 260cda7c-313a-42d6-87e5-a06ffe8766ca: no agents available; will retry on subsequent port and subnet creation events.
2026-02-26 20:18:13.315 9 INFO neutron.db.ovn_revision_numbers_db [None req-0830610b-e72b-4e4a-92ba-1917629b1812 066a093a8f6040318d1076b890bc95c0 41bcf272e5b44a32b897457135b1bba2 - - default default] Successfully bumped revision number for resource 88512979-af7d-4064-9642-5352be53cf04 (type: ports) to 1
2026-02-26 20:18:13.369 9 INFO neutron.db.ovn_revision_numbers_db [None req-a8d75589-98d4-4e02-ba2f-f38d039414a1 - - - - - -] Successfully bumped revision number for resource b8b08089-95a6-4e02-a01f-954685f63dca (type: router_ports) to 3
2026-02-26 20:18:13.410 10 INFO neutron.wsgi [None req-29626e6e-9dc3-4092-a129-d8dd4b4f187d 65a01176c66a4d948ed073f6f8053344 a12f6ac05d77413e8ad33f92bf14bbc3 - - default default] 10.0.0.10 "POST /v2.0/qos/policies HTTP/1.1" status: 201 len: 558 time: 0.2323029
2026-02-26 20:18:13.438 10 INFO neutron.wsgi [None req-6598d6d2-e972-4295-9c18-2d68dd029de2 65a01176c66a4d948ed073f6f8053344 a12f6ac05d77413e8ad33f92bf14bbc3 - - default default] 10.0.0.10 "PUT /v2.0/policies/ae81efb4-a281-4f78-920f-ebc0d907ed59/tags HTTP/1.1" status: 200 len: 218 time: 0.0233910
2026-02-26 20:18:13.459 10 INFO neutron.wsgi [None req-9b3af048-64f2-4b84-96be-3da8e128af49 65a01176c66a4d948ed073f6f8053344 a12f6ac05d77413e8ad33f92bf14bbc3 - - default default] 10.0.0.10 "GET /v2.0/policies/ae81efb4-a281-4f78-920f-ebc0d907ed59/tags HTTP/1.1" status: 200 len: 218 time: 0.0124938
2026-02-26 20:18:13.488 10 INFO neutron.wsgi [None req-f62702fc-8fde-40ac-ab80-75aff04aaf71 65a01176c66a4d948ed073f6f8053344 a12f6ac05d77413e8ad33f92bf14bbc3 - - default default] 10.0.0.10 "PUT /v2.0/policies/ae81efb4-a281-4f78-920f-ebc0d907ed59/tags/green HTTP/1.1" status: 201 len: 201 time: 0.0264878
2026-02-26 20:18:13.513 10 INFO neutron.wsgi [None req-e4ac7fea-1ae0-4ae8-9e4c-86f04202cb79 65a01176c66a4d948ed073f6f8053344 a12f6ac05d77413e8ad33f92bf14bbc3 - - default default] 10.0.0.10 "GET /v2.0/policies/ae81efb4-a281-4f78-920f-ebc0d907ed59/tags HTTP/1.1" status: 200 len: 227 time: 0.0209854
2026-02-26 20:18:13.536 10 INFO neutron.wsgi [None req-81193492-148f-4dce-8dbf-84a73d199bae 65a01176c66a4d948ed073f6f8053344 a12f6ac05d77413e8ad33f92bf14bbc3 - - default default] 10.0.0.10 "PUT /v2.0/policies/ae81efb4-a281-4f78-920f-ebc0d907ed59/tags/red HTTP/1.1" status: 201 len: 201 time: 0.0173090
2026-02-26 20:18:13.560 10 INFO neutron.wsgi [None req-d6d6e075-0fd0-4c70-853c-e3dd3c945234 65a01176c66a4d948ed073f6f8053344 a12f6ac05d77413e8ad33f92bf14bbc3 - - default default] 10.0.0.10 "GET /v2.0/policies/ae81efb4-a281-4f78-920f-ebc0d907ed59/tags HTTP/1.1" status: 200 len: 227 time: 0.0182784
2026-02-26 20:18:13.596 10 INFO neutron.wsgi [None req-13206663-75f1-4d53-86b1-212a1ed35e46 65a01176c66a4d948ed073f6f8053344 a12f6ac05d77413e8ad33f92bf14bbc3 - - default default] 10.0.0.10 "PUT /v2.0/policies/ae81efb4-a281-4f78-920f-ebc0d907ed59/tags/black.or.white HTTP/1.1" status: 201 len: 201 time: 0.0256329
2026-02-26 20:18:13.615 10 INFO neutron.wsgi [None req-aff8af02-edbe-49f2-9567-8c75e682a4c5 65a01176c66a4d948ed073f6f8053344 a12f6ac05d77413e8ad33f92bf14bbc3 - - default default] 10.0.0.10 "GET /v2.0/policies/ae81efb4-a281-4f78-920f-ebc0d907ed59/tags HTTP/1.1" status: 200 len: 245 time: 0.0139003
2026-02-26 20:18:13.646 10 INFO neutron.wsgi [None req-d2de2a53-2490-4876-b463-616672a5fc38 65a01176c66a4d948ed073f6f8053344 a12f6ac05d77413e8ad33f92bf14bbc3 - - default default] 10.0.0.10 "PUT /v2.0/policies/ae81efb4-a281-4f78-920f-ebc0d907ed59/tags HTTP/1.1" status: 200 len: 230 time: 0.0261860
2026-02-26 20:18:13.668 10 INFO neutron.wsgi [None req-9130177e-3a8b-4d93-8371-0c1a08ee4988 65a01176c66a4d948ed073f6f8053344 a12f6ac05d77413e8ad33f92bf14bbc3 - - default default] 10.0.0.10 "GET /v2.0/policies/ae81efb4-a281-4f78-920f-ebc0d907ed59/tags HTTP/1.1" status: 200 len: 230 time: 0.0157490
2026-02-26 20:18:13.686 10 INFO neutron.wsgi [None req-1bed3eb4-d243-4864-9b09-74fa5f6c00ed 65a01176c66a4d948ed073f6f8053344 a12f6ac05d77413e8ad33f92bf14bbc3 - - default default] 10.0.0.10 "GET /v2.0/policies/ae81efb4-a281-4f78-920f-ebc0d907ed59/tags/red HTTP/1.1" status: 204 len: 168 time: 0.0129578
2026-02-26 20:18:13.701 10 INFO neutron.api.v2.resource [None req-6d84375d-fc2c-410a-9798-1f2723433844 65a01176c66a4d948ed073f6f8053344 a12f6ac05d77413e8ad33f92bf14bbc3 - - default default] show failed (client error): The resource could not be found.
2026-02-26 20:18:13.702 10 INFO neutron.wsgi [None req-6d84375d-fc2c-410a-9798-1f2723433844 65a01176c66a4d948ed073f6f8053344 a12f6ac05d77413e8ad33f92bf14bbc3 - - default default] 10.0.0.10 "GET /v2.0/policies/ae81efb4-a281-4f78-920f-ebc0d907ed59/tags/green HTTP/1.1" status: 404 len: 299 time: 0.0125952
2026-02-26 20:18:13.739 10 INFO neutron.wsgi [None req-65b58581-04aa-4684-9826-4b0e6bd663a0 65a01176c66a4d948ed073f6f8053344 a12f6ac05d77413e8ad33f92bf14bbc3 - - default default] 10.0.0.10 "DELETE /v2.0/policies/ae81efb4-a281-4f78-920f-ebc0d907ed59/tags/red HTTP/1.1" status: 204 len: 168 time: 0.0323012
2026-02-26 20:18:13.758 10 INFO neutron.wsgi [None req-f109273c-b66f-4245-9ac8-774f4670b7a3 65a01176c66a4d948ed073f6f8053344 a12f6ac05d77413e8ad33f92bf14bbc3 - - default default] 10.0.0.10 "GET /v2.0/policies/ae81efb4-a281-4f78-920f-ebc0d907ed59/tags HTTP/1.1" status: 200 len: 223 time: 0.0136395
2026-02-26 20:18:13.779 10 INFO neutron.api.v2.resource [None req-31096c1f-c368-466c-b7f9-9e85a7f2be54 65a01176c66a4d948ed073f6f8053344 a12f6ac05d77413e8ad33f92bf14bbc3 - - default default] delete failed (client error): The resource could not be found.
2026-02-26 20:18:13.780 10 INFO neutron.wsgi [None req-31096c1f-c368-466c-b7f9-9e85a7f2be54 65a01176c66a4d948ed073f6f8053344 a12f6ac05d77413e8ad33f92bf14bbc3 - - default default] 10.0.0.10 "DELETE /v2.0/policies/ae81efb4-a281-4f78-920f-ebc0d907ed59/tags/green HTTP/1.1" status: 404 len: 299 time: 0.0173399
2026-02-26 20:18:13.811 10 INFO neutron.wsgi [None req-7a85284e-580a-458b-8dd0-746af74feb6a 65a01176c66a4d948ed073f6f8053344 a12f6ac05d77413e8ad33f92bf14bbc3 - - default default] 10.0.0.10 "DELETE /v2.0/policies/ae81efb4-a281-4f78-920f-ebc0d907ed59/tags HTTP/1.1" status: 204 len: 168 time: 0.0262313
2026-02-26 20:18:13.831 10 INFO neutron.wsgi [None req-09065921-716b-4a48-8f74-afe11b29a175 65a01176c66a4d948ed073f6f8053344 a12f6ac05d77413e8ad33f92bf14bbc3 - - default default] 10.0.0.10 "GET /v2.0/policies/ae81efb4-a281-4f78-920f-ebc0d907ed59/tags HTTP/1.1" status: 200 len: 205 time: 0.0140805
2026-02-26 20:18:13.889 9 INFO neutron.db.ovn_revision_numbers_db [None req-a8d75589-98d4-4e02-ba2f-f38d039414a1 - - - - - -] Successfully bumped revision number for resource b8b08089-95a6-4e02-a01f-954685f63dca (type: ports) to 2
2026-02-26 20:18:13.908 10 INFO neutron.wsgi [None req-eee0bcc6-2ea1-44e2-9af6-c10e9f30e395 65a01176c66a4d948ed073f6f8053344 a12f6ac05d77413e8ad33f92bf14bbc3 - - default default] 10.0.0.10 "DELETE /v2.0/qos/policies/ae81efb4-a281-4f78-920f-ebc0d907ed59 HTTP/1.1" status: 204 len: 168 time: 0.0593565
2026-02-26 20:18:14.258 9 INFO neutron.db.ovn_revision_numbers_db [None req-a8d75589-98d4-4e02-ba2f-f38d039414a1 - - - - - -] Successfully bumped revision number for resource b8b08089-95a6-4e02-a01f-954685f63dca (type: ports) to 4
2026-02-26 20:18:14.261 9 INFO neutron.db.ovn_revision_numbers_db [None req-0830610b-e72b-4e4a-92ba-1917629b1812 066a093a8f6040318d1076b890bc95c0 41bcf272e5b44a32b897457135b1bba2 - - default default] Successfully bumped revision number for resource 88512979-af7d-4064-9642-5352be53cf04 (type: router_ports) to 1
2026-02-26 20:18:14.523 9 INFO neutron.db.ovn_revision_numbers_db [None req-0830610b-e72b-4e4a-92ba-1917629b1812 066a093a8f6040318d1076b890bc95c0 41bcf272e5b44a32b897457135b1bba2 - - default default] Successfully bumped revision number for resource 88512979-af7d-4064-9642-5352be53cf04 (type: ports) to 1
2026-02-26 20:18:14.595 9 INFO neutron.db.ovn_revision_numbers_db [None req-a8d75589-98d4-4e02-ba2f-f38d039414a1 - - - - - -] Successfully bumped revision number for resource b8b08089-95a6-4e02-a01f-954685f63dca (type: router_ports) to 4
2026-02-26 20:18:14.616 9 WARNING neutron.scheduler.dhcp_agent_scheduler [None req-0830610b-e72b-4e4a-92ba-1917629b1812 066a093a8f6040318d1076b890bc95c0 41bcf272e5b44a32b897457135b1bba2 - - default default] No more DHCP agents
2026-02-26 20:18:14.619 9 WARNING neutron.api.rpc.agentnotifiers.dhcp_rpc_agent_api [None req-0830610b-e72b-4e4a-92ba-1917629b1812 066a093a8f6040318d1076b890bc95c0 41bcf272e5b44a32b897457135b1bba2 - - default default] Unable to schedule network 260cda7c-313a-42d6-87e5-a06ffe8766ca: no agents available; will retry on subsequent port and subnet creation events.
2026-02-26 20:18:14.867 10 INFO neutron.db.ovn_revision_numbers_db [None req-a949f3f8-362f-461c-81ca-661456f0cbc3 e3c0bfc700924ce084421af3fee0b456 7bb10ce3ad284bc88eb9ea9068dbeb21 - - default default] Successfully bumped revision number for resource 090c2297-8ba6-4f5f-bfd9-02273a6c5287 (type: security_groups) to 1
2026-02-26 20:18:14.883 10 INFO neutron.db.ovn_revision_numbers_db [None req-a949f3f8-362f-461c-81ca-661456f0cbc3 e3c0bfc700924ce084421af3fee0b456 7bb10ce3ad284bc88eb9ea9068dbeb21 - - default default] Successfully bumped revision number for resource 0fe1a43e-6b36-4a2d-a16d-8f6dfd1499a6 (type: security_group_rules) to 0
2026-02-26 20:18:14.897 10 INFO neutron.db.ovn_revision_numbers_db [None req-a949f3f8-362f-461c-81ca-661456f0cbc3 e3c0bfc700924ce084421af3fee0b456 7bb10ce3ad284bc88eb9ea9068dbeb21 - - default default] Successfully bumped revision number for resource 2b199fdc-ca37-467e-b3b6-65dd1b4d9252 (type: security_group_rules) to 0
2026-02-26 20:18:14.911 10 INFO neutron.db.ovn_revision_numbers_db [None req-a949f3f8-362f-461c-81ca-661456f0cbc3 e3c0bfc700924ce084421af3fee0b456 7bb10ce3ad284bc88eb9ea9068dbeb21 - - default default] Successfully bumped revision number for resource 33794dba-941a-4f3b-8c1b-44d08afc9179 (type: security_group_rules) to 0
2026-02-26 20:18:14.941 10 INFO neutron.db.ovn_revision_numbers_db [None req-a949f3f8-362f-461c-81ca-661456f0cbc3 e3c0bfc700924ce084421af3fee0b456 7bb10ce3ad284bc88eb9ea9068dbeb21 - - default default] Successfully bumped revision number for resource e4fc3480-295a-4874-9139-3ee132a4550c (type: security_group_rules) to 0
2026-02-26 20:18:14.960 9 INFO neutron.db.ovn_revision_numbers_db [None req-0830610b-e72b-4e4a-92ba-1917629b1812 066a093a8f6040318d1076b890bc95c0 41bcf272e5b44a32b897457135b1bba2 - - default default] Successfully bumped revision number for resource 88512979-af7d-4064-9642-5352be53cf04 (type: router_ports) to 1
2026-02-26 20:18:14.964 9 INFO neutron.wsgi [None req-0830610b-e72b-4e4a-92ba-1917629b1812 066a093a8f6040318d1076b890bc95c0 41bcf272e5b44a32b897457135b1bba2 - - default default] 10.0.0.10 "PUT /v2.0/routers/98119f1f-e721-45b4-a52f-8fb285a451b7/add_router_interface HTTP/1.1" status: 200 len: 503 time: 2.5793734
2026-02-26 20:18:14.986 10 INFO neutron.wsgi [None req-a949f3f8-362f-461c-81ca-661456f0cbc3 e3c0bfc700924ce084421af3fee0b456 7bb10ce3ad284bc88eb9ea9068dbeb21 - - default default] 10.0.0.10 "GET /v2.0/security-groups?tenant_id=6b15234ee52247b3a1730786f2ec5ebb&name=default HTTP/1.1" status: 200 len: 2996 time: 0.3698034
2026-02-26 20:18:14.990 10 INFO neutron.plugins.ml2.drivers.ovn.mech_driver.mech_driver [None req-4fd76493-d3e6-48bf-be69-a7591e9358ab - - - - - -] OVN reports status up for port: 88512979-af7d-4064-9642-5352be53cf04
2026-02-26 20:18:15.006 10 INFO neutron.plugins.ml2.plugin [None req-4fd76493-d3e6-48bf-be69-a7591e9358ab - - - - - -] Attempt 1 to provision port 88512979-af7d-4064-9642-5352be53cf04
2026-02-26 20:18:15.294 10 INFO neutron.wsgi [None req-58cf038c-4b9e-408b-9884-54a5649d4907 e3c0bfc700924ce084421af3fee0b456 7bb10ce3ad284bc88eb9ea9068dbeb21 - - default default] 10.0.0.10 "DELETE /v2.0/security-groups/090c2297-8ba6-4f5f-bfd9-02273a6c5287 HTTP/1.1" status: 204 len: 168 time: 0.3008521
2026-02-26 20:18:15.338 10 INFO neutron.db.ovn_revision_numbers_db [None req-4fd76493-d3e6-48bf-be69-a7591e9358ab - - - - - -] Successfully bumped revision number for resource 88512979-af7d-4064-9642-5352be53cf04 (type: ports) to 2
2026-02-26 20:18:15.479 10 INFO neutron.db.ovn_revision_numbers_db [None req-4fd76493-d3e6-48bf-be69-a7591e9358ab - - - - - -] Successfully bumped revision number for resource 88512979-af7d-4064-9642-5352be53cf04 (type: router_ports) to 2
2026-02-26 20:18:15.555 9 WARNING neutron.scheduler.dhcp_agent_scheduler [None req-75f25cac-a687-4a4d-9835-4a6930aaa267 066a093a8f6040318d1076b890bc95c0 41bcf272e5b44a32b897457135b1bba2 - - default default] No more DHCP agents
2026-02-26 20:18:15.557 9 WARNING neutron.api.rpc.agentnotifiers.dhcp_rpc_agent_api [None req-75f25cac-a687-4a4d-9835-4a6930aaa267 066a093a8f6040318d1076b890bc95c0 41bcf272e5b44a32b897457135b1bba2 - - default default] Unable to schedule network bbf2e174-651c-4296-bc84-434c3e7e3aa4: no agents available; will retry on subsequent port and subnet creation events.
2026-02-26 20:18:15.609 10 INFO neutron.db.ovn_revision_numbers_db [None req-b69518f0-58b5-4782-a853-18cd80ecba8d e3c0bfc700924ce084421af3fee0b456 7bb10ce3ad284bc88eb9ea9068dbeb21 - - default default] Successfully bumped revision number for resource c086ac87-c37f-46f7-a977-dab5830200a1 (type: security_groups) to 1
2026-02-26 20:18:15.622 10 INFO neutron.db.ovn_revision_numbers_db [None req-b69518f0-58b5-4782-a853-18cd80ecba8d e3c0bfc700924ce084421af3fee0b456 7bb10ce3ad284bc88eb9ea9068dbeb21 - - default default] Successfully bumped revision number for resource 178e7cc1-a621-4ea3-afe6-463b5d57c142 (type: security_group_rules) to 0
2026-02-26 20:18:15.638 10 INFO neutron.db.ovn_revision_numbers_db [None req-b69518f0-58b5-4782-a853-18cd80ecba8d e3c0bfc700924ce084421af3fee0b456 7bb10ce3ad284bc88eb9ea9068dbeb21 - - default default] Successfully bumped revision number for resource 60641334-cd27-42b8-85ed-81e567d48baf (type: security_group_rules) to 0
2026-02-26 20:18:15.655 10 INFO neutron.db.ovn_revision_numbers_db [None req-b69518f0-58b5-4782-a853-18cd80ecba8d e3c0bfc700924ce084421af3fee0b456 7bb10ce3ad284bc88eb9ea9068dbeb21 - - default default] Successfully bumped revision number for resource 82cfee08-f6c3-48dd-b67a-673e8d2d9d54 (type: security_group_rules) to 0
2026-02-26 20:18:15.668 10 INFO neutron.db.ovn_revision_numbers_db [None req-b69518f0-58b5-4782-a853-18cd80ecba8d e3c0bfc700924ce084421af3fee0b456 7bb10ce3ad284bc88eb9ea9068dbeb21 - - default default] Successfully bumped revision number for resource afa3ea27-e5c6-4278-a912-8bddecf03f15 (type: security_group_rules) to 0
2026-02-26 20:18:15.696 10 INFO neutron.wsgi [None req-b69518f0-58b5-4782-a853-18cd80ecba8d e3c0bfc700924ce084421af3fee0b456 7bb10ce3ad284bc88eb9ea9068dbeb21 - - default default] 10.0.0.10 "GET /v2.0/security-groups?tenant_id=a12f6ac05d77413e8ad33f92bf14bbc3&name=default HTTP/1.1" status: 200 len: 3000 time: 0.2186670
2026-02-26 20:18:15.722 9 INFO neutron.db.ovn_revision_numbers_db [None req-75f25cac-a687-4a4d-9835-4a6930aaa267 066a093a8f6040318d1076b890bc95c0 41bcf272e5b44a32b897457135b1bba2 - - default default] Successfully bumped revision number for resource 27225c08-e067-41cb-973f-c6c9a0d285dd (type: ports) to 1
2026-02-26 20:18:15.899 10 INFO neutron.wsgi [None req-e8e5fbe0-bf98-404f-8321-29a9533aded9 e3c0bfc700924ce084421af3fee0b456 7bb10ce3ad284bc88eb9ea9068dbeb21 - - default default] 10.0.0.10 "DELETE /v2.0/security-groups/c086ac87-c37f-46f7-a977-dab5830200a1 HTTP/1.1" status: 204 len: 168 time: 0.1983392
2026-02-26 20:18:16.043 10 INFO neutron.db.ovn_revision_numbers_db [None req-cce52f1a-5207-4f33-a020-9087294f09f1 a2997685040d49be82cbfdbc9856d08b 0f0f89ac3370444e94213544de155d46 - - default default] Successfully bumped revision number for resource ac485723-4495-404f-b3c5-a1b39a61d572 (type: security_groups) to 1
2026-02-26 20:18:16.056 10 INFO neutron.db.ovn_revision_numbers_db [None req-cce52f1a-5207-4f33-a020-9087294f09f1 a2997685040d49be82cbfdbc9856d08b 0f0f89ac3370444e94213544de155d46 - - default default] Successfully bumped revision number for resource 2a954fac-040a-472a-a2f5-5b98cce62b3e (type: security_group_rules) to 0
2026-02-26 20:18:16.068 10 INFO neutron.db.ovn_revision_numbers_db [None req-cce52f1a-5207-4f33-a020-9087294f09f1 a2997685040d49be82cbfdbc9856d08b 0f0f89ac3370444e94213544de155d46 - - default default] Successfully bumped revision number for resource 40395b48-66ed-43ce-b1c2-7c6b15652b6e (type: security_group_rules) to 0
2026-02-26 20:18:16.086 10 INFO neutron.db.ovn_revision_numbers_db [None req-cce52f1a-5207-4f33-a020-9087294f09f1 a2997685040d49be82cbfdbc9856d08b 0f0f89ac3370444e94213544de155d46 - - default default] Successfully bumped revision number for resource a46f273b-2ac9-4276-9a3f-9c20a824b758 (type: security_group_rules) to 0
2026-02-26 20:18:16.101 10 INFO neutron.db.ovn_revision_numbers_db [None req-cce52f1a-5207-4f33-a020-9087294f09f1 a2997685040d49be82cbfdbc9856d08b 0f0f89ac3370444e94213544de155d46 - - default default] Successfully bumped revision number for resource d9f381be-7608-4563-8f68-3e023b8bc48c (type: security_group_rules) to 0
2026-02-26 20:18:16.155 10 INFO neutron.db.segments_db [None req-cce52f1a-5207-4f33-a020-9087294f09f1 a2997685040d49be82cbfdbc9856d08b 0f0f89ac3370444e94213544de155d46 - - default default] Added segment c4afc8f1-ea14-41c5-9a8e-8e2239b10ff4 of type geneve for network 5b20b393-5992-49d3-94d1-c4c8f2adcfaf
2026-02-26 20:18:16.297 9 INFO neutron.db.ovn_revision_numbers_db [None req-75f25cac-a687-4a4d-9835-4a6930aaa267 066a093a8f6040318d1076b890bc95c0 41bcf272e5b44a32b897457135b1bba2 - - default default] Successfully bumped revision number for resource 27225c08-e067-41cb-973f-c6c9a0d285dd (type: router_ports) to 1
2026-02-26 20:18:16.302 10 INFO neutron.db.ovn_revision_numbers_db [None req-cce52f1a-5207-4f33-a020-9087294f09f1 a2997685040d49be82cbfdbc9856d08b 0f0f89ac3370444e94213544de155d46 - - default default] Successfully bumped revision number for resource 5b20b393-5992-49d3-94d1-c4c8f2adcfaf (type: networks) to 1
2026-02-26 20:18:16.480 9 INFO neutron.db.ovn_revision_numbers_db [None req-75f25cac-a687-4a4d-9835-4a6930aaa267 066a093a8f6040318d1076b890bc95c0 41bcf272e5b44a32b897457135b1bba2 - - default default] Successfully bumped revision number for resource 27225c08-e067-41cb-973f-c6c9a0d285dd (type: ports) to 1
2026-02-26 20:18:16.485 10 WARNING neutron.scheduler.dhcp_agent_scheduler [None req-cce52f1a-5207-4f33-a020-9087294f09f1 a2997685040d49be82cbfdbc9856d08b 0f0f89ac3370444e94213544de155d46 - - default default] No more DHCP agents
2026-02-26 20:18:16.490 10 WARNING neutron.api.rpc.agentnotifiers.dhcp_rpc_agent_api [None req-cce52f1a-5207-4f33-a020-9087294f09f1 a2997685040d49be82cbfdbc9856d08b 0f0f89ac3370444e94213544de155d46 - - default default] Unable to schedule network 5b20b393-5992-49d3-94d1-c4c8f2adcfaf: no agents available; will retry on subsequent port and subnet creation events.
2026-02-26 20:18:16.567 9 WARNING neutron.scheduler.dhcp_agent_scheduler [None req-75f25cac-a687-4a4d-9835-4a6930aaa267 066a093a8f6040318d1076b890bc95c0 41bcf272e5b44a32b897457135b1bba2 - - default default] No more DHCP agents
2026-02-26 20:18:16.569 9 WARNING neutron.api.rpc.agentnotifiers.dhcp_rpc_agent_api [None req-75f25cac-a687-4a4d-9835-4a6930aaa267 066a093a8f6040318d1076b890bc95c0 41bcf272e5b44a32b897457135b1bba2 - - default default] Unable to schedule network bbf2e174-651c-4296-bc84-434c3e7e3aa4: no agents available; will retry on subsequent port and subnet creation events.
2026-02-26 20:18:16.574 10 INFO neutron.db.ovn_revision_numbers_db [None req-cce52f1a-5207-4f33-a020-9087294f09f1 a2997685040d49be82cbfdbc9856d08b 0f0f89ac3370444e94213544de155d46 - - default default] Successfully bumped revision number for resource f9faac0e-41ad-444d-9331-74e0cc830d21 (type: ports) to 1
2026-02-26 20:18:16.594 10 INFO neutron.wsgi [None req-cce52f1a-5207-4f33-a020-9087294f09f1 a2997685040d49be82cbfdbc9856d08b 0f0f89ac3370444e94213544de155d46 - - default default] 10.0.0.10 "POST /v2.0/networks HTTP/1.1" status: 201 len: 831 time: 0.8328636
2026-02-26 20:18:16.907 10 WARNING neutron.scheduler.dhcp_agent_scheduler [None req-06993dd3-02b8-403b-9c90-43a4b6786e08 a2997685040d49be82cbfdbc9856d08b 0f0f89ac3370444e94213544de155d46 - - default default] No more DHCP agents
2026-02-26 20:18:16.911 10 WARNING neutron.api.rpc.agentnotifiers.dhcp_rpc_agent_api [None req-06993dd3-02b8-403b-9c90-43a4b6786e08 a2997685040d49be82cbfdbc9856d08b 0f0f89ac3370444e94213544de155d46 - - default default] Unable to schedule network 5b20b393-5992-49d3-94d1-c4c8f2adcfaf: no agents available; will retry on subsequent port and subnet creation events.
2026-02-26 20:18:16.989 9 INFO neutron.db.ovn_revision_numbers_db [None req-75f25cac-a687-4a4d-9835-4a6930aaa267 066a093a8f6040318d1076b890bc95c0 41bcf272e5b44a32b897457135b1bba2 - - default default] Successfully bumped revision number for resource 27225c08-e067-41cb-973f-c6c9a0d285dd (type: router_ports) to 1
2026-02-26 20:18:16.991 9 INFO neutron.wsgi [None req-75f25cac-a687-4a4d-9835-4a6930aaa267 066a093a8f6040318d1076b890bc95c0 41bcf272e5b44a32b897457135b1bba2 - - default default] 10.0.0.10 "PUT /v2.0/routers/98119f1f-e721-45b4-a52f-8fb285a451b7/add_router_interface HTTP/1.1" status: 200 len: 503 time: 2.0227580
2026-02-26 20:18:17.016 10 INFO neutron.db.ovn_revision_numbers_db [None req-06993dd3-02b8-403b-9c90-43a4b6786e08 a2997685040d49be82cbfdbc9856d08b 0f0f89ac3370444e94213544de155d46 - - default default] Successfully bumped revision number for resource c4b0d24a-58c6-4d35-a215-db757f126794 (type: ports) to 1
2026-02-26 20:18:17.041 10 INFO neutron.wsgi [None req-06993dd3-02b8-403b-9c90-43a4b6786e08 a2997685040d49be82cbfdbc9856d08b 0f0f89ac3370444e94213544de155d46 - - default default] 10.0.0.10 "POST /v2.0/ports HTTP/1.1" status: 201 len: 942 time: 0.4416094
2026-02-26 20:18:17.320 9 INFO neutron.wsgi [None req-4717fd23-347c-4891-93d3-3b5856a2d101 a2997685040d49be82cbfdbc9856d08b 0f0f89ac3370444e94213544de155d46 - - default default] 10.0.0.10 "POST /v2.0/trunks HTTP/1.1" status: 201 len: 608 time: 0.2751343 /var/lib/openstack/lib/python3.10/site-packages/pycadf/identifier.py:71: UserWarning: Invalid uuid: neutron. To ensure interoperability, identifiers should be a valid uuid. warnings.warn(('Invalid uuid: %s. To ensure interoperability, '
2026-02-26 20:18:17.422 10 INFO neutron.db.segments_db [None req-50a622fa-d0aa-441a-bad1-2e44ba4d0d75 a2997685040d49be82cbfdbc9856d08b 0f0f89ac3370444e94213544de155d46 - - default default] Added segment c891121c-85cb-4faf-b70e-0591c0d86c14 of type geneve for network 1a79b9f5-c90c-4762-b9b3-af8b3e227e24
2026-02-26 20:18:17.567 10 INFO neutron.db.ovn_revision_numbers_db [None req-50a622fa-d0aa-441a-bad1-2e44ba4d0d75 a2997685040d49be82cbfdbc9856d08b 0f0f89ac3370444e94213544de155d46 - - default default] Successfully bumped revision number for resource 1a79b9f5-c90c-4762-b9b3-af8b3e227e24 (type: networks) to 1
2026-02-26 20:18:17.760 10 WARNING neutron.scheduler.dhcp_agent_scheduler [None req-50a622fa-d0aa-441a-bad1-2e44ba4d0d75 a2997685040d49be82cbfdbc9856d08b 0f0f89ac3370444e94213544de155d46 - - default default] No more DHCP agents
2026-02-26 20:18:17.762 10 WARNING neutron.api.rpc.agentnotifiers.dhcp_rpc_agent_api [None req-50a622fa-d0aa-441a-bad1-2e44ba4d0d75 a2997685040d49be82cbfdbc9856d08b 0f0f89ac3370444e94213544de155d46 - - default default] Unable to schedule network 1a79b9f5-c90c-4762-b9b3-af8b3e227e24: no agents available; will retry on subsequent port and subnet creation events.
