2026-02-26 20:15:07.917 10 INFO neutron.wsgi [req-90505c76-45b8-469b-be22-6ae65d5a9346 req-63ac7c75-721c-49af-be5f-83330c1286b9 26721738254548cf906d337087aa1961 81cfce51e3c74c65971e1967a568f39b - - 5ba21f58809346e29f985113e0781a5e 5ba21f58809346e29f985113e0781a5e] 162.253.55.70 "GET /v2.0/floatingips?fixed_ip_address=10.100.0.10&port_id=f7d5e301-f3e9-44fc-b82e-6c17d1c804f6 HTTP/1.1" status: 200 len: 217 time: 0.0288467
2026-02-26 20:15:07.928 9 INFO neutron.db.ovn_revision_numbers_db [None req-9b4eafc6-cf0c-49f3-933f-afd6ee514a28 e3c0bfc700924ce084421af3fee0b456 7bb10ce3ad284bc88eb9ea9068dbeb21 - - default default] Successfully bumped revision number for resource fd7eb89a-99d3-4f74-87c7-a9e5e03b8257 (type: security_groups) to 1
2026-02-26 20:15:07.951 9 INFO neutron.db.ovn_revision_numbers_db [None req-9b4eafc6-cf0c-49f3-933f-afd6ee514a28 e3c0bfc700924ce084421af3fee0b456 7bb10ce3ad284bc88eb9ea9068dbeb21 - - default default] Successfully bumped revision number for resource 5b8236ea-fb31-4613-89fb-a9886bd5b085 (type: security_group_rules) to 0
2026-02-26 20:15:07.960 10 INFO neutron.wsgi [req-90505c76-45b8-469b-be22-6ae65d5a9346 req-54baadac-3b53-4f80-ad78-808abf0f6eff 26721738254548cf906d337087aa1961 81cfce51e3c74c65971e1967a568f39b - - 5ba21f58809346e29f985113e0781a5e 5ba21f58809346e29f985113e0781a5e] 162.253.55.70 "GET /v2.0/subnets?id=e9fc0faf-df1c-4573-b15d-135d65e6b7fb HTTP/1.1" status: 200 len: 863 time: 0.0349507
2026-02-26 20:15:07.982 9 INFO neutron.db.ovn_revision_numbers_db [None req-9b4eafc6-cf0c-49f3-933f-afd6ee514a28 e3c0bfc700924ce084421af3fee0b456 7bb10ce3ad284bc88eb9ea9068dbeb21 - - default default] Successfully bumped revision number for resource 6e52e1e1-1a4e-4b56-a5fa-4c3a387bd8b1 (type: security_group_rules) to 0
2026-02-26 20:15:08.002 10 INFO neutron.wsgi [req-90505c76-45b8-469b-be22-6ae65d5a9346 req-2f97d07d-857a-4a0b-8b8d-10625a1c99ca 26721738254548cf906d337087aa1961 81cfce51e3c74c65971e1967a568f39b - - 5ba21f58809346e29f985113e0781a5e 5ba21f58809346e29f985113e0781a5e] 162.253.55.70 "GET /v2.0/ports?network_id=694dd575-abeb-402e-a153-2a93b285a054&device_owner=network%3Adhcp HTTP/1.1" status: 200 len: 210 time: 0.0359681
2026-02-26 20:15:08.009 9 INFO neutron.db.ovn_revision_numbers_db [None req-9b4eafc6-cf0c-49f3-933f-afd6ee514a28 e3c0bfc700924ce084421af3fee0b456 7bb10ce3ad284bc88eb9ea9068dbeb21 - - default default] Successfully bumped revision number for resource a850b038-28d6-4568-b00f-4ff7e4a666c9 (type: security_group_rules) to 0
2026-02-26 20:15:08.027 9 INFO neutron.db.ovn_revision_numbers_db [None req-9b4eafc6-cf0c-49f3-933f-afd6ee514a28 e3c0bfc700924ce084421af3fee0b456 7bb10ce3ad284bc88eb9ea9068dbeb21 - - default default] Successfully bumped revision number for resource fd4a066d-b4b0-4ff4-9bc3-a427ab05131c (type: security_group_rules) to 0
2026-02-26 20:15:08.056 9 INFO neutron.wsgi [None req-9b4eafc6-cf0c-49f3-933f-afd6ee514a28 e3c0bfc700924ce084421af3fee0b456 7bb10ce3ad284bc88eb9ea9068dbeb21 - - default default] 10.0.0.10 "GET /v2.0/security-groups?tenant_id=36d409927d2a4008b9b1e329ef1464a1&name=default HTTP/1.1" status: 200 len: 2996 time: 0.4682615
2026-02-26 20:15:08.089 10 INFO neutron.wsgi [req-90505c76-45b8-469b-be22-6ae65d5a9346 req-2f96908a-945f-46a5-828a-68fd05144294 26721738254548cf906d337087aa1961 81cfce51e3c74c65971e1967a568f39b - - 5ba21f58809346e29f985113e0781a5e 5ba21f58809346e29f985113e0781a5e] 162.253.55.70 "GET /v2.0/networks/694dd575-abeb-402e-a153-2a93b285a054?fields=segments HTTP/1.1" status: 200 len: 212 time: 0.0781846
2026-02-26 20:15:08.188 10 INFO neutron.wsgi [req-90505c76-45b8-469b-be22-6ae65d5a9346 req-9d80688a-141e-42e2-a955-d29e356e6285 26721738254548cf906d337087aa1961 81cfce51e3c74c65971e1967a568f39b - - 5ba21f58809346e29f985113e0781a5e 5ba21f58809346e29f985113e0781a5e] 162.253.55.70 "GET /v2.0/networks/694dd575-abeb-402e-a153-2a93b285a054?fields=provider%3Aphysical_network&fields=provider%3Anetwork_type HTTP/1.1" status: 200 len: 277 time: 0.0920434
2026-02-26 20:15:08.278 10 INFO neutron.wsgi [req-638f202a-d07b-4797-8b05-f6db4f6cd812 req-500ffa9f-d46e-4626-b106-ec78b5dca4fe 26721738254548cf906d337087aa1961 81cfce51e3c74c65971e1967a568f39b - - 5ba21f58809346e29f985113e0781a5e 5ba21f58809346e29f985113e0781a5e] 162.253.55.70 "GET /v2.0/ports?tenant_id=ee2151e39b5d476181a95ceb8fe430c8&device_id=e6b84291-2cb3-44d6-8bf5-97eeccafb5f2 HTTP/1.1" status: 200 len: 1411 time: 0.0379972
2026-02-26 20:15:08.346 10 INFO neutron.wsgi [req-638f202a-d07b-4797-8b05-f6db4f6cd812 req-f0af4c28-24e7-4c26-ac8e-fd0f89ac6a9c 26721738254548cf906d337087aa1961 81cfce51e3c74c65971e1967a568f39b - - 5ba21f58809346e29f985113e0781a5e 5ba21f58809346e29f985113e0781a5e] 162.253.55.70 "GET /v2.0/networks?id=694dd575-abeb-402e-a153-2a93b285a054 HTTP/1.1" status: 200 len: 968 time: 0.0608816
2026-02-26 20:15:08.540 9 INFO neutron.wsgi [None req-5c38466d-4779-424f-8740-741b0581afc0 e3c0bfc700924ce084421af3fee0b456 7bb10ce3ad284bc88eb9ea9068dbeb21 - - default default] 10.0.0.10 "PUT /v2.0/routers/4775b8c8-664a-48c1-b45d-ecb3bcc9f40b/remove_router_interface HTTP/1.1" status: 200 len: 503 time: 1.3427045 /var/lib/openstack/lib/python3.10/site-packages/pycadf/identifier.py:71: UserWarning: Invalid uuid: neutron. To ensure interoperability, identifiers should be a valid uuid. warnings.warn(('Invalid uuid: %s. To ensure interoperability, '
2026-02-26 20:15:08.582 10 INFO neutron.plugins.ml2.drivers.ovn.mech_driver.mech_driver [None req-4fd76493-d3e6-48bf-be69-a7591e9358ab - - - - - -] OVN reports status up for port: f7d5e301-f3e9-44fc-b82e-6c17d1c804f6
2026-02-26 20:15:08.586 10 INFO neutron.wsgi [req-638f202a-d07b-4797-8b05-f6db4f6cd812 req-bc9b2fd9-ca1d-49e2-ad1c-753c3d8e807b 26721738254548cf906d337087aa1961 81cfce51e3c74c65971e1967a568f39b - - 5ba21f58809346e29f985113e0781a5e 5ba21f58809346e29f985113e0781a5e] 162.253.55.70 "GET /v2.0/floatingips?fixed_ip_address=10.100.0.10&port_id=f7d5e301-f3e9-44fc-b82e-6c17d1c804f6 HTTP/1.1" status: 200 len: 217 time: 0.2310882
2026-02-26 20:15:08.592 10 INFO neutron.wsgi [None req-227b8670-f007-42e5-91ad-28d03d1ddac1 e3c0bfc700924ce084421af3fee0b456 7bb10ce3ad284bc88eb9ea9068dbeb21 - - default default] 10.0.0.10 "DELETE /v2.0/security-groups/fd7eb89a-99d3-4f74-87c7-a9e5e03b8257 HTTP/1.1" status: 204 len: 168 time: 0.5303454
2026-02-26 20:15:08.617 10 INFO neutron.plugins.ml2.plugin [None req-4fd76493-d3e6-48bf-be69-a7591e9358ab - - - - - -] Attempt 1 to provision port f7d5e301-f3e9-44fc-b82e-6c17d1c804f6
2026-02-26 20:15:08.640 10 INFO neutron.wsgi [req-638f202a-d07b-4797-8b05-f6db4f6cd812 req-20a4820b-da90-4b5f-a42c-0eee17e77281 26721738254548cf906d337087aa1961 81cfce51e3c74c65971e1967a568f39b - - 5ba21f58809346e29f985113e0781a5e 5ba21f58809346e29f985113e0781a5e] 162.253.55.70 "GET /v2.0/subnets?id=e9fc0faf-df1c-4573-b15d-135d65e6b7fb HTTP/1.1" status: 200 len: 863 time: 0.0501454
2026-02-26 20:15:08.680 10 INFO neutron.wsgi [req-638f202a-d07b-4797-8b05-f6db4f6cd812 req-10eddee0-0ffc-4f6f-9b4b-7268653aaa53 26721738254548cf906d337087aa1961 81cfce51e3c74c65971e1967a568f39b - - 5ba21f58809346e29f985113e0781a5e 5ba21f58809346e29f985113e0781a5e] 162.253.55.70 "GET /v2.0/ports?network_id=694dd575-abeb-402e-a153-2a93b285a054&device_owner=network%3Adhcp HTTP/1.1" status: 200 len: 210 time: 0.0255418
2026-02-26 20:15:08.684 10 INFO neutron.wsgi [req-7f09f1dd-61af-4117-8dce-3008cc24b427 req-9d54211d-498e-4bc8-9edb-37bf2c3ac06a 9d77e15528ff49ac8467c6c92e5eb03d ee2151e39b5d476181a95ceb8fe430c8 - - default default] 10.0.0.246 "GET /v2.0/ports?device_id=e6b84291-2cb3-44d6-8bf5-97eeccafb5f2 HTTP/1.1" status: 200 len: 1172 time: 0.0628221
2026-02-26 20:15:08.765 10 INFO neutron.wsgi [req-638f202a-d07b-4797-8b05-f6db4f6cd812 req-208483bb-f4a2-4ed2-a130-239665bab7f7 26721738254548cf906d337087aa1961 81cfce51e3c74c65971e1967a568f39b - - 5ba21f58809346e29f985113e0781a5e 5ba21f58809346e29f985113e0781a5e] 162.253.55.70 "GET /v2.0/networks/694dd575-abeb-402e-a153-2a93b285a054?fields=segments HTTP/1.1" status: 200 len: 212 time: 0.0799518
2026-02-26 20:15:08.771 10 INFO neutron.wsgi [req-7f09f1dd-61af-4117-8dce-3008cc24b427 req-e705f891-457a-460e-814c-f64c5ef04858 9d77e15528ff49ac8467c6c92e5eb03d ee2151e39b5d476181a95ceb8fe430c8 - - default default] 10.0.0.246 "GET /v2.0/security-groups?id=794792c9-279b-486f-9cdb-131053bdaa30&fields=id&fields=name HTTP/1.1" status: 200 len: 313 time: 0.0717542
2026-02-26 20:15:08.852 10 INFO neutron.wsgi [req-638f202a-d07b-4797-8b05-f6db4f6cd812 req-e564999c-a109-4bc6-84db-a4b26a83198a 26721738254548cf906d337087aa1961 81cfce51e3c74c65971e1967a568f39b - - 5ba21f58809346e29f985113e0781a5e 5ba21f58809346e29f985113e0781a5e] 162.253.55.70 "GET /v2.0/networks/694dd575-abeb-402e-a153-2a93b285a054?fields=provider%3Aphysical_network&fields=provider%3Anetwork_type HTTP/1.1" status: 200 len: 277 time: 0.0788331
2026-02-26 20:15:08.984 10 INFO neutron.db.ovn_revision_numbers_db [None req-4fd76493-d3e6-48bf-be69-a7591e9358ab - - - - - -] Successfully bumped revision number for resource f7d5e301-f3e9-44fc-b82e-6c17d1c804f6 (type: ports) to 4
2026-02-26 20:15:09.209 9 INFO neutron.wsgi [None req-9c12ff8a-d260-4e11-b16b-caa9f9290ffc e3c0bfc700924ce084421af3fee0b456 7bb10ce3ad284bc88eb9ea9068dbeb21 - - default default] 10.0.0.10 "DELETE /v2.0/routers/4775b8c8-664a-48c1-b45d-ecb3bcc9f40b HTTP/1.1" status: 204 len: 168 time: 0.6634917
2026-02-26 20:15:09.454 9 INFO neutron.wsgi [None req-1fb9007e-6264-4e06-80dd-dd649fc8246c e3c0bfc700924ce084421af3fee0b456 7bb10ce3ad284bc88eb9ea9068dbeb21 - - default default] 10.0.0.10 "DELETE /v2.0/subnets/69126919-cea2-4e54-a05f-edc7b5212581 HTTP/1.1" status: 204 len: 168 time: 0.2394586
2026-02-26 20:15:09.775 9 INFO neutron.services.segments.plugin [-] Segment 9a6e9df8-8e56-495f-ac50-ec8c51f17c70 resource provider aggregate not found
2026-02-26 20:15:09.780 9 INFO neutron.services.segments.plugin [-] Segment 9a6e9df8-8e56-495f-ac50-ec8c51f17c70 resource provider aggregate not found
2026-02-26 20:15:09.797 9 INFO neutron.services.segments.plugin [-] Segment 9a6e9df8-8e56-495f-ac50-ec8c51f17c70 resource provider not found; error: Placement Client Error (4xx): {"errors": [{"status": 404, "title": "Not Found", "detail": "The resource could not be found.\n\n No resource provider with uuid 9a6e9df8-8e56-495f-ac50-ec8c51f17c70 found for delete ", "request_id": "req-17257590-715c-4caa-8613-b02e15571c1f"}]}
2026-02-26 20:15:09.800 9 INFO neutron.services.segments.plugin [-] Segment 9a6e9df8-8e56-495f-ac50-ec8c51f17c70 resource provider not found; error: Placement Client Error (4xx): {"errors": [{"status": 404, "title": "Not Found", "detail": "The resource could not be found.\n\n No resource provider with uuid 9a6e9df8-8e56-495f-ac50-ec8c51f17c70 found for delete ", "request_id": "req-b8015bc2-8dbd-4aec-b7de-e3f25da2d9ba"}]}
2026-02-26 20:15:09.821 9 INFO neutron.wsgi [None req-e47325ef-4517-4e68-aa24-039ea214e008 e3c0bfc700924ce084421af3fee0b456 7bb10ce3ad284bc88eb9ea9068dbeb21 - - default default] 10.0.0.10 "DELETE /v2.0/networks/c720d5b0-3de6-4f6b-b0f5-b54ba7d9e862 HTTP/1.1" status: 204 len: 168 time: 0.3577454
2026-02-26 20:15:09.914 10 INFO neutron.notifiers.nova [-] Nova event matching ['req-318dabcc-103d-42a6-a9b5-1ac81476fc1f'] response: {'server_uuid': 'e6b84291-2cb3-44d6-8bf5-97eeccafb5f2', 'name': 'network-vif-plugged', 'status': 'completed', 'tag': 'f7d5e301-f3e9-44fc-b82e-6c17d1c804f6', 'code': 200}
2026-02-26 20:15:09.914 10 INFO neutron.notifiers.nova [-] Nova event matching ['req-318dabcc-103d-42a6-a9b5-1ac81476fc1f'] response: {'server_uuid': 'e6b84291-2cb3-44d6-8bf5-97eeccafb5f2', 'name': 'network-vif-plugged', 'status': 'completed', 'tag': 'f7d5e301-f3e9-44fc-b82e-6c17d1c804f6', 'code': 200} /var/lib/openstack/lib/python3.10/site-packages/pycadf/identifier.py:71: UserWarning: Invalid uuid: neutron. To ensure interoperability, identifiers should be a valid uuid. warnings.warn(('Invalid uuid: %s. To ensure interoperability, '
2026-02-26 20:15:09.993 9 INFO neutron.wsgi [req-ad4699b3-6ed9-4c62-8070-da8f56010e26 req-133b72cd-72cb-4fe1-9118-5bd52fb82618 9d77e15528ff49ac8467c6c92e5eb03d ee2151e39b5d476181a95ceb8fe430c8 - - default default] 10.0.0.246 "GET /v2.0/ports?device_id=e6b84291-2cb3-44d6-8bf5-97eeccafb5f2 HTTP/1.1" status: 200 len: 1174 time: 0.1318755
2026-02-26 20:15:10.029 10 INFO neutron.wsgi [None req-0f4d21e5-290d-481d-8343-d4e5b2b2b404 e3c0bfc700924ce084421af3fee0b456 7bb10ce3ad284bc88eb9ea9068dbeb21 - - default default] 10.0.0.10 "GET /v2.0/security-groups?tenant_id=4ac5eb4a51c04003b726304193560c2f&name=default HTTP/1.1" status: 200 len: 2992 time: 0.0393589
2026-02-26 20:15:10.090 9 INFO neutron.wsgi [req-ad4699b3-6ed9-4c62-8070-da8f56010e26 req-b9de0c56-2f1b-4e57-9cf3-8a5587aa6c38 9d77e15528ff49ac8467c6c92e5eb03d ee2151e39b5d476181a95ceb8fe430c8 - - default default] 10.0.0.246 "GET /v2.0/security-groups?id=794792c9-279b-486f-9cdb-131053bdaa30&fields=id&fields=name HTTP/1.1" status: 200 len: 313 time: 0.0901010
2026-02-26 20:15:10.372 9 INFO neutron.wsgi [None req-2fdbb05d-1525-4cdc-b210-b5de752f7749 e3c0bfc700924ce084421af3fee0b456 7bb10ce3ad284bc88eb9ea9068dbeb21 - - default default] 10.0.0.10 "DELETE /v2.0/security-groups/54a65c77-4e19-438b-9a03-da5e2b092420 HTTP/1.1" status: 204 len: 168 time: 0.3366349
2026-02-26 20:15:11.269 10 INFO neutron.wsgi [req-a011fddf-d593-43d3-8747-995efe85b7a1 req-6fbaf727-c5b8-4b25-9bee-3f4f4f06b28e 9d77e15528ff49ac8467c6c92e5eb03d ee2151e39b5d476181a95ceb8fe430c8 - - default default] 10.0.0.246 "GET /v2.0/ports?device_id=e6b84291-2cb3-44d6-8bf5-97eeccafb5f2 HTTP/1.1" status: 200 len: 1174 time: 0.0926080
2026-02-26 20:15:11.310 10 INFO neutron.wsgi [req-a011fddf-d593-43d3-8747-995efe85b7a1 req-07aa3e01-3d35-4aa5-9aeb-81b87236a1f7 9d77e15528ff49ac8467c6c92e5eb03d ee2151e39b5d476181a95ceb8fe430c8 - - default default] 10.0.0.246 "GET /v2.0/security-groups?id=794792c9-279b-486f-9cdb-131053bdaa30&fields=id&fields=name HTTP/1.1" status: 200 len: 313 time: 0.0345361
2026-02-26 20:15:11.451 9 INFO neutron.wsgi [req-be134e24-6293-4b7b-8e28-d0bc1cfbfd7f req-a935dd9e-6787-43dd-a281-c28c22bb9120 9d77e15528ff49ac8467c6c92e5eb03d ee2151e39b5d476181a95ceb8fe430c8 - - default default] 10.0.0.246 "GET /v2.0/ports?device_id=e6b84291-2cb3-44d6-8bf5-97eeccafb5f2 HTTP/1.1" status: 200 len: 1174 time: 0.0752723
2026-02-26 20:15:11.689 10 INFO neutron.db.l3_db [None req-92ccad3b-dfdc-4ebb-885b-5f20dc41f531 9d77e15528ff49ac8467c6c92e5eb03d ee2151e39b5d476181a95ceb8fe430c8 - - default default] Floating IP 1a03083b-7d74-4796-9d67-a862a3083da0 associated. External IP: 10.96.250.206, port: f7d5e301-f3e9-44fc-b82e-6c17d1c804f6.
2026-02-26 20:15:11.884 10 INFO neutron.wsgi [req-9b5d1f40-5488-4365-bf7e-a5a017fd6227 req-1b7b3132-ece8-4553-a5f3-69fa89d948c3 ace7e3054e914fc6a14be482bac4c905 e3150c3f91ae4ad49d449d19f77d124b - - default default] 10.0.0.246 "GET /v2.0/ports?device_id=3a68a579-ad2b-4384-971d-f8ef9db74b3b HTTP/1.1" status: 200 len: 1170 time: 0.1323195 /var/lib/openstack/lib/python3.10/site-packages/pycadf/identifier.py:71: UserWarning: Invalid uuid: neutron. To ensure interoperability, identifiers should be a valid uuid. warnings.warn(('Invalid uuid: %s. To ensure interoperability, '
2026-02-26 20:15:11.929 10 INFO neutron.db.ovn_revision_numbers_db [None req-92ccad3b-dfdc-4ebb-885b-5f20dc41f531 9d77e15528ff49ac8467c6c92e5eb03d ee2151e39b5d476181a95ceb8fe430c8 - - default default] Successfully bumped revision number for resource 1a03083b-7d74-4796-9d67-a862a3083da0 (type: floatingips) to 1
2026-02-26 20:15:11.933 10 INFO neutron.wsgi [req-9b5d1f40-5488-4365-bf7e-a5a017fd6227 req-4a6439eb-4038-4029-958e-857bfc13f652 ace7e3054e914fc6a14be482bac4c905 e3150c3f91ae4ad49d449d19f77d124b - - default default] 10.0.0.246 "GET /v2.0/security-groups?id=90a72222-6a58-4668-a57e-bf32c0f62145&fields=id&fields=name HTTP/1.1" status: 200 len: 313 time: 0.0360756
2026-02-26 20:15:12.030 10 INFO neutron.db.ovn_revision_numbers_db [None req-92ccad3b-dfdc-4ebb-885b-5f20dc41f531 9d77e15528ff49ac8467c6c92e5eb03d ee2151e39b5d476181a95ceb8fe430c8 - - default default] Successfully bumped revision number for resource 1a03083b-7d74-4796-9d67-a862a3083da0 (type: floatingips) to 2
2026-02-26 20:15:12.055 10 INFO neutron.wsgi [None req-92ccad3b-dfdc-4ebb-885b-5f20dc41f531 9d77e15528ff49ac8467c6c92e5eb03d ee2151e39b5d476181a95ceb8fe430c8 - - default default] 10.0.0.10 "PUT /v2.0/floatingips/1a03083b-7d74-4796-9d67-a862a3083da0 HTTP/1.1" status: 200 len: 1050 time: 0.5810480
2026-02-26 20:15:12.100 9 INFO neutron.wsgi [req-386be86d-3069-4fe5-b5d3-9d79b9517aeb req-fd63d0fa-dc7d-4115-b7e3-f5343523cfae ace7e3054e914fc6a14be482bac4c905 e3150c3f91ae4ad49d449d19f77d124b - - default default] 10.0.0.246 "GET /v2.0/ports?device_id=3a68a579-ad2b-4384-971d-f8ef9db74b3b HTTP/1.1" status: 200 len: 1170 time: 0.0988700
2026-02-26 20:15:12.137 10 INFO neutron.wsgi [req-541d034d-7aa4-4f2b-b51a-192af4904581 req-70af1a65-45ca-4e04-912d-ad0e147f07ae 9d77e15528ff49ac8467c6c92e5eb03d ee2151e39b5d476181a95ceb8fe430c8 - - default default] 10.0.0.246 "GET /v2.0/ports?device_id=e6b84291-2cb3-44d6-8bf5-97eeccafb5f2 HTTP/1.1" status: 200 len: 1174 time: 0.0357964
2026-02-26 20:15:12.156 9 INFO neutron.wsgi [req-386be86d-3069-4fe5-b5d3-9d79b9517aeb req-2274922a-5cf5-4e0e-9358-9d9b3d1824ca ace7e3054e914fc6a14be482bac4c905 e3150c3f91ae4ad49d449d19f77d124b - - default default] 10.0.0.246 "GET /v2.0/security-groups?id=90a72222-6a58-4668-a57e-bf32c0f62145&fields=id&fields=name HTTP/1.1" status: 200 len: 313 time: 0.0469627
2026-02-26 20:15:12.181 10 INFO neutron.wsgi [req-541d034d-7aa4-4f2b-b51a-192af4904581 req-ae732c3e-2366-4bd7-b52c-e47e96906dc5 9d77e15528ff49ac8467c6c92e5eb03d ee2151e39b5d476181a95ceb8fe430c8 - - default default] 10.0.0.246 "GET /v2.0/security-groups?id=794792c9-279b-486f-9cdb-131053bdaa30&fields=id&fields=name HTTP/1.1" status: 200 len: 313 time: 0.0359712
2026-02-26 20:15:12.201 10 INFO neutron.notifiers.nova [-] Nova event matching ['req-e858beaa-35ad-4d64-8b32-f0db32569945'] response: {'name': 'network-changed', 'server_uuid': 'e6b84291-2cb3-44d6-8bf5-97eeccafb5f2', 'tag': 'f7d5e301-f3e9-44fc-b82e-6c17d1c804f6', 'status': 'completed', 'code': 200}
2026-02-26 20:15:12.258 10 INFO neutron.wsgi [req-031f8a25-415c-4c61-80a7-4eddcfa6bbea req-739c10ff-60bf-4645-ac80-1c2bb228bf9d 26721738254548cf906d337087aa1961 81cfce51e3c74c65971e1967a568f39b - - 5ba21f58809346e29f985113e0781a5e 5ba21f58809346e29f985113e0781a5e] 162.253.55.70 "GET /v2.0/ports?tenant_id=ee2151e39b5d476181a95ceb8fe430c8&device_id=e6b84291-2cb3-44d6-8bf5-97eeccafb5f2 HTTP/1.1" status: 200 len: 1413 time: 0.0347786
2026-02-26 20:15:12.348 10 INFO neutron.wsgi [req-031f8a25-415c-4c61-80a7-4eddcfa6bbea req-08da73e0-f653-472a-8044-0d8468c91b4c 26721738254548cf906d337087aa1961 81cfce51e3c74c65971e1967a568f39b - - 5ba21f58809346e29f985113e0781a5e 5ba21f58809346e29f985113e0781a5e] 162.253.55.70 "GET /v2.0/networks?id=694dd575-abeb-402e-a153-2a93b285a054 HTTP/1.1" status: 200 len: 968 time: 0.0829592
2026-02-26 20:15:12.398 10 INFO neutron.wsgi [req-031f8a25-415c-4c61-80a7-4eddcfa6bbea req-4f39ca08-655f-44a6-bab4-501fa9af274b 26721738254548cf906d337087aa1961 81cfce51e3c74c65971e1967a568f39b - - 5ba21f58809346e29f985113e0781a5e 5ba21f58809346e29f985113e0781a5e] 162.253.55.70 "GET /v2.0/floatingips?fixed_ip_address=10.100.0.10&port_id=f7d5e301-f3e9-44fc-b82e-6c17d1c804f6 HTTP/1.1" status: 200 len: 1060 time: 0.0425460
2026-02-26 20:15:12.432 10 INFO neutron.wsgi [req-031f8a25-415c-4c61-80a7-4eddcfa6bbea req-0104e12b-ba52-48db-a1bd-5ab4551805a6 26721738254548cf906d337087aa1961 81cfce51e3c74c65971e1967a568f39b - - 5ba21f58809346e29f985113e0781a5e 5ba21f58809346e29f985113e0781a5e] 162.253.55.70 "GET /v2.0/subnets?id=e9fc0faf-df1c-4573-b15d-135d65e6b7fb HTTP/1.1" status: 200 len: 863 time: 0.0277078
2026-02-26 20:15:12.458 10 INFO neutron.wsgi [req-031f8a25-415c-4c61-80a7-4eddcfa6bbea req-20649c5f-0401-43d2-87af-50fa774bda7c 26721738254548cf906d337087aa1961 81cfce51e3c74c65971e1967a568f39b - - 5ba21f58809346e29f985113e0781a5e 5ba21f58809346e29f985113e0781a5e] 162.253.55.70 "GET /v2.0/ports?network_id=694dd575-abeb-402e-a153-2a93b285a054&device_owner=network%3Adhcp HTTP/1.1" status: 200 len: 210 time: 0.0205567
2026-02-26 20:15:12.562 10 INFO neutron.wsgi [req-031f8a25-415c-4c61-80a7-4eddcfa6bbea req-f005baf7-ce5c-4bac-8618-786a375c1d3d 26721738254548cf906d337087aa1961 81cfce51e3c74c65971e1967a568f39b - - 5ba21f58809346e29f985113e0781a5e 5ba21f58809346e29f985113e0781a5e] 162.253.55.70 "GET /v2.0/networks/694dd575-abeb-402e-a153-2a93b285a054?fields=segments HTTP/1.1" status: 200 len: 212 time: 0.0901237
2026-02-26 20:15:12.565 9 INFO neutron.wsgi [req-195efcb9-8555-4ba7-af90-a052d6249801 req-cbb5b79d-15ff-4fa9-9d08-bb80f5dee2d4 9d77e15528ff49ac8467c6c92e5eb03d ee2151e39b5d476181a95ceb8fe430c8 - - default default] 10.0.0.246 "GET /v2.0/ports?device_id=e6b84291-2cb3-44d6-8bf5-97eeccafb5f2 HTTP/1.1" status: 200 len: 1174 time: 0.0513103
2026-02-26 20:15:12.573 10 INFO neutron.wsgi [req-d0a82831-605e-445b-b16d-3a8f30a14846 req-856b2662-7ab4-4d27-a5c7-5e48e2a9fd97 ace7e3054e914fc6a14be482bac4c905 e3150c3f91ae4ad49d449d19f77d124b - - default default] 10.0.0.246 "GET /v2.0/ports?device_id=3a68a579-ad2b-4384-971d-f8ef9db74b3b HTTP/1.1" status: 200 len: 1170 time: 0.0422115
2026-02-26 20:15:12.589 10 INFO neutron.plugins.ml2.drivers.ovn.mech_driver.mech_driver [None req-4fd76493-d3e6-48bf-be69-a7591e9358ab - - - - - -] OVN reports status down for port: f7d5e301-f3e9-44fc-b82e-6c17d1c804f6
2026-02-26 20:15:12.590 9 INFO neutron.wsgi [req-ebf95623-3ef0-4783-b83f-7aee06bbb76d req-287a7d21-57cc-4fa0-afd5-34e505423232 26721738254548cf906d337087aa1961 81cfce51e3c74c65971e1967a568f39b - - 5ba21f58809346e29f985113e0781a5e 5ba21f58809346e29f985113e0781a5e] 162.253.55.70 "GET /v2.0/ports?tenant_id=e3150c3f91ae4ad49d449d19f77d124b&device_id=3a68a579-ad2b-4384-971d-f8ef9db74b3b HTTP/1.1" status: 200 len: 1409 time: 0.0496674
2026-02-26 20:15:12.642 9 INFO neutron.wsgi [req-195efcb9-8555-4ba7-af90-a052d6249801 req-d58f780f-9c11-438e-b4a5-5c73842f594e 9d77e15528ff49ac8467c6c92e5eb03d ee2151e39b5d476181a95ceb8fe430c8 - - default default] 10.0.0.246 "GET /v2.0/security-groups?id=794792c9-279b-486f-9cdb-131053bdaa30&fields=id&fields=name HTTP/1.1" status: 200 len: 313 time: 0.0668285
2026-02-26 20:15:12.651 10 INFO neutron.wsgi [req-d0a82831-605e-445b-b16d-3a8f30a14846 req-45a76d1f-ff5f-4ab8-a6a0-2a2d4298ac22 ace7e3054e914fc6a14be482bac4c905 e3150c3f91ae4ad49d449d19f77d124b - - default default] 10.0.0.246 "GET /v2.0/security-groups?id=90a72222-6a58-4668-a57e-bf32c0f62145&fields=id&fields=name HTTP/1.1" status: 200 len: 313 time: 0.0699823
2026-02-26 20:15:12.663 9 INFO neutron.wsgi [req-ebf95623-3ef0-4783-b83f-7aee06bbb76d req-ebd68381-63d9-41a5-828d-ea73d3e04760 26721738254548cf906d337087aa1961 81cfce51e3c74c65971e1967a568f39b - - 5ba21f58809346e29f985113e0781a5e 5ba21f58809346e29f985113e0781a5e] 162.253.55.70 "GET /v2.0/networks?id=12b24f3f-63cd-475b-94d1-a6bcae7f9a0c HTTP/1.1" status: 200 len: 972 time: 0.0654275
2026-02-26 20:15:12.670 10 INFO neutron.wsgi [req-031f8a25-415c-4c61-80a7-4eddcfa6bbea req-b6de8d8b-4f75-4b1f-ad1f-29a5417c7f7d 26721738254548cf906d337087aa1961 81cfce51e3c74c65971e1967a568f39b - - 5ba21f58809346e29f985113e0781a5e 5ba21f58809346e29f985113e0781a5e] 162.253.55.70 "GET /v2.0/networks/694dd575-abeb-402e-a153-2a93b285a054?fields=provider%3Aphysical_network&fields=provider%3Anetwork_type HTTP/1.1" status: 200 len: 277 time: 0.0960617
2026-02-26 20:15:12.715 9 INFO neutron.wsgi [req-ebf95623-3ef0-4783-b83f-7aee06bbb76d req-8389448d-c725-4b62-bc89-fd5e40850d73 26721738254548cf906d337087aa1961 81cfce51e3c74c65971e1967a568f39b - - 5ba21f58809346e29f985113e0781a5e 5ba21f58809346e29f985113e0781a5e] 162.253.55.70 "GET /v2.0/floatingips?fixed_ip_address=10.100.0.8&port_id=071a292d-d18e-4914-b17c-1f0a2ffc5935 HTTP/1.1" status: 200 len: 1059 time: 0.0446765
2026-02-26 20:15:12.763 9 INFO neutron.wsgi [req-ebf95623-3ef0-4783-b83f-7aee06bbb76d req-5e19e821-46f3-4fa5-b3ce-b8cb2238ded9 26721738254548cf906d337087aa1961 81cfce51e3c74c65971e1967a568f39b - - 5ba21f58809346e29f985113e0781a5e 5ba21f58809346e29f985113e0781a5e] 162.253.55.70 "GET /v2.0/subnets?id=edec7978-2f19-4e0f-8e6c-6e171dc1dd01 HTTP/1.1" status: 200 len: 868 time: 0.0409698
2026-02-26 20:15:12.786 9 INFO neutron.wsgi [req-ebf95623-3ef0-4783-b83f-7aee06bbb76d req-e6c92847-35ca-4b13-b9b6-726678d9e060 26721738254548cf906d337087aa1961 81cfce51e3c74c65971e1967a568f39b - - 5ba21f58809346e29f985113e0781a5e 5ba21f58809346e29f985113e0781a5e] 162.253.55.70 "GET /v2.0/ports?network_id=12b24f3f-63cd-475b-94d1-a6bcae7f9a0c&device_owner=network%3Adhcp HTTP/1.1" status: 200 len: 210 time: 0.0170245
2026-02-26 20:15:12.863 9 INFO neutron.wsgi [req-ebf95623-3ef0-4783-b83f-7aee06bbb76d req-f5c82b53-e8c9-423b-beea-bda6587f5872 26721738254548cf906d337087aa1961 81cfce51e3c74c65971e1967a568f39b - - 5ba21f58809346e29f985113e0781a5e 5ba21f58809346e29f985113e0781a5e] 162.253.55.70 "GET /v2.0/networks/12b24f3f-63cd-475b-94d1-a6bcae7f9a0c?fields=segments HTTP/1.1" status: 200 len: 212 time: 0.0710151
2026-02-26 20:15:12.922 9 INFO neutron.wsgi [req-ebf95623-3ef0-4783-b83f-7aee06bbb76d req-0d0a2f1d-6a5a-45aa-ae88-70ded96a7384 26721738254548cf906d337087aa1961 81cfce51e3c74c65971e1967a568f39b - - 5ba21f58809346e29f985113e0781a5e 5ba21f58809346e29f985113e0781a5e] 162.253.55.70 "GET /v2.0/networks/12b24f3f-63cd-475b-94d1-a6bcae7f9a0c?fields=provider%3Aphysical_network&fields=provider%3Anetwork_type HTTP/1.1" status: 200 len: 277 time: 0.0534649
2026-02-26 20:15:12.933 10 INFO neutron.wsgi [req-f689f779-e991-41d9-9fd1-35d1153d8264 req-19cde751-3299-4622-b30d-9d7d3adb6b4c 9d77e15528ff49ac8467c6c92e5eb03d ee2151e39b5d476181a95ceb8fe430c8 - - default default] 162.253.55.70 "GET /v2.0/ports?device_id=e6b84291-2cb3-44d6-8bf5-97eeccafb5f2 HTTP/1.1" status: 200 len: 1172 time: 0.0489550
2026-02-26 20:15:13.021 10 INFO neutron.db.ovn_revision_numbers_db [None req-4fd76493-d3e6-48bf-be69-a7591e9358ab - - - - - -] Successfully bumped revision number for resource f7d5e301-f3e9-44fc-b82e-6c17d1c804f6 (type: ports) to 5
2026-02-26 20:15:13.123 9 INFO neutron.plugins.ml2.drivers.ovn.mech_driver.mech_driver [None req-f1686c4d-0e2c-46ea-a85f-56026a21d606 - - - - - -] OVN reports status down for port: 071a292d-d18e-4914-b17c-1f0a2ffc5935
2026-02-26 20:15:13.258 9 INFO neutron.notifiers.nova [-] Nova event matching ['req-0e52d780-a9d5-49ff-bb22-0a9b7b3e4eb2'] response: {'server_uuid': '3a68a579-ad2b-4384-971d-f8ef9db74b3b', 'name': 'network-vif-unplugged', 'status': 'completed', 'tag': '071a292d-d18e-4914-b17c-1f0a2ffc5935', 'code': 200}
2026-02-26 20:15:13.303 10 INFO neutron.db.l3_db [req-f689f779-e991-41d9-9fd1-35d1153d8264 req-4264bba3-7587-421a-b9a7-63d135775039 9d77e15528ff49ac8467c6c92e5eb03d ee2151e39b5d476181a95ceb8fe430c8 - - default default] Floating IP 1a03083b-7d74-4796-9d67-a862a3083da0 disassociated. External IP: 10.96.250.206, port: f7d5e301-f3e9-44fc-b82e-6c17d1c804f6.
2026-02-26 20:15:13.415 9 INFO neutron.db.ovn_revision_numbers_db [None req-f1686c4d-0e2c-46ea-a85f-56026a21d606 - - - - - -] Successfully bumped revision number for resource 071a292d-d18e-4914-b17c-1f0a2ffc5935 (type: ports) to 5
2026-02-26 20:15:13.544 10 INFO neutron.wsgi [req-f689f779-e991-41d9-9fd1-35d1153d8264 req-4264bba3-7587-421a-b9a7-63d135775039 9d77e15528ff49ac8467c6c92e5eb03d ee2151e39b5d476181a95ceb8fe430c8 - - default default] 162.253.55.70 "DELETE /v2.0/ports/f7d5e301-f3e9-44fc-b82e-6c17d1c804f6 HTTP/1.1" status: 204 len: 173 time: 0.6054385 /var/lib/openstack/lib/python3.10/site-packages/pycadf/identifier.py:71: UserWarning: Invalid uuid: neutron. To ensure interoperability, identifiers should be a valid uuid. warnings.warn(('Invalid uuid: %s. To ensure interoperability, '
2026-02-26 20:15:13.777 9 INFO neutron.plugins.ml2.drivers.ovn.mech_driver.mech_driver [None req-f1686c4d-0e2c-46ea-a85f-56026a21d606 - - - - - -] OVN reports status up for port: 071a292d-d18e-4914-b17c-1f0a2ffc5935
2026-02-26 20:15:13.796 9 INFO neutron.wsgi [req-f96ae4ca-b193-412f-8ee6-d5367ef167a6 req-73e8d484-14bc-46c9-bae9-dcb23175a789 ace7e3054e914fc6a14be482bac4c905 e3150c3f91ae4ad49d449d19f77d124b - - default default] 10.0.0.246 "GET /v2.0/ports?device_id=3a68a579-ad2b-4384-971d-f8ef9db74b3b HTTP/1.1" status: 200 len: 1168 time: 0.0620289
2026-02-26 20:15:13.797 9 INFO neutron.plugins.ml2.plugin [None req-f1686c4d-0e2c-46ea-a85f-56026a21d606 - - - - - -] Attempt 1 to provision port 071a292d-d18e-4914-b17c-1f0a2ffc5935 /var/lib/openstack/lib/python3.10/site-packages/pycadf/identifier.py:71: UserWarning: Invalid uuid: neutron. To ensure interoperability, identifiers should be a valid uuid. warnings.warn(('Invalid uuid: %s. To ensure interoperability, '
2026-02-26 20:15:13.853 10 INFO neutron.wsgi [req-5be6d7cb-bb14-4bf0-b7da-2bdc3638ebae req-82f4f034-5a45-423d-ae08-e1bbc8eb65e5 9d77e15528ff49ac8467c6c92e5eb03d ee2151e39b5d476181a95ceb8fe430c8 - - default default] 10.0.0.246 "GET /v2.0/ports?device_id=e6b84291-2cb3-44d6-8bf5-97eeccafb5f2 HTTP/1.1" status: 200 len: 210 time: 0.0485363
2026-02-26 20:15:13.877 9 INFO neutron.wsgi [req-f96ae4ca-b193-412f-8ee6-d5367ef167a6 req-92124f3f-099a-4d60-aad9-9aaf7c3f4902 ace7e3054e914fc6a14be482bac4c905 e3150c3f91ae4ad49d449d19f77d124b - - default default] 10.0.0.246 "GET /v2.0/security-groups?id=90a72222-6a58-4668-a57e-bf32c0f62145&fields=id&fields=name HTTP/1.1" status: 200 len: 313 time: 0.0603354
2026-02-26 20:15:14.137 9 INFO neutron.db.ovn_revision_numbers_db [None req-f1686c4d-0e2c-46ea-a85f-56026a21d606 - - - - - -] Successfully bumped revision number for resource 071a292d-d18e-4914-b17c-1f0a2ffc5935 (type: ports) to 6
2026-02-26 20:15:14.241 10 INFO neutron.notifiers.nova [-] Nova event matching ['req-757b74a2-4d38-470a-a6df-2f00f7ab1285'] response: {'server_uuid': 'e6b84291-2cb3-44d6-8bf5-97eeccafb5f2', 'name': 'network-vif-unplugged', 'status': 'completed', 'tag': 'f7d5e301-f3e9-44fc-b82e-6c17d1c804f6', 'code': 200}
2026-02-26 20:15:14.241 10 INFO neutron.notifiers.nova [-] Nova event matching ['req-757b74a2-4d38-470a-a6df-2f00f7ab1285'] response: {'server_uuid': 'e6b84291-2cb3-44d6-8bf5-97eeccafb5f2', 'name': 'network-vif-plugged', 'status': 'completed', 'tag': 'f7d5e301-f3e9-44fc-b82e-6c17d1c804f6', 'code': 200}
2026-02-26 20:15:14.241 10 INFO neutron.notifiers.nova [-] Nova event matching ['req-757b74a2-4d38-470a-a6df-2f00f7ab1285'] response: {'server_uuid': 'e6b84291-2cb3-44d6-8bf5-97eeccafb5f2', 'name': 'network-vif-deleted', 'tag': 'f7d5e301-f3e9-44fc-b82e-6c17d1c804f6', 'status': 'completed', 'code': 200} /var/lib/openstack/lib/python3.10/site-packages/pycadf/identifier.py:71: UserWarning: Invalid uuid: neutron. To ensure interoperability, identifiers should be a valid uuid. warnings.warn(('Invalid uuid: %s. To ensure interoperability, '
2026-02-26 20:15:14.997 10 INFO neutron.wsgi [req-fcf1b86c-868f-4b3e-9474-c4a605a20338 req-96d9afd1-c74b-4f8e-aa22-a59f23fd130e ace7e3054e914fc6a14be482bac4c905 e3150c3f91ae4ad49d449d19f77d124b - - default default] 10.0.0.246 "GET /v2.0/ports?device_id=3a68a579-ad2b-4384-971d-f8ef9db74b3b HTTP/1.1" status: 200 len: 1170 time: 0.0475140
2026-02-26 20:15:15.064 10 INFO neutron.wsgi [req-fcf1b86c-868f-4b3e-9474-c4a605a20338 req-811afd88-9578-497a-8baf-90435a1478e2 ace7e3054e914fc6a14be482bac4c905 e3150c3f91ae4ad49d449d19f77d124b - - default default] 10.0.0.246 "GET /v2.0/security-groups?id=90a72222-6a58-4668-a57e-bf32c0f62145&fields=id&fields=name HTTP/1.1" status: 200 len: 313 time: 0.0555182
2026-02-26 20:15:15.079 9 INFO neutron.wsgi [None req-64e05d78-26e9-4848-ab0b-6d23ff3d40b4 9d77e15528ff49ac8467c6c92e5eb03d ee2151e39b5d476181a95ceb8fe430c8 - - default default] 10.0.0.10 "DELETE /v2.0/security-groups/794792c9-279b-486f-9cdb-131053bdaa30 HTTP/1.1" status: 204 len: 168 time: 0.1251776
2026-02-26 20:15:15.097 9 INFO neutron.api.v2.resource [None req-873f58ef-2721-4fbd-9ddb-ce53f2384ea1 9d77e15528ff49ac8467c6c92e5eb03d ee2151e39b5d476181a95ceb8fe430c8 - - default default] show failed (client error): The resource could not be found.
2026-02-26 20:15:15.098 9 INFO neutron.wsgi [None req-873f58ef-2721-4fbd-9ddb-ce53f2384ea1 9d77e15528ff49ac8467c6c92e5eb03d ee2151e39b5d476181a95ceb8fe430c8 - - default default] 10.0.0.10 "GET /v2.0/security-groups/794792c9-279b-486f-9cdb-131053bdaa30 HTTP/1.1" status: 404 len: 347 time: 0.0138488
2026-02-26 20:15:15.295 9 INFO neutron.notifiers.nova [-] Nova event matching ['req-50062563-d7b0-4faa-a048-08c42793122a'] response: {'server_uuid': '3a68a579-ad2b-4384-971d-f8ef9db74b3b', 'name': 'network-vif-plugged', 'status': 'completed', 'tag': '071a292d-d18e-4914-b17c-1f0a2ffc5935', 'code': 200}
2026-02-26 20:15:15.295 9 INFO neutron.notifiers.nova [-] Nova event matching ['req-50062563-d7b0-4faa-a048-08c42793122a'] response: {'server_uuid': '3a68a579-ad2b-4384-971d-f8ef9db74b3b', 'name': 'network-vif-plugged', 'status': 'completed', 'tag': '071a292d-d18e-4914-b17c-1f0a2ffc5935', 'code': 200}
2026-02-26 20:15:15.296 9 INFO neutron.notifiers.nova [-] Nova event matching ['req-50062563-d7b0-4faa-a048-08c42793122a'] response: {'server_uuid': '3a68a579-ad2b-4384-971d-f8ef9db74b3b', 'name': 'network-vif-plugged', 'status': 'completed', 'tag': '071a292d-d18e-4914-b17c-1f0a2ffc5935', 'code': 200}
2026-02-26 20:15:15.437 9 INFO neutron.wsgi [None req-cc3c1d23-2a90-43fa-8b36-53f35328194b 9d77e15528ff49ac8467c6c92e5eb03d ee2151e39b5d476181a95ceb8fe430c8 - - default default] 10.0.0.10 "DELETE /v2.0/floatingips/1a03083b-7d74-4796-9d67-a862a3083da0 HTTP/1.1" status: 204 len: 168 time: 0.3343549
2026-02-26 20:15:15.672 10 INFO neutron.db.ovn_revision_numbers_db [None req-198b8d64-c80d-48ab-8ecd-56b1b481d031 e3c0bfc700924ce084421af3fee0b456 7bb10ce3ad284bc88eb9ea9068dbeb21 - - default default] Successfully bumped revision number for resource 124c3517-a9db-4029-bf5e-d4a2d5a0f7dd (type: security_groups) to 1
2026-02-26 20:15:15.687 10 INFO neutron.db.ovn_revision_numbers_db [None req-198b8d64-c80d-48ab-8ecd-56b1b481d031 e3c0bfc700924ce084421af3fee0b456 7bb10ce3ad284bc88eb9ea9068dbeb21 - - default default] Successfully bumped revision number for resource 60a4b574-767a-480b-bf39-851e0a03f45b (type: security_group_rules) to 0
2026-02-26 20:15:15.706 10 INFO neutron.db.ovn_revision_numbers_db [None req-198b8d64-c80d-48ab-8ecd-56b1b481d031 e3c0bfc700924ce084421af3fee0b456 7bb10ce3ad284bc88eb9ea9068dbeb21 - - default default] Successfully bumped revision number for resource 812ec86f-437e-442f-b986-6d7e86dd1794 (type: security_group_rules) to 0
2026-02-26 20:15:15.722 10 INFO neutron.db.ovn_revision_numbers_db [None req-198b8d64-c80d-48ab-8ecd-56b1b481d031 e3c0bfc700924ce084421af3fee0b456 7bb10ce3ad284bc88eb9ea9068dbeb21 - - default default] Successfully bumped revision number for resource b2d08a25-f5e9-43c3-b8c8-f6a6cb8c6202 (type: security_group_rules) to 0
2026-02-26 20:15:15.737 10 INFO neutron.db.ovn_revision_numbers_db [None req-198b8d64-c80d-48ab-8ecd-56b1b481d031 e3c0bfc700924ce084421af3fee0b456 7bb10ce3ad284bc88eb9ea9068dbeb21 - - default default] Successfully bumped revision number for resource ee2ea38d-d6b7-4231-adc0-1d4642bc8544 (type: security_group_rules) to 0
2026-02-26 20:15:15.759 10 INFO neutron.wsgi [None req-198b8d64-c80d-48ab-8ecd-56b1b481d031 e3c0bfc700924ce084421af3fee0b456 7bb10ce3ad284bc88eb9ea9068dbeb21 - - default default] 10.0.0.10 "GET /v2.0/security-groups?tenant_id=316b624fb3de481fbd6847a69a90cac0&name=default HTTP/1.1" status: 200 len: 2996 time: 0.4506459
2026-02-26 20:15:15.958 10 INFO neutron.wsgi [None req-b8781b78-e8b8-4298-83b3-a8dd170a48be e3c0bfc700924ce084421af3fee0b456 7bb10ce3ad284bc88eb9ea9068dbeb21 - - default default] 10.0.0.10 "DELETE /v2.0/security-groups/124c3517-a9db-4029-bf5e-d4a2d5a0f7dd HTTP/1.1" status: 204 len: 168 time: 0.1926165
2026-02-26 20:15:16.161 10 INFO neutron.db.ovn_revision_numbers_db [None req-01f25b6f-6d12-4bb5-a693-bb3d9a1e0706 e3c0bfc700924ce084421af3fee0b456 7bb10ce3ad284bc88eb9ea9068dbeb21 - - default default] Successfully bumped revision number for resource 2e8509e9-df15-4782-bf2c-a1639ba7a96b (type: security_groups) to 1
2026-02-26 20:15:16.177 10 INFO neutron.db.ovn_revision_numbers_db [None req-01f25b6f-6d12-4bb5-a693-bb3d9a1e0706 e3c0bfc700924ce084421af3fee0b456 7bb10ce3ad284bc88eb9ea9068dbeb21 - - default default] Successfully bumped revision number for resource 2200ee79-6e76-47cd-916e-2cee0291cba2 (type: security_group_rules) to 0
2026-02-26 20:15:16.195 10 INFO neutron.db.ovn_revision_numbers_db [None req-01f25b6f-6d12-4bb5-a693-bb3d9a1e0706 e3c0bfc700924ce084421af3fee0b456 7bb10ce3ad284bc88eb9ea9068dbeb21 - - default default] Successfully bumped revision number for resource 9410bdf2-fd83-4451-ad1c-dcf08dcdc5ec (type: security_group_rules) to 0
2026-02-26 20:15:16.208 10 INFO neutron.db.ovn_revision_numbers_db [None req-01f25b6f-6d12-4bb5-a693-bb3d9a1e0706 e3c0bfc700924ce084421af3fee0b456 7bb10ce3ad284bc88eb9ea9068dbeb21 - - default default] Successfully bumped revision number for resource 99da62be-be2a-40b1-9305-0bd132480267 (type: security_group_rules) to 0
2026-02-26 20:15:16.222 10 INFO neutron.db.ovn_revision_numbers_db [None req-01f25b6f-6d12-4bb5-a693-bb3d9a1e0706 e3c0bfc700924ce084421af3fee0b456 7bb10ce3ad284bc88eb9ea9068dbeb21 - - default default] Successfully bumped revision number for resource 9ba6e1d7-d2d7-4127-a4a3-3a527b03e873 (type: security_group_rules) to 0
2026-02-26 20:15:16.236 9 INFO neutron.db.ovn_revision_numbers_db [None req-4a88a929-616e-4100-b31d-db15df47af1e e3c0bfc700924ce084421af3fee0b456 7bb10ce3ad284bc88eb9ea9068dbeb21 - - default default] Successfully bumped revision number for resource 21194d1f-f243-45ff-93e7-8f0c5f7b5df5 (type: security_groups) to 1
2026-02-26 20:15:16.247 10 INFO neutron.wsgi [None req-01f25b6f-6d12-4bb5-a693-bb3d9a1e0706 e3c0bfc700924ce084421af3fee0b456 7bb10ce3ad284bc88eb9ea9068dbeb21 - - default default] 10.0.0.10 "GET /v2.0/security-groups?tenant_id=56a9bd6c8ec04b61b2b97baee1196fb5&name=default HTTP/1.1" status: 200 len: 2996 time: 0.3115246
2026-02-26 20:15:16.262 9 INFO neutron.db.ovn_revision_numbers_db [None req-4a88a929-616e-4100-b31d-db15df47af1e e3c0bfc700924ce084421af3fee0b456 7bb10ce3ad284bc88eb9ea9068dbeb21 - - default default] Successfully bumped revision number for resource 0a11c0c1-4695-4e06-8e60-1ce4c1019d1e (type: security_group_rules) to 0
2026-02-26 20:15:16.297 9 INFO neutron.db.ovn_revision_numbers_db [None req-4a88a929-616e-4100-b31d-db15df47af1e e3c0bfc700924ce084421af3fee0b456 7bb10ce3ad284bc88eb9ea9068dbeb21 - - default default] Successfully bumped revision number for resource 3c6ec124-5836-4bb1-9087-a1d0f61e4a5e (type: security_group_rules) to 0
2026-02-26 20:15:16.317 9 INFO neutron.db.ovn_revision_numbers_db [None req-4a88a929-616e-4100-b31d-db15df47af1e e3c0bfc700924ce084421af3fee0b456 7bb10ce3ad284bc88eb9ea9068dbeb21 - - default default] Successfully bumped revision number for resource bb854fc7-856b-490e-818e-09d7f55463fe (type: security_group_rules) to 0
2026-02-26 20:15:16.336 9 INFO neutron.db.ovn_revision_numbers_db [None req-4a88a929-616e-4100-b31d-db15df47af1e e3c0bfc700924ce084421af3fee0b456 7bb10ce3ad284bc88eb9ea9068dbeb21 - - default default] Successfully bumped revision number for resource bcb14b8c-ebd5-4c8d-a530-31a7e3c50a26 (type: security_group_rules) to 0
2026-02-26 20:15:16.370 9 INFO neutron.wsgi [None req-4a88a929-616e-4100-b31d-db15df47af1e e3c0bfc700924ce084421af3fee0b456 7bb10ce3ad284bc88eb9ea9068dbeb21 - - default default] 10.0.0.10 "GET /v2.0/security-groups?tenant_id=2e3d553126a243f084377c299baae571&name=default HTTP/1.1" status: 200 len: 2996 time: 0.3095365
2026-02-26 20:15:16.625 10 INFO neutron.wsgi [None req-0290f6f3-798e-403b-aad5-42d49bf66eb9 e3c0bfc700924ce084421af3fee0b456 7bb10ce3ad284bc88eb9ea9068dbeb21 - - default default] 10.0.0.10 "DELETE /v2.0/security-groups/2e8509e9-df15-4782-bf2c-a1639ba7a96b HTTP/1.1" status: 204 len: 168 time: 0.3725283
2026-02-26 20:15:16.730 9 INFO neutron.wsgi [None req-ba80b670-3093-4916-9a9c-b5631681f486 e3c0bfc700924ce084421af3fee0b456 7bb10ce3ad284bc88eb9ea9068dbeb21 - - default default] 10.0.0.10 "DELETE /v2.0/security-groups/21194d1f-f243-45ff-93e7-8f0c5f7b5df5 HTTP/1.1" status: 204 len: 168 time: 0.3544319
2026-02-26 20:15:16.804 9 INFO neutron.wsgi [None req-afd09cd9-61cf-4e27-af4c-f303c1e13ac5 e3c0bfc700924ce084421af3fee0b456 7bb10ce3ad284bc88eb9ea9068dbeb21 - - default default] 10.0.0.10 "PUT /v2.0/routers/d2688214-ae9c-43e6-b6f6-18da2eed2ba0/remove_router_interface HTTP/1.1" status: 200 len: 503 time: 1.3600690 /var/lib/openstack/lib/python3.10/site-packages/pycadf/identifier.py:71: UserWarning: Invalid uuid: neutron. To ensure interoperability, identifiers should be a valid uuid. warnings.warn(('Invalid uuid: %s. To ensure interoperability, '
2026-02-26 20:15:17.057 10 INFO neutron.db.ovn_revision_numbers_db [None req-0af135cd-1ec7-45b6-98be-ff0633cf53b4 e3c0bfc700924ce084421af3fee0b456 7bb10ce3ad284bc88eb9ea9068dbeb21 - - default default] Successfully bumped revision number for resource 9fd6f606-d69e-4e3f-8e43-0afab4c7c93c (type: security_groups) to 1
2026-02-26 20:15:17.072 10 INFO neutron.db.ovn_revision_numbers_db [None req-0af135cd-1ec7-45b6-98be-ff0633cf53b4 e3c0bfc700924ce084421af3fee0b456 7bb10ce3ad284bc88eb9ea9068dbeb21 - - default default] Successfully bumped revision number for resource 0a8d5214-e611-4391-a860-0e22b8730c70 (type: security_group_rules) to 0
2026-02-26 20:15:17.087 10 INFO neutron.db.ovn_revision_numbers_db [None req-0af135cd-1ec7-45b6-98be-ff0633cf53b4 e3c0bfc700924ce084421af3fee0b456 7bb10ce3ad284bc88eb9ea9068dbeb21 - - default default] Successfully bumped revision number for resource 3cc3329e-1b48-46e3-982a-30e1b452a78d (type: security_group_rules) to 0
2026-02-26 20:15:17.106 10 INFO neutron.db.ovn_revision_numbers_db [None req-0af135cd-1ec7-45b6-98be-ff0633cf53b4 e3c0bfc700924ce084421af3fee0b456 7bb10ce3ad284bc88eb9ea9068dbeb21 - - default default] Successfully bumped revision number for resource c331d1d4-946b-4d88-8109-14b3c7910b52 (type: security_group_rules) to 0
2026-02-26 20:15:17.126 10 INFO neutron.db.ovn_revision_numbers_db [None req-0af135cd-1ec7-45b6-98be-ff0633cf53b4 e3c0bfc700924ce084421af3fee0b456 7bb10ce3ad284bc88eb9ea9068dbeb21 - - default default] Successfully bumped revision number for resource eeddcfa2-5aee-4a93-8709-779fccf7fa26 (type: security_group_rules) to 0
2026-02-26 20:15:17.153 10 INFO neutron.wsgi [None req-0af135cd-1ec7-45b6-98be-ff0633cf53b4 e3c0bfc700924ce084421af3fee0b456 7bb10ce3ad284bc88eb9ea9068dbeb21 - - default default] 10.0.0.10 "GET /v2.0/security-groups?tenant_id=c885f54b489d4fddbf7f199d3c84aba2&name=default HTTP/1.1" status: 200 len: 2996 time: 0.2548931
2026-02-26 20:15:17.356 10 INFO neutron.wsgi [None req-a395bf83-3898-4ceb-98aa-9f7e708a3830 e3c0bfc700924ce084421af3fee0b456 7bb10ce3ad284bc88eb9ea9068dbeb21 - - default default] 10.0.0.10 "DELETE /v2.0/security-groups/9fd6f606-d69e-4e3f-8e43-0afab4c7c93c HTTP/1.1" status: 204 len: 168 time: 0.1974785
2026-02-26 20:15:17.540 9 INFO neutron.wsgi [None req-4c001164-817e-4db2-a246-1b0f5f0c5007 e3c0bfc700924ce084421af3fee0b456 7bb10ce3ad284bc88eb9ea9068dbeb21 - - default default] 10.0.0.10 "DELETE /v2.0/routers/d2688214-ae9c-43e6-b6f6-18da2eed2ba0 HTTP/1.1" status: 204 len: 168 time: 0.7296064
2026-02-26 20:15:17.781 9 INFO neutron.wsgi [None req-f3abb180-7e6d-4174-b366-42dc5139ca51 e3c0bfc700924ce084421af3fee0b456 7bb10ce3ad284bc88eb9ea9068dbeb21 - - default default] 10.0.0.10 "DELETE /v2.0/subnets/e9fc0faf-df1c-4573-b15d-135d65e6b7fb HTTP/1.1" status: 204 len: 168 time: 0.2355087
2026-02-26 20:15:18.105 9 INFO neutron.services.segments.plugin [-] Segment 75fc17dc-8874-407c-8cd4-75b696f323a4 resource provider aggregate not found
2026-02-26 20:15:18.110 9 INFO neutron.services.segments.plugin [-] Segment 75fc17dc-8874-407c-8cd4-75b696f323a4 resource provider aggregate not found
2026-02-26 20:15:18.127 9 INFO neutron.services.segments.plugin [-] Segment 75fc17dc-8874-407c-8cd4-75b696f323a4 resource provider not found; error: Placement Client Error (4xx): {"errors": [{"status": 404, "title": "Not Found", "detail": "The resource could not be found.\n\n No resource provider with uuid 75fc17dc-8874-407c-8cd4-75b696f323a4 found for delete ", "request_id": "req-cea71117-410f-41f9-80cb-8e11ba104e13"}]}
2026-02-26 20:15:18.129 9 INFO neutron.services.segments.plugin [-] Segment 75fc17dc-8874-407c-8cd4-75b696f323a4 resource provider not found; error: Placement Client Error (4xx): {"errors": [{"status": 404, "title": "Not Found", "detail": "The resource could not be found.\n\n No resource provider with uuid 75fc17dc-8874-407c-8cd4-75b696f323a4 found for delete ", "request_id": "req-781a5686-6854-4035-82ce-e7f3ac0d844b"}]}
2026-02-26 20:15:18.149 9 INFO neutron.wsgi [None req-6b461d69-f579-4907-8ac2-6891536138ef e3c0bfc700924ce084421af3fee0b456 7bb10ce3ad284bc88eb9ea9068dbeb21 - - default default] 10.0.0.10 "DELETE /v2.0/networks/694dd575-abeb-402e-a153-2a93b285a054 HTTP/1.1" status: 204 len: 168 time: 0.3629129
2026-02-26 20:15:18.310 10 INFO neutron.wsgi [None req-c7feddd3-b857-4d7f-9057-be1075e3e386 e3c0bfc700924ce084421af3fee0b456 7bb10ce3ad284bc88eb9ea9068dbeb21 - - default default] 10.0.0.10 "GET /v2.0/security-groups?tenant_id=ee2151e39b5d476181a95ceb8fe430c8&name=default HTTP/1.1" status: 200 len: 2996 time: 0.0361536
2026-02-26 20:15:18.519 10 INFO neutron.wsgi [None req-030c49f1-74e9-4f22-b096-a1fffe7f1320 e3c0bfc700924ce084421af3fee0b456 7bb10ce3ad284bc88eb9ea9068dbeb21 - - default default] 10.0.0.10 "DELETE /v2.0/security-groups/f90e3fda-dba2-4a5d-8ecd-e7daaf7719c5 HTTP/1.1" status: 204 len: 168 time: 0.2044649
2026-02-26 20:15:19.566 9 INFO neutron.wsgi [-] 10.0.0.13 "GET / HTTP/1.1" status: 200 len: 247 time: 0.0029473
2026-02-26 20:15:19.566 10 INFO neutron.wsgi [-] 10.0.0.13 "GET / HTTP/1.1" status: 200 len: 247 time: 0.0030808
2026-02-26 20:15:19.955 9 INFO neutron.db.ovn_revision_numbers_db [None req-f8635534-4427-4d71-a5e0-8631100c0062 b480798779ab452d985d191f84aa0693 71782ad280384455a954a96ddd3e0266 - - default default] Successfully bumped revision number for resource 7c160619-739b-49b2-a3c4-41e2cc530414 (type: security_groups) to 1
2026-02-26 20:15:19.970 9 INFO neutron.db.ovn_revision_numbers_db [None req-f8635534-4427-4d71-a5e0-8631100c0062 b480798779ab452d985d191f84aa0693 71782ad280384455a954a96ddd3e0266 - - default default] Successfully bumped revision number for resource 3a7906d2-ff99-456f-a850-be78c9d147f7 (type: security_group_rules) to 0
2026-02-26 20:15:19.988 9 INFO neutron.db.ovn_revision_numbers_db [None req-f8635534-4427-4d71-a5e0-8631100c0062 b480798779ab452d985d191f84aa0693 71782ad280384455a954a96ddd3e0266 - - default default] Successfully bumped revision number for resource 5795ca50-5b25-47f1-8d47-1b1e5c00dc96 (type: security_group_rules) to 0
2026-02-26 20:15:20.001 9 INFO neutron.db.ovn_revision_numbers_db [None req-f8635534-4427-4d71-a5e0-8631100c0062 b480798779ab452d985d191f84aa0693 71782ad280384455a954a96ddd3e0266 - - default default] Successfully bumped revision number for resource 6a491583-fe41-44e9-b343-7ab97d283ede (type: security_group_rules) to 0
2026-02-26 20:15:20.016 9 INFO neutron.db.ovn_revision_numbers_db [None req-f8635534-4427-4d71-a5e0-8631100c0062 b480798779ab452d985d191f84aa0693 71782ad280384455a954a96ddd3e0266 - - default default] Successfully bumped revision number for resource d5604315-8839-435d-b92a-7216a0ec72f5 (type: security_group_rules) to 0
2026-02-26 20:15:20.095 9 INFO neutron.db.segments_db [None req-f8635534-4427-4d71-a5e0-8631100c0062 b480798779ab452d985d191f84aa0693 71782ad280384455a954a96ddd3e0266 - - default default] Added segment 21463000-e254-4673-a992-775c451bde5e of type geneve for network c2ce2b52-c69e-4631-8eee-220824302d6f
2026-02-26 20:15:20.264 9 INFO neutron.db.ovn_revision_numbers_db [None req-f8635534-4427-4d71-a5e0-8631100c0062 b480798779ab452d985d191f84aa0693 71782ad280384455a954a96ddd3e0266 - - default default] Successfully bumped revision number for resource c2ce2b52-c69e-4631-8eee-220824302d6f (type: networks) to 1
2026-02-26 20:15:20.457 9 WARNING neutron.scheduler.dhcp_agent_scheduler [None req-f8635534-4427-4d71-a5e0-8631100c0062 b480798779ab452d985d191f84aa0693 71782ad280384455a954a96ddd3e0266 - - default default] No more DHCP agents
2026-02-26 20:15:20.460 9 WARNING neutron.api.rpc.agentnotifiers.dhcp_rpc_agent_api [None req-f8635534-4427-4d71-a5e0-8631100c0062 b480798779ab452d985d191f84aa0693 71782ad280384455a954a96ddd3e0266 - - default default] Unable to schedule network c2ce2b52-c69e-4631-8eee-220824302d6f: no agents available; will retry on subsequent port and subnet creation events.
2026-02-26 20:15:20.543 9 INFO neutron.db.ovn_revision_numbers_db [None req-f8635534-4427-4d71-a5e0-8631100c0062 b480798779ab452d985d191f84aa0693 71782ad280384455a954a96ddd3e0266 - - default default] Successfully bumped revision number for resource a60340b5-6fc8-45a0-93cd-fb0ea0474a77 (type: ports) to 1
2026-02-26 20:15:20.563 9 INFO neutron.wsgi [None req-f8635534-4427-4d71-a5e0-8631100c0062 b480798779ab452d985d191f84aa0693 71782ad280384455a954a96ddd3e0266 - - default default] 10.0.0.10 "POST /v2.0/networks HTTP/1.1" status: 201 len: 848 time: 1.0551517
2026-02-26 20:15:20.827 9 WARNING neutron.scheduler.dhcp_agent_scheduler [None req-6fac7859-3f1f-4598-a137-d5e02bc2c1a5 b480798779ab452d985d191f84aa0693 71782ad280384455a954a96ddd3e0266 - - default default] No more DHCP agents
2026-02-26 20:15:20.833 9 WARNING neutron.api.rpc.agentnotifiers.dhcp_rpc_agent_api [None req-6fac7859-3f1f-4598-a137-d5e02bc2c1a5 b480798779ab452d985d191f84aa0693 71782ad280384455a954a96ddd3e0266 - - default default] Unable to schedule network c2ce2b52-c69e-4631-8eee-220824302d6f: no agents available; will retry on subsequent port and subnet creation events.
