2026-02-26 20:17:43.539 10 INFO neutron.services.segments.plugin [-] Segment bdf34c90-243e-40f4-a154-558f793e0e59 resource provider not found; error: Placement Client Error (4xx): {"errors": [{"status": 404, "title": "Not Found", "detail": "The resource could not be found.\n\n No resource provider with uuid bdf34c90-243e-40f4-a154-558f793e0e59 found for delete ", "request_id": "req-5dcfe95c-4192-4225-971a-9eeefb503cbd"}]}
2026-02-26 20:17:43.560 10 INFO neutron.wsgi [None req-469a79b7-394f-4988-b01a-ed7698c61aba c1f378f84c9645e3bd68f546eb8fd84e c0348dffd2e9456d99724adaa29c25e9 - - default default] 10.0.0.10 "DELETE /v2.0/networks/f7afb2ec-146b-4d70-8ffa-d77cf4b54e97 HTTP/1.1" status: 204 len: 168 time: 0.6140687
2026-02-26 20:17:43.657 9 INFO neutron.db.segments_db [None req-0fe10867-1380-4420-bd45-a46d35e009f0 c1f378f84c9645e3bd68f546eb8fd84e c0348dffd2e9456d99724adaa29c25e9 - - default default] Added segment bac2d476-0ce5-4350-9a4b-5aa9078310bf of type geneve for network 8beb5da6-9d13-45fc-8140-ccc7131d826a
2026-02-26 20:17:43.831 9 INFO neutron.db.ovn_revision_numbers_db [None req-0fe10867-1380-4420-bd45-a46d35e009f0 c1f378f84c9645e3bd68f546eb8fd84e c0348dffd2e9456d99724adaa29c25e9 - - default default] Successfully bumped revision number for resource 8beb5da6-9d13-45fc-8140-ccc7131d826a (type: networks) to 1
2026-02-26 20:17:44.008 9 WARNING neutron.scheduler.dhcp_agent_scheduler [None req-0fe10867-1380-4420-bd45-a46d35e009f0 c1f378f84c9645e3bd68f546eb8fd84e c0348dffd2e9456d99724adaa29c25e9 - - default default] No more DHCP agents
2026-02-26 20:17:44.010 9 WARNING neutron.api.rpc.agentnotifiers.dhcp_rpc_agent_api [None req-0fe10867-1380-4420-bd45-a46d35e009f0 c1f378f84c9645e3bd68f546eb8fd84e c0348dffd2e9456d99724adaa29c25e9 - - default default] Unable to schedule network 8beb5da6-9d13-45fc-8140-ccc7131d826a: no agents available; will retry on subsequent port and subnet creation events.
2026-02-26 20:17:44.100 9 INFO neutron.db.ovn_revision_numbers_db [None req-0fe10867-1380-4420-bd45-a46d35e009f0 c1f378f84c9645e3bd68f546eb8fd84e c0348dffd2e9456d99724adaa29c25e9 - - default default] Successfully bumped revision number for resource fde1c095-3745-4bfc-a5e3-9e28164847bc (type: ports) to 1
2026-02-26 20:17:44.125 9 INFO neutron.wsgi [None req-0fe10867-1380-4420-bd45-a46d35e009f0 c1f378f84c9645e3bd68f546eb8fd84e c0348dffd2e9456d99724adaa29c25e9 - - default default] 10.0.0.10 "POST /v2.0/networks HTTP/1.1" status: 201 len: 928 time: 0.5565655
2026-02-26 20:17:44.158 10 INFO neutron.wsgi [None req-d58ffc6a-2b91-42a8-a26e-96bb44de1dac 9cb51aa0796c4ba791bfa2d694a776a2 933bac9cec8b467f8e060aae3927b7ea - - default default] 10.0.0.10 "POST /v2.0/qos/policies HTTP/1.1" status: 201 len: 558 time: 0.2638993
2026-02-26 20:17:44.202 10 INFO neutron.wsgi [None req-41bd6e48-4590-45aa-adf2-1c92fa62d402 9cb51aa0796c4ba791bfa2d694a776a2 933bac9cec8b467f8e060aae3927b7ea - - default default] 10.0.0.10 "POST /v2.0/qos/policies HTTP/1.1" status: 201 len: 558 time: 0.0379899
2026-02-26 20:17:44.243 10 INFO neutron.wsgi [None req-2f3a92fd-a0f4-4200-9f9f-c45c09caa1b2 9cb51aa0796c4ba791bfa2d694a776a2 933bac9cec8b467f8e060aae3927b7ea - - default default] 10.0.0.10 "POST /v2.0/qos/policies HTTP/1.1" status: 201 len: 558 time: 0.0372577
2026-02-26 20:17:44.274 9 WARNING neutron.scheduler.dhcp_agent_scheduler [None req-3c414e15-114d-40eb-9bf5-12aeaba722ab c1f378f84c9645e3bd68f546eb8fd84e c0348dffd2e9456d99724adaa29c25e9 - - default default] No more DHCP agents
2026-02-26 20:17:44.277 9 WARNING neutron.api.rpc.agentnotifiers.dhcp_rpc_agent_api [None req-3c414e15-114d-40eb-9bf5-12aeaba722ab c1f378f84c9645e3bd68f546eb8fd84e c0348dffd2e9456d99724adaa29c25e9 - - default default] Unable to schedule network 8beb5da6-9d13-45fc-8140-ccc7131d826a: no agents available; will retry on subsequent port and subnet creation events.
2026-02-26 20:17:44.287 10 INFO neutron.wsgi [None req-45e19ccd-98e6-4a18-aa75-822482b07951 9cb51aa0796c4ba791bfa2d694a776a2 933bac9cec8b467f8e060aae3927b7ea - - default default] 10.0.0.10 "POST /v2.0/qos/policies HTTP/1.1" status: 201 len: 558 time: 0.0382848
2026-02-26 20:17:44.335 10 INFO neutron.wsgi [None req-3f1fa045-6187-458d-9db9-aefd6a28dfbc 9cb51aa0796c4ba791bfa2d694a776a2 933bac9cec8b467f8e060aae3927b7ea - - default default] 10.0.0.10 "POST /v2.0/qos/policies HTTP/1.1" status: 201 len: 558 time: 0.0433924
2026-02-26 20:17:44.370 10 INFO neutron.wsgi [None req-3147cff4-a255-4c86-b784-5b991bc6a73f 9cb51aa0796c4ba791bfa2d694a776a2 933bac9cec8b467f8e060aae3927b7ea - - default default] 10.0.0.10 "PUT /v2.0/policies/7225cfb2-ee27-42c3-bd99-39259abd3cd1/tags HTTP/1.1" status: 200 len: 210 time: 0.0295558
2026-02-26 20:17:44.409 10 INFO neutron.wsgi [None req-7da3bb51-6aad-426a-b9bd-a95650b2184e 9cb51aa0796c4ba791bfa2d694a776a2 933bac9cec8b467f8e060aae3927b7ea - - default default] 10.0.0.10 "PUT /v2.0/policies/f57f94a6-1b4c-42d4-9bb0-dc4aaebe49b3/tags HTTP/1.1" status: 200 len: 218 time: 0.0291171
2026-02-26 20:17:44.480 10 INFO neutron.wsgi [None req-f7cbc7a6-4d81-483a-b788-6f16f1274f56 9cb51aa0796c4ba791bfa2d694a776a2 933bac9cec8b467f8e060aae3927b7ea - - default default] 10.0.0.10 "PUT /v2.0/policies/9541b654-14b1-42ad-aafd-ec9012b3c3c7/tags HTTP/1.1" status: 200 len: 227 time: 0.0658333
2026-02-26 20:17:44.508 10 INFO neutron.wsgi [None req-62a53b0b-2559-4ccf-885a-2156f95399fa 9cb51aa0796c4ba791bfa2d694a776a2 933bac9cec8b467f8e060aae3927b7ea - - default default] 10.0.0.10 "PUT /v2.0/policies/48e2d31b-813d-479e-baa2-ac78d2cbe004/tags HTTP/1.1" status: 200 len: 212 time: 0.0227122
2026-02-26 20:17:44.834 9 INFO neutron.db.ovn_revision_numbers_db [None req-3c414e15-114d-40eb-9bf5-12aeaba722ab c1f378f84c9645e3bd68f546eb8fd84e c0348dffd2e9456d99724adaa29c25e9 - - default default] Successfully bumped revision number for resource fde1c095-3745-4bfc-a5e3-9e28164847bc (type: ports) to 2
2026-02-26 20:17:44.867 9 INFO neutron.db.ovn_revision_numbers_db [None req-3c414e15-114d-40eb-9bf5-12aeaba722ab c1f378f84c9645e3bd68f546eb8fd84e c0348dffd2e9456d99724adaa29c25e9 - - default default] Successfully bumped revision number for resource d254a01a-98e1-4be0-9c8c-97fcca6ffb03 (type: subnets) to 0
2026-02-26 20:17:44.884 9 INFO neutron.wsgi [None req-3c414e15-114d-40eb-9bf5-12aeaba722ab c1f378f84c9645e3bd68f546eb8fd84e c0348dffd2e9456d99724adaa29c25e9 - - default default] 10.0.0.10 "POST /v2.0/subnets HTTP/1.1" status: 201 len: 822 time: 0.7527244
2026-02-26 20:17:44.895 9 WARNING neutron.api.v2.base [None req-2fa36954-0ea0-4f19-9075-bdb84c0c8e86 c1f378f84c9645e3bd68f546eb8fd84e c0348dffd2e9456d99724adaa29c25e9 - - default default] An exception happened while processing the request body. The exception message is [Invalid input for target_tenant. Reason: '1234123412341234123412341234123412341234123412341234123412341234123412341234123412341234123412341234123412341234123412341234123412341234123412341234123412341234123412341234123412341234123412341234123412341234123412341234123412341234123412341234123412341234123412341234123412341234123412341234123412341234123412341234123412341234123412341234123412341234123412341234123412341234123412341234123412341234' exceeds maximum length of 255.].: webob.exc.HTTPBadRequest: Invalid input for target_tenant. Reason: '1234123412341234123412341234123412341234123412341234123412341234123412341234123412341234123412341234123412341234123412341234123412341234123412341234123412341234123412341234123412341234123412341234123412341234123412341234123412341234123412341234123412341234123412341234123412341234123412341234123412341234123412341234123412341234123412341234123412341234123412341234123412341234123412341234123412341234' exceeds maximum length of 255.
2026-02-26 20:17:44.896 9 INFO neutron.api.v2.resource [None req-2fa36954-0ea0-4f19-9075-bdb84c0c8e86 c1f378f84c9645e3bd68f546eb8fd84e c0348dffd2e9456d99724adaa29c25e9 - - default default] create failed (client error): Invalid input for target_tenant. Reason: '1234123412341234123412341234123412341234123412341234123412341234123412341234123412341234123412341234123412341234123412341234123412341234123412341234123412341234123412341234123412341234123412341234123412341234123412341234123412341234123412341234123412341234123412341234123412341234123412341234123412341234123412341234123412341234123412341234123412341234123412341234123412341234123412341234123412341234' exceeds maximum length of 255.
2026-02-26 20:17:44.897 9 INFO neutron.wsgi [None req-2fa36954-0ea0-4f19-9075-bdb84c0c8e86 c1f378f84c9645e3bd68f546eb8fd84e c0348dffd2e9456d99724adaa29c25e9 - - default default] 10.0.0.10 "POST /v2.0/rbac-policies HTTP/1.1" status: 400 len: 750 time: 0.0074334
2026-02-26 20:17:44.999 10 INFO neutron.wsgi [None req-20bb7309-9b6b-4a5d-a5ec-72160e1a18cc 14f4d93fd39a46d8a939fb3bdd49b39e 00be60c91c614589a3237d68e74ccce0 - - default default] 10.0.0.10 "GET /v2.0/qos/policies?tags=red HTTP/1.1" status: 200 len: 1296 time: 0.1307697
2026-02-26 20:17:45.107 9 INFO neutron.wsgi [None req-e07389c8-6fca-4211-b63f-8d3af252a101 14f4d93fd39a46d8a939fb3bdd49b39e 00be60c91c614589a3237d68e74ccce0 - - default default] 10.0.0.10 "GET /v2.0/qos/policies?tags=red%2Cblue HTTP/1.1" status: 200 len: 941 time: 0.1017981
2026-02-26 20:17:45.173 10 INFO neutron.wsgi [None req-ac35556a-e05d-47b6-a868-2aad453a1444 14f4d93fd39a46d8a939fb3bdd49b39e 00be60c91c614589a3237d68e74ccce0 - - default default] 10.0.0.10 "GET /v2.0/qos/policies?tags-any=blue HTTP/1.1" status: 200 len: 941 time: 0.0576887
2026-02-26 20:17:45.244 10 INFO neutron.wsgi [None req-9d1e8a18-0f28-4492-b387-14126c0a2e1d 14f4d93fd39a46d8a939fb3bdd49b39e 00be60c91c614589a3237d68e74ccce0 - - default default] 10.0.0.10 "GET /v2.0/qos/policies?tags-any=red%2Cblue HTTP/1.1" status: 200 len: 1296 time: 0.0665073
2026-02-26 20:17:45.323 10 INFO neutron.wsgi [None req-7aeb4f07-0b40-48ed-90de-232062ec457b 14f4d93fd39a46d8a939fb3bdd49b39e 00be60c91c614589a3237d68e74ccce0 - - default default] 10.0.0.10 "GET /v2.0/qos/policies?not-tags=red HTTP/1.1" status: 200 len: 913 time: 0.0722735
2026-02-26 20:17:45.447 9 INFO neutron.wsgi [None req-fdcd325e-3b5d-4a54-b23f-6af76754758a 14f4d93fd39a46d8a939fb3bdd49b39e 00be60c91c614589a3237d68e74ccce0 - - default default] 10.0.0.10 "GET /v2.0/qos/policies?not-tags=red%2Cblue HTTP/1.1" status: 200 len: 1268 time: 0.1162794
2026-02-26 20:17:45.481 9 INFO neutron.services.segments.plugin [-] Segment bac2d476-0ce5-4350-9a4b-5aa9078310bf resource provider aggregate not found
2026-02-26 20:17:45.486 9 INFO neutron.services.segments.plugin [-] Segment bac2d476-0ce5-4350-9a4b-5aa9078310bf resource provider aggregate not found
2026-02-26 20:17:45.502 9 INFO neutron.services.segments.plugin [-] Segment bac2d476-0ce5-4350-9a4b-5aa9078310bf resource provider not found; error: Placement Client Error (4xx): {"errors": [{"status": 404, "title": "Not Found", "detail": "The resource could not be found.\n\n No resource provider with uuid bac2d476-0ce5-4350-9a4b-5aa9078310bf found for delete ", "request_id": "req-3ed47cce-25e1-41bd-bc43-dc85f8845846"}]}
2026-02-26 20:17:45.503 9 INFO neutron.services.segments.plugin [-] Segment bac2d476-0ce5-4350-9a4b-5aa9078310bf resource provider not found; error: Placement Client Error (4xx): {"errors": [{"status": 404, "title": "Not Found", "detail": "The resource could not be found.\n\n No resource provider with uuid bac2d476-0ce5-4350-9a4b-5aa9078310bf found for delete ", "request_id": "req-76184ac6-3982-47cc-864f-c49a104ecdcf"}]}
2026-02-26 20:17:45.524 9 INFO neutron.wsgi [None req-be64c49d-f685-48a9-bfdf-94620f31ccac c1f378f84c9645e3bd68f546eb8fd84e c0348dffd2e9456d99724adaa29c25e9 - - default default] 10.0.0.10 "DELETE /v2.0/networks/8beb5da6-9d13-45fc-8140-ccc7131d826a HTTP/1.1" status: 204 len: 168 time: 0.6225717
2026-02-26 20:17:45.536 10 INFO neutron.wsgi [None req-9dc6aacb-d9f1-43a3-b5a7-37d50ce484ca 14f4d93fd39a46d8a939fb3bdd49b39e 00be60c91c614589a3237d68e74ccce0 - - default default] 10.0.0.10 "GET /v2.0/qos/policies?not-tags-any=blue HTTP/1.1" status: 200 len: 1268 time: 0.0809143
2026-02-26 20:17:45.598 10 INFO neutron.wsgi [None req-121641c6-f6bf-41b9-9410-68eb73e7ac8c 14f4d93fd39a46d8a939fb3bdd49b39e 00be60c91c614589a3237d68e74ccce0 - - default default] 10.0.0.10 "GET /v2.0/qos/policies?not-tags-any=red%2Cblue HTTP/1.1" status: 200 len: 913 time: 0.0565782
2026-02-26 20:17:45.634 9 INFO neutron.db.segments_db [None req-df0b604f-b5c0-4a19-9933-1d539a74933e c1f378f84c9645e3bd68f546eb8fd84e c0348dffd2e9456d99724adaa29c25e9 - - default default] Added segment cfc16f6e-bfde-4537-aba7-562436e72bc8 of type geneve for network ae569be2-532c-4f01-9a8a-a100a30a3e9f
2026-02-26 20:17:45.664 10 INFO neutron.wsgi [None req-b1151e3d-f200-4623-bb25-58c2f3e31493 9cb51aa0796c4ba791bfa2d694a776a2 933bac9cec8b467f8e060aae3927b7ea - - default default] 10.0.0.10 "DELETE /v2.0/qos/policies/7225cfb2-ee27-42c3-bd99-39259abd3cd1 HTTP/1.1" status: 204 len: 168 time: 0.0579197
2026-02-26 20:17:45.740 10 INFO neutron.wsgi [None req-b00a1b7a-53e4-4226-97bb-4f2d8f82c819 9cb51aa0796c4ba791bfa2d694a776a2 933bac9cec8b467f8e060aae3927b7ea - - default default] 10.0.0.10 "DELETE /v2.0/qos/policies/f57f94a6-1b4c-42d4-9bb0-dc4aaebe49b3 HTTP/1.1" status: 204 len: 168 time: 0.0685716
2026-02-26 20:17:45.785 9 INFO neutron.db.ovn_revision_numbers_db [None req-df0b604f-b5c0-4a19-9933-1d539a74933e c1f378f84c9645e3bd68f546eb8fd84e c0348dffd2e9456d99724adaa29c25e9 - - default default] Successfully bumped revision number for resource ae569be2-532c-4f01-9a8a-a100a30a3e9f (type: networks) to 1
2026-02-26 20:17:45.800 10 INFO neutron.wsgi [None req-fb8281b5-4327-4b1b-8b01-bead3668ab3a 9cb51aa0796c4ba791bfa2d694a776a2 933bac9cec8b467f8e060aae3927b7ea - - default default] 10.0.0.10 "DELETE /v2.0/qos/policies/9541b654-14b1-42ad-aafd-ec9012b3c3c7 HTTP/1.1" status: 204 len: 168 time: 0.0539746
2026-02-26 20:17:45.855 10 INFO neutron.wsgi [None req-0e2199ea-1bcb-404c-8441-d4a8cb1e7b49 9cb51aa0796c4ba791bfa2d694a776a2 933bac9cec8b467f8e060aae3927b7ea - - default default] 10.0.0.10 "DELETE /v2.0/qos/policies/48e2d31b-813d-479e-baa2-ac78d2cbe004 HTTP/1.1" status: 204 len: 168 time: 0.0488276
2026-02-26 20:17:45.911 10 INFO neutron.wsgi [None req-8ed70dae-d0eb-4591-b4b0-723ecbcd56cf 9cb51aa0796c4ba791bfa2d694a776a2 933bac9cec8b467f8e060aae3927b7ea - - default default] 10.0.0.10 "DELETE /v2.0/qos/policies/524eb6cf-6418-4d3c-a6ef-136f0fdf688d HTTP/1.1" status: 204 len: 168 time: 0.0487952
2026-02-26 20:17:45.978 9 WARNING neutron.scheduler.dhcp_agent_scheduler [None req-df0b604f-b5c0-4a19-9933-1d539a74933e c1f378f84c9645e3bd68f546eb8fd84e c0348dffd2e9456d99724adaa29c25e9 - - default default] No more DHCP agents
2026-02-26 20:17:45.981 9 WARNING neutron.api.rpc.agentnotifiers.dhcp_rpc_agent_api [None req-df0b604f-b5c0-4a19-9933-1d539a74933e c1f378f84c9645e3bd68f546eb8fd84e c0348dffd2e9456d99724adaa29c25e9 - - default default] Unable to schedule network ae569be2-532c-4f01-9a8a-a100a30a3e9f: no agents available; will retry on subsequent port and subnet creation events.
2026-02-26 20:17:46.084 9 INFO neutron.db.ovn_revision_numbers_db [None req-df0b604f-b5c0-4a19-9933-1d539a74933e c1f378f84c9645e3bd68f546eb8fd84e c0348dffd2e9456d99724adaa29c25e9 - - default default] Successfully bumped revision number for resource 7862dc44-85bc-4703-94b9-ed579212f980 (type: ports) to 1
2026-02-26 20:17:46.107 9 INFO neutron.wsgi [None req-df0b604f-b5c0-4a19-9933-1d539a74933e c1f378f84c9645e3bd68f546eb8fd84e c0348dffd2e9456d99724adaa29c25e9 - - default default] 10.0.0.10 "POST /v2.0/networks HTTP/1.1" status: 201 len: 929 time: 0.5688972
2026-02-26 20:17:46.281 9 WARNING neutron.scheduler.dhcp_agent_scheduler [None req-ba36b445-b3f9-403b-b354-a0e613badd68 c1f378f84c9645e3bd68f546eb8fd84e c0348dffd2e9456d99724adaa29c25e9 - - default default] No more DHCP agents
2026-02-26 20:17:46.283 9 WARNING neutron.api.rpc.agentnotifiers.dhcp_rpc_agent_api [None req-ba36b445-b3f9-403b-b354-a0e613badd68 c1f378f84c9645e3bd68f546eb8fd84e c0348dffd2e9456d99724adaa29c25e9 - - default default] Unable to schedule network ae569be2-532c-4f01-9a8a-a100a30a3e9f: no agents available; will retry on subsequent port and subnet creation events.
2026-02-26 20:17:46.865 9 INFO neutron.db.ovn_revision_numbers_db [None req-ba36b445-b3f9-403b-b354-a0e613badd68 c1f378f84c9645e3bd68f546eb8fd84e c0348dffd2e9456d99724adaa29c25e9 - - default default] Successfully bumped revision number for resource 7862dc44-85bc-4703-94b9-ed579212f980 (type: ports) to 2
2026-02-26 20:17:46.908 9 INFO neutron.db.ovn_revision_numbers_db [None req-ba36b445-b3f9-403b-b354-a0e613badd68 c1f378f84c9645e3bd68f546eb8fd84e c0348dffd2e9456d99724adaa29c25e9 - - default default] Successfully bumped revision number for resource 2554f757-fcec-4012-9777-446e26508f03 (type: subnets) to 0
2026-02-26 20:17:46.925 9 INFO neutron.wsgi [None req-ba36b445-b3f9-403b-b354-a0e613badd68 c1f378f84c9645e3bd68f546eb8fd84e c0348dffd2e9456d99724adaa29c25e9 - - default default] 10.0.0.10 "POST /v2.0/subnets HTTP/1.1" status: 201 len: 822 time: 0.8119311
2026-02-26 20:17:47.153 10 INFO neutron.db.ovn_revision_numbers_db [None req-14b790f7-b617-4587-9667-512e0ef4771a e3c0bfc700924ce084421af3fee0b456 7bb10ce3ad284bc88eb9ea9068dbeb21 - - default default] Successfully bumped revision number for resource f1a03755-dc15-402c-9898-9a763a99768c (type: security_groups) to 1
2026-02-26 20:17:47.167 10 INFO neutron.db.ovn_revision_numbers_db [None req-14b790f7-b617-4587-9667-512e0ef4771a e3c0bfc700924ce084421af3fee0b456 7bb10ce3ad284bc88eb9ea9068dbeb21 - - default default] Successfully bumped revision number for resource 58aaa2a4-2f81-4d3e-8c98-bd909433a25b (type: security_group_rules) to 0
2026-02-26 20:17:47.186 10 INFO neutron.db.ovn_revision_numbers_db [None req-14b790f7-b617-4587-9667-512e0ef4771a e3c0bfc700924ce084421af3fee0b456 7bb10ce3ad284bc88eb9ea9068dbeb21 - - default default] Successfully bumped revision number for resource 6334ed6c-d2d8-4f64-806d-e1f63037c6bc (type: security_group_rules) to 0
2026-02-26 20:17:47.202 10 INFO neutron.db.ovn_revision_numbers_db [None req-14b790f7-b617-4587-9667-512e0ef4771a e3c0bfc700924ce084421af3fee0b456 7bb10ce3ad284bc88eb9ea9068dbeb21 - - default default] Successfully bumped revision number for resource 890ea46c-05cd-465d-9a80-7384fffb8bde (type: security_group_rules) to 0
2026-02-26 20:17:47.217 10 INFO neutron.db.ovn_revision_numbers_db [None req-14b790f7-b617-4587-9667-512e0ef4771a e3c0bfc700924ce084421af3fee0b456 7bb10ce3ad284bc88eb9ea9068dbeb21 - - default default] Successfully bumped revision number for resource b040a694-2c2f-46ec-9093-b6d2c5d8951a (type: security_group_rules) to 0
2026-02-26 20:17:47.250 10 INFO neutron.wsgi [None req-14b790f7-b617-4587-9667-512e0ef4771a e3c0bfc700924ce084421af3fee0b456 7bb10ce3ad284bc88eb9ea9068dbeb21 - - default default] 10.0.0.10 "GET /v2.0/security-groups?tenant_id=933bac9cec8b467f8e060aae3927b7ea&name=default HTTP/1.1" status: 200 len: 2996 time: 0.4085896
2026-02-26 20:17:47.276 9 INFO neutron.wsgi [None req-56c49487-54be-4ef3-9648-4a8d98862ac6 c1f378f84c9645e3bd68f546eb8fd84e c0348dffd2e9456d99724adaa29c25e9 - - default default] 10.0.0.10 "POST /v2.0/rbac-policies HTTP/1.1" status: 201 len: 523 time: 0.3460202
2026-02-26 20:17:47.471 10 INFO neutron.wsgi [None req-c9c667bc-c3aa-43a5-941b-5348e7e21b59 e3c0bfc700924ce084421af3fee0b456 7bb10ce3ad284bc88eb9ea9068dbeb21 - - default default] 10.0.0.10 "DELETE /v2.0/security-groups/f1a03755-dc15-402c-9898-9a763a99768c HTTP/1.1" status: 204 len: 168 time: 0.2163520
2026-02-26 20:17:47.706 10 INFO neutron.db.ovn_revision_numbers_db [None req-ac89364a-b00d-4bdd-90b5-76ba87d941fa e3c0bfc700924ce084421af3fee0b456 7bb10ce3ad284bc88eb9ea9068dbeb21 - - default default] Successfully bumped revision number for resource 4f8e3cb3-e12d-4d96-b71d-e31cd176f6c8 (type: security_groups) to 1
2026-02-26 20:17:47.723 10 INFO neutron.db.ovn_revision_numbers_db [None req-ac89364a-b00d-4bdd-90b5-76ba87d941fa e3c0bfc700924ce084421af3fee0b456 7bb10ce3ad284bc88eb9ea9068dbeb21 - - default default] Successfully bumped revision number for resource 061a17d3-b72a-43d8-9975-bfdb9390cfaf (type: security_group_rules) to 0
2026-02-26 20:17:47.743 10 INFO neutron.db.ovn_revision_numbers_db [None req-ac89364a-b00d-4bdd-90b5-76ba87d941fa e3c0bfc700924ce084421af3fee0b456 7bb10ce3ad284bc88eb9ea9068dbeb21 - - default default] Successfully bumped revision number for resource 130a1ba4-f4c7-48b2-ab90-768a339a1255 (type: security_group_rules) to 0
2026-02-26 20:17:47.762 10 INFO neutron.db.ovn_revision_numbers_db [None req-ac89364a-b00d-4bdd-90b5-76ba87d941fa e3c0bfc700924ce084421af3fee0b456 7bb10ce3ad284bc88eb9ea9068dbeb21 - - default default] Successfully bumped revision number for resource 3b08f515-9c9c-4a11-97ba-60391ac43d8b (type: security_group_rules) to 0
2026-02-26 20:17:47.777 10 INFO neutron.db.ovn_revision_numbers_db [None req-ac89364a-b00d-4bdd-90b5-76ba87d941fa e3c0bfc700924ce084421af3fee0b456 7bb10ce3ad284bc88eb9ea9068dbeb21 - - default default] Successfully bumped revision number for resource 5fb61ae3-b7e6-4608-9868-97e5e6fa05af (type: security_group_rules) to 0
2026-02-26 20:17:47.801 10 INFO neutron.wsgi [None req-ac89364a-b00d-4bdd-90b5-76ba87d941fa e3c0bfc700924ce084421af3fee0b456 7bb10ce3ad284bc88eb9ea9068dbeb21 - - default default] 10.0.0.10 "GET /v2.0/security-groups?tenant_id=48ba38191b4c48a48b246f04ce47a26c&name=default HTTP/1.1" status: 200 len: 2996 time: 0.2235494
2026-02-26 20:17:47.845 9 INFO neutron.wsgi [None req-50c30d30-2be4-44f0-a860-7902c1a2b351 e8b3726870594fe88f06953c4da6145e 67fe863becc14853bcb2bac25ea445bd - - default default] 10.0.0.10 "GET /v2.0/networks/ae569be2-532c-4f01-9a8a-a100a30a3e9f HTTP/1.1" status: 200 len: 849 time: 0.2060101
2026-02-26 20:17:48.021 9 INFO neutron.wsgi [None req-4238c45c-50d8-4701-9a7b-fd159d6c026b e3c0bfc700924ce084421af3fee0b456 7bb10ce3ad284bc88eb9ea9068dbeb21 - - default default] 10.0.0.10 "DELETE /v2.0/security-groups/4f8e3cb3-e12d-4d96-b71d-e31cd176f6c8 HTTP/1.1" status: 204 len: 168 time: 0.2140691
2026-02-26 20:17:48.263 10 INFO neutron.db.ovn_revision_numbers_db [None req-6bdde3a7-2235-48a2-b393-2de0c65680a6 e3c0bfc700924ce084421af3fee0b456 7bb10ce3ad284bc88eb9ea9068dbeb21 - - default default] Successfully bumped revision number for resource c82913fb-252f-4aa0-b030-342aeb4a7a76 (type: security_groups) to 1
2026-02-26 20:17:48.277 10 INFO neutron.db.ovn_revision_numbers_db [None req-6bdde3a7-2235-48a2-b393-2de0c65680a6 e3c0bfc700924ce084421af3fee0b456 7bb10ce3ad284bc88eb9ea9068dbeb21 - - default default] Successfully bumped revision number for resource 11bdab79-09fb-4552-b872-e9a2390a092c (type: security_group_rules) to 0
2026-02-26 20:17:48.290 10 INFO neutron.db.ovn_revision_numbers_db [None req-6bdde3a7-2235-48a2-b393-2de0c65680a6 e3c0bfc700924ce084421af3fee0b456 7bb10ce3ad284bc88eb9ea9068dbeb21 - - default default] Successfully bumped revision number for resource 1c09d843-7470-44f0-83f5-a90dd9e2ea79 (type: security_group_rules) to 0
2026-02-26 20:17:48.307 10 INFO neutron.db.ovn_revision_numbers_db [None req-6bdde3a7-2235-48a2-b393-2de0c65680a6 e3c0bfc700924ce084421af3fee0b456 7bb10ce3ad284bc88eb9ea9068dbeb21 - - default default] Successfully bumped revision number for resource 1c77d30d-569e-4a9f-95d0-54ba4c86094d (type: security_group_rules) to 0
2026-02-26 20:17:48.321 10 INFO neutron.db.ovn_revision_numbers_db [None req-6bdde3a7-2235-48a2-b393-2de0c65680a6 e3c0bfc700924ce084421af3fee0b456 7bb10ce3ad284bc88eb9ea9068dbeb21 - - default default] Successfully bumped revision number for resource 91a51a4a-adb5-4e57-ae93-7acc5a4e3559 (type: security_group_rules) to 0
2026-02-26 20:17:48.335 9 INFO neutron.pecan_wsgi.hooks.translation [None req-8fed48e1-5425-46ff-bc41-63ff9ce30140 d5df12140859419f9dfdfd7bd475dbe8 ef8e71166ead4948b9a72c8c0ad62ded - - default default] GET failed (client error): The resource could not be found.
2026-02-26 20:17:48.337 9 INFO neutron.wsgi [None req-8fed48e1-5425-46ff-bc41-63ff9ce30140 d5df12140859419f9dfdfd7bd475dbe8 ef8e71166ead4948b9a72c8c0ad62ded - - default default] 10.0.0.10 "GET /v2.0/networks/ae569be2-532c-4f01-9a8a-a100a30a3e9f HTTP/1.1" status: 404 len: 339 time: 0.1163883
2026-02-26 20:17:48.342 10 INFO neutron.wsgi [None req-6bdde3a7-2235-48a2-b393-2de0c65680a6 e3c0bfc700924ce084421af3fee0b456 7bb10ce3ad284bc88eb9ea9068dbeb21 - - default default] 10.0.0.10 "GET /v2.0/security-groups?tenant_id=00be60c91c614589a3237d68e74ccce0&name=default HTTP/1.1" status: 200 len: 2996 time: 0.1860347
2026-02-26 20:17:48.790 10 INFO neutron.wsgi [None req-16e1e36d-52ca-4beb-9f26-ee19c74169d3 e3c0bfc700924ce084421af3fee0b456 7bb10ce3ad284bc88eb9ea9068dbeb21 - - default default] 10.0.0.10 "DELETE /v2.0/security-groups/c82913fb-252f-4aa0-b030-342aeb4a7a76 HTTP/1.1" status: 204 len: 168 time: 0.4440176
2026-02-26 20:17:48.927 9 INFO neutron.services.segments.plugin [-] Segment cfc16f6e-bfde-4537-aba7-562436e72bc8 resource provider aggregate not found
2026-02-26 20:17:48.931 9 INFO neutron.services.segments.plugin [-] Segment cfc16f6e-bfde-4537-aba7-562436e72bc8 resource provider aggregate not found
2026-02-26 20:17:48.954 9 INFO neutron.services.segments.plugin [-] Segment cfc16f6e-bfde-4537-aba7-562436e72bc8 resource provider not found; error: Placement Client Error (4xx): {"errors": [{"status": 404, "title": "Not Found", "detail": "The resource could not be found.\n\n No resource provider with uuid cfc16f6e-bfde-4537-aba7-562436e72bc8 found for delete ", "request_id": "req-1b4d5de7-eba6-46a6-bbeb-d123e160feea"}]}
2026-02-26 20:17:48.956 9 INFO neutron.services.segments.plugin [-] Segment cfc16f6e-bfde-4537-aba7-562436e72bc8 resource provider not found; error: Placement Client Error (4xx): {"errors": [{"status": 404, "title": "Not Found", "detail": "The resource could not be found.\n\n No resource provider with uuid cfc16f6e-bfde-4537-aba7-562436e72bc8 found for delete ", "request_id": "req-575d1c5e-7a7b-4230-a736-2f838eea80ac"}]}
2026-02-26 20:17:48.975 9 INFO neutron.wsgi [None req-422afb52-b174-4318-baf7-533e0c23b313 c1f378f84c9645e3bd68f546eb8fd84e c0348dffd2e9456d99724adaa29c25e9 - - default default] 10.0.0.10 "DELETE /v2.0/networks/ae569be2-532c-4f01-9a8a-a100a30a3e9f HTTP/1.1" status: 204 len: 168 time: 0.6332941
2026-02-26 20:17:49.001 10 INFO neutron.pecan_wsgi.hooks.translation [None req-c6b687ff-7fc4-4e4c-9d17-96458c971325 c1f378f84c9645e3bd68f546eb8fd84e c0348dffd2e9456d99724adaa29c25e9 - - default default] DELETE failed (client error): The resource could not be found.
2026-02-26 20:17:49.004 10 INFO neutron.wsgi [None req-c6b687ff-7fc4-4e4c-9d17-96458c971325 c1f378f84c9645e3bd68f546eb8fd84e c0348dffd2e9456d99724adaa29c25e9 - - default default] 10.0.0.10 "DELETE /v2.0/subnets/3a7467c5-6ded-401d-ad4e-50113af41001 HTTP/1.1" status: 404 len: 337 time: 0.0234518
2026-02-26 20:17:49.027 10 INFO neutron.pecan_wsgi.hooks.translation [None req-a7035e51-8f63-444f-bf05-b9908d63a759 c1f378f84c9645e3bd68f546eb8fd84e c0348dffd2e9456d99724adaa29c25e9 - - default default] DELETE failed (client error): The resource could not be found.
2026-02-26 20:17:49.030 10 INFO neutron.wsgi [None req-a7035e51-8f63-444f-bf05-b9908d63a759 c1f378f84c9645e3bd68f546eb8fd84e c0348dffd2e9456d99724adaa29c25e9 - - default default] 10.0.0.10 "DELETE /v2.0/subnets/d254a01a-98e1-4be0-9c8c-97fcca6ffb03 HTTP/1.1" status: 404 len: 337 time: 0.0216658
2026-02-26 20:17:49.056 10 INFO neutron.pecan_wsgi.hooks.translation [None req-178fc186-7c98-4680-8095-05b15fab036c c1f378f84c9645e3bd68f546eb8fd84e c0348dffd2e9456d99724adaa29c25e9 - - default default] DELETE failed (client error): The resource could not be found.
2026-02-26 20:17:49.059 10 INFO neutron.wsgi [None req-178fc186-7c98-4680-8095-05b15fab036c c1f378f84c9645e3bd68f546eb8fd84e c0348dffd2e9456d99724adaa29c25e9 - - default default] 10.0.0.10 "DELETE /v2.0/subnets/2554f757-fcec-4012-9777-446e26508f03 HTTP/1.1" status: 404 len: 337 time: 0.0249581
2026-02-26 20:17:49.567 9 INFO neutron.wsgi [-] 10.0.0.13 "GET / HTTP/1.1" status: 200 len: 247 time: 0.0027142
2026-02-26 20:17:49.568 10 INFO neutron.wsgi [-] 10.0.0.13 "GET / HTTP/1.1" status: 200 len: 247 time: 0.0034823
2026-02-26 20:17:50.181 9 INFO neutron.db.ovn_revision_numbers_db [None req-97d349b7-e361-49c6-9baa-671bb63adfb6 e3c0bfc700924ce084421af3fee0b456 7bb10ce3ad284bc88eb9ea9068dbeb21 - - default default] Successfully bumped revision number for resource 7d06e1d8-15d6-4e67-a06a-7657d19bd021 (type: security_groups) to 1
2026-02-26 20:17:50.195 9 INFO neutron.db.ovn_revision_numbers_db [None req-97d349b7-e361-49c6-9baa-671bb63adfb6 e3c0bfc700924ce084421af3fee0b456 7bb10ce3ad284bc88eb9ea9068dbeb21 - - default default] Successfully bumped revision number for resource 375a0363-5281-4b33-9cb3-6c291e43aa17 (type: security_group_rules) to 0
2026-02-26 20:17:50.212 9 INFO neutron.db.ovn_revision_numbers_db [None req-97d349b7-e361-49c6-9baa-671bb63adfb6 e3c0bfc700924ce084421af3fee0b456 7bb10ce3ad284bc88eb9ea9068dbeb21 - - default default] Successfully bumped revision number for resource 56732640-a85d-44cc-9f53-f75926cd5d97 (type: security_group_rules) to 0
2026-02-26 20:17:50.244 9 INFO neutron.db.ovn_revision_numbers_db [None req-97d349b7-e361-49c6-9baa-671bb63adfb6 e3c0bfc700924ce084421af3fee0b456 7bb10ce3ad284bc88eb9ea9068dbeb21 - - default default] Successfully bumped revision number for resource 9e036c75-680b-4c69-b5bf-af705ed4d0a5 (type: security_group_rules) to 0
2026-02-26 20:17:50.268 9 INFO neutron.db.ovn_revision_numbers_db [None req-97d349b7-e361-49c6-9baa-671bb63adfb6 e3c0bfc700924ce084421af3fee0b456 7bb10ce3ad284bc88eb9ea9068dbeb21 - - default default] Successfully bumped revision number for resource a3bd3778-4a4d-4374-a088-5baaec6cda96 (type: security_group_rules) to 0
2026-02-26 20:17:50.290 9 INFO neutron.wsgi [None req-97d349b7-e361-49c6-9baa-671bb63adfb6 e3c0bfc700924ce084421af3fee0b456 7bb10ce3ad284bc88eb9ea9068dbeb21 - - default default] 10.0.0.10 "GET /v2.0/security-groups?tenant_id=ef8e71166ead4948b9a72c8c0ad62ded&name=default HTTP/1.1" status: 200 len: 2996 time: 0.4038506
2026-02-26 20:17:50.483 9 INFO neutron.wsgi [None req-fab91afe-9fae-492b-bce0-31b6a2edfb77 e3c0bfc700924ce084421af3fee0b456 7bb10ce3ad284bc88eb9ea9068dbeb21 - - default default] 10.0.0.10 "DELETE /v2.0/security-groups/7d06e1d8-15d6-4e67-a06a-7657d19bd021 HTTP/1.1" status: 204 len: 168 time: 0.1876659
2026-02-26 20:17:50.729 10 INFO neutron.db.ovn_revision_numbers_db [None req-f6e51914-271b-467c-b263-01dc519a7e0a e3c0bfc700924ce084421af3fee0b456 7bb10ce3ad284bc88eb9ea9068dbeb21 - - default default] Successfully bumped revision number for resource 8e45addf-22cb-4909-a763-dc438ad48394 (type: security_groups) to 1
2026-02-26 20:17:50.742 10 INFO neutron.db.ovn_revision_numbers_db [None req-f6e51914-271b-467c-b263-01dc519a7e0a e3c0bfc700924ce084421af3fee0b456 7bb10ce3ad284bc88eb9ea9068dbeb21 - - default default] Successfully bumped revision number for resource 72ad93e9-224c-4ddb-86c4-3848ed1ed9dc (type: security_group_rules) to 0
2026-02-26 20:17:50.755 10 INFO neutron.db.ovn_revision_numbers_db [None req-f6e51914-271b-467c-b263-01dc519a7e0a e3c0bfc700924ce084421af3fee0b456 7bb10ce3ad284bc88eb9ea9068dbeb21 - - default default] Successfully bumped revision number for resource 7f36b3ca-e5c4-460b-9a9d-0fbf30da01e9 (type: security_group_rules) to 0
2026-02-26 20:17:50.776 10 INFO neutron.db.ovn_revision_numbers_db [None req-f6e51914-271b-467c-b263-01dc519a7e0a e3c0bfc700924ce084421af3fee0b456 7bb10ce3ad284bc88eb9ea9068dbeb21 - - default default] Successfully bumped revision number for resource 9b244d3d-6865-44be-9b00-7a65e0ade2fb (type: security_group_rules) to 0
2026-02-26 20:17:50.793 10 INFO neutron.db.ovn_revision_numbers_db [None req-f6e51914-271b-467c-b263-01dc519a7e0a e3c0bfc700924ce084421af3fee0b456 7bb10ce3ad284bc88eb9ea9068dbeb21 - - default default] Successfully bumped revision number for resource ab5200fb-0d9b-458e-9cd6-e44d5daad7b5 (type: security_group_rules) to 0
2026-02-26 20:17:50.816 10 INFO neutron.wsgi [None req-f6e51914-271b-467c-b263-01dc519a7e0a e3c0bfc700924ce084421af3fee0b456 7bb10ce3ad284bc88eb9ea9068dbeb21 - - default default] 10.0.0.10 "GET /v2.0/security-groups?tenant_id=67fe863becc14853bcb2bac25ea445bd&name=default HTTP/1.1" status: 200 len: 2996 time: 0.1960506
2026-02-26 20:17:51.088 10 INFO neutron.wsgi [None req-5d273b8b-3b66-45e7-9927-f8cf0aabe807 e3c0bfc700924ce084421af3fee0b456 7bb10ce3ad284bc88eb9ea9068dbeb21 - - default default] 10.0.0.10 "DELETE /v2.0/security-groups/8e45addf-22cb-4909-a763-dc438ad48394 HTTP/1.1" status: 204 len: 168 time: 0.2653253
2026-02-26 20:17:51.222 10 INFO neutron.wsgi [None req-7af216c1-0cbc-4534-9350-c456aa83632a e3c0bfc700924ce084421af3fee0b456 7bb10ce3ad284bc88eb9ea9068dbeb21 - - default default] 10.0.0.10 "GET /v2.0/security-groups?tenant_id=c0348dffd2e9456d99724adaa29c25e9&name=default HTTP/1.1" status: 200 len: 2996 time: 0.0362856
2026-02-26 20:17:51.425 10 INFO neutron.wsgi [None req-6e51fcbd-c2a8-4485-b01a-348ba4143433 e3c0bfc700924ce084421af3fee0b456 7bb10ce3ad284bc88eb9ea9068dbeb21 - - default default] 10.0.0.10 "DELETE /v2.0/security-groups/27e5efcb-3f9e-49b4-bf2c-9db0f7ea53e6 HTTP/1.1" status: 204 len: 168 time: 0.1990058
2026-02-26 20:17:53.003 9 INFO neutron.db.ovn_revision_numbers_db [None req-8c9a3f56-8e39-4ebc-82bd-26f7761ae328 e3c0bfc700924ce084421af3fee0b456 7bb10ce3ad284bc88eb9ea9068dbeb21 - - default default] Successfully bumped revision number for resource 4461e0ee-67b2-45e4-8d38-44477ab82b82 (type: security_groups) to 1
2026-02-26 20:17:53.016 9 INFO neutron.db.ovn_revision_numbers_db [None req-8c9a3f56-8e39-4ebc-82bd-26f7761ae328 e3c0bfc700924ce084421af3fee0b456 7bb10ce3ad284bc88eb9ea9068dbeb21 - - default default] Successfully bumped revision number for resource 07ed011a-ddad-49c0-8b4b-2ee337b6c83f (type: security_group_rules) to 0
2026-02-26 20:17:53.030 9 INFO neutron.db.ovn_revision_numbers_db [None req-8c9a3f56-8e39-4ebc-82bd-26f7761ae328 e3c0bfc700924ce084421af3fee0b456 7bb10ce3ad284bc88eb9ea9068dbeb21 - - default default] Successfully bumped revision number for resource 0962470f-10a4-487a-8357-f34d0a3bd592 (type: security_group_rules) to 0
2026-02-26 20:17:53.044 9 INFO neutron.db.ovn_revision_numbers_db [None req-8c9a3f56-8e39-4ebc-82bd-26f7761ae328 e3c0bfc700924ce084421af3fee0b456 7bb10ce3ad284bc88eb9ea9068dbeb21 - - default default] Successfully bumped revision number for resource 3737e57f-0eed-4601-8314-ac4a31581fad (type: security_group_rules) to 0
2026-02-26 20:17:53.057 9 INFO neutron.db.ovn_revision_numbers_db [None req-8c9a3f56-8e39-4ebc-82bd-26f7761ae328 e3c0bfc700924ce084421af3fee0b456 7bb10ce3ad284bc88eb9ea9068dbeb21 - - default default] Successfully bumped revision number for resource e7af2ccf-da3b-4a4b-a625-f170a6ba1eeb (type: security_group_rules) to 0
2026-02-26 20:17:53.078 9 INFO neutron.wsgi [None req-8c9a3f56-8e39-4ebc-82bd-26f7761ae328 e3c0bfc700924ce084421af3fee0b456 7bb10ce3ad284bc88eb9ea9068dbeb21 - - default default] 10.0.0.10 "GET /v2.0/security-groups?tenant_id=58831ed39ba044098feb194a37321d8b&name=default HTTP/1.1" status: 200 len: 2996 time: 0.3705842
2026-02-26 20:17:53.288 9 INFO neutron.db.ovn_revision_numbers_db [None req-1c9f69c2-b5b6-4092-9b33-64522366670b db5abb368bec408f82b259a193258171 f3a5688498064fd6b362810703fd354b - - default default] Successfully bumped revision number for resource a7621c65-8f50-45c5-aa09-53c0c256a48e (type: security_groups) to 1
2026-02-26 20:17:53.304 9 INFO neutron.wsgi [None req-ad25e53c-43e2-4b88-9951-cec305f4be1d e3c0bfc700924ce084421af3fee0b456 7bb10ce3ad284bc88eb9ea9068dbeb21 - - default default] 10.0.0.10 "DELETE /v2.0/security-groups/4461e0ee-67b2-45e4-8d38-44477ab82b82 HTTP/1.1" status: 204 len: 168 time: 0.2159507
2026-02-26 20:17:53.309 9 INFO neutron.db.ovn_revision_numbers_db [None req-1c9f69c2-b5b6-4092-9b33-64522366670b db5abb368bec408f82b259a193258171 f3a5688498064fd6b362810703fd354b - - default default] Successfully bumped revision number for resource 62869cca-53f3-416c-b68c-1994fa7c41b5 (type: security_group_rules) to 0
2026-02-26 20:17:53.322 9 INFO neutron.db.ovn_revision_numbers_db [None req-1c9f69c2-b5b6-4092-9b33-64522366670b db5abb368bec408f82b259a193258171 f3a5688498064fd6b362810703fd354b - - default default] Successfully bumped revision number for resource 77b767fa-f503-4e19-ba18-ce4ab25fd331 (type: security_group_rules) to 0
2026-02-26 20:17:53.335 9 INFO neutron.db.ovn_revision_numbers_db [None req-1c9f69c2-b5b6-4092-9b33-64522366670b db5abb368bec408f82b259a193258171 f3a5688498064fd6b362810703fd354b - - default default] Successfully bumped revision number for resource 8dff1c15-5449-4861-941e-d45f74df4e38 (type: security_group_rules) to 0
2026-02-26 20:17:53.622 9 INFO neutron.db.ovn_revision_numbers_db [None req-1c9f69c2-b5b6-4092-9b33-64522366670b db5abb368bec408f82b259a193258171 f3a5688498064fd6b362810703fd354b - - default default] Successfully bumped revision number for resource f422ba20-aa0c-440c-b985-aa2525b5be19 (type: security_group_rules) to 0
2026-02-26 20:17:53.675 9 INFO neutron.db.segments_db [None req-1c9f69c2-b5b6-4092-9b33-64522366670b db5abb368bec408f82b259a193258171 f3a5688498064fd6b362810703fd354b - - default default] Added segment 22bb7767-0932-4117-8703-3ed92055d56b of type geneve for network cde4d853-2565-4a0c-b964-967b9f796bed
2026-02-26 20:17:53.866 9 INFO neutron.db.ovn_revision_numbers_db [None req-1c9f69c2-b5b6-4092-9b33-64522366670b db5abb368bec408f82b259a193258171 f3a5688498064fd6b362810703fd354b - - default default] Successfully bumped revision number for resource cde4d853-2565-4a0c-b964-967b9f796bed (type: networks) to 1
2026-02-26 20:17:54.055 9 WARNING neutron.scheduler.dhcp_agent_scheduler [None req-1c9f69c2-b5b6-4092-9b33-64522366670b db5abb368bec408f82b259a193258171 f3a5688498064fd6b362810703fd354b - - default default] No more DHCP agents
2026-02-26 20:17:54.057 9 WARNING neutron.api.rpc.agentnotifiers.dhcp_rpc_agent_api [None req-1c9f69c2-b5b6-4092-9b33-64522366670b db5abb368bec408f82b259a193258171 f3a5688498064fd6b362810703fd354b - - default default] Unable to schedule network cde4d853-2565-4a0c-b964-967b9f796bed: no agents available; will retry on subsequent port and subnet creation events.
2026-02-26 20:17:54.147 9 INFO neutron.db.ovn_revision_numbers_db [None req-1c9f69c2-b5b6-4092-9b33-64522366670b db5abb368bec408f82b259a193258171 f3a5688498064fd6b362810703fd354b - - default default] Successfully bumped revision number for resource c6763b2c-a062-4d47-83cf-e4d26fe0908d (type: ports) to 1
2026-02-26 20:17:54.172 9 INFO neutron.wsgi [None req-1c9f69c2-b5b6-4092-9b33-64522366670b db5abb368bec408f82b259a193258171 f3a5688498064fd6b362810703fd354b - - default default] 10.0.0.10 "POST /v2.0/networks HTTP/1.1" status: 201 len: 830 time: 1.0898676
2026-02-26 20:17:54.436 9 WARNING neutron.scheduler.dhcp_agent_scheduler [None req-ffceb55c-684b-4c79-90ed-5c18280b3f82 db5abb368bec408f82b259a193258171 f3a5688498064fd6b362810703fd354b - - default default] No more DHCP agents
2026-02-26 20:17:54.439 9 WARNING neutron.api.rpc.agentnotifiers.dhcp_rpc_agent_api [None req-ffceb55c-684b-4c79-90ed-5c18280b3f82 db5abb368bec408f82b259a193258171 f3a5688498064fd6b362810703fd354b - - default default] Unable to schedule network cde4d853-2565-4a0c-b964-967b9f796bed: no agents available; will retry on subsequent port and subnet creation events.
2026-02-26 20:17:54.975 9 INFO neutron.db.ovn_revision_numbers_db [None req-ffceb55c-684b-4c79-90ed-5c18280b3f82 db5abb368bec408f82b259a193258171 f3a5688498064fd6b362810703fd354b - - default default] Successfully bumped revision number for resource c6763b2c-a062-4d47-83cf-e4d26fe0908d (type: ports) to 2
2026-02-26 20:17:55.025 9 INFO neutron.db.ovn_revision_numbers_db [None req-ffceb55c-684b-4c79-90ed-5c18280b3f82 db5abb368bec408f82b259a193258171 f3a5688498064fd6b362810703fd354b - - default default] Successfully bumped revision number for resource d120d96b-09bd-4161-ac26-9a068dca2327 (type: subnets) to 0
2026-02-26 20:17:55.041 9 INFO neutron.wsgi [None req-ffceb55c-684b-4c79-90ed-5c18280b3f82 db5abb368bec408f82b259a193258171 f3a5688498064fd6b362810703fd354b - - default default] 10.0.0.10 "POST /v2.0/subnets HTTP/1.1" status: 201 len: 801 time: 0.8637941
2026-02-26 20:17:55.139 9 INFO neutron.db.segments_db [None req-070ba15e-6500-42db-a67f-d5dd57adb1a5 db5abb368bec408f82b259a193258171 f3a5688498064fd6b362810703fd354b - - default default] Added segment f0bf6134-11a5-4a86-b381-b0d5b64fb1e8 of type geneve for network 9e2df3b9-9ffc-41e2-87a0-6f7995d570f4
2026-02-26 20:17:55.309 9 INFO neutron.db.ovn_revision_numbers_db [None req-070ba15e-6500-42db-a67f-d5dd57adb1a5 db5abb368bec408f82b259a193258171 f3a5688498064fd6b362810703fd354b - - default default] Successfully bumped revision number for resource 9e2df3b9-9ffc-41e2-87a0-6f7995d570f4 (type: networks) to 1
2026-02-26 20:17:55.474 9 WARNING neutron.scheduler.dhcp_agent_scheduler [None req-070ba15e-6500-42db-a67f-d5dd57adb1a5 db5abb368bec408f82b259a193258171 f3a5688498064fd6b362810703fd354b - - default default] No more DHCP agents
2026-02-26 20:17:55.477 9 WARNING neutron.api.rpc.agentnotifiers.dhcp_rpc_agent_api [None req-070ba15e-6500-42db-a67f-d5dd57adb1a5 db5abb368bec408f82b259a193258171 f3a5688498064fd6b362810703fd354b - - default default] Unable to schedule network 9e2df3b9-9ffc-41e2-87a0-6f7995d570f4: no agents available; will retry on subsequent port and subnet creation events.
2026-02-26 20:17:55.573 9 INFO neutron.db.ovn_revision_numbers_db [None req-070ba15e-6500-42db-a67f-d5dd57adb1a5 db5abb368bec408f82b259a193258171 f3a5688498064fd6b362810703fd354b - - default default] Successfully bumped revision number for resource db27bc92-8723-4889-89c1-9c422ffc2657 (type: ports) to 1
2026-02-26 20:17:55.599 9 INFO neutron.wsgi [None req-070ba15e-6500-42db-a67f-d5dd57adb1a5 db5abb368bec408f82b259a193258171 f3a5688498064fd6b362810703fd354b - - default default] 10.0.0.10 "POST /v2.0/networks HTTP/1.1" status: 201 len: 830 time: 0.5501764
2026-02-26 20:17:55.957 9 WARNING neutron.scheduler.dhcp_agent_scheduler [None req-cad24055-26b2-4fd4-8afd-43670db9c30c db5abb368bec408f82b259a193258171 f3a5688498064fd6b362810703fd354b - - default default] No more DHCP agents
2026-02-26 20:17:55.965 9 WARNING neutron.api.rpc.agentnotifiers.dhcp_rpc_agent_api [None req-cad24055-26b2-4fd4-8afd-43670db9c30c db5abb368bec408f82b259a193258171 f3a5688498064fd6b362810703fd354b - - default default] Unable to schedule network 9e2df3b9-9ffc-41e2-87a0-6f7995d570f4: no agents available; will retry on subsequent port and subnet creation events.
2026-02-26 20:17:55.986 10 INFO neutron.db.ovn_revision_numbers_db [None req-eee3adf3-3378-4a55-8319-773832ff73ce e152014a40ec4b498b0955a2fe60add5 4b0a14db54c34f65a634aa8260520256 - - default default] Successfully bumped revision number for resource 19ad69d7-1ce8-4507-aece-2dc7cf861908 (type: security_groups) to 1
2026-02-26 20:17:56.004 10 INFO neutron.db.ovn_revision_numbers_db [None req-eee3adf3-3378-4a55-8319-773832ff73ce e152014a40ec4b498b0955a2fe60add5 4b0a14db54c34f65a634aa8260520256 - - default default] Successfully bumped revision number for resource 35346dc1-298b-4bab-854c-aa1bfa0bedcf (type: security_group_rules) to 0
2026-02-26 20:17:56.030 10 INFO neutron.db.ovn_revision_numbers_db [None req-eee3adf3-3378-4a55-8319-773832ff73ce e152014a40ec4b498b0955a2fe60add5 4b0a14db54c34f65a634aa8260520256 - - default default] Successfully bumped revision number for resource 7364118c-9e23-41cd-9b53-f8c07d3a81a5 (type: security_group_rules) to 0
2026-02-26 20:17:56.049 10 INFO neutron.db.ovn_revision_numbers_db [None req-eee3adf3-3378-4a55-8319-773832ff73ce e152014a40ec4b498b0955a2fe60add5 4b0a14db54c34f65a634aa8260520256 - - default default] Successfully bumped revision number for resource ab90fe1c-10ee-4a0f-82a0-2bd844023395 (type: security_group_rules) to 0
2026-02-26 20:17:56.077 10 INFO neutron.db.ovn_revision_numbers_db [None req-eee3adf3-3378-4a55-8319-773832ff73ce e152014a40ec4b498b0955a2fe60add5 4b0a14db54c34f65a634aa8260520256 - - default default] Successfully bumped revision number for resource ce94e940-a87e-4427-92e9-4492e0ec0ac6 (type: security_group_rules) to 0
2026-02-26 20:17:56.133 10 INFO neutron.db.segments_db [None req-eee3adf3-3378-4a55-8319-773832ff73ce e152014a40ec4b498b0955a2fe60add5 4b0a14db54c34f65a634aa8260520256 - - default default] Added segment 6e786a0b-0897-4c69-9e2c-b18b97fef3ed of type geneve for network 81378f05-36ab-4a20-85f4-b0f2e21badaa
2026-02-26 20:17:56.307 10 INFO neutron.db.ovn_revision_numbers_db [None req-eee3adf3-3378-4a55-8319-773832ff73ce e152014a40ec4b498b0955a2fe60add5 4b0a14db54c34f65a634aa8260520256 - - default default] Successfully bumped revision number for resource 81378f05-36ab-4a20-85f4-b0f2e21badaa (type: networks) to 1
2026-02-26 20:17:56.414 9 INFO neutron.db.ovn_revision_numbers_db [None req-cad24055-26b2-4fd4-8afd-43670db9c30c db5abb368bec408f82b259a193258171 f3a5688498064fd6b362810703fd354b - - default default] Successfully bumped revision number for resource db27bc92-8723-4889-89c1-9c422ffc2657 (type: ports) to 2
2026-02-26 20:17:56.496 9 INFO neutron.db.ovn_revision_numbers_db [None req-cad24055-26b2-4fd4-8afd-43670db9c30c db5abb368bec408f82b259a193258171 f3a5688498064fd6b362810703fd354b - - default default] Successfully bumped revision number for resource 20c55e56-9578-467c-b387-8f137755329b (type: subnets) to 0
2026-02-26 20:17:56.510 10 WARNING neutron.scheduler.dhcp_agent_scheduler [None req-eee3adf3-3378-4a55-8319-773832ff73ce e152014a40ec4b498b0955a2fe60add5 4b0a14db54c34f65a634aa8260520256 - - default default] No more DHCP agents
2026-02-26 20:17:56.515 10 WARNING neutron.api.rpc.agentnotifiers.dhcp_rpc_agent_api [None req-eee3adf3-3378-4a55-8319-773832ff73ce e152014a40ec4b498b0955a2fe60add5 4b0a14db54c34f65a634aa8260520256 - - default default] Unable to schedule network 81378f05-36ab-4a20-85f4-b0f2e21badaa: no agents available; will retry on subsequent port and subnet creation events.
2026-02-26 20:17:56.530 9 INFO neutron.wsgi [None req-cad24055-26b2-4fd4-8afd-43670db9c30c db5abb368bec408f82b259a193258171 f3a5688498064fd6b362810703fd354b - - default default] 10.0.0.10 "POST /v2.0/subnets HTTP/1.1" status: 201 len: 804 time: 0.9243293
2026-02-26 20:17:56.624 10 INFO neutron.db.ovn_revision_numbers_db [None req-eee3adf3-3378-4a55-8319-773832ff73ce e152014a40ec4b498b0955a2fe60add5 4b0a14db54c34f65a634aa8260520256 - - default default] Successfully bumped revision number for resource d89779b7-e089-459e-92f2-e8d9d915669f (type: ports) to 1
2026-02-26 20:17:56.630 9 INFO neutron.db.segments_db [None req-371d5bc1-0518-4cd1-b1d1-f5b728e76ea8 db5abb368bec408f82b259a193258171 f3a5688498064fd6b362810703fd354b - - default default] Added segment ccadd776-2368-4546-8f70-1fce15f3aa8c of type geneve for network 94a06314-81fb-49f4-b5ce-397cbbf43934
2026-02-26 20:17:56.651 10 INFO neutron.wsgi [None req-eee3adf3-3378-4a55-8319-773832ff73ce e152014a40ec4b498b0955a2fe60add5 4b0a14db54c34f65a634aa8260520256 - - default default] 10.0.0.10 "POST /v2.0/networks HTTP/1.1" status: 201 len: 830 time: 1.0390182
2026-02-26 20:17:56.810 9 INFO neutron.db.ovn_revision_numbers_db [None req-371d5bc1-0518-4cd1-b1d1-f5b728e76ea8 db5abb368bec408f82b259a193258171 f3a5688498064fd6b362810703fd354b - - default default] Successfully bumped revision number for resource 94a06314-81fb-49f4-b5ce-397cbbf43934 (type: networks) to 1
2026-02-26 20:17:56.910 10 WARNING neutron.scheduler.dhcp_agent_scheduler [None req-27bcf2ac-2923-4a99-81a6-cfc4a74060b6 e152014a40ec4b498b0955a2fe60add5 4b0a14db54c34f65a634aa8260520256 - - default default] No more DHCP agents
2026-02-26 20:17:56.913 10 WARNING neutron.api.rpc.agentnotifiers.dhcp_rpc_agent_api [None req-27bcf2ac-2923-4a99-81a6-cfc4a74060b6 e152014a40ec4b498b0955a2fe60add5 4b0a14db54c34f65a634aa8260520256 - - default default] Unable to schedule network 81378f05-36ab-4a20-85f4-b0f2e21badaa: no agents available; will retry on subsequent port and subnet creation events. /var/lib/openstack/lib/python3.10/site-packages/pycadf/identifier.py:71: UserWarning: Invalid uuid: neutron. To ensure interoperability, identifiers should be a valid uuid. warnings.warn(('Invalid uuid: %s. To ensure interoperability, '
2026-02-26 20:17:57.007 9 WARNING neutron.scheduler.dhcp_agent_scheduler [None req-371d5bc1-0518-4cd1-b1d1-f5b728e76ea8 db5abb368bec408f82b259a193258171 f3a5688498064fd6b362810703fd354b - - default default] No more DHCP agents
2026-02-26 20:17:57.009 9 WARNING neutron.api.rpc.agentnotifiers.dhcp_rpc_agent_api [None req-371d5bc1-0518-4cd1-b1d1-f5b728e76ea8 db5abb368bec408f82b259a193258171 f3a5688498064fd6b362810703fd354b - - default default] Unable to schedule network 94a06314-81fb-49f4-b5ce-397cbbf43934: no agents available; will retry on subsequent port and subnet creation events.
2026-02-26 20:17:57.019 10 INFO neutron.wsgi [None req-0cad9529-67c2-47ed-82e4-15b101a5b636 e3c0bfc700924ce084421af3fee0b456 7bb10ce3ad284bc88eb9ea9068dbeb21 - - default default] 10.0.0.26 "GET /v2.0/ports HTTP/1.1" status: 200 len: 9184 time: 0.2083004
2026-02-26 20:17:57.052 10 INFO neutron.wsgi [None req-89180a38-0b4b-412f-91e7-6cb95e04b136 e3c0bfc700924ce084421af3fee0b456 7bb10ce3ad284bc88eb9ea9068dbeb21 - - default default] 10.0.0.26 "GET /v2.0/routers HTTP/1.1" status: 200 len: 189 time: 0.0263438
2026-02-26 20:17:57.060 10 INFO neutron.db.ovn_revision_numbers_db [None req-27bcf2ac-2923-4a99-81a6-cfc4a74060b6 e152014a40ec4b498b0955a2fe60add5 4b0a14db54c34f65a634aa8260520256 - - default default] Successfully bumped revision number for resource 2c173819-d711-4079-97d6-cfbe5f3671f7 (type: ports) to 1
2026-02-26 20:17:57.076 10 INFO neutron.wsgi [None req-174e9e38-92b6-401b-8472-8b1c8f244ace e3c0bfc700924ce084421af3fee0b456 7bb10ce3ad284bc88eb9ea9068dbeb21 - - default default] 10.0.0.26 "GET /v2.0/agents?binary=ovn-controller HTTP/1.1" status: 200 len: 591 time: 0.0212781
