2026-02-26 20:16:47.387 10 WARNING neutron.scheduler.dhcp_agent_scheduler [None req-4e7c953e-d754-47ac-8aa8-7c0923a8d997 04fca7df131c480894cc02bc63dbbf10 078fd1e279de46ab8e08d1a1537bb38e - - default default] No more DHCP agents
2026-02-26 20:16:47.389 10 WARNING neutron.api.rpc.agentnotifiers.dhcp_rpc_agent_api [None req-4e7c953e-d754-47ac-8aa8-7c0923a8d997 04fca7df131c480894cc02bc63dbbf10 078fd1e279de46ab8e08d1a1537bb38e - - default default] Unable to schedule network 11e193ec-a9b9-4a0d-9ecc-60241f9aae4a: no agents available; will retry on subsequent port and subnet creation events.
2026-02-26 20:16:47.467 10 INFO neutron.db.ovn_revision_numbers_db [None req-4e7c953e-d754-47ac-8aa8-7c0923a8d997 04fca7df131c480894cc02bc63dbbf10 078fd1e279de46ab8e08d1a1537bb38e - - default default] Successfully bumped revision number for resource 71d3c7ee-c01b-4a27-be95-980905e59ce0 (type: ports) to 1
2026-02-26 20:16:47.490 9 INFO neutron.wsgi [req-80359e37-0e50-4e54-824d-a8e57599b88e req-c00cfbf4-e993-456c-bfc5-2b888424c081 398e94f3335f4c269db13367b6b52d92 b90016eab16c4f20b906847529e68073 - - default default] 10.0.0.246 "GET /v2.0/ports?device_id=14358c58-356d-4e33-aec4-e5395f7baac8 HTTP/1.1" status: 200 len: 210 time: 0.0227544
2026-02-26 20:16:47.494 10 INFO neutron.wsgi [None req-4e7c953e-d754-47ac-8aa8-7c0923a8d997 04fca7df131c480894cc02bc63dbbf10 078fd1e279de46ab8e08d1a1537bb38e - - default default] 10.0.0.10 "POST /v2.0/networks HTTP/1.1" status: 201 len: 828 time: 0.6408796
2026-02-26 20:16:47.594 9 WARNING neutron.scheduler.dhcp_agent_scheduler [req-243255c1-8ed5-4da6-975d-3313e69398a4 req-7fcb0361-a6e0-49f0-957d-349567c7daaf 91ec362f94c5407f9607a3a191be2c01 17c47d47a72444878a1d8876e237fa3f - - default default] No more DHCP agents
2026-02-26 20:16:47.598 9 WARNING neutron.api.rpc.agentnotifiers.dhcp_rpc_agent_api [req-243255c1-8ed5-4da6-975d-3313e69398a4 req-7fcb0361-a6e0-49f0-957d-349567c7daaf 91ec362f94c5407f9607a3a191be2c01 17c47d47a72444878a1d8876e237fa3f - - default default] Unable to schedule network 368adbe1-a131-4770-b602-fb0e68d74244: no agents available; will retry on subsequent port and subnet creation events.
2026-02-26 20:16:47.771 9 INFO neutron.db.ovn_revision_numbers_db [req-243255c1-8ed5-4da6-975d-3313e69398a4 req-7fcb0361-a6e0-49f0-957d-349567c7daaf 91ec362f94c5407f9607a3a191be2c01 17c47d47a72444878a1d8876e237fa3f - - default default] Successfully bumped revision number for resource 8f876a88-3769-428b-be92-677e744c9303 (type: ports) to 1
2026-02-26 20:16:47.801 9 INFO neutron.wsgi [req-243255c1-8ed5-4da6-975d-3313e69398a4 req-7fcb0361-a6e0-49f0-957d-349567c7daaf 91ec362f94c5407f9607a3a191be2c01 17c47d47a72444878a1d8876e237fa3f - - default default] 162.253.55.70 "POST /v2.0/ports HTTP/1.1" status: 201 len: 1158 time: 0.7041569
2026-02-26 20:16:47.804 10 WARNING neutron.scheduler.dhcp_agent_scheduler [None req-84a59062-dbae-44fe-80ea-f28a6b1ab2e3 04fca7df131c480894cc02bc63dbbf10 078fd1e279de46ab8e08d1a1537bb38e - - default default] No more DHCP agents
2026-02-26 20:16:47.805 10 WARNING neutron.api.rpc.agentnotifiers.dhcp_rpc_agent_api [None req-84a59062-dbae-44fe-80ea-f28a6b1ab2e3 04fca7df131c480894cc02bc63dbbf10 078fd1e279de46ab8e08d1a1537bb38e - - default default] Unable to schedule network c2e894c3-f7fc-4c21-9082-24c840562ca6: no agents available; will retry on subsequent port and subnet creation events. /var/lib/openstack/lib/python3.10/site-packages/pycadf/identifier.py:71: UserWarning: Invalid uuid: neutron. To ensure interoperability, identifiers should be a valid uuid. warnings.warn(('Invalid uuid: %s. To ensure interoperability, '
2026-02-26 20:16:48.299 10 INFO neutron.wsgi [req-fe0940c7-6d9a-4c67-83aa-14248ec747d2 req-3d842dd0-ff4c-4ccc-a96b-2bdc5eadf2b9 398e94f3335f4c269db13367b6b52d92 b90016eab16c4f20b906847529e68073 - - default default] 162.253.55.70 "GET /v2.0/networks?id=9fa9aece-8470-41ac-a96e-950fc11e53d3 HTTP/1.1" status: 200 len: 872 time: 0.1013122
2026-02-26 20:16:48.362 10 INFO neutron.wsgi [req-fe0940c7-6d9a-4c67-83aa-14248ec747d2 req-71b8dfe9-d154-4001-b4cd-274009f4eff1 398e94f3335f4c269db13367b6b52d92 b90016eab16c4f20b906847529e68073 - - default default] 162.253.55.70 "GET /v2.0/security-groups?fields=id&fields=name&tenant_id=b90016eab16c4f20b906847529e68073 HTTP/1.1" status: 200 len: 472 time: 0.0553639
2026-02-26 20:16:48.369 10 INFO neutron.db.ovn_revision_numbers_db [None req-84a59062-dbae-44fe-80ea-f28a6b1ab2e3 04fca7df131c480894cc02bc63dbbf10 078fd1e279de46ab8e08d1a1537bb38e - - default default] Successfully bumped revision number for resource 2a2f4900-8913-4c40-8adc-9281c33ffae6 (type: ports) to 2
2026-02-26 20:16:48.399 10 INFO neutron.wsgi [req-4bbfd037-7797-4d75-8d13-84e3aa7a3926 req-35b3ce7e-af5f-437a-ad54-93f821b29d03 91ec362f94c5407f9607a3a191be2c01 17c47d47a72444878a1d8876e237fa3f - - default default] 10.0.0.246 "GET /v2.0/ports?device_id=b87bf632-4231-4fb7-b162-5ccff778acd2 HTTP/1.1" status: 200 len: 1168 time: 0.0603504
2026-02-26 20:16:48.450 10 INFO neutron.db.ovn_revision_numbers_db [None req-84a59062-dbae-44fe-80ea-f28a6b1ab2e3 04fca7df131c480894cc02bc63dbbf10 078fd1e279de46ab8e08d1a1537bb38e - - default default] Successfully bumped revision number for resource d3b6c92b-21d6-4322-a999-ae2c22a29d5c (type: subnets) to 0
2026-02-26 20:16:48.463 9 INFO neutron.db.ovn_revision_numbers_db [req-243255c1-8ed5-4da6-975d-3313e69398a4 req-99c45b30-9fd5-40da-b030-2f1d54fca821 26721738254548cf906d337087aa1961 81cfce51e3c74c65971e1967a568f39b - - 5ba21f58809346e29f985113e0781a5e 5ba21f58809346e29f985113e0781a5e] Successfully bumped revision number for resource 8f876a88-3769-428b-be92-677e744c9303 (type: ports) to 2
2026-02-26 20:16:48.474 10 INFO neutron.wsgi [None req-84a59062-dbae-44fe-80ea-f28a6b1ab2e3 04fca7df131c480894cc02bc63dbbf10 078fd1e279de46ab8e08d1a1537bb38e - - default default] 10.0.0.10 "POST /v2.0/subnets HTTP/1.1" status: 201 len: 801 time: 0.9730580
2026-02-26 20:16:48.478 10 INFO neutron.wsgi [req-4bbfd037-7797-4d75-8d13-84e3aa7a3926 req-539080ef-7036-4012-aa01-7eb1f1c35a86 91ec362f94c5407f9607a3a191be2c01 17c47d47a72444878a1d8876e237fa3f - - default default] 10.0.0.246 "GET /v2.0/security-groups?id=218c9b32-8738-4430-bb58-7f76c122d8ce&fields=id&fields=name HTTP/1.1" status: 200 len: 313 time: 0.0682375 /var/lib/openstack/lib/python3.10/site-packages/pycadf/identifier.py:71: UserWarning: Invalid uuid: neutron. To ensure interoperability, identifiers should be a valid uuid. warnings.warn(('Invalid uuid: %s. To ensure interoperability, '
2026-02-26 20:16:48.629 9 INFO neutron.wsgi [req-152f550f-1121-4cac-a9ea-5d1fa165ea01 req-b18505ea-9e90-4929-8266-406fb130a21b 398e94f3335f4c269db13367b6b52d92 b90016eab16c4f20b906847529e68073 - - default default] 10.0.0.246 "GET /v2.0/ports?device_id=14358c58-356d-4e33-aec4-e5395f7baac8 HTTP/1.1" status: 200 len: 210 time: 0.0347791
2026-02-26 20:16:48.703 9 INFO neutron.db.ovn_revision_numbers_db [req-243255c1-8ed5-4da6-975d-3313e69398a4 req-99c45b30-9fd5-40da-b030-2f1d54fca821 26721738254548cf906d337087aa1961 81cfce51e3c74c65971e1967a568f39b - - 5ba21f58809346e29f985113e0781a5e 5ba21f58809346e29f985113e0781a5e] Successfully bumped revision number for resource 8f876a88-3769-428b-be92-677e744c9303 (type: ports) to 2
2026-02-26 20:16:48.718 9 INFO neutron.wsgi [req-243255c1-8ed5-4da6-975d-3313e69398a4 req-99c45b30-9fd5-40da-b030-2f1d54fca821 26721738254548cf906d337087aa1961 81cfce51e3c74c65971e1967a568f39b - - 5ba21f58809346e29f985113e0781a5e 5ba21f58809346e29f985113e0781a5e] 162.253.55.70 "PUT /v2.0/ports/8f876a88-3769-428b-be92-677e744c9303 HTTP/1.1" status: 200 len: 1376 time: 0.9112835
2026-02-26 20:16:48.766 9 INFO neutron.notifiers.nova [-] Nova event matching ['req-0082ed24-5cf6-47e8-9501-39a20ebbbf06'] response: {'name': 'network-changed', 'server_uuid': 'b87bf632-4231-4fb7-b162-5ccff778acd2', 'tag': '8f876a88-3769-428b-be92-677e744c9303', 'status': 'completed', 'code': 200}
2026-02-26 20:16:48.779 9 INFO neutron.wsgi [req-243255c1-8ed5-4da6-975d-3313e69398a4 req-68aa4912-af54-42c3-b7a0-5e36bd13def2 26721738254548cf906d337087aa1961 81cfce51e3c74c65971e1967a568f39b - - 5ba21f58809346e29f985113e0781a5e 5ba21f58809346e29f985113e0781a5e] 162.253.55.70 "GET /v2.0/ports?tenant_id=17c47d47a72444878a1d8876e237fa3f&device_id=b87bf632-4231-4fb7-b162-5ccff778acd2 HTTP/1.1" status: 200 len: 1407 time: 0.0299411
2026-02-26 20:16:48.810 9 INFO neutron.wsgi [req-243255c1-8ed5-4da6-975d-3313e69398a4 req-05ad80b6-3fe8-4bfa-b98a-8b21ff985a36 26721738254548cf906d337087aa1961 81cfce51e3c74c65971e1967a568f39b - - 5ba21f58809346e29f985113e0781a5e 5ba21f58809346e29f985113e0781a5e] 162.253.55.70 "GET /v2.0/floatingips?fixed_ip_address=10.100.0.9&port_id=8f876a88-3769-428b-be92-677e744c9303 HTTP/1.1" status: 200 len: 217 time: 0.0265236
2026-02-26 20:16:48.869 9 INFO neutron.wsgi [req-243255c1-8ed5-4da6-975d-3313e69398a4 req-e2674aa8-a74c-47fb-8560-9bd4134d8731 26721738254548cf906d337087aa1961 81cfce51e3c74c65971e1967a568f39b - - 5ba21f58809346e29f985113e0781a5e 5ba21f58809346e29f985113e0781a5e] 162.253.55.70 "GET /v2.0/subnets?id=2d270c03-7523-4787-8482-8e53591ccfa1 HTTP/1.1" status: 200 len: 853 time: 0.0487905
2026-02-26 20:16:48.891 9 INFO neutron.wsgi [req-243255c1-8ed5-4da6-975d-3313e69398a4 req-dc66f465-f187-4be5-9677-6fed6ce5e198 26721738254548cf906d337087aa1961 81cfce51e3c74c65971e1967a568f39b - - 5ba21f58809346e29f985113e0781a5e 5ba21f58809346e29f985113e0781a5e] 162.253.55.70 "GET /v2.0/ports?network_id=368adbe1-a131-4770-b602-fb0e68d74244&device_owner=network%3Adhcp HTTP/1.1" status: 200 len: 210 time: 0.0160787
2026-02-26 20:16:48.975 9 INFO neutron.wsgi [req-243255c1-8ed5-4da6-975d-3313e69398a4 req-2c65320e-f132-4214-bfb1-ed761f2b7e27 26721738254548cf906d337087aa1961 81cfce51e3c74c65971e1967a568f39b - - 5ba21f58809346e29f985113e0781a5e 5ba21f58809346e29f985113e0781a5e] 162.253.55.70 "GET /v2.0/networks/368adbe1-a131-4770-b602-fb0e68d74244?fields=segments HTTP/1.1" status: 200 len: 212 time: 0.0747030
2026-02-26 20:16:49.039 9 INFO neutron.wsgi [req-243255c1-8ed5-4da6-975d-3313e69398a4 req-322a737d-32f4-4931-b589-e735068a372a 26721738254548cf906d337087aa1961 81cfce51e3c74c65971e1967a568f39b - - 5ba21f58809346e29f985113e0781a5e 5ba21f58809346e29f985113e0781a5e] 162.253.55.70 "GET /v2.0/networks/368adbe1-a131-4770-b602-fb0e68d74244?fields=provider%3Aphysical_network&fields=provider%3Anetwork_type HTTP/1.1" status: 200 len: 277 time: 0.0585976
2026-02-26 20:16:49.058 10 WARNING neutron.scheduler.dhcp_agent_scheduler [None req-3b6d2b82-edd4-4d98-86be-7f84baddbff9 04fca7df131c480894cc02bc63dbbf10 078fd1e279de46ab8e08d1a1537bb38e - - default default] No more DHCP agents
2026-02-26 20:16:49.064 10 WARNING neutron.api.rpc.agentnotifiers.dhcp_rpc_agent_api [None req-3b6d2b82-edd4-4d98-86be-7f84baddbff9 04fca7df131c480894cc02bc63dbbf10 078fd1e279de46ab8e08d1a1537bb38e - - default default] Unable to schedule network 11e193ec-a9b9-4a0d-9ecc-60241f9aae4a: no agents available; will retry on subsequent port and subnet creation events.
2026-02-26 20:16:49.126 10 WARNING neutron.scheduler.dhcp_agent_scheduler [req-fe0940c7-6d9a-4c67-83aa-14248ec747d2 req-5ed3eb22-9a44-4398-8a5c-a8372c240608 398e94f3335f4c269db13367b6b52d92 b90016eab16c4f20b906847529e68073 - - default default] No more DHCP agents
2026-02-26 20:16:49.128 10 WARNING neutron.api.rpc.agentnotifiers.dhcp_rpc_agent_api [req-fe0940c7-6d9a-4c67-83aa-14248ec747d2 req-5ed3eb22-9a44-4398-8a5c-a8372c240608 398e94f3335f4c269db13367b6b52d92 b90016eab16c4f20b906847529e68073 - - default default] Unable to schedule network 9fa9aece-8470-41ac-a96e-950fc11e53d3: no agents available; will retry on subsequent port and subnet creation events.
2026-02-26 20:16:49.138 9 INFO neutron.wsgi [req-00057302-d6b0-4d74-9b2f-47980ea1c094 req-6ce15d3e-2fb7-4482-9fa8-b236e11a897f 26721738254548cf906d337087aa1961 81cfce51e3c74c65971e1967a568f39b - - 5ba21f58809346e29f985113e0781a5e 5ba21f58809346e29f985113e0781a5e] 162.253.55.70 "GET /v2.0/ports?tenant_id=17c47d47a72444878a1d8876e237fa3f&device_id=b87bf632-4231-4fb7-b162-5ccff778acd2 HTTP/1.1" status: 200 len: 1407 time: 0.0400836
2026-02-26 20:16:49.223 9 INFO neutron.wsgi [req-00057302-d6b0-4d74-9b2f-47980ea1c094 req-d9c805a8-2358-4d66-8fcc-c95b27671060 26721738254548cf906d337087aa1961 81cfce51e3c74c65971e1967a568f39b - - 5ba21f58809346e29f985113e0781a5e 5ba21f58809346e29f985113e0781a5e] 162.253.55.70 "GET /v2.0/networks?id=368adbe1-a131-4770-b602-fb0e68d74244 HTTP/1.1" status: 200 len: 958 time: 0.0797539
2026-02-26 20:16:49.269 9 INFO neutron.wsgi [req-00057302-d6b0-4d74-9b2f-47980ea1c094 req-4fd06139-fefe-4f1d-80bc-875b6f5b2e5f 26721738254548cf906d337087aa1961 81cfce51e3c74c65971e1967a568f39b - - 5ba21f58809346e29f985113e0781a5e 5ba21f58809346e29f985113e0781a5e] 162.253.55.70 "GET /v2.0/floatingips?fixed_ip_address=10.100.0.9&port_id=8f876a88-3769-428b-be92-677e744c9303 HTTP/1.1" status: 200 len: 217 time: 0.0409842
2026-02-26 20:16:49.285 10 INFO neutron.plugins.ml2.drivers.ovn.mech_driver.mech_driver [None req-4fd76493-d3e6-48bf-be69-a7591e9358ab - - - - - -] OVN reports status up for port: 8f876a88-3769-428b-be92-677e744c9303
2026-02-26 20:16:49.311 9 INFO neutron.wsgi [req-00057302-d6b0-4d74-9b2f-47980ea1c094 req-f52bbc6f-a919-4d79-a035-6cacad24dedf 26721738254548cf906d337087aa1961 81cfce51e3c74c65971e1967a568f39b - - 5ba21f58809346e29f985113e0781a5e 5ba21f58809346e29f985113e0781a5e] 162.253.55.70 "GET /v2.0/subnets?id=2d270c03-7523-4787-8482-8e53591ccfa1 HTTP/1.1" status: 200 len: 853 time: 0.0365248
2026-02-26 20:16:49.338 10 INFO neutron.plugins.ml2.plugin [None req-4fd76493-d3e6-48bf-be69-a7591e9358ab - - - - - -] Attempt 1 to provision port 8f876a88-3769-428b-be92-677e744c9303
2026-02-26 20:16:49.339 9 INFO neutron.wsgi [req-00057302-d6b0-4d74-9b2f-47980ea1c094 req-675eadc2-ff93-4a99-8a0b-c6aee6ba4394 26721738254548cf906d337087aa1961 81cfce51e3c74c65971e1967a568f39b - - 5ba21f58809346e29f985113e0781a5e 5ba21f58809346e29f985113e0781a5e] 162.253.55.70 "GET /v2.0/ports?network_id=368adbe1-a131-4770-b602-fb0e68d74244&device_owner=network%3Adhcp HTTP/1.1" status: 200 len: 210 time: 0.0223749
2026-02-26 20:16:49.445 9 INFO neutron.wsgi [req-00057302-d6b0-4d74-9b2f-47980ea1c094 req-ace604ef-7c15-4592-a7e7-7320a113ab6a 26721738254548cf906d337087aa1961 81cfce51e3c74c65971e1967a568f39b - - 5ba21f58809346e29f985113e0781a5e 5ba21f58809346e29f985113e0781a5e] 162.253.55.70 "GET /v2.0/networks/368adbe1-a131-4770-b602-fb0e68d74244?fields=segments HTTP/1.1" status: 200 len: 212 time: 0.1016219
2026-02-26 20:16:49.454 10 INFO neutron.db.ovn_revision_numbers_db [req-fe0940c7-6d9a-4c67-83aa-14248ec747d2 req-5ed3eb22-9a44-4398-8a5c-a8372c240608 398e94f3335f4c269db13367b6b52d92 b90016eab16c4f20b906847529e68073 - - default default] Successfully bumped revision number for resource baa4567f-8493-4f6a-b6f4-a44d5cd92169 (type: ports) to 1
2026-02-26 20:16:49.490 10 INFO neutron.wsgi [req-fe0940c7-6d9a-4c67-83aa-14248ec747d2 req-5ed3eb22-9a44-4398-8a5c-a8372c240608 398e94f3335f4c269db13367b6b52d92 b90016eab16c4f20b906847529e68073 - - default default] 162.253.55.70 "POST /v2.0/ports HTTP/1.1" status: 201 len: 1197 time: 1.1064632 /var/lib/openstack/lib/python3.10/site-packages/pycadf/identifier.py:71: UserWarning: Invalid uuid: neutron. To ensure interoperability, identifiers should be a valid uuid. warnings.warn(('Invalid uuid: %s. To ensure interoperability, '
2026-02-26 20:16:49.536 9 INFO neutron.wsgi [req-00057302-d6b0-4d74-9b2f-47980ea1c094 req-ec3d86d6-5455-4114-b4e8-2fbdc0512292 26721738254548cf906d337087aa1961 81cfce51e3c74c65971e1967a568f39b - - 5ba21f58809346e29f985113e0781a5e 5ba21f58809346e29f985113e0781a5e] 162.253.55.70 "GET /v2.0/networks/368adbe1-a131-4770-b602-fb0e68d74244?fields=provider%3Aphysical_network&fields=provider%3Anetwork_type HTTP/1.1" status: 200 len: 277 time: 0.0857818
2026-02-26 20:16:49.545 10 INFO neutron.notifiers.nova [-] Nova event matching ['req-3bd0df33-be66-47e9-b9f9-0b26604a201a'] response: {'server_uuid': 'b87bf632-4231-4fb7-b162-5ccff778acd2', 'name': 'network-vif-plugged', 'status': 'completed', 'tag': '8f876a88-3769-428b-be92-677e744c9303', 'code': 200}
2026-02-26 20:16:49.566 9 INFO neutron.wsgi [-] 10.0.0.13 "GET / HTTP/1.1" status: 200 len: 247 time: 0.0023005
2026-02-26 20:16:49.569 9 INFO neutron.wsgi [-] 10.0.0.13 "GET / HTTP/1.1" status: 200 len: 247 time: 0.0020978
2026-02-26 20:16:49.697 9 INFO neutron.wsgi [req-0a9719cc-ef7e-476c-9c8e-3665d39ae3b0 req-2d961b60-9f96-407a-bfd7-f5370d5ee886 91ec362f94c5407f9607a3a191be2c01 17c47d47a72444878a1d8876e237fa3f - - default default] 10.0.0.246 "GET /v2.0/ports?device_id=b87bf632-4231-4fb7-b162-5ccff778acd2 HTTP/1.1" status: 200 len: 1170 time: 0.1267076
2026-02-26 20:16:49.744 9 INFO neutron.wsgi [req-0a9719cc-ef7e-476c-9c8e-3665d39ae3b0 req-00cd4cad-c7e3-4cea-963b-a6902a848020 91ec362f94c5407f9607a3a191be2c01 17c47d47a72444878a1d8876e237fa3f - - default default] 10.0.0.246 "GET /v2.0/security-groups?id=218c9b32-8738-4430-bb58-7f76c122d8ce&fields=id&fields=name HTTP/1.1" status: 200 len: 313 time: 0.0391569
2026-02-26 20:16:49.815 10 INFO neutron.wsgi [req-cb698fe2-33d9-4444-bf49-04f5d9ca5500 req-6fa44b2b-1ecb-4c51-9296-fbda67df2a0c 398e94f3335f4c269db13367b6b52d92 b90016eab16c4f20b906847529e68073 - - default default] 10.0.0.246 "GET /v2.0/ports?device_id=14358c58-356d-4e33-aec4-e5395f7baac8 HTTP/1.1" status: 200 len: 1195 time: 0.0848951
2026-02-26 20:16:49.927 10 INFO neutron.db.ovn_revision_numbers_db [None req-4fd76493-d3e6-48bf-be69-a7591e9358ab - - - - - -] Successfully bumped revision number for resource 8f876a88-3769-428b-be92-677e744c9303 (type: ports) to 4
2026-02-26 20:16:49.934 10 INFO neutron.wsgi [req-cb698fe2-33d9-4444-bf49-04f5d9ca5500 req-6e1d9748-c350-4eb1-9cd7-35fbeb192cb3 398e94f3335f4c269db13367b6b52d92 b90016eab16c4f20b906847529e68073 - - default default] 10.0.0.246 "GET /v2.0/security-groups?id=bc839e04-5a68-4021-9c79-1e645cea9b2e&id=f7a31f64-80c4-4dae-a36e-f1e75ebfc31e&fields=id&fields=name HTTP/1.1" status: 200 len: 405 time: 0.1090724
2026-02-26 20:16:50.015 10 INFO neutron.db.ovn_revision_numbers_db [None req-3b6d2b82-edd4-4d98-86be-7f84baddbff9 04fca7df131c480894cc02bc63dbbf10 078fd1e279de46ab8e08d1a1537bb38e - - default default] Successfully bumped revision number for resource 71d3c7ee-c01b-4a27-be95-980905e59ce0 (type: ports) to 2
2026-02-26 20:16:50.077 10 INFO neutron.db.ovn_revision_numbers_db [None req-3b6d2b82-edd4-4d98-86be-7f84baddbff9 04fca7df131c480894cc02bc63dbbf10 078fd1e279de46ab8e08d1a1537bb38e - - default default] Successfully bumped revision number for resource 28464c65-ea5b-4554-8da1-335a2701688c (type: subnets) to 0
2026-02-26 20:16:50.103 10 INFO neutron.wsgi [None req-3b6d2b82-edd4-4d98-86be-7f84baddbff9 04fca7df131c480894cc02bc63dbbf10 078fd1e279de46ab8e08d1a1537bb38e - - default default] 10.0.0.10 "POST /v2.0/subnets HTTP/1.1" status: 201 len: 801 time: 1.6228118
2026-02-26 20:16:50.174 10 INFO neutron.db.ovn_revision_numbers_db [req-fe0940c7-6d9a-4c67-83aa-14248ec747d2 req-f1893703-7375-46c4-a849-69df0e9aaaaf 26721738254548cf906d337087aa1961 81cfce51e3c74c65971e1967a568f39b - - 5ba21f58809346e29f985113e0781a5e 5ba21f58809346e29f985113e0781a5e] Successfully bumped revision number for resource baa4567f-8493-4f6a-b6f4-a44d5cd92169 (type: ports) to 2
2026-02-26 20:16:50.265 9 INFO neutron.db.ovn_revision_numbers_db [None req-5ff56c16-f0eb-4af1-8b65-5dac470c84dc 04fca7df131c480894cc02bc63dbbf10 078fd1e279de46ab8e08d1a1537bb38e - - default default] Successfully bumped revision number for resource dd8d17a9-6a12-47f2-896d-fccd505a6f0e (type: routers) to 1
2026-02-26 20:16:50.278 9 INFO neutron.wsgi [None req-5ff56c16-f0eb-4af1-8b65-5dac470c84dc 04fca7df131c480894cc02bc63dbbf10 078fd1e279de46ab8e08d1a1537bb38e - - default default] 10.0.0.10 "POST /v2.0/routers HTTP/1.1" status: 201 len: 687 time: 0.1692533
2026-02-26 20:16:50.374 10 INFO neutron.db.ovn_revision_numbers_db [req-fe0940c7-6d9a-4c67-83aa-14248ec747d2 req-f1893703-7375-46c4-a849-69df0e9aaaaf 26721738254548cf906d337087aa1961 81cfce51e3c74c65971e1967a568f39b - - 5ba21f58809346e29f985113e0781a5e 5ba21f58809346e29f985113e0781a5e] Successfully bumped revision number for resource baa4567f-8493-4f6a-b6f4-a44d5cd92169 (type: ports) to 2
2026-02-26 20:16:50.389 10 INFO neutron.wsgi [req-fe0940c7-6d9a-4c67-83aa-14248ec747d2 req-f1893703-7375-46c4-a849-69df0e9aaaaf 26721738254548cf906d337087aa1961 81cfce51e3c74c65971e1967a568f39b - - 5ba21f58809346e29f985113e0781a5e 5ba21f58809346e29f985113e0781a5e] 162.253.55.70 "PUT /v2.0/ports/baa4567f-8493-4f6a-b6f4-a44d5cd92169 HTTP/1.1" status: 200 len: 1415 time: 0.8897736 /var/lib/openstack/lib/python3.10/site-packages/pycadf/identifier.py:71: UserWarning: Invalid uuid: neutron. To ensure interoperability, identifiers should be a valid uuid. warnings.warn(('Invalid uuid: %s. To ensure interoperability, '
2026-02-26 20:16:50.462 10 INFO neutron.wsgi [req-fe0940c7-6d9a-4c67-83aa-14248ec747d2 req-bb37af61-da09-4cc4-afc6-c3e3b0eef214 26721738254548cf906d337087aa1961 81cfce51e3c74c65971e1967a568f39b - - 5ba21f58809346e29f985113e0781a5e 5ba21f58809346e29f985113e0781a5e] 162.253.55.70 "GET /v2.0/ports?tenant_id=b90016eab16c4f20b906847529e68073&device_id=14358c58-356d-4e33-aec4-e5395f7baac8 HTTP/1.1" status: 200 len: 1446 time: 0.0356367
2026-02-26 20:16:50.495 10 INFO neutron.wsgi [req-fe0940c7-6d9a-4c67-83aa-14248ec747d2 req-0743a466-fa4a-4147-a645-c54c4864893a 26721738254548cf906d337087aa1961 81cfce51e3c74c65971e1967a568f39b - - 5ba21f58809346e29f985113e0781a5e 5ba21f58809346e29f985113e0781a5e] 162.253.55.70 "GET /v2.0/floatingips?fixed_ip_address=10.100.0.7&port_id=baa4567f-8493-4f6a-b6f4-a44d5cd92169 HTTP/1.1" status: 200 len: 217 time: 0.0270410
2026-02-26 20:16:50.546 10 INFO neutron.wsgi [req-fe0940c7-6d9a-4c67-83aa-14248ec747d2 req-8f40ffee-f652-4d58-8255-661dff21f71f 26721738254548cf906d337087aa1961 81cfce51e3c74c65971e1967a568f39b - - 5ba21f58809346e29f985113e0781a5e 5ba21f58809346e29f985113e0781a5e] 162.253.55.70 "GET /v2.0/subnets?id=6aef82f6-4a21-483d-ad0a-f4fe73921c11 HTTP/1.1" status: 200 len: 866 time: 0.0434935
2026-02-26 20:16:50.577 10 INFO neutron.wsgi [req-fe0940c7-6d9a-4c67-83aa-14248ec747d2 req-e36ee4ad-88d5-4a73-abf9-db4c1e2f7ee4 26721738254548cf906d337087aa1961 81cfce51e3c74c65971e1967a568f39b - - 5ba21f58809346e29f985113e0781a5e 5ba21f58809346e29f985113e0781a5e] 162.253.55.70 "GET /v2.0/ports?network_id=9fa9aece-8470-41ac-a96e-950fc11e53d3&device_owner=network%3Adhcp HTTP/1.1" status: 200 len: 210 time: 0.0238619
2026-02-26 20:16:50.670 10 INFO neutron.wsgi [req-fe0940c7-6d9a-4c67-83aa-14248ec747d2 req-16ac1163-52eb-4f1a-9fea-430863ee33e6 26721738254548cf906d337087aa1961 81cfce51e3c74c65971e1967a568f39b - - 5ba21f58809346e29f985113e0781a5e 5ba21f58809346e29f985113e0781a5e] 162.253.55.70 "GET /v2.0/networks/9fa9aece-8470-41ac-a96e-950fc11e53d3?fields=segments HTTP/1.1" status: 200 len: 212 time: 0.0849404
2026-02-26 20:16:50.683 10 INFO neutron.db.ovn_revision_numbers_db [None req-b3dab0e5-40bf-423e-b820-02dd6365ab77 6deeab7957f84f4f8a3b514d91e6999a 54fe932c157b4df58f3715f893df0ff6 - - default default] Successfully bumped revision number for resource e98f832a-27c3-4d9b-8b47-b44171574e77 (type: security_groups) to 1
2026-02-26 20:16:50.701 10 INFO neutron.db.ovn_revision_numbers_db [None req-b3dab0e5-40bf-423e-b820-02dd6365ab77 6deeab7957f84f4f8a3b514d91e6999a 54fe932c157b4df58f3715f893df0ff6 - - default default] Successfully bumped revision number for resource 18821391-416e-433f-88d5-1833af8283be (type: security_group_rules) to 0
2026-02-26 20:16:50.720 9 WARNING neutron.scheduler.dhcp_agent_scheduler [None req-9ec6c2a8-3d83-4bcd-b48b-77ff2ecd82ca 04fca7df131c480894cc02bc63dbbf10 078fd1e279de46ab8e08d1a1537bb38e - - default default] No more DHCP agents
2026-02-26 20:16:50.723 9 WARNING neutron.api.rpc.agentnotifiers.dhcp_rpc_agent_api [None req-9ec6c2a8-3d83-4bcd-b48b-77ff2ecd82ca 04fca7df131c480894cc02bc63dbbf10 078fd1e279de46ab8e08d1a1537bb38e - - default default] Unable to schedule network c2e894c3-f7fc-4c21-9082-24c840562ca6: no agents available; will retry on subsequent port and subnet creation events.
2026-02-26 20:16:50.724 10 INFO neutron.db.ovn_revision_numbers_db [None req-b3dab0e5-40bf-423e-b820-02dd6365ab77 6deeab7957f84f4f8a3b514d91e6999a 54fe932c157b4df58f3715f893df0ff6 - - default default] Successfully bumped revision number for resource 6a52a849-88d2-4abd-81e7-8c7f482eb79b (type: security_group_rules) to 0
2026-02-26 20:16:50.743 10 INFO neutron.wsgi [req-fe0940c7-6d9a-4c67-83aa-14248ec747d2 req-2c208fe6-8768-4eb7-bbe2-d9cea245aded 26721738254548cf906d337087aa1961 81cfce51e3c74c65971e1967a568f39b - - 5ba21f58809346e29f985113e0781a5e 5ba21f58809346e29f985113e0781a5e] 162.253.55.70 "GET /v2.0/networks/9fa9aece-8470-41ac-a96e-950fc11e53d3?fields=provider%3Aphysical_network&fields=provider%3Anetwork_type HTTP/1.1" status: 200 len: 277 time: 0.0688262
2026-02-26 20:16:50.744 10 INFO neutron.db.ovn_revision_numbers_db [None req-b3dab0e5-40bf-423e-b820-02dd6365ab77 6deeab7957f84f4f8a3b514d91e6999a 54fe932c157b4df58f3715f893df0ff6 - - default default] Successfully bumped revision number for resource b5e7e79e-d66b-4c54-91de-49c58835eea0 (type: security_group_rules) to 0
2026-02-26 20:16:50.759 10 INFO neutron.db.ovn_revision_numbers_db [None req-b3dab0e5-40bf-423e-b820-02dd6365ab77 6deeab7957f84f4f8a3b514d91e6999a 54fe932c157b4df58f3715f893df0ff6 - - default default] Successfully bumped revision number for resource c1ab5590-2358-44a0-ae86-161ac480db42 (type: security_group_rules) to 0
2026-02-26 20:16:50.855 10 INFO neutron.db.ovn_revision_numbers_db [None req-b3dab0e5-40bf-423e-b820-02dd6365ab77 6deeab7957f84f4f8a3b514d91e6999a 54fe932c157b4df58f3715f893df0ff6 - - default default] Successfully bumped revision number for resource cada2a98-9c96-4e93-8490-d41d4643493b (type: security_groups) to 1
2026-02-26 20:16:50.876 9 INFO neutron.wsgi [req-ed93ae8b-9a19-4734-a1a7-2f9b974e9f00 req-52a969ec-54f8-4461-81e2-3b991e3d746e 91ec362f94c5407f9607a3a191be2c01 17c47d47a72444878a1d8876e237fa3f - - default default] 10.0.0.246 "GET /v2.0/ports?device_id=b87bf632-4231-4fb7-b162-5ccff778acd2 HTTP/1.1" status: 200 len: 1170 time: 0.0564218
2026-02-26 20:16:50.891 10 INFO neutron.db.ovn_revision_numbers_db [None req-b3dab0e5-40bf-423e-b820-02dd6365ab77 6deeab7957f84f4f8a3b514d91e6999a 54fe932c157b4df58f3715f893df0ff6 - - default default] Successfully bumped revision number for resource 8798ccf9-3c2c-452b-9765-1f26eb05eab2 (type: security_group_rules) to 0
2026-02-26 20:16:50.913 10 INFO neutron.db.ovn_revision_numbers_db [None req-b3dab0e5-40bf-423e-b820-02dd6365ab77 6deeab7957f84f4f8a3b514d91e6999a 54fe932c157b4df58f3715f893df0ff6 - - default default] Successfully bumped revision number for resource feb72358-5460-48d7-b786-bceee6bd7568 (type: security_group_rules) to 0
2026-02-26 20:16:50.945 9 INFO neutron.wsgi [req-ed93ae8b-9a19-4734-a1a7-2f9b974e9f00 req-8fd4015d-a985-4478-90ce-3f12afda7672 91ec362f94c5407f9607a3a191be2c01 17c47d47a72444878a1d8876e237fa3f - - default default] 10.0.0.246 "GET /v2.0/security-groups?id=218c9b32-8738-4430-bb58-7f76c122d8ce&fields=id&fields=name HTTP/1.1" status: 200 len: 313 time: 0.0611138
2026-02-26 20:16:50.954 10 INFO neutron.wsgi [None req-b3dab0e5-40bf-423e-b820-02dd6365ab77 6deeab7957f84f4f8a3b514d91e6999a 54fe932c157b4df58f3715f893df0ff6 - - default default] 10.0.0.10 "POST /v2.0/security-groups HTTP/1.1" status: 201 len: 1737 time: 0.6482024
2026-02-26 20:16:50.978 10 INFO neutron.wsgi [req-13372091-5d92-41de-9140-35e89ce68e04 req-c244082e-5f59-4908-a75e-fb37cf6896ff 26721738254548cf906d337087aa1961 81cfce51e3c74c65971e1967a568f39b - - 5ba21f58809346e29f985113e0781a5e 5ba21f58809346e29f985113e0781a5e] 162.253.55.70 "GET /v2.0/ports?device_id=14358c58-356d-4e33-aec4-e5395f7baac8 HTTP/1.1" status: 200 len: 1446 time: 0.0443907
2026-02-26 20:16:50.979 9 INFO neutron.db.ovn_revision_numbers_db [None req-9ec6c2a8-3d83-4bcd-b48b-77ff2ecd82ca 04fca7df131c480894cc02bc63dbbf10 078fd1e279de46ab8e08d1a1537bb38e - - default default] Successfully bumped revision number for resource c1990c8e-b4a7-462b-8daf-e480ea957480 (type: ports) to 1
2026-02-26 20:16:51.019 9 INFO neutron.wsgi [None req-163bae4b-eac8-4e0e-856f-39c123b2dc94 6deeab7957f84f4f8a3b514d91e6999a 54fe932c157b4df58f3715f893df0ff6 - - default default] 10.0.0.10 "PUT /v2.0/security-groups/cada2a98-9c96-4e93-8490-d41d4643493b/tags HTTP/1.1" status: 200 len: 218 time: 0.0586410
2026-02-26 20:16:51.037 10 INFO neutron.wsgi [req-13372091-5d92-41de-9140-35e89ce68e04 req-4dda77fc-5f5a-4d4f-ae2c-b729e78ba3e8 26721738254548cf906d337087aa1961 81cfce51e3c74c65971e1967a568f39b - - 5ba21f58809346e29f985113e0781a5e 5ba21f58809346e29f985113e0781a5e] 162.253.55.70 "GET /v2.0/security-groups?id=bc839e04-5a68-4021-9c79-1e645cea9b2e&id=f7a31f64-80c4-4dae-a36e-f1e75ebfc31e&fields=id&fields=name HTTP/1.1" status: 200 len: 405 time: 0.0500588
2026-02-26 20:16:51.044 10 INFO neutron.wsgi [req-7d7a7e85-7562-456a-8906-13b1367116fb req-09da1911-8a11-4498-81e4-73c6fa6a1ee7 398e94f3335f4c269db13367b6b52d92 b90016eab16c4f20b906847529e68073 - - default default] 10.0.0.246 "GET /v2.0/ports?device_id=14358c58-356d-4e33-aec4-e5395f7baac8 HTTP/1.1" status: 200 len: 1208 time: 0.0358207
2026-02-26 20:16:51.068 9 INFO neutron.wsgi [None req-1fc0d86c-2017-4694-aa49-01f8fa7ee714 6deeab7957f84f4f8a3b514d91e6999a 54fe932c157b4df58f3715f893df0ff6 - - default default] 10.0.0.10 "GET /v2.0/security-groups/cada2a98-9c96-4e93-8490-d41d4643493b/tags HTTP/1.1" status: 200 len: 218 time: 0.0442569
2026-02-26 20:16:51.083 9 INFO neutron.wsgi [req-0faa0969-161a-4167-addf-03fe015768a5 req-d6a27a28-74f1-4b2e-adc6-78df762fee40 91ec362f94c5407f9607a3a191be2c01 17c47d47a72444878a1d8876e237fa3f - - default default] 10.0.0.246 "GET /v2.0/ports?device_id=b87bf632-4231-4fb7-b162-5ccff778acd2 HTTP/1.1" status: 200 len: 1170 time: 0.0602436
2026-02-26 20:16:51.106 10 INFO neutron.wsgi [req-7d7a7e85-7562-456a-8906-13b1367116fb req-4937ead5-b891-4598-bf94-4044ff182a56 398e94f3335f4c269db13367b6b52d92 b90016eab16c4f20b906847529e68073 - - default default] 10.0.0.246 "GET /v2.0/security-groups?id=bc839e04-5a68-4021-9c79-1e645cea9b2e&id=f7a31f64-80c4-4dae-a36e-f1e75ebfc31e&fields=id&fields=name HTTP/1.1" status: 200 len: 405 time: 0.0504045
2026-02-26 20:16:51.138 10 INFO neutron.wsgi [None req-a5647322-fdfc-4a96-95d1-334fe56f8d82 6deeab7957f84f4f8a3b514d91e6999a 54fe932c157b4df58f3715f893df0ff6 - - default default] 10.0.0.10 "PUT /v2.0/security-groups/cada2a98-9c96-4e93-8490-d41d4643493b/tags/green HTTP/1.1" status: 201 len: 201 time: 0.0630653
2026-02-26 20:16:51.178 9 INFO neutron.wsgi [req-0faa0969-161a-4167-addf-03fe015768a5 req-069d1099-6794-4810-8a77-12750b650434 91ec362f94c5407f9607a3a191be2c01 17c47d47a72444878a1d8876e237fa3f - - default default] 10.0.0.246 "GET /v2.0/security-groups?id=218c9b32-8738-4430-bb58-7f76c122d8ce&fields=id&fields=name HTTP/1.1" status: 200 len: 313 time: 0.0876753
2026-02-26 20:16:51.185 10 INFO neutron.wsgi [None req-50ab386a-b7db-4390-bfea-0e5a6ca3c65d 6deeab7957f84f4f8a3b514d91e6999a 54fe932c157b4df58f3715f893df0ff6 - - default default] 10.0.0.10 "GET /v2.0/security-groups/cada2a98-9c96-4e93-8490-d41d4643493b/tags HTTP/1.1" status: 200 len: 227 time: 0.0188832
2026-02-26 20:16:51.245 10 INFO neutron.wsgi [None req-7a438cd1-ad3e-48a4-b91f-bc0fd2189df1 6deeab7957f84f4f8a3b514d91e6999a 54fe932c157b4df58f3715f893df0ff6 - - default default] 10.0.0.10 "PUT /v2.0/security-groups/cada2a98-9c96-4e93-8490-d41d4643493b/tags/red HTTP/1.1" status: 201 len: 201 time: 0.0561097
2026-02-26 20:16:51.266 10 INFO neutron.wsgi [None req-21e0b127-5648-441b-b3ca-d5ae65eb5c14 81de529d3b6444e5b759a3697c4536ae 855dbb205a514d20bf769c3edaaf5fc2 - - default default] 10.0.0.10 "GET /v2.0/ports?device_id=b87bf632-4231-4fb7-b162-5ccff778acd2 HTTP/1.1" status: 200 len: 1404 time: 0.0543180
2026-02-26 20:16:51.276 10 INFO neutron.wsgi [None req-c32338aa-6718-46bd-96b6-d82f38bbd1a2 6deeab7957f84f4f8a3b514d91e6999a 54fe932c157b4df58f3715f893df0ff6 - - default default] 10.0.0.10 "GET /v2.0/security-groups/cada2a98-9c96-4e93-8490-d41d4643493b/tags HTTP/1.1" status: 200 len: 227 time: 0.0253341
2026-02-26 20:16:51.321 10 INFO neutron.wsgi [None req-79ec84d6-e24a-42b4-a545-57b2fa1a405b 6deeab7957f84f4f8a3b514d91e6999a 54fe932c157b4df58f3715f893df0ff6 - - default default] 10.0.0.10 "PUT /v2.0/security-groups/cada2a98-9c96-4e93-8490-d41d4643493b/tags/black.or.white HTTP/1.1" status: 201 len: 201 time: 0.0383863
2026-02-26 20:16:51.349 10 INFO neutron.wsgi [None req-8c4dbfe7-a645-4329-96f2-2d554c1e6eaa 6deeab7957f84f4f8a3b514d91e6999a 54fe932c157b4df58f3715f893df0ff6 - - default default] 10.0.0.10 "GET /v2.0/security-groups/cada2a98-9c96-4e93-8490-d41d4643493b/tags HTTP/1.1" status: 200 len: 245 time: 0.0213013
2026-02-26 20:16:51.389 10 INFO neutron.wsgi [None req-7cee8654-92c3-4ac2-a2d8-bb8a86597e0e 6deeab7957f84f4f8a3b514d91e6999a 54fe932c157b4df58f3715f893df0ff6 - - default default] 10.0.0.10 "PUT /v2.0/security-groups/cada2a98-9c96-4e93-8490-d41d4643493b/tags HTTP/1.1" status: 200 len: 230 time: 0.0338938
2026-02-26 20:16:51.415 10 INFO neutron.wsgi [None req-fdb3ba0d-bac7-4f43-98bf-1e741afdedb5 6deeab7957f84f4f8a3b514d91e6999a 54fe932c157b4df58f3715f893df0ff6 - - default default] 10.0.0.10 "GET /v2.0/security-groups/cada2a98-9c96-4e93-8490-d41d4643493b/tags HTTP/1.1" status: 200 len: 230 time: 0.0171676
2026-02-26 20:16:51.441 10 INFO neutron.wsgi [None req-84096807-a6bd-4a5f-8a6d-4e752126ac73 6deeab7957f84f4f8a3b514d91e6999a 54fe932c157b4df58f3715f893df0ff6 - - default default] 10.0.0.10 "GET /v2.0/security-groups/cada2a98-9c96-4e93-8490-d41d4643493b/tags/red HTTP/1.1" status: 204 len: 168 time: 0.0215921
2026-02-26 20:16:51.468 10 INFO neutron.api.v2.resource [None req-543c0d89-e153-45de-ab1c-4aa1aaa7675f 6deeab7957f84f4f8a3b514d91e6999a 54fe932c157b4df58f3715f893df0ff6 - - default default] show failed (client error): The resource could not be found.
2026-02-26 20:16:51.470 10 INFO neutron.wsgi [None req-543c0d89-e153-45de-ab1c-4aa1aaa7675f 6deeab7957f84f4f8a3b514d91e6999a 54fe932c157b4df58f3715f893df0ff6 - - default default] 10.0.0.10 "GET /v2.0/security-groups/cada2a98-9c96-4e93-8490-d41d4643493b/tags/green HTTP/1.1" status: 404 len: 299 time: 0.0241559
2026-02-26 20:16:51.498 10 INFO neutron.plugins.ml2.drivers.ovn.mech_driver.mech_driver [None req-4fd76493-d3e6-48bf-be69-a7591e9358ab - - - - - -] OVN reports status up for port: c1990c8e-b4a7-462b-8daf-e480ea957480
2026-02-26 20:16:51.510 10 INFO neutron.plugins.ml2.plugin [None req-4fd76493-d3e6-48bf-be69-a7591e9358ab - - - - - -] Attempt 1 to provision port c1990c8e-b4a7-462b-8daf-e480ea957480
2026-02-26 20:16:51.513 10 INFO neutron.wsgi [None req-26d8b4d2-96fb-4098-9ea4-b884040b9860 6deeab7957f84f4f8a3b514d91e6999a 54fe932c157b4df58f3715f893df0ff6 - - default default] 10.0.0.10 "DELETE /v2.0/security-groups/cada2a98-9c96-4e93-8490-d41d4643493b/tags/red HTTP/1.1" status: 204 len: 168 time: 0.0373871
2026-02-26 20:16:51.530 9 INFO neutron.db.ovn_revision_numbers_db [None req-9ec6c2a8-3d83-4bcd-b48b-77ff2ecd82ca 04fca7df131c480894cc02bc63dbbf10 078fd1e279de46ab8e08d1a1537bb38e - - default default] Successfully bumped revision number for resource c1990c8e-b4a7-462b-8daf-e480ea957480 (type: router_ports) to 1
2026-02-26 20:16:51.547 10 INFO neutron.wsgi [None req-6c3380df-1c88-4912-89a0-2b72c8d97bfe 6deeab7957f84f4f8a3b514d91e6999a 54fe932c157b4df58f3715f893df0ff6 - - default default] 10.0.0.10 "GET /v2.0/security-groups/cada2a98-9c96-4e93-8490-d41d4643493b/tags HTTP/1.1" status: 200 len: 223 time: 0.0264704
2026-02-26 20:16:51.591 10 INFO neutron.notifiers.nova [-] Nova event matching ['req-5e272eb7-b6a0-4415-930b-9b3416ebdfde'] response: {'server_uuid': 'b87bf632-4231-4fb7-b162-5ccff778acd2', 'name': 'network-vif-plugged', 'status': 'completed', 'tag': '8f876a88-3769-428b-be92-677e744c9303', 'code': 200}
2026-02-26 20:16:51.591 10 INFO neutron.notifiers.nova [-] Nova event matching ['req-5e272eb7-b6a0-4415-930b-9b3416ebdfde'] response: {'name': 'network-changed', 'server_uuid': '14358c58-356d-4e33-aec4-e5395f7baac8', 'tag': 'baa4567f-8493-4f6a-b6f4-a44d5cd92169', 'status': 'completed', 'code': 200}
2026-02-26 20:16:51.592 10 INFO neutron.api.v2.resource [None req-74d712dd-9dfa-4cf7-a976-f9403cfba7d7 6deeab7957f84f4f8a3b514d91e6999a 54fe932c157b4df58f3715f893df0ff6 - - default default] delete failed (client error): The resource could not be found.
2026-02-26 20:16:51.593 10 INFO neutron.wsgi [None req-74d712dd-9dfa-4cf7-a976-f9403cfba7d7 6deeab7957f84f4f8a3b514d91e6999a 54fe932c157b4df58f3715f893df0ff6 - - default default] 10.0.0.10 "DELETE /v2.0/security-groups/cada2a98-9c96-4e93-8490-d41d4643493b/tags/green HTTP/1.1" status: 404 len: 299 time: 0.0364621
2026-02-26 20:16:51.623 9 WARNING neutron.scheduler.dhcp_agent_scheduler [None req-5ea2857d-3f50-40c7-8d15-3bf09ff8692a 91ec362f94c5407f9607a3a191be2c01 17c47d47a72444878a1d8876e237fa3f - - default default] No more DHCP agents
2026-02-26 20:16:51.627 9 WARNING neutron.api.rpc.agentnotifiers.dhcp_rpc_agent_api [None req-5ea2857d-3f50-40c7-8d15-3bf09ff8692a 91ec362f94c5407f9607a3a191be2c01 17c47d47a72444878a1d8876e237fa3f - - default default] Unable to schedule network 5d0d5061-7456-40d8-8c50-ef877587a22f: no agents available; will retry on subsequent port and subnet creation events.
2026-02-26 20:16:51.653 10 INFO neutron.wsgi [req-adce8f83-efab-4fa0-bc6b-106feb248016 req-de472bdd-5997-4980-98a9-a0fb5798f4fa 26721738254548cf906d337087aa1961 81cfce51e3c74c65971e1967a568f39b - - 5ba21f58809346e29f985113e0781a5e 5ba21f58809346e29f985113e0781a5e] 162.253.55.70 "GET /v2.0/ports?tenant_id=b90016eab16c4f20b906847529e68073&device_id=14358c58-356d-4e33-aec4-e5395f7baac8 HTTP/1.1" status: 200 len: 1446 time: 0.0377612
2026-02-26 20:16:51.661 9 INFO neutron.wsgi [None req-ef084aeb-4fd1-45ff-82bf-ffa33abbc442 6deeab7957f84f4f8a3b514d91e6999a 54fe932c157b4df58f3715f893df0ff6 - - default default] 10.0.0.10 "DELETE /v2.0/security-groups/cada2a98-9c96-4e93-8490-d41d4643493b/tags HTTP/1.1" status: 204 len: 168 time: 0.0606096
2026-02-26 20:16:51.726 10 INFO neutron.wsgi [None req-37da47e5-bbe7-49fc-a130-1dc9b2255db2 6deeab7957f84f4f8a3b514d91e6999a 54fe932c157b4df58f3715f893df0ff6 - - default default] 10.0.0.10 "GET /v2.0/security-groups/cada2a98-9c96-4e93-8490-d41d4643493b/tags HTTP/1.1" status: 200 len: 205 time: 0.0516388
2026-02-26 20:16:51.775 9 INFO neutron.db.ovn_revision_numbers_db [None req-9ec6c2a8-3d83-4bcd-b48b-77ff2ecd82ca 04fca7df131c480894cc02bc63dbbf10 078fd1e279de46ab8e08d1a1537bb38e - - default default] Successfully bumped revision number for resource c1990c8e-b4a7-462b-8daf-e480ea957480 (type: ports) to 1
2026-02-26 20:16:51.776 10 INFO neutron.wsgi [req-adce8f83-efab-4fa0-bc6b-106feb248016 req-d3a56cd6-4564-4fbb-80f2-1a712c76d0c7 26721738254548cf906d337087aa1961 81cfce51e3c74c65971e1967a568f39b - - 5ba21f58809346e29f985113e0781a5e 5ba21f58809346e29f985113e0781a5e] 162.253.55.70 "GET /v2.0/networks?id=9fa9aece-8470-41ac-a96e-950fc11e53d3 HTTP/1.1" status: 200 len: 971 time: 0.1129971
2026-02-26 20:16:51.819 10 INFO neutron.wsgi [req-adce8f83-efab-4fa0-bc6b-106feb248016 req-9a83d271-7172-464a-b7d9-f50fca202dd2 26721738254548cf906d337087aa1961 81cfce51e3c74c65971e1967a568f39b - - 5ba21f58809346e29f985113e0781a5e 5ba21f58809346e29f985113e0781a5e] 162.253.55.70 "GET /v2.0/floatingips?fixed_ip_address=10.100.0.7&port_id=baa4567f-8493-4f6a-b6f4-a44d5cd92169 HTTP/1.1" status: 200 len: 217 time: 0.0346093
2026-02-26 20:16:51.879 9 WARNING neutron.scheduler.dhcp_agent_scheduler [None req-9ec6c2a8-3d83-4bcd-b48b-77ff2ecd82ca 04fca7df131c480894cc02bc63dbbf10 078fd1e279de46ab8e08d1a1537bb38e - - default default] No more DHCP agents
2026-02-26 20:16:51.880 9 WARNING neutron.api.rpc.agentnotifiers.dhcp_rpc_agent_api [None req-9ec6c2a8-3d83-4bcd-b48b-77ff2ecd82ca 04fca7df131c480894cc02bc63dbbf10 078fd1e279de46ab8e08d1a1537bb38e - - default default] Unable to schedule network c2e894c3-f7fc-4c21-9082-24c840562ca6: no agents available; will retry on subsequent port and subnet creation events.
2026-02-26 20:16:51.885 10 INFO neutron.wsgi [req-adce8f83-efab-4fa0-bc6b-106feb248016 req-89ea9bf9-0066-49ab-95b5-dcab7c6e95f5 26721738254548cf906d337087aa1961 81cfce51e3c74c65971e1967a568f39b - - 5ba21f58809346e29f985113e0781a5e 5ba21f58809346e29f985113e0781a5e] 162.253.55.70 "GET /v2.0/subnets?id=6aef82f6-4a21-483d-ad0a-f4fe73921c11 HTTP/1.1" status: 200 len: 866 time: 0.0572999
2026-02-26 20:16:51.921 10 INFO neutron.wsgi [req-adce8f83-efab-4fa0-bc6b-106feb248016 req-85cf6bbc-95a4-49eb-80ed-98c630b562ff 26721738254548cf906d337087aa1961 81cfce51e3c74c65971e1967a568f39b - - 5ba21f58809346e29f985113e0781a5e 5ba21f58809346e29f985113e0781a5e] 162.253.55.70 "GET /v2.0/ports?network_id=9fa9aece-8470-41ac-a96e-950fc11e53d3&device_owner=network%3Adhcp HTTP/1.1" status: 200 len: 210 time: 0.0262623
2026-02-26 20:16:51.980 10 INFO neutron.db.ovn_revision_numbers_db [None req-4fd76493-d3e6-48bf-be69-a7591e9358ab - - - - - -] Successfully bumped revision number for resource c1990c8e-b4a7-462b-8daf-e480ea957480 (type: ports) to 2
2026-02-26 20:16:51.994 9 WARNING neutron.plugins.ml2.drivers.ovn.mech_driver.ovsdb.ovn_client [None req-f1686c4d-0e2c-46ea-a85f-56026a21d606 - - - - - -] No hosting information found for port 25e27969-733e-4a49-bf13-ebfd56fe0bcb: RuntimeError: No hosting information found for port 25e27969-733e-4a49-bf13-ebfd56fe0bcb
2026-02-26 20:16:51.994 9 INFO neutron.plugins.ml2.drivers.ovn.mech_driver.mech_driver [None req-f1686c4d-0e2c-46ea-a85f-56026a21d606 - - - - - -] OVN reports status up for port: baa4567f-8493-4f6a-b6f4-a44d5cd92169
2026-02-26 20:16:52.018 9 INFO neutron.plugins.ml2.plugin [None req-f1686c4d-0e2c-46ea-a85f-56026a21d606 - - - - - -] Attempt 1 to provision port baa4567f-8493-4f6a-b6f4-a44d5cd92169
2026-02-26 20:16:52.020 10 INFO neutron.wsgi [None req-0946a3b5-7b8d-4c8d-88b8-6de810214fee 6deeab7957f84f4f8a3b514d91e6999a 54fe932c157b4df58f3715f893df0ff6 - - default default] 10.0.0.10 "DELETE /v2.0/security-groups/cada2a98-9c96-4e93-8490-d41d4643493b HTTP/1.1" status: 204 len: 168 time: 0.2837524
2026-02-26 20:16:52.036 10 INFO neutron.wsgi [req-adce8f83-efab-4fa0-bc6b-106feb248016 req-99a75f6f-7081-4c47-96ba-c575767002b8 26721738254548cf906d337087aa1961 81cfce51e3c74c65971e1967a568f39b - - 5ba21f58809346e29f985113e0781a5e 5ba21f58809346e29f985113e0781a5e] 162.253.55.70 "GET /v2.0/networks/9fa9aece-8470-41ac-a96e-950fc11e53d3?fields=segments HTTP/1.1" status: 200 len: 212 time: 0.1026640
2026-02-26 20:16:52.127 10 INFO neutron.wsgi [req-adce8f83-efab-4fa0-bc6b-106feb248016 req-d2c3a095-c006-4d20-9bad-73217c0775f4 26721738254548cf906d337087aa1961 81cfce51e3c74c65971e1967a568f39b - - 5ba21f58809346e29f985113e0781a5e 5ba21f58809346e29f985113e0781a5e] 162.253.55.70 "GET /v2.0/networks/9fa9aece-8470-41ac-a96e-950fc11e53d3?fields=provider%3Aphysical_network&fields=provider%3Anetwork_type HTTP/1.1" status: 200 len: 277 time: 0.0796194
2026-02-26 20:16:52.144 10 INFO neutron.db.ovn_revision_numbers_db [None req-4fd76493-d3e6-48bf-be69-a7591e9358ab - - - - - -] Successfully bumped revision number for resource c1990c8e-b4a7-462b-8daf-e480ea957480 (type: router_ports) to 2
2026-02-26 20:16:52.174 9 INFO neutron.db.l3_db [None req-5ea2857d-3f50-40c7-8d15-3bf09ff8692a 91ec362f94c5407f9607a3a191be2c01 17c47d47a72444878a1d8876e237fa3f - - default default] Floating IP 1e008cd8-4b2e-40de-88b3-24aca4898c1b associated. External IP: 10.96.250.208, port: 8f876a88-3769-428b-be92-677e744c9303.
2026-02-26 20:16:52.178 9 INFO neutron.db.ovn_revision_numbers_db [None req-9ec6c2a8-3d83-4bcd-b48b-77ff2ecd82ca 04fca7df131c480894cc02bc63dbbf10 078fd1e279de46ab8e08d1a1537bb38e - - default default] Successfully bumped revision number for resource c1990c8e-b4a7-462b-8daf-e480ea957480 (type: router_ports) to 2
2026-02-26 20:16:52.180 9 INFO neutron.wsgi [None req-9ec6c2a8-3d83-4bcd-b48b-77ff2ecd82ca 04fca7df131c480894cc02bc63dbbf10 078fd1e279de46ab8e08d1a1537bb38e - - default default] 10.0.0.10 "PUT /v2.0/routers/dd8d17a9-6a12-47f2-896d-fccd505a6f0e/add_router_interface HTTP/1.1" status: 200 len: 503 time: 1.8947668
2026-02-26 20:16:52.224 10 INFO neutron.wsgi [None req-fb7e4440-fc6a-4156-bf45-4223ff17a0cc 04fca7df131c480894cc02bc63dbbf10 078fd1e279de46ab8e08d1a1537bb38e - - default default] 10.0.0.10 "GET /v2.0/ports/c1990c8e-b4a7-462b-8daf-e480ea957480 HTTP/1.1" status: 200 len: 1137 time: 0.0398581
2026-02-26 20:16:52.230 9 INFO neutron.notifiers.nova [-] Nova event matching ['req-fe5c1977-601c-4db5-ace8-8a3000106976'] response: {'server_uuid': '14358c58-356d-4e33-aec4-e5395f7baac8', 'name': 'network-vif-plugged', 'status': 'completed', 'tag': 'baa4567f-8493-4f6a-b6f4-a44d5cd92169', 'code': 200}
2026-02-26 20:16:52.609 9 INFO neutron.wsgi [req-9652eafa-c00e-46d5-b079-2e53960f7cd9 req-82e4ba3a-4bf9-4b8c-b8c1-7b103da5f2b0 398e94f3335f4c269db13367b6b52d92 b90016eab16c4f20b906847529e68073 - - default default] 10.0.0.246 "GET /v2.0/ports?device_id=14358c58-356d-4e33-aec4-e5395f7baac8 HTTP/1.1" status: 200 len: 1208 time: 0.4095519
2026-02-26 20:16:52.709 9 INFO neutron.wsgi [req-9652eafa-c00e-46d5-b079-2e53960f7cd9 req-07857446-7a35-4fbc-a796-b4beede9f010 398e94f3335f4c269db13367b6b52d92 b90016eab16c4f20b906847529e68073 - - default default] 10.0.0.246 "GET /v2.0/security-groups?id=bc839e04-5a68-4021-9c79-1e645cea9b2e&id=f7a31f64-80c4-4dae-a36e-f1e75ebfc31e&fields=id&fields=name HTTP/1.1" status: 200 len: 405 time: 0.0905402
2026-02-26 20:16:52.741 9 INFO neutron.db.ovn_revision_numbers_db [None req-5ea2857d-3f50-40c7-8d15-3bf09ff8692a 91ec362f94c5407f9607a3a191be2c01 17c47d47a72444878a1d8876e237fa3f - - default default] Successfully bumped revision number for resource 1e008cd8-4b2e-40de-88b3-24aca4898c1b (type: floatingips) to 0
2026-02-26 20:16:52.799 9 INFO neutron.db.ovn_revision_numbers_db [None req-f1686c4d-0e2c-46ea-a85f-56026a21d606 - - - - - -] Successfully bumped revision number for resource baa4567f-8493-4f6a-b6f4-a44d5cd92169 (type: ports) to 4 /var/lib/openstack/lib/python3.10/site-packages/pycadf/identifier.py:71: UserWarning: Invalid uuid: neutron. To ensure interoperability, identifiers should be a valid uuid. warnings.warn(('Invalid uuid: %s. To ensure interoperability, '
2026-02-26 20:16:52.885 9 INFO neutron.db.ovn_revision_numbers_db [None req-5ea2857d-3f50-40c7-8d15-3bf09ff8692a 91ec362f94c5407f9607a3a191be2c01 17c47d47a72444878a1d8876e237fa3f - - default default] Successfully bumped revision number for resource 1e008cd8-4b2e-40de-88b3-24aca4898c1b (type: floatingips) to 1
2026-02-26 20:16:52.922 9 INFO neutron.wsgi [None req-5ea2857d-3f50-40c7-8d15-3bf09ff8692a 91ec362f94c5407f9607a3a191be2c01 17c47d47a72444878a1d8876e237fa3f - - default default] 10.0.0.10 "POST /v2.0/floatingips HTTP/1.1" status: 201 len: 1054 time: 1.6506081
2026-02-26 20:16:52.980 10 INFO neutron.wsgi [None req-da0a4adc-cf03-43dc-ba74-f41f130b7a4d 91ec362f94c5407f9607a3a191be2c01 17c47d47a72444878a1d8876e237fa3f - - default default] 10.0.0.10 "GET /v2.0/floatingips/1e008cd8-4b2e-40de-88b3-24aca4898c1b HTTP/1.1" status: 200 len: 1051 time: 0.0513170
2026-02-26 20:16:52.993 9 INFO neutron.db.ovn_revision_numbers_db [None req-eecd0b2f-c7cd-464e-a167-417a51ec33b3 e3c0bfc700924ce084421af3fee0b456 7bb10ce3ad284bc88eb9ea9068dbeb21 - - default default] Successfully bumped revision number for resource e364f14b-66d4-43df-a978-fcf7dafaee7e (type: security_groups) to 1
2026-02-26 20:16:52.993 10 WARNING neutron.scheduler.dhcp_agent_scheduler [None req-1bd4a447-ff0b-41ff-a02d-4e4614e66f6a 04fca7df131c480894cc02bc63dbbf10 078fd1e279de46ab8e08d1a1537bb38e - - default default] No more DHCP agents
2026-02-26 20:16:52.995 10 WARNING neutron.api.rpc.agentnotifiers.dhcp_rpc_agent_api [None req-1bd4a447-ff0b-41ff-a02d-4e4614e66f6a 04fca7df131c480894cc02bc63dbbf10 078fd1e279de46ab8e08d1a1537bb38e - - default default] Unable to schedule network 11e193ec-a9b9-4a0d-9ecc-60241f9aae4a: no agents available; will retry on subsequent port and subnet creation events.
2026-02-26 20:16:53.008 9 INFO neutron.db.ovn_revision_numbers_db [None req-eecd0b2f-c7cd-464e-a167-417a51ec33b3 e3c0bfc700924ce084421af3fee0b456 7bb10ce3ad284bc88eb9ea9068dbeb21 - - default default] Successfully bumped revision number for resource 123d3359-caab-46f0-af2b-121e8b9e4103 (type: security_group_rules) to 0
2026-02-26 20:16:53.021 9 INFO neutron.db.ovn_revision_numbers_db [None req-eecd0b2f-c7cd-464e-a167-417a51ec33b3 e3c0bfc700924ce084421af3fee0b456 7bb10ce3ad284bc88eb9ea9068dbeb21 - - default default] Successfully bumped revision number for resource 1c28d377-75f8-499d-8a09-07e807aa22b8 (type: security_group_rules) to 0
2026-02-26 20:16:53.037 9 INFO neutron.db.ovn_revision_numbers_db [None req-eecd0b2f-c7cd-464e-a167-417a51ec33b3 e3c0bfc700924ce084421af3fee0b456 7bb10ce3ad284bc88eb9ea9068dbeb21 - - default default] Successfully bumped revision number for resource 4591e4e6-7e1d-4097-bb67-78b141f641c7 (type: security_group_rules) to 0
2026-02-26 20:16:53.050 9 INFO neutron.db.ovn_revision_numbers_db [None req-eecd0b2f-c7cd-464e-a167-417a51ec33b3 e3c0bfc700924ce084421af3fee0b456 7bb10ce3ad284bc88eb9ea9068dbeb21 - - default default] Successfully bumped revision number for resource 5450154c-854d-4c9c-9964-19ae08993c36 (type: security_group_rules) to 0
2026-02-26 20:16:53.071 9 INFO neutron.wsgi [None req-eecd0b2f-c7cd-464e-a167-417a51ec33b3 e3c0bfc700924ce084421af3fee0b456 7bb10ce3ad284bc88eb9ea9068dbeb21 - - default default] 10.0.0.10 "GET /v2.0/security-groups?tenant_id=a557243f44cd4b659bb6779a0eec076d&name=default HTTP/1.1" status: 200 len: 2996 time: 0.3023899
