2026-02-26 20:15:31.753 9 INFO neutron.db.l3_db [req-8f93403e-45bf-48d5-b0e8-6facae3af2f4 req-11e13521-2de3-463a-851c-92ecbcab09f4 ace7e3054e914fc6a14be482bac4c905 e3150c3f91ae4ad49d449d19f77d124b - - default default] Floating IP 8bb77686-b9c5-4385-9d2e-e743b4a9c81e disassociated. External IP: 10.96.250.213, port: 071a292d-d18e-4914-b17c-1f0a2ffc5935.
2026-02-26 20:15:31.803 10 INFO neutron.wsgi [None req-7bf1ad06-a365-4ce9-a455-6f7d6b0eebbb b480798779ab452d985d191f84aa0693 71782ad280384455a954a96ddd3e0266 - - default default] 10.0.0.10 "DELETE /v2.0/ports/645146ba-2a68-4a47-ac4e-efbaea564682 HTTP/1.1" status: 204 len: 168 time: 0.5848749 /var/lib/openstack/lib/python3.10/site-packages/pycadf/identifier.py:71: UserWarning: Invalid uuid: neutron. To ensure interoperability, identifiers should be a valid uuid. warnings.warn(('Invalid uuid: %s. To ensure interoperability, '
2026-02-26 20:15:31.849 10 WARNING neutron.scheduler.dhcp_agent_scheduler [req-a4b600a2-ee21-4b71-9024-665500d066b3 req-998f823f-42f7-494d-a6ca-6c313402c6ae 3339e34486a8417688558ca1f081545d 15a1019455c544c8a39984a4db759108 - - default default] No more DHCP agents
2026-02-26 20:15:31.858 10 WARNING neutron.api.rpc.agentnotifiers.dhcp_rpc_agent_api [req-a4b600a2-ee21-4b71-9024-665500d066b3 req-998f823f-42f7-494d-a6ca-6c313402c6ae 3339e34486a8417688558ca1f081545d 15a1019455c544c8a39984a4db759108 - - default default] Unable to schedule network 3c74b415-39ee-4f5d-b325-24f8a0fa0bd5: no agents available; will retry on subsequent port and subnet creation events.
2026-02-26 20:15:31.900 9 INFO neutron.wsgi [None req-1eb646e2-c31f-479f-ba0c-d345bd228c1c b480798779ab452d985d191f84aa0693 71782ad280384455a954a96ddd3e0266 - - default default] 10.0.0.10 "GET /v2.0/ports?device_id=2fe70a10-439b-43bd-9252-b8afec165490 HTTP/1.1" status: 200 len: 1140 time: 0.0923202 /var/lib/openstack/lib/python3.10/site-packages/pycadf/identifier.py:71: UserWarning: Invalid uuid: neutron. To ensure interoperability, identifiers should be a valid uuid. warnings.warn(('Invalid uuid: %s. To ensure interoperability, '
2026-02-26 20:15:31.956 9 INFO neutron.wsgi [req-8f93403e-45bf-48d5-b0e8-6facae3af2f4 req-11e13521-2de3-463a-851c-92ecbcab09f4 ace7e3054e914fc6a14be482bac4c905 e3150c3f91ae4ad49d449d19f77d124b - - default default] 162.253.55.70 "DELETE /v2.0/ports/071a292d-d18e-4914-b17c-1f0a2ffc5935 HTTP/1.1" status: 204 len: 173 time: 0.4765415
2026-02-26 20:15:32.099 10 INFO neutron.db.ovn_revision_numbers_db [req-a4b600a2-ee21-4b71-9024-665500d066b3 req-998f823f-42f7-494d-a6ca-6c313402c6ae 3339e34486a8417688558ca1f081545d 15a1019455c544c8a39984a4db759108 - - default default] Successfully bumped revision number for resource de974dd5-1c39-4de7-9bc8-11fb942be8ef (type: ports) to 1
2026-02-26 20:15:32.128 10 INFO neutron.wsgi [req-a4b600a2-ee21-4b71-9024-665500d066b3 req-998f823f-42f7-494d-a6ca-6c313402c6ae 3339e34486a8417688558ca1f081545d 15a1019455c544c8a39984a4db759108 - - default default] 162.253.55.70 "POST /v2.0/ports HTTP/1.1" status: 201 len: 1162 time: 0.7978535
2026-02-26 20:15:32.469 9 INFO neutron.wsgi [req-5b96adf6-9fda-4999-9484-db49c4b1d310 req-4b7c910c-8d94-4412-9119-8ff5230c8c2f 3339e34486a8417688558ca1f081545d 15a1019455c544c8a39984a4db759108 - - default default] 10.0.0.246 "GET /v2.0/ports?device_id=b7b60ea0-66e9-4063-8e50-0b30cd230782 HTTP/1.1" status: 200 len: 1160 time: 0.0364037
2026-02-26 20:15:32.514 9 INFO neutron.wsgi [req-5b96adf6-9fda-4999-9484-db49c4b1d310 req-6e158e4f-ba66-49e2-8488-7cf49a64cc4d 3339e34486a8417688558ca1f081545d 15a1019455c544c8a39984a4db759108 - - default default] 10.0.0.246 "GET /v2.0/security-groups?id=57a32219-ceee-4456-bad1-909ec756c101&fields=id&fields=name HTTP/1.1" status: 200 len: 313 time: 0.0375640
2026-02-26 20:15:32.646 10 INFO neutron.wsgi [req-aab3096d-6352-4885-b241-305747cd75b4 req-0a98cd3f-156f-4b0c-a836-9b128f82a5b8 ace7e3054e914fc6a14be482bac4c905 e3150c3f91ae4ad49d449d19f77d124b - - default default] 10.0.0.246 "GET /v2.0/ports?device_id=3a68a579-ad2b-4384-971d-f8ef9db74b3b HTTP/1.1" status: 200 len: 210 time: 0.0437381
2026-02-26 20:15:33.060 10 INFO neutron.db.ovn_revision_numbers_db [req-a4b600a2-ee21-4b71-9024-665500d066b3 req-e4e6d10c-6321-48bb-ab21-5289e6f94c4e 26721738254548cf906d337087aa1961 81cfce51e3c74c65971e1967a568f39b - - 5ba21f58809346e29f985113e0781a5e 5ba21f58809346e29f985113e0781a5e] Successfully bumped revision number for resource de974dd5-1c39-4de7-9bc8-11fb942be8ef (type: ports) to 2
2026-02-26 20:15:33.334 9 INFO neutron.notifiers.nova [-] Nova event matching ['req-f0549d04-8e53-485e-9ed1-79294abb8b04'] response: {'server_uuid': '3a68a579-ad2b-4384-971d-f8ef9db74b3b', 'name': 'network-vif-plugged', 'status': 'completed', 'tag': '071a292d-d18e-4914-b17c-1f0a2ffc5935', 'code': 200}
2026-02-26 20:15:33.334 9 INFO neutron.notifiers.nova [-] Nova event matching ['req-f0549d04-8e53-485e-9ed1-79294abb8b04'] response: {'server_uuid': '3a68a579-ad2b-4384-971d-f8ef9db74b3b', 'name': 'network-vif-deleted', 'tag': '071a292d-d18e-4914-b17c-1f0a2ffc5935', 'status': 'completed', 'code': 200}
2026-02-26 20:15:33.371 10 INFO neutron.wsgi [None req-ec4692d7-b9dc-408d-b17a-69df824d36f5 b480798779ab452d985d191f84aa0693 71782ad280384455a954a96ddd3e0266 - - default default] 10.0.0.10 "PUT /v2.0/routers/2fe70a10-439b-43bd-9252-b8afec165490/remove_router_interface HTTP/1.1" status: 200 len: 503 time: 1.4633365
2026-02-26 20:15:33.380 10 INFO neutron.db.ovn_revision_numbers_db [req-a4b600a2-ee21-4b71-9024-665500d066b3 req-e4e6d10c-6321-48bb-ab21-5289e6f94c4e 26721738254548cf906d337087aa1961 81cfce51e3c74c65971e1967a568f39b - - 5ba21f58809346e29f985113e0781a5e 5ba21f58809346e29f985113e0781a5e] Successfully bumped revision number for resource de974dd5-1c39-4de7-9bc8-11fb942be8ef (type: ports) to 2
2026-02-26 20:15:33.398 10 INFO neutron.wsgi [req-a4b600a2-ee21-4b71-9024-665500d066b3 req-e4e6d10c-6321-48bb-ab21-5289e6f94c4e 26721738254548cf906d337087aa1961 81cfce51e3c74c65971e1967a568f39b - - 5ba21f58809346e29f985113e0781a5e 5ba21f58809346e29f985113e0781a5e] 162.253.55.70 "PUT /v2.0/ports/de974dd5-1c39-4de7-9bc8-11fb942be8ef HTTP/1.1" status: 200 len: 1380 time: 1.2612803
2026-02-26 20:15:33.443 10 INFO neutron.notifiers.nova [-] Nova event matching ['req-81ffd315-853e-47f9-a822-612817331fa5'] response: {'name': 'network-changed', 'server_uuid': 'b7b60ea0-66e9-4063-8e50-0b30cd230782', 'tag': 'de974dd5-1c39-4de7-9bc8-11fb942be8ef', 'status': 'completed', 'code': 200} /var/lib/openstack/lib/python3.10/site-packages/pycadf/identifier.py:71: UserWarning: Invalid uuid: neutron. To ensure interoperability, identifiers should be a valid uuid. warnings.warn(('Invalid uuid: %s. To ensure interoperability, '
2026-02-26 20:15:33.473 10 INFO neutron.wsgi [req-a4b600a2-ee21-4b71-9024-665500d066b3 req-ef5f12b9-b6af-48cb-a757-8b293b0a6aec 26721738254548cf906d337087aa1961 81cfce51e3c74c65971e1967a568f39b - - 5ba21f58809346e29f985113e0781a5e 5ba21f58809346e29f985113e0781a5e] 162.253.55.70 "GET /v2.0/ports?tenant_id=15a1019455c544c8a39984a4db759108&device_id=b7b60ea0-66e9-4063-8e50-0b30cd230782 HTTP/1.1" status: 200 len: 1411 time: 0.0339894
2026-02-26 20:15:33.505 10 INFO neutron.wsgi [req-a4b600a2-ee21-4b71-9024-665500d066b3 req-48102171-a29a-4a6a-b180-3652f0b6907c 26721738254548cf906d337087aa1961 81cfce51e3c74c65971e1967a568f39b - - 5ba21f58809346e29f985113e0781a5e 5ba21f58809346e29f985113e0781a5e] 162.253.55.70 "GET /v2.0/floatingips?fixed_ip_address=10.100.0.14&port_id=de974dd5-1c39-4de7-9bc8-11fb942be8ef HTTP/1.1" status: 200 len: 217 time: 0.0227339
2026-02-26 20:15:33.568 10 INFO neutron.wsgi [req-a4b600a2-ee21-4b71-9024-665500d066b3 req-08be1102-b081-4235-ba71-d6c517f9b34c 26721738254548cf906d337087aa1961 81cfce51e3c74c65971e1967a568f39b - - 5ba21f58809346e29f985113e0781a5e 5ba21f58809346e29f985113e0781a5e] 162.253.55.70 "GET /v2.0/subnets?id=495173d4-725e-4563-bcab-3e279d44403c HTTP/1.1" status: 200 len: 868 time: 0.0559833
2026-02-26 20:15:33.594 10 INFO neutron.wsgi [req-a4b600a2-ee21-4b71-9024-665500d066b3 req-796b0f8d-6d2f-44e1-90bc-fdc8c042bcc1 26721738254548cf906d337087aa1961 81cfce51e3c74c65971e1967a568f39b - - 5ba21f58809346e29f985113e0781a5e 5ba21f58809346e29f985113e0781a5e] 162.253.55.70 "GET /v2.0/ports?network_id=3c74b415-39ee-4f5d-b325-24f8a0fa0bd5&device_owner=network%3Adhcp HTTP/1.1" status: 200 len: 210 time: 0.0191061
2026-02-26 20:15:33.644 9 INFO neutron.wsgi [req-da406db7-29e0-4b7d-94b4-deab5757587a req-23d6e403-cbc7-4919-b163-3f0eda5d0750 3339e34486a8417688558ca1f081545d 15a1019455c544c8a39984a4db759108 - - default default] 10.0.0.246 "GET /v2.0/ports?device_id=b7b60ea0-66e9-4063-8e50-0b30cd230782 HTTP/1.1" status: 200 len: 1172 time: 0.0549369
2026-02-26 20:15:33.659 10 INFO neutron.wsgi [req-a4b600a2-ee21-4b71-9024-665500d066b3 req-10c74b54-3266-420d-a2a7-68ba9967e14a 26721738254548cf906d337087aa1961 81cfce51e3c74c65971e1967a568f39b - - 5ba21f58809346e29f985113e0781a5e 5ba21f58809346e29f985113e0781a5e] 162.253.55.70 "GET /v2.0/networks/3c74b415-39ee-4f5d-b325-24f8a0fa0bd5?fields=segments HTTP/1.1" status: 200 len: 212 time: 0.0598028
2026-02-26 20:15:33.691 9 INFO neutron.wsgi [req-da406db7-29e0-4b7d-94b4-deab5757587a req-536c0cff-6886-45f9-ba6c-6bb4b8850400 3339e34486a8417688558ca1f081545d 15a1019455c544c8a39984a4db759108 - - default default] 10.0.0.246 "GET /v2.0/security-groups?id=57a32219-ceee-4456-bad1-909ec756c101&fields=id&fields=name HTTP/1.1" status: 200 len: 313 time: 0.0399075
2026-02-26 20:15:33.731 10 INFO neutron.wsgi [req-a4b600a2-ee21-4b71-9024-665500d066b3 req-5f1d1c49-3cce-48c0-af2f-3bab334be54f 26721738254548cf906d337087aa1961 81cfce51e3c74c65971e1967a568f39b - - 5ba21f58809346e29f985113e0781a5e 5ba21f58809346e29f985113e0781a5e] 162.253.55.70 "GET /v2.0/networks/3c74b415-39ee-4f5d-b325-24f8a0fa0bd5?fields=provider%3Aphysical_network&fields=provider%3Anetwork_type HTTP/1.1" status: 200 len: 277 time: 0.0667746
2026-02-26 20:15:33.821 10 INFO neutron.wsgi [req-c461b1a7-47bf-47aa-980f-b5afbac72e5b req-b74883e4-417a-46f0-b695-9ad3903d57eb 26721738254548cf906d337087aa1961 81cfce51e3c74c65971e1967a568f39b - - 5ba21f58809346e29f985113e0781a5e 5ba21f58809346e29f985113e0781a5e] 162.253.55.70 "GET /v2.0/ports?tenant_id=15a1019455c544c8a39984a4db759108&device_id=b7b60ea0-66e9-4063-8e50-0b30cd230782 HTTP/1.1" status: 200 len: 1411 time: 0.0384307
2026-02-26 20:15:33.899 10 INFO neutron.wsgi [req-c461b1a7-47bf-47aa-980f-b5afbac72e5b req-dafddedd-246d-4bc4-9e10-bd4363efdf44 26721738254548cf906d337087aa1961 81cfce51e3c74c65971e1967a568f39b - - 5ba21f58809346e29f985113e0781a5e 5ba21f58809346e29f985113e0781a5e] 162.253.55.70 "GET /v2.0/networks?id=3c74b415-39ee-4f5d-b325-24f8a0fa0bd5 HTTP/1.1" status: 200 len: 973 time: 0.0733435
2026-02-26 20:15:33.931 10 INFO neutron.wsgi [req-c461b1a7-47bf-47aa-980f-b5afbac72e5b req-a3a9058f-edb7-48ff-ad96-b5054e90dd99 26721738254548cf906d337087aa1961 81cfce51e3c74c65971e1967a568f39b - - 5ba21f58809346e29f985113e0781a5e 5ba21f58809346e29f985113e0781a5e] 162.253.55.70 "GET /v2.0/floatingips?fixed_ip_address=10.100.0.14&port_id=de974dd5-1c39-4de7-9bc8-11fb942be8ef HTTP/1.1" status: 200 len: 217 time: 0.0251842
2026-02-26 20:15:33.951 9 INFO neutron.plugins.ml2.drivers.ovn.mech_driver.mech_driver [None req-f1686c4d-0e2c-46ea-a85f-56026a21d606 - - - - - -] OVN reports status up for port: de974dd5-1c39-4de7-9bc8-11fb942be8ef
2026-02-26 20:15:33.984 9 INFO neutron.plugins.ml2.plugin [None req-f1686c4d-0e2c-46ea-a85f-56026a21d606 - - - - - -] Attempt 1 to provision port de974dd5-1c39-4de7-9bc8-11fb942be8ef
2026-02-26 20:15:33.987 10 INFO neutron.wsgi [req-c461b1a7-47bf-47aa-980f-b5afbac72e5b req-c7c0c641-afc6-45be-96c5-3d8507f2eb9a 26721738254548cf906d337087aa1961 81cfce51e3c74c65971e1967a568f39b - - 5ba21f58809346e29f985113e0781a5e 5ba21f58809346e29f985113e0781a5e] 162.253.55.70 "GET /v2.0/subnets?id=495173d4-725e-4563-bcab-3e279d44403c HTTP/1.1" status: 200 len: 868 time: 0.0468638
2026-02-26 20:15:33.990 9 INFO neutron.wsgi [None req-977a66eb-87b8-4f10-bc01-44d9006a3771 ace7e3054e914fc6a14be482bac4c905 e3150c3f91ae4ad49d449d19f77d124b - - default default] 10.0.0.10 "DELETE /v2.0/security-groups/90a72222-6a58-4668-a57e-bf32c0f62145 HTTP/1.1" status: 204 len: 168 time: 0.2499373
2026-02-26 20:15:34.016 9 INFO neutron.api.v2.resource [None req-eab66d13-a5e1-43d4-911b-2a1439bf0c88 ace7e3054e914fc6a14be482bac4c905 e3150c3f91ae4ad49d449d19f77d124b - - default default] show failed (client error): The resource could not be found.
2026-02-26 20:15:34.017 9 INFO neutron.wsgi [None req-eab66d13-a5e1-43d4-911b-2a1439bf0c88 ace7e3054e914fc6a14be482bac4c905 e3150c3f91ae4ad49d449d19f77d124b - - default default] 10.0.0.10 "GET /v2.0/security-groups/90a72222-6a58-4668-a57e-bf32c0f62145 HTTP/1.1" status: 404 len: 347 time: 0.0159380
2026-02-26 20:15:34.029 10 INFO neutron.wsgi [req-c461b1a7-47bf-47aa-980f-b5afbac72e5b req-fcd58d94-913e-4d65-9ee7-ece4a68d3b75 26721738254548cf906d337087aa1961 81cfce51e3c74c65971e1967a568f39b - - 5ba21f58809346e29f985113e0781a5e 5ba21f58809346e29f985113e0781a5e] 162.253.55.70 "GET /v2.0/ports?network_id=3c74b415-39ee-4f5d-b325-24f8a0fa0bd5&device_owner=network%3Adhcp HTTP/1.1" status: 200 len: 210 time: 0.0365858
2026-02-26 20:15:34.114 10 INFO neutron.wsgi [req-c461b1a7-47bf-47aa-980f-b5afbac72e5b req-42f72c78-0530-492f-8c59-6fd251549bb9 26721738254548cf906d337087aa1961 81cfce51e3c74c65971e1967a568f39b - - 5ba21f58809346e29f985113e0781a5e 5ba21f58809346e29f985113e0781a5e] 162.253.55.70 "GET /v2.0/networks/3c74b415-39ee-4f5d-b325-24f8a0fa0bd5?fields=segments HTTP/1.1" status: 200 len: 212 time: 0.0796878
2026-02-26 20:15:34.205 10 INFO neutron.wsgi [req-c461b1a7-47bf-47aa-980f-b5afbac72e5b req-f5e249c8-003d-4ffd-91f2-d1e5e988d331 26721738254548cf906d337087aa1961 81cfce51e3c74c65971e1967a568f39b - - 5ba21f58809346e29f985113e0781a5e 5ba21f58809346e29f985113e0781a5e] 162.253.55.70 "GET /v2.0/networks/3c74b415-39ee-4f5d-b325-24f8a0fa0bd5?fields=provider%3Aphysical_network&fields=provider%3Anetwork_type HTTP/1.1" status: 200 len: 277 time: 0.0829246
2026-02-26 20:15:34.273 9 INFO neutron.wsgi [None req-27ed8a68-d3f1-4e9a-af4d-80878f8ce837 b480798779ab452d985d191f84aa0693 71782ad280384455a954a96ddd3e0266 - - default default] 10.0.0.10 "DELETE /v2.0/routers/2fe70a10-439b-43bd-9252-b8afec165490 HTTP/1.1" status: 204 len: 168 time: 0.8983572
2026-02-26 20:15:34.436 9 INFO neutron.db.ovn_revision_numbers_db [None req-f1686c4d-0e2c-46ea-a85f-56026a21d606 - - - - - -] Successfully bumped revision number for resource de974dd5-1c39-4de7-9bc8-11fb942be8ef (type: ports) to 4
2026-02-26 20:15:34.459 10 INFO neutron.wsgi [None req-7ae99387-e44d-4263-ba4d-a6e57fc9a7ca b480798779ab452d985d191f84aa0693 71782ad280384455a954a96ddd3e0266 - - default default] 10.0.0.10 "DELETE /v2.0/subnets/de6be102-7a32-45fe-ac5b-4c43198c332b HTTP/1.1" status: 204 len: 168 time: 0.1781249
2026-02-26 20:15:34.496 9 INFO neutron.wsgi [None req-b8dacc32-b542-4c86-bb5a-dab2504ec783 ace7e3054e914fc6a14be482bac4c905 e3150c3f91ae4ad49d449d19f77d124b - - default default] 10.0.0.10 "DELETE /v2.0/floatingips/8bb77686-b9c5-4385-9d2e-e743b4a9c81e HTTP/1.1" status: 204 len: 168 time: 0.4729908 /var/lib/openstack/lib/python3.10/site-packages/pycadf/identifier.py:71: UserWarning: Invalid uuid: neutron. To ensure interoperability, identifiers should be a valid uuid. warnings.warn(('Invalid uuid: %s. To ensure interoperability, '
2026-02-26 20:15:34.565 9 INFO neutron.wsgi [-] 10.0.0.13 "GET / HTTP/1.1" status: 200 len: 247 time: 0.0016131
2026-02-26 20:15:34.567 9 INFO neutron.wsgi [-] 10.0.0.13 "GET / HTTP/1.1" status: 200 len: 247 time: 0.0011024
2026-02-26 20:15:34.810 9 INFO neutron.wsgi [req-af69ab2e-6f85-48a1-b242-90ba9088a173 req-8472adf8-a913-45b3-88dd-f13a28f41797 3339e34486a8417688558ca1f081545d 15a1019455c544c8a39984a4db759108 - - default default] 10.0.0.246 "GET /v2.0/ports?device_id=b7b60ea0-66e9-4063-8e50-0b30cd230782 HTTP/1.1" status: 200 len: 1174 time: 0.0531945
2026-02-26 20:15:34.820 10 INFO neutron.services.segments.plugin [-] Segment 21463000-e254-4673-a992-775c451bde5e resource provider aggregate not found
2026-02-26 20:15:34.825 10 INFO neutron.services.segments.plugin [-] Segment 21463000-e254-4673-a992-775c451bde5e resource provider aggregate not found
2026-02-26 20:15:34.844 10 INFO neutron.services.segments.plugin [-] Segment 21463000-e254-4673-a992-775c451bde5e resource provider not found; error: Placement Client Error (4xx): {"errors": [{"status": 404, "title": "Not Found", "detail": "The resource could not be found.\n\n No resource provider with uuid 21463000-e254-4673-a992-775c451bde5e found for delete ", "request_id": "req-1be74191-74a6-4eba-8d1a-e6a64f8c6248"}]}
2026-02-26 20:15:34.845 10 INFO neutron.services.segments.plugin [-] Segment 21463000-e254-4673-a992-775c451bde5e resource provider not found; error: Placement Client Error (4xx): {"errors": [{"status": 404, "title": "Not Found", "detail": "The resource could not be found.\n\n No resource provider with uuid 21463000-e254-4673-a992-775c451bde5e found for delete ", "request_id": "req-7698770e-e745-45c4-b307-cb6731d7bb35"}]}
2026-02-26 20:15:34.857 10 INFO neutron.wsgi [None req-436fa8fa-cc20-4061-9dce-e1d55528637d b480798779ab452d985d191f84aa0693 71782ad280384455a954a96ddd3e0266 - - default default] 10.0.0.10 "DELETE /v2.0/networks/c2ce2b52-c69e-4631-8eee-220824302d6f HTTP/1.1" status: 204 len: 168 time: 0.3923798
2026-02-26 20:15:34.877 9 INFO neutron.wsgi [req-af69ab2e-6f85-48a1-b242-90ba9088a173 req-08badbc7-a006-4cfd-a784-5e14c9209eda 3339e34486a8417688558ca1f081545d 15a1019455c544c8a39984a4db759108 - - default default] 10.0.0.246 "GET /v2.0/security-groups?id=57a32219-ceee-4456-bad1-909ec756c101&fields=id&fields=name HTTP/1.1" status: 200 len: 313 time: 0.0572028
2026-02-26 20:15:35.283 10 INFO neutron.db.ovn_revision_numbers_db [None req-143f0fdf-8e46-463f-9c1a-c960369be5c8 e3c0bfc700924ce084421af3fee0b456 7bb10ce3ad284bc88eb9ea9068dbeb21 - - default default] Successfully bumped revision number for resource 7ef5e7e8-59b4-4795-8f12-b72fc5f9f880 (type: security_groups) to 1
2026-02-26 20:15:35.299 10 INFO neutron.db.ovn_revision_numbers_db [None req-143f0fdf-8e46-463f-9c1a-c960369be5c8 e3c0bfc700924ce084421af3fee0b456 7bb10ce3ad284bc88eb9ea9068dbeb21 - - default default] Successfully bumped revision number for resource 2823b649-5f92-4cde-a998-4da90aaf1d5b (type: security_group_rules) to 0
2026-02-26 20:15:35.313 10 INFO neutron.db.ovn_revision_numbers_db [None req-143f0fdf-8e46-463f-9c1a-c960369be5c8 e3c0bfc700924ce084421af3fee0b456 7bb10ce3ad284bc88eb9ea9068dbeb21 - - default default] Successfully bumped revision number for resource 43744a59-879e-4cd0-99f3-58a6c2da38a6 (type: security_group_rules) to 0
2026-02-26 20:15:35.328 10 INFO neutron.db.ovn_revision_numbers_db [None req-143f0fdf-8e46-463f-9c1a-c960369be5c8 e3c0bfc700924ce084421af3fee0b456 7bb10ce3ad284bc88eb9ea9068dbeb21 - - default default] Successfully bumped revision number for resource 47776a4c-c01e-49ef-991f-d8038b3a240d (type: security_group_rules) to 0
2026-02-26 20:15:35.343 10 INFO neutron.db.ovn_revision_numbers_db [None req-143f0fdf-8e46-463f-9c1a-c960369be5c8 e3c0bfc700924ce084421af3fee0b456 7bb10ce3ad284bc88eb9ea9068dbeb21 - - default default] Successfully bumped revision number for resource 6037ac64-ea24-4908-a1b5-ac873c7f2f5e (type: security_group_rules) to 0
2026-02-26 20:15:35.365 10 INFO neutron.wsgi [None req-143f0fdf-8e46-463f-9c1a-c960369be5c8 e3c0bfc700924ce084421af3fee0b456 7bb10ce3ad284bc88eb9ea9068dbeb21 - - default default] 10.0.0.10 "GET /v2.0/security-groups?tenant_id=6033b9dadfbc4de08c8e4effc80cc15e&name=default HTTP/1.1" status: 200 len: 2996 time: 0.4376466
2026-02-26 20:15:35.450 9 INFO neutron.notifiers.nova [-] Nova event matching ['req-965639d7-e2fb-4d0b-8592-318f3070aae9'] response: {'server_uuid': 'b7b60ea0-66e9-4063-8e50-0b30cd230782', 'name': 'network-vif-plugged', 'status': 'completed', 'tag': 'de974dd5-1c39-4de7-9bc8-11fb942be8ef', 'code': 200}
2026-02-26 20:15:35.450 9 INFO neutron.notifiers.nova [-] Nova event matching ['req-965639d7-e2fb-4d0b-8592-318f3070aae9'] response: {'server_uuid': 'b7b60ea0-66e9-4063-8e50-0b30cd230782', 'name': 'network-vif-plugged', 'status': 'completed', 'tag': 'de974dd5-1c39-4de7-9bc8-11fb942be8ef', 'code': 200}
2026-02-26 20:15:35.573 10 INFO neutron.wsgi [None req-8967f161-c636-4464-92c9-beef417535cb e3c0bfc700924ce084421af3fee0b456 7bb10ce3ad284bc88eb9ea9068dbeb21 - - default default] 10.0.0.10 "DELETE /v2.0/security-groups/7ef5e7e8-59b4-4795-8f12-b72fc5f9f880 HTTP/1.1" status: 204 len: 168 time: 0.2036800
2026-02-26 20:15:35.631 10 INFO neutron.wsgi [None req-e2e79791-c97a-473b-ae40-2fe5c65f7f72 e3c0bfc700924ce084421af3fee0b456 7bb10ce3ad284bc88eb9ea9068dbeb21 - - default default] 10.0.0.10 "GET /v2.0/security-groups?tenant_id=71782ad280384455a954a96ddd3e0266&name=default HTTP/1.1" status: 200 len: 2996 time: 0.2270327
2026-02-26 20:15:35.842 9 INFO neutron.wsgi [None req-c8bbd3a4-9196-4517-ab5e-e37262e31e51 e3c0bfc700924ce084421af3fee0b456 7bb10ce3ad284bc88eb9ea9068dbeb21 - - default default] 10.0.0.10 "PUT /v2.0/routers/11ce757b-6422-4528-bee0-832ca911c2de/remove_router_interface HTTP/1.1" status: 200 len: 503 time: 1.3397684
2026-02-26 20:15:35.843 10 INFO neutron.db.ovn_revision_numbers_db [None req-eaf7bb96-8850-4dc6-afa0-94bd37f24e69 e3c0bfc700924ce084421af3fee0b456 7bb10ce3ad284bc88eb9ea9068dbeb21 - - default default] Successfully bumped revision number for resource dab1126a-a2ab-4fb0-a434-689af9322d1d (type: security_groups) to 1 /var/lib/openstack/lib/python3.10/site-packages/pycadf/identifier.py:71: UserWarning: Invalid uuid: neutron. To ensure interoperability, identifiers should be a valid uuid. warnings.warn(('Invalid uuid: %s. To ensure interoperability, '
2026-02-26 20:15:35.864 10 INFO neutron.db.ovn_revision_numbers_db [None req-eaf7bb96-8850-4dc6-afa0-94bd37f24e69 e3c0bfc700924ce084421af3fee0b456 7bb10ce3ad284bc88eb9ea9068dbeb21 - - default default] Successfully bumped revision number for resource 266791af-5456-4579-8418-b5369a80058a (type: security_group_rules) to 0
2026-02-26 20:15:35.868 10 INFO neutron.wsgi [None req-a6035adb-497f-4d1b-a428-4dd7bd9a96b9 e3c0bfc700924ce084421af3fee0b456 7bb10ce3ad284bc88eb9ea9068dbeb21 - - default default] 10.0.0.10 "DELETE /v2.0/security-groups/7c160619-739b-49b2-a3c4-41e2cc530414 HTTP/1.1" status: 204 len: 168 time: 0.2309544
2026-02-26 20:15:35.881 10 INFO neutron.db.ovn_revision_numbers_db [None req-eaf7bb96-8850-4dc6-afa0-94bd37f24e69 e3c0bfc700924ce084421af3fee0b456 7bb10ce3ad284bc88eb9ea9068dbeb21 - - default default] Successfully bumped revision number for resource 5eab72a1-4c47-4e18-b128-3a65d8293341 (type: security_group_rules) to 0
2026-02-26 20:15:35.909 10 INFO neutron.db.ovn_revision_numbers_db [None req-eaf7bb96-8850-4dc6-afa0-94bd37f24e69 e3c0bfc700924ce084421af3fee0b456 7bb10ce3ad284bc88eb9ea9068dbeb21 - - default default] Successfully bumped revision number for resource 718163db-eebd-408c-b38f-ca995b8b8e08 (type: security_group_rules) to 0
2026-02-26 20:15:35.928 10 INFO neutron.db.ovn_revision_numbers_db [None req-eaf7bb96-8850-4dc6-afa0-94bd37f24e69 e3c0bfc700924ce084421af3fee0b456 7bb10ce3ad284bc88eb9ea9068dbeb21 - - default default] Successfully bumped revision number for resource f62d2c50-5ded-47b8-9d55-fde844d66067 (type: security_group_rules) to 0
2026-02-26 20:15:35.959 10 INFO neutron.wsgi [None req-eaf7bb96-8850-4dc6-afa0-94bd37f24e69 e3c0bfc700924ce084421af3fee0b456 7bb10ce3ad284bc88eb9ea9068dbeb21 - - default default] 10.0.0.10 "GET /v2.0/security-groups?tenant_id=8f2818744dd04fbe8e9cf9906accb304&name=default HTTP/1.1" status: 200 len: 2996 time: 0.2450132
2026-02-26 20:15:36.079 9 INFO neutron.wsgi [req-57d050d6-0da4-48ca-a26c-11ff5dbe6206 req-bfe66659-2d9e-4f75-abed-8e92337fe96e 3339e34486a8417688558ca1f081545d 15a1019455c544c8a39984a4db759108 - - default default] 10.0.0.246 "GET /v2.0/ports?device_id=b7b60ea0-66e9-4063-8e50-0b30cd230782 HTTP/1.1" status: 200 len: 1174 time: 0.1410563
2026-02-26 20:15:36.152 9 INFO neutron.wsgi [req-57d050d6-0da4-48ca-a26c-11ff5dbe6206 req-3c42fa5e-1469-4add-b927-ee271492f754 3339e34486a8417688558ca1f081545d 15a1019455c544c8a39984a4db759108 - - default default] 10.0.0.246 "GET /v2.0/security-groups?id=57a32219-ceee-4456-bad1-909ec756c101&fields=id&fields=name HTTP/1.1" status: 200 len: 313 time: 0.0638025
2026-02-26 20:15:36.162 10 INFO neutron.wsgi [None req-7a7c3f85-fd75-46fd-95bd-ab27f9e4efc6 e3c0bfc700924ce084421af3fee0b456 7bb10ce3ad284bc88eb9ea9068dbeb21 - - default default] 10.0.0.10 "DELETE /v2.0/security-groups/dab1126a-a2ab-4fb0-a434-689af9322d1d HTTP/1.1" status: 204 len: 168 time: 0.1960771
2026-02-26 20:15:36.301 10 INFO neutron.wsgi [req-b3ed9363-e3bf-4507-a996-21c886e47168 req-1c340c30-74fe-4c88-9dde-752703de4dbe 3339e34486a8417688558ca1f081545d 15a1019455c544c8a39984a4db759108 - - default default] 10.0.0.246 "GET /v2.0/ports?device_id=b7b60ea0-66e9-4063-8e50-0b30cd230782 HTTP/1.1" status: 200 len: 1174 time: 0.0906131
2026-02-26 20:15:36.627 9 INFO neutron.wsgi [None req-2ae221ec-26ce-4028-bf14-09e4b7fa1aa3 e3c0bfc700924ce084421af3fee0b456 7bb10ce3ad284bc88eb9ea9068dbeb21 - - default default] 10.0.0.10 "DELETE /v2.0/routers/11ce757b-6422-4528-bee0-832ca911c2de HTTP/1.1" status: 204 len: 168 time: 0.7787282
2026-02-26 20:15:36.630 9 INFO neutron.db.l3_db [None req-9918a3cc-252b-4470-bb42-f5ca56da638c 3339e34486a8417688558ca1f081545d 15a1019455c544c8a39984a4db759108 - - default default] Floating IP 22dddb4f-fd86-454c-a11e-aee99fe53ab0 associated. External IP: 10.96.250.210, port: de974dd5-1c39-4de7-9bc8-11fb942be8ef.
2026-02-26 20:15:36.884 9 INFO neutron.db.ovn_revision_numbers_db [None req-9918a3cc-252b-4470-bb42-f5ca56da638c 3339e34486a8417688558ca1f081545d 15a1019455c544c8a39984a4db759108 - - default default] Successfully bumped revision number for resource 22dddb4f-fd86-454c-a11e-aee99fe53ab0 (type: floatingips) to 1
2026-02-26 20:15:36.897 10 WARNING neutron.plugins.ml2.drivers.ovn.mech_driver.ovsdb.ovn_client [None req-4fd76493-d3e6-48bf-be69-a7591e9358ab - - - - - -] No hosting information found for port c90855dc-e4bb-4b19-bf59-028bc3213ee9: RuntimeError: No hosting information found for port c90855dc-e4bb-4b19-bf59-028bc3213ee9
2026-02-26 20:15:36.944 9 INFO neutron.wsgi [None req-6050a455-24e5-4c54-abd1-12e624e039cc e3c0bfc700924ce084421af3fee0b456 7bb10ce3ad284bc88eb9ea9068dbeb21 - - default default] 10.0.0.10 "DELETE /v2.0/subnets/edec7978-2f19-4e0f-8e6c-6e171dc1dd01 HTTP/1.1" status: 204 len: 168 time: 0.3115554
2026-02-26 20:15:37.043 9 INFO neutron.db.ovn_revision_numbers_db [None req-9918a3cc-252b-4470-bb42-f5ca56da638c 3339e34486a8417688558ca1f081545d 15a1019455c544c8a39984a4db759108 - - default default] Successfully bumped revision number for resource 22dddb4f-fd86-454c-a11e-aee99fe53ab0 (type: floatingips) to 2
2026-02-26 20:15:37.068 9 INFO neutron.wsgi [None req-9918a3cc-252b-4470-bb42-f5ca56da638c 3339e34486a8417688558ca1f081545d 15a1019455c544c8a39984a4db759108 - - default default] 10.0.0.10 "PUT /v2.0/floatingips/22dddb4f-fd86-454c-a11e-aee99fe53ab0 HTTP/1.1" status: 200 len: 1050 time: 0.7555566
2026-02-26 20:15:37.155 9 INFO neutron.wsgi [req-6cce33cb-e99a-4a70-89b7-145fff99ee54 req-28041126-ad93-4dde-814d-a9b0783f2999 3339e34486a8417688558ca1f081545d 15a1019455c544c8a39984a4db759108 - - default default] 10.0.0.246 "GET /v2.0/ports?device_id=b7b60ea0-66e9-4063-8e50-0b30cd230782 HTTP/1.1" status: 200 len: 1174 time: 0.0416605
2026-02-26 20:15:37.217 9 INFO neutron.wsgi [req-6cce33cb-e99a-4a70-89b7-145fff99ee54 req-f1c69713-06c1-4702-bd61-074a775f4a51 3339e34486a8417688558ca1f081545d 15a1019455c544c8a39984a4db759108 - - default default] 10.0.0.246 "GET /v2.0/security-groups?id=57a32219-ceee-4456-bad1-909ec756c101&fields=id&fields=name HTTP/1.1" status: 200 len: 313 time: 0.0554748
2026-02-26 20:15:37.361 9 INFO neutron.services.segments.plugin [-] Segment 52c1924c-4d9c-4d5e-8a32-567be6c9bee4 resource provider aggregate not found
2026-02-26 20:15:37.366 9 INFO neutron.services.segments.plugin [-] Segment 52c1924c-4d9c-4d5e-8a32-567be6c9bee4 resource provider aggregate not found
2026-02-26 20:15:37.382 9 INFO neutron.services.segments.plugin [-] Segment 52c1924c-4d9c-4d5e-8a32-567be6c9bee4 resource provider not found; error: Placement Client Error (4xx): {"errors": [{"status": 404, "title": "Not Found", "detail": "The resource could not be found.\n\n No resource provider with uuid 52c1924c-4d9c-4d5e-8a32-567be6c9bee4 found for delete ", "request_id": "req-f49f4f93-7c18-450b-a8b8-1a15092b54a5"}]}
2026-02-26 20:15:37.388 9 INFO neutron.services.segments.plugin [-] Segment 52c1924c-4d9c-4d5e-8a32-567be6c9bee4 resource provider not found; error: Placement Client Error (4xx): {"errors": [{"status": 404, "title": "Not Found", "detail": "The resource could not be found.\n\n No resource provider with uuid 52c1924c-4d9c-4d5e-8a32-567be6c9bee4 found for delete ", "request_id": "req-698dc54d-c810-4968-8191-b45d9abe4ecb"}]}
2026-02-26 20:15:37.412 9 INFO neutron.wsgi [None req-dcb44bb7-c823-4dd3-a6cc-cc3ca76e80ab e3c0bfc700924ce084421af3fee0b456 7bb10ce3ad284bc88eb9ea9068dbeb21 - - default default] 10.0.0.10 "DELETE /v2.0/networks/12b24f3f-63cd-475b-94d1-a6bcae7f9a0c HTTP/1.1" status: 204 len: 168 time: 0.4640014
2026-02-26 20:15:37.503 9 INFO neutron.notifiers.nova [-] Nova event matching ['req-44e261f0-703e-4e42-a775-d81617ec2fdd'] response: {'name': 'network-changed', 'server_uuid': 'b7b60ea0-66e9-4063-8e50-0b30cd230782', 'tag': 'de974dd5-1c39-4de7-9bc8-11fb942be8ef', 'status': 'completed', 'code': 200} /var/lib/openstack/lib/python3.10/site-packages/pycadf/identifier.py:71: UserWarning: Invalid uuid: neutron. To ensure interoperability, identifiers should be a valid uuid. warnings.warn(('Invalid uuid: %s. To ensure interoperability, '
2026-02-26 20:15:37.586 9 INFO neutron.wsgi [req-b8a3fc29-0a95-40bc-8b2b-0c2b0ce27ac4 req-1fc296e4-b04c-40bf-aa4c-82d346b10cfe 3339e34486a8417688558ca1f081545d 15a1019455c544c8a39984a4db759108 - - default default] 10.0.0.246 "GET /v2.0/ports?device_id=b7b60ea0-66e9-4063-8e50-0b30cd230782 HTTP/1.1" status: 200 len: 1174 time: 0.0475309
2026-02-26 20:15:37.601 10 INFO neutron.wsgi [req-2c374247-579a-4b35-afcb-7a96f34c9c12 req-f4c495f7-74ae-432c-b7ef-5e7955f7287d 26721738254548cf906d337087aa1961 81cfce51e3c74c65971e1967a568f39b - - 5ba21f58809346e29f985113e0781a5e 5ba21f58809346e29f985113e0781a5e] 162.253.55.70 "GET /v2.0/ports?tenant_id=15a1019455c544c8a39984a4db759108&device_id=b7b60ea0-66e9-4063-8e50-0b30cd230782 HTTP/1.1" status: 200 len: 1413 time: 0.0693693
2026-02-26 20:15:37.623 9 INFO neutron.plugins.ml2.drivers.ovn.mech_driver.mech_driver [None req-f1686c4d-0e2c-46ea-a85f-56026a21d606 - - - - - -] OVN reports status down for port: de974dd5-1c39-4de7-9bc8-11fb942be8ef
2026-02-26 20:15:37.659 9 INFO neutron.wsgi [req-b8a3fc29-0a95-40bc-8b2b-0c2b0ce27ac4 req-f0d37394-2340-4d3c-9ac0-d9ec40add82e 3339e34486a8417688558ca1f081545d 15a1019455c544c8a39984a4db759108 - - default default] 10.0.0.246 "GET /v2.0/security-groups?id=57a32219-ceee-4456-bad1-909ec756c101&fields=id&fields=name HTTP/1.1" status: 200 len: 313 time: 0.0603805
2026-02-26 20:15:37.721 10 INFO neutron.wsgi [req-2c374247-579a-4b35-afcb-7a96f34c9c12 req-33f37c5e-f314-4d67-9d6f-9644825e5a22 26721738254548cf906d337087aa1961 81cfce51e3c74c65971e1967a568f39b - - 5ba21f58809346e29f985113e0781a5e 5ba21f58809346e29f985113e0781a5e] 162.253.55.70 "GET /v2.0/networks?id=3c74b415-39ee-4f5d-b325-24f8a0fa0bd5 HTTP/1.1" status: 200 len: 973 time: 0.1148982
2026-02-26 20:15:37.747 10 INFO neutron.wsgi [None req-505b7717-d5b5-4c07-bae8-b7a4668a0450 e3c0bfc700924ce084421af3fee0b456 7bb10ce3ad284bc88eb9ea9068dbeb21 - - default default] 10.0.0.10 "GET /v2.0/security-groups?tenant_id=e3150c3f91ae4ad49d449d19f77d124b&name=default HTTP/1.1" status: 200 len: 2996 time: 0.0876758
2026-02-26 20:15:37.786 10 INFO neutron.wsgi [req-2c374247-579a-4b35-afcb-7a96f34c9c12 req-9a69b0e0-1e20-4a24-bd29-7b913edff4c1 26721738254548cf906d337087aa1961 81cfce51e3c74c65971e1967a568f39b - - 5ba21f58809346e29f985113e0781a5e 5ba21f58809346e29f985113e0781a5e] 162.253.55.70 "GET /v2.0/floatingips?fixed_ip_address=10.100.0.14&port_id=de974dd5-1c39-4de7-9bc8-11fb942be8ef HTTP/1.1" status: 200 len: 1058 time: 0.0554066
2026-02-26 20:15:37.832 10 INFO neutron.wsgi [req-2c374247-579a-4b35-afcb-7a96f34c9c12 req-8e826f7b-6eda-42d0-9b25-48187fbeb896 26721738254548cf906d337087aa1961 81cfce51e3c74c65971e1967a568f39b - - 5ba21f58809346e29f985113e0781a5e 5ba21f58809346e29f985113e0781a5e] 162.253.55.70 "GET /v2.0/subnets?id=495173d4-725e-4563-bcab-3e279d44403c HTTP/1.1" status: 200 len: 868 time: 0.0371339
2026-02-26 20:15:37.877 10 INFO neutron.wsgi [req-2c374247-579a-4b35-afcb-7a96f34c9c12 req-2815a80d-e3db-4a62-ba8e-215d98ddf395 26721738254548cf906d337087aa1961 81cfce51e3c74c65971e1967a568f39b - - 5ba21f58809346e29f985113e0781a5e 5ba21f58809346e29f985113e0781a5e] 162.253.55.70 "GET /v2.0/ports?network_id=3c74b415-39ee-4f5d-b325-24f8a0fa0bd5&device_owner=network%3Adhcp HTTP/1.1" status: 200 len: 210 time: 0.0362940
2026-02-26 20:15:37.973 10 INFO neutron.wsgi [req-2c374247-579a-4b35-afcb-7a96f34c9c12 req-8e53b8ce-7901-4b71-b416-1ed36e67d456 26721738254548cf906d337087aa1961 81cfce51e3c74c65971e1967a568f39b - - 5ba21f58809346e29f985113e0781a5e 5ba21f58809346e29f985113e0781a5e] 162.253.55.70 "GET /v2.0/networks/3c74b415-39ee-4f5d-b325-24f8a0fa0bd5?fields=segments HTTP/1.1" status: 200 len: 212 time: 0.0889013
2026-02-26 20:15:38.058 10 INFO neutron.wsgi [req-2c374247-579a-4b35-afcb-7a96f34c9c12 req-06f5f785-ae45-4445-8362-6bd21fb1e9cc 26721738254548cf906d337087aa1961 81cfce51e3c74c65971e1967a568f39b - - 5ba21f58809346e29f985113e0781a5e 5ba21f58809346e29f985113e0781a5e] 162.253.55.70 "GET /v2.0/networks/3c74b415-39ee-4f5d-b325-24f8a0fa0bd5?fields=provider%3Aphysical_network&fields=provider%3Anetwork_type HTTP/1.1" status: 200 len: 277 time: 0.0736864
2026-02-26 20:15:38.114 9 INFO neutron.wsgi [req-51b0d5b3-05ce-4a91-aa19-1721d9590456 req-780e8eb7-8773-4972-9b8b-f750d3810003 3339e34486a8417688558ca1f081545d 15a1019455c544c8a39984a4db759108 - - default default] 162.253.55.70 "GET /v2.0/ports?device_id=b7b60ea0-66e9-4063-8e50-0b30cd230782 HTTP/1.1" status: 200 len: 1172 time: 0.0573251
2026-02-26 20:15:38.146 10 INFO neutron.db.ovn_revision_numbers_db [None req-4ba6ff21-c6b9-47fe-ad3c-f288afb45361 82e5f46aae8f4e62888ebe7fd3f86ff2 c82e1aacbab24149aa0ba43404a7adb7 - - default default] Successfully bumped revision number for resource d008c0d1-0cde-4934-8a1c-6e86201dfef4 (type: security_groups) to 1
2026-02-26 20:15:38.168 10 INFO neutron.db.ovn_revision_numbers_db [None req-4ba6ff21-c6b9-47fe-ad3c-f288afb45361 82e5f46aae8f4e62888ebe7fd3f86ff2 c82e1aacbab24149aa0ba43404a7adb7 - - default default] Successfully bumped revision number for resource 61b31e3d-6c09-465b-9078-7b7889f25b58 (type: security_group_rules) to 0
2026-02-26 20:15:38.193 10 INFO neutron.db.ovn_revision_numbers_db [None req-4ba6ff21-c6b9-47fe-ad3c-f288afb45361 82e5f46aae8f4e62888ebe7fd3f86ff2 c82e1aacbab24149aa0ba43404a7adb7 - - default default] Successfully bumped revision number for resource 7f55517f-450d-4a91-9220-f805d39a30be (type: security_group_rules) to 0
2026-02-26 20:15:38.211 10 INFO neutron.db.ovn_revision_numbers_db [None req-4ba6ff21-c6b9-47fe-ad3c-f288afb45361 82e5f46aae8f4e62888ebe7fd3f86ff2 c82e1aacbab24149aa0ba43404a7adb7 - - default default] Successfully bumped revision number for resource a8374356-face-4417-ac59-7a10ff17988d (type: security_group_rules) to 0
2026-02-26 20:15:38.226 10 INFO neutron.db.ovn_revision_numbers_db [None req-4ba6ff21-c6b9-47fe-ad3c-f288afb45361 82e5f46aae8f4e62888ebe7fd3f86ff2 c82e1aacbab24149aa0ba43404a7adb7 - - default default] Successfully bumped revision number for resource afffd7d3-bc20-49ff-a2e0-6c020a55c2a0 (type: security_group_rules) to 0
2026-02-26 20:15:38.303 10 INFO neutron.db.segments_db [None req-4ba6ff21-c6b9-47fe-ad3c-f288afb45361 82e5f46aae8f4e62888ebe7fd3f86ff2 c82e1aacbab24149aa0ba43404a7adb7 - - default default] Added segment 22ed4650-bb8c-4fed-b8ff-09e0231c9c33 of type geneve for network f4903cd4-d0b3-45bc-bd4d-5f90027071e8
2026-02-26 20:15:38.336 9 INFO neutron.db.ovn_revision_numbers_db [None req-f1686c4d-0e2c-46ea-a85f-56026a21d606 - - - - - -] Successfully bumped revision number for resource de974dd5-1c39-4de7-9bc8-11fb942be8ef (type: ports) to 5
2026-02-26 20:15:38.443 9 INFO neutron.wsgi [None req-30de6f1d-d99a-494c-af9e-85bc8906bae6 e3c0bfc700924ce084421af3fee0b456 7bb10ce3ad284bc88eb9ea9068dbeb21 - - default default] 10.0.0.10 "DELETE /v2.0/security-groups/9e80a0d2-db19-4b94-a073-2fcd53fc5a9c HTTP/1.1" status: 204 len: 168 time: 0.6863420
2026-02-26 20:15:38.454 10 INFO neutron.db.segments_db [None req-4ba6ff21-c6b9-47fe-ad3c-f288afb45361 82e5f46aae8f4e62888ebe7fd3f86ff2 c82e1aacbab24149aa0ba43404a7adb7 - - default default] Added segment b996517b-7178-4196-933e-3677e13af017 of type geneve for network 713db6ad-9086-4f72-b61b-4636808538f5
2026-02-26 20:15:38.533 9 INFO neutron.db.l3_db [req-51b0d5b3-05ce-4a91-aa19-1721d9590456 req-3414ac29-80eb-49b1-a43b-04eb580f2734 3339e34486a8417688558ca1f081545d 15a1019455c544c8a39984a4db759108 - - default default] Floating IP 22dddb4f-fd86-454c-a11e-aee99fe53ab0 disassociated. External IP: 10.96.250.210, port: de974dd5-1c39-4de7-9bc8-11fb942be8ef.
2026-02-26 20:15:38.693 9 INFO neutron.wsgi [req-51b0d5b3-05ce-4a91-aa19-1721d9590456 req-3414ac29-80eb-49b1-a43b-04eb580f2734 3339e34486a8417688558ca1f081545d 15a1019455c544c8a39984a4db759108 - - default default] 162.253.55.70 "DELETE /v2.0/ports/de974dd5-1c39-4de7-9bc8-11fb942be8ef HTTP/1.1" status: 204 len: 173 time: 0.5657887 /var/lib/openstack/lib/python3.10/site-packages/pycadf/identifier.py:71: UserWarning: Invalid uuid: neutron. To ensure interoperability, identifiers should be a valid uuid. warnings.warn(('Invalid uuid: %s. To ensure interoperability, '
2026-02-26 20:15:38.869 10 INFO neutron.wsgi [req-09a6951f-b85f-49da-9fb1-162dc1d7eced req-32b6ea4a-c941-4443-b99a-7057ed92788f 3339e34486a8417688558ca1f081545d 15a1019455c544c8a39984a4db759108 - - default default] 10.0.0.246 "GET /v2.0/ports?device_id=b7b60ea0-66e9-4063-8e50-0b30cd230782 HTTP/1.1" status: 200 len: 210 time: 0.0343528
2026-02-26 20:15:38.903 10 INFO neutron.db.ovn_revision_numbers_db [None req-4ba6ff21-c6b9-47fe-ad3c-f288afb45361 82e5f46aae8f4e62888ebe7fd3f86ff2 c82e1aacbab24149aa0ba43404a7adb7 - - default default] Successfully bumped revision number for resource f4903cd4-d0b3-45bc-bd4d-5f90027071e8 (type: networks) to 1
2026-02-26 20:15:39.121 10 WARNING neutron.scheduler.dhcp_agent_scheduler [None req-4ba6ff21-c6b9-47fe-ad3c-f288afb45361 82e5f46aae8f4e62888ebe7fd3f86ff2 c82e1aacbab24149aa0ba43404a7adb7 - - default default] No more DHCP agents
2026-02-26 20:15:39.124 10 WARNING neutron.api.rpc.agentnotifiers.dhcp_rpc_agent_api [None req-4ba6ff21-c6b9-47fe-ad3c-f288afb45361 82e5f46aae8f4e62888ebe7fd3f86ff2 c82e1aacbab24149aa0ba43404a7adb7 - - default default] Unable to schedule network f4903cd4-d0b3-45bc-bd4d-5f90027071e8: no agents available; will retry on subsequent port and subnet creation events.
2026-02-26 20:15:39.204 10 INFO neutron.db.ovn_revision_numbers_db [None req-4ba6ff21-c6b9-47fe-ad3c-f288afb45361 82e5f46aae8f4e62888ebe7fd3f86ff2 c82e1aacbab24149aa0ba43404a7adb7 - - default default] Successfully bumped revision number for resource beca2df1-ce0e-481e-b9de-990058eb800f (type: ports) to 1
2026-02-26 20:15:39.295 10 INFO neutron.db.ovn_revision_numbers_db [None req-4ba6ff21-c6b9-47fe-ad3c-f288afb45361 82e5f46aae8f4e62888ebe7fd3f86ff2 c82e1aacbab24149aa0ba43404a7adb7 - - default default] Successfully bumped revision number for resource 713db6ad-9086-4f72-b61b-4636808538f5 (type: networks) to 1
2026-02-26 20:15:39.493 10 WARNING neutron.scheduler.dhcp_agent_scheduler [None req-4ba6ff21-c6b9-47fe-ad3c-f288afb45361 82e5f46aae8f4e62888ebe7fd3f86ff2 c82e1aacbab24149aa0ba43404a7adb7 - - default default] No more DHCP agents
2026-02-26 20:15:39.495 10 WARNING neutron.api.rpc.agentnotifiers.dhcp_rpc_agent_api [None req-4ba6ff21-c6b9-47fe-ad3c-f288afb45361 82e5f46aae8f4e62888ebe7fd3f86ff2 c82e1aacbab24149aa0ba43404a7adb7 - - default default] Unable to schedule network 713db6ad-9086-4f72-b61b-4636808538f5: no agents available; will retry on subsequent port and subnet creation events.
2026-02-26 20:15:39.542 9 INFO neutron.notifiers.nova [-] Nova event matching ['req-8bd43ae6-3b5f-4fee-95af-243d505023f6'] response: {'server_uuid': 'b7b60ea0-66e9-4063-8e50-0b30cd230782', 'name': 'network-vif-unplugged', 'status': 'completed', 'tag': 'de974dd5-1c39-4de7-9bc8-11fb942be8ef', 'code': 200}
2026-02-26 20:15:39.543 9 INFO neutron.notifiers.nova [-] Nova event matching ['req-8bd43ae6-3b5f-4fee-95af-243d505023f6'] response: {'server_uuid': 'b7b60ea0-66e9-4063-8e50-0b30cd230782', 'name': 'network-vif-plugged', 'status': 'completed', 'tag': 'de974dd5-1c39-4de7-9bc8-11fb942be8ef', 'code': 200}
2026-02-26 20:15:39.543 9 INFO neutron.notifiers.nova [-] Nova event matching ['req-8bd43ae6-3b5f-4fee-95af-243d505023f6'] response: {'server_uuid': 'b7b60ea0-66e9-4063-8e50-0b30cd230782', 'name': 'network-vif-deleted', 'tag': 'de974dd5-1c39-4de7-9bc8-11fb942be8ef', 'status': 'completed', 'code': 200}
2026-02-26 20:15:39.605 10 INFO neutron.db.ovn_revision_numbers_db [None req-4ba6ff21-c6b9-47fe-ad3c-f288afb45361 82e5f46aae8f4e62888ebe7fd3f86ff2 c82e1aacbab24149aa0ba43404a7adb7 - - default default] Successfully bumped revision number for resource 2a623533-68a3-4828-8f99-7ec5ed79f84f (type: ports) to 1
2026-02-26 20:15:39.652 10 INFO neutron.wsgi [None req-4ba6ff21-c6b9-47fe-ad3c-f288afb45361 82e5f46aae8f4e62888ebe7fd3f86ff2 c82e1aacbab24149aa0ba43404a7adb7 - - default default] 10.0.0.10 "POST /v2.0/networks HTTP/1.1" status: 201 len: 1446 time: 1.9553356
2026-02-26 20:15:39.783 10 INFO neutron.wsgi [None req-5035c751-0a42-4334-b77a-9a589d37bd92 82e5f46aae8f4e62888ebe7fd3f86ff2 c82e1aacbab24149aa0ba43404a7adb7 - - default default] 10.0.0.10 "GET /v2.0/networks HTTP/1.1" status: 200 len: 2052 time: 0.1167505 /var/lib/openstack/lib/python3.10/site-packages/pycadf/identifier.py:71: UserWarning: Invalid uuid: neutron. To ensure interoperability, identifiers should be a valid uuid. warnings.warn(('Invalid uuid: %s. To ensure interoperability, '
2026-02-26 20:15:40.120 9 INFO neutron.wsgi [None req-f16d8f52-fbfd-42a7-9888-d178c50d3767 3339e34486a8417688558ca1f081545d 15a1019455c544c8a39984a4db759108 - - default default] 10.0.0.10 "DELETE /v2.0/security-groups/57a32219-ceee-4456-bad1-909ec756c101 HTTP/1.1" status: 204 len: 168 time: 0.1643746
2026-02-26 20:15:40.135 9 INFO neutron.api.v2.resource [None req-5a0cd95b-6ba4-446e-859f-431707ff2468 3339e34486a8417688558ca1f081545d 15a1019455c544c8a39984a4db759108 - - default default] show failed (client error): The resource could not be found.
2026-02-26 20:15:40.137 9 INFO neutron.wsgi [None req-5a0cd95b-6ba4-446e-859f-431707ff2468 3339e34486a8417688558ca1f081545d 15a1019455c544c8a39984a4db759108 - - default default] 10.0.0.10 "GET /v2.0/security-groups/57a32219-ceee-4456-bad1-909ec756c101 HTTP/1.1" status: 404 len: 347 time: 0.0123844
2026-02-26 20:15:40.144 10 INFO neutron.services.segments.plugin [-] Segment 22ed4650-bb8c-4fed-b8ff-09e0231c9c33 resource provider aggregate not found
2026-02-26 20:15:40.149 10 INFO neutron.services.segments.plugin [-] Segment 22ed4650-bb8c-4fed-b8ff-09e0231c9c33 resource provider aggregate not found
2026-02-26 20:15:40.168 10 INFO neutron.services.segments.plugin [-] Segment 22ed4650-bb8c-4fed-b8ff-09e0231c9c33 resource provider not found; error: Placement Client Error (4xx): {"errors": [{"status": 404, "title": "Not Found", "detail": "The resource could not be found.\n\n No resource provider with uuid 22ed4650-bb8c-4fed-b8ff-09e0231c9c33 found for delete ", "request_id": "req-c5d2969e-a9f7-416a-9891-8865fa64e77f"}]}
2026-02-26 20:15:40.184 10 INFO neutron.services.segments.plugin [-] Segment 22ed4650-bb8c-4fed-b8ff-09e0231c9c33 resource provider not found; error: Placement Client Error (4xx): {"errors": [{"status": 404, "title": "Not Found", "detail": "The resource could not be found.\n\n No resource provider with uuid 22ed4650-bb8c-4fed-b8ff-09e0231c9c33 found for delete ", "request_id": "req-1df80aa4-6fcc-4d61-abfa-0dfc071f9c98"}]}
2026-02-26 20:15:40.211 10 INFO neutron.wsgi [None req-302c9b66-001b-40a7-a79d-b3280b4c43a3 82e5f46aae8f4e62888ebe7fd3f86ff2 c82e1aacbab24149aa0ba43404a7adb7 - - default default] 10.0.0.10 "DELETE /v2.0/networks/f4903cd4-d0b3-45bc-bd4d-5f90027071e8 HTTP/1.1" status: 204 len: 168 time: 0.4183154
2026-02-26 20:15:40.562 9 INFO neutron.wsgi [None req-588f5acc-5f3b-46cc-99f8-71d4dafa15df 3339e34486a8417688558ca1f081545d 15a1019455c544c8a39984a4db759108 - - default default] 10.0.0.10 "DELETE /v2.0/floatingips/22dddb4f-fd86-454c-a11e-aee99fe53ab0 HTTP/1.1" status: 204 len: 168 time: 0.4200194
2026-02-26 20:15:40.627 10 INFO neutron.wsgi [None req-6d7fd219-c42d-46ad-96d7-1be01ac43d36 82e5f46aae8f4e62888ebe7fd3f86ff2 c82e1aacbab24149aa0ba43404a7adb7 - - default default] 10.0.0.10 "DELETE /v2.0/networks/713db6ad-9086-4f72-b61b-4636808538f5 HTTP/1.1" status: 204 len: 168 time: 0.4100399
2026-02-26 20:15:40.746 9 INFO neutron.wsgi [None req-10a9a0ba-aae1-4695-9f19-7183db5e044e 82e5f46aae8f4e62888ebe7fd3f86ff2 c82e1aacbab24149aa0ba43404a7adb7 - - default default] 10.0.0.10 "GET /v2.0/networks HTTP/1.1" status: 200 len: 845 time: 0.1142247
2026-02-26 20:15:40.847 10 INFO neutron.db.segments_db [None req-305ab2e5-56fd-419c-a6bf-6c4700c1a534 82e5f46aae8f4e62888ebe7fd3f86ff2 c82e1aacbab24149aa0ba43404a7adb7 - - default default] Added segment 99ddf01f-0cb9-42ba-97cf-ed0923250b97 of type geneve for network 0f7e997d-5be8-4930-981b-d3c5d5cf739e
2026-02-26 20:15:41.004 10 INFO neutron.db.ovn_revision_numbers_db [None req-305ab2e5-56fd-419c-a6bf-6c4700c1a534 82e5f46aae8f4e62888ebe7fd3f86ff2 c82e1aacbab24149aa0ba43404a7adb7 - - default default] Successfully bumped revision number for resource 0f7e997d-5be8-4930-981b-d3c5d5cf739e (type: networks) to 1
2026-02-26 20:15:41.195 10 INFO neutron.db.ovn_revision_numbers_db [None req-ac952efc-669f-4a41-9fdb-29edccee90e4 e3c0bfc700924ce084421af3fee0b456 7bb10ce3ad284bc88eb9ea9068dbeb21 - - default default] Successfully bumped revision number for resource b1d75c7c-9c32-48b7-93b7-19cc7e45e30e (type: security_groups) to 1
2026-02-26 20:15:41.224 10 INFO neutron.db.ovn_revision_numbers_db [None req-ac952efc-669f-4a41-9fdb-29edccee90e4 e3c0bfc700924ce084421af3fee0b456 7bb10ce3ad284bc88eb9ea9068dbeb21 - - default default] Successfully bumped revision number for resource 583952ad-8ef9-4870-9ca9-2f673e532e65 (type: security_group_rules) to 0
2026-02-26 20:15:41.237 10 WARNING neutron.scheduler.dhcp_agent_scheduler [None req-305ab2e5-56fd-419c-a6bf-6c4700c1a534 82e5f46aae8f4e62888ebe7fd3f86ff2 c82e1aacbab24149aa0ba43404a7adb7 - - default default] No more DHCP agents
2026-02-26 20:15:41.241 10 WARNING neutron.api.rpc.agentnotifiers.dhcp_rpc_agent_api [None req-305ab2e5-56fd-419c-a6bf-6c4700c1a534 82e5f46aae8f4e62888ebe7fd3f86ff2 c82e1aacbab24149aa0ba43404a7adb7 - - default default] Unable to schedule network 0f7e997d-5be8-4930-981b-d3c5d5cf739e: no agents available; will retry on subsequent port and subnet creation events.
2026-02-26 20:15:41.272 10 INFO neutron.db.ovn_revision_numbers_db [None req-ac952efc-669f-4a41-9fdb-29edccee90e4 e3c0bfc700924ce084421af3fee0b456 7bb10ce3ad284bc88eb9ea9068dbeb21 - - default default] Successfully bumped revision number for resource 650b4e7e-ef1f-4f54-a138-4bf5312c2528 (type: security_group_rules) to 0
2026-02-26 20:15:41.315 10 INFO neutron.db.ovn_revision_numbers_db [None req-ac952efc-669f-4a41-9fdb-29edccee90e4 e3c0bfc700924ce084421af3fee0b456 7bb10ce3ad284bc88eb9ea9068dbeb21 - - default default] Successfully bumped revision number for resource b276d90a-be65-4b4a-bf0b-6671bb4af5b7 (type: security_group_rules) to 0
2026-02-26 20:15:41.361 10 INFO neutron.db.ovn_revision_numbers_db [None req-ac952efc-669f-4a41-9fdb-29edccee90e4 e3c0bfc700924ce084421af3fee0b456 7bb10ce3ad284bc88eb9ea9068dbeb21 - - default default] Successfully bumped revision number for resource c6035ece-8d0e-4aa0-bbf2-64da2bd0e03b (type: security_group_rules) to 0
2026-02-26 20:15:41.375 10 INFO neutron.db.ovn_revision_numbers_db [None req-305ab2e5-56fd-419c-a6bf-6c4700c1a534 82e5f46aae8f4e62888ebe7fd3f86ff2 c82e1aacbab24149aa0ba43404a7adb7 - - default default] Successfully bumped revision number for resource ad3e6fbf-23fd-495e-b3b3-9e811c68b943 (type: ports) to 1
2026-02-26 20:15:41.385 10 INFO neutron.wsgi [None req-ac952efc-669f-4a41-9fdb-29edccee90e4 e3c0bfc700924ce084421af3fee0b456 7bb10ce3ad284bc88eb9ea9068dbeb21 - - default default] 10.0.0.10 "GET /v2.0/security-groups?tenant_id=7534234eb6c2482da813ab22c6b2775d&name=default HTTP/1.1" status: 200 len: 2996 time: 0.6059041
2026-02-26 20:15:41.406 10 INFO neutron.wsgi [None req-305ab2e5-56fd-419c-a6bf-6c4700c1a534 82e5f46aae8f4e62888ebe7fd3f86ff2 c82e1aacbab24149aa0ba43404a7adb7 - - default default] 10.0.0.10 "POST /v2.0/networks HTTP/1.1" status: 201 len: 853 time: 0.6530995
2026-02-26 20:15:41.491 9 INFO neutron.db.ovn_revision_numbers_db [None req-40911cdf-8cfc-428f-b6ec-ed2b766287de e3c0bfc700924ce084421af3fee0b456 7bb10ce3ad284bc88eb9ea9068dbeb21 - - default default] Successfully bumped revision number for resource c62cd571-5c5c-4e7e-bfb3-546d51ad1eb6 (type: security_groups) to 1
2026-02-26 20:15:41.519 9 INFO neutron.db.ovn_revision_numbers_db [None req-40911cdf-8cfc-428f-b6ec-ed2b766287de e3c0bfc700924ce084421af3fee0b456 7bb10ce3ad284bc88eb9ea9068dbeb21 - - default default] Successfully bumped revision number for resource 1e9427a9-be9c-4cf8-a216-3b05748a09eb (type: security_group_rules) to 0
