2026-02-26 20:16:09.099 9 INFO neutron.wsgi [None req-7629f07a-882c-489f-9187-40b8d82da272 40e6c6df0fea4e749114b50727b741b2 0a323be994924ef2a9f4c42979c1a2e4 - - default default] 10.0.0.10 "DELETE /v2.0/security-groups/b8481844-665d-42a3-a699-cfc24d45ca7e HTTP/1.1" status: 204 len: 168 time: 0.1787162
2026-02-26 20:16:09.138 10 INFO neutron.wsgi [None req-e140a972-4506-46ce-a5f8-a1ef3d75c207 40e6c6df0fea4e749114b50727b741b2 0a323be994924ef2a9f4c42979c1a2e4 - - default default] 10.0.0.10 "GET /v2.0/security-groups HTTP/1.1" status: 200 len: 2996 time: 0.0351660
2026-02-26 20:16:09.156 9 INFO neutron.api.v2.resource [None req-8499f572-390e-46b8-b76e-089da325d73f 40e6c6df0fea4e749114b50727b741b2 0a323be994924ef2a9f4c42979c1a2e4 - - default default] delete failed (client error): The resource could not be found.
2026-02-26 20:16:09.157 9 INFO neutron.wsgi [None req-8499f572-390e-46b8-b76e-089da325d73f 40e6c6df0fea4e749114b50727b741b2 0a323be994924ef2a9f4c42979c1a2e4 - - default default] 10.0.0.10 "DELETE /v2.0/security-groups/b8481844-665d-42a3-a699-cfc24d45ca7e HTTP/1.1" status: 404 len: 347 time: 0.0135877
2026-02-26 20:16:09.201 10 INFO neutron.wsgi [None req-c225144d-5e11-4339-9cf7-62a43ef7d506 e3c0bfc700924ce084421af3fee0b456 7bb10ce3ad284bc88eb9ea9068dbeb21 - - default default] 10.0.0.10 "DELETE /v2.0/security-groups/6d8336fb-0ec0-46e1-aa11-42b2ab7b318e HTTP/1.1" status: 204 len: 168 time: 0.2022073
2026-02-26 20:16:09.285 10 INFO neutron.db.ovn_revision_numbers_db [None req-ff893056-6bef-4f6e-bef2-7271614aa0ac 40e6c6df0fea4e749114b50727b741b2 0a323be994924ef2a9f4c42979c1a2e4 - - default default] Successfully bumped revision number for resource fb2b9643-f154-4eef-be1c-f3fa85dcdb1f (type: security_groups) to 1
2026-02-26 20:16:09.292 9 INFO neutron.wsgi [None req-720ff4cf-8013-4eb4-83e2-74345ba1bec7 5337ab7cc22d4ee9a59472f9bb44b8ba 9ff9e30320334936992e1560f2454f69 - - default default] 10.0.0.10 "DELETE /v2.0/ports/fb62fb93-4c10-4809-b199-10be1b659792 HTTP/1.1" status: 204 len: 168 time: 0.2269166
2026-02-26 20:16:09.297 10 INFO neutron.db.ovn_revision_numbers_db [None req-ff893056-6bef-4f6e-bef2-7271614aa0ac 40e6c6df0fea4e749114b50727b741b2 0a323be994924ef2a9f4c42979c1a2e4 - - default default] Successfully bumped revision number for resource 2eea8ffb-6979-4334-a072-6c7175dd8442 (type: security_group_rules) to 0
2026-02-26 20:16:09.316 10 INFO neutron.db.ovn_revision_numbers_db [None req-ff893056-6bef-4f6e-bef2-7271614aa0ac 40e6c6df0fea4e749114b50727b741b2 0a323be994924ef2a9f4c42979c1a2e4 - - default default] Successfully bumped revision number for resource cc2a28c9-0bb2-4d05-9594-fcdb740daaca (type: security_group_rules) to 0
2026-02-26 20:16:09.335 10 INFO neutron.wsgi [None req-ff893056-6bef-4f6e-bef2-7271614aa0ac 40e6c6df0fea4e749114b50727b741b2 0a323be994924ef2a9f4c42979c1a2e4 - - default default] 10.0.0.10 "POST /v2.0/security-groups HTTP/1.1" status: 201 len: 1761 time: 0.1703112
2026-02-26 20:16:09.446 10 INFO neutron.db.ovn_revision_numbers_db [None req-7c28cfe4-5a24-4d8d-9a3f-418d4fe92bee e3c0bfc700924ce084421af3fee0b456 7bb10ce3ad284bc88eb9ea9068dbeb21 - - default default] Successfully bumped revision number for resource 8007123a-7d54-4a2c-9dca-2a7f78dd39a8 (type: security_groups) to 1
2026-02-26 20:16:09.463 10 INFO neutron.db.ovn_revision_numbers_db [None req-7c28cfe4-5a24-4d8d-9a3f-418d4fe92bee e3c0bfc700924ce084421af3fee0b456 7bb10ce3ad284bc88eb9ea9068dbeb21 - - default default] Successfully bumped revision number for resource 2ef173c4-e4b3-47c4-91a7-605e1574f882 (type: security_group_rules) to 0
2026-02-26 20:16:09.478 10 INFO neutron.db.ovn_revision_numbers_db [None req-010fa5c3-d5de-4e70-bd9d-c292e1a8bd02 40e6c6df0fea4e749114b50727b741b2 0a323be994924ef2a9f4c42979c1a2e4 - - default default] Successfully bumped revision number for resource 99308843-0220-4b48-a383-bc9982d481c6 (type: security_group_rules) to 0
2026-02-26 20:16:09.481 10 INFO neutron.db.ovn_revision_numbers_db [None req-7c28cfe4-5a24-4d8d-9a3f-418d4fe92bee e3c0bfc700924ce084421af3fee0b456 7bb10ce3ad284bc88eb9ea9068dbeb21 - - default default] Successfully bumped revision number for resource 85c30ac8-037b-4c5b-ab57-4ca32066adf0 (type: security_group_rules) to 0
2026-02-26 20:16:09.501 10 INFO neutron.wsgi [None req-010fa5c3-d5de-4e70-bd9d-c292e1a8bd02 40e6c6df0fea4e749114b50727b741b2 0a323be994924ef2a9f4c42979c1a2e4 - - default default] 10.0.0.10 "POST /v2.0/security-group-rules HTTP/1.1" status: 201 len: 768 time: 0.1608844
2026-02-26 20:16:09.501 10 INFO neutron.db.ovn_revision_numbers_db [None req-7c28cfe4-5a24-4d8d-9a3f-418d4fe92bee e3c0bfc700924ce084421af3fee0b456 7bb10ce3ad284bc88eb9ea9068dbeb21 - - default default] Successfully bumped revision number for resource a7eb4aba-7acf-4733-9b2c-f8e64e30f6f5 (type: security_group_rules) to 0
2026-02-26 20:16:09.515 10 INFO neutron.db.ovn_revision_numbers_db [None req-7c28cfe4-5a24-4d8d-9a3f-418d4fe92bee e3c0bfc700924ce084421af3fee0b456 7bb10ce3ad284bc88eb9ea9068dbeb21 - - default default] Successfully bumped revision number for resource aae40ad1-2ff6-4da3-a676-268f602ce646 (type: security_group_rules) to 0
2026-02-26 20:16:09.521 9 INFO neutron.wsgi [None req-2e83f4fd-5109-482e-bb94-86d30ae35933 40e6c6df0fea4e749114b50727b741b2 0a323be994924ef2a9f4c42979c1a2e4 - - default default] 10.0.0.10 "GET /v2.0/security-group-rules/99308843-0220-4b48-a383-bc9982d481c6 HTTP/1.1" status: 200 len: 763 time: 0.0140820
2026-02-26 20:16:09.547 10 INFO neutron.wsgi [None req-7c28cfe4-5a24-4d8d-9a3f-418d4fe92bee e3c0bfc700924ce084421af3fee0b456 7bb10ce3ad284bc88eb9ea9068dbeb21 - - default default] 10.0.0.10 "GET /v2.0/security-groups?tenant_id=dd158a8682e447bcb0faa1ca70f17fd3&name=default HTTP/1.1" status: 200 len: 2996 time: 0.2387009
2026-02-26 20:16:09.581 10 INFO neutron.wsgi [None req-077df720-1b7f-406b-8bfa-fdf8e8afdf56 40e6c6df0fea4e749114b50727b741b2 0a323be994924ef2a9f4c42979c1a2e4 - - default default] 10.0.0.10 "GET /v2.0/security-group-rules HTTP/1.1" status: 200 len: 4113 time: 0.0532908
2026-02-26 20:16:09.688 9 INFO neutron.wsgi [None req-9758325a-9e75-4fca-b569-1124608ef7a5 5337ab7cc22d4ee9a59472f9bb44b8ba 9ff9e30320334936992e1560f2454f69 - - default default] 10.0.0.10 "DELETE /v2.0/networks/5581bfd8-d159-490d-ae05-6b4a043aea63 HTTP/1.1" status: 204 len: 168 time: 0.3910756
2026-02-26 20:16:09.708 10 INFO neutron.wsgi [None req-e96ccdea-2a53-4b69-ae00-bbce661ea3b5 40e6c6df0fea4e749114b50727b741b2 0a323be994924ef2a9f4c42979c1a2e4 - - default default] 10.0.0.10 "DELETE /v2.0/security-group-rules/99308843-0220-4b48-a383-bc9982d481c6 HTTP/1.1" status: 204 len: 168 time: 0.1218278
2026-02-26 20:16:09.751 9 INFO neutron.wsgi [None req-57c0af9d-e675-4197-928c-894a429cd497 40e6c6df0fea4e749114b50727b741b2 0a323be994924ef2a9f4c42979c1a2e4 - - default default] 10.0.0.10 "GET /v2.0/security-group-rules HTTP/1.1" status: 200 len: 3567 time: 0.0393200
2026-02-26 20:16:09.759 10 INFO neutron.wsgi [None req-1015881e-c5bf-4a29-b4b1-eb259d25615c e3c0bfc700924ce084421af3fee0b456 7bb10ce3ad284bc88eb9ea9068dbeb21 - - default default] 10.0.0.10 "DELETE /v2.0/security-groups/8007123a-7d54-4a2c-9dca-2a7f78dd39a8 HTTP/1.1" status: 204 len: 168 time: 0.2053142
2026-02-26 20:16:09.852 9 INFO neutron.db.ovn_revision_numbers_db [None req-04d53fa9-7261-44f4-b799-dd7f98039a8d 40e6c6df0fea4e749114b50727b741b2 0a323be994924ef2a9f4c42979c1a2e4 - - default default] Successfully bumped revision number for resource f763ac8a-3022-4c0d-84cd-59543f2f0d2f (type: security_group_rules) to 0
2026-02-26 20:16:09.877 9 INFO neutron.wsgi [None req-04d53fa9-7261-44f4-b799-dd7f98039a8d 40e6c6df0fea4e749114b50727b741b2 0a323be994924ef2a9f4c42979c1a2e4 - - default default] 10.0.0.10 "POST /v2.0/security-group-rules HTTP/1.1" status: 201 len: 768 time: 0.1206164
2026-02-26 20:16:09.902 10 INFO neutron.wsgi [None req-0d421ae1-b5aa-4e80-91b6-5d01e56b0409 40e6c6df0fea4e749114b50727b741b2 0a323be994924ef2a9f4c42979c1a2e4 - - default default] 10.0.0.10 "GET /v2.0/security-group-rules/f763ac8a-3022-4c0d-84cd-59543f2f0d2f HTTP/1.1" status: 200 len: 763 time: 0.0179284
2026-02-26 20:16:09.950 10 INFO neutron.wsgi [None req-9d70b90c-c0a9-487a-a91c-5f452d4e0190 40e6c6df0fea4e749114b50727b741b2 0a323be994924ef2a9f4c42979c1a2e4 - - default default] 10.0.0.10 "GET /v2.0/security-group-rules HTTP/1.1" status: 200 len: 4113 time: 0.0416031
2026-02-26 20:16:10.055 10 INFO neutron.wsgi [None req-2096abf0-e6e7-460f-bcd5-cba83f575a38 40e6c6df0fea4e749114b50727b741b2 0a323be994924ef2a9f4c42979c1a2e4 - - default default] 10.0.0.10 "DELETE /v2.0/security-group-rules/f763ac8a-3022-4c0d-84cd-59543f2f0d2f HTTP/1.1" status: 204 len: 168 time: 0.0990052
2026-02-26 20:16:10.092 10 INFO neutron.wsgi [None req-b7a185c5-5d06-42f3-a083-b06719845d76 40e6c6df0fea4e749114b50727b741b2 0a323be994924ef2a9f4c42979c1a2e4 - - default default] 10.0.0.10 "GET /v2.0/security-group-rules HTTP/1.1" status: 200 len: 3567 time: 0.0294132
2026-02-26 20:16:10.112 10 INFO neutron.db.securitygroups_db [None req-a0cf5529-a261-4209-800d-e57959791796 40e6c6df0fea4e749114b50727b741b2 0a323be994924ef2a9f4c42979c1a2e4 - - default default] Project 0a323be994924ef2a9f4c42979c1a2e4 added a security group rule with legacy IPv6 ICMP protocol name icmp, ipv6-icmp should be used instead. It was automatically converted.
2026-02-26 20:16:10.201 10 INFO neutron.db.ovn_revision_numbers_db [None req-a0cf5529-a261-4209-800d-e57959791796 40e6c6df0fea4e749114b50727b741b2 0a323be994924ef2a9f4c42979c1a2e4 - - default default] Successfully bumped revision number for resource f3de2d7e-63ad-46e1-acf0-d88b6883d290 (type: security_group_rules) to 0
2026-02-26 20:16:10.228 10 INFO neutron.wsgi [None req-a0cf5529-a261-4209-800d-e57959791796 40e6c6df0fea4e749114b50727b741b2 0a323be994924ef2a9f4c42979c1a2e4 - - default default] 10.0.0.10 "POST /v2.0/security-group-rules HTTP/1.1" status: 201 len: 774 time: 0.1321270
2026-02-26 20:16:10.254 10 INFO neutron.wsgi [None req-f3a3b537-422a-4aef-a3df-02cb872d4687 40e6c6df0fea4e749114b50727b741b2 0a323be994924ef2a9f4c42979c1a2e4 - - default default] 10.0.0.10 "GET /v2.0/security-group-rules/f3de2d7e-63ad-46e1-acf0-d88b6883d290 HTTP/1.1" status: 200 len: 769 time: 0.0209785
2026-02-26 20:16:10.352 10 INFO neutron.wsgi [None req-f0533c35-4b5e-4483-859f-06d359e47566 40e6c6df0fea4e749114b50727b741b2 0a323be994924ef2a9f4c42979c1a2e4 - - default default] 10.0.0.10 "GET /v2.0/security-group-rules HTTP/1.1" status: 200 len: 4119 time: 0.0931890
2026-02-26 20:16:10.353 9 INFO neutron.wsgi [None req-2735d2a4-99ca-4258-853d-9bf992e5c2bd e3c0bfc700924ce084421af3fee0b456 7bb10ce3ad284bc88eb9ea9068dbeb21 - - default default] 10.0.0.10 "GET /v2.0/security-groups?tenant_id=9ff9e30320334936992e1560f2454f69&name=default HTTP/1.1" status: 200 len: 2996 time: 0.1483085
2026-02-26 20:16:10.444 10 INFO neutron.db.ovn_revision_numbers_db [None req-b1861dd8-ebdc-424a-8965-efa89431f5da e3c0bfc700924ce084421af3fee0b456 7bb10ce3ad284bc88eb9ea9068dbeb21 - - default default] Successfully bumped revision number for resource e7e496f7-c079-4d11-8b2c-6281a90896fc (type: security_groups) to 1
2026-02-26 20:16:10.465 10 INFO neutron.db.ovn_revision_numbers_db [None req-b1861dd8-ebdc-424a-8965-efa89431f5da e3c0bfc700924ce084421af3fee0b456 7bb10ce3ad284bc88eb9ea9068dbeb21 - - default default] Successfully bumped revision number for resource 6b86fe06-497e-481e-b1c1-942d4eab761b (type: security_group_rules) to 0
2026-02-26 20:16:10.492 10 INFO neutron.db.ovn_revision_numbers_db [None req-b1861dd8-ebdc-424a-8965-efa89431f5da e3c0bfc700924ce084421af3fee0b456 7bb10ce3ad284bc88eb9ea9068dbeb21 - - default default] Successfully bumped revision number for resource bf63d027-270c-499c-bc85-f02fbef66b7d (type: security_group_rules) to 0
2026-02-26 20:16:10.498 9 INFO neutron.services.segments.plugin [-] Segment 6685fe86-4180-49c9-b795-41804dfdd07e resource provider aggregate not found
2026-02-26 20:16:10.515 10 INFO neutron.db.ovn_revision_numbers_db [None req-b1861dd8-ebdc-424a-8965-efa89431f5da e3c0bfc700924ce084421af3fee0b456 7bb10ce3ad284bc88eb9ea9068dbeb21 - - default default] Successfully bumped revision number for resource ea27b34e-0d71-43f3-bc49-7d10c3eac4cd (type: security_group_rules) to 0
2026-02-26 20:16:10.528 9 INFO neutron.wsgi [None req-4a659bd7-7cf7-4e5a-8613-20b31d3deaa2 40e6c6df0fea4e749114b50727b741b2 0a323be994924ef2a9f4c42979c1a2e4 - - default default] 10.0.0.10 "DELETE /v2.0/security-group-rules/f3de2d7e-63ad-46e1-acf0-d88b6883d290 HTTP/1.1" status: 204 len: 168 time: 0.1717968
2026-02-26 20:16:10.533 10 INFO neutron.db.ovn_revision_numbers_db [None req-b1861dd8-ebdc-424a-8965-efa89431f5da e3c0bfc700924ce084421af3fee0b456 7bb10ce3ad284bc88eb9ea9068dbeb21 - - default default] Successfully bumped revision number for resource eef2b3b6-88f6-4136-be66-14afef45ee91 (type: security_group_rules) to 0
2026-02-26 20:16:10.535 9 INFO neutron.services.segments.plugin [-] Segment 6685fe86-4180-49c9-b795-41804dfdd07e resource provider not found; error: Placement Client Error (4xx): {"errors": [{"status": 404, "title": "Not Found", "detail": "The resource could not be found.\n\n No resource provider with uuid 6685fe86-4180-49c9-b795-41804dfdd07e found for delete ", "request_id": "req-820f5500-309f-4192-95a2-129b8be38adb"}]}
2026-02-26 20:16:10.558 9 INFO neutron.services.segments.plugin [-] Segment 6685fe86-4180-49c9-b795-41804dfdd07e resource provider aggregate not found
2026-02-26 20:16:10.567 10 INFO neutron.wsgi [None req-b1861dd8-ebdc-424a-8965-efa89431f5da e3c0bfc700924ce084421af3fee0b456 7bb10ce3ad284bc88eb9ea9068dbeb21 - - default default] 10.0.0.10 "GET /v2.0/security-groups?tenant_id=26afec35ff0c4541a77bcc7ec0adda89&name=default HTTP/1.1" status: 200 len: 2996 time: 0.4490476
2026-02-26 20:16:10.585 9 INFO neutron.services.segments.plugin [-] Segment 6685fe86-4180-49c9-b795-41804dfdd07e resource provider not found; error: Placement Client Error (4xx): {"errors": [{"status": 404, "title": "Not Found", "detail": "The resource could not be found.\n\n No resource provider with uuid 6685fe86-4180-49c9-b795-41804dfdd07e found for delete ", "request_id": "req-88797378-b6ac-450d-8dd3-07553c76d68f"}]}
2026-02-26 20:16:10.615 9 INFO neutron.wsgi [None req-65b68deb-e9ab-4318-afb3-42226ba5d0fa 40e6c6df0fea4e749114b50727b741b2 0a323be994924ef2a9f4c42979c1a2e4 - - default default] 10.0.0.10 "GET /v2.0/security-group-rules HTTP/1.1" status: 200 len: 3567 time: 0.0783706
2026-02-26 20:16:10.661 9 INFO neutron.wsgi [None req-bec1cb19-5385-4b6f-81ff-947304936e50 e3c0bfc700924ce084421af3fee0b456 7bb10ce3ad284bc88eb9ea9068dbeb21 - - default default] 10.0.0.10 "DELETE /v2.0/security-groups/1f760985-4a9d-4d26-bde6-1984ed5c8222 HTTP/1.1" status: 204 len: 168 time: 0.3030524
2026-02-26 20:16:10.765 10 INFO neutron.wsgi [None req-3a008a09-3de4-4fd3-a13e-32acc83745b9 40e6c6df0fea4e749114b50727b741b2 0a323be994924ef2a9f4c42979c1a2e4 - - default default] 10.0.0.10 "DELETE /v2.0/security-groups/fb2b9643-f154-4eef-be1c-f3fa85dcdb1f HTTP/1.1" status: 204 len: 168 time: 0.1448631
2026-02-26 20:16:10.810 9 INFO neutron.wsgi [None req-a31ff6b9-489a-423b-bad1-11052fb5940a 40e6c6df0fea4e749114b50727b741b2 0a323be994924ef2a9f4c42979c1a2e4 - - default default] 10.0.0.10 "GET /v2.0/security-groups HTTP/1.1" status: 200 len: 2996 time: 0.0397089
2026-02-26 20:16:10.833 10 INFO neutron.wsgi [None req-c67d2ea9-3e76-4d47-bc2f-71e74ba57245 e3c0bfc700924ce084421af3fee0b456 7bb10ce3ad284bc88eb9ea9068dbeb21 - - default default] 10.0.0.10 "DELETE /v2.0/security-groups/e7e496f7-c079-4d11-8b2c-6281a90896fc HTTP/1.1" status: 204 len: 168 time: 0.2536452
2026-02-26 20:16:10.849 9 INFO neutron.wsgi [None req-722c8ae3-7633-4149-9282-2a641c7d9130 40e6c6df0fea4e749114b50727b741b2 0a323be994924ef2a9f4c42979c1a2e4 - - default default] 10.0.0.10 "GET /v2.0/security-groups HTTP/1.1" status: 200 len: 2996 time: 0.0326643
2026-02-26 20:16:11.497 9 INFO neutron.wsgi [None req-b78ca368-b524-435a-8761-a3b9fcce7aea e3c0bfc700924ce084421af3fee0b456 7bb10ce3ad284bc88eb9ea9068dbeb21 - - default default] 10.0.0.10 "GET /v2.0/security-groups?tenant_id=0a323be994924ef2a9f4c42979c1a2e4&name=default HTTP/1.1" status: 200 len: 2996 time: 0.1229126
2026-02-26 20:16:11.729 9 INFO neutron.wsgi [None req-337e2495-2684-486b-8045-4989405e4201 e3c0bfc700924ce084421af3fee0b456 7bb10ce3ad284bc88eb9ea9068dbeb21 - - default default] 10.0.0.10 "DELETE /v2.0/security-groups/fef74e00-ca64-4994-898d-3a35e53b920a HTTP/1.1" status: 204 len: 168 time: 0.2233834
2026-02-26 20:16:12.950 9 INFO neutron.db.ovn_revision_numbers_db [None req-062b6a81-3efe-4325-a6e9-c6df8e17c3b2 d9295ff667794eda9cfe3001bceb4c3a bd2cc6cb16c843f5b1b14a5feccb0c91 - - default default] Successfully bumped revision number for resource 47f04a90-74ca-4785-b49b-92ed0171affd (type: security_groups) to 1
2026-02-26 20:16:12.967 9 INFO neutron.db.ovn_revision_numbers_db [None req-062b6a81-3efe-4325-a6e9-c6df8e17c3b2 d9295ff667794eda9cfe3001bceb4c3a bd2cc6cb16c843f5b1b14a5feccb0c91 - - default default] Successfully bumped revision number for resource 22891499-cd0f-4d3f-a2ff-31682ee1c579 (type: security_group_rules) to 0
2026-02-26 20:16:12.982 9 INFO neutron.db.ovn_revision_numbers_db [None req-062b6a81-3efe-4325-a6e9-c6df8e17c3b2 d9295ff667794eda9cfe3001bceb4c3a bd2cc6cb16c843f5b1b14a5feccb0c91 - - default default] Successfully bumped revision number for resource 9ecb23e6-3509-4e4d-85cd-79e86ce4451c (type: security_group_rules) to 0
2026-02-26 20:16:13.001 9 INFO neutron.db.ovn_revision_numbers_db [None req-062b6a81-3efe-4325-a6e9-c6df8e17c3b2 d9295ff667794eda9cfe3001bceb4c3a bd2cc6cb16c843f5b1b14a5feccb0c91 - - default default] Successfully bumped revision number for resource e3730e54-247b-4794-8b32-c68b261e4f6b (type: security_group_rules) to 0
2026-02-26 20:16:13.018 9 INFO neutron.db.ovn_revision_numbers_db [None req-062b6a81-3efe-4325-a6e9-c6df8e17c3b2 d9295ff667794eda9cfe3001bceb4c3a bd2cc6cb16c843f5b1b14a5feccb0c91 - - default default] Successfully bumped revision number for resource f12ed402-7849-488d-bc8f-57e7b2243906 (type: security_group_rules) to 0
2026-02-26 20:16:13.067 9 INFO neutron.db.segments_db [None req-062b6a81-3efe-4325-a6e9-c6df8e17c3b2 d9295ff667794eda9cfe3001bceb4c3a bd2cc6cb16c843f5b1b14a5feccb0c91 - - default default] Added segment dc0b4414-c3cf-4b08-a0f2-732398deee65 of type geneve for network 35bb0848-d794-4a49-956d-68e408d0bce2
2026-02-26 20:16:13.445 9 INFO neutron.db.ovn_revision_numbers_db [None req-062b6a81-3efe-4325-a6e9-c6df8e17c3b2 d9295ff667794eda9cfe3001bceb4c3a bd2cc6cb16c843f5b1b14a5feccb0c91 - - default default] Successfully bumped revision number for resource 35bb0848-d794-4a49-956d-68e408d0bce2 (type: networks) to 1
2026-02-26 20:16:13.667 9 WARNING neutron.scheduler.dhcp_agent_scheduler [None req-062b6a81-3efe-4325-a6e9-c6df8e17c3b2 d9295ff667794eda9cfe3001bceb4c3a bd2cc6cb16c843f5b1b14a5feccb0c91 - - default default] No more DHCP agents
2026-02-26 20:16:13.672 9 WARNING neutron.api.rpc.agentnotifiers.dhcp_rpc_agent_api [None req-062b6a81-3efe-4325-a6e9-c6df8e17c3b2 d9295ff667794eda9cfe3001bceb4c3a bd2cc6cb16c843f5b1b14a5feccb0c91 - - default default] Unable to schedule network 35bb0848-d794-4a49-956d-68e408d0bce2: no agents available; will retry on subsequent port and subnet creation events.
2026-02-26 20:16:13.745 9 INFO neutron.db.ovn_revision_numbers_db [None req-062b6a81-3efe-4325-a6e9-c6df8e17c3b2 d9295ff667794eda9cfe3001bceb4c3a bd2cc6cb16c843f5b1b14a5feccb0c91 - - default default] Successfully bumped revision number for resource 3fc517a4-1bba-423e-b41d-d83a09f9f755 (type: ports) to 1
2026-02-26 20:16:13.765 9 INFO neutron.wsgi [None req-062b6a81-3efe-4325-a6e9-c6df8e17c3b2 d9295ff667794eda9cfe3001bceb4c3a bd2cc6cb16c843f5b1b14a5feccb0c91 - - default default] 10.0.0.10 "POST /v2.0/networks HTTP/1.1" status: 201 len: 832 time: 1.0959599
2026-02-26 20:16:13.880 10 INFO neutron.db.segments_db [None req-c1c4111c-abcc-4cd3-9ed1-d4675335c790 d9295ff667794eda9cfe3001bceb4c3a bd2cc6cb16c843f5b1b14a5feccb0c91 - - default default] Added segment ff372990-83e0-44c0-a974-60dea0b04993 of type geneve for network 297dc57b-f1ba-4a3d-bd85-d988c45d89ae
2026-02-26 20:16:13.894 10 INFO neutron.db.ovn_revision_numbers_db [None req-48c71570-f6e8-4c72-a21e-46111d4595ac 04fe6b9ebf1146c9ba98d6c81f21c0a8 d41e3d15f88240908f5db89980e0b107 - - default default] Successfully bumped revision number for resource c550b697-711e-49cb-b8fc-1991eaffb4da (type: security_groups) to 1
2026-02-26 20:16:13.918 10 INFO neutron.db.ovn_revision_numbers_db [None req-48c71570-f6e8-4c72-a21e-46111d4595ac 04fe6b9ebf1146c9ba98d6c81f21c0a8 d41e3d15f88240908f5db89980e0b107 - - default default] Successfully bumped revision number for resource 271193c5-c9f7-488c-be54-982030d43d81 (type: security_group_rules) to 0
2026-02-26 20:16:13.949 10 INFO neutron.db.ovn_revision_numbers_db [None req-48c71570-f6e8-4c72-a21e-46111d4595ac 04fe6b9ebf1146c9ba98d6c81f21c0a8 d41e3d15f88240908f5db89980e0b107 - - default default] Successfully bumped revision number for resource 5b245edb-6c21-4c1a-bdea-721f5499b181 (type: security_group_rules) to 0
2026-02-26 20:16:13.966 10 INFO neutron.db.ovn_revision_numbers_db [None req-48c71570-f6e8-4c72-a21e-46111d4595ac 04fe6b9ebf1146c9ba98d6c81f21c0a8 d41e3d15f88240908f5db89980e0b107 - - default default] Successfully bumped revision number for resource 8ec406df-42d4-48df-9ea1-a8a481ea5bf5 (type: security_group_rules) to 0
2026-02-26 20:16:14.009 10 INFO neutron.db.ovn_revision_numbers_db [None req-48c71570-f6e8-4c72-a21e-46111d4595ac 04fe6b9ebf1146c9ba98d6c81f21c0a8 d41e3d15f88240908f5db89980e0b107 - - default default] Successfully bumped revision number for resource e21e4e0f-bfad-47db-a906-b7d1a88c9726 (type: security_group_rules) to 0
2026-02-26 20:16:14.048 10 INFO neutron.db.ovn_revision_numbers_db [None req-c1c4111c-abcc-4cd3-9ed1-d4675335c790 d9295ff667794eda9cfe3001bceb4c3a bd2cc6cb16c843f5b1b14a5feccb0c91 - - default default] Successfully bumped revision number for resource 297dc57b-f1ba-4a3d-bd85-d988c45d89ae (type: networks) to 1
2026-02-26 20:16:14.131 10 INFO neutron.db.ovn_revision_numbers_db [None req-48c71570-f6e8-4c72-a21e-46111d4595ac 04fe6b9ebf1146c9ba98d6c81f21c0a8 d41e3d15f88240908f5db89980e0b107 - - default default] Successfully bumped revision number for resource 13cdd9d4-352e-41d0-be92-cf7a55e9fbde (type: security_groups) to 1
2026-02-26 20:16:14.150 10 INFO neutron.db.ovn_revision_numbers_db [None req-48c71570-f6e8-4c72-a21e-46111d4595ac 04fe6b9ebf1146c9ba98d6c81f21c0a8 d41e3d15f88240908f5db89980e0b107 - - default default] Successfully bumped revision number for resource 9d12d510-7a76-4737-8a97-48d36f616b12 (type: security_group_rules) to 0
2026-02-26 20:16:14.175 10 INFO neutron.db.ovn_revision_numbers_db [None req-48c71570-f6e8-4c72-a21e-46111d4595ac 04fe6b9ebf1146c9ba98d6c81f21c0a8 d41e3d15f88240908f5db89980e0b107 - - default default] Successfully bumped revision number for resource bbdd66ac-ed17-4187-aa0d-e8221dfc066a (type: security_group_rules) to 0
2026-02-26 20:16:14.213 10 INFO neutron.wsgi [None req-48c71570-f6e8-4c72-a21e-46111d4595ac 04fe6b9ebf1146c9ba98d6c81f21c0a8 d41e3d15f88240908f5db89980e0b107 - - default default] 10.0.0.10 "POST /v2.0/security-groups HTTP/1.1" status: 201 len: 1761 time: 0.6020179
2026-02-26 20:16:14.267 10 WARNING neutron.scheduler.dhcp_agent_scheduler [None req-c1c4111c-abcc-4cd3-9ed1-d4675335c790 d9295ff667794eda9cfe3001bceb4c3a bd2cc6cb16c843f5b1b14a5feccb0c91 - - default default] No more DHCP agents
2026-02-26 20:16:14.272 10 INFO neutron.wsgi [None req-773e7cb8-be99-48b0-b7ce-95408a28ec7f 04fe6b9ebf1146c9ba98d6c81f21c0a8 d41e3d15f88240908f5db89980e0b107 - - default default] 10.0.0.10 "GET /v2.0/security-groups HTTP/1.1" status: 200 len: 4539 time: 0.0530629
2026-02-26 20:16:14.277 10 WARNING neutron.api.rpc.agentnotifiers.dhcp_rpc_agent_api [None req-c1c4111c-abcc-4cd3-9ed1-d4675335c790 d9295ff667794eda9cfe3001bceb4c3a bd2cc6cb16c843f5b1b14a5feccb0c91 - - default default] Unable to schedule network 297dc57b-f1ba-4a3d-bd85-d988c45d89ae: no agents available; will retry on subsequent port and subnet creation events.
2026-02-26 20:16:14.362 10 INFO neutron.db.ovn_revision_numbers_db [None req-c1c4111c-abcc-4cd3-9ed1-d4675335c790 d9295ff667794eda9cfe3001bceb4c3a bd2cc6cb16c843f5b1b14a5feccb0c91 - - default default] Successfully bumped revision number for resource df20f626-23a6-446a-a0a8-af6b425ce7ae (type: ports) to 1
2026-02-26 20:16:14.386 10 INFO neutron.wsgi [None req-c1c4111c-abcc-4cd3-9ed1-d4675335c790 d9295ff667794eda9cfe3001bceb4c3a bd2cc6cb16c843f5b1b14a5feccb0c91 - - default default] 10.0.0.10 "POST /v2.0/networks HTTP/1.1" status: 201 len: 833 time: 0.6152661
2026-02-26 20:16:14.390 9 INFO neutron.db.ovn_revision_numbers_db [None req-1fb5d0d6-ed28-4212-b6fc-38b8c7f01e02 04fe6b9ebf1146c9ba98d6c81f21c0a8 d41e3d15f88240908f5db89980e0b107 - - default default] Successfully bumped revision number for resource 13cdd9d4-352e-41d0-be92-cf7a55e9fbde (type: security_groups) to 2
2026-02-26 20:16:14.395 9 INFO neutron.wsgi [None req-1fb5d0d6-ed28-4212-b6fc-38b8c7f01e02 04fe6b9ebf1146c9ba98d6c81f21c0a8 d41e3d15f88240908f5db89980e0b107 - - default default] 10.0.0.10 "PUT /v2.0/security-groups/13cdd9d4-352e-41d0-be92-cf7a55e9fbde HTTP/1.1" status: 200 len: 1793 time: 0.1079984
2026-02-26 20:16:14.452 10 INFO neutron.wsgi [None req-4e7beff2-15a4-462b-a62f-c2949d2dcfbb 04fe6b9ebf1146c9ba98d6c81f21c0a8 d41e3d15f88240908f5db89980e0b107 - - default default] 10.0.0.10 "GET /v2.0/security-groups/13cdd9d4-352e-41d0-be92-cf7a55e9fbde HTTP/1.1" status: 200 len: 1793 time: 0.0481982
2026-02-26 20:16:14.602 10 INFO neutron.wsgi [None req-11c1e125-4962-4e22-a470-e5fab6f2e3e1 04fe6b9ebf1146c9ba98d6c81f21c0a8 d41e3d15f88240908f5db89980e0b107 - - default default] 10.0.0.10 "DELETE /v2.0/security-groups/13cdd9d4-352e-41d0-be92-cf7a55e9fbde HTTP/1.1" status: 204 len: 168 time: 0.1422396
2026-02-26 20:16:14.655 9 INFO neutron.wsgi [None req-3f7ab56f-34c7-414a-9f00-b1a4155ebaf2 04fe6b9ebf1146c9ba98d6c81f21c0a8 d41e3d15f88240908f5db89980e0b107 - - default default] 10.0.0.10 "GET /v2.0/security-groups HTTP/1.1" status: 200 len: 2996 time: 0.0469882
2026-02-26 20:16:14.675 9 INFO neutron.api.v2.resource [None req-8eac6131-e556-48d1-993f-0ea37b975e67 04fe6b9ebf1146c9ba98d6c81f21c0a8 d41e3d15f88240908f5db89980e0b107 - - default default] delete failed (client error): The resource could not be found.
2026-02-26 20:16:14.676 9 INFO neutron.wsgi [None req-8eac6131-e556-48d1-993f-0ea37b975e67 04fe6b9ebf1146c9ba98d6c81f21c0a8 d41e3d15f88240908f5db89980e0b107 - - default default] 10.0.0.10 "DELETE /v2.0/security-groups/13cdd9d4-352e-41d0-be92-cf7a55e9fbde HTTP/1.1" status: 404 len: 347 time: 0.0144801
2026-02-26 20:16:14.678 10 WARNING neutron.scheduler.dhcp_agent_scheduler [None req-5716cfab-99ba-4fdc-9c32-132330ae8c26 d9295ff667794eda9cfe3001bceb4c3a bd2cc6cb16c843f5b1b14a5feccb0c91 - - default default] No more DHCP agents
2026-02-26 20:16:14.679 10 WARNING neutron.api.rpc.agentnotifiers.dhcp_rpc_agent_api [None req-5716cfab-99ba-4fdc-9c32-132330ae8c26 d9295ff667794eda9cfe3001bceb4c3a bd2cc6cb16c843f5b1b14a5feccb0c91 - - default default] Unable to schedule network 35bb0848-d794-4a49-956d-68e408d0bce2: no agents available; will retry on subsequent port and subnet creation events.
2026-02-26 20:16:14.722 10 INFO neutron.db.ovn_revision_numbers_db [None req-5716cfab-99ba-4fdc-9c32-132330ae8c26 d9295ff667794eda9cfe3001bceb4c3a bd2cc6cb16c843f5b1b14a5feccb0c91 - - default default] Successfully bumped revision number for resource 15d9db49-673a-4a9a-b1f7-db4485e0a684 (type: subnets) to 0
2026-02-26 20:16:14.739 10 INFO neutron.wsgi [None req-5716cfab-99ba-4fdc-9c32-132330ae8c26 d9295ff667794eda9cfe3001bceb4c3a bd2cc6cb16c843f5b1b14a5feccb0c91 - - default default] 10.0.0.10 "POST /v2.0/subnets HTTP/1.1" status: 201 len: 821 time: 0.3460753
2026-02-26 20:16:14.835 10 INFO neutron.db.ovn_revision_numbers_db [None req-e0754ac1-7a82-4b64-958e-6f2ba55a8464 04fe6b9ebf1146c9ba98d6c81f21c0a8 d41e3d15f88240908f5db89980e0b107 - - default default] Successfully bumped revision number for resource efc0087f-1f6c-4daa-bb71-f3ec3348bb50 (type: security_groups) to 1
2026-02-26 20:16:14.875 10 INFO neutron.db.ovn_revision_numbers_db [None req-e0754ac1-7a82-4b64-958e-6f2ba55a8464 04fe6b9ebf1146c9ba98d6c81f21c0a8 d41e3d15f88240908f5db89980e0b107 - - default default] Successfully bumped revision number for resource 7eacd9ad-f7ca-44d1-b388-821ab2c20357 (type: security_group_rules) to 0
2026-02-26 20:16:14.906 10 INFO neutron.db.ovn_revision_numbers_db [None req-e0754ac1-7a82-4b64-958e-6f2ba55a8464 04fe6b9ebf1146c9ba98d6c81f21c0a8 d41e3d15f88240908f5db89980e0b107 - - default default] Successfully bumped revision number for resource be92d53a-18e1-4f65-9034-370ada9aee6c (type: security_group_rules) to 0
2026-02-26 20:16:14.935 10 INFO neutron.wsgi [None req-e0754ac1-7a82-4b64-958e-6f2ba55a8464 04fe6b9ebf1146c9ba98d6c81f21c0a8 d41e3d15f88240908f5db89980e0b107 - - default default] 10.0.0.10 "POST /v2.0/security-groups HTTP/1.1" status: 201 len: 1760 time: 0.2493103
2026-02-26 20:16:15.015 10 WARNING neutron.scheduler.dhcp_agent_scheduler [None req-4372212f-e4c6-4571-8a6c-a2db1861972e d9295ff667794eda9cfe3001bceb4c3a bd2cc6cb16c843f5b1b14a5feccb0c91 - - default default] No more DHCP agents
2026-02-26 20:16:15.017 10 WARNING neutron.api.rpc.agentnotifiers.dhcp_rpc_agent_api [None req-4372212f-e4c6-4571-8a6c-a2db1861972e d9295ff667794eda9cfe3001bceb4c3a bd2cc6cb16c843f5b1b14a5feccb0c91 - - default default] Unable to schedule network 297dc57b-f1ba-4a3d-bd85-d988c45d89ae: no agents available; will retry on subsequent port and subnet creation events.
2026-02-26 20:16:15.048 10 INFO neutron.db.ovn_revision_numbers_db [None req-4372212f-e4c6-4571-8a6c-a2db1861972e d9295ff667794eda9cfe3001bceb4c3a bd2cc6cb16c843f5b1b14a5feccb0c91 - - default default] Successfully bumped revision number for resource aaedf955-a7a2-417f-b359-cb05e7f850e5 (type: subnets) to 0
2026-02-26 20:16:15.065 10 INFO neutron.wsgi [None req-4372212f-e4c6-4571-8a6c-a2db1861972e d9295ff667794eda9cfe3001bceb4c3a bd2cc6cb16c843f5b1b14a5feccb0c91 - - default default] 10.0.0.10 "POST /v2.0/subnets HTTP/1.1" status: 201 len: 830 time: 0.3162456
2026-02-26 20:16:15.078 9 INFO neutron.db.ovn_revision_numbers_db [None req-7cabd51b-de04-45aa-9ce0-b118a07f004a 04fe6b9ebf1146c9ba98d6c81f21c0a8 d41e3d15f88240908f5db89980e0b107 - - default default] Successfully bumped revision number for resource a36bea4a-b94c-4284-8803-dc191b57223a (type: security_group_rules) to 0
2026-02-26 20:16:15.109 9 INFO neutron.wsgi [None req-7cabd51b-de04-45aa-9ce0-b118a07f004a 04fe6b9ebf1146c9ba98d6c81f21c0a8 d41e3d15f88240908f5db89980e0b107 - - default default] 10.0.0.10 "POST /v2.0/security-group-rules HTTP/1.1" status: 201 len: 768 time: 0.1655214
2026-02-26 20:16:15.134 9 INFO neutron.wsgi [None req-da7f7df5-1d1a-4bbb-b809-1d2917f5bad5 04fe6b9ebf1146c9ba98d6c81f21c0a8 d41e3d15f88240908f5db89980e0b107 - - default default] 10.0.0.10 "GET /v2.0/security-group-rules/a36bea4a-b94c-4284-8803-dc191b57223a HTTP/1.1" status: 200 len: 763 time: 0.0182736
2026-02-26 20:16:15.185 9 INFO neutron.wsgi [None req-425ccc58-072b-4157-8336-3d5a2340f87b 04fe6b9ebf1146c9ba98d6c81f21c0a8 d41e3d15f88240908f5db89980e0b107 - - default default] 10.0.0.10 "GET /v2.0/security-group-rules HTTP/1.1" status: 200 len: 4113 time: 0.0455356
2026-02-26 20:16:15.227 10 INFO neutron.db.ovn_revision_numbers_db [None req-f873a9ab-f9c1-4f07-842c-1869fdb00134 d9295ff667794eda9cfe3001bceb4c3a bd2cc6cb16c843f5b1b14a5feccb0c91 - - default default] Successfully bumped revision number for resource ecb32df1-8724-4883-a005-21220e117758 (type: routers) to 1
2026-02-26 20:16:15.243 10 INFO neutron.wsgi [None req-f873a9ab-f9c1-4f07-842c-1869fdb00134 d9295ff667794eda9cfe3001bceb4c3a bd2cc6cb16c843f5b1b14a5feccb0c91 - - default default] 10.0.0.10 "POST /v2.0/routers HTTP/1.1" status: 201 len: 691 time: 0.1709943
2026-02-26 20:16:15.378 9 INFO neutron.wsgi [None req-cca4f172-c9fd-4682-aecf-32cf63bb807f 04fe6b9ebf1146c9ba98d6c81f21c0a8 d41e3d15f88240908f5db89980e0b107 - - default default] 10.0.0.10 "DELETE /v2.0/security-group-rules/a36bea4a-b94c-4284-8803-dc191b57223a HTTP/1.1" status: 204 len: 168 time: 0.1865056
2026-02-26 20:16:15.453 9 INFO neutron.wsgi [None req-c75ec839-b012-47fe-8e74-cb6e653cdf10 04fe6b9ebf1146c9ba98d6c81f21c0a8 d41e3d15f88240908f5db89980e0b107 - - default default] 10.0.0.10 "GET /v2.0/security-group-rules HTTP/1.1" status: 200 len: 3567 time: 0.0693817
2026-02-26 20:16:15.600 10 INFO neutron.db.ovn_revision_numbers_db [None req-b6f63710-9a64-4935-a289-b9f0b057b6ea 04fe6b9ebf1146c9ba98d6c81f21c0a8 d41e3d15f88240908f5db89980e0b107 - - default default] Successfully bumped revision number for resource c6f640f7-5654-4a03-b66d-148fee694044 (type: security_group_rules) to 0
2026-02-26 20:16:15.630 10 INFO neutron.wsgi [None req-b6f63710-9a64-4935-a289-b9f0b057b6ea 04fe6b9ebf1146c9ba98d6c81f21c0a8 d41e3d15f88240908f5db89980e0b107 - - default default] 10.0.0.10 "POST /v2.0/security-group-rules HTTP/1.1" status: 201 len: 768 time: 0.1702785
2026-02-26 20:16:15.655 10 INFO neutron.wsgi [None req-ff3b20af-f5fd-4755-8cb5-b331f99ab646 04fe6b9ebf1146c9ba98d6c81f21c0a8 d41e3d15f88240908f5db89980e0b107 - - default default] 10.0.0.10 "GET /v2.0/security-group-rules/c6f640f7-5654-4a03-b66d-148fee694044 HTTP/1.1" status: 200 len: 763 time: 0.0192597
2026-02-26 20:16:15.716 9 INFO neutron.wsgi [None req-3e5b3284-c973-45f0-9e98-37e5982e437f 04fe6b9ebf1146c9ba98d6c81f21c0a8 d41e3d15f88240908f5db89980e0b107 - - default default] 10.0.0.10 "GET /v2.0/security-group-rules HTTP/1.1" status: 200 len: 4113 time: 0.0568852
2026-02-26 20:16:15.773 9 WARNING neutron.scheduler.dhcp_agent_scheduler [None req-1796613c-fc68-45d4-a76f-73979399e146 d9295ff667794eda9cfe3001bceb4c3a bd2cc6cb16c843f5b1b14a5feccb0c91 - - default default] No more DHCP agents
2026-02-26 20:16:15.776 9 WARNING neutron.api.rpc.agentnotifiers.dhcp_rpc_agent_api [None req-1796613c-fc68-45d4-a76f-73979399e146 d9295ff667794eda9cfe3001bceb4c3a bd2cc6cb16c843f5b1b14a5feccb0c91 - - default default] Unable to schedule network 35bb0848-d794-4a49-956d-68e408d0bce2: no agents available; will retry on subsequent port and subnet creation events.
2026-02-26 20:16:15.864 10 INFO neutron.db.ovn_revision_numbers_db [None req-90bf03bf-782b-481d-8c76-ec29447ed7d0 e3c0bfc700924ce084421af3fee0b456 7bb10ce3ad284bc88eb9ea9068dbeb21 - - default default] Successfully bumped revision number for resource 97a3fbb8-f4f0-4dc3-8f10-9d31b9499ec1 (type: security_groups) to 1
2026-02-26 20:16:15.872 10 INFO neutron.wsgi [None req-1cfa4c86-0f57-43ea-8584-ad082f81a4da 04fe6b9ebf1146c9ba98d6c81f21c0a8 d41e3d15f88240908f5db89980e0b107 - - default default] 10.0.0.10 "DELETE /v2.0/security-group-rules/c6f640f7-5654-4a03-b66d-148fee694044 HTTP/1.1" status: 204 len: 168 time: 0.1466317
2026-02-26 20:16:15.873 9 INFO neutron.db.ovn_revision_numbers_db [None req-1796613c-fc68-45d4-a76f-73979399e146 d9295ff667794eda9cfe3001bceb4c3a bd2cc6cb16c843f5b1b14a5feccb0c91 - - default default] Successfully bumped revision number for resource 66848c3f-9315-4341-89e3-75505f00239a (type: ports) to 1
2026-02-26 20:16:15.886 10 INFO neutron.db.ovn_revision_numbers_db [None req-90bf03bf-782b-481d-8c76-ec29447ed7d0 e3c0bfc700924ce084421af3fee0b456 7bb10ce3ad284bc88eb9ea9068dbeb21 - - default default] Successfully bumped revision number for resource 662f5a96-34f2-4f9f-877b-2d14ee8c5974 (type: security_group_rules) to 0
2026-02-26 20:16:15.902 10 INFO neutron.db.ovn_revision_numbers_db [None req-90bf03bf-782b-481d-8c76-ec29447ed7d0 e3c0bfc700924ce084421af3fee0b456 7bb10ce3ad284bc88eb9ea9068dbeb21 - - default default] Successfully bumped revision number for resource 87b5740f-1b5c-4786-b7fb-17311010be73 (type: security_group_rules) to 0
2026-02-26 20:16:15.914 10 INFO neutron.wsgi [None req-c1277033-f83c-4f21-8845-5c6dfac7c2dc 04fe6b9ebf1146c9ba98d6c81f21c0a8 d41e3d15f88240908f5db89980e0b107 - - default default] 10.0.0.10 "GET /v2.0/security-group-rules HTTP/1.1" status: 200 len: 3567 time: 0.0337951
2026-02-26 20:16:15.933 10 INFO neutron.db.ovn_revision_numbers_db [None req-90bf03bf-782b-481d-8c76-ec29447ed7d0 e3c0bfc700924ce084421af3fee0b456 7bb10ce3ad284bc88eb9ea9068dbeb21 - - default default] Successfully bumped revision number for resource 9e7556b7-0949-4e9a-9860-80c2fb5a2650 (type: security_group_rules) to 0
2026-02-26 20:16:15.947 10 INFO neutron.db.ovn_revision_numbers_db [None req-90bf03bf-782b-481d-8c76-ec29447ed7d0 e3c0bfc700924ce084421af3fee0b456 7bb10ce3ad284bc88eb9ea9068dbeb21 - - default default] Successfully bumped revision number for resource be057fdb-7d1a-43ba-8637-e9a98933ecf9 (type: security_group_rules) to 0
2026-02-26 20:16:15.975 10 INFO neutron.wsgi [None req-90bf03bf-782b-481d-8c76-ec29447ed7d0 e3c0bfc700924ce084421af3fee0b456 7bb10ce3ad284bc88eb9ea9068dbeb21 - - default default] 10.0.0.10 "GET /v2.0/security-groups?tenant_id=9518841170314570a5a6dd35599195e7&name=default HTTP/1.1" status: 200 len: 2996 time: 0.3512225
2026-02-26 20:16:16.086 10 INFO neutron.db.ovn_revision_numbers_db [None req-4406e9a6-1ab3-43b3-9b81-74a5cb59507a 04fe6b9ebf1146c9ba98d6c81f21c0a8 d41e3d15f88240908f5db89980e0b107 - - default default] Successfully bumped revision number for resource b7a7081e-6767-417a-9acd-d94c8a2f625d (type: security_group_rules) to 0
2026-02-26 20:16:16.109 10 INFO neutron.wsgi [None req-4406e9a6-1ab3-43b3-9b81-74a5cb59507a 04fe6b9ebf1146c9ba98d6c81f21c0a8 d41e3d15f88240908f5db89980e0b107 - - default default] 10.0.0.10 "POST /v2.0/security-group-rules HTTP/1.1" status: 201 len: 769 time: 0.1885657
2026-02-26 20:16:16.131 10 INFO neutron.wsgi [None req-c60f13b5-0994-451a-9963-a8e4486689ed 04fe6b9ebf1146c9ba98d6c81f21c0a8 d41e3d15f88240908f5db89980e0b107 - - default default] 10.0.0.10 "GET /v2.0/security-group-rules/b7a7081e-6767-417a-9acd-d94c8a2f625d HTTP/1.1" status: 200 len: 764 time: 0.0168879
2026-02-26 20:16:16.179 10 INFO neutron.wsgi [None req-a8ecf988-6d41-47a4-8f76-ccdd2bdfdba0 04fe6b9ebf1146c9ba98d6c81f21c0a8 d41e3d15f88240908f5db89980e0b107 - - default default] 10.0.0.10 "GET /v2.0/security-group-rules HTTP/1.1" status: 200 len: 4114 time: 0.0418456
2026-02-26 20:16:16.236 10 INFO neutron.wsgi [None req-1603b67b-9e43-4409-9d01-73bb19116414 e3c0bfc700924ce084421af3fee0b456 7bb10ce3ad284bc88eb9ea9068dbeb21 - - default default] 10.0.0.10 "DELETE /v2.0/security-groups/97a3fbb8-f4f0-4dc3-8f10-9d31b9499ec1 HTTP/1.1" status: 204 len: 168 time: 0.2541213
2026-02-26 20:16:16.275 10 INFO neutron.plugins.ml2.drivers.ovn.mech_driver.mech_driver [None req-4fd76493-d3e6-48bf-be69-a7591e9358ab - - - - - -] OVN reports status up for port: 66848c3f-9315-4341-89e3-75505f00239a
2026-02-26 20:16:16.283 10 INFO neutron.plugins.ml2.plugin [None req-4fd76493-d3e6-48bf-be69-a7591e9358ab - - - - - -] Attempt 1 to provision port 66848c3f-9315-4341-89e3-75505f00239a
2026-02-26 20:16:16.300 9 INFO neutron.db.ovn_revision_numbers_db [None req-1796613c-fc68-45d4-a76f-73979399e146 d9295ff667794eda9cfe3001bceb4c3a bd2cc6cb16c843f5b1b14a5feccb0c91 - - default default] Successfully bumped revision number for resource 66848c3f-9315-4341-89e3-75505f00239a (type: router_ports) to 1
2026-02-26 20:16:16.336 10 INFO neutron.wsgi [None req-ab53b24e-30db-4c41-9b7f-1c07a3b8f9de 04fe6b9ebf1146c9ba98d6c81f21c0a8 d41e3d15f88240908f5db89980e0b107 - - default default] 10.0.0.10 "DELETE /v2.0/security-group-rules/b7a7081e-6767-417a-9acd-d94c8a2f625d HTTP/1.1" status: 204 len: 168 time: 0.1492639
2026-02-26 20:16:16.393 10 INFO neutron.wsgi [None req-ece5206b-b509-4ab1-84f5-2d3f8a2206c7 04fe6b9ebf1146c9ba98d6c81f21c0a8 d41e3d15f88240908f5db89980e0b107 - - default default] 10.0.0.10 "GET /v2.0/security-group-rules HTTP/1.1" status: 200 len: 3567 time: 0.0441954
2026-02-26 20:16:16.429 9 INFO neutron.db.ovn_revision_numbers_db [None req-1796613c-fc68-45d4-a76f-73979399e146 d9295ff667794eda9cfe3001bceb4c3a bd2cc6cb16c843f5b1b14a5feccb0c91 - - default default] Successfully bumped revision number for resource 66848c3f-9315-4341-89e3-75505f00239a (type: ports) to 1
2026-02-26 20:16:16.514 9 INFO neutron.db.ovn_revision_numbers_db [None req-8b560ebf-9068-4fed-a0c6-10885843de97 e3c0bfc700924ce084421af3fee0b456 7bb10ce3ad284bc88eb9ea9068dbeb21 - - default default] Successfully bumped revision number for resource 154cd179-ec58-489d-bb17-38871176e0fe (type: security_groups) to 1
2026-02-26 20:16:16.523 9 WARNING neutron.scheduler.dhcp_agent_scheduler [None req-1796613c-fc68-45d4-a76f-73979399e146 d9295ff667794eda9cfe3001bceb4c3a bd2cc6cb16c843f5b1b14a5feccb0c91 - - default default] No more DHCP agents
2026-02-26 20:16:16.526 9 WARNING neutron.api.rpc.agentnotifiers.dhcp_rpc_agent_api [None req-1796613c-fc68-45d4-a76f-73979399e146 d9295ff667794eda9cfe3001bceb4c3a bd2cc6cb16c843f5b1b14a5feccb0c91 - - default default] Unable to schedule network 35bb0848-d794-4a49-956d-68e408d0bce2: no agents available; will retry on subsequent port and subnet creation events.
2026-02-26 20:16:16.550 9 INFO neutron.db.ovn_revision_numbers_db [None req-8b560ebf-9068-4fed-a0c6-10885843de97 e3c0bfc700924ce084421af3fee0b456 7bb10ce3ad284bc88eb9ea9068dbeb21 - - default default] Successfully bumped revision number for resource 16d2bdc5-1eea-4f95-b7de-af662374f887 (type: security_group_rules) to 0
2026-02-26 20:16:16.586 9 INFO neutron.wsgi [None req-0a49ffed-4b58-4252-a356-1ba5d5c6a373 04fe6b9ebf1146c9ba98d6c81f21c0a8 d41e3d15f88240908f5db89980e0b107 - - default default] 10.0.0.10 "DELETE /v2.0/security-groups/efc0087f-1f6c-4daa-bb71-f3ec3348bb50 HTTP/1.1" status: 204 len: 168 time: 0.1875751
2026-02-26 20:16:16.590 9 INFO neutron.db.ovn_revision_numbers_db [None req-8b560ebf-9068-4fed-a0c6-10885843de97 e3c0bfc700924ce084421af3fee0b456 7bb10ce3ad284bc88eb9ea9068dbeb21 - - default default] Successfully bumped revision number for resource 408437aa-4939-4a7b-b720-3aab0d1d758a (type: security_group_rules) to 0
2026-02-26 20:16:16.591 10 INFO neutron.db.ovn_revision_numbers_db [None req-4fd76493-d3e6-48bf-be69-a7591e9358ab - - - - - -] Successfully bumped revision number for resource 66848c3f-9315-4341-89e3-75505f00239a (type: ports) to 2
2026-02-26 20:16:16.613 9 INFO neutron.db.ovn_revision_numbers_db [None req-8b560ebf-9068-4fed-a0c6-10885843de97 e3c0bfc700924ce084421af3fee0b456 7bb10ce3ad284bc88eb9ea9068dbeb21 - - default default] Successfully bumped revision number for resource c2413e05-c496-4503-8e74-28170bfff085 (type: security_group_rules) to 0
2026-02-26 20:16:16.635 9 INFO neutron.db.ovn_revision_numbers_db [None req-8b560ebf-9068-4fed-a0c6-10885843de97 e3c0bfc700924ce084421af3fee0b456 7bb10ce3ad284bc88eb9ea9068dbeb21 - - default default] Successfully bumped revision number for resource c392bc82-bc9d-4b26-9afe-78c3b82c7955 (type: security_group_rules) to 0
2026-02-26 20:16:16.647 10 INFO neutron.wsgi [None req-df20c5fa-4047-4728-adde-9084ae4040ac 04fe6b9ebf1146c9ba98d6c81f21c0a8 d41e3d15f88240908f5db89980e0b107 - - default default] 10.0.0.10 "GET /v2.0/security-groups HTTP/1.1" status: 200 len: 2996 time: 0.0545342
2026-02-26 20:16:16.682 9 INFO neutron.wsgi [None req-8b560ebf-9068-4fed-a0c6-10885843de97 e3c0bfc700924ce084421af3fee0b456 7bb10ce3ad284bc88eb9ea9068dbeb21 - - default default] 10.0.0.10 "GET /v2.0/security-groups?tenant_id=42dbd943fffa4f96927013ac062883ed&name=default HTTP/1.1" status: 200 len: 2996 time: 0.3284895
2026-02-26 20:16:16.745 10 INFO neutron.wsgi [None req-eb353fb0-ceeb-4b36-94ec-1bb7e83a04d8 04fe6b9ebf1146c9ba98d6c81f21c0a8 d41e3d15f88240908f5db89980e0b107 - - default default] 10.0.0.10 "GET /v2.0/security-groups HTTP/1.1" status: 200 len: 2996 time: 0.0817707
2026-02-26 20:16:16.772 9 INFO neutron.db.ovn_revision_numbers_db [None req-1796613c-fc68-45d4-a76f-73979399e146 d9295ff667794eda9cfe3001bceb4c3a bd2cc6cb16c843f5b1b14a5feccb0c91 - - default default] Successfully bumped revision number for resource 66848c3f-9315-4341-89e3-75505f00239a (type: router_ports) to 2
2026-02-26 20:16:16.775 9 INFO neutron.wsgi [None req-1796613c-fc68-45d4-a76f-73979399e146 d9295ff667794eda9cfe3001bceb4c3a bd2cc6cb16c843f5b1b14a5feccb0c91 - - default default] 10.0.0.10 "PUT /v2.0/routers/ecb32df1-8724-4883-a005-21220e117758/add_router_interface HTTP/1.1" status: 200 len: 503 time: 1.5245755
2026-02-26 20:16:16.819 10 INFO neutron.wsgi [None req-ec5e1a0b-50fe-4e54-abd0-f0f5c690e7b2 d9295ff667794eda9cfe3001bceb4c3a bd2cc6cb16c843f5b1b14a5feccb0c91 - - default default] 10.0.0.10 "GET /v2.0/ports/66848c3f-9315-4341-89e3-75505f00239a HTTP/1.1" status: 200 len: 1141 time: 0.0387743
2026-02-26 20:16:16.936 9 INFO neutron.wsgi [None req-b0a65ada-d94e-49e4-bc01-78f192044181 e3c0bfc700924ce084421af3fee0b456 7bb10ce3ad284bc88eb9ea9068dbeb21 - - default default] 10.0.0.10 "DELETE /v2.0/security-groups/154cd179-ec58-489d-bb17-38871176e0fe HTTP/1.1" status: 204 len: 168 time: 0.2492700
2026-02-26 20:16:17.459 10 WARNING neutron.scheduler.dhcp_agent_scheduler [None req-0fe44c45-d1be-4d3f-9d17-85d0b6dd8678 d9295ff667794eda9cfe3001bceb4c3a bd2cc6cb16c843f5b1b14a5feccb0c91 - - default default] No more DHCP agents
2026-02-26 20:16:17.461 10 WARNING neutron.api.rpc.agentnotifiers.dhcp_rpc_agent_api [None req-0fe44c45-d1be-4d3f-9d17-85d0b6dd8678 d9295ff667794eda9cfe3001bceb4c3a bd2cc6cb16c843f5b1b14a5feccb0c91 - - default default] Unable to schedule network 297dc57b-f1ba-4a3d-bd85-d988c45d89ae: no agents available; will retry on subsequent port and subnet creation events.
2026-02-26 20:16:17.564 9 INFO neutron.wsgi [None req-a5af3534-e620-4ab3-81f1-2495d7238e8d e3c0bfc700924ce084421af3fee0b456 7bb10ce3ad284bc88eb9ea9068dbeb21 - - default default] 10.0.0.10 "GET /v2.0/security-groups?tenant_id=d41e3d15f88240908f5db89980e0b107&name=default HTTP/1.1" status: 200 len: 2996 time: 0.2623615
2026-02-26 20:16:17.589 10 INFO neutron.db.ovn_revision_numbers_db [None req-0fe44c45-d1be-4d3f-9d17-85d0b6dd8678 d9295ff667794eda9cfe3001bceb4c3a bd2cc6cb16c843f5b1b14a5feccb0c91 - - default default] Successfully bumped revision number for resource d87314b9-721c-4205-9dda-a21156fedeb0 (type: ports) to 1
2026-02-26 20:16:17.820 9 INFO neutron.wsgi [None req-9604dcde-a25b-4f10-afa3-09cba5986450 e3c0bfc700924ce084421af3fee0b456 7bb10ce3ad284bc88eb9ea9068dbeb21 - - default default] 10.0.0.10 "DELETE /v2.0/security-groups/c550b697-711e-49cb-b8fc-1991eaffb4da HTTP/1.1" status: 204 len: 168 time: 0.2496769
2026-02-26 20:16:18.125 10 INFO neutron.db.ovn_revision_numbers_db [None req-0fe44c45-d1be-4d3f-9d17-85d0b6dd8678 d9295ff667794eda9cfe3001bceb4c3a bd2cc6cb16c843f5b1b14a5feccb0c91 - - default default] Successfully bumped revision number for resource d87314b9-721c-4205-9dda-a21156fedeb0 (type: router_ports) to 1
2026-02-26 20:16:18.244 10 INFO neutron.db.ovn_revision_numbers_db [None req-0fe44c45-d1be-4d3f-9d17-85d0b6dd8678 d9295ff667794eda9cfe3001bceb4c3a bd2cc6cb16c843f5b1b14a5feccb0c91 - - default default] Successfully bumped revision number for resource d87314b9-721c-4205-9dda-a21156fedeb0 (type: ports) to 1
2026-02-26 20:16:18.313 10 WARNING neutron.scheduler.dhcp_agent_scheduler [None req-0fe44c45-d1be-4d3f-9d17-85d0b6dd8678 d9295ff667794eda9cfe3001bceb4c3a bd2cc6cb16c843f5b1b14a5feccb0c91 - - default default] No more DHCP agents
2026-02-26 20:16:18.314 10 WARNING neutron.api.rpc.agentnotifiers.dhcp_rpc_agent_api [None req-0fe44c45-d1be-4d3f-9d17-85d0b6dd8678 d9295ff667794eda9cfe3001bceb4c3a bd2cc6cb16c843f5b1b14a5feccb0c91 - - default default] Unable to schedule network 297dc57b-f1ba-4a3d-bd85-d988c45d89ae: no agents available; will retry on subsequent port and subnet creation events.
2026-02-26 20:16:18.517 10 INFO neutron.db.ovn_revision_numbers_db [None req-0fe44c45-d1be-4d3f-9d17-85d0b6dd8678 d9295ff667794eda9cfe3001bceb4c3a bd2cc6cb16c843f5b1b14a5feccb0c91 - - default default] Successfully bumped revision number for resource d87314b9-721c-4205-9dda-a21156fedeb0 (type: router_ports) to 1
2026-02-26 20:16:18.520 10 INFO neutron.wsgi [None req-0fe44c45-d1be-4d3f-9d17-85d0b6dd8678 d9295ff667794eda9cfe3001bceb4c3a bd2cc6cb16c843f5b1b14a5feccb0c91 - - default default] 10.0.0.10 "PUT /v2.0/routers/ecb32df1-8724-4883-a005-21220e117758/add_router_interface HTTP/1.1" status: 200 len: 503 time: 1.6939602
2026-02-26 20:16:18.565 10 INFO neutron.wsgi [None req-44f680ea-1fbd-4a79-8034-870384fd5552 d9295ff667794eda9cfe3001bceb4c3a bd2cc6cb16c843f5b1b14a5feccb0c91 - - default default] 10.0.0.10 "GET /v2.0/ports/d87314b9-721c-4205-9dda-a21156fedeb0 HTTP/1.1" status: 200 len: 1147 time: 0.0365324
2026-02-26 20:16:18.627 10 INFO neutron.wsgi [None req-1ae232e7-ecb5-4036-8259-e2de83e2540e d9295ff667794eda9cfe3001bceb4c3a bd2cc6cb16c843f5b1b14a5feccb0c91 - - default default] 10.0.0.10 "GET /v2.0/ports/d87314b9-721c-4205-9dda-a21156fedeb0 HTTP/1.1" status: 200 len: 1147 time: 0.0534463
2026-02-26 20:16:19.567 9 INFO neutron.wsgi [-] 10.0.0.13 "GET / HTTP/1.1" status: 200 len: 247 time: 0.0028021
2026-02-26 20:16:19.567 10 INFO neutron.wsgi [-] 10.0.0.13 "GET / HTTP/1.1" status: 200 len: 247 time: 0.0024564
2026-02-26 20:16:19.697 10 INFO neutron.wsgi [None req-a00edd17-658a-4181-9c78-6c5a09181295 d9295ff667794eda9cfe3001bceb4c3a bd2cc6cb16c843f5b1b14a5feccb0c91 - - default default] 10.0.0.10 "GET /v2.0/ports/d87314b9-721c-4205-9dda-a21156fedeb0 HTTP/1.1" status: 200 len: 1147 time: 0.0637534
2026-02-26 20:16:19.701 10 INFO neutron.wsgi [-] 10.0.0.10 "GET / HTTP/1.1" status: 200 len: 279 time: 0.0016201
2026-02-26 20:16:19.979 10 INFO neutron.wsgi [None req-61c46e2c-f076-4d7b-8dff-51c11001d528 01384bdf8ed1453b9640e11bfedf2a96 6e95bc847cae4c12a5a7715a58a4d7c6 - - default default] 10.0.0.10 "GET /v2.0/ HTTP/1.1" status: 200 len: 826 time: 0.2724679
