2026-02-26 20:14:21.990 10 INFO neutron.db.ovn_revision_numbers_db [None req-aba372f1-d12a-4e3d-8a58-297c9897799f e3c0bfc700924ce084421af3fee0b456 7bb10ce3ad284bc88eb9ea9068dbeb21 - - default default] Successfully bumped revision number for resource fe858657-9554-49f4-9919-e7769b8a0475 (type: router_ports) to 1
2026-02-26 20:14:22.000 10 INFO neutron.db.ovn_revision_numbers_db [None req-4de36c76-9c4d-4e1b-b44d-6638c4947d7a e3c0bfc700924ce084421af3fee0b456 7bb10ce3ad284bc88eb9ea9068dbeb21 - - default default] Successfully bumped revision number for resource 5a48ce1d-3ce2-4d94-90c3-abb99a767f3a (type: security_group_rules) to 0
2026-02-26 20:14:22.059 10 INFO neutron.db.ovn_revision_numbers_db [None req-4de36c76-9c4d-4e1b-b44d-6638c4947d7a e3c0bfc700924ce084421af3fee0b456 7bb10ce3ad284bc88eb9ea9068dbeb21 - - default default] Successfully bumped revision number for resource 89d9958c-a992-41c1-9309-0d54c116fd9a (type: security_group_rules) to 0
2026-02-26 20:14:22.106 10 INFO neutron.db.ovn_revision_numbers_db [None req-4de36c76-9c4d-4e1b-b44d-6638c4947d7a e3c0bfc700924ce084421af3fee0b456 7bb10ce3ad284bc88eb9ea9068dbeb21 - - default default] Successfully bumped revision number for resource a32002cf-29d9-4fb8-80c2-3d1677cc464f (type: security_group_rules) to 0
2026-02-26 20:14:22.149 9 WARNING neutron.scheduler.dhcp_agent_scheduler [None req-cefd308a-6f21-4377-997b-d2dbd3ca256c e3c0bfc700924ce084421af3fee0b456 7bb10ce3ad284bc88eb9ea9068dbeb21 - - default default] No more DHCP agents
2026-02-26 20:14:22.152 9 WARNING neutron.api.rpc.agentnotifiers.dhcp_rpc_agent_api [None req-cefd308a-6f21-4377-997b-d2dbd3ca256c e3c0bfc700924ce084421af3fee0b456 7bb10ce3ad284bc88eb9ea9068dbeb21 - - default default] Unable to schedule network cfe6ec45-4cef-4dcc-b113-cc60f5f55a99: no agents available; will retry on subsequent port and subnet creation events.
2026-02-26 20:14:22.159 10 INFO neutron.db.ovn_revision_numbers_db [None req-4de36c76-9c4d-4e1b-b44d-6638c4947d7a e3c0bfc700924ce084421af3fee0b456 7bb10ce3ad284bc88eb9ea9068dbeb21 - - default default] Successfully bumped revision number for resource f7d95cc9-67e4-4c6c-bff0-da215ae1ce0e (type: security_group_rules) to 0
2026-02-26 20:14:22.160 10 INFO neutron.db.ovn_revision_numbers_db [None req-aba372f1-d12a-4e3d-8a58-297c9897799f e3c0bfc700924ce084421af3fee0b456 7bb10ce3ad284bc88eb9ea9068dbeb21 - - default default] Successfully bumped revision number for resource 1974a161-efb6-4732-8195-657f72f43af6 (type: routers) to 2
2026-02-26 20:14:22.194 10 INFO neutron.wsgi [None req-aba372f1-d12a-4e3d-8a58-297c9897799f e3c0bfc700924ce084421af3fee0b456 7bb10ce3ad284bc88eb9ea9068dbeb21 - - default default] 10.0.0.10 "POST /v2.0/routers HTTP/1.1" status: 201 len: 878 time: 2.1914949
2026-02-26 20:14:22.219 10 INFO neutron.db.segments_db [None req-4de36c76-9c4d-4e1b-b44d-6638c4947d7a e3c0bfc700924ce084421af3fee0b456 7bb10ce3ad284bc88eb9ea9068dbeb21 - - default default] Added segment 9a6e9df8-8e56-495f-ac50-ec8c51f17c70 of type geneve for network c720d5b0-3de6-4f6b-b0f5-b54ba7d9e862
2026-02-26 20:14:22.313 9 INFO neutron.db.ovn_revision_numbers_db [None req-cefd308a-6f21-4377-997b-d2dbd3ca256c e3c0bfc700924ce084421af3fee0b456 7bb10ce3ad284bc88eb9ea9068dbeb21 - - default default] Successfully bumped revision number for resource f2768b96-6183-460a-aff9-c97209f8192e (type: ports) to 1
2026-02-26 20:14:22.542 10 INFO neutron.db.ovn_revision_numbers_db [None req-4de36c76-9c4d-4e1b-b44d-6638c4947d7a e3c0bfc700924ce084421af3fee0b456 7bb10ce3ad284bc88eb9ea9068dbeb21 - - default default] Successfully bumped revision number for resource c720d5b0-3de6-4f6b-b0f5-b54ba7d9e862 (type: networks) to 1
2026-02-26 20:14:22.616 9 INFO neutron.plugins.ml2.drivers.ovn.mech_driver.ovsdb.ovsdb_monitor [-] Router 5ed8d1db-929b-4832-899f-a44e856cc3a5 is bound to host instance
2026-02-26 20:14:22.656 10 INFO neutron.db.ovn_revision_numbers_db [None req-032c9695-4899-4213-bf56-f087614c1adc e3c0bfc700924ce084421af3fee0b456 7bb10ce3ad284bc88eb9ea9068dbeb21 - - default default] Successfully bumped revision number for resource b896c45f-a3ea-4cb0-917c-0d84d0aac4db (type: router_ports) to 1
2026-02-26 20:14:22.673 10 INFO neutron.db.ovn_revision_numbers_db [None req-fdd7a8fa-f254-421f-a490-0c8a29c9eacb - - - - - -] Successfully bumped revision number for resource bb5c2daf-3a28-4c72-9eaf-a532bc95f30d (type: ports) to 1
2026-02-26 20:14:22.763 10 INFO neutron.db.ovn_revision_numbers_db [None req-032c9695-4899-4213-bf56-f087614c1adc e3c0bfc700924ce084421af3fee0b456 7bb10ce3ad284bc88eb9ea9068dbeb21 - - default default] Successfully bumped revision number for resource 5ed8d1db-929b-4832-899f-a44e856cc3a5 (type: routers) to 2
2026-02-26 20:14:22.786 10 INFO neutron.wsgi [None req-032c9695-4899-4213-bf56-f087614c1adc e3c0bfc700924ce084421af3fee0b456 7bb10ce3ad284bc88eb9ea9068dbeb21 - - default default] 10.0.0.10 "POST /v2.0/routers HTTP/1.1" status: 201 len: 881 time: 2.3068814
2026-02-26 20:14:22.805 10 WARNING neutron.scheduler.dhcp_agent_scheduler [None req-4de36c76-9c4d-4e1b-b44d-6638c4947d7a e3c0bfc700924ce084421af3fee0b456 7bb10ce3ad284bc88eb9ea9068dbeb21 - - default default] No more DHCP agents
2026-02-26 20:14:22.809 10 WARNING neutron.api.rpc.agentnotifiers.dhcp_rpc_agent_api [None req-4de36c76-9c4d-4e1b-b44d-6638c4947d7a e3c0bfc700924ce084421af3fee0b456 7bb10ce3ad284bc88eb9ea9068dbeb21 - - default default] Unable to schedule network c720d5b0-3de6-4f6b-b0f5-b54ba7d9e862: no agents available; will retry on subsequent port and subnet creation events.
2026-02-26 20:14:22.914 10 INFO neutron.db.ovn_revision_numbers_db [None req-4de36c76-9c4d-4e1b-b44d-6638c4947d7a e3c0bfc700924ce084421af3fee0b456 7bb10ce3ad284bc88eb9ea9068dbeb21 - - default default] Successfully bumped revision number for resource 0eb8b78b-8154-486f-be52-8174606d1dff (type: ports) to 1
2026-02-26 20:14:22.959 10 INFO neutron.wsgi [None req-4de36c76-9c4d-4e1b-b44d-6638c4947d7a e3c0bfc700924ce084421af3fee0b456 7bb10ce3ad284bc88eb9ea9068dbeb21 - - default default] 10.0.0.10 "POST /v2.0/networks HTTP/1.1" status: 201 len: 953 time: 1.6543939
2026-02-26 20:14:23.056 9 WARNING neutron.scheduler.dhcp_agent_scheduler [None req-b7593bef-ba9c-4d08-8224-43cb1a8feca9 e3c0bfc700924ce084421af3fee0b456 7bb10ce3ad284bc88eb9ea9068dbeb21 - - default default] No more DHCP agents
2026-02-26 20:14:23.073 9 WARNING neutron.api.rpc.agentnotifiers.dhcp_rpc_agent_api [None req-b7593bef-ba9c-4d08-8224-43cb1a8feca9 e3c0bfc700924ce084421af3fee0b456 7bb10ce3ad284bc88eb9ea9068dbeb21 - - default default] Unable to schedule network 610d6e14-b8e3-4c80-a800-9e1ffd0ce20e: no agents available; will retry on subsequent port and subnet creation events.
2026-02-26 20:14:23.106 10 INFO neutron.db.ovn_revision_numbers_db [None req-fdd7a8fa-f254-421f-a490-0c8a29c9eacb - - - - - -] Successfully bumped revision number for resource bb5c2daf-3a28-4c72-9eaf-a532bc95f30d (type: router_ports) to 3
2026-02-26 20:14:23.156 10 WARNING neutron.scheduler.dhcp_agent_scheduler [None req-dc5c627c-2eef-4363-9530-ea4196cdd010 e3c0bfc700924ce084421af3fee0b456 7bb10ce3ad284bc88eb9ea9068dbeb21 - - default default] No more DHCP agents
2026-02-26 20:14:23.161 10 WARNING neutron.api.rpc.agentnotifiers.dhcp_rpc_agent_api [None req-dc5c627c-2eef-4363-9530-ea4196cdd010 e3c0bfc700924ce084421af3fee0b456 7bb10ce3ad284bc88eb9ea9068dbeb21 - - default default] Unable to schedule network c720d5b0-3de6-4f6b-b0f5-b54ba7d9e862: no agents available; will retry on subsequent port and subnet creation events.
2026-02-26 20:14:23.228 9 INFO neutron.db.ovn_revision_numbers_db [None req-cefd308a-6f21-4377-997b-d2dbd3ca256c e3c0bfc700924ce084421af3fee0b456 7bb10ce3ad284bc88eb9ea9068dbeb21 - - default default] Successfully bumped revision number for resource f2768b96-6183-460a-aff9-c97209f8192e (type: router_ports) to 1
2026-02-26 20:14:23.374 10 INFO neutron.db.ovn_revision_numbers_db [None req-fdd7a8fa-f254-421f-a490-0c8a29c9eacb - - - - - -] Successfully bumped revision number for resource bb5c2daf-3a28-4c72-9eaf-a532bc95f30d (type: ports) to 2
2026-02-26 20:14:23.394 9 INFO neutron.db.ovn_revision_numbers_db [None req-b7593bef-ba9c-4d08-8224-43cb1a8feca9 e3c0bfc700924ce084421af3fee0b456 7bb10ce3ad284bc88eb9ea9068dbeb21 - - default default] Successfully bumped revision number for resource 3c65c42a-9205-4d73-b964-197b56ae6ed9 (type: ports) to 1
2026-02-26 20:14:23.705 10 INFO neutron.db.ovn_revision_numbers_db [None req-fdd7a8fa-f254-421f-a490-0c8a29c9eacb - - - - - -] Successfully bumped revision number for resource bb5c2daf-3a28-4c72-9eaf-a532bc95f30d (type: ports) to 4
2026-02-26 20:14:23.731 9 INFO neutron.db.ovn_revision_numbers_db [None req-cefd308a-6f21-4377-997b-d2dbd3ca256c e3c0bfc700924ce084421af3fee0b456 7bb10ce3ad284bc88eb9ea9068dbeb21 - - default default] Successfully bumped revision number for resource f2768b96-6183-460a-aff9-c97209f8192e (type: ports) to 1
2026-02-26 20:14:23.841 10 INFO neutron.db.ovn_revision_numbers_db [None req-dc5c627c-2eef-4363-9530-ea4196cdd010 e3c0bfc700924ce084421af3fee0b456 7bb10ce3ad284bc88eb9ea9068dbeb21 - - default default] Successfully bumped revision number for resource 0eb8b78b-8154-486f-be52-8174606d1dff (type: ports) to 2
2026-02-26 20:14:23.884 10 INFO neutron.db.ovn_revision_numbers_db [None req-dc5c627c-2eef-4363-9530-ea4196cdd010 e3c0bfc700924ce084421af3fee0b456 7bb10ce3ad284bc88eb9ea9068dbeb21 - - default default] Successfully bumped revision number for resource 69126919-cea2-4e54-a05f-edc7b5212581 (type: subnets) to 0
2026-02-26 20:14:23.895 9 WARNING neutron.scheduler.dhcp_agent_scheduler [None req-d4737421-1610-40d5-b861-cb51abe9d9fc e3c0bfc700924ce084421af3fee0b456 7bb10ce3ad284bc88eb9ea9068dbeb21 - - default default] No more DHCP agents
2026-02-26 20:14:23.897 9 WARNING neutron.scheduler.dhcp_agent_scheduler [None req-cefd308a-6f21-4377-997b-d2dbd3ca256c e3c0bfc700924ce084421af3fee0b456 7bb10ce3ad284bc88eb9ea9068dbeb21 - - default default] No more DHCP agents
2026-02-26 20:14:23.898 10 INFO neutron.wsgi [None req-dc5c627c-2eef-4363-9530-ea4196cdd010 e3c0bfc700924ce084421af3fee0b456 7bb10ce3ad284bc88eb9ea9068dbeb21 - - default default] 10.0.0.10 "POST /v2.0/subnets HTTP/1.1" status: 201 len: 874 time: 0.9329813
2026-02-26 20:14:23.901 9 WARNING neutron.api.rpc.agentnotifiers.dhcp_rpc_agent_api [None req-d4737421-1610-40d5-b861-cb51abe9d9fc e3c0bfc700924ce084421af3fee0b456 7bb10ce3ad284bc88eb9ea9068dbeb21 - - default default] Unable to schedule network aaeb1993-5929-4140-b3e2-3208d9cd0abf: no agents available; will retry on subsequent port and subnet creation events.
2026-02-26 20:14:23.905 9 WARNING neutron.api.rpc.agentnotifiers.dhcp_rpc_agent_api [None req-cefd308a-6f21-4377-997b-d2dbd3ca256c e3c0bfc700924ce084421af3fee0b456 7bb10ce3ad284bc88eb9ea9068dbeb21 - - default default] Unable to schedule network cfe6ec45-4cef-4dcc-b113-cc60f5f55a99: no agents available; will retry on subsequent port and subnet creation events.
2026-02-26 20:14:23.979 9 INFO neutron.db.ovn_revision_numbers_db [None req-a8d75589-98d4-4e02-ba2f-f38d039414a1 - - - - - -] Successfully bumped revision number for resource b896c45f-a3ea-4cb0-917c-0d84d0aac4db (type: ports) to 1
2026-02-26 20:14:24.019 10 INFO neutron.db.ovn_revision_numbers_db [None req-fdd7a8fa-f254-421f-a490-0c8a29c9eacb - - - - - -] Successfully bumped revision number for resource bb5c2daf-3a28-4c72-9eaf-a532bc95f30d (type: router_ports) to 4
2026-02-26 20:14:24.051 10 INFO neutron.plugins.ml2.drivers.ovn.mech_driver.ovsdb.ovsdb_monitor [None req-fdd7a8fa-f254-421f-a490-0c8a29c9eacb - - - - - -] Router 1974a161-efb6-4732-8195-657f72f43af6 is bound to host instance
2026-02-26 20:14:24.258 9 INFO neutron.db.ovn_revision_numbers_db [None req-d4737421-1610-40d5-b861-cb51abe9d9fc e3c0bfc700924ce084421af3fee0b456 7bb10ce3ad284bc88eb9ea9068dbeb21 - - default default] Successfully bumped revision number for resource 9b1891fa-386d-4ed9-8c44-740cef288f50 (type: ports) to 1
2026-02-26 20:14:24.529 10 WARNING neutron.scheduler.dhcp_agent_scheduler [None req-a4ab61ac-705b-473f-9201-24fe79e9e697 e3c0bfc700924ce084421af3fee0b456 7bb10ce3ad284bc88eb9ea9068dbeb21 - - default default] No more DHCP agents
2026-02-26 20:14:24.533 10 WARNING neutron.api.rpc.agentnotifiers.dhcp_rpc_agent_api [None req-a4ab61ac-705b-473f-9201-24fe79e9e697 e3c0bfc700924ce084421af3fee0b456 7bb10ce3ad284bc88eb9ea9068dbeb21 - - default default] Unable to schedule network 5d0d5061-7456-40d8-8c50-ef877587a22f: no agents available; will retry on subsequent port and subnet creation events.
2026-02-26 20:14:24.698 10 INFO neutron.db.ovn_revision_numbers_db [None req-a4ab61ac-705b-473f-9201-24fe79e9e697 e3c0bfc700924ce084421af3fee0b456 7bb10ce3ad284bc88eb9ea9068dbeb21 - - default default] Successfully bumped revision number for resource 513f75d9-5784-4272-ac34-0b9354ad6b45 (type: ports) to 1
2026-02-26 20:14:24.844 10 INFO neutron.db.ovn_revision_numbers_db [None req-fdd7a8fa-f254-421f-a490-0c8a29c9eacb - - - - - -] Successfully bumped revision number for resource fe858657-9554-49f4-9919-e7769b8a0475 (type: ports) to 1
2026-02-26 20:14:24.850 9 INFO neutron.db.ovn_revision_numbers_db [None req-b7593bef-ba9c-4d08-8224-43cb1a8feca9 e3c0bfc700924ce084421af3fee0b456 7bb10ce3ad284bc88eb9ea9068dbeb21 - - default default] Successfully bumped revision number for resource 3c65c42a-9205-4d73-b964-197b56ae6ed9 (type: router_ports) to 1
2026-02-26 20:14:24.901 9 INFO neutron.db.ovn_revision_numbers_db [None req-a8d75589-98d4-4e02-ba2f-f38d039414a1 - - - - - -] Successfully bumped revision number for resource b896c45f-a3ea-4cb0-917c-0d84d0aac4db (type: router_ports) to 3
2026-02-26 20:14:24.968 10 INFO neutron.plugins.ml2.drivers.ovn.mech_driver.mech_driver [None req-4fd76493-d3e6-48bf-be69-a7591e9358ab - - - - - -] OVN reports status up for port: b896c45f-a3ea-4cb0-917c-0d84d0aac4db
2026-02-26 20:14:24.991 10 INFO neutron.plugins.ml2.plugin [None req-4fd76493-d3e6-48bf-be69-a7591e9358ab - - - - - -] Attempt 1 to provision port b896c45f-a3ea-4cb0-917c-0d84d0aac4db
2026-02-26 20:14:25.207 9 INFO neutron.db.ovn_revision_numbers_db [None req-b7593bef-ba9c-4d08-8224-43cb1a8feca9 e3c0bfc700924ce084421af3fee0b456 7bb10ce3ad284bc88eb9ea9068dbeb21 - - default default] Successfully bumped revision number for resource 3c65c42a-9205-4d73-b964-197b56ae6ed9 (type: ports) to 1
2026-02-26 20:14:25.300 9 INFO neutron.db.ovn_revision_numbers_db [None req-a8d75589-98d4-4e02-ba2f-f38d039414a1 - - - - - -] Successfully bumped revision number for resource b896c45f-a3ea-4cb0-917c-0d84d0aac4db (type: ports) to 2
2026-02-26 20:14:25.391 9 WARNING neutron.scheduler.dhcp_agent_scheduler [None req-b7593bef-ba9c-4d08-8224-43cb1a8feca9 e3c0bfc700924ce084421af3fee0b456 7bb10ce3ad284bc88eb9ea9068dbeb21 - - default default] No more DHCP agents
2026-02-26 20:14:25.393 9 WARNING neutron.api.rpc.agentnotifiers.dhcp_rpc_agent_api [None req-b7593bef-ba9c-4d08-8224-43cb1a8feca9 e3c0bfc700924ce084421af3fee0b456 7bb10ce3ad284bc88eb9ea9068dbeb21 - - default default] Unable to schedule network 610d6e14-b8e3-4c80-a800-9e1ffd0ce20e: no agents available; will retry on subsequent port and subnet creation events.
2026-02-26 20:14:25.512 10 INFO neutron.db.ovn_revision_numbers_db [None req-fdd7a8fa-f254-421f-a490-0c8a29c9eacb - - - - - -] Successfully bumped revision number for resource fe858657-9554-49f4-9919-e7769b8a0475 (type: router_ports) to 3
2026-02-26 20:14:25.586 10 INFO neutron.db.ovn_revision_numbers_db [None req-4fd76493-d3e6-48bf-be69-a7591e9358ab - - - - - -] Successfully bumped revision number for resource b896c45f-a3ea-4cb0-917c-0d84d0aac4db (type: ports) to 4
2026-02-26 20:14:25.709 9 INFO neutron.plugins.ml2.drivers.ovn.mech_driver.ovsdb.ovsdb_monitor [None req-a8d75589-98d4-4e02-ba2f-f38d039414a1 - - - - - -] Router 4775b8c8-664a-48c1-b45d-ecb3bcc9f40b is bound to host instance
2026-02-26 20:14:25.713 9 INFO neutron.plugins.ml2.drivers.ovn.mech_driver.mech_driver [None req-f1686c4d-0e2c-46ea-a85f-56026a21d606 - - - - - -] OVN reports status up for port: 513f75d9-5784-4272-ac34-0b9354ad6b45
2026-02-26 20:14:25.721 10 INFO neutron.db.ovn_revision_numbers_db [None req-a4ab61ac-705b-473f-9201-24fe79e9e697 e3c0bfc700924ce084421af3fee0b456 7bb10ce3ad284bc88eb9ea9068dbeb21 - - default default] Successfully bumped revision number for resource 513f75d9-5784-4272-ac34-0b9354ad6b45 (type: router_ports) to 1
2026-02-26 20:14:25.753 9 INFO neutron.plugins.ml2.plugin [None req-f1686c4d-0e2c-46ea-a85f-56026a21d606 - - - - - -] Attempt 1 to provision port 513f75d9-5784-4272-ac34-0b9354ad6b45
2026-02-26 20:14:25.763 10 INFO neutron.db.ovn_revision_numbers_db [None req-fdd7a8fa-f254-421f-a490-0c8a29c9eacb - - - - - -] Successfully bumped revision number for resource fe858657-9554-49f4-9919-e7769b8a0475 (type: ports) to 2
2026-02-26 20:14:25.831 10 INFO neutron.db.ovn_revision_numbers_db [None req-a4ab61ac-705b-473f-9201-24fe79e9e697 e3c0bfc700924ce084421af3fee0b456 7bb10ce3ad284bc88eb9ea9068dbeb21 - - default default] Successfully bumped revision number for resource 4775b8c8-664a-48c1-b45d-ecb3bcc9f40b (type: routers) to 2
2026-02-26 20:14:25.865 10 INFO neutron.wsgi [None req-a4ab61ac-705b-473f-9201-24fe79e9e697 e3c0bfc700924ce084421af3fee0b456 7bb10ce3ad284bc88eb9ea9068dbeb21 - - default default] 10.0.0.10 "POST /v2.0/routers HTTP/1.1" status: 201 len: 885 time: 1.9587018
2026-02-26 20:14:25.981 9 INFO neutron.db.ovn_revision_numbers_db [None req-d4737421-1610-40d5-b861-cb51abe9d9fc e3c0bfc700924ce084421af3fee0b456 7bb10ce3ad284bc88eb9ea9068dbeb21 - - default default] Successfully bumped revision number for resource 9b1891fa-386d-4ed9-8c44-740cef288f50 (type: router_ports) to 1
2026-02-26 20:14:26.030 9 INFO neutron.db.ovn_revision_numbers_db [None req-cefd308a-6f21-4377-997b-d2dbd3ca256c e3c0bfc700924ce084421af3fee0b456 7bb10ce3ad284bc88eb9ea9068dbeb21 - - default default] Successfully bumped revision number for resource f2768b96-6183-460a-aff9-c97209f8192e (type: router_ports) to 1
2026-02-26 20:14:26.032 9 INFO neutron.wsgi [None req-cefd308a-6f21-4377-997b-d2dbd3ca256c e3c0bfc700924ce084421af3fee0b456 7bb10ce3ad284bc88eb9ea9068dbeb21 - - default default] 10.0.0.10 "PUT /v2.0/routers/567fe5c7-76ec-4764-92de-9e657a53f005/add_router_interface HTTP/1.1" status: 200 len: 503 time: 4.3028300
2026-02-26 20:14:26.141 10 INFO neutron.db.ovn_revision_numbers_db [None req-4fd76493-d3e6-48bf-be69-a7591e9358ab - - - - - -] Successfully bumped revision number for resource b896c45f-a3ea-4cb0-917c-0d84d0aac4db (type: router_ports) to 4
2026-02-26 20:14:26.215 10 INFO neutron.plugins.ml2.drivers.ovn.mech_driver.mech_driver [None req-4fd76493-d3e6-48bf-be69-a7591e9358ab - - - - - -] OVN reports status up for port: f2768b96-6183-460a-aff9-c97209f8192e
2026-02-26 20:14:26.238 10 INFO neutron.plugins.ml2.plugin [None req-4fd76493-d3e6-48bf-be69-a7591e9358ab - - - - - -] Attempt 1 to provision port f2768b96-6183-460a-aff9-c97209f8192e
2026-02-26 20:14:26.256 9 INFO neutron.db.ovn_revision_numbers_db [None req-d4737421-1610-40d5-b861-cb51abe9d9fc e3c0bfc700924ce084421af3fee0b456 7bb10ce3ad284bc88eb9ea9068dbeb21 - - default default] Successfully bumped revision number for resource 9b1891fa-386d-4ed9-8c44-740cef288f50 (type: ports) to 1
2026-02-26 20:14:26.332 10 INFO neutron.db.ovn_revision_numbers_db [None req-fdd7a8fa-f254-421f-a490-0c8a29c9eacb - - - - - -] Successfully bumped revision number for resource fe858657-9554-49f4-9919-e7769b8a0475 (type: ports) to 4
2026-02-26 20:14:26.391 9 WARNING neutron.scheduler.dhcp_agent_scheduler [None req-d4737421-1610-40d5-b861-cb51abe9d9fc e3c0bfc700924ce084421af3fee0b456 7bb10ce3ad284bc88eb9ea9068dbeb21 - - default default] No more DHCP agents
2026-02-26 20:14:26.396 9 WARNING neutron.api.rpc.agentnotifiers.dhcp_rpc_agent_api [None req-d4737421-1610-40d5-b861-cb51abe9d9fc e3c0bfc700924ce084421af3fee0b456 7bb10ce3ad284bc88eb9ea9068dbeb21 - - default default] Unable to schedule network aaeb1993-5929-4140-b3e2-3208d9cd0abf: no agents available; will retry on subsequent port and subnet creation events.
2026-02-26 20:14:26.717 10 WARNING neutron.scheduler.dhcp_agent_scheduler [None req-60bd0e1a-6003-4081-86cc-b714c04c8c59 e3c0bfc700924ce084421af3fee0b456 7bb10ce3ad284bc88eb9ea9068dbeb21 - - default default] No more DHCP agents
2026-02-26 20:14:26.730 10 WARNING neutron.api.rpc.agentnotifiers.dhcp_rpc_agent_api [None req-60bd0e1a-6003-4081-86cc-b714c04c8c59 e3c0bfc700924ce084421af3fee0b456 7bb10ce3ad284bc88eb9ea9068dbeb21 - - default default] Unable to schedule network c720d5b0-3de6-4f6b-b0f5-b54ba7d9e862: no agents available; will retry on subsequent port and subnet creation events.
2026-02-26 20:14:26.779 10 INFO neutron.db.ovn_revision_numbers_db [None req-4fd76493-d3e6-48bf-be69-a7591e9358ab - - - - - -] Successfully bumped revision number for resource f2768b96-6183-460a-aff9-c97209f8192e (type: ports) to 2
2026-02-26 20:14:26.792 9 INFO neutron.db.ovn_revision_numbers_db [None req-a8d75589-98d4-4e02-ba2f-f38d039414a1 - - - - - -] Successfully bumped revision number for resource 513f75d9-5784-4272-ac34-0b9354ad6b45 (type: ports) to 1
2026-02-26 20:14:26.827 10 INFO neutron.db.ovn_revision_numbers_db [None req-fdd7a8fa-f254-421f-a490-0c8a29c9eacb - - - - - -] Successfully bumped revision number for resource fe858657-9554-49f4-9919-e7769b8a0475 (type: router_ports) to 4
2026-02-26 20:14:26.881 10 INFO neutron.db.ovn_revision_numbers_db [None req-b7383d0e-efd7-4b4e-b969-b32c800806af 583275966ae14166b36a5bff06dd2e36 b255fd082d57483484a04d64704fe94b - - default default] Successfully bumped revision number for resource 59dd164c-a8c0-49dd-8601-9affb2d74bb7 (type: security_groups) to 1
2026-02-26 20:14:27.002 10 INFO neutron.db.ovn_revision_numbers_db [None req-b7383d0e-efd7-4b4e-b969-b32c800806af 583275966ae14166b36a5bff06dd2e36 b255fd082d57483484a04d64704fe94b - - default default] Successfully bumped revision number for resource 36df0da7-bcc8-4feb-80f9-47ed4dfe2b02 (type: security_group_rules) to 0
2026-02-26 20:14:27.027 10 INFO neutron.db.ovn_revision_numbers_db [None req-b7383d0e-efd7-4b4e-b969-b32c800806af 583275966ae14166b36a5bff06dd2e36 b255fd082d57483484a04d64704fe94b - - default default] Successfully bumped revision number for resource d8a70fad-ad16-401c-939f-c00454442df1 (type: security_group_rules) to 0
2026-02-26 20:14:27.073 10 INFO neutron.wsgi [None req-b7383d0e-efd7-4b4e-b969-b32c800806af 583275966ae14166b36a5bff06dd2e36 b255fd082d57483484a04d64704fe94b - - default default] 10.0.0.10 "POST /v2.0/security-groups HTTP/1.1" status: 201 len: 1794 time: 0.4773057
2026-02-26 20:14:27.079 10 INFO neutron.db.ovn_revision_numbers_db [None req-60bd0e1a-6003-4081-86cc-b714c04c8c59 e3c0bfc700924ce084421af3fee0b456 7bb10ce3ad284bc88eb9ea9068dbeb21 - - default default] Successfully bumped revision number for resource ad033120-15ff-4012-b775-3ea66066cfb3 (type: ports) to 1
2026-02-26 20:14:27.133 9 INFO neutron.db.ovn_revision_numbers_db [None req-b7593bef-ba9c-4d08-8224-43cb1a8feca9 e3c0bfc700924ce084421af3fee0b456 7bb10ce3ad284bc88eb9ea9068dbeb21 - - default default] Successfully bumped revision number for resource 3c65c42a-9205-4d73-b964-197b56ae6ed9 (type: router_ports) to 1
2026-02-26 20:14:27.135 9 INFO neutron.wsgi [None req-b7593bef-ba9c-4d08-8224-43cb1a8feca9 e3c0bfc700924ce084421af3fee0b456 7bb10ce3ad284bc88eb9ea9068dbeb21 - - default default] 10.0.0.10 "PUT /v2.0/routers/1974a161-efb6-4732-8195-657f72f43af6/add_router_interface HTTP/1.1" status: 200 len: 503 time: 4.9245620
2026-02-26 20:14:27.146 10 INFO neutron.db.ovn_revision_numbers_db [None req-4fd76493-d3e6-48bf-be69-a7591e9358ab - - - - - -] Successfully bumped revision number for resource f2768b96-6183-460a-aff9-c97209f8192e (type: router_ports) to 2
2026-02-26 20:14:27.279 9 INFO neutron.db.ovn_revision_numbers_db [None req-a8d75589-98d4-4e02-ba2f-f38d039414a1 - - - - - -] Successfully bumped revision number for resource 513f75d9-5784-4272-ac34-0b9354ad6b45 (type: router_ports) to 3
2026-02-26 20:14:27.342 10 INFO neutron.db.ovn_revision_numbers_db [None req-7d2c5895-5266-45b2-8d19-bf9cde7bb783 583275966ae14166b36a5bff06dd2e36 b255fd082d57483484a04d64704fe94b - - default default] Successfully bumped revision number for resource ba023b84-6ef9-4fe4-9487-8ce4df5e46ba (type: security_group_rules) to 0
2026-02-26 20:14:27.373 10 INFO neutron.wsgi [None req-7d2c5895-5266-45b2-8d19-bf9cde7bb783 583275966ae14166b36a5bff06dd2e36 b255fd082d57483484a04d64704fe94b - - default default] 10.0.0.10 "POST /v2.0/security-group-rules HTTP/1.1" status: 201 len: 764 time: 0.2923148
2026-02-26 20:14:27.549 10 INFO neutron.db.ovn_revision_numbers_db [None req-2cbb2238-5e00-41c1-aaf5-4808fab6bdfc 583275966ae14166b36a5bff06dd2e36 b255fd082d57483484a04d64704fe94b - - default default] Successfully bumped revision number for resource d3dd4b62-6795-4487-8a4b-e5422e2cea40 (type: security_group_rules) to 0
2026-02-26 20:14:27.592 10 INFO neutron.wsgi [None req-2cbb2238-5e00-41c1-aaf5-4808fab6bdfc 583275966ae14166b36a5bff06dd2e36 b255fd082d57483484a04d64704fe94b - - default default] 10.0.0.10 "POST /v2.0/security-group-rules HTTP/1.1" status: 201 len: 769 time: 0.2119548
2026-02-26 20:14:27.702 9 INFO neutron.db.ovn_revision_numbers_db [None req-a8d75589-98d4-4e02-ba2f-f38d039414a1 - - - - - -] Successfully bumped revision number for resource 513f75d9-5784-4272-ac34-0b9354ad6b45 (type: ports) to 2
2026-02-26 20:14:27.715 10 INFO neutron.db.ovn_revision_numbers_db [None req-60bd0e1a-6003-4081-86cc-b714c04c8c59 e3c0bfc700924ce084421af3fee0b456 7bb10ce3ad284bc88eb9ea9068dbeb21 - - default default] Successfully bumped revision number for resource ad033120-15ff-4012-b775-3ea66066cfb3 (type: router_ports) to 1
2026-02-26 20:14:27.850 9 INFO neutron.db.ovn_revision_numbers_db [None req-d4737421-1610-40d5-b861-cb51abe9d9fc e3c0bfc700924ce084421af3fee0b456 7bb10ce3ad284bc88eb9ea9068dbeb21 - - default default] Successfully bumped revision number for resource 9b1891fa-386d-4ed9-8c44-740cef288f50 (type: router_ports) to 1
2026-02-26 20:14:27.852 9 INFO neutron.wsgi [None req-d4737421-1610-40d5-b861-cb51abe9d9fc e3c0bfc700924ce084421af3fee0b456 7bb10ce3ad284bc88eb9ea9068dbeb21 - - default default] 10.0.0.10 "PUT /v2.0/routers/5ed8d1db-929b-4832-899f-a44e856cc3a5/add_router_interface HTTP/1.1" status: 200 len: 503 time: 5.0587401
2026-02-26 20:14:27.873 10 INFO neutron.db.ovn_revision_numbers_db [None req-60bd0e1a-6003-4081-86cc-b714c04c8c59 e3c0bfc700924ce084421af3fee0b456 7bb10ce3ad284bc88eb9ea9068dbeb21 - - default default] Successfully bumped revision number for resource ad033120-15ff-4012-b775-3ea66066cfb3 (type: ports) to 1
2026-02-26 20:14:28.010 9 INFO neutron.db.ovn_revision_numbers_db [None req-a8d75589-98d4-4e02-ba2f-f38d039414a1 - - - - - -] Successfully bumped revision number for resource 513f75d9-5784-4272-ac34-0b9354ad6b45 (type: ports) to 4
2026-02-26 20:14:28.040 10 WARNING neutron.scheduler.dhcp_agent_scheduler [None req-9167fd63-6801-432d-9101-a7f28bf3df98 583275966ae14166b36a5bff06dd2e36 b255fd082d57483484a04d64704fe94b - - default default] No more DHCP agents
2026-02-26 20:14:28.044 10 WARNING neutron.api.rpc.agentnotifiers.dhcp_rpc_agent_api [None req-9167fd63-6801-432d-9101-a7f28bf3df98 583275966ae14166b36a5bff06dd2e36 b255fd082d57483484a04d64704fe94b - - default default] Unable to schedule network 5d0d5061-7456-40d8-8c50-ef877587a22f: no agents available; will retry on subsequent port and subnet creation events.
2026-02-26 20:14:28.060 10 WARNING neutron.scheduler.dhcp_agent_scheduler [None req-60bd0e1a-6003-4081-86cc-b714c04c8c59 e3c0bfc700924ce084421af3fee0b456 7bb10ce3ad284bc88eb9ea9068dbeb21 - - default default] No more DHCP agents
2026-02-26 20:14:28.064 10 WARNING neutron.api.rpc.agentnotifiers.dhcp_rpc_agent_api [None req-60bd0e1a-6003-4081-86cc-b714c04c8c59 e3c0bfc700924ce084421af3fee0b456 7bb10ce3ad284bc88eb9ea9068dbeb21 - - default default] Unable to schedule network c720d5b0-3de6-4f6b-b0f5-b54ba7d9e862: no agents available; will retry on subsequent port and subnet creation events.
2026-02-26 20:14:28.223 9 INFO neutron.db.ovn_revision_numbers_db [req-a572f631-cf6e-4b88-bdcf-d1d5eab2e72e req-5eea19d2-a146-4166-8fe3-97c2c9e04039 d66c6c14b3e44b0497e617becd2602d4 042f54b8d2ac4e57a5661978e62579de - - default default] Successfully bumped revision number for resource bbf46ac5-ed54-4dc9-ad7f-f6a6b83e0176 (type: security_groups) to 1
2026-02-26 20:14:28.248 9 INFO neutron.db.ovn_revision_numbers_db [req-a572f631-cf6e-4b88-bdcf-d1d5eab2e72e req-5eea19d2-a146-4166-8fe3-97c2c9e04039 d66c6c14b3e44b0497e617becd2602d4 042f54b8d2ac4e57a5661978e62579de - - default default] Successfully bumped revision number for resource abae10e0-2eb2-49c2-8c88-e952f16f8ca6 (type: security_group_rules) to 0
2026-02-26 20:14:28.267 9 INFO neutron.db.ovn_revision_numbers_db [req-a572f631-cf6e-4b88-bdcf-d1d5eab2e72e req-5eea19d2-a146-4166-8fe3-97c2c9e04039 d66c6c14b3e44b0497e617becd2602d4 042f54b8d2ac4e57a5661978e62579de - - default default] Successfully bumped revision number for resource b58c30dc-d26d-4cce-aba1-aee510144287 (type: security_group_rules) to 0
2026-02-26 20:14:28.305 9 INFO neutron.wsgi [req-a572f631-cf6e-4b88-bdcf-d1d5eab2e72e req-5eea19d2-a146-4166-8fe3-97c2c9e04039 d66c6c14b3e44b0497e617becd2602d4 042f54b8d2ac4e57a5661978e62579de - - default default] 10.0.0.246 "POST /v2.0/security-groups HTTP/1.1" status: 201 len: 1823 time: 0.3246799
2026-02-26 20:14:28.359 9 INFO neutron.db.ovn_revision_numbers_db [None req-a8d75589-98d4-4e02-ba2f-f38d039414a1 - - - - - -] Successfully bumped revision number for resource 513f75d9-5784-4272-ac34-0b9354ad6b45 (type: router_ports) to 4
2026-02-26 20:14:28.431 10 INFO neutron.db.ovn_revision_numbers_db [None req-9167fd63-6801-432d-9101-a7f28bf3df98 583275966ae14166b36a5bff06dd2e36 b255fd082d57483484a04d64704fe94b - - default default] Successfully bumped revision number for resource faf1ed33-59d6-40af-99d8-af96b67a4e54 (type: floatingips) to 0
2026-02-26 20:14:28.456 10 INFO neutron.wsgi [None req-9167fd63-6801-432d-9101-a7f28bf3df98 583275966ae14166b36a5bff06dd2e36 b255fd082d57483484a04d64704fe94b - - default default] 10.0.0.10 "POST /v2.0/floatingips HTTP/1.1" status: 201 len: 751 time: 0.8558290
2026-02-26 20:14:28.526 9 INFO neutron.db.ovn_revision_numbers_db [req-e7b5c923-0421-433f-9fb4-b0fab5b16db6 req-21dc8801-6500-4102-a36b-64d154dd186d d66c6c14b3e44b0497e617becd2602d4 042f54b8d2ac4e57a5661978e62579de - - default default] Successfully bumped revision number for resource 806b97fb-9687-46e2-a302-920f5e321aaa (type: security_groups) to 1
2026-02-26 20:14:28.553 9 INFO neutron.db.ovn_revision_numbers_db [req-e7b5c923-0421-433f-9fb4-b0fab5b16db6 req-21dc8801-6500-4102-a36b-64d154dd186d d66c6c14b3e44b0497e617becd2602d4 042f54b8d2ac4e57a5661978e62579de - - default default] Successfully bumped revision number for resource 918d7a7c-d932-43eb-a703-d26dc3030a3e (type: security_group_rules) to 0
2026-02-26 20:14:28.571 9 INFO neutron.db.ovn_revision_numbers_db [req-e7b5c923-0421-433f-9fb4-b0fab5b16db6 req-21dc8801-6500-4102-a36b-64d154dd186d d66c6c14b3e44b0497e617becd2602d4 042f54b8d2ac4e57a5661978e62579de - - default default] Successfully bumped revision number for resource 997df67e-f8b0-4328-b4fd-acf23152bb42 (type: security_group_rules) to 0
2026-02-26 20:14:28.591 9 INFO neutron.wsgi [req-e7b5c923-0421-433f-9fb4-b0fab5b16db6 req-21dc8801-6500-4102-a36b-64d154dd186d d66c6c14b3e44b0497e617becd2602d4 042f54b8d2ac4e57a5661978e62579de - - default default] 10.0.0.246 "POST /v2.0/security-groups HTTP/1.1" status: 201 len: 1822 time: 0.2616889
2026-02-26 20:14:28.746 9 INFO neutron.db.ovn_revision_numbers_db [req-072fd009-a877-48fe-918f-f9fd148c42a6 req-dc5bf29d-71c4-4ca6-8980-21b5275b0fda d66c6c14b3e44b0497e617becd2602d4 042f54b8d2ac4e57a5661978e62579de - - default default] Successfully bumped revision number for resource b5223d6e-254d-4a27-869d-3154b6ada282 (type: security_groups) to 1
2026-02-26 20:14:28.769 9 INFO neutron.db.ovn_revision_numbers_db [req-072fd009-a877-48fe-918f-f9fd148c42a6 req-dc5bf29d-71c4-4ca6-8980-21b5275b0fda d66c6c14b3e44b0497e617becd2602d4 042f54b8d2ac4e57a5661978e62579de - - default default] Successfully bumped revision number for resource a824a1fb-5cf1-4c10-b7d5-e4f031f40b82 (type: security_group_rules) to 0
2026-02-26 20:14:28.785 9 INFO neutron.db.ovn_revision_numbers_db [req-072fd009-a877-48fe-918f-f9fd148c42a6 req-dc5bf29d-71c4-4ca6-8980-21b5275b0fda d66c6c14b3e44b0497e617becd2602d4 042f54b8d2ac4e57a5661978e62579de - - default default] Successfully bumped revision number for resource ae63bb00-d374-4707-bedb-9040220aaf99 (type: security_group_rules) to 0
2026-02-26 20:14:28.807 9 INFO neutron.wsgi [req-072fd009-a877-48fe-918f-f9fd148c42a6 req-dc5bf29d-71c4-4ca6-8980-21b5275b0fda d66c6c14b3e44b0497e617becd2602d4 042f54b8d2ac4e57a5661978e62579de - - default default] 10.0.0.246 "POST /v2.0/security-groups HTTP/1.1" status: 201 len: 1822 time: 0.1887023
2026-02-26 20:14:28.834 10 INFO neutron.db.ovn_revision_numbers_db [req-36e0716a-e9fe-4372-818f-42a842c17ec6 req-a03b33b8-5f7e-463c-b717-a118fb6f89c4 1b159aefc9fe4965ac870c1d08670644 5024ba018e60480186ff5fcf78bdfe66 - - default default] Successfully bumped revision number for resource 5d3dc650-725a-4c79-a027-04b0c065a06e (type: security_groups) to 1
2026-02-26 20:14:28.855 10 INFO neutron.db.ovn_revision_numbers_db [req-36e0716a-e9fe-4372-818f-42a842c17ec6 req-a03b33b8-5f7e-463c-b717-a118fb6f89c4 1b159aefc9fe4965ac870c1d08670644 5024ba018e60480186ff5fcf78bdfe66 - - default default] Successfully bumped revision number for resource 1a13615e-d858-4ade-b070-2023332570a8 (type: security_group_rules) to 0
2026-02-26 20:14:28.872 10 INFO neutron.db.ovn_revision_numbers_db [req-36e0716a-e9fe-4372-818f-42a842c17ec6 req-a03b33b8-5f7e-463c-b717-a118fb6f89c4 1b159aefc9fe4965ac870c1d08670644 5024ba018e60480186ff5fcf78bdfe66 - - default default] Successfully bumped revision number for resource 3b09fd64-8bba-4971-bcaa-944f99a0c62e (type: security_group_rules) to 0
2026-02-26 20:14:28.900 10 INFO neutron.wsgi [req-36e0716a-e9fe-4372-818f-42a842c17ec6 req-a03b33b8-5f7e-463c-b717-a118fb6f89c4 1b159aefc9fe4965ac870c1d08670644 5024ba018e60480186ff5fcf78bdfe66 - - default default] 10.0.0.246 "POST /v2.0/security-groups HTTP/1.1" status: 201 len: 1827 time: 0.2702143
2026-02-26 20:14:28.903 9 INFO neutron.wsgi [req-ac838573-56ee-4bde-9df5-5072f2ea91c3 req-a80008ba-cfa4-4711-83a0-5c972e0c48b2 d66c6c14b3e44b0497e617becd2602d4 042f54b8d2ac4e57a5661978e62579de - - default default] 10.0.0.246 "GET /v2.0/security-groups?tenant_id=042f54b8d2ac4e57a5661978e62579de HTTP/1.1" status: 200 len: 7795 time: 0.0594978
2026-02-26 20:14:28.944 9 INFO neutron.wsgi [req-ac838573-56ee-4bde-9df5-5072f2ea91c3 req-7b4c1973-e20a-4efd-b494-ae5a56499791 d66c6c14b3e44b0497e617becd2602d4 042f54b8d2ac4e57a5661978e62579de - - default default] 10.0.0.246 "GET /v2.0/security-groups/337f4eec-4ba8-4e1f-86a3-b23b2c812652 HTTP/1.1" status: 200 len: 2994 time: 0.0338976
2026-02-26 20:14:28.992 9 INFO neutron.wsgi [req-ac838573-56ee-4bde-9df5-5072f2ea91c3 req-97008392-2e14-4cb4-9935-c217342a9210 d66c6c14b3e44b0497e617becd2602d4 042f54b8d2ac4e57a5661978e62579de - - default default] 10.0.0.246 "GET /v2.0/security-groups/337f4eec-4ba8-4e1f-86a3-b23b2c812652 HTTP/1.1" status: 200 len: 2994 time: 0.0409791
2026-02-26 20:14:28.998 10 INFO neutron.wsgi [req-a0183a29-0ac5-44f7-a196-288ba34bc618 req-73b01513-92c8-443a-ba3c-788765c4cf39 1b159aefc9fe4965ac870c1d08670644 5024ba018e60480186ff5fcf78bdfe66 - - default default] 10.0.0.246 "GET /v2.0/security-groups/5d3dc650-725a-4c79-a027-04b0c065a06e HTTP/1.1" status: 200 len: 1822 time: 0.0681117
2026-02-26 20:14:28.999 10 INFO neutron.db.ovn_revision_numbers_db [None req-60bd0e1a-6003-4081-86cc-b714c04c8c59 e3c0bfc700924ce084421af3fee0b456 7bb10ce3ad284bc88eb9ea9068dbeb21 - - default default] Successfully bumped revision number for resource ad033120-15ff-4012-b775-3ea66066cfb3 (type: router_ports) to 1
2026-02-26 20:14:29.001 10 INFO neutron.wsgi [None req-60bd0e1a-6003-4081-86cc-b714c04c8c59 e3c0bfc700924ce084421af3fee0b456 7bb10ce3ad284bc88eb9ea9068dbeb21 - - default default] 10.0.0.10 "PUT /v2.0/routers/4775b8c8-664a-48c1-b45d-ecb3bcc9f40b/add_router_interface HTTP/1.1" status: 200 len: 503 time: 3.1291077
2026-02-26 20:14:29.067 9 INFO neutron.wsgi [req-0117c141-bf63-4ac9-8ecb-8befc961d8c8 req-b2adc7a0-ec3b-419d-a197-455ecdc4dd98 d66c6c14b3e44b0497e617becd2602d4 042f54b8d2ac4e57a5661978e62579de - - default default] 10.0.0.246 "GET /v2.0/security-groups/bbf46ac5-ed54-4dc9-ad7f-f6a6b83e0176 HTTP/1.1" status: 200 len: 1818 time: 0.0495281
2026-02-26 20:14:29.277 9 INFO neutron.wsgi [req-0117c141-bf63-4ac9-8ecb-8befc961d8c8 req-558444d7-dd26-4516-b049-da9c5c75de70 d66c6c14b3e44b0497e617becd2602d4 042f54b8d2ac4e57a5661978e62579de - - default default] 10.0.0.246 "DELETE /v2.0/security-groups/bbf46ac5-ed54-4dc9-ad7f-f6a6b83e0176 HTTP/1.1" status: 204 len: 173 time: 0.2013919
2026-02-26 20:14:29.283 10 INFO neutron.db.ovn_revision_numbers_db [req-a0183a29-0ac5-44f7-a196-288ba34bc618 req-b98d0c91-df43-457b-ac6d-1b7d1f53ab6d 1b159aefc9fe4965ac870c1d08670644 5024ba018e60480186ff5fcf78bdfe66 - - default default] Successfully bumped revision number for resource 2f27e299-3643-4145-8882-c95901b43ac0 (type: security_group_rules) to 0
2026-02-26 20:14:29.315 9 INFO neutron.api.v2.resource [req-27599f4d-6e34-43c3-9d5d-fdce5cac391d req-8ba8ed80-12ce-4cab-88c6-ed726bc3e8c2 d66c6c14b3e44b0497e617becd2602d4 042f54b8d2ac4e57a5661978e62579de - - default default] show failed (client error): The resource could not be found.
2026-02-26 20:14:29.316 9 INFO neutron.wsgi [req-27599f4d-6e34-43c3-9d5d-fdce5cac391d req-8ba8ed80-12ce-4cab-88c6-ed726bc3e8c2 d66c6c14b3e44b0497e617becd2602d4 042f54b8d2ac4e57a5661978e62579de - - default default] 10.0.0.246 "GET /v2.0/security-groups/bbf46ac5-ed54-4dc9-ad7f-f6a6b83e0176 HTTP/1.1" status: 404 len: 352 time: 0.0167835
2026-02-26 20:14:29.371 9 INFO neutron.wsgi [req-fb0b5701-b829-49a0-b52b-d71c938bbb90 req-2d622c55-1b7c-4393-b51f-00fec28c3c7d d66c6c14b3e44b0497e617becd2602d4 042f54b8d2ac4e57a5661978e62579de - - default default] 10.0.0.246 "GET /v2.0/security-groups/806b97fb-9687-46e2-a302-920f5e321aaa HTTP/1.1" status: 200 len: 1817 time: 0.0326881
2026-02-26 20:14:29.385 10 INFO neutron.wsgi [req-a0183a29-0ac5-44f7-a196-288ba34bc618 req-b98d0c91-df43-457b-ac6d-1b7d1f53ab6d 1b159aefc9fe4965ac870c1d08670644 5024ba018e60480186ff5fcf78bdfe66 - - default default] 10.0.0.246 "POST /v2.0/security-group-rules HTTP/1.1" status: 201 len: 786 time: 0.3782070
2026-02-26 20:14:29.562 9 INFO neutron.wsgi [req-fb0b5701-b829-49a0-b52b-d71c938bbb90 req-8802d115-54bf-426d-9b0e-7a49f473e486 d66c6c14b3e44b0497e617becd2602d4 042f54b8d2ac4e57a5661978e62579de - - default default] 10.0.0.246 "DELETE /v2.0/security-groups/806b97fb-9687-46e2-a302-920f5e321aaa HTTP/1.1" status: 204 len: 173 time: 0.1829376
2026-02-26 20:14:29.664 10 INFO neutron.db.ovn_revision_numbers_db [req-03da65ea-b515-40b7-8627-d941d16a4e20 req-4aa1177a-4081-42fe-91dc-b40c80c9d92b 1b159aefc9fe4965ac870c1d08670644 5024ba018e60480186ff5fcf78bdfe66 - - default default] Successfully bumped revision number for resource a0e29981-3faf-45bc-8f9e-5920926cc592 (type: security_groups) to 1
2026-02-26 20:14:29.733 10 INFO neutron.db.ovn_revision_numbers_db [req-03da65ea-b515-40b7-8627-d941d16a4e20 req-4aa1177a-4081-42fe-91dc-b40c80c9d92b 1b159aefc9fe4965ac870c1d08670644 5024ba018e60480186ff5fcf78bdfe66 - - default default] Successfully bumped revision number for resource b50173c3-cb02-4adf-b146-ac775ed287c4 (type: security_group_rules) to 0
2026-02-26 20:14:29.737 9 INFO neutron.api.v2.resource [req-50067a4d-cc3b-4ddc-8d81-bee78f451bf2 req-7d697820-1fc0-41ab-8ff9-cba7dcf4a806 d66c6c14b3e44b0497e617becd2602d4 042f54b8d2ac4e57a5661978e62579de - - default default] show failed (client error): The resource could not be found.
2026-02-26 20:14:29.738 9 INFO neutron.wsgi [req-50067a4d-cc3b-4ddc-8d81-bee78f451bf2 req-7d697820-1fc0-41ab-8ff9-cba7dcf4a806 d66c6c14b3e44b0497e617becd2602d4 042f54b8d2ac4e57a5661978e62579de - - default default] 10.0.0.246 "GET /v2.0/security-groups/806b97fb-9687-46e2-a302-920f5e321aaa HTTP/1.1" status: 404 len: 352 time: 0.0348923
2026-02-26 20:14:29.787 9 INFO neutron.wsgi [req-7b2b657d-fb93-4517-b2c1-520085488bcc req-d5f64ace-e564-42ae-8b17-e35de9d61e98 d66c6c14b3e44b0497e617becd2602d4 042f54b8d2ac4e57a5661978e62579de - - default default] 10.0.0.246 "GET /v2.0/security-groups/b5223d6e-254d-4a27-869d-3154b6ada282 HTTP/1.1" status: 200 len: 1817 time: 0.0313110
2026-02-26 20:14:29.811 10 INFO neutron.db.ovn_revision_numbers_db [req-03da65ea-b515-40b7-8627-d941d16a4e20 req-4aa1177a-4081-42fe-91dc-b40c80c9d92b 1b159aefc9fe4965ac870c1d08670644 5024ba018e60480186ff5fcf78bdfe66 - - default default] Successfully bumped revision number for resource ce26c12e-c49c-4225-aee3-74cecee5c3d1 (type: security_group_rules) to 0
2026-02-26 20:14:29.875 10 INFO neutron.wsgi [req-03da65ea-b515-40b7-8627-d941d16a4e20 req-4aa1177a-4081-42fe-91dc-b40c80c9d92b 1b159aefc9fe4965ac870c1d08670644 5024ba018e60480186ff5fcf78bdfe66 - - default default] 10.0.0.246 "POST /v2.0/security-groups HTTP/1.1" status: 201 len: 1827 time: 0.4644287
2026-02-26 20:14:29.952 9 INFO neutron.db.ovn_revision_numbers_db [None req-0c90e2a0-3e3e-45f7-b030-541dc0fa8a5b 1ee5a45cd0e74cfe8e8fd9eeffca0a6e 4ac5eb4a51c04003b726304193560c2f - - default default] Successfully bumped revision number for resource 46549f50-57a4-40e6-a0c6-82695d6b661e (type: security_groups) to 1
2026-02-26 20:14:29.959 10 INFO neutron.wsgi [req-896b1fb5-737d-4df1-b71f-ab8fe5587d7c req-3ac35ceb-bc2c-49ed-bbad-683ab1096841 1b159aefc9fe4965ac870c1d08670644 5024ba018e60480186ff5fcf78bdfe66 - - default default] 10.0.0.246 "GET /v2.0/security-groups/a0e29981-3faf-45bc-8f9e-5920926cc592 HTTP/1.1" status: 200 len: 1822 time: 0.0536773
2026-02-26 20:14:29.967 9 INFO neutron.wsgi [req-7b2b657d-fb93-4517-b2c1-520085488bcc req-c76c0797-5776-45fe-8529-84abfd3a17f3 d66c6c14b3e44b0497e617becd2602d4 042f54b8d2ac4e57a5661978e62579de - - default default] 10.0.0.246 "DELETE /v2.0/security-groups/b5223d6e-254d-4a27-869d-3154b6ada282 HTTP/1.1" status: 204 len: 173 time: 0.1725390
2026-02-26 20:14:29.974 9 INFO neutron.db.ovn_revision_numbers_db [None req-0c90e2a0-3e3e-45f7-b030-541dc0fa8a5b 1ee5a45cd0e74cfe8e8fd9eeffca0a6e 4ac5eb4a51c04003b726304193560c2f - - default default] Successfully bumped revision number for resource 3bcf8304-5aab-4609-bb9c-441fe476dacb (type: security_group_rules) to 0
2026-02-26 20:14:29.986 9 INFO neutron.db.ovn_revision_numbers_db [None req-0c90e2a0-3e3e-45f7-b030-541dc0fa8a5b 1ee5a45cd0e74cfe8e8fd9eeffca0a6e 4ac5eb4a51c04003b726304193560c2f - - default default] Successfully bumped revision number for resource a77000ca-b5ef-46b2-9026-13fc0b096c6a (type: security_group_rules) to 0
2026-02-26 20:14:30.008 9 INFO neutron.api.v2.resource [req-40963e98-57da-49b8-8456-e2ec0cd31f33 req-4fbd7874-8da7-4e97-a2ef-fdfe1b1983ab d66c6c14b3e44b0497e617becd2602d4 042f54b8d2ac4e57a5661978e62579de - - default default] show failed (client error): The resource could not be found.
2026-02-26 20:14:30.009 9 INFO neutron.wsgi [req-40963e98-57da-49b8-8456-e2ec0cd31f33 req-4fbd7874-8da7-4e97-a2ef-fdfe1b1983ab d66c6c14b3e44b0497e617becd2602d4 042f54b8d2ac4e57a5661978e62579de - - default default] 10.0.0.246 "GET /v2.0/security-groups/b5223d6e-254d-4a27-869d-3154b6ada282 HTTP/1.1" status: 404 len: 352 time: 0.0211105
2026-02-26 20:14:30.011 9 INFO neutron.wsgi [None req-0c90e2a0-3e3e-45f7-b030-541dc0fa8a5b 1ee5a45cd0e74cfe8e8fd9eeffca0a6e 4ac5eb4a51c04003b726304193560c2f - - default default] 10.0.0.10 "POST /v2.0/security-groups HTTP/1.1" status: 201 len: 1795 time: 0.3090510
2026-02-26 20:14:30.074 9 INFO neutron.wsgi [req-c107bab7-e7d9-45f1-82cf-a7e16158822b req-060d0df8-e5b6-4604-8ed7-96b2ddec3ffb d66c6c14b3e44b0497e617becd2602d4 042f54b8d2ac4e57a5661978e62579de - - default default] 10.0.0.246 "GET /v2.0/security-groups?tenant_id=042f54b8d2ac4e57a5661978e62579de HTTP/1.1" status: 200 len: 2997 time: 0.0426586
2026-02-26 20:14:30.097 10 INFO neutron.db.ovn_revision_numbers_db [req-896b1fb5-737d-4df1-b71f-ab8fe5587d7c req-ca83973f-25c0-4d38-a8a0-9b750563919c 1b159aefc9fe4965ac870c1d08670644 5024ba018e60480186ff5fcf78bdfe66 - - default default] Successfully bumped revision number for resource c52ee32b-276f-4d4b-8ecb-95a1c0acd919 (type: security_group_rules) to 0
2026-02-26 20:14:30.117 9 INFO neutron.wsgi [req-c107bab7-e7d9-45f1-82cf-a7e16158822b req-51857962-a5b9-4db7-8a61-6fd6d1dcf951 d66c6c14b3e44b0497e617becd2602d4 042f54b8d2ac4e57a5661978e62579de - - default default] 10.0.0.246 "GET /v2.0/security-groups/337f4eec-4ba8-4e1f-86a3-b23b2c812652 HTTP/1.1" status: 200 len: 2994 time: 0.0370529
2026-02-26 20:14:30.123 10 INFO neutron.wsgi [req-896b1fb5-737d-4df1-b71f-ab8fe5587d7c req-ca83973f-25c0-4d38-a8a0-9b750563919c 1b159aefc9fe4965ac870c1d08670644 5024ba018e60480186ff5fcf78bdfe66 - - default default] 10.0.0.246 "POST /v2.0/security-group-rules HTTP/1.1" status: 201 len: 786 time: 0.1570885
2026-02-26 20:14:30.159 9 INFO neutron.wsgi [req-c107bab7-e7d9-45f1-82cf-a7e16158822b req-8c429e68-5844-4e0a-a489-61ad1e09bdd3 d66c6c14b3e44b0497e617becd2602d4 042f54b8d2ac4e57a5661978e62579de - - default default] 10.0.0.246 "GET /v2.0/security-groups/337f4eec-4ba8-4e1f-86a3-b23b2c812652 HTTP/1.1" status: 200 len: 2994 time: 0.0363054
2026-02-26 20:14:30.168 9 INFO neutron.db.ovn_revision_numbers_db [None req-0585b1d7-ec45-4671-8746-e1ccc39a563c 1ee5a45cd0e74cfe8e8fd9eeffca0a6e 4ac5eb4a51c04003b726304193560c2f - - default default] Successfully bumped revision number for resource 906f6d68-a45d-4f14-8cb1-94aef2ad1a4b (type: security_group_rules) to 0
2026-02-26 20:14:30.181 10 INFO neutron.wsgi [req-20635540-ab90-4b7d-a570-0a7193bb5230 req-5c6e41e8-472d-45c0-abba-f75502f1cfc2 1b159aefc9fe4965ac870c1d08670644 5024ba018e60480186ff5fcf78bdfe66 - - default default] 10.0.0.246 "GET /v2.0/security-groups/a0e29981-3faf-45bc-8f9e-5920926cc592 HTTP/1.1" status: 200 len: 2415 time: 0.0350225
2026-02-26 20:14:30.210 9 INFO neutron.wsgi [None req-0585b1d7-ec45-4671-8746-e1ccc39a563c 1ee5a45cd0e74cfe8e8fd9eeffca0a6e 4ac5eb4a51c04003b726304193560c2f - - default default] 10.0.0.10 "POST /v2.0/security-group-rules HTTP/1.1" status: 201 len: 764 time: 0.1933365
2026-02-26 20:14:30.211 9 INFO neutron.api.v2.resource [req-57126344-2e2d-4ad2-9649-9cb76d46966e req-015b3f64-2f20-4017-b053-a7bb24886745 d66c6c14b3e44b0497e617becd2602d4 042f54b8d2ac4e57a5661978e62579de - - default default] show failed (client error): The resource could not be found.
2026-02-26 20:14:30.211 9 INFO neutron.wsgi [req-57126344-2e2d-4ad2-9649-9cb76d46966e req-015b3f64-2f20-4017-b053-a7bb24886745 d66c6c14b3e44b0497e617becd2602d4 042f54b8d2ac4e57a5661978e62579de - - default default] 10.0.0.246 "GET /v2.0/security-groups/b5223d6e-254d-4a27-869d-3154b6ada282 HTTP/1.1" status: 404 len: 352 time: 0.0169294
2026-02-26 20:14:30.249 9 INFO neutron.api.v2.resource [req-82fcd3d1-fb16-4f86-968b-1ca64697c7dd req-531dd89b-5ffc-4629-b466-afa5d109f717 d66c6c14b3e44b0497e617becd2602d4 042f54b8d2ac4e57a5661978e62579de - - default default] show failed (client error): The resource could not be found.
2026-02-26 20:14:30.252 9 INFO neutron.wsgi [req-82fcd3d1-fb16-4f86-968b-1ca64697c7dd req-531dd89b-5ffc-4629-b466-afa5d109f717 d66c6c14b3e44b0497e617becd2602d4 042f54b8d2ac4e57a5661978e62579de - - default default] 10.0.0.246 "GET /v2.0/security-groups/806b97fb-9687-46e2-a302-920f5e321aaa HTTP/1.1" status: 404 len: 352 time: 0.0199533
2026-02-26 20:14:30.288 9 INFO neutron.api.v2.resource [req-6d909718-8172-4c12-8ad3-8bb8bdf80060 req-ad18179e-8e75-4ae1-a639-8665d835cfe5 d66c6c14b3e44b0497e617becd2602d4 042f54b8d2ac4e57a5661978e62579de - - default default] show failed (client error): The resource could not be found.
2026-02-26 20:14:30.289 9 INFO neutron.wsgi [req-6d909718-8172-4c12-8ad3-8bb8bdf80060 req-ad18179e-8e75-4ae1-a639-8665d835cfe5 d66c6c14b3e44b0497e617becd2602d4 042f54b8d2ac4e57a5661978e62579de - - default default] 10.0.0.246 "GET /v2.0/security-groups/bbf46ac5-ed54-4dc9-ad7f-f6a6b83e0176 HTTP/1.1" status: 404 len: 352 time: 0.0159826
2026-02-26 20:14:30.318 10 INFO neutron.db.ovn_revision_numbers_db [req-20635540-ab90-4b7d-a570-0a7193bb5230 req-3d38ebce-6e53-4f53-a9d3-67df0a4274bb 1b159aefc9fe4965ac870c1d08670644 5024ba018e60480186ff5fcf78bdfe66 - - default default] Successfully bumped revision number for resource 4ef9b417-1d1e-4b70-8743-02f5a95bd723 (type: security_group_rules) to 0
2026-02-26 20:14:30.343 10 INFO neutron.wsgi [req-20635540-ab90-4b7d-a570-0a7193bb5230 req-3d38ebce-6e53-4f53-a9d3-67df0a4274bb 1b159aefc9fe4965ac870c1d08670644 5024ba018e60480186ff5fcf78bdfe66 - - default default] 10.0.0.246 "POST /v2.0/security-group-rules HTTP/1.1" status: 201 len: 791 time: 0.1556628
2026-02-26 20:14:30.349 10 INFO neutron.db.ovn_revision_numbers_db [None req-5499532a-c1b6-4a3d-afed-0faacc3fabf2 1ee5a45cd0e74cfe8e8fd9eeffca0a6e 4ac5eb4a51c04003b726304193560c2f - - default default] Successfully bumped revision number for resource 9d1c460e-6eec-463c-a9b6-81ff89fe9a9d (type: security_group_rules) to 0
2026-02-26 20:14:30.371 10 INFO neutron.wsgi [None req-5499532a-c1b6-4a3d-afed-0faacc3fabf2 1ee5a45cd0e74cfe8e8fd9eeffca0a6e 4ac5eb4a51c04003b726304193560c2f - - default default] 10.0.0.10 "POST /v2.0/security-group-rules HTTP/1.1" status: 201 len: 769 time: 0.1527789
2026-02-26 20:14:30.427 9 INFO neutron.wsgi [req-df1469e6-2e06-42ef-841e-360c4f4c1c2a req-d362508b-fd67-4332-90fa-09a01422447a 1b159aefc9fe4965ac870c1d08670644 5024ba018e60480186ff5fcf78bdfe66 - - default default] 10.0.0.246 "GET /v2.0/security-groups/a0e29981-3faf-45bc-8f9e-5920926cc592 HTTP/1.1" status: 200 len: 3013 time: 0.0587111
