2026-02-26 20:18:17.859 10 INFO neutron.db.ovn_revision_numbers_db [None req-50a622fa-d0aa-441a-bad1-2e44ba4d0d75 a2997685040d49be82cbfdbc9856d08b 0f0f89ac3370444e94213544de155d46 - - default default] Successfully bumped revision number for resource 597c9e8e-2db6-40bc-990a-702916ddd5bd (type: ports) to 1
2026-02-26 20:18:17.884 10 INFO neutron.wsgi [None req-50a622fa-d0aa-441a-bad1-2e44ba4d0d75 a2997685040d49be82cbfdbc9856d08b 0f0f89ac3370444e94213544de155d46 - - default default] 10.0.0.10 "POST /v2.0/networks HTTP/1.1" status: 201 len: 830 time: 0.5573299
2026-02-26 20:18:18.036 9 WARNING neutron.scheduler.dhcp_agent_scheduler [None req-1fff3232-1cc1-4725-b7a4-32337102ee9b 066a093a8f6040318d1076b890bc95c0 41bcf272e5b44a32b897457135b1bba2 - - default default] No more DHCP agents
2026-02-26 20:18:18.039 9 WARNING neutron.api.rpc.agentnotifiers.dhcp_rpc_agent_api [None req-1fff3232-1cc1-4725-b7a4-32337102ee9b 066a093a8f6040318d1076b890bc95c0 41bcf272e5b44a32b897457135b1bba2 - - default default] Unable to schedule network 3206cd20-b6c5-4c70-9c19-2377bc8f118d: no agents available; will retry on subsequent port and subnet creation events.
2026-02-26 20:18:18.233 9 WARNING neutron.scheduler.dhcp_agent_scheduler [None req-21040555-5991-458b-867c-ff3ddaa7da75 a2997685040d49be82cbfdbc9856d08b 0f0f89ac3370444e94213544de155d46 - - default default] No more DHCP agents
2026-02-26 20:18:18.235 9 WARNING neutron.api.rpc.agentnotifiers.dhcp_rpc_agent_api [None req-21040555-5991-458b-867c-ff3ddaa7da75 a2997685040d49be82cbfdbc9856d08b 0f0f89ac3370444e94213544de155d46 - - default default] Unable to schedule network 1a79b9f5-c90c-4762-b9b3-af8b3e227e24: no agents available; will retry on subsequent port and subnet creation events.
2026-02-26 20:18:18.279 9 INFO neutron.db.ovn_revision_numbers_db [None req-1fff3232-1cc1-4725-b7a4-32337102ee9b 066a093a8f6040318d1076b890bc95c0 41bcf272e5b44a32b897457135b1bba2 - - default default] Successfully bumped revision number for resource 46be8d16-9265-4d0a-9660-3c85c2d8b097 (type: ports) to 1
2026-02-26 20:18:18.343 9 INFO neutron.db.ovn_revision_numbers_db [None req-21040555-5991-458b-867c-ff3ddaa7da75 a2997685040d49be82cbfdbc9856d08b 0f0f89ac3370444e94213544de155d46 - - default default] Successfully bumped revision number for resource 2ced207e-97bd-4c2d-b187-7ff02c5bdbac (type: ports) to 1
2026-02-26 20:18:18.371 9 INFO neutron.wsgi [None req-21040555-5991-458b-867c-ff3ddaa7da75 a2997685040d49be82cbfdbc9856d08b 0f0f89ac3370444e94213544de155d46 - - default default] 10.0.0.10 "POST /v2.0/ports HTTP/1.1" status: 201 len: 942 time: 0.4790585 /var/lib/openstack/lib/python3.10/site-packages/pycadf/identifier.py:71: UserWarning: Invalid uuid: neutron. To ensure interoperability, identifiers should be a valid uuid. warnings.warn(('Invalid uuid: %s. To ensure interoperability, '
2026-02-26 20:18:18.671 9 INFO neutron.wsgi [None req-9a5c4a65-3d57-4996-9356-00f262fb39bd a2997685040d49be82cbfdbc9856d08b 0f0f89ac3370444e94213544de155d46 - - default default] 10.0.0.10 "POST /v2.0/trunks HTTP/1.1" status: 201 len: 608 time: 0.2935176
2026-02-26 20:18:18.767 10 INFO neutron.db.segments_db [None req-6cf188d1-f7b8-4258-b8c8-57ceafa644f2 a2997685040d49be82cbfdbc9856d08b 0f0f89ac3370444e94213544de155d46 - - default default] Added segment fd92f2fb-206f-4772-b8b5-8ea87ae37394 of type geneve for network 1a46be10-60f1-4dc4-b9c3-558c1a95c8a6
2026-02-26 20:18:18.919 10 INFO neutron.db.ovn_revision_numbers_db [None req-6cf188d1-f7b8-4258-b8c8-57ceafa644f2 a2997685040d49be82cbfdbc9856d08b 0f0f89ac3370444e94213544de155d46 - - default default] Successfully bumped revision number for resource 1a46be10-60f1-4dc4-b9c3-558c1a95c8a6 (type: networks) to 1
2026-02-26 20:18:18.991 9 INFO neutron.plugins.ml2.drivers.ovn.mech_driver.mech_driver [None req-f1686c4d-0e2c-46ea-a85f-56026a21d606 - - - - - -] OVN reports status up for port: 46be8d16-9265-4d0a-9660-3c85c2d8b097
2026-02-26 20:18:19.013 9 INFO neutron.plugins.ml2.plugin [None req-f1686c4d-0e2c-46ea-a85f-56026a21d606 - - - - - -] Attempt 1 to provision port 46be8d16-9265-4d0a-9660-3c85c2d8b097
2026-02-26 20:18:19.023 9 INFO neutron.db.ovn_revision_numbers_db [None req-1fff3232-1cc1-4725-b7a4-32337102ee9b 066a093a8f6040318d1076b890bc95c0 41bcf272e5b44a32b897457135b1bba2 - - default default] Successfully bumped revision number for resource 46be8d16-9265-4d0a-9660-3c85c2d8b097 (type: router_ports) to 1
2026-02-26 20:18:19.130 10 WARNING neutron.scheduler.dhcp_agent_scheduler [None req-6cf188d1-f7b8-4258-b8c8-57ceafa644f2 a2997685040d49be82cbfdbc9856d08b 0f0f89ac3370444e94213544de155d46 - - default default] No more DHCP agents
2026-02-26 20:18:19.131 10 WARNING neutron.api.rpc.agentnotifiers.dhcp_rpc_agent_api [None req-6cf188d1-f7b8-4258-b8c8-57ceafa644f2 a2997685040d49be82cbfdbc9856d08b 0f0f89ac3370444e94213544de155d46 - - default default] Unable to schedule network 1a46be10-60f1-4dc4-b9c3-558c1a95c8a6: no agents available; will retry on subsequent port and subnet creation events.
2026-02-26 20:18:19.217 10 INFO neutron.db.ovn_revision_numbers_db [None req-6cf188d1-f7b8-4258-b8c8-57ceafa644f2 a2997685040d49be82cbfdbc9856d08b 0f0f89ac3370444e94213544de155d46 - - default default] Successfully bumped revision number for resource 3d4fb840-78d2-414d-853b-341382f110a1 (type: ports) to 1
2026-02-26 20:18:19.239 10 INFO neutron.wsgi [None req-6cf188d1-f7b8-4258-b8c8-57ceafa644f2 a2997685040d49be82cbfdbc9856d08b 0f0f89ac3370444e94213544de155d46 - - default default] 10.0.0.10 "POST /v2.0/networks HTTP/1.1" status: 201 len: 831 time: 0.5612576
2026-02-26 20:18:19.263 9 INFO neutron.db.ovn_revision_numbers_db [None req-1fff3232-1cc1-4725-b7a4-32337102ee9b 066a093a8f6040318d1076b890bc95c0 41bcf272e5b44a32b897457135b1bba2 - - default default] Successfully bumped revision number for resource 46be8d16-9265-4d0a-9660-3c85c2d8b097 (type: ports) to 1
2026-02-26 20:18:19.370 9 WARNING neutron.scheduler.dhcp_agent_scheduler [None req-1fff3232-1cc1-4725-b7a4-32337102ee9b 066a093a8f6040318d1076b890bc95c0 41bcf272e5b44a32b897457135b1bba2 - - default default] No more DHCP agents
2026-02-26 20:18:19.372 9 WARNING neutron.api.rpc.agentnotifiers.dhcp_rpc_agent_api [None req-1fff3232-1cc1-4725-b7a4-32337102ee9b 066a093a8f6040318d1076b890bc95c0 41bcf272e5b44a32b897457135b1bba2 - - default default] Unable to schedule network 3206cd20-b6c5-4c70-9c19-2377bc8f118d: no agents available; will retry on subsequent port and subnet creation events.
2026-02-26 20:18:19.409 9 INFO neutron.db.ovn_revision_numbers_db [None req-f1686c4d-0e2c-46ea-a85f-56026a21d606 - - - - - -] Successfully bumped revision number for resource 46be8d16-9265-4d0a-9660-3c85c2d8b097 (type: ports) to 2
2026-02-26 20:18:19.475 10 WARNING neutron.scheduler.dhcp_agent_scheduler [None req-7d5e65fd-b70e-4856-b67c-b4ef4072ceee a2997685040d49be82cbfdbc9856d08b 0f0f89ac3370444e94213544de155d46 - - default default] No more DHCP agents
2026-02-26 20:18:19.476 10 WARNING neutron.api.rpc.agentnotifiers.dhcp_rpc_agent_api [None req-7d5e65fd-b70e-4856-b67c-b4ef4072ceee a2997685040d49be82cbfdbc9856d08b 0f0f89ac3370444e94213544de155d46 - - default default] Unable to schedule network 1a46be10-60f1-4dc4-b9c3-558c1a95c8a6: no agents available; will retry on subsequent port and subnet creation events.
2026-02-26 20:18:19.562 10 INFO neutron.db.ovn_revision_numbers_db [None req-7d5e65fd-b70e-4856-b67c-b4ef4072ceee a2997685040d49be82cbfdbc9856d08b 0f0f89ac3370444e94213544de155d46 - - default default] Successfully bumped revision number for resource 5e484d7d-67bf-411a-958c-31ac5ccc4a02 (type: ports) to 1
2026-02-26 20:18:19.565 10 INFO neutron.wsgi [-] 10.0.0.13 "GET / HTTP/1.1" status: 200 len: 247 time: 0.0015764
2026-02-26 20:18:19.567 10 INFO neutron.wsgi [-] 10.0.0.13 "GET / HTTP/1.1" status: 200 len: 247 time: 0.0011518
2026-02-26 20:18:19.582 9 INFO neutron.db.ovn_revision_numbers_db [None req-f1686c4d-0e2c-46ea-a85f-56026a21d606 - - - - - -] Successfully bumped revision number for resource 46be8d16-9265-4d0a-9660-3c85c2d8b097 (type: router_ports) to 2
2026-02-26 20:18:19.586 10 INFO neutron.wsgi [None req-7d5e65fd-b70e-4856-b67c-b4ef4072ceee a2997685040d49be82cbfdbc9856d08b 0f0f89ac3370444e94213544de155d46 - - default default] 10.0.0.10 "POST /v2.0/ports HTTP/1.1" status: 201 len: 942 time: 0.3389215 /var/lib/openstack/lib/python3.10/site-packages/pycadf/identifier.py:71: UserWarning: Invalid uuid: neutron. To ensure interoperability, identifiers should be a valid uuid. warnings.warn(('Invalid uuid: %s. To ensure interoperability, '
2026-02-26 20:18:19.761 9 INFO neutron.db.ovn_revision_numbers_db [None req-1fff3232-1cc1-4725-b7a4-32337102ee9b 066a093a8f6040318d1076b890bc95c0 41bcf272e5b44a32b897457135b1bba2 - - default default] Successfully bumped revision number for resource 46be8d16-9265-4d0a-9660-3c85c2d8b097 (type: router_ports) to 2
2026-02-26 20:18:19.764 9 INFO neutron.wsgi [None req-1fff3232-1cc1-4725-b7a4-32337102ee9b 066a093a8f6040318d1076b890bc95c0 41bcf272e5b44a32b897457135b1bba2 - - default default] 10.0.0.10 "PUT /v2.0/routers/98119f1f-e721-45b4-a52f-8fb285a451b7/add_router_interface HTTP/1.1" status: 200 len: 503 time: 2.7671223
2026-02-26 20:18:19.812 10 INFO neutron.wsgi [None req-857148fd-124b-4c70-b137-6c63064aed5d a2997685040d49be82cbfdbc9856d08b 0f0f89ac3370444e94213544de155d46 - - default default] 10.0.0.10 "POST /v2.0/trunks HTTP/1.1" status: 201 len: 608 time: 0.2190874
2026-02-26 20:18:19.906 10 INFO neutron.db.segments_db [None req-ec84fc42-19a9-4769-a16c-6277f1bbe43f a2997685040d49be82cbfdbc9856d08b 0f0f89ac3370444e94213544de155d46 - - default default] Added segment 556a89ca-ce84-453a-a29d-4a1028b1c81d of type geneve for network 54be2c86-f680-42ad-8c4c-e11005c1715f
2026-02-26 20:18:19.934 9 INFO neutron.db.ovn_revision_numbers_db [None req-ffb9178c-f172-4754-8773-792da0f60ea6 066a093a8f6040318d1076b890bc95c0 41bcf272e5b44a32b897457135b1bba2 - - default default] Successfully bumped revision number for resource d83f9650-cf7e-45c7-9ea2-3816df27beae (type: security_groups) to 1
2026-02-26 20:18:19.946 9 INFO neutron.db.ovn_revision_numbers_db [None req-ffb9178c-f172-4754-8773-792da0f60ea6 066a093a8f6040318d1076b890bc95c0 41bcf272e5b44a32b897457135b1bba2 - - default default] Successfully bumped revision number for resource 2d1656e0-269b-45ce-86f0-2b825e8868ad (type: security_group_rules) to 0
2026-02-26 20:18:19.962 9 INFO neutron.db.ovn_revision_numbers_db [None req-ffb9178c-f172-4754-8773-792da0f60ea6 066a093a8f6040318d1076b890bc95c0 41bcf272e5b44a32b897457135b1bba2 - - default default] Successfully bumped revision number for resource 672c9473-5172-43db-b4bb-9c8ba3ce6293 (type: security_group_rules) to 0
2026-02-26 20:18:19.982 9 INFO neutron.wsgi [None req-ffb9178c-f172-4754-8773-792da0f60ea6 066a093a8f6040318d1076b890bc95c0 41bcf272e5b44a32b897457135b1bba2 - - default default] 10.0.0.10 "POST /v2.0/security-groups HTTP/1.1" status: 201 len: 1765 time: 0.1600459
2026-02-26 20:18:20.101 9 INFO neutron.db.ovn_revision_numbers_db [None req-89ba77fa-3326-4a1b-9e93-6682cb473cd5 066a093a8f6040318d1076b890bc95c0 41bcf272e5b44a32b897457135b1bba2 - - default default] Successfully bumped revision number for resource 3b2b5173-aeee-4655-9ebd-9f5e5954ba1a (type: security_group_rules) to 0
2026-02-26 20:18:20.124 9 INFO neutron.wsgi [None req-89ba77fa-3326-4a1b-9e93-6682cb473cd5 066a093a8f6040318d1076b890bc95c0 41bcf272e5b44a32b897457135b1bba2 - - default default] 10.0.0.10 "POST /v2.0/security-group-rules HTTP/1.1" status: 201 len: 764 time: 0.1354856
2026-02-26 20:18:20.206 10 WARNING neutron.plugins.ml2.drivers.ovn.mech_driver.ovsdb.ovn_client [None req-4fd76493-d3e6-48bf-be69-a7591e9358ab - - - - - -] No hosting information found for port 88512979-af7d-4064-9642-5352be53cf04: RuntimeError: No hosting information found for port 88512979-af7d-4064-9642-5352be53cf04
2026-02-26 20:18:20.206 10 INFO neutron.plugins.ml2.drivers.ovn.mech_driver.mech_driver [None req-4fd76493-d3e6-48bf-be69-a7591e9358ab - - - - - -] OVN reports status up for port: 27225c08-e067-41cb-973f-c6c9a0d285dd
2026-02-26 20:18:20.225 10 INFO neutron.plugins.ml2.plugin [None req-4fd76493-d3e6-48bf-be69-a7591e9358ab - - - - - -] Attempt 1 to provision port 27225c08-e067-41cb-973f-c6c9a0d285dd
2026-02-26 20:18:20.260 9 INFO neutron.db.ovn_revision_numbers_db [None req-be527441-cd49-45a2-87e7-26f348fd211c 066a093a8f6040318d1076b890bc95c0 41bcf272e5b44a32b897457135b1bba2 - - default default] Successfully bumped revision number for resource bb07fe05-c006-436c-aeca-b276ef5038c2 (type: security_group_rules) to 0
2026-02-26 20:18:20.286 10 INFO neutron.db.ovn_revision_numbers_db [None req-ec84fc42-19a9-4769-a16c-6277f1bbe43f a2997685040d49be82cbfdbc9856d08b 0f0f89ac3370444e94213544de155d46 - - default default] Successfully bumped revision number for resource 54be2c86-f680-42ad-8c4c-e11005c1715f (type: networks) to 1
2026-02-26 20:18:20.292 9 INFO neutron.wsgi [None req-be527441-cd49-45a2-87e7-26f348fd211c 066a093a8f6040318d1076b890bc95c0 41bcf272e5b44a32b897457135b1bba2 - - default default] 10.0.0.10 "POST /v2.0/security-group-rules HTTP/1.1" status: 201 len: 764 time: 0.1624546
2026-02-26 20:18:20.417 9 INFO neutron.db.ovn_revision_numbers_db [None req-b43c80f6-2524-4cc5-a9e5-732973c32f91 066a093a8f6040318d1076b890bc95c0 41bcf272e5b44a32b897457135b1bba2 - - default default] Successfully bumped revision number for resource e90aeee8-646e-4306-a960-79c4e4c10b65 (type: security_group_rules) to 0
2026-02-26 20:18:20.442 9 INFO neutron.wsgi [None req-b43c80f6-2524-4cc5-a9e5-732973c32f91 066a093a8f6040318d1076b890bc95c0 41bcf272e5b44a32b897457135b1bba2 - - default default] 10.0.0.10 "POST /v2.0/security-group-rules HTTP/1.1" status: 201 len: 766 time: 0.1397047
2026-02-26 20:18:20.484 10 WARNING neutron.scheduler.dhcp_agent_scheduler [None req-ec84fc42-19a9-4769-a16c-6277f1bbe43f a2997685040d49be82cbfdbc9856d08b 0f0f89ac3370444e94213544de155d46 - - default default] No more DHCP agents
2026-02-26 20:18:20.489 10 WARNING neutron.api.rpc.agentnotifiers.dhcp_rpc_agent_api [None req-ec84fc42-19a9-4769-a16c-6277f1bbe43f a2997685040d49be82cbfdbc9856d08b 0f0f89ac3370444e94213544de155d46 - - default default] Unable to schedule network 54be2c86-f680-42ad-8c4c-e11005c1715f: no agents available; will retry on subsequent port and subnet creation events.
2026-02-26 20:18:20.576 9 INFO neutron.db.ovn_revision_numbers_db [None req-301c79eb-b7a2-4760-9d63-17325bc547a1 066a093a8f6040318d1076b890bc95c0 41bcf272e5b44a32b897457135b1bba2 - - default default] Successfully bumped revision number for resource d2de5efa-9799-4b5c-a05e-bfbd7a8975af (type: security_group_rules) to 0
2026-02-26 20:18:20.589 10 INFO neutron.db.ovn_revision_numbers_db [None req-ec84fc42-19a9-4769-a16c-6277f1bbe43f a2997685040d49be82cbfdbc9856d08b 0f0f89ac3370444e94213544de155d46 - - default default] Successfully bumped revision number for resource 6118bafb-d017-41fa-85ba-89e1c26d1521 (type: ports) to 1
2026-02-26 20:18:20.599 10 INFO neutron.db.ovn_revision_numbers_db [None req-4fd76493-d3e6-48bf-be69-a7591e9358ab - - - - - -] Successfully bumped revision number for resource 27225c08-e067-41cb-973f-c6c9a0d285dd (type: ports) to 2
2026-02-26 20:18:20.600 9 INFO neutron.wsgi [None req-301c79eb-b7a2-4760-9d63-17325bc547a1 066a093a8f6040318d1076b890bc95c0 41bcf272e5b44a32b897457135b1bba2 - - default default] 10.0.0.10 "POST /v2.0/security-group-rules HTTP/1.1" status: 201 len: 768 time: 0.1499896
2026-02-26 20:18:20.610 10 INFO neutron.wsgi [None req-ec84fc42-19a9-4769-a16c-6277f1bbe43f a2997685040d49be82cbfdbc9856d08b 0f0f89ac3370444e94213544de155d46 - - default default] 10.0.0.10 "POST /v2.0/networks HTTP/1.1" status: 201 len: 829 time: 0.7924085
2026-02-26 20:18:20.714 10 INFO neutron.db.ovn_revision_numbers_db [None req-4fd76493-d3e6-48bf-be69-a7591e9358ab - - - - - -] Successfully bumped revision number for resource 27225c08-e067-41cb-973f-c6c9a0d285dd (type: router_ports) to 2
2026-02-26 20:18:20.797 9 INFO neutron.db.ovn_revision_numbers_db [None req-5c8fc3b8-eb33-48f3-be54-c20a90fd6cdb 066a093a8f6040318d1076b890bc95c0 41bcf272e5b44a32b897457135b1bba2 - - default default] Successfully bumped revision number for resource 28590e21-4dc5-4cb9-9055-47f5ddaff991 (type: security_group_rules) to 0
2026-02-26 20:18:20.837 9 INFO neutron.wsgi [None req-5c8fc3b8-eb33-48f3-be54-c20a90fd6cdb 066a093a8f6040318d1076b890bc95c0 41bcf272e5b44a32b897457135b1bba2 - - default default] 10.0.0.10 "POST /v2.0/security-group-rules HTTP/1.1" status: 201 len: 768 time: 0.2324748
2026-02-26 20:18:20.916 9 WARNING neutron.scheduler.dhcp_agent_scheduler [None req-02b0166f-792d-48aa-afbe-b8536f346ca9 a2997685040d49be82cbfdbc9856d08b 0f0f89ac3370444e94213544de155d46 - - default default] No more DHCP agents
2026-02-26 20:18:20.920 9 WARNING neutron.api.rpc.agentnotifiers.dhcp_rpc_agent_api [None req-02b0166f-792d-48aa-afbe-b8536f346ca9 a2997685040d49be82cbfdbc9856d08b 0f0f89ac3370444e94213544de155d46 - - default default] Unable to schedule network 54be2c86-f680-42ad-8c4c-e11005c1715f: no agents available; will retry on subsequent port and subnet creation events.
2026-02-26 20:18:20.983 10 INFO neutron.db.ovn_revision_numbers_db [None req-cabb3064-4752-4483-afd9-7ff54c69bfef 066a093a8f6040318d1076b890bc95c0 41bcf272e5b44a32b897457135b1bba2 - - default default] Successfully bumped revision number for resource 50d796a7-797e-48b4-83d4-663fb0ee332f (type: security_group_rules) to 0
2026-02-26 20:18:21.007 10 INFO neutron.wsgi [None req-cabb3064-4752-4483-afd9-7ff54c69bfef 066a093a8f6040318d1076b890bc95c0 41bcf272e5b44a32b897457135b1bba2 - - default default] 10.0.0.10 "POST /v2.0/security-group-rules HTTP/1.1" status: 201 len: 764 time: 0.1640909
2026-02-26 20:18:21.014 9 INFO neutron.db.ovn_revision_numbers_db [None req-02b0166f-792d-48aa-afbe-b8536f346ca9 a2997685040d49be82cbfdbc9856d08b 0f0f89ac3370444e94213544de155d46 - - default default] Successfully bumped revision number for resource f9579a48-9861-4cb4-a1ba-0c8523465637 (type: ports) to 1
2026-02-26 20:18:21.040 9 INFO neutron.wsgi [None req-02b0166f-792d-48aa-afbe-b8536f346ca9 a2997685040d49be82cbfdbc9856d08b 0f0f89ac3370444e94213544de155d46 - - default default] 10.0.0.10 "POST /v2.0/ports HTTP/1.1" status: 201 len: 942 time: 0.4145904 /var/lib/openstack/lib/python3.10/site-packages/pycadf/identifier.py:71: UserWarning: Invalid uuid: neutron. To ensure interoperability, identifiers should be a valid uuid. warnings.warn(('Invalid uuid: %s. To ensure interoperability, '
2026-02-26 20:18:21.139 10 INFO neutron.db.ovn_revision_numbers_db [None req-fe7ca093-827d-4114-ad0c-dbd91df1348a 066a093a8f6040318d1076b890bc95c0 41bcf272e5b44a32b897457135b1bba2 - - default default] Successfully bumped revision number for resource ee5a6e02-9c9c-4e39-90e7-10512fe2e064 (type: security_group_rules) to 0
2026-02-26 20:18:21.166 10 INFO neutron.wsgi [None req-fe7ca093-827d-4114-ad0c-dbd91df1348a 066a093a8f6040318d1076b890bc95c0 41bcf272e5b44a32b897457135b1bba2 - - default default] 10.0.0.10 "POST /v2.0/security-group-rules HTTP/1.1" status: 201 len: 764 time: 0.1525655
2026-02-26 20:18:21.247 9 INFO neutron.wsgi [None req-60f0b013-58cc-4d37-972a-002d28afacb8 a2997685040d49be82cbfdbc9856d08b 0f0f89ac3370444e94213544de155d46 - - default default] 10.0.0.10 "POST /v2.0/trunks HTTP/1.1" status: 201 len: 608 time: 0.2022290
2026-02-26 20:18:21.304 10 INFO neutron.db.ovn_revision_numbers_db [None req-04bf34fb-7eac-4ee3-89c9-02b66a21ab0c 066a093a8f6040318d1076b890bc95c0 41bcf272e5b44a32b897457135b1bba2 - - default default] Successfully bumped revision number for resource 1b8e7122-a751-4c9b-bccf-c5bc8e05d93c (type: security_group_rules) to 0
2026-02-26 20:18:21.326 10 INFO neutron.wsgi [None req-04bf34fb-7eac-4ee3-89c9-02b66a21ab0c 066a093a8f6040318d1076b890bc95c0 41bcf272e5b44a32b897457135b1bba2 - - default default] 10.0.0.10 "POST /v2.0/security-group-rules HTTP/1.1" status: 201 len: 764 time: 0.1551170
2026-02-26 20:18:21.353 10 INFO neutron.db.segments_db [None req-51a29ad1-d6d4-4a04-999e-9efe919d1a26 a2997685040d49be82cbfdbc9856d08b 0f0f89ac3370444e94213544de155d46 - - default default] Added segment 179fa04c-83bd-4736-8771-5da7cf99dc76 of type geneve for network f993b8e5-72ac-468d-94b3-5227143ddb10
2026-02-26 20:18:21.529 10 INFO neutron.db.ovn_revision_numbers_db [None req-51a29ad1-d6d4-4a04-999e-9efe919d1a26 a2997685040d49be82cbfdbc9856d08b 0f0f89ac3370444e94213544de155d46 - - default default] Successfully bumped revision number for resource f993b8e5-72ac-468d-94b3-5227143ddb10 (type: networks) to 1
2026-02-26 20:18:21.539 10 INFO neutron.db.ovn_revision_numbers_db [None req-35fec418-a5a3-41ee-a916-ad43e30424ee 066a093a8f6040318d1076b890bc95c0 41bcf272e5b44a32b897457135b1bba2 - - default default] Successfully bumped revision number for resource c80b09f6-d170-47bc-ad2a-004462796f3a (type: security_group_rules) to 0
2026-02-26 20:18:21.574 10 INFO neutron.wsgi [None req-35fec418-a5a3-41ee-a916-ad43e30424ee 066a093a8f6040318d1076b890bc95c0 41bcf272e5b44a32b897457135b1bba2 - - default default] 10.0.0.10 "POST /v2.0/security-group-rules HTTP/1.1" status: 201 len: 766 time: 0.2416339
2026-02-26 20:18:21.738 10 WARNING neutron.scheduler.dhcp_agent_scheduler [None req-51a29ad1-d6d4-4a04-999e-9efe919d1a26 a2997685040d49be82cbfdbc9856d08b 0f0f89ac3370444e94213544de155d46 - - default default] No more DHCP agents
2026-02-26 20:18:21.743 10 WARNING neutron.api.rpc.agentnotifiers.dhcp_rpc_agent_api [None req-51a29ad1-d6d4-4a04-999e-9efe919d1a26 a2997685040d49be82cbfdbc9856d08b 0f0f89ac3370444e94213544de155d46 - - default default] Unable to schedule network f993b8e5-72ac-468d-94b3-5227143ddb10: no agents available; will retry on subsequent port and subnet creation events.
2026-02-26 20:18:21.765 10 INFO neutron.db.ovn_revision_numbers_db [None req-53863fde-5181-43e1-852d-edd91c13e788 066a093a8f6040318d1076b890bc95c0 41bcf272e5b44a32b897457135b1bba2 - - default default] Successfully bumped revision number for resource 0367e369-56e6-45f1-a605-df7bdf50b25d (type: security_group_rules) to 0
2026-02-26 20:18:21.812 10 INFO neutron.wsgi [None req-53863fde-5181-43e1-852d-edd91c13e788 066a093a8f6040318d1076b890bc95c0 41bcf272e5b44a32b897457135b1bba2 - - default default] 10.0.0.10 "POST /v2.0/security-group-rules HTTP/1.1" status: 201 len: 768 time: 0.2290158
2026-02-26 20:18:21.825 10 INFO neutron.db.ovn_revision_numbers_db [None req-51a29ad1-d6d4-4a04-999e-9efe919d1a26 a2997685040d49be82cbfdbc9856d08b 0f0f89ac3370444e94213544de155d46 - - default default] Successfully bumped revision number for resource 897f28d7-d6b4-40f8-9fe8-8699886d3040 (type: ports) to 1
2026-02-26 20:18:21.851 10 INFO neutron.wsgi [None req-51a29ad1-d6d4-4a04-999e-9efe919d1a26 a2997685040d49be82cbfdbc9856d08b 0f0f89ac3370444e94213544de155d46 - - default default] 10.0.0.10 "POST /v2.0/networks HTTP/1.1" status: 201 len: 831 time: 0.5970156
2026-02-26 20:18:21.981 9 INFO neutron.db.ovn_revision_numbers_db [None req-0b05f5e7-4500-413a-88de-049561086e83 066a093a8f6040318d1076b890bc95c0 41bcf272e5b44a32b897457135b1bba2 - - default default] Successfully bumped revision number for resource a374da28-6417-4cf1-8d6c-567e82331b03 (type: security_group_rules) to 0
2026-02-26 20:18:22.012 9 INFO neutron.wsgi [None req-0b05f5e7-4500-413a-88de-049561086e83 066a093a8f6040318d1076b890bc95c0 41bcf272e5b44a32b897457135b1bba2 - - default default] 10.0.0.10 "POST /v2.0/security-group-rules HTTP/1.1" status: 201 len: 764 time: 0.1944191
2026-02-26 20:18:22.116 10 WARNING neutron.scheduler.dhcp_agent_scheduler [None req-83383516-f2df-413b-833f-dcccf44b5571 a2997685040d49be82cbfdbc9856d08b 0f0f89ac3370444e94213544de155d46 - - default default] No more DHCP agents
2026-02-26 20:18:22.119 10 WARNING neutron.api.rpc.agentnotifiers.dhcp_rpc_agent_api [None req-83383516-f2df-413b-833f-dcccf44b5571 a2997685040d49be82cbfdbc9856d08b 0f0f89ac3370444e94213544de155d46 - - default default] Unable to schedule network f993b8e5-72ac-468d-94b3-5227143ddb10: no agents available; will retry on subsequent port and subnet creation events.
2026-02-26 20:18:22.216 10 INFO neutron.db.ovn_revision_numbers_db [None req-83383516-f2df-413b-833f-dcccf44b5571 a2997685040d49be82cbfdbc9856d08b 0f0f89ac3370444e94213544de155d46 - - default default] Successfully bumped revision number for resource e6839b15-68c6-46a7-86c1-cfc3321fcf7c (type: ports) to 1 /var/lib/openstack/lib/python3.10/site-packages/pycadf/identifier.py:71: UserWarning: Invalid uuid: neutron. To ensure interoperability, identifiers should be a valid uuid. warnings.warn(('Invalid uuid: %s. To ensure interoperability, '
2026-02-26 20:18:22.244 10 INFO neutron.wsgi [None req-83383516-f2df-413b-833f-dcccf44b5571 a2997685040d49be82cbfdbc9856d08b 0f0f89ac3370444e94213544de155d46 - - default default] 10.0.0.10 "POST /v2.0/ports HTTP/1.1" status: 201 len: 942 time: 0.3812838
2026-02-26 20:18:22.268 10 INFO neutron.wsgi [req-be787e04-8040-4cac-a152-508eeb05624e req-cc2d60c7-5e2b-43c8-a479-3df13738f5b6 066a093a8f6040318d1076b890bc95c0 41bcf272e5b44a32b897457135b1bba2 - - default default] 10.0.0.246 "GET /v2.0/security-groups?name=tempest-lb_member_SG-843728710&fields=id&tenant_id=41bcf272e5b44a32b897457135b1bba2 HTTP/1.1" status: 200 len: 267 time: 0.0419033
2026-02-26 20:18:22.386 10 INFO neutron.wsgi [req-be787e04-8040-4cac-a152-508eeb05624e req-23c08544-9828-4193-a901-cb98b7fcd99c 066a093a8f6040318d1076b890bc95c0 41bcf272e5b44a32b897457135b1bba2 - - default default] 10.0.0.246 "GET /v2.0/networks?id=bbf2e174-651c-4296-bc84-434c3e7e3aa4 HTTP/1.1" status: 200 len: 904 time: 0.1104949
2026-02-26 20:18:22.408 10 INFO neutron.wsgi [req-be787e04-8040-4cac-a152-508eeb05624e req-641e70b8-e29b-4eba-8680-8a917f7101c7 066a093a8f6040318d1076b890bc95c0 41bcf272e5b44a32b897457135b1bba2 - - default default] 10.0.0.246 "GET /v2.0/quotas/41bcf272e5b44a32b897457135b1bba2 HTTP/1.1" status: 200 len: 386 time: 0.0164931
2026-02-26 20:18:22.466 9 INFO neutron.wsgi [None req-296caba9-cb3c-415c-be61-268481a49a73 a2997685040d49be82cbfdbc9856d08b 0f0f89ac3370444e94213544de155d46 - - default default] 10.0.0.10 "POST /v2.0/trunks HTTP/1.1" status: 201 len: 608 time: 0.2171834
2026-02-26 20:18:22.508 9 INFO neutron.wsgi [None req-f446222d-ded8-434f-8b0c-77f9a538edd8 a2997685040d49be82cbfdbc9856d08b 0f0f89ac3370444e94213544de155d46 - - default default] 10.0.0.10 "PUT /v2.0/trunks/444369c3-be11-485b-ac84-e2a1c0d52d6d/tags HTTP/1.1" status: 200 len: 210 time: 0.0367405
2026-02-26 20:18:22.551 10 INFO neutron.wsgi [None req-e0c7479b-a774-4c0c-b06e-593ecad0b807 a2997685040d49be82cbfdbc9856d08b 0f0f89ac3370444e94213544de155d46 - - default default] 10.0.0.10 "PUT /v2.0/trunks/72b0761e-3ab3-4188-9c75-6380019a3699/tags HTTP/1.1" status: 200 len: 218 time: 0.0387881
2026-02-26 20:18:22.593 9 INFO neutron.wsgi [None req-83187a57-2696-473f-bf61-add09e5347fa a2997685040d49be82cbfdbc9856d08b 0f0f89ac3370444e94213544de155d46 - - default default] 10.0.0.10 "PUT /v2.0/trunks/db9d6e8f-663d-42ae-89a9-a7e482ef19f6/tags HTTP/1.1" status: 200 len: 227 time: 0.0373769
2026-02-26 20:18:22.624 9 INFO neutron.wsgi [None req-eed42b58-93af-40db-a68c-4d371ece7537 a2997685040d49be82cbfdbc9856d08b 0f0f89ac3370444e94213544de155d46 - - default default] 10.0.0.10 "PUT /v2.0/trunks/3a83cf42-643c-49ba-a846-4db7bed03011/tags HTTP/1.1" status: 200 len: 212 time: 0.0260417
2026-02-26 20:18:22.651 9 INFO neutron.wsgi [None req-6ed0d5da-8518-426f-b42e-fe65fbe0771d a2997685040d49be82cbfdbc9856d08b 0f0f89ac3370444e94213544de155d46 - - default default] 10.0.0.10 "GET /v2.0/trunks?tags=red HTTP/1.1" status: 200 len: 1447 time: 0.0217192
2026-02-26 20:18:22.672 10 INFO neutron.wsgi [req-be787e04-8040-4cac-a152-508eeb05624e req-25ff274e-d24f-4b08-8fb2-2d0e824321e2 066a093a8f6040318d1076b890bc95c0 41bcf272e5b44a32b897457135b1bba2 - - default default] 10.0.0.246 "GET /v2.0/ports?tenant_id=41bcf272e5b44a32b897457135b1bba2&fields=id HTTP/1.1" status: 200 len: 486 time: 0.2529206
2026-02-26 20:18:22.681 9 INFO neutron.wsgi [None req-b93752b0-60bc-4eb9-8a1b-0e8c08763ab7 a2997685040d49be82cbfdbc9856d08b 0f0f89ac3370444e94213544de155d46 - - default default] 10.0.0.10 "GET /v2.0/trunks?tags=red%2Cblue HTTP/1.1" status: 200 len: 1041 time: 0.0259433
2026-02-26 20:18:22.716 9 INFO neutron.wsgi [None req-31f4bdc6-2066-4c41-a9af-c549f06b7a7b a2997685040d49be82cbfdbc9856d08b 0f0f89ac3370444e94213544de155d46 - - default default] 10.0.0.10 "GET /v2.0/trunks?tags-any=blue HTTP/1.1" status: 200 len: 1041 time: 0.0305660
2026-02-26 20:18:22.742 9 INFO neutron.wsgi [None req-c26fcc65-6154-43a9-aa0f-dc579ef17366 a2997685040d49be82cbfdbc9856d08b 0f0f89ac3370444e94213544de155d46 - - default default] 10.0.0.10 "GET /v2.0/trunks?tags-any=red%2Cblue HTTP/1.1" status: 200 len: 1447 time: 0.0213697
2026-02-26 20:18:22.752 10 INFO neutron.wsgi [req-be787e04-8040-4cac-a152-508eeb05624e req-5636b7b2-e0e6-4640-9096-aca6c09cd03c 26721738254548cf906d337087aa1961 81cfce51e3c74c65971e1967a568f39b - - 5ba21f58809346e29f985113e0781a5e 5ba21f58809346e29f985113e0781a5e] 10.0.0.246 "GET /v2.0/networks/bbf2e174-651c-4296-bc84-434c3e7e3aa4?fields=segments HTTP/1.1" status: 200 len: 212 time: 0.0670409
2026-02-26 20:18:22.766 9 INFO neutron.wsgi [None req-3f99a522-aa14-444a-b040-96275d34e39d a2997685040d49be82cbfdbc9856d08b 0f0f89ac3370444e94213544de155d46 - - default default] 10.0.0.10 "GET /v2.0/trunks?not-tags=red HTTP/1.1" status: 200 len: 1013 time: 0.0192280
2026-02-26 20:18:22.790 9 INFO neutron.wsgi [None req-a1f0d1ef-748c-4970-a650-cd570060a7bb a2997685040d49be82cbfdbc9856d08b 0f0f89ac3370444e94213544de155d46 - - default default] 10.0.0.10 "GET /v2.0/trunks?not-tags=red%2Cblue HTTP/1.1" status: 200 len: 1419 time: 0.0205622
2026-02-26 20:18:22.813 9 INFO neutron.wsgi [None req-002777b5-66f7-45ea-8e99-dc7ca2d29a64 a2997685040d49be82cbfdbc9856d08b 0f0f89ac3370444e94213544de155d46 - - default default] 10.0.0.10 "GET /v2.0/trunks?not-tags-any=blue HTTP/1.1" status: 200 len: 1419 time: 0.0180593
2026-02-26 20:18:22.818 10 INFO neutron.wsgi [req-be787e04-8040-4cac-a152-508eeb05624e req-a3110971-0827-4dad-916b-45624afa97c0 26721738254548cf906d337087aa1961 81cfce51e3c74c65971e1967a568f39b - - 5ba21f58809346e29f985113e0781a5e 5ba21f58809346e29f985113e0781a5e] 10.0.0.246 "GET /v2.0/networks/bbf2e174-651c-4296-bc84-434c3e7e3aa4?fields=provider%3Aphysical_network&fields=provider%3Anetwork_type HTTP/1.1" status: 200 len: 277 time: 0.0602112
2026-02-26 20:18:22.832 9 INFO neutron.wsgi [None req-9bfa5a3b-5fbb-4149-acf0-f4f83a4dc68a a2997685040d49be82cbfdbc9856d08b 0f0f89ac3370444e94213544de155d46 - - default default] 10.0.0.10 "GET /v2.0/trunks?not-tags-any=red%2Cblue HTTP/1.1" status: 200 len: 1013 time: 0.0160725
2026-02-26 20:18:22.853 9 INFO neutron.wsgi [None req-bf0a4bd7-0207-4054-8046-41268fc6da6b a2997685040d49be82cbfdbc9856d08b 0f0f89ac3370444e94213544de155d46 - - default default] 10.0.0.10 "GET /v2.0/trunks/444369c3-be11-485b-ac84-e2a1c0d52d6d HTTP/1.1" status: 200 len: 608 time: 0.0149941
2026-02-26 20:18:22.964 10 INFO neutron.wsgi [None req-4ace71d3-b784-4a48-aeeb-2de156bb05ba a2997685040d49be82cbfdbc9856d08b 0f0f89ac3370444e94213544de155d46 - - default default] 10.0.0.10 "GET /v2.0/ports/c4b0d24a-58c6-4d35-a215-db757f126794 HTTP/1.1" status: 200 len: 1020 time: 0.1053925
2026-02-26 20:18:22.966 9 INFO neutron.wsgi [req-bb347729-9248-4b77-9006-2e35b703f317 req-e7e93c3d-8d9d-41bc-9f68-0f5e284516eb 066a093a8f6040318d1076b890bc95c0 41bcf272e5b44a32b897457135b1bba2 - - default default] 10.0.0.246 "GET /v2.0/ports?device_id=fc2b2121-0a66-43e8-bb7d-41aaa82558d9 HTTP/1.1" status: 200 len: 210 time: 0.0238976
2026-02-26 20:18:23.048 10 INFO neutron.wsgi [None req-7fdc3bb9-d396-4dd9-bcea-5cf2886cfea6 a2997685040d49be82cbfdbc9856d08b 0f0f89ac3370444e94213544de155d46 - - default default] 10.0.0.10 "DELETE /v2.0/trunks/444369c3-be11-485b-ac84-e2a1c0d52d6d HTTP/1.1" status: 204 len: 168 time: 0.0777342
2026-02-26 20:18:23.070 10 INFO neutron.wsgi [None req-a5ec9668-d5af-4dd7-920a-27034cb41a6d a2997685040d49be82cbfdbc9856d08b 0f0f89ac3370444e94213544de155d46 - - default default] 10.0.0.10 "GET /v2.0/trunks/72b0761e-3ab3-4188-9c75-6380019a3699 HTTP/1.1" status: 200 len: 616 time: 0.0166526
2026-02-26 20:18:23.145 10 INFO neutron.wsgi [None req-bb3b65e6-1d92-48e3-bdcf-f0e261f8cd81 a2997685040d49be82cbfdbc9856d08b 0f0f89ac3370444e94213544de155d46 - - default default] 10.0.0.10 "GET /v2.0/ports/2ced207e-97bd-4c2d-b187-7ff02c5bdbac HTTP/1.1" status: 200 len: 1020 time: 0.0692382
2026-02-26 20:18:23.220 10 INFO neutron.wsgi [None req-9f5ba4c4-4f26-4a7e-8341-7971e21d1349 a2997685040d49be82cbfdbc9856d08b 0f0f89ac3370444e94213544de155d46 - - default default] 10.0.0.10 "DELETE /v2.0/trunks/72b0761e-3ab3-4188-9c75-6380019a3699 HTTP/1.1" status: 204 len: 168 time: 0.0698535
2026-02-26 20:18:23.245 10 INFO neutron.wsgi [None req-b954b829-77f4-4dd8-8725-b2e12d7ebadd a2997685040d49be82cbfdbc9856d08b 0f0f89ac3370444e94213544de155d46 - - default default] 10.0.0.10 "GET /v2.0/trunks/db9d6e8f-663d-42ae-89a9-a7e482ef19f6 HTTP/1.1" status: 200 len: 625 time: 0.0185676
2026-02-26 20:18:23.360 10 INFO neutron.wsgi [None req-c2a3a693-9b9a-4402-9fed-52ada14115ac a2997685040d49be82cbfdbc9856d08b 0f0f89ac3370444e94213544de155d46 - - default default] 10.0.0.10 "GET /v2.0/ports/5e484d7d-67bf-411a-958c-31ac5ccc4a02 HTTP/1.1" status: 200 len: 1020 time: 0.1053188
2026-02-26 20:18:23.442 10 INFO neutron.wsgi [None req-03d740b1-e36a-4034-851f-891a8c4b7b47 a2997685040d49be82cbfdbc9856d08b 0f0f89ac3370444e94213544de155d46 - - default default] 10.0.0.10 "DELETE /v2.0/trunks/db9d6e8f-663d-42ae-89a9-a7e482ef19f6 HTTP/1.1" status: 204 len: 168 time: 0.0774519
2026-02-26 20:18:23.463 10 INFO neutron.wsgi [None req-cacd3ec6-e844-433b-af8b-433ff86d93ea a2997685040d49be82cbfdbc9856d08b 0f0f89ac3370444e94213544de155d46 - - default default] 10.0.0.10 "GET /v2.0/trunks/3a83cf42-643c-49ba-a846-4db7bed03011 HTTP/1.1" status: 200 len: 610 time: 0.0155084
2026-02-26 20:18:23.568 9 INFO neutron.wsgi [None req-920d7d7a-5752-48fd-95ab-2e48ad6dd14a a2997685040d49be82cbfdbc9856d08b 0f0f89ac3370444e94213544de155d46 - - default default] 10.0.0.10 "GET /v2.0/ports/f9579a48-9861-4cb4-a1ba-0c8523465637 HTTP/1.1" status: 200 len: 1020 time: 0.1007981
2026-02-26 20:18:23.693 9 INFO neutron.wsgi [req-be787e04-8040-4cac-a152-508eeb05624e req-90fe7426-acb3-4cba-a8e5-54afc53996b9 066a093a8f6040318d1076b890bc95c0 41bcf272e5b44a32b897457135b1bba2 - - default default] 162.253.55.70 "GET /v2.0/networks?id=bbf2e174-651c-4296-bc84-434c3e7e3aa4 HTTP/1.1" status: 200 len: 904 time: 0.0930104
2026-02-26 20:18:23.696 9 INFO neutron.wsgi [None req-3dbbe3a4-209a-4171-ab3a-48f37c9bd904 a2997685040d49be82cbfdbc9856d08b 0f0f89ac3370444e94213544de155d46 - - default default] 10.0.0.10 "DELETE /v2.0/trunks/3a83cf42-643c-49ba-a846-4db7bed03011 HTTP/1.1" status: 204 len: 168 time: 0.1223691
2026-02-26 20:18:23.721 9 INFO neutron.wsgi [None req-2f35de0b-cf94-4988-9701-1a94ff219410 a2997685040d49be82cbfdbc9856d08b 0f0f89ac3370444e94213544de155d46 - - default default] 10.0.0.10 "GET /v2.0/trunks/ab06289b-2537-446f-98b1-7995d6d9c7b2 HTTP/1.1" status: 200 len: 603 time: 0.0211825
2026-02-26 20:18:23.753 9 INFO neutron.wsgi [req-be787e04-8040-4cac-a152-508eeb05624e req-f854ce55-c5b3-439d-a58b-29d93660911a 066a093a8f6040318d1076b890bc95c0 41bcf272e5b44a32b897457135b1bba2 - - default default] 162.253.55.70 "GET /v2.0/security-groups?fields=id&fields=name&tenant_id=41bcf272e5b44a32b897457135b1bba2 HTTP/1.1" status: 200 len: 377 time: 0.0486903
2026-02-26 20:18:23.830 10 INFO neutron.wsgi [None req-5eae6bff-0f79-41ef-8ad4-c0d2b2d58aea a2997685040d49be82cbfdbc9856d08b 0f0f89ac3370444e94213544de155d46 - - default default] 10.0.0.10 "GET /v2.0/ports/e6839b15-68c6-46a7-86c1-cfc3321fcf7c HTTP/1.1" status: 200 len: 1020 time: 0.1026797
2026-02-26 20:18:23.923 10 INFO neutron.wsgi [None req-03b9ba1d-dd24-437a-80cd-46c4db649d54 a2997685040d49be82cbfdbc9856d08b 0f0f89ac3370444e94213544de155d46 - - default default] 10.0.0.10 "DELETE /v2.0/trunks/ab06289b-2537-446f-98b1-7995d6d9c7b2 HTTP/1.1" status: 204 len: 168 time: 0.0882299
2026-02-26 20:18:24.243 9 WARNING neutron.scheduler.dhcp_agent_scheduler [req-be787e04-8040-4cac-a152-508eeb05624e req-193926c3-a59e-4450-84bb-a93365f40984 066a093a8f6040318d1076b890bc95c0 41bcf272e5b44a32b897457135b1bba2 - - default default] No more DHCP agents
2026-02-26 20:18:24.249 9 WARNING neutron.api.rpc.agentnotifiers.dhcp_rpc_agent_api [req-be787e04-8040-4cac-a152-508eeb05624e req-193926c3-a59e-4450-84bb-a93365f40984 066a093a8f6040318d1076b890bc95c0 41bcf272e5b44a32b897457135b1bba2 - - default default] Unable to schedule network bbf2e174-651c-4296-bc84-434c3e7e3aa4: no agents available; will retry on subsequent port and subnet creation events.
2026-02-26 20:18:24.298 9 INFO neutron.wsgi [None req-d23c438d-5f48-4423-9df7-02ce78c2469c a2997685040d49be82cbfdbc9856d08b 0f0f89ac3370444e94213544de155d46 - - default default] 10.0.0.10 "DELETE /v2.0/ports/c4b0d24a-58c6-4d35-a215-db757f126794 HTTP/1.1" status: 204 len: 168 time: 0.3693752 /var/lib/openstack/lib/python3.10/site-packages/pycadf/identifier.py:71: UserWarning: Invalid uuid: neutron. To ensure interoperability, identifiers should be a valid uuid. warnings.warn(('Invalid uuid: %s. To ensure interoperability, '
2026-02-26 20:18:24.926 9 INFO neutron.db.ovn_revision_numbers_db [req-be787e04-8040-4cac-a152-508eeb05624e req-193926c3-a59e-4450-84bb-a93365f40984 066a093a8f6040318d1076b890bc95c0 41bcf272e5b44a32b897457135b1bba2 - - default default] Successfully bumped revision number for resource 067cb321-1823-4220-8b06-0d641d80ea46 (type: ports) to 1
2026-02-26 20:18:24.955 9 INFO neutron.wsgi [req-be787e04-8040-4cac-a152-508eeb05624e req-193926c3-a59e-4450-84bb-a93365f40984 066a093a8f6040318d1076b890bc95c0 41bcf272e5b44a32b897457135b1bba2 - - default default] 162.253.55.70 "POST /v2.0/ports HTTP/1.1" status: 201 len: 1384 time: 1.1796217
2026-02-26 20:18:25.002 9 WARNING neutron.plugins.ml2.drivers.ovn.mech_driver.ovsdb.ovn_client [None req-f1686c4d-0e2c-46ea-a85f-56026a21d606 - - - - - -] No hosting information found for port 46be8d16-9265-4d0a-9660-3c85c2d8b097: RuntimeError: No hosting information found for port 46be8d16-9265-4d0a-9660-3c85c2d8b097
2026-02-26 20:18:25.031 9 INFO neutron.wsgi [None req-43025ab5-e361-46ad-a092-8296e9045a6c a2997685040d49be82cbfdbc9856d08b 0f0f89ac3370444e94213544de155d46 - - default default] 10.0.0.10 "DELETE /v2.0/ports/2ced207e-97bd-4c2d-b187-7ff02c5bdbac HTTP/1.1" status: 204 len: 168 time: 0.7286184
2026-02-26 20:18:25.280 10 INFO neutron.wsgi [None req-e6ae44a0-85c7-4b86-89f3-f690d040c94f a2997685040d49be82cbfdbc9856d08b 0f0f89ac3370444e94213544de155d46 - - default default] 10.0.0.10 "DELETE /v2.0/ports/5e484d7d-67bf-411a-958c-31ac5ccc4a02 HTTP/1.1" status: 204 len: 168 time: 0.2417939
2026-02-26 20:18:25.407 9 INFO neutron.db.ovn_revision_numbers_db [req-be787e04-8040-4cac-a152-508eeb05624e req-9c6e8931-8688-4ddf-b14f-928abeb0d808 26721738254548cf906d337087aa1961 81cfce51e3c74c65971e1967a568f39b - - 5ba21f58809346e29f985113e0781a5e 5ba21f58809346e29f985113e0781a5e] Successfully bumped revision number for resource 067cb321-1823-4220-8b06-0d641d80ea46 (type: ports) to 2
2026-02-26 20:18:25.553 10 INFO neutron.wsgi [None req-623197c9-d9a6-4fef-a8c7-678534871a5a a2997685040d49be82cbfdbc9856d08b 0f0f89ac3370444e94213544de155d46 - - default default] 10.0.0.10 "DELETE /v2.0/ports/f9579a48-9861-4cb4-a1ba-0c8523465637 HTTP/1.1" status: 204 len: 168 time: 0.2664332
2026-02-26 20:18:25.597 9 INFO neutron.db.ovn_revision_numbers_db [req-be787e04-8040-4cac-a152-508eeb05624e req-9c6e8931-8688-4ddf-b14f-928abeb0d808 26721738254548cf906d337087aa1961 81cfce51e3c74c65971e1967a568f39b - - 5ba21f58809346e29f985113e0781a5e 5ba21f58809346e29f985113e0781a5e] Successfully bumped revision number for resource 067cb321-1823-4220-8b06-0d641d80ea46 (type: ports) to 2
2026-02-26 20:18:25.612 9 INFO neutron.wsgi [req-be787e04-8040-4cac-a152-508eeb05624e req-9c6e8931-8688-4ddf-b14f-928abeb0d808 26721738254548cf906d337087aa1961 81cfce51e3c74c65971e1967a568f39b - - 5ba21f58809346e29f985113e0781a5e 5ba21f58809346e29f985113e0781a5e] 162.253.55.70 "PUT /v2.0/ports/067cb321-1823-4220-8b06-0d641d80ea46 HTTP/1.1" status: 200 len: 1601 time: 0.6438878
2026-02-26 20:18:25.652 9 INFO neutron.notifiers.nova [-] Nova event matching ['req-d55e6363-a736-405d-b681-8a86c7bcb14e'] response: {'name': 'network-changed', 'server_uuid': 'fc2b2121-0a66-43e8-bb7d-41aaa82558d9', 'tag': '067cb321-1823-4220-8b06-0d641d80ea46', 'status': 'completed', 'code': 200} /var/lib/openstack/lib/python3.10/site-packages/pycadf/identifier.py:71: UserWarning: Invalid uuid: neutron. To ensure interoperability, identifiers should be a valid uuid. warnings.warn(('Invalid uuid: %s. To ensure interoperability, '
2026-02-26 20:18:25.691 9 INFO neutron.wsgi [req-be787e04-8040-4cac-a152-508eeb05624e req-a5941805-e750-4584-85ec-99597f13cf67 26721738254548cf906d337087aa1961 81cfce51e3c74c65971e1967a568f39b - - 5ba21f58809346e29f985113e0781a5e 5ba21f58809346e29f985113e0781a5e] 162.253.55.70 "GET /v2.0/ports?tenant_id=41bcf272e5b44a32b897457135b1bba2&device_id=fc2b2121-0a66-43e8-bb7d-41aaa82558d9 HTTP/1.1" status: 200 len: 1632 time: 0.0332549
2026-02-26 20:18:25.720 9 INFO neutron.wsgi [req-be787e04-8040-4cac-a152-508eeb05624e req-87b01d09-125e-4ba3-a7a1-76180b584375 26721738254548cf906d337087aa1961 81cfce51e3c74c65971e1967a568f39b - - 5ba21f58809346e29f985113e0781a5e 5ba21f58809346e29f985113e0781a5e] 162.253.55.70 "GET /v2.0/floatingips?fixed_ip_address=10.2.1.185&port_id=067cb321-1823-4220-8b06-0d641d80ea46 HTTP/1.1" status: 200 len: 217 time: 0.0218155
2026-02-26 20:18:25.757 9 INFO neutron.wsgi [req-be787e04-8040-4cac-a152-508eeb05624e req-2fc87cea-afaf-42f3-a301-ad8857d3d949 26721738254548cf906d337087aa1961 81cfce51e3c74c65971e1967a568f39b - - 5ba21f58809346e29f985113e0781a5e 5ba21f58809346e29f985113e0781a5e] 162.253.55.70 "GET /v2.0/floatingips?fixed_ip_address=fd7b%3Af9f7%3Afff%3A4eca%3A%3A52&port_id=067cb321-1823-4220-8b06-0d641d80ea46 HTTP/1.1" status: 200 len: 217 time: 0.0303352
2026-02-26 20:18:25.789 10 INFO neutron.wsgi [None req-0121ae28-04f9-428d-894d-76b838c4fd0c a2997685040d49be82cbfdbc9856d08b 0f0f89ac3370444e94213544de155d46 - - default default] 10.0.0.10 "DELETE /v2.0/ports/e6839b15-68c6-46a7-86c1-cfc3321fcf7c HTTP/1.1" status: 204 len: 168 time: 0.2277918
2026-02-26 20:18:25.817 9 INFO neutron.wsgi [req-be787e04-8040-4cac-a152-508eeb05624e req-35fb5e8d-9ab7-44f3-911e-16b4ace35142 26721738254548cf906d337087aa1961 81cfce51e3c74c65971e1967a568f39b - - 5ba21f58809346e29f985113e0781a5e 5ba21f58809346e29f985113e0781a5e] 162.253.55.70 "GET /v2.0/subnets?id=3687bdb8-7aad-487b-abb8-7f945924407b&id=f67d411c-e546-448e-b55d-f02e0547aa62 HTTP/1.1" status: 200 len: 1562 time: 0.0534787
2026-02-26 20:18:25.850 10 WARNING neutron.plugins.ml2.drivers.ovn.mech_driver.ovsdb.ovn_client [None req-4fd76493-d3e6-48bf-be69-a7591e9358ab - - - - - -] No hosting information found for port 27225c08-e067-41cb-973f-c6c9a0d285dd: RuntimeError: No hosting information found for port 27225c08-e067-41cb-973f-c6c9a0d285dd
2026-02-26 20:18:25.852 9 INFO neutron.wsgi [req-be787e04-8040-4cac-a152-508eeb05624e req-895523c9-91c1-4074-9bee-f56f69e99167 26721738254548cf906d337087aa1961 81cfce51e3c74c65971e1967a568f39b - - 5ba21f58809346e29f985113e0781a5e 5ba21f58809346e29f985113e0781a5e] 162.253.55.70 "GET /v2.0/ports?network_id=bbf2e174-651c-4296-bc84-434c3e7e3aa4&device_owner=network%3Adhcp HTTP/1.1" status: 200 len: 210 time: 0.0270693
2026-02-26 20:18:25.882 9 INFO neutron.wsgi [req-be787e04-8040-4cac-a152-508eeb05624e req-d70b1373-dc8b-4bf5-8a03-7076ea46b83e 26721738254548cf906d337087aa1961 81cfce51e3c74c65971e1967a568f39b - - 5ba21f58809346e29f985113e0781a5e 5ba21f58809346e29f985113e0781a5e] 162.253.55.70 "GET /v2.0/ports?network_id=bbf2e174-651c-4296-bc84-434c3e7e3aa4&device_owner=network%3Adhcp HTTP/1.1" status: 200 len: 210 time: 0.0261457
2026-02-26 20:18:25.943 9 INFO neutron.wsgi [req-be787e04-8040-4cac-a152-508eeb05624e req-63c5270f-4c49-48de-bf48-2cd97b98a546 26721738254548cf906d337087aa1961 81cfce51e3c74c65971e1967a568f39b - - 5ba21f58809346e29f985113e0781a5e 5ba21f58809346e29f985113e0781a5e] 162.253.55.70 "GET /v2.0/networks/bbf2e174-651c-4296-bc84-434c3e7e3aa4?fields=segments HTTP/1.1" status: 200 len: 212 time: 0.0566459
2026-02-26 20:18:26.011 9 INFO neutron.wsgi [req-be787e04-8040-4cac-a152-508eeb05624e req-99dfbebe-5840-4b09-8c7a-b77f1adb186b 26721738254548cf906d337087aa1961 81cfce51e3c74c65971e1967a568f39b - - 5ba21f58809346e29f985113e0781a5e 5ba21f58809346e29f985113e0781a5e] 162.253.55.70 "GET /v2.0/networks/bbf2e174-651c-4296-bc84-434c3e7e3aa4?fields=provider%3Aphysical_network&fields=provider%3Anetwork_type HTTP/1.1" status: 200 len: 277 time: 0.0623693
2026-02-26 20:18:26.101 9 INFO neutron.wsgi [req-68379a0b-2094-4fcc-88cc-abf6acbddaf0 req-0b09896b-4b08-4d9a-8266-0e9ff598f083 26721738254548cf906d337087aa1961 81cfce51e3c74c65971e1967a568f39b - - 5ba21f58809346e29f985113e0781a5e 5ba21f58809346e29f985113e0781a5e] 162.253.55.70 "GET /v2.0/ports?tenant_id=41bcf272e5b44a32b897457135b1bba2&device_id=fc2b2121-0a66-43e8-bb7d-41aaa82558d9 HTTP/1.1" status: 200 len: 1632 time: 0.0447350
2026-02-26 20:18:26.181 10 INFO neutron.services.segments.plugin [-] Segment c4afc8f1-ea14-41c5-9a8e-8e2239b10ff4 resource provider aggregate not found
2026-02-26 20:18:26.189 10 INFO neutron.services.segments.plugin [-] Segment c4afc8f1-ea14-41c5-9a8e-8e2239b10ff4 resource provider aggregate not found
2026-02-26 20:18:26.199 9 INFO neutron.plugins.ml2.drivers.ovn.mech_driver.mech_driver [None req-f1686c4d-0e2c-46ea-a85f-56026a21d606 - - - - - -] OVN reports status up for port: 067cb321-1823-4220-8b06-0d641d80ea46
2026-02-26 20:18:26.203 9 INFO neutron.wsgi [req-68379a0b-2094-4fcc-88cc-abf6acbddaf0 req-11d5dbd5-736e-4608-9acf-8d5f3d1fb205 26721738254548cf906d337087aa1961 81cfce51e3c74c65971e1967a568f39b - - 5ba21f58809346e29f985113e0781a5e 5ba21f58809346e29f985113e0781a5e] 162.253.55.70 "GET /v2.0/networks?id=bbf2e174-651c-4296-bc84-434c3e7e3aa4 HTTP/1.1" status: 200 len: 1003 time: 0.0964086
2026-02-26 20:18:26.208 10 INFO neutron.services.segments.plugin [-] Segment c4afc8f1-ea14-41c5-9a8e-8e2239b10ff4 resource provider not found; error: Placement Client Error (4xx): {"errors": [{"status": 404, "title": "Not Found", "detail": "The resource could not be found.\n\n No resource provider with uuid c4afc8f1-ea14-41c5-9a8e-8e2239b10ff4 found for delete ", "request_id": "req-982f86a0-e07e-4fec-9a6e-5f947afe39df"}]}
2026-02-26 20:18:26.216 10 INFO neutron.services.segments.plugin [-] Segment c4afc8f1-ea14-41c5-9a8e-8e2239b10ff4 resource provider not found; error: Placement Client Error (4xx): {"errors": [{"status": 404, "title": "Not Found", "detail": "The resource could not be found.\n\n No resource provider with uuid c4afc8f1-ea14-41c5-9a8e-8e2239b10ff4 found for delete ", "request_id": "req-d3226bef-1c77-40ce-a2a8-abd2d651d657"}]}
2026-02-26 20:18:26.235 9 INFO neutron.wsgi [req-68379a0b-2094-4fcc-88cc-abf6acbddaf0 req-327ac2b5-8e0b-4a39-997b-f3dd48d87a5c 26721738254548cf906d337087aa1961 81cfce51e3c74c65971e1967a568f39b - - 5ba21f58809346e29f985113e0781a5e 5ba21f58809346e29f985113e0781a5e] 162.253.55.70 "GET /v2.0/floatingips?fixed_ip_address=10.2.1.185&port_id=067cb321-1823-4220-8b06-0d641d80ea46 HTTP/1.1" status: 200 len: 217 time: 0.0239208
2026-02-26 20:18:26.237 9 INFO neutron.plugins.ml2.plugin [None req-f1686c4d-0e2c-46ea-a85f-56026a21d606 - - - - - -] Attempt 1 to provision port 067cb321-1823-4220-8b06-0d641d80ea46
2026-02-26 20:18:26.242 10 INFO neutron.wsgi [None req-5727843d-1fd8-4070-bc34-c16d77ef8436 a2997685040d49be82cbfdbc9856d08b 0f0f89ac3370444e94213544de155d46 - - default default] 10.0.0.10 "DELETE /v2.0/networks/5b20b393-5992-49d3-94d1-c4c8f2adcfaf HTTP/1.1" status: 204 len: 168 time: 0.4458139
2026-02-26 20:18:26.272 9 INFO neutron.wsgi [req-68379a0b-2094-4fcc-88cc-abf6acbddaf0 req-179e0576-ecae-4265-b93d-6ae528754a15 26721738254548cf906d337087aa1961 81cfce51e3c74c65971e1967a568f39b - - 5ba21f58809346e29f985113e0781a5e 5ba21f58809346e29f985113e0781a5e] 162.253.55.70 "GET /v2.0/floatingips?fixed_ip_address=fd7b%3Af9f7%3Afff%3A4eca%3A%3A52&port_id=067cb321-1823-4220-8b06-0d641d80ea46 HTTP/1.1" status: 200 len: 217 time: 0.0325954
2026-02-26 20:18:26.354 9 INFO neutron.wsgi [req-68379a0b-2094-4fcc-88cc-abf6acbddaf0 req-9cd52fdb-03f2-4398-9af4-bb31cbbeadd1 26721738254548cf906d337087aa1961 81cfce51e3c74c65971e1967a568f39b - - 5ba21f58809346e29f985113e0781a5e 5ba21f58809346e29f985113e0781a5e] 162.253.55.70 "GET /v2.0/subnets?id=3687bdb8-7aad-487b-abb8-7f945924407b&id=f67d411c-e546-448e-b55d-f02e0547aa62 HTTP/1.1" status: 200 len: 1562 time: 0.0742819
2026-02-26 20:18:26.413 9 INFO neutron.wsgi [req-68379a0b-2094-4fcc-88cc-abf6acbddaf0 req-5f7dc1de-6520-45bc-9554-9f23fe37cc87 26721738254548cf906d337087aa1961 81cfce51e3c74c65971e1967a568f39b - - 5ba21f58809346e29f985113e0781a5e 5ba21f58809346e29f985113e0781a5e] 162.253.55.70 "GET /v2.0/ports?network_id=bbf2e174-651c-4296-bc84-434c3e7e3aa4&device_owner=network%3Adhcp HTTP/1.1" status: 200 len: 210 time: 0.0516174
2026-02-26 20:18:26.440 9 INFO neutron.wsgi [req-68379a0b-2094-4fcc-88cc-abf6acbddaf0 req-d972eb61-8f7d-409d-9910-12b88953b217 26721738254548cf906d337087aa1961 81cfce51e3c74c65971e1967a568f39b - - 5ba21f58809346e29f985113e0781a5e 5ba21f58809346e29f985113e0781a5e] 162.253.55.70 "GET /v2.0/ports?network_id=bbf2e174-651c-4296-bc84-434c3e7e3aa4&device_owner=network%3Adhcp HTTP/1.1" status: 200 len: 210 time: 0.0218308
