2026-07-30 16:03:22.225 14 INFO neutron.plugins.ml2.plugin [None req-6d63fe6e-8b59-44ef-8552-71fe4f08df99 - - - - - -] Attempt 1 to provision port 9c9a6689-a038-49b8-bb7f-26e67fc9fedf
2026-07-30 16:03:23.643 13 INFO neutron.plugins.ml2.plugin [None req-bedbb079-2b58-4e9a-811b-475f06597f2d - - - - - -] Attempt 1 to provision port 8efcf760-6765-44f1-a1de-900b7038d838
2026-07-30 16:03:23.723 14 INFO neutron.plugins.ml2.plugin [None req-6d63fe6e-8b59-44ef-8552-71fe4f08df99 - - - - - -] Attempt 1 to provision port 2a11252e-eed2-4759-9729-164e389f67a7
2026-07-30 16:03:23.993 14 INFO neutron.plugins.ml2.plugin [None req-6d63fe6e-8b59-44ef-8552-71fe4f08df99 - - - - - -] Attempt 1 to provision port a61b3024-9b9e-45b1-b82c-b7bc2fa529c0
2026-07-30 16:03:24.240 14 INFO neutron.plugins.ml2.plugin [None req-6d63fe6e-8b59-44ef-8552-71fe4f08df99 - - - - - -] Attempt 1 to provision port 9c9a6689-a038-49b8-bb7f-26e67fc9fedf
2026-07-30 16:03:24.485 14 INFO neutron.plugins.ml2.plugin [None req-6d63fe6e-8b59-44ef-8552-71fe4f08df99 - - - - - -] Attempt 1 to provision port 1edaa3cb-6aa9-4eba-b213-7c90cffe4ac3
2026-07-30 16:03:24.617 14 INFO neutron.notifiers.nova [-] Nova event matching ['req-c3968563-fbcf-445e-8399-e7ae01a94293'] response: {'server_uuid': 'eb551346-f338-4bb1-a8b1-cf4f8f7a95b8', 'name': 'network-vif-plugged', 'status': 'completed', 'tag': '1edaa3cb-6aa9-4eba-b213-7c90cffe4ac3', 'code': 200}
2026-07-30 16:03:26.143 13 INFO neutron.plugins.ml2.plugin [None req-6d63fe6e-8b59-44ef-8552-71fe4f08df99 - - - - - -] Attempt 1 to provision port 1edaa3cb-6aa9-4eba-b213-7c90cffe4ac3
2026-07-30 16:03:27.136 13 INFO neutron.plugins.ml2.plugin [None req-c86ab172-5dfb-4892-99d3-933f302d035f - - - - - -] Attempt 1 to provision port 1edaa3cb-6aa9-4eba-b213-7c90cffe4ac3
2026-07-30 16:03:27.205 13 INFO neutron.plugins.ml2.plugin [None req-c86ab172-5dfb-4892-99d3-933f302d035f - - - - - -] Attempt 1 to provision port 37eaf8d0-2a14-44b5-873d-4924e8354239
2026-07-30 16:03:28.142 14 INFO neutron.plugins.ml2.plugin [None req-6d63fe6e-8b59-44ef-8552-71fe4f08df99 - - - - - -] Attempt 1 to provision port 19d5e2f8-10fc-40a1-a760-30f1131f268a
2026-07-30 16:03:28.592 14 INFO neutron.plugins.ml2.plugin [None req-6d63fe6e-8b59-44ef-8552-71fe4f08df99 - - - - - -] Attempt 1 to provision port 8efcf760-6765-44f1-a1de-900b7038d838
2026-07-30 16:03:29.962 13 INFO neutron.plugins.ml2.plugin [None req-d5a1cb7a-b00f-42ab-9499-635163d41ec3 - - - - - -] Attempt 1 to provision port 60f53a7f-d845-4eb0-9387-fb408dbad75e
2026-07-30 16:03:30.350 14 INFO neutron.plugins.ml2.plugin [None req-6d63fe6e-8b59-44ef-8552-71fe4f08df99 - - - - - -] Attempt 1 to provision port 37eaf8d0-2a14-44b5-873d-4924e8354239
2026-07-30 16:03:30.696 14 INFO neutron.plugins.ml2.plugin [None req-6d63fe6e-8b59-44ef-8552-71fe4f08df99 - - - - - -] Attempt 1 to provision port 60f53a7f-d845-4eb0-9387-fb408dbad75e
2026-07-30 16:03:30.925 14 INFO neutron.plugins.ml2.plugin [None req-6d63fe6e-8b59-44ef-8552-71fe4f08df99 - - - - - -] Attempt 1 to provision port 8efcf760-6765-44f1-a1de-900b7038d838
2026-07-30 16:03:31.201 14 INFO neutron.plugins.ml2.plugin [None req-6d63fe6e-8b59-44ef-8552-71fe4f08df99 - - - - - -] Attempt 1 to provision port 305ecbad-aa94-4b06-9e3e-7f69593900fa
2026-07-30 16:03:31.397 14 INFO neutron.plugins.ml2.plugin [None req-6d63fe6e-8b59-44ef-8552-71fe4f08df99 - - - - - -] No ports have port_id starting with 305ecbad-aa94-4b06-9e3e-7f69593900fa
2026-07-30 16:03:31.423 14 INFO neutron.plugins.ml2.plugin [None req-6d63fe6e-8b59-44ef-8552-71fe4f08df99 - - - - - -] Attempt 1 to provision port 19d5e2f8-10fc-40a1-a760-30f1131f268a
2026-07-30 16:03:55.891 13 INFO neutron.plugins.ml2.plugin [None req-a4ab4312-3b16-4091-8fba-bd4a12b81ade - - - - - -] Attempt 1 to provision port 88a1e580-553c-42fc-a9bd-aacdb6e61652
2026-07-30 16:03:58.083 14 INFO neutron.plugins.ml2.plugin [None req-6d63fe6e-8b59-44ef-8552-71fe4f08df99 - - - - - -] Attempt 1 to provision port c693d58a-1187-438d-a8b1-235fd1fb4579
2026-07-30 16:03:58.871 14 INFO neutron.notifiers.nova [-] Nova event matching ['req-c402d426-a0da-4320-affc-54619f45da31'] response: {'server_uuid': 'eb551346-f338-4bb1-a8b1-cf4f8f7a95b8', 'name': 'network-vif-unplugged', 'status': 'completed', 'tag': '1edaa3cb-6aa9-4eba-b213-7c90cffe4ac3', 'code': 200}
2026-07-30 16:04:00.582 13 INFO neutron.plugins.ml2.plugin [None req-6d63fe6e-8b59-44ef-8552-71fe4f08df99 - - - - - -] Attempt 1 to provision port 1edaa3cb-6aa9-4eba-b213-7c90cffe4ac3
2026-07-30 16:04:00.769 13 INFO neutron.notifiers.nova [-] Nova event matching ['req-cbf4694a-0fb6-415e-b6eb-d522eb40474c'] response: {'server_uuid': 'eb551346-f338-4bb1-a8b1-cf4f8f7a95b8', 'name': 'network-vif-plugged', 'status': 'completed', 'tag': '1edaa3cb-6aa9-4eba-b213-7c90cffe4ac3', 'code': 200}
2026-07-30 16:04:02.486 13 INFO neutron.plugins.ml2.plugin [None req-6d63fe6e-8b59-44ef-8552-71fe4f08df99 - - - - - -] Attempt 1 to provision port 1edaa3cb-6aa9-4eba-b213-7c90cffe4ac3
2026-07-30 16:04:14.405 14 INFO neutron.plugins.ml2.plugin [None req-a5d17fb4-8375-45d5-9257-3302c220a721 - - - - - -] Attempt 1 to provision port bbebce44-5c15-4f0b-bba2-dd40f4624b8d
2026-07-30 16:04:14.437 13 INFO neutron.plugins.ml2.plugin [None req-6d63fe6e-8b59-44ef-8552-71fe4f08df99 - - - - - -] Attempt 1 to provision port bbebce44-5c15-4f0b-bba2-dd40f4624b8d
2026-07-30 16:04:16.487 13 INFO neutron.plugins.ml2.plugin [None req-6d63fe6e-8b59-44ef-8552-71fe4f08df99 - - - - - -] Attempt 1 to provision port bbebce44-5c15-4f0b-bba2-dd40f4624b8d
2026-07-30 16:04:18.485 14 INFO neutron.plugins.ml2.plugin [None req-6d63fe6e-8b59-44ef-8552-71fe4f08df99 - - - - - -] Attempt 1 to provision port 62a88ff4-05f2-4cfb-940b-d62e30f20789
2026-07-30 16:04:24.637 14 INFO neutron.plugins.ml2.plugin [None req-6d63fe6e-8b59-44ef-8552-71fe4f08df99 - - - - - -] Attempt 1 to provision port b86f77a8-76c7-40b9-9410-c7bb98d31c56
2026-07-30 16:04:26.455 14 INFO neutron.plugins.ml2.plugin [None req-6d63fe6e-8b59-44ef-8552-71fe4f08df99 - - - - - -] Attempt 1 to provision port b86f77a8-76c7-40b9-9410-c7bb98d31c56
2026-07-30 16:04:32.442 14 INFO neutron.plugins.ml2.plugin [None req-6d63fe6e-8b59-44ef-8552-71fe4f08df99 - - - - - -] Attempt 1 to provision port c2933fb1-d0fc-438c-b88e-edfca26fb4e4
2026-07-30 16:04:34.260 14 INFO neutron.plugins.ml2.plugin [None req-c376123d-e54e-4efc-bb28-d1326d79260e - - - - - -] Attempt 1 to provision port c2933fb1-d0fc-438c-b88e-edfca26fb4e4
2026-07-30 16:04:34.512 13 INFO neutron.plugins.ml2.plugin [None req-6d63fe6e-8b59-44ef-8552-71fe4f08df99 - - - - - -] Attempt 1 to provision port c2933fb1-d0fc-438c-b88e-edfca26fb4e4
2026-07-30 16:04:34.701 13 INFO neutron.plugins.ml2.plugin [None req-6d63fe6e-8b59-44ef-8552-71fe4f08df99 - - - - - -] No ports have port_id starting with c2933fb1-d0fc-438c-b88e-edfca26fb4e4
2026-07-30 16:04:36.751 14 INFO neutron.plugins.ml2.plugin [None req-6d63fe6e-8b59-44ef-8552-71fe4f08df99 - - - - - -] Attempt 1 to provision port c93fe917-a483-4bcb-8cc7-c3f225613b6b
2026-07-30 16:04:38.414 14 INFO neutron.plugins.ml2.plugin [None req-6d63fe6e-8b59-44ef-8552-71fe4f08df99 - - - - - -] Attempt 1 to provision port c93fe917-a483-4bcb-8cc7-c3f225613b6b
2026-07-30 16:04:39.654 13 INFO neutron.plugins.ml2.plugin [None req-79ee94bb-5390-48bd-990a-02d86a65437c - - - - - -] Attempt 1 to provision port 772baa10-ca05-45ed-9c56-7187094ac448
2026-07-30 16:04:39.693 13 INFO neutron.plugins.ml2.plugin [None req-79ee94bb-5390-48bd-990a-02d86a65437c - - - - - -] Attempt 1 to provision port 377a78cc-8bef-46dd-8112-66ebb959176b
2026-07-30 16:04:44.464 13 INFO neutron.plugins.ml2.plugin [None req-6d63fe6e-8b59-44ef-8552-71fe4f08df99 - - - - - -] Attempt 1 to provision port 2d9e9cba-1c09-475f-aafa-4d39ca476a0d
2026-07-30 16:04:46.330 13 INFO neutron.plugins.ml2.plugin [None req-1969f02f-a854-4b5c-8e5d-c67c10001d5c - - - - - -] Attempt 1 to provision port 2d9e9cba-1c09-475f-aafa-4d39ca476a0d
2026-07-30 16:04:46.396 13 INFO neutron.plugins.ml2.plugin [None req-1969f02f-a854-4b5c-8e5d-c67c10001d5c - - - - - -] Attempt 1 to provision port b19a8026-dd44-4c55-8792-905c72bb3641
2026-07-30 16:04:46.450 14 INFO neutron.plugins.ml2.plugin [None req-6d63fe6e-8b59-44ef-8552-71fe4f08df99 - - - - - -] Attempt 1 to provision port 2d9e9cba-1c09-475f-aafa-4d39ca476a0d
2026-07-30 16:04:51.197 14 INFO neutron.plugins.ml2.plugin [None req-34293a70-d83e-4b30-9abf-2da58ddf853a - - - - - -] Attempt 1 to provision port b19a8026-dd44-4c55-8792-905c72bb3641
2026-07-30 16:04:54.308 13 INFO neutron.plugins.ml2.plugin [None req-e6b62350-fd63-4151-9cbf-c9f53d181a8b - - - - - -] Attempt 1 to provision port b19a8026-dd44-4c55-8792-905c72bb3641
2026-07-30 16:04:55.128 14 INFO neutron.plugins.ml2.plugin [None req-6d63fe6e-8b59-44ef-8552-71fe4f08df99 - - - - - -] Attempt 1 to provision port 772baa10-ca05-45ed-9c56-7187094ac448
2026-07-30 16:04:55.464 14 INFO neutron.plugins.ml2.plugin [None req-6d63fe6e-8b59-44ef-8552-71fe4f08df99 - - - - - -] Attempt 1 to provision port b19a8026-dd44-4c55-8792-905c72bb3641
2026-07-30 16:04:55.742 14 INFO neutron.plugins.ml2.plugin [None req-6d63fe6e-8b59-44ef-8552-71fe4f08df99 - - - - - -] Attempt 1 to provision port 8e02f1d7-ebc3-485f-b821-feef93d1ab48
2026-07-30 16:04:55.859 14 INFO neutron.notifiers.nova [-] Nova event matching ['req-7e858150-af8f-41e6-ac00-1d4572321422'] response: {'server_uuid': '3131d372-afe0-4d95-81e5-a7333d973780', 'name': 'network-vif-plugged', 'status': 'completed', 'tag': '8e02f1d7-ebc3-485f-b821-feef93d1ab48', 'code': 200}
2026-07-30 16:04:56.802 14 INFO neutron.plugins.ml2.plugin [None req-6d63fe6e-8b59-44ef-8552-71fe4f08df99 - - - - - -] Attempt 1 to provision port 772baa10-ca05-45ed-9c56-7187094ac448
2026-07-30 16:04:57.015 14 INFO neutron.plugins.ml2.plugin [None req-6d63fe6e-8b59-44ef-8552-71fe4f08df99 - - - - - -] Attempt 1 to provision port b19a8026-dd44-4c55-8792-905c72bb3641
2026-07-30 16:04:57.265 14 INFO neutron.plugins.ml2.plugin [None req-6d63fe6e-8b59-44ef-8552-71fe4f08df99 - - - - - -] Attempt 1 to provision port 8e02f1d7-ebc3-485f-b821-feef93d1ab48
2026-07-30 16:05:10.843 13 INFO neutron.plugins.ml2.plugin [None req-6d63fe6e-8b59-44ef-8552-71fe4f08df99 - - - - - -] Attempt 1 to provision port 8bac4836-a6ce-444f-aa65-e6135a1ce4f5
2026-07-30 16:05:13.081 14 INFO neutron.plugins.ml2.plugin [None req-6d63fe6e-8b59-44ef-8552-71fe4f08df99 - - - - - -] Attempt 1 to provision port 8bac4836-a6ce-444f-aa65-e6135a1ce4f5
2026-07-30 16:05:13.412 14 INFO neutron.plugins.ml2.plugin [None req-6d63fe6e-8b59-44ef-8552-71fe4f08df99 - - - - - -] Attempt 1 to provision port 34b235bb-e218-453e-b89c-f0ef76273b3e
2026-07-30 16:05:13.754 14 INFO neutron.plugins.ml2.plugin [None req-85433991-2895-486b-b3d0-136a13b8fa37 - - - - - -] Attempt 1 to provision port 986fb470-e51f-4585-8e88-e0333209a464
2026-07-30 16:05:13.826 14 INFO neutron.plugins.ml2.plugin [None req-85433991-2895-486b-b3d0-136a13b8fa37 - - - - - -] Attempt 1 to provision port 8bac4836-a6ce-444f-aa65-e6135a1ce4f5
2026-07-30 16:05:14.777 13 INFO neutron.plugins.ml2.plugin [None req-6d63fe6e-8b59-44ef-8552-71fe4f08df99 - - - - - -] Attempt 1 to provision port 34b235bb-e218-453e-b89c-f0ef76273b3e
2026-07-30 16:05:17.280 13 INFO neutron.plugins.ml2.plugin [None req-5052cd18-e39e-4c2c-b9c9-e4b80826e9cc - - - - - -] Attempt 1 to provision port 5e468df1-6938-4c64-b753-eda46c932f67
2026-07-30 16:05:25.864 14 INFO neutron.plugins.ml2.plugin [None req-6d63fe6e-8b59-44ef-8552-71fe4f08df99 - - - - - -] Attempt 1 to provision port 2d0f5d59-68f4-4a47-a0b3-7b47f1f2287c
2026-07-30 16:05:25.979 14 INFO neutron.notifiers.nova [-] Nova event matching ['req-814ed004-3972-477e-aa22-deb4b990b587'] response: {'server_uuid': 'c283df3f-f4c6-4df5-bd30-3f71c15349c2', 'name': 'network-vif-plugged', 'status': 'completed', 'tag': '2d0f5d59-68f4-4a47-a0b3-7b47f1f2287c', 'code': 200}
2026-07-30 16:05:26.928 13 INFO neutron.plugins.ml2.plugin [None req-6d63fe6e-8b59-44ef-8552-71fe4f08df99 - - - - - -] Attempt 1 to provision port 2d0f5d59-68f4-4a47-a0b3-7b47f1f2287c
2026-07-30 16:05:31.050 13 INFO neutron.plugins.ml2.plugin [None req-6d63fe6e-8b59-44ef-8552-71fe4f08df99 - - - - - -] Attempt 1 to provision port 5e468df1-6938-4c64-b753-eda46c932f67
2026-07-30 16:05:31.439 13 INFO neutron.plugins.ml2.plugin [None req-6d63fe6e-8b59-44ef-8552-71fe4f08df99 - - - - - -] Attempt 1 to provision port 986fb470-e51f-4585-8e88-e0333209a464
2026-07-30 16:05:32.997 13 INFO neutron.plugins.ml2.plugin [None req-6d63fe6e-8b59-44ef-8552-71fe4f08df99 - - - - - -] Attempt 1 to provision port 5e468df1-6938-4c64-b753-eda46c932f67
2026-07-30 16:05:33.200 13 INFO neutron.plugins.ml2.plugin [None req-6d63fe6e-8b59-44ef-8552-71fe4f08df99 - - - - - -] Attempt 1 to provision port 986fb470-e51f-4585-8e88-e0333209a464
2026-07-30 16:05:37.629 13 INFO neutron.plugins.ml2.plugin [None req-6d63fe6e-8b59-44ef-8552-71fe4f08df99 - - - - - -] Attempt 1 to provision port 76835853-9cab-4614-b3dd-75e6da188b0b
2026-07-30 16:05:37.776 13 INFO neutron.notifiers.nova [-] Nova event matching ['req-fd31f7ae-aed7-40d0-a107-92c834c033bc'] response: {'server_uuid': 'd6eeb967-0bd6-447b-80d4-4bf0ac20bbbb', 'name': 'network-vif-plugged', 'status': 'completed', 'tag': '76835853-9cab-4614-b3dd-75e6da188b0b', 'code': 200}
2026-07-30 16:05:38.707 13 ERROR oslo_messaging.rpc.server [None req-b0ce3b15-8b28-42de-982d-daa9897dbfbe - - - - - -] Exception during message handling: neutron_lib.exceptions.SubnetInUse: Unable to complete operation on subnet 22d7dbda-c06c-4a0e-8692-04634d5ada69: This subnet is being modified by another concurrent operation.
2026-07-30 16:05:38.707 13 ERROR oslo_messaging.rpc.server
Traceback (most recent call last):
2026-07-30 16:05:38.707 13 ERROR oslo_messaging.rpc.server
File "/var/lib/openstack/lib/python3.12/site-packages/oslo_messaging/rpc/server.py", line 174, in _process_incoming
2026-07-30 16:05:38.707 13 ERROR oslo_messaging.rpc.server res = self.dispatcher.dispatch(message)
2026-07-30 16:05:38.707 13 ERROR oslo_messaging.rpc.server ^^^^^^^^^^^^^^^^^^^^^^^^^^^^^^^^^
2026-07-30 16:05:38.707 13 ERROR oslo_messaging.rpc.server
File "/var/lib/openstack/lib/python3.12/site-packages/oslo_messaging/rpc/dispatcher.py", line 309, in dispatch
2026-07-30 16:05:38.707 13 ERROR oslo_messaging.rpc.server return self._do_dispatch(endpoint, method, ctxt, args)
2026-07-30 16:05:38.707 13 ERROR oslo_messaging.rpc.server ^^^^^^^^^^^^^^^^^^^^^^^^^^^^^^^^^^^^^^^^^^^^^^^
2026-07-30 16:05:38.707 13 ERROR oslo_messaging.rpc.server
File "/var/lib/openstack/lib/python3.12/site-packages/oslo_messaging/rpc/dispatcher.py", line 229, in _do_dispatch
2026-07-30 16:05:38.707 13 ERROR oslo_messaging.rpc.server result = func(ctxt, **new_args)
2026-07-30 16:05:38.707 13 ERROR oslo_messaging.rpc.server ^^^^^^^^^^^^^^^^^^^^^^
2026-07-30 16:05:38.707 13 ERROR oslo_messaging.rpc.server
File "/var/lib/openstack/lib/python3.12/site-packages/oslo_messaging/rpc/server.py", line 269, in inner
2026-07-30 16:05:38.707 13 ERROR oslo_messaging.rpc.server return func(*args, **kwargs)
2026-07-30 16:05:38.707 13 ERROR oslo_messaging.rpc.server ^^^^^^^^^^^^^^^^^^^^^
2026-07-30 16:05:38.707 13 ERROR oslo_messaging.rpc.server
File "/var/lib/openstack/lib/python3.12/site-packages/neutron_lib/db/api.py", line 137, in wrapped
2026-07-30 16:05:38.707 13 ERROR oslo_messaging.rpc.server with excutils.save_and_reraise_exception():
2026-07-30 16:05:38.707 13 ERROR oslo_messaging.rpc.server
File "/var/lib/openstack/lib/python3.12/site-packages/oslo_utils/excutils.py", line 227, in __exit__
2026-07-30 16:05:38.707 13 ERROR oslo_messaging.rpc.server self.force_reraise()
2026-07-30 16:05:38.707 13 ERROR oslo_messaging.rpc.server
File "/var/lib/openstack/lib/python3.12/site-packages/oslo_utils/excutils.py", line 200, in force_reraise
2026-07-30 16:05:38.707 13 ERROR oslo_messaging.rpc.server raise self.value
2026-07-30 16:05:38.707 13 ERROR oslo_messaging.rpc.server
File "/var/lib/openstack/lib/python3.12/site-packages/neutron_lib/db/api.py", line 135, in wrapped
2026-07-30 16:05:38.707 13 ERROR oslo_messaging.rpc.server return f(*args, **kwargs)
2026-07-30 16:05:38.707 13 ERROR oslo_messaging.rpc.server ^^^^^^^^^^^^^^^^^^
2026-07-30 16:05:38.707 13 ERROR oslo_messaging.rpc.server
File "/var/lib/openstack/lib/python3.12/site-packages/oslo_db/api.py", line 144, in wrapper
2026-07-30 16:05:38.707 13 ERROR oslo_messaging.rpc.server with excutils.save_and_reraise_exception() as ectxt:
2026-07-30 16:05:38.707 13 ERROR oslo_messaging.rpc.server
File "/var/lib/openstack/lib/python3.12/site-packages/oslo_utils/excutils.py", line 227, in __exit__
2026-07-30 16:05:38.707 13 ERROR oslo_messaging.rpc.server self.force_reraise()
2026-07-30 16:05:38.707 13 ERROR oslo_messaging.rpc.server
File "/var/lib/openstack/lib/python3.12/site-packages/oslo_utils/excutils.py", line 200, in force_reraise
2026-07-30 16:05:38.707 13 ERROR oslo_messaging.rpc.server raise self.value
2026-07-30 16:05:38.707 13 ERROR oslo_messaging.rpc.server
File "/var/lib/openstack/lib/python3.12/site-packages/oslo_db/api.py", line 142, in wrapper
2026-07-30 16:05:38.707 13 ERROR oslo_messaging.rpc.server return f(*args, **kwargs)
2026-07-30 16:05:38.707 13 ERROR oslo_messaging.rpc.server ^^^^^^^^^^^^^^^^^^
2026-07-30 16:05:38.707 13 ERROR oslo_messaging.rpc.server
File "/var/lib/openstack/lib/python3.12/site-packages/neutron_lib/db/api.py", line 183, in wrapped
2026-07-30 16:05:38.707 13 ERROR oslo_messaging.rpc.server with excutils.save_and_reraise_exception():
2026-07-30 16:05:38.707 13 ERROR oslo_messaging.rpc.server
File "/var/lib/openstack/lib/python3.12/site-packages/oslo_utils/excutils.py", line 227, in __exit__
2026-07-30 16:05:38.707 13 ERROR oslo_messaging.rpc.server self.force_reraise()
2026-07-30 16:05:38.707 13 ERROR oslo_messaging.rpc.server
File "/var/lib/openstack/lib/python3.12/site-packages/oslo_utils/excutils.py", line 200, in force_reraise
2026-07-30 16:05:38.707 13 ERROR oslo_messaging.rpc.server raise self.value
2026-07-30 16:05:38.707 13 ERROR oslo_messaging.rpc.server
File "/var/lib/openstack/lib/python3.12/site-packages/neutron_lib/db/api.py", line 181, in wrapped
2026-07-30 16:05:38.707 13 ERROR oslo_messaging.rpc.server return f(*dup_args, **dup_kwargs)
2026-07-30 16:05:38.707 13 ERROR oslo_messaging.rpc.server ^^^^^^^^^^^^^^^^^^^^^^^^^^
2026-07-30 16:05:38.707 13 ERROR oslo_messaging.rpc.server
File "/var/lib/openstack/lib/python3.12/site-packages/neutron/quota/resource_registry.py", line 95, in wrapper
2026-07-30 16:05:38.707 13 ERROR oslo_messaging.rpc.server ret_val = f(_self, context, *args, **kwargs)
2026-07-30 16:05:38.707 13 ERROR oslo_messaging.rpc.server ^^^^^^^^^^^^^^^^^^^^^^^^^^^^^^^^^^
2026-07-30 16:05:38.707 13 ERROR oslo_messaging.rpc.server
File "/var/lib/openstack/lib/python3.12/site-packages/neutron/api/rpc/handlers/dhcp_rpc.py", line 292, in create_dhcp_port
2026-07-30 16:05:38.707 13 ERROR oslo_messaging.rpc.server return self._port_action(plugin, context, port, 'create_port')
2026-07-30 16:05:38.707 13 ERROR oslo_messaging.rpc.server ^^^^^^^^^^^^^^^^^^^^^^^^^^^^^^^^^^^^^^^^^^^^^^^^^^^^^^^
2026-07-30 16:05:38.707 13 ERROR oslo_messaging.rpc.server
File "/var/lib/openstack/lib/python3.12/site-packages/neutron/api/rpc/handlers/dhcp_rpc.py", line 118, in _port_action
2026-07-30 16:05:38.707 13 ERROR oslo_messaging.rpc.server return p_utils.create_port(plugin, context, port)
2026-07-30 16:05:38.707 13 ERROR oslo_messaging.rpc.server ^^^^^^^^^^^^^^^^^^^^^^^^^^^^^^^^^^^^^^^^^^
2026-07-30 16:05:38.707 13 ERROR oslo_messaging.rpc.server
File "/var/lib/openstack/lib/python3.12/site-packages/neutron_lib/plugins/utils.py", line 338, in create_port
2026-07-30 16:05:38.707 13 ERROR oslo_messaging.rpc.server return core_plugin.create_port(
2026-07-30 16:05:38.707 13 ERROR oslo_messaging.rpc.server ^^^^^^^^^^^^^^^^^^^^^^^^
2026-07-30 16:05:38.707 13 ERROR oslo_messaging.rpc.server
File "/var/lib/openstack/lib/python3.12/site-packages/neutron/common/utils.py", line 717, in inner
2026-07-30 16:05:38.707 13 ERROR oslo_messaging.rpc.server return f(*args, **kwargs)
2026-07-30 16:05:38.707 13 ERROR oslo_messaging.rpc.server ^^^^^^^^^^^^^^^^^^
2026-07-30 16:05:38.707 13 ERROR oslo_messaging.rpc.server
File "/var/lib/openstack/lib/python3.12/site-packages/neutron_lib/db/api.py", line 223, in wrapped
2026-07-30 16:05:38.707 13 ERROR oslo_messaging.rpc.server return f_with_retry(*args, **kwargs,
2026-07-30 16:05:38.707 13 ERROR oslo_messaging.rpc.server ^^^^^^^^^^^^^^^^^^^^^^^^^^^^^
2026-07-30 16:05:38.707 13 ERROR oslo_messaging.rpc.server
File "/var/lib/openstack/lib/python3.12/site-packages/neutron_lib/db/api.py", line 137, in wrapped
2026-07-30 16:05:38.707 13 ERROR oslo_messaging.rpc.server with excutils.save_and_reraise_exception():
2026-07-30 16:05:38.707 13 ERROR oslo_messaging.rpc.server
File "/var/lib/openstack/lib/python3.12/site-packages/oslo_utils/excutils.py", line 227, in __exit__
2026-07-30 16:05:38.707 13 ERROR oslo_messaging.rpc.server self.force_reraise()
2026-07-30 16:05:38.707 13 ERROR oslo_messaging.rpc.server
File "/var/lib/openstack/lib/python3.12/site-packages/oslo_utils/excutils.py", line 200, in force_reraise
2026-07-30 16:05:38.707 13 ERROR oslo_messaging.rpc.server raise self.value
2026-07-30 16:05:38.707 13 ERROR oslo_messaging.rpc.server
File "/var/lib/openstack/lib/python3.12/site-packages/neutron_lib/db/api.py", line 135, in wrapped
2026-07-30 16:05:38.707 13 ERROR oslo_messaging.rpc.server return f(*args, **kwargs)
2026-07-30 16:05:38.707 13 ERROR oslo_messaging.rpc.server ^^^^^^^^^^^^^^^^^^
2026-07-30 16:05:38.707 13 ERROR oslo_messaging.rpc.server
File "/var/lib/openstack/lib/python3.12/site-packages/oslo_db/api.py", line 144, in wrapper
2026-07-30 16:05:38.707 13 ERROR oslo_messaging.rpc.server with excutils.save_and_reraise_exception() as ectxt:
2026-07-30 16:05:38.707 13 ERROR oslo_messaging.rpc.server
File "/var/lib/openstack/lib/python3.12/site-packages/oslo_utils/excutils.py", line 227, in __exit__
2026-07-30 16:05:38.707 13 ERROR oslo_messaging.rpc.server self.force_reraise()
2026-07-30 16:05:38.707 13 ERROR oslo_messaging.rpc.server
File "/var/lib/openstack/lib/python3.12/site-packages/oslo_utils/excutils.py", line 200, in force_reraise
2026-07-30 16:05:38.707 13 ERROR oslo_messaging.rpc.server raise self.value
2026-07-30 16:05:38.707 13 ERROR oslo_messaging.rpc.server
File "/var/lib/openstack/lib/python3.12/site-packages/oslo_db/api.py", line 142, in wrapper
2026-07-30 16:05:38.707 13 ERROR oslo_messaging.rpc.server return f(*args, **kwargs)
2026-07-30 16:05:38.707 13 ERROR oslo_messaging.rpc.server ^^^^^^^^^^^^^^^^^^
2026-07-30 16:05:38.707 13 ERROR oslo_messaging.rpc.server
File "/var/lib/openstack/lib/python3.12/site-packages/neutron_lib/db/api.py", line 183, in wrapped
2026-07-30 16:05:38.707 13 ERROR oslo_messaging.rpc.server with excutils.save_and_reraise_exception():
2026-07-30 16:05:38.707 13 ERROR oslo_messaging.rpc.server
File "/var/lib/openstack/lib/python3.12/site-packages/oslo_utils/excutils.py", line 227, in __exit__
2026-07-30 16:05:38.707 13 ERROR oslo_messaging.rpc.server self.force_reraise()
2026-07-30 16:05:38.707 13 ERROR oslo_messaging.rpc.server
File "/var/lib/openstack/lib/python3.12/site-packages/oslo_utils/excutils.py", line 200, in force_reraise
2026-07-30 16:05:38.707 13 ERROR oslo_messaging.rpc.server raise self.value
2026-07-30 16:05:38.707 13 ERROR oslo_messaging.rpc.server
File "/var/lib/openstack/lib/python3.12/site-packages/neutron_lib/db/api.py", line 181, in wrapped
2026-07-30 16:05:38.707 13 ERROR oslo_messaging.rpc.server return f(*dup_args, **dup_kwargs)
2026-07-30 16:05:38.707 13 ERROR oslo_messaging.rpc.server ^^^^^^^^^^^^^^^^^^^^^^^^^^
2026-07-30 16:05:38.707 13 ERROR oslo_messaging.rpc.server
File "/var/lib/openstack/lib/python3.12/site-packages/neutron/plugins/ml2/plugin.py", line 1660, in create_port
2026-07-30 16:05:38.707 13 ERROR oslo_messaging.rpc.server result, mech_context = self._create_port_db(context, port)
2026-07-30 16:05:38.707 13 ERROR oslo_messaging.rpc.server ^^^^^^^^^^^^^^^^^^^^^^^^^^^^^^^^^^^
2026-07-30 16:05:38.707 13 ERROR oslo_messaging.rpc.server
File "/var/lib/openstack/lib/python3.12/site-packages/neutron/plugins/ml2/plugin.py", line 1625, in _create_port_db
2026-07-30 16:05:38.707 13 ERROR oslo_messaging.rpc.server port_db = self.create_port_db(context, port)
2026-07-30 16:05:38.707 13 ERROR oslo_messaging.rpc.server ^^^^^^^^^^^^^^^^^^^^^^^^^^^^^^^^^^
2026-07-30 16:05:38.707 13 ERROR oslo_messaging.rpc.server
File "/var/lib/openstack/lib/python3.12/site-packages/neutron/db/db_base_plugin_v2.py", line 1572, in create_port_db
2026-07-30 16:05:38.707 13 ERROR oslo_messaging.rpc.server self.ipam.allocate_ips_for_port_and_store(
2026-07-30 16:05:38.707 13 ERROR oslo_messaging.rpc.server
File "/var/lib/openstack/lib/python3.12/site-packages/neutron/db/ipam_pluggable_backend.py", line 219, in allocate_ips_for_port_and_store
2026-07-30 16:05:38.707 13 ERROR oslo_messaging.rpc.server ips = self.allocate_ips_for_port(context, port_copy)
2026-07-30 16:05:38.707 13 ERROR oslo_messaging.rpc.server ^^^^^^^^^^^^^^^^^^^^^^^^^^^^^^^^^^^^^^^^^^^^^^
2026-07-30 16:05:38.707 13 ERROR oslo_messaging.rpc.server
File "/var/lib/openstack/lib/python3.12/site-packages/neutron_lib/db/api.py", line 221, in wrapped
2026-07-30 16:05:38.707 13 ERROR oslo_messaging.rpc.server return f(*args, **kwargs)
2026-07-30 16:05:38.707 13 ERROR oslo_messaging.rpc.server ^^^^^^^^^^^^^^^^^^
2026-07-30 16:05:38.707 13 ERROR oslo_messaging.rpc.server
File "/var/lib/openstack/lib/python3.12/site-packages/oslo_db/sqlalchemy/enginefacade.py", line 1183, in wrapper
2026-07-30 16:05:38.707 13 ERROR oslo_messaging.rpc.server return fn(*args, **kwargs)
2026-07-30 16:05:38.707 13 ERROR oslo_messaging.rpc.server ^^^^^^^^^^^^^^^^^^^
2026-07-30 16:05:38.707 13 ERROR oslo_messaging.rpc.server
File "/var/lib/openstack/lib/python3.12/site-packages/neutron/db/ipam_pluggable_backend.py", line 226, in allocate_ips_for_port
2026-07-30 16:05:38.707 13 ERROR oslo_messaging.rpc.server return self._allocate_ips_for_port(context, port)
2026-07-30 16:05:38.707 13 ERROR oslo_messaging.rpc.server ^^^^^^^^^^^^^^^^^^^^^^^^^^^^^^^^^^^^^^^^^^
2026-07-30 16:05:38.707 13 ERROR oslo_messaging.rpc.server
File "/var/lib/openstack/lib/python3.12/site-packages/neutron/db/ipam_pluggable_backend.py", line 258, in _allocate_ips_for_port
2026-07-30 16:05:38.707 13 ERROR oslo_messaging.rpc.server subnets = self._ipam_get_subnets(
2026-07-30 16:05:38.707 13 ERROR oslo_messaging.rpc.server ^^^^^^^^^^^^^^^^^^^^^^^
2026-07-30 16:05:38.707 13 ERROR oslo_messaging.rpc.server
File "/var/lib/openstack/lib/python3.12/site-packages/neutron/db/ipam_backend_mixin.py", line 686, in _ipam_get_subnets
2026-07-30 16:05:38.707 13 ERROR oslo_messaging.rpc.server subnet.read_lock_register(
2026-07-30 16:05:38.707 13 ERROR oslo_messaging.rpc.server
File "/var/lib/openstack/lib/python3.12/site-packages/neutron/db/models_v2.py", line 77, in read_lock_register
2026-07-30 16:05:38.707 13 ERROR oslo_messaging.rpc.server raise exception
2026-07-30 16:05:38.707 13 ERROR oslo_messaging.rpc.server neutron_lib.exceptions.SubnetInUse: Unable to complete operation on subnet 22d7dbda-c06c-4a0e-8692-04634d5ada69: This subnet is being modified by another concurrent operation.
2026-07-30 16:05:38.707 13 ERROR oslo_messaging.rpc.server
2026-07-30 16:05:39.164 14 INFO neutron.plugins.ml2.plugin [None req-6d63fe6e-8b59-44ef-8552-71fe4f08df99 - - - - - -] Attempt 1 to provision port 76835853-9cab-4614-b3dd-75e6da188b0b
2026-07-30 16:05:47.045 13 INFO neutron.plugins.ml2.plugin [None req-6d63fe6e-8b59-44ef-8552-71fe4f08df99 - - - - - -] Attempt 1 to provision port b9dd0e66-4b90-4ae9-b9d4-b47d4ed18514
2026-07-30 16:05:54.972 14 INFO neutron.plugins.ml2.plugin [None req-6d63fe6e-8b59-44ef-8552-71fe4f08df99 - - - - - -] Attempt 1 to provision port 5b19d2ee-5ac9-4fa3-8c29-17a8c8ef99e7
2026-07-30 16:05:55.193 14 INFO neutron.plugins.ml2.plugin [None req-10bbe99d-1ee8-431a-a9ab-8e8511bd973f - - - - - -] Attempt 1 to provision port 5b19d2ee-5ac9-4fa3-8c29-17a8c8ef99e7
2026-07-30 16:05:56.997 14 INFO neutron.plugins.ml2.plugin [None req-6d63fe6e-8b59-44ef-8552-71fe4f08df99 - - - - - -] Attempt 1 to provision port 5b19d2ee-5ac9-4fa3-8c29-17a8c8ef99e7
2026-07-30 16:05:59.058 14 INFO neutron.plugins.ml2.plugin [None req-6d63fe6e-8b59-44ef-8552-71fe4f08df99 - - - - - -] Attempt 1 to provision port 8408723c-9f7a-4507-a30c-e0dba3714d7c
2026-07-30 16:06:00.187 14 INFO neutron.plugins.ml2.plugin [None req-609b06e9-7d47-4cf8-8a72-7680338f9e43 - - - - - -] Attempt 1 to provision port 8408723c-9f7a-4507-a30c-e0dba3714d7c
2026-07-30 16:06:03.162 14 INFO neutron.notifiers.nova [-] Nova event matching ['req-48378861-74c3-48eb-97d9-11a948ea0e43'] response: {'server_uuid': 'd6eeb967-0bd6-447b-80d4-4bf0ac20bbbb', 'name': 'network-vif-unplugged', 'status': 'completed', 'tag': '76835853-9cab-4614-b3dd-75e6da188b0b', 'code': 200}
2026-07-30 16:06:05.153 14 INFO neutron.plugins.ml2.plugin [None req-6d63fe6e-8b59-44ef-8552-71fe4f08df99 - - - - - -] Attempt 1 to provision port 8e14b21b-dd29-460b-a8ac-dad2b96fbef5
2026-07-30 16:06:05.952 14 INFO neutron.plugins.ml2.plugin [None req-8ac137fa-f864-4623-8908-babfe282f269 - - - - - -] Attempt 1 to provision port 8e14b21b-dd29-460b-a8ac-dad2b96fbef5
2026-07-30 16:06:07.122 13 INFO neutron.plugins.ml2.plugin [None req-6d63fe6e-8b59-44ef-8552-71fe4f08df99 - - - - - -] Attempt 1 to provision port 6d37d398-7661-47e5-a3fe-6c5053e5b366
2026-07-30 16:06:07.608 13 INFO neutron.plugins.ml2.plugin [None req-6d63fe6e-8b59-44ef-8552-71fe4f08df99 - - - - - -] Attempt 1 to provision port 8e14b21b-dd29-460b-a8ac-dad2b96fbef5
2026-07-30 16:06:09.034 14 INFO neutron.plugins.ml2.plugin [None req-6d63fe6e-8b59-44ef-8552-71fe4f08df99 - - - - - -] Attempt 1 to provision port 6d37d398-7661-47e5-a3fe-6c5053e5b366
2026-07-30 16:06:10.772 13 INFO neutron.plugins.ml2.plugin [None req-f92cba2c-c7a5-4bb2-9d97-a3e95f2d47f8 - - - - - -] Attempt 1 to provision port 8e14b21b-dd29-460b-a8ac-dad2b96fbef5
2026-07-30 16:06:10.878 13 INFO neutron.plugins.ml2.plugin [None req-f92cba2c-c7a5-4bb2-9d97-a3e95f2d47f8 - - - - - -] Attempt 1 to provision port 01333408-f930-4cf8-94b3-993291ef6d0c
2026-07-30 16:06:13.103 14 INFO neutron.plugins.ml2.plugin [None req-6d63fe6e-8b59-44ef-8552-71fe4f08df99 - - - - - -] Attempt 1 to provision port 00fe851b-9f65-4fc4-bc69-d1ca954a854c
2026-07-30 16:06:15.018 14 INFO neutron.plugins.ml2.plugin [None req-6d63fe6e-8b59-44ef-8552-71fe4f08df99 - - - - - -] Attempt 1 to provision port 00fe851b-9f65-4fc4-bc69-d1ca954a854c
2026-07-30 16:06:16.987 13 INFO neutron.plugins.ml2.plugin [None req-6d63fe6e-8b59-44ef-8552-71fe4f08df99 - - - - - -] Attempt 1 to provision port e41fa0a6-67be-43d7-acf4-e7e7f8fbf496
2026-07-30 16:06:19.191 14 INFO neutron.plugins.ml2.plugin [None req-6d63fe6e-8b59-44ef-8552-71fe4f08df99 - - - - - -] Attempt 1 to provision port e41fa0a6-67be-43d7-acf4-e7e7f8fbf496
2026-07-30 16:06:19.275 13 INFO neutron.plugins.ml2.plugin [None req-eb624d94-1453-4610-81ff-b7c472e98dbf - - - - - -] Attempt 1 to provision port 522fc207-167f-4d7c-aa69-ace98f031bc0
2026-07-30 16:06:19.307 13 INFO neutron.plugins.ml2.plugin [None req-eb624d94-1453-4610-81ff-b7c472e98dbf - - - - - -] Attempt 1 to provision port 565ca0b0-7151-45fe-8b42-84a802d3560f
2026-07-30 16:06:19.357 13 INFO neutron.plugins.ml2.plugin [None req-eb624d94-1453-4610-81ff-b7c472e98dbf - - - - - -] Attempt 1 to provision port 01333408-f930-4cf8-94b3-993291ef6d0c
2026-07-30 16:06:19.401 13 INFO neutron.plugins.ml2.plugin [None req-eb624d94-1453-4610-81ff-b7c472e98dbf - - - - - -] Attempt 1 to provision port e41fa0a6-67be-43d7-acf4-e7e7f8fbf496
2026-07-30 16:06:19.457 13 INFO neutron.plugins.ml2.plugin [None req-eb624d94-1453-4610-81ff-b7c472e98dbf - - - - - -] Attempt 1 to provision port be35ca51-06de-4a5a-8f13-8cfff016f324
2026-07-30 16:06:29.079 14 INFO neutron.plugins.ml2.plugin [None req-6d63fe6e-8b59-44ef-8552-71fe4f08df99 - - - - - -] Attempt 1 to provision port 01333408-f930-4cf8-94b3-993291ef6d0c
2026-07-30 16:06:29.529 14 INFO neutron.plugins.ml2.plugin [None req-6d63fe6e-8b59-44ef-8552-71fe4f08df99 - - - - - -] Attempt 1 to provision port 565ca0b0-7151-45fe-8b42-84a802d3560f
2026-07-30 16:06:30.359 14 INFO neutron.plugins.ml2.plugin [None req-313efae9-f007-4c79-bf03-9921372bb9b5 - - - - - -] Attempt 1 to provision port 01333408-f930-4cf8-94b3-993291ef6d0c
2026-07-30 16:06:30.442 14 INFO neutron.plugins.ml2.plugin [None req-313efae9-f007-4c79-bf03-9921372bb9b5 - - - - - -] Attempt 1 to provision port e41fa0a6-67be-43d7-acf4-e7e7f8fbf496
2026-07-30 16:06:30.503 14 INFO neutron.plugins.ml2.plugin [None req-313efae9-f007-4c79-bf03-9921372bb9b5 - - - - - -] Attempt 1 to provision port be35ca51-06de-4a5a-8f13-8cfff016f324
2026-07-30 16:06:32.208 14 INFO neutron.plugins.ml2.plugin [None req-6d63fe6e-8b59-44ef-8552-71fe4f08df99 - - - - - -] Attempt 1 to provision port be35ca51-06de-4a5a-8f13-8cfff016f324
2026-07-30 16:06:32.573 14 INFO neutron.plugins.ml2.plugin [None req-6d63fe6e-8b59-44ef-8552-71fe4f08df99 - - - - - -] Attempt 1 to provision port 565ca0b0-7151-45fe-8b42-84a802d3560f
2026-07-30 16:06:32.810 14 INFO neutron.plugins.ml2.plugin [None req-6d63fe6e-8b59-44ef-8552-71fe4f08df99 - - - - - -] Attempt 1 to provision port f03c132c-bf8b-4dd4-a7cb-3fdf4e23fe54
2026-07-30 16:06:32.954 14 INFO neutron.notifiers.nova [-] Nova event matching ['req-be7fa180-5fbc-4a89-a894-2ed35f4a1bee'] response: {'server_uuid': '28352bc6-ff7a-4446-a6a3-660968f51a17', 'name': 'network-vif-plugged', 'status': 'completed', 'tag': 'f03c132c-bf8b-4dd4-a7cb-3fdf4e23fe54', 'code': 200}
2026-07-30 16:06:33.165 14 INFO neutron.plugins.ml2.plugin [None req-786a1d82-42a9-4ac6-8404-63b7de0b9450 - - - - - -] Attempt 1 to provision port be35ca51-06de-4a5a-8f13-8cfff016f324
2026-07-30 16:06:33.444 14 INFO neutron.plugins.ml2.plugin [None req-6d63fe6e-8b59-44ef-8552-71fe4f08df99 - - - - - -] Attempt 1 to provision port 01333408-f930-4cf8-94b3-993291ef6d0c
2026-07-30 16:06:33.701 14 INFO neutron.plugins.ml2.plugin [None req-6d63fe6e-8b59-44ef-8552-71fe4f08df99 - - - - - -] Attempt 1 to provision port 522fc207-167f-4d7c-aa69-ace98f031bc0
2026-07-30 16:06:34.383 13 INFO neutron.plugins.ml2.plugin [None req-6d63fe6e-8b59-44ef-8552-71fe4f08df99 - - - - - -] Attempt 1 to provision port f03c132c-bf8b-4dd4-a7cb-3fdf4e23fe54
2026-07-30 16:06:34.684 13 INFO neutron.plugins.ml2.plugin [None req-6d63fe6e-8b59-44ef-8552-71fe4f08df99 - - - - - -] Attempt 1 to provision port be35ca51-06de-4a5a-8f13-8cfff016f324
2026-07-30 16:06:34.946 13 INFO neutron.plugins.ml2.plugin [None req-6d63fe6e-8b59-44ef-8552-71fe4f08df99 - - - - - -] Attempt 1 to provision port 522fc207-167f-4d7c-aa69-ace98f031bc0
2026-07-30 16:06:50.510 13 INFO neutron.notifiers.nova [-] Nova event matching ['req-2781cbd8-1cc9-427f-baca-936383f64188'] response: {'server_uuid': '28352bc6-ff7a-4446-a6a3-660968f51a17', 'name': 'network-vif-unplugged', 'status': 'completed', 'tag': 'f03c132c-bf8b-4dd4-a7cb-3fdf4e23fe54', 'code': 200}
2026-07-30 16:06:52.115 13 INFO neutron.plugins.ml2.plugin [None req-3b8499ea-6caa-4449-9b25-b2956778e69e - - - - - -] Attempt 1 to provision port 3cfddf98-ec22-474e-8c37-ce664b7559c0
2026-07-30 16:06:52.428 14 INFO neutron.plugins.ml2.plugin [None req-6d63fe6e-8b59-44ef-8552-71fe4f08df99 - - - - - -] Attempt 1 to provision port 3cfddf98-ec22-474e-8c37-ce664b7559c0
2026-07-30 16:07:49.995 14 INFO neutron.plugins.ml2.plugin [None req-0e5154eb-f216-4309-a2a6-0302132e20a5 - - - - - -] Attempt 1 to provision port 406790d9-8070-4dc7-9269-bb0360333a6c
2026-07-30 16:07:50.352 14 INFO neutron.plugins.ml2.plugin [None req-6d63fe6e-8b59-44ef-8552-71fe4f08df99 - - - - - -] Attempt 1 to provision port 406790d9-8070-4dc7-9269-bb0360333a6c
2026-07-30 16:07:52.438 13 INFO neutron.plugins.ml2.plugin [None req-6d63fe6e-8b59-44ef-8552-71fe4f08df99 - - - - - -] Attempt 1 to provision port 406790d9-8070-4dc7-9269-bb0360333a6c
2026-07-30 16:07:52.922 13 INFO neutron.plugins.ml2.plugin [None req-6d63fe6e-8b59-44ef-8552-71fe4f08df99 - - - - - -] Attempt 1 to provision port 0d2d06a3-122c-419d-9c3b-934d82f811b1
2026-07-30 16:07:54.311 13 INFO neutron.plugins.ml2.plugin [None req-6d63fe6e-8b59-44ef-8552-71fe4f08df99 - - - - - -] Attempt 1 to provision port 0d2d06a3-122c-419d-9c3b-934d82f811b1
2026-07-30 16:07:56.360 13 INFO neutron.plugins.ml2.plugin [None req-6d63fe6e-8b59-44ef-8552-71fe4f08df99 - - - - - -] Attempt 1 to provision port ec892f9a-0f02-4aa4-aabd-f76001a1ffbb
2026-07-30 16:07:56.761 13 INFO neutron.plugins.ml2.plugin [None req-6d63fe6e-8b59-44ef-8552-71fe4f08df99 - - - - - -] Attempt 1 to provision port 5b63c251-3dad-4633-a43f-78942ff8a889
2026-07-30 16:07:58.341 13 INFO neutron.plugins.ml2.plugin [None req-6d63fe6e-8b59-44ef-8552-71fe4f08df99 - - - - - -] Attempt 1 to provision port ec892f9a-0f02-4aa4-aabd-f76001a1ffbb
2026-07-30 16:07:58.590 13 INFO neutron.plugins.ml2.plugin [None req-6d63fe6e-8b59-44ef-8552-71fe4f08df99 - - - - - -] Attempt 1 to provision port 5b63c251-3dad-4633-a43f-78942ff8a889
2026-07-30 16:08:00.468 13 INFO neutron.plugins.ml2.plugin [None req-6d63fe6e-8b59-44ef-8552-71fe4f08df99 - - - - - -] Attempt 1 to provision port 406790d9-8070-4dc7-9269-bb0360333a6c
2026-07-30 16:08:01.766 13 INFO neutron.plugins.ml2.plugin [None req-79d5aee4-b093-41a0-beaf-8218f4a68b5e - - - - - -] Attempt 1 to provision port 083d4289-83ac-4bab-ba10-98ab3af4717e
2026-07-30 16:08:01.816 13 INFO neutron.plugins.ml2.plugin [None req-79d5aee4-b093-41a0-beaf-8218f4a68b5e - - - - - -] Attempt 1 to provision port ec892f9a-0f02-4aa4-aabd-f76001a1ffbb
2026-07-30 16:08:01.934 13 INFO neutron.plugins.ml2.plugin [None req-79d5aee4-b093-41a0-beaf-8218f4a68b5e - - - - - -] Attempt 1 to provision port 406790d9-8070-4dc7-9269-bb0360333a6c
2026-07-30 16:08:02.061 13 INFO neutron.plugins.ml2.plugin [None req-79d5aee4-b093-41a0-beaf-8218f4a68b5e - - - - - -] Attempt 1 to provision port 0d2d06a3-122c-419d-9c3b-934d82f811b1
2026-07-30 16:08:05.446 13 INFO neutron.plugins.ml2.plugin [None req-a178e112-165f-43ce-8976-d8def9f0070c - - - - - -] Attempt 1 to provision port 0d2d06a3-122c-419d-9c3b-934d82f811b1
2026-07-30 16:08:05.502 13 INFO neutron.plugins.ml2.plugin [None req-a178e112-165f-43ce-8976-d8def9f0070c - - - - - -] Attempt 1 to provision port 6de4dc09-35d7-4124-a23e-3f0e309d89c1
2026-07-30 16:08:05.528 13 INFO neutron.plugins.ml2.plugin [None req-a178e112-165f-43ce-8976-d8def9f0070c - - - - - -] Attempt 1 to provision port 05e936ca-05fc-47e6-91ba-0421efe564bf
2026-07-30 16:08:10.661 13 INFO neutron.plugins.ml2.plugin [None req-030a3012-4355-4b7b-bfda-7cc7c357de4b - - - - - -] Attempt 1 to provision port 0d2d06a3-122c-419d-9c3b-934d82f811b1
2026-07-30 16:08:10.714 13 INFO neutron.plugins.ml2.plugin [None req-030a3012-4355-4b7b-bfda-7cc7c357de4b - - - - - -] Attempt 1 to provision port 083d4289-83ac-4bab-ba10-98ab3af4717e
2026-07-30 16:08:10.740 13 INFO neutron.plugins.ml2.plugin [None req-030a3012-4355-4b7b-bfda-7cc7c357de4b - - - - - -] Attempt 1 to provision port 406790d9-8070-4dc7-9269-bb0360333a6c
2026-07-30 16:08:10.792 13 INFO neutron.plugins.ml2.plugin [None req-030a3012-4355-4b7b-bfda-7cc7c357de4b - - - - - -] Attempt 1 to provision port e3cbf693-a76d-4d3c-a6a4-1cd32537b090
2026-07-30 16:08:10.814 13 INFO neutron.plugins.ml2.plugin [None req-030a3012-4355-4b7b-bfda-7cc7c357de4b - - - - - -] Attempt 1 to provision port 05e936ca-05fc-47e6-91ba-0421efe564bf
2026-07-30 16:08:10.836 13 INFO neutron.plugins.ml2.plugin [None req-030a3012-4355-4b7b-bfda-7cc7c357de4b - - - - - -] Attempt 1 to provision port ec892f9a-0f02-4aa4-aabd-f76001a1ffbb
2026-07-30 16:08:12.904 13 INFO neutron.plugins.ml2.plugin [None req-6d63fe6e-8b59-44ef-8552-71fe4f08df99 - - - - - -] Attempt 1 to provision port 9aa5a1a6-8e73-4965-8dd5-db92c7b87750
2026-07-30 16:08:13.278 13 INFO neutron.notifiers.nova [-] Nova event matching ['req-108bd8af-077e-4a69-b7a3-54dfbfa3bb94'] response: {'server_uuid': 'f4d7e7cc-85d8-481d-a507-42760e2734a4', 'name': 'network-vif-plugged', 'status': 'completed', 'tag': '9aa5a1a6-8e73-4965-8dd5-db92c7b87750', 'code': 200}
2026-07-30 16:08:14.334 14 INFO neutron.plugins.ml2.plugin [None req-58e499ec-c096-4ab8-9e99-594e0d4793a0 - - - - - -] Attempt 1 to provision port 083d4289-83ac-4bab-ba10-98ab3af4717e
2026-07-30 16:08:14.453 13 INFO neutron.plugins.ml2.plugin [None req-6d63fe6e-8b59-44ef-8552-71fe4f08df99 - - - - - -] Attempt 1 to provision port 083d4289-83ac-4bab-ba10-98ab3af4717e
2026-07-30 16:08:14.478 14 INFO neutron.plugins.ml2.plugin [None req-58e499ec-c096-4ab8-9e99-594e0d4793a0 - - - - - -] Attempt 1 to provision port ec892f9a-0f02-4aa4-aabd-f76001a1ffbb
2026-07-30 16:08:14.533 14 INFO neutron.plugins.ml2.plugin [None req-58e499ec-c096-4ab8-9e99-594e0d4793a0 - - - - - -] Attempt 1 to provision port 05e936ca-05fc-47e6-91ba-0421efe564bf
2026-07-30 16:08:14.708 13 INFO neutron.plugins.ml2.plugin [None req-6d63fe6e-8b59-44ef-8552-71fe4f08df99 - - - - - -] Attempt 1 to provision port e3cbf693-a76d-4d3c-a6a4-1cd32537b090
2026-07-30 16:08:14.814 14 INFO neutron.plugins.ml2.plugin [None req-58e499ec-c096-4ab8-9e99-594e0d4793a0 - - - - - -] Attempt 1 to provision port e3cbf693-a76d-4d3c-a6a4-1cd32537b090
2026-07-30 16:08:15.019 13 INFO neutron.plugins.ml2.plugin [None req-6d63fe6e-8b59-44ef-8552-71fe4f08df99 - - - - - -] Attempt 1 to provision port 6de4dc09-35d7-4124-a23e-3f0e309d89c1
2026-07-30 16:08:15.326 13 INFO neutron.plugins.ml2.plugin [None req-6d63fe6e-8b59-44ef-8552-71fe4f08df99 - - - - - -] Attempt 1 to provision port 05e936ca-05fc-47e6-91ba-0421efe564bf
2026-07-30 16:08:15.560 13 INFO neutron.plugins.ml2.plugin [None req-6d63fe6e-8b59-44ef-8552-71fe4f08df99 - - - - - -] Attempt 1 to provision port 9aa5a1a6-8e73-4965-8dd5-db92c7b87750
2026-07-30 16:08:16.367 14 INFO neutron.plugins.ml2.plugin [None req-6d63fe6e-8b59-44ef-8552-71fe4f08df99 - - - - - -] Attempt 1 to provision port 6de4dc09-35d7-4124-a23e-3f0e309d89c1
2026-07-30 16:08:16.514 14 INFO neutron.plugins.ml2.plugin [None req-6d63fe6e-8b59-44ef-8552-71fe4f08df99 - - - - - -] Attempt 1 to provision port 083d4289-83ac-4bab-ba10-98ab3af4717e
2026-07-30 16:08:16.755 14 INFO neutron.plugins.ml2.plugin [None req-6d63fe6e-8b59-44ef-8552-71fe4f08df99 - - - - - -] Attempt 1 to provision port 05e936ca-05fc-47e6-91ba-0421efe564bf
2026-07-30 16:08:17.013 14 INFO neutron.plugins.ml2.plugin [None req-6d63fe6e-8b59-44ef-8552-71fe4f08df99 - - - - - -] Attempt 1 to provision port e3cbf693-a76d-4d3c-a6a4-1cd32537b090
2026-07-30 16:08:19.811 14 INFO neutron.plugins.ml2.plugin [None req-961d71d7-24d8-4199-bc76-31b1a71bd79e - - - - - -] Attempt 1 to provision port 083d4289-83ac-4bab-ba10-98ab3af4717e
2026-07-30 16:08:19.901 14 INFO neutron.plugins.ml2.plugin [None req-961d71d7-24d8-4199-bc76-31b1a71bd79e - - - - - -] Attempt 1 to provision port e3cbf693-a76d-4d3c-a6a4-1cd32537b090
2026-07-30 16:08:20.011 14 INFO neutron.plugins.ml2.plugin [None req-961d71d7-24d8-4199-bc76-31b1a71bd79e - - - - - -] Attempt 1 to provision port 9aa5a1a6-8e73-4965-8dd5-db92c7b87750
2026-07-30 16:08:20.068 14 INFO neutron.plugins.ml2.plugin [None req-961d71d7-24d8-4199-bc76-31b1a71bd79e - - - - - -] Attempt 1 to provision port 05e936ca-05fc-47e6-91ba-0421efe564bf
2026-07-30 16:08:30.403 14 INFO neutron.plugins.ml2.plugin [None req-6d63fe6e-8b59-44ef-8552-71fe4f08df99 - - - - - -] Attempt 1 to provision port b637a733-ba53-4229-b1e5-5a944abcbbd1
2026-07-30 16:08:30.591 14 INFO neutron.notifiers.nova [-] Nova event matching ['req-bf7ef809-7aaf-4584-b4ab-5ccd5f497683'] response: {'server_uuid': '4c3f0c35-ca27-4bc9-86a1-120c375206c4', 'name': 'network-vif-plugged', 'status': 'completed', 'tag': 'b637a733-ba53-4229-b1e5-5a944abcbbd1', 'code': 200}
2026-07-30 16:08:32.372 14 INFO neutron.plugins.ml2.plugin [None req-6d63fe6e-8b59-44ef-8552-71fe4f08df99 - - - - - -] Attempt 1 to provision port b637a733-ba53-4229-b1e5-5a944abcbbd1
2026-07-30 16:09:26.933 14 INFO neutron.plugins.ml2.plugin [None req-6d63fe6e-8b59-44ef-8552-71fe4f08df99 - - - - - -] Attempt 1 to provision port 1a4e596c-db7a-4aa0-b284-4ad8a5578d65
2026-07-30 16:09:27.084 14 INFO neutron.notifiers.nova [-] Nova event matching ['req-6a9393e3-07cf-4145-8d5c-309b67d5dd36'] response: {'server_uuid': '28ecbd30-b594-4659-864c-760a33bc29d7', 'name': 'network-vif-plugged', 'status': 'completed', 'tag': '1a4e596c-db7a-4aa0-b284-4ad8a5578d65', 'code': 200}
2026-07-30 16:09:28.379 13 INFO neutron.plugins.ml2.plugin [None req-6d63fe6e-8b59-44ef-8552-71fe4f08df99 - - - - - -] Attempt 1 to provision port 1a4e596c-db7a-4aa0-b284-4ad8a5578d65
2026-07-30 16:09:32.013 13 INFO neutron.plugins.ml2.plugin [None req-b49bf32c-6df7-482f-b677-721279ff2f46 - - - - - -] Attempt 1 to provision port 083d4289-83ac-4bab-ba10-98ab3af4717e
2026-07-30 16:09:32.083 13 INFO neutron.plugins.ml2.plugin [None req-b49bf32c-6df7-482f-b677-721279ff2f46 - - - - - -] Attempt 1 to provision port e3cbf693-a76d-4d3c-a6a4-1cd32537b090
2026-07-30 16:09:32.163 13 INFO neutron.plugins.ml2.plugin [None req-b49bf32c-6df7-482f-b677-721279ff2f46 - - - - - -] Attempt 1 to provision port 1a4e596c-db7a-4aa0-b284-4ad8a5578d65
2026-07-30 16:09:32.251 13 INFO neutron.plugins.ml2.plugin [None req-b49bf32c-6df7-482f-b677-721279ff2f46 - - - - - -] Attempt 1 to provision port a7001a27-3c36-4a46-b090-682c360953f2
2026-07-30 16:09:32.322 13 INFO neutron.plugins.ml2.plugin [None req-b49bf32c-6df7-482f-b677-721279ff2f46 - - - - - -] Attempt 1 to provision port ec892f9a-0f02-4aa4-aabd-f76001a1ffbb
2026-07-30 16:09:32.432 13 INFO neutron.plugins.ml2.plugin [None req-b49bf32c-6df7-482f-b677-721279ff2f46 - - - - - -] Attempt 1 to provision port 406790d9-8070-4dc7-9269-bb0360333a6c
2026-07-30 16:09:32.502 13 INFO neutron.plugins.ml2.plugin [None req-b49bf32c-6df7-482f-b677-721279ff2f46 - - - - - -] Attempt 1 to provision port dc98ec92-6530-4a17-a79a-0b9ac8f090e3
2026-07-30 16:09:32.530 13 INFO neutron.plugins.ml2.plugin [None req-b49bf32c-6df7-482f-b677-721279ff2f46 - - - - - -] Attempt 1 to provision port cb1ebcf8-c50f-4479-8ac6-961dcfaad3f0
2026-07-30 16:09:32.582 13 INFO neutron.plugins.ml2.plugin [None req-b49bf32c-6df7-482f-b677-721279ff2f46 - - - - - -] Attempt 1 to provision port 28159633-68ba-4007-a33c-979ed55dfaa0
2026-07-30 16:09:32.619 13 INFO neutron.plugins.ml2.plugin [None req-b49bf32c-6df7-482f-b677-721279ff2f46 - - - - - -] Attempt 1 to provision port c677a093-442c-4eb0-847b-14b97fd933b1
2026-07-30 16:09:32.687 13 INFO neutron.plugins.ml2.plugin [None req-b49bf32c-6df7-482f-b677-721279ff2f46 - - - - - -] Attempt 1 to provision port 05e936ca-05fc-47e6-91ba-0421efe564bf
2026-07-30 16:09:32.772 13 INFO neutron.plugins.ml2.plugin [None req-b49bf32c-6df7-482f-b677-721279ff2f46 - - - - - -] Attempt 1 to provision port 6de4dc09-35d7-4124-a23e-3f0e309d89c1
2026-07-30 16:09:32.862 13 INFO neutron.plugins.ml2.plugin [None req-b49bf32c-6df7-482f-b677-721279ff2f46 - - - - - -] Attempt 1 to provision port 0d2d06a3-122c-419d-9c3b-934d82f811b1
2026-07-30 16:09:32.923 13 INFO neutron.plugins.ml2.plugin [None req-b49bf32c-6df7-482f-b677-721279ff2f46 - - - - - -] Attempt 1 to provision port b637a733-ba53-4229-b1e5-5a944abcbbd1
2026-07-30 16:09:32.991 13 INFO neutron.plugins.ml2.plugin [None req-b49bf32c-6df7-482f-b677-721279ff2f46 - - - - - -] Attempt 1 to provision port 85cfe190-a955-445a-91b1-60214f378fb9
2026-07-30 16:09:33.043 13 INFO neutron.plugins.ml2.plugin [None req-b49bf32c-6df7-482f-b677-721279ff2f46 - - - - - -] Attempt 1 to provision port 9aa5a1a6-8e73-4965-8dd5-db92c7b87750
2026-07-30 16:10:13.937 13 INFO neutron.plugins.ml2.plugin [None req-7d474332-b41b-4f6d-b903-5289a8bf1c09 - - - - - -] Attempt 1 to provision port 74aea87a-9864-46e0-854d-3a2d3e2ab0cc
2026-07-30 16:10:20.411 14 INFO neutron.plugins.ml2.plugin [None req-6d63fe6e-8b59-44ef-8552-71fe4f08df99 - - - - - -] Attempt 1 to provision port 74aea87a-9864-46e0-854d-3a2d3e2ab0cc
2026-07-30 16:10:20.519 14 INFO neutron.notifiers.nova [-] Nova event matching ['req-10f04aa4-b49d-4efd-a29d-61bb5bc9a245'] response: {'server_uuid': '28ecbd30-b594-4659-864c-760a33bc29d7', 'name': 'network-vif-plugged', 'status': 'completed', 'tag': '74aea87a-9864-46e0-854d-3a2d3e2ab0cc', 'code': 200}
2026-07-30 16:10:22.373 13 INFO neutron.plugins.ml2.plugin [None req-6d63fe6e-8b59-44ef-8552-71fe4f08df99 - - - - - -] Attempt 1 to provision port 74aea87a-9864-46e0-854d-3a2d3e2ab0cc
2026-07-30 16:10:24.903 13 INFO neutron.plugins.ml2.plugin [None req-6d63fe6e-8b59-44ef-8552-71fe4f08df99 - - - - - -] Attempt 1 to provision port 74aea87a-9864-46e0-854d-3a2d3e2ab0cc
2026-07-30 16:10:56.162 13 INFO neutron.plugins.ml2.plugin [None req-842e5ce4-5ee1-4b5b-bf86-7681ca10381c - - - - - -] Attempt 1 to provision port b5b36e2e-8c88-4c96-8a0e-104f3a6d971d
2026-07-30 16:11:03.991 13 INFO neutron.plugins.ml2.plugin [None req-6d63fe6e-8b59-44ef-8552-71fe4f08df99 - - - - - -] Attempt 1 to provision port b5b36e2e-8c88-4c96-8a0e-104f3a6d971d
2026-07-30 16:11:04.182 13 INFO neutron.notifiers.nova [-] Nova event matching ['req-bd35a5d6-ae06-47e0-a171-5a5571452dcb'] response: {'server_uuid': '28ecbd30-b594-4659-864c-760a33bc29d7', 'name': 'network-vif-plugged', 'status': 'completed', 'tag': 'b5b36e2e-8c88-4c96-8a0e-104f3a6d971d', 'code': 200}
2026-07-30 16:11:04.580 14 INFO neutron.plugins.ml2.plugin [None req-6d63fe6e-8b59-44ef-8552-71fe4f08df99 - - - - - -] Attempt 1 to provision port b5b36e2e-8c88-4c96-8a0e-104f3a6d971d
2026-07-30 16:11:17.168 14 INFO neutron.plugins.ml2.plugin [None req-7ff43c19-b2df-4c90-87e0-1832cfde537f - - - - - -] Attempt 1 to provision port 16f4d02b-1448-48a0-9948-fc6ce22f81d1
2026-07-30 16:11:24.669 13 INFO neutron.plugins.ml2.plugin [None req-6d63fe6e-8b59-44ef-8552-71fe4f08df99 - - - - - -] Attempt 1 to provision port 16f4d02b-1448-48a0-9948-fc6ce22f81d1
