2026-07-30 16:07:15.183 8 INFO placement.requestlog [None req-4bcb5b4f-8e37-4c87-ba5e-678dbd3bbb0f 53fbafc94cd74b64b79a0ee317f18f0f 215eff25d5ef4c05a70e75040ff6591e - - 7659ef0184044dea9b1711761b1dff9e 7659ef0184044dea9b1711761b1dff9e] 10.0.0.22 "DELETE /resource_providers/1b700c08-3b41-46b7-93fc-b0e013f7ea49" status: 404 len: 246 microversion: 1.1 [pid: 8|app: 0|req: 732/1451] 10.0.0.22 () {34 vars in 815 bytes} [Thu Jul 30 16:07:15 2026] DELETE /resource_providers/1b700c08-3b41-46b7-93fc-b0e013f7ea49 => generated 246 bytes in 13 msecs (HTTP/1.1 404) 6 headers in 231 bytes (1 switches on core 0)
2026-07-30 16:07:15.189 7 INFO placement.requestlog [None req-79157e14-f717-40ea-ba0f-067b06a5eb20 53fbafc94cd74b64b79a0ee317f18f0f 215eff25d5ef4c05a70e75040ff6591e - - 7659ef0184044dea9b1711761b1dff9e 7659ef0184044dea9b1711761b1dff9e] 10.0.0.22 "DELETE /resource_providers/8fa07308-4289-4099-ad1b-7a0b25dd7299" status: 404 len: 246 microversion: 1.1 [pid: 7|app: 0|req: 720/1452] 10.0.0.22 () {34 vars in 815 bytes} [Thu Jul 30 16:07:15 2026] DELETE /resource_providers/8fa07308-4289-4099-ad1b-7a0b25dd7299 => generated 246 bytes in 14 msecs (HTTP/1.1 404) 6 headers in 231 bytes (1 switches on core 0)
2026-07-30 16:07:15.191 8 INFO placement.requestlog [None req-95e90f6a-6ce1-4e99-b9bf-21095a904f7d 53fbafc94cd74b64b79a0ee317f18f0f 215eff25d5ef4c05a70e75040ff6591e - - 7659ef0184044dea9b1711761b1dff9e 7659ef0184044dea9b1711761b1dff9e] 10.0.0.22 "DELETE /resource_providers/8fa07308-4289-4099-ad1b-7a0b25dd7299" status: 404 len: 246 microversion: 1.1 [pid: 8|app: 0|req: 733/1453] 10.0.0.22 () {34 vars in 815 bytes} [Thu Jul 30 16:07:15 2026] DELETE /resource_providers/8fa07308-4289-4099-ad1b-7a0b25dd7299 => generated 246 bytes in 7 msecs (HTTP/1.1 404) 6 headers in 231 bytes (1 switches on core 0)
2026-07-30 16:07:15.211 7 INFO placement.requestlog [None req-0d89d1e7-13ba-4519-82ea-cde1a248055b 53fbafc94cd74b64b79a0ee317f18f0f 215eff25d5ef4c05a70e75040ff6591e - - 7659ef0184044dea9b1711761b1dff9e 7659ef0184044dea9b1711761b1dff9e] 10.0.0.22 "GET /resource_providers/f99e6fbb-0bec-45a8-ba2d-5fcdea31ea96/aggregates" status: 404 len: 235 microversion: 1.1 [pid: 7|app: 0|req: 721/1454] 10.0.0.22 () {32 vars in 815 bytes} [Thu Jul 30 16:07:15 2026] GET /resource_providers/f99e6fbb-0bec-45a8-ba2d-5fcdea31ea96/aggregates => generated 235 bytes in 9 msecs (HTTP/1.1 404) 5 headers in 202 bytes (1 switches on core 0)
2026-07-30 16:07:15.213 8 INFO placement.requestlog [None req-0facdbc0-3259-4c58-8db7-3810ef6ce014 53fbafc94cd74b64b79a0ee317f18f0f 215eff25d5ef4c05a70e75040ff6591e - - 7659ef0184044dea9b1711761b1dff9e 7659ef0184044dea9b1711761b1dff9e] 10.0.0.22 "GET /resource_providers/f99e6fbb-0bec-45a8-ba2d-5fcdea31ea96/aggregates" status: 404 len: 235 microversion: 1.1 [pid: 8|app: 0|req: 734/1455] 10.0.0.22 () {32 vars in 815 bytes} [Thu Jul 30 16:07:15 2026] GET /resource_providers/f99e6fbb-0bec-45a8-ba2d-5fcdea31ea96/aggregates => generated 235 bytes in 7 msecs (HTTP/1.1 404) 5 headers in 202 bytes (1 switches on core 0)
2026-07-30 16:07:15.231 7 INFO placement.requestlog [None req-68c88d95-0684-4e48-af0f-2cca01c80417 53fbafc94cd74b64b79a0ee317f18f0f 215eff25d5ef4c05a70e75040ff6591e - - 7659ef0184044dea9b1711761b1dff9e 7659ef0184044dea9b1711761b1dff9e] 10.0.0.22 "DELETE /resource_providers/f99e6fbb-0bec-45a8-ba2d-5fcdea31ea96" status: 404 len: 246 microversion: 1.1 [pid: 7|app: 0|req: 722/1456] 10.0.0.22 () {34 vars in 815 bytes} [Thu Jul 30 16:07:15 2026] DELETE /resource_providers/f99e6fbb-0bec-45a8-ba2d-5fcdea31ea96 => generated 246 bytes in 9 msecs (HTTP/1.1 404) 6 headers in 231 bytes (1 switches on core 0)
2026-07-30 16:07:15.238 8 INFO placement.requestlog [None req-43fdfd97-5b01-43f1-ae38-96bc50aca0c1 53fbafc94cd74b64b79a0ee317f18f0f 215eff25d5ef4c05a70e75040ff6591e - - 7659ef0184044dea9b1711761b1dff9e 7659ef0184044dea9b1711761b1dff9e] 10.0.0.22 "DELETE /resource_providers/f99e6fbb-0bec-45a8-ba2d-5fcdea31ea96" status: 404 len: 246 microversion: 1.1 [pid: 8|app: 0|req: 735/1457] 10.0.0.22 () {34 vars in 815 bytes} [Thu Jul 30 16:07:15 2026] DELETE /resource_providers/f99e6fbb-0bec-45a8-ba2d-5fcdea31ea96 => generated 246 bytes in 11 msecs (HTTP/1.1 404) 6 headers in 231 bytes (1 switches on core 0)
2026-07-30 16:07:19.773 7 INFO placement.requestlog [None req-ecc1dc79-7e37-4709-83e0-d2795707e4e0 - - - - - -] 10.0.0.1 "GET /" status: 200 len: 136 microversion: 1.0
2026-07-30 16:07:19.773 8 INFO placement.requestlog [None req-38fcc34a-eb42-4274-8e25-d221da971c7a - - - - - -] 10.0.0.1 "GET /" status: 200 len: 136 microversion: 1.0
2026-07-30 16:07:23.117 8 INFO placement.requestlog [None req-76fe85f8-05cb-4d68-a3db-01c1164fd4ca 53fbafc94cd74b64b79a0ee317f18f0f 215eff25d5ef4c05a70e75040ff6591e - - 7659ef0184044dea9b1711761b1dff9e 7659ef0184044dea9b1711761b1dff9e] 10.0.0.22 "GET /resource_providers/6324304e-e039-49c4-a350-7fb64df0f61f/aggregates" status: 404 len: 235 microversion: 1.1
2026-07-30 16:07:23.118 7 INFO placement.requestlog [None req-363673ed-eeaf-4434-af6b-140d85f1370c 53fbafc94cd74b64b79a0ee317f18f0f 215eff25d5ef4c05a70e75040ff6591e - - 7659ef0184044dea9b1711761b1dff9e 7659ef0184044dea9b1711761b1dff9e] 10.0.0.22 "GET /resource_providers/6324304e-e039-49c4-a350-7fb64df0f61f/aggregates" status: 404 len: 235 microversion: 1.1 [pid: 7|app: 0|req: 724/1461] 10.0.0.22 () {32 vars in 815 bytes} [Thu Jul 30 16:07:23 2026] GET /resource_providers/6324304e-e039-49c4-a350-7fb64df0f61f/aggregates => generated 235 bytes in 9 msecs (HTTP/1.1 404) 5 headers in 202 bytes (1 switches on core 0) [pid: 8|app: 0|req: 737/1461] 10.0.0.22 () {32 vars in 815 bytes} [Thu Jul 30 16:07:23 2026] GET /resource_providers/6324304e-e039-49c4-a350-7fb64df0f61f/aggregates => generated 235 bytes in 9 msecs (HTTP/1.1 404) 5 headers in 202 bytes (1 switches on core 0)
2026-07-30 16:07:23.145 8 INFO placement.requestlog [None req-887569ee-8c79-4940-8a5b-f5aebb50e8fb 53fbafc94cd74b64b79a0ee317f18f0f 215eff25d5ef4c05a70e75040ff6591e - - 7659ef0184044dea9b1711761b1dff9e 7659ef0184044dea9b1711761b1dff9e] 10.0.0.22 "DELETE /resource_providers/6324304e-e039-49c4-a350-7fb64df0f61f" status: 404 len: 246 microversion: 1.1 [pid: 8|app: 0|req: 738/1462] 10.0.0.22 () {34 vars in 815 bytes} [Thu Jul 30 16:07:23 2026] DELETE /resource_providers/6324304e-e039-49c4-a350-7fb64df0f61f => generated 246 bytes in 12 msecs (HTTP/1.1 404) 6 headers in 231 bytes (1 switches on core 0)
2026-07-30 16:07:23.146 7 INFO placement.requestlog [None req-87977ba0-6b49-4627-a91d-dfc2990c219a 53fbafc94cd74b64b79a0ee317f18f0f 215eff25d5ef4c05a70e75040ff6591e - - 7659ef0184044dea9b1711761b1dff9e 7659ef0184044dea9b1711761b1dff9e] 10.0.0.22 "DELETE /resource_providers/6324304e-e039-49c4-a350-7fb64df0f61f" status: 404 len: 246 microversion: 1.1 [pid: 7|app: 0|req: 725/1463] 10.0.0.22 () {34 vars in 815 bytes} [Thu Jul 30 16:07:23 2026] DELETE /resource_providers/6324304e-e039-49c4-a350-7fb64df0f61f => generated 246 bytes in 12 msecs (HTTP/1.1 404) 6 headers in 231 bytes (1 switches on core 0)
2026-07-30 16:07:29.772 8 INFO placement.requestlog [None req-21069767-0bdd-4702-a2bb-0ffecf18a30c - - - - - -] 10.0.0.1 "GET /" status: 200 len: 136 microversion: 1.0
2026-07-30 16:07:29.773 7 INFO placement.requestlog [None req-2e9571b4-d5f3-4df5-88a1-d48c3e47af77 - - - - - -] 10.0.0.1 "GET /" status: 200 len: 136 microversion: 1.0
2026-07-30 16:07:34.866 8 INFO placement.requestlog [req-6fd276a4-c597-4adc-94b3-4eb5b92ea4c8 req-84e81578-cdec-46d2-92c8-17196ebb6613 87badb04fbcd4ad98994c9465aeb64bf 215eff25d5ef4c05a70e75040ff6591e - - 7659ef0184044dea9b1711761b1dff9e 7659ef0184044dea9b1711761b1dff9e] 199.204.45.238 "GET /resource_providers/1cc732e9-8a86-4a33-ab71-42962dfac0a2/allocations" status: 200 len: 55 microversion: 1.0 [pid: 8|app: 0|req: 740/1466] 199.204.45.238 () {32 vars in 857 bytes} [Thu Jul 30 16:07:34 2026] GET /resource_providers/1cc732e9-8a86-4a33-ab71-42962dfac0a2/allocations => generated 55 bytes in 16 msecs (HTTP/1.1 200) 6 headers in 223 bytes (1 switches on core 0)
2026-07-30 16:07:34.888 7 INFO placement.requestlog [req-6fd276a4-c597-4adc-94b3-4eb5b92ea4c8 req-3d89c0e7-f2ad-43ba-b00a-6d0d3c76bb2b 87badb04fbcd4ad98994c9465aeb64bf 215eff25d5ef4c05a70e75040ff6591e - - 7659ef0184044dea9b1711761b1dff9e 7659ef0184044dea9b1711761b1dff9e] 199.204.45.238 "GET /resource_providers/1cc732e9-8a86-4a33-ab71-42962dfac0a2/allocations" status: 200 len: 55 microversion: 1.0 [pid: 7|app: 0|req: 727/1467] 199.204.45.238 () {32 vars in 857 bytes} [Thu Jul 30 16:07:34 2026] GET /resource_providers/1cc732e9-8a86-4a33-ab71-42962dfac0a2/allocations => generated 55 bytes in 15 msecs (HTTP/1.1 200) 6 headers in 223 bytes (1 switches on core 0)
2026-07-30 16:07:39.773 7 INFO placement.requestlog [None req-a2fbd0cf-f216-4264-9410-58a4c6fe41ba - - - - - -] 10.0.0.1 "GET /" status: 200 len: 136 microversion: 1.0
2026-07-30 16:07:39.773 8 INFO placement.requestlog [None req-0413225f-a5a8-4a86-9ee9-406556cfe648 - - - - - -] 10.0.0.1 "GET /" status: 200 len: 136 microversion: 1.0
2026-07-30 16:07:41.110 8 INFO placement.requestlog [None req-d6f5efc4-07f9-405e-94c7-e8fe0c8e4cea 53fbafc94cd74b64b79a0ee317f18f0f 215eff25d5ef4c05a70e75040ff6591e - - 7659ef0184044dea9b1711761b1dff9e 7659ef0184044dea9b1711761b1dff9e] 10.0.0.22 "GET /resource_providers/1e00e827-6610-4e37-9831-2e6f751e1e95/aggregates" status: 404 len: 235 microversion: 1.1 [pid: 8|app: 0|req: 742/1470] 10.0.0.22 () {32 vars in 815 bytes} [Thu Jul 30 16:07:40 2026] GET /resource_providers/1e00e827-6610-4e37-9831-2e6f751e1e95/aggregates => generated 235 bytes in 279 msecs (HTTP/1.1 404) 5 headers in 202 bytes (1 switches on core 0)
2026-07-30 16:07:41.114 7 INFO placement.requestlog [None req-becd95ab-aa3f-4840-af27-466332d5509d 53fbafc94cd74b64b79a0ee317f18f0f 215eff25d5ef4c05a70e75040ff6591e - - 7659ef0184044dea9b1711761b1dff9e 7659ef0184044dea9b1711761b1dff9e] 10.0.0.22 "GET /resource_providers/1e00e827-6610-4e37-9831-2e6f751e1e95/aggregates" status: 404 len: 235 microversion: 1.1 [pid: 7|app: 0|req: 729/1471] 10.0.0.22 () {32 vars in 815 bytes} [Thu Jul 30 16:07:40 2026] GET /resource_providers/1e00e827-6610-4e37-9831-2e6f751e1e95/aggregates => generated 235 bytes in 283 msecs (HTTP/1.1 404) 5 headers in 202 bytes (1 switches on core 0)
2026-07-30 16:07:41.131 8 INFO placement.requestlog [None req-819dd3ce-2f1a-45c7-aaab-0d6e16990bb6 53fbafc94cd74b64b79a0ee317f18f0f 215eff25d5ef4c05a70e75040ff6591e - - 7659ef0184044dea9b1711761b1dff9e 7659ef0184044dea9b1711761b1dff9e] 10.0.0.22 "DELETE /resource_providers/1e00e827-6610-4e37-9831-2e6f751e1e95" status: 404 len: 246 microversion: 1.1 [pid: 8|app: 0|req: 743/1472] 10.0.0.22 () {34 vars in 815 bytes} [Thu Jul 30 16:07:41 2026] DELETE /resource_providers/1e00e827-6610-4e37-9831-2e6f751e1e95 => generated 246 bytes in 10 msecs (HTTP/1.1 404) 6 headers in 231 bytes (1 switches on core 0)
2026-07-30 16:07:41.134 7 INFO placement.requestlog [None req-c9812f59-6daa-4700-a152-e66a000c2cc6 53fbafc94cd74b64b79a0ee317f18f0f 215eff25d5ef4c05a70e75040ff6591e - - 7659ef0184044dea9b1711761b1dff9e 7659ef0184044dea9b1711761b1dff9e] 10.0.0.22 "DELETE /resource_providers/1e00e827-6610-4e37-9831-2e6f751e1e95" status: 404 len: 246 microversion: 1.1 [pid: 7|app: 0|req: 730/1473] 10.0.0.22 () {34 vars in 815 bytes} [Thu Jul 30 16:07:41 2026] DELETE /resource_providers/1e00e827-6610-4e37-9831-2e6f751e1e95 => generated 246 bytes in 11 msecs (HTTP/1.1 404) 6 headers in 231 bytes (1 switches on core 0)
2026-07-30 16:07:49.772 7 INFO placement.requestlog [None req-4d7b75f1-6f14-4c87-b9d7-e5756c4bdea2 - - - - - -] 10.0.0.1 "GET /" status: 200 len: 136 microversion: 1.0
2026-07-30 16:07:49.773 8 INFO placement.requestlog [None req-5be8a289-2d6c-4406-a13c-11d1ce27b9f8 - - - - - -] 10.0.0.1 "GET /" status: 200 len: 136 microversion: 1.0
2026-07-30 16:07:55.661 8 INFO placement.requestlog [None req-25c7c332-884b-4f0c-b72a-5be4495e7431 53fbafc94cd74b64b79a0ee317f18f0f 215eff25d5ef4c05a70e75040ff6591e - - 7659ef0184044dea9b1711761b1dff9e 7659ef0184044dea9b1711761b1dff9e] 10.0.0.22 "GET /resource_providers/a1bd48bb-c296-4848-a4ed-9e43bb03f055/aggregates" status: 404 len: 235 microversion: 1.1 [pid: 8|app: 0|req: 745/1476] 10.0.0.22 () {32 vars in 815 bytes} [Thu Jul 30 16:07:55 2026] GET /resource_providers/a1bd48bb-c296-4848-a4ed-9e43bb03f055/aggregates => generated 235 bytes in 151 msecs (HTTP/1.1 404) 5 headers in 202 bytes (1 switches on core 0)
2026-07-30 16:07:55.681 7 INFO placement.requestlog [None req-1eb96d3e-f275-42d9-962e-13f1658697b1 53fbafc94cd74b64b79a0ee317f18f0f 215eff25d5ef4c05a70e75040ff6591e - - 7659ef0184044dea9b1711761b1dff9e 7659ef0184044dea9b1711761b1dff9e] 10.0.0.22 "GET /resource_providers/a1bd48bb-c296-4848-a4ed-9e43bb03f055/aggregates" status: 404 len: 235 microversion: 1.1 [pid: 7|app: 0|req: 732/1477] 10.0.0.22 () {32 vars in 815 bytes} [Thu Jul 30 16:07:55 2026] GET /resource_providers/a1bd48bb-c296-4848-a4ed-9e43bb03f055/aggregates => generated 235 bytes in 177 msecs (HTTP/1.1 404) 5 headers in 202 bytes (1 switches on core 0)
2026-07-30 16:07:55.682 8 INFO placement.requestlog [None req-9112301e-9412-46d4-91c5-7fb783a5323d 53fbafc94cd74b64b79a0ee317f18f0f 215eff25d5ef4c05a70e75040ff6591e - - 7659ef0184044dea9b1711761b1dff9e 7659ef0184044dea9b1711761b1dff9e] 10.0.0.22 "DELETE /resource_providers/a1bd48bb-c296-4848-a4ed-9e43bb03f055" status: 404 len: 246 microversion: 1.1 [pid: 8|app: 0|req: 746/1478] 10.0.0.22 () {34 vars in 815 bytes} [Thu Jul 30 16:07:55 2026] DELETE /resource_providers/a1bd48bb-c296-4848-a4ed-9e43bb03f055 => generated 246 bytes in 10 msecs (HTTP/1.1 404) 6 headers in 231 bytes (1 switches on core 0)
2026-07-30 16:07:55.707 7 INFO placement.requestlog [None req-ea14d50a-6bd5-4e20-940f-a9ac317742aa 53fbafc94cd74b64b79a0ee317f18f0f 215eff25d5ef4c05a70e75040ff6591e - - 7659ef0184044dea9b1711761b1dff9e 7659ef0184044dea9b1711761b1dff9e] 10.0.0.22 "DELETE /resource_providers/a1bd48bb-c296-4848-a4ed-9e43bb03f055" status: 404 len: 246 microversion: 1.1 [pid: 7|app: 0|req: 733/1479] 10.0.0.22 () {34 vars in 815 bytes} [Thu Jul 30 16:07:55 2026] DELETE /resource_providers/a1bd48bb-c296-4848-a4ed-9e43bb03f055 => generated 246 bytes in 13 msecs (HTTP/1.1 404) 6 headers in 231 bytes (1 switches on core 0)
2026-07-30 16:07:59.773 8 INFO placement.requestlog [None req-bed989c8-3016-4785-a59b-a38906a5d66f - - - - - -] 10.0.0.1 "GET /" status: 200 len: 136 microversion: 1.0
2026-07-30 16:07:59.773 7 INFO placement.requestlog [None req-a0b499c8-4969-4af5-9c52-48ad97564778 - - - - - -] 10.0.0.1 "GET /" status: 200 len: 136 microversion: 1.0
2026-07-30 16:08:01.953 7 INFO placement.requestlog [req-7da7a7eb-b81a-4c4c-9014-a6b24288ac57 req-5b7d7a6c-62cc-4b21-9b4e-26bf11db6a17 87badb04fbcd4ad98994c9465aeb64bf 215eff25d5ef4c05a70e75040ff6591e - - 7659ef0184044dea9b1711761b1dff9e 7659ef0184044dea9b1711761b1dff9e] 10.0.0.21 "GET /allocation_candidates?limit=1000&resources=DISK_GB%3A1%2CMEMORY_MB%3A512%2CVCPU%3A1&root_required=%21COMPUTE_STATUS_DISABLED" status: 200 len: 2781 microversion: 1.36 [pid: 7|app: 0|req: 735/1482] 10.0.0.21 () {34 vars in 1011 bytes} [Thu Jul 30 16:08:01 2026] GET /allocation_candidates?limit=1000&resources=DISK_GB%3A1%2CMEMORY_MB%3A512%2CVCPU%3A1&root_required=%21COMPUTE_STATUS_DISABLED => generated 2781 bytes in 171 msecs (HTTP/1.1 200) 8 headers in 297 bytes (1 switches on core 0)
2026-07-30 16:08:01.986 8 INFO placement.requestlog [req-7da7a7eb-b81a-4c4c-9014-a6b24288ac57 req-3b510184-5ad8-4bdf-9b5f-5f0c52d766b3 87badb04fbcd4ad98994c9465aeb64bf 215eff25d5ef4c05a70e75040ff6591e - - 7659ef0184044dea9b1711761b1dff9e 7659ef0184044dea9b1711761b1dff9e] 10.0.0.21 "GET /allocations/f4d7e7cc-85d8-481d-a507-42760e2734a4" status: 200 len: 19 microversion: 1.28 [pid: 8|app: 0|req: 748/1483] 10.0.0.21 () {34 vars in 860 bytes} [Thu Jul 30 16:08:01 2026] GET /allocations/f4d7e7cc-85d8-481d-a507-42760e2734a4 => generated 19 bytes in 9 msecs (HTTP/1.1 200) 8 headers in 295 bytes (1 switches on core 0)
2026-07-30 16:08:02.176 7 INFO placement.requestlog [req-7da7a7eb-b81a-4c4c-9014-a6b24288ac57 req-5e157d92-dbe2-4a1b-93a8-5dfbbb371c23 87badb04fbcd4ad98994c9465aeb64bf 215eff25d5ef4c05a70e75040ff6591e - - 7659ef0184044dea9b1711761b1dff9e 7659ef0184044dea9b1711761b1dff9e] 10.0.0.21 "PUT /allocations/f4d7e7cc-85d8-481d-a507-42760e2734a4" status: 204 len: 0 microversion: 1.36 [pid: 7|app: 0|req: 736/1484] 10.0.0.21 () {38 vars in 913 bytes} [Thu Jul 30 16:08:02 2026] PUT /allocations/f4d7e7cc-85d8-481d-a507-42760e2734a4 => generated 0 bytes in 173 msecs (HTTP/1.1 204) 5 headers in 199 bytes (1 switches on core 0)
2026-07-30 16:08:03.803 8 INFO placement.requestlog [req-7da7a7eb-b81a-4c4c-9014-a6b24288ac57 req-2ef7ed2b-f52f-41be-9e24-135abc5c78dd 87badb04fbcd4ad98994c9465aeb64bf 215eff25d5ef4c05a70e75040ff6591e - - 7659ef0184044dea9b1711761b1dff9e 7659ef0184044dea9b1711761b1dff9e] 199.204.45.238 "GET /allocations/f4d7e7cc-85d8-481d-a507-42760e2734a4" status: 200 len: 258 microversion: 1.28 [pid: 8|app: 0|req: 749/1485] 199.204.45.238 () {34 vars in 863 bytes} [Thu Jul 30 16:08:03 2026] GET /allocations/f4d7e7cc-85d8-481d-a507-42760e2734a4 => generated 258 bytes in 15 msecs (HTTP/1.1 200) 8 headers in 296 bytes (1 switches on core 0)
2026-07-30 16:08:04.845 7 INFO placement.requestlog [req-7da7a7eb-b81a-4c4c-9014-a6b24288ac57 req-7deddbfc-9d3e-4a31-acb6-26991a351689 87badb04fbcd4ad98994c9465aeb64bf 215eff25d5ef4c05a70e75040ff6591e - - 7659ef0184044dea9b1711761b1dff9e 7659ef0184044dea9b1711761b1dff9e] 199.204.45.238 "GET /resource_providers/1cc732e9-8a86-4a33-ab71-42962dfac0a2/allocations" status: 200 len: 153 microversion: 1.0 [pid: 7|app: 0|req: 737/1486] 199.204.45.238 () {32 vars in 857 bytes} [Thu Jul 30 16:08:04 2026] GET /resource_providers/1cc732e9-8a86-4a33-ab71-42962dfac0a2/allocations => generated 153 bytes in 19 msecs (HTTP/1.1 200) 6 headers in 224 bytes (1 switches on core 0)
2026-07-30 16:08:04.877 8 INFO placement.requestlog [req-7da7a7eb-b81a-4c4c-9014-a6b24288ac57 req-cce80117-2b03-480f-8092-90ff90206d0d 87badb04fbcd4ad98994c9465aeb64bf 215eff25d5ef4c05a70e75040ff6591e - - 7659ef0184044dea9b1711761b1dff9e 7659ef0184044dea9b1711761b1dff9e] 199.204.45.238 "GET /allocations/f4d7e7cc-85d8-481d-a507-42760e2734a4" status: 200 len: 258 microversion: 1.28 [pid: 8|app: 0|req: 750/1487] 199.204.45.238 () {34 vars in 863 bytes} [Thu Jul 30 16:08:04 2026] GET /allocations/f4d7e7cc-85d8-481d-a507-42760e2734a4 => generated 258 bytes in 18 msecs (HTTP/1.1 200) 8 headers in 296 bytes (1 switches on core 0)
2026-07-30 16:08:09.773 7 INFO placement.requestlog [None req-bd43885b-6875-41d3-aeb5-b76d744133d2 - - - - - -] 10.0.0.1 "GET /" status: 200 len: 136 microversion: 1.0
2026-07-30 16:08:09.773 8 INFO placement.requestlog [None req-562d1eeb-53a9-423f-ae49-c68c75d2266a - - - - - -] 10.0.0.1 "GET /" status: 200 len: 136 microversion: 1.0
2026-07-30 16:08:19.566 7 INFO placement.requestlog [req-42e8fc0c-480a-47b2-8433-fbd7ebeb79e7 req-c8614de9-c40a-4336-bda5-00ec92aef2d4 87badb04fbcd4ad98994c9465aeb64bf 215eff25d5ef4c05a70e75040ff6591e - - 7659ef0184044dea9b1711761b1dff9e 7659ef0184044dea9b1711761b1dff9e] 10.0.0.21 "GET /allocation_candidates?limit=1000&resources=DISK_GB%3A1%2CMEMORY_MB%3A512%2CVCPU%3A1&root_required=%21COMPUTE_STATUS_DISABLED" status: 200 len: 2783 microversion: 1.36 [pid: 7|app: 0|req: 739/1490] 10.0.0.21 () {34 vars in 1011 bytes} [Thu Jul 30 16:08:19 2026] GET /allocation_candidates?limit=1000&resources=DISK_GB%3A1%2CMEMORY_MB%3A512%2CVCPU%3A1&root_required=%21COMPUTE_STATUS_DISABLED => generated 2783 bytes in 45 msecs (HTTP/1.1 200) 8 headers in 297 bytes (1 switches on core 0)
2026-07-30 16:08:19.596 8 INFO placement.requestlog [req-42e8fc0c-480a-47b2-8433-fbd7ebeb79e7 req-81f56c6a-4e14-4ebe-ae0e-6f7f3c700dd6 87badb04fbcd4ad98994c9465aeb64bf 215eff25d5ef4c05a70e75040ff6591e - - 7659ef0184044dea9b1711761b1dff9e 7659ef0184044dea9b1711761b1dff9e] 10.0.0.21 "GET /allocations/4c3f0c35-ca27-4bc9-86a1-120c375206c4" status: 200 len: 19 microversion: 1.28 [pid: 8|app: 0|req: 752/1491] 10.0.0.21 () {34 vars in 860 bytes} [Thu Jul 30 16:08:19 2026] GET /allocations/4c3f0c35-ca27-4bc9-86a1-120c375206c4 => generated 19 bytes in 9 msecs (HTTP/1.1 200) 8 headers in 295 bytes (1 switches on core 0)
2026-07-30 16:08:19.746 7 INFO placement.requestlog [req-42e8fc0c-480a-47b2-8433-fbd7ebeb79e7 req-f2dee7ce-2923-47dd-84c1-414d721f3f21 87badb04fbcd4ad98994c9465aeb64bf 215eff25d5ef4c05a70e75040ff6591e - - 7659ef0184044dea9b1711761b1dff9e 7659ef0184044dea9b1711761b1dff9e] 10.0.0.21 "PUT /allocations/4c3f0c35-ca27-4bc9-86a1-120c375206c4" status: 204 len: 0 microversion: 1.36 [pid: 7|app: 0|req: 740/1492] 10.0.0.21 () {38 vars in 913 bytes} [Thu Jul 30 16:08:19 2026] PUT /allocations/4c3f0c35-ca27-4bc9-86a1-120c375206c4 => generated 0 bytes in 142 msecs (HTTP/1.1 204) 5 headers in 199 bytes (1 switches on core 0)
2026-07-30 16:08:19.772 7 INFO placement.requestlog [None req-e90f302b-83e6-494e-9a63-8ffeda78c62d - - - - - -] 10.0.0.1 "GET /" status: 200 len: 136 microversion: 1.0
2026-07-30 16:08:19.772 8 INFO placement.requestlog [None req-15e52966-f0b6-41fb-923f-b709f7c525f9 - - - - - -] 10.0.0.1 "GET /" status: 200 len: 136 microversion: 1.0
2026-07-30 16:08:21.295 7 INFO placement.requestlog [req-42e8fc0c-480a-47b2-8433-fbd7ebeb79e7 req-ad2cb6e3-2030-414f-983c-034c38c16d28 87badb04fbcd4ad98994c9465aeb64bf 215eff25d5ef4c05a70e75040ff6591e - - 7659ef0184044dea9b1711761b1dff9e 7659ef0184044dea9b1711761b1dff9e] 199.204.45.238 "GET /allocations/4c3f0c35-ca27-4bc9-86a1-120c375206c4" status: 200 len: 258 microversion: 1.28 [pid: 7|app: 0|req: 742/1495] 199.204.45.238 () {34 vars in 863 bytes} [Thu Jul 30 16:08:21 2026] GET /allocations/4c3f0c35-ca27-4bc9-86a1-120c375206c4 => generated 258 bytes in 10 msecs (HTTP/1.1 200) 8 headers in 296 bytes (1 switches on core 0)
2026-07-30 16:08:22.339 8 INFO placement.requestlog [req-42e8fc0c-480a-47b2-8433-fbd7ebeb79e7 req-9ab8229a-6a43-4773-91c9-10364f70c998 87badb04fbcd4ad98994c9465aeb64bf 215eff25d5ef4c05a70e75040ff6591e - - 7659ef0184044dea9b1711761b1dff9e 7659ef0184044dea9b1711761b1dff9e] 199.204.45.238 "GET /resource_providers/1cc732e9-8a86-4a33-ab71-42962dfac0a2/allocations" status: 200 len: 253 microversion: 1.0 [pid: 8|app: 0|req: 754/1496] 199.204.45.238 () {32 vars in 857 bytes} [Thu Jul 30 16:08:22 2026] GET /resource_providers/1cc732e9-8a86-4a33-ab71-42962dfac0a2/allocations => generated 253 bytes in 17 msecs (HTTP/1.1 200) 6 headers in 224 bytes (1 switches on core 0)
2026-07-30 16:08:22.363 7 INFO placement.requestlog [req-42e8fc0c-480a-47b2-8433-fbd7ebeb79e7 req-8286dd0c-da5d-4371-9786-778a884626ca 87badb04fbcd4ad98994c9465aeb64bf 215eff25d5ef4c05a70e75040ff6591e - - 7659ef0184044dea9b1711761b1dff9e 7659ef0184044dea9b1711761b1dff9e] 199.204.45.238 "GET /allocations/4c3f0c35-ca27-4bc9-86a1-120c375206c4" status: 200 len: 258 microversion: 1.28 [pid: 7|app: 0|req: 743/1497] 199.204.45.238 () {34 vars in 863 bytes} [Thu Jul 30 16:08:22 2026] GET /allocations/4c3f0c35-ca27-4bc9-86a1-120c375206c4 => generated 258 bytes in 17 msecs (HTTP/1.1 200) 8 headers in 296 bytes (1 switches on core 0)
2026-07-30 16:08:22.382 8 INFO placement.requestlog [req-42e8fc0c-480a-47b2-8433-fbd7ebeb79e7 req-649aee32-1217-4704-92a2-249899e09230 87badb04fbcd4ad98994c9465aeb64bf 215eff25d5ef4c05a70e75040ff6591e - - 7659ef0184044dea9b1711761b1dff9e 7659ef0184044dea9b1711761b1dff9e] 199.204.45.238 "GET /allocations/f4d7e7cc-85d8-481d-a507-42760e2734a4" status: 200 len: 258 microversion: 1.28 [pid: 8|app: 0|req: 755/1498] 199.204.45.238 () {34 vars in 863 bytes} [Thu Jul 30 16:08:22 2026] GET /allocations/f4d7e7cc-85d8-481d-a507-42760e2734a4 => generated 258 bytes in 11 msecs (HTTP/1.1 200) 8 headers in 296 bytes (1 switches on core 0)
2026-07-30 16:08:29.772 7 INFO placement.requestlog [None req-b7fa42cd-3f16-473e-bfc1-e937390be455 - - - - - -] 10.0.0.1 "GET /" status: 200 len: 136 microversion: 1.0
2026-07-30 16:08:29.773 8 INFO placement.requestlog [None req-9bc2d94a-1f66-4dd1-bb68-5fd41aae1d7a - - - - - -] 10.0.0.1 "GET /" status: 200 len: 136 microversion: 1.0
2026-07-30 16:08:37.476 7 INFO placement.requestlog [req-244ef418-5d9b-409f-9f82-b2cf0d7afa04 req-b36a3dd8-719a-48f3-bd79-e778b3333e45 87badb04fbcd4ad98994c9465aeb64bf 215eff25d5ef4c05a70e75040ff6591e - - 7659ef0184044dea9b1711761b1dff9e 7659ef0184044dea9b1711761b1dff9e] 199.204.45.238 "GET /resource_providers/1cc732e9-8a86-4a33-ab71-42962dfac0a2/allocations" status: 200 len: 253 microversion: 1.0 [pid: 7|app: 0|req: 745/1501] 199.204.45.238 () {32 vars in 857 bytes} [Thu Jul 30 16:08:37 2026] GET /resource_providers/1cc732e9-8a86-4a33-ab71-42962dfac0a2/allocations => generated 253 bytes in 14 msecs (HTTP/1.1 200) 6 headers in 224 bytes (1 switches on core 0)
2026-07-30 16:08:37.502 8 INFO placement.requestlog [req-244ef418-5d9b-409f-9f82-b2cf0d7afa04 req-c9d52d0f-45d2-4741-85f5-b2e26a93161a 87badb04fbcd4ad98994c9465aeb64bf 215eff25d5ef4c05a70e75040ff6591e - - 7659ef0184044dea9b1711761b1dff9e 7659ef0184044dea9b1711761b1dff9e] 199.204.45.238 "GET /resource_providers/1cc732e9-8a86-4a33-ab71-42962dfac0a2/allocations" status: 200 len: 253 microversion: 1.0 [pid: 8|app: 0|req: 757/1502] 199.204.45.238 () {32 vars in 857 bytes} [Thu Jul 30 16:08:37 2026] GET /resource_providers/1cc732e9-8a86-4a33-ab71-42962dfac0a2/allocations => generated 253 bytes in 18 msecs (HTTP/1.1 200) 6 headers in 224 bytes (1 switches on core 0)
2026-07-30 16:08:37.520 7 INFO placement.requestlog [req-244ef418-5d9b-409f-9f82-b2cf0d7afa04 req-f5239d5b-47ec-4585-803a-36a319fdba66 87badb04fbcd4ad98994c9465aeb64bf 215eff25d5ef4c05a70e75040ff6591e - - 7659ef0184044dea9b1711761b1dff9e 7659ef0184044dea9b1711761b1dff9e] 199.204.45.238 "GET /allocations/4c3f0c35-ca27-4bc9-86a1-120c375206c4" status: 200 len: 258 microversion: 1.28 [pid: 7|app: 0|req: 746/1503] 199.204.45.238 () {34 vars in 863 bytes} [Thu Jul 30 16:08:37 2026] GET /allocations/4c3f0c35-ca27-4bc9-86a1-120c375206c4 => generated 258 bytes in 13 msecs (HTTP/1.1 200) 8 headers in 296 bytes (1 switches on core 0)
2026-07-30 16:08:37.540 8 INFO placement.requestlog [req-244ef418-5d9b-409f-9f82-b2cf0d7afa04 req-0ee8f37f-3639-4081-bae2-d9e2c1526518 87badb04fbcd4ad98994c9465aeb64bf 215eff25d5ef4c05a70e75040ff6591e - - 7659ef0184044dea9b1711761b1dff9e 7659ef0184044dea9b1711761b1dff9e] 199.204.45.238 "GET /allocations/f4d7e7cc-85d8-481d-a507-42760e2734a4" status: 200 len: 258 microversion: 1.28 [pid: 8|app: 0|req: 758/1504] 199.204.45.238 () {34 vars in 863 bytes} [Thu Jul 30 16:08:37 2026] GET /allocations/f4d7e7cc-85d8-481d-a507-42760e2734a4 => generated 258 bytes in 14 msecs (HTTP/1.1 200) 8 headers in 296 bytes (1 switches on core 0)
2026-07-30 16:08:39.772 7 INFO placement.requestlog [None req-b549de3d-d65d-4f84-8415-90035b3e9951 - - - - - -] 10.0.0.1 "GET /" status: 200 len: 136 microversion: 1.0
2026-07-30 16:08:39.773 8 INFO placement.requestlog [None req-b69b60a2-6d51-4397-a645-6620af227d71 - - - - - -] 10.0.0.1 "GET /" status: 200 len: 136 microversion: 1.0
2026-07-30 16:08:49.772 7 INFO placement.requestlog [None req-89adb08e-8486-4014-9ccb-24892e59a13b - - - - - -] 10.0.0.1 "GET /" status: 200 len: 136 microversion: 1.0
2026-07-30 16:08:49.772 8 INFO placement.requestlog [None req-813ab1c0-af6d-4e30-993d-8bc4406007d3 - - - - - -] 10.0.0.1 "GET /" status: 200 len: 136 microversion: 1.0
2026-07-30 16:08:59.772 7 INFO placement.requestlog [None req-b58f8a13-1376-4b19-aacd-4bb194d3c007 - - - - - -] 10.0.0.1 "GET /" status: 200 len: 136 microversion: 1.0
2026-07-30 16:08:59.773 8 INFO placement.requestlog [None req-74acc7d6-5774-4299-b1cc-e47007b15327 - - - - - -] 10.0.0.1 "GET /" status: 200 len: 136 microversion: 1.0
2026-07-30 16:09:09.773 7 INFO placement.requestlog [None req-733d5ba0-5c5a-47bc-a1f8-61be72dfa583 - - - - - -] 10.0.0.1 "GET /" status: 200 len: 136 microversion: 1.0
2026-07-30 16:09:09.782 8 INFO placement.requestlog [None req-e5c9fdb7-bb72-4789-86bc-4933f0685a7c - - - - - -] 10.0.0.1 "GET /" status: 200 len: 136 microversion: 1.0
2026-07-30 16:09:15.615 7 INFO placement.requestlog [req-5b28be48-1a19-4c61-9941-2e097b8052ab req-7580560f-e6cf-44e4-894f-5db3102cf597 87badb04fbcd4ad98994c9465aeb64bf 215eff25d5ef4c05a70e75040ff6591e - - 7659ef0184044dea9b1711761b1dff9e 7659ef0184044dea9b1711761b1dff9e] 10.0.0.21 "GET /allocation_candidates?limit=1000&resources=MEMORY_MB%3A2048%2CVCPU%3A2&root_required=%21COMPUTE_STATUS_DISABLED" status: 200 len: 2771 microversion: 1.36 [pid: 7|app: 0|req: 751/1513] 10.0.0.21 () {34 vars in 985 bytes} [Thu Jul 30 16:09:15 2026] GET /allocation_candidates?limit=1000&resources=MEMORY_MB%3A2048%2CVCPU%3A2&root_required=%21COMPUTE_STATUS_DISABLED => generated 2771 bytes in 36 msecs (HTTP/1.1 200) 8 headers in 297 bytes (1 switches on core 0)
2026-07-30 16:09:15.652 8 INFO placement.requestlog [req-5b28be48-1a19-4c61-9941-2e097b8052ab req-42d73d2e-8df3-4781-b158-e1b767c4d48f 87badb04fbcd4ad98994c9465aeb64bf 215eff25d5ef4c05a70e75040ff6591e - - 7659ef0184044dea9b1711761b1dff9e 7659ef0184044dea9b1711761b1dff9e] 10.0.0.21 "GET /allocations/28ecbd30-b594-4659-864c-760a33bc29d7" status: 200 len: 19 microversion: 1.28 [pid: 8|app: 0|req: 763/1514] 10.0.0.21 () {34 vars in 860 bytes} [Thu Jul 30 16:09:15 2026] GET /allocations/28ecbd30-b594-4659-864c-760a33bc29d7 => generated 19 bytes in 12 msecs (HTTP/1.1 200) 8 headers in 295 bytes (1 switches on core 0)
2026-07-30 16:09:15.848 7 INFO placement.requestlog [req-5b28be48-1a19-4c61-9941-2e097b8052ab req-ce32142a-a4c4-4cd8-a9c2-d280745fcbc0 87badb04fbcd4ad98994c9465aeb64bf 215eff25d5ef4c05a70e75040ff6591e - - 7659ef0184044dea9b1711761b1dff9e 7659ef0184044dea9b1711761b1dff9e] 10.0.0.21 "PUT /allocations/28ecbd30-b594-4659-864c-760a33bc29d7" status: 204 len: 0 microversion: 1.36 [pid: 7|app: 0|req: 752/1515] 10.0.0.21 () {38 vars in 913 bytes} [Thu Jul 30 16:09:15 2026] PUT /allocations/28ecbd30-b594-4659-864c-760a33bc29d7 => generated 0 bytes in 191 msecs (HTTP/1.1 204) 5 headers in 199 bytes (1 switches on core 0)
2026-07-30 16:09:17.498 8 INFO placement.requestlog [req-5b28be48-1a19-4c61-9941-2e097b8052ab req-bff47b83-fa81-448d-8275-8d93ff90293b 87badb04fbcd4ad98994c9465aeb64bf 215eff25d5ef4c05a70e75040ff6591e - - 7659ef0184044dea9b1711761b1dff9e 7659ef0184044dea9b1711761b1dff9e] 199.204.45.238 "GET /allocations/28ecbd30-b594-4659-864c-760a33bc29d7" status: 200 len: 245 microversion: 1.28 [pid: 8|app: 0|req: 764/1516] 199.204.45.238 () {34 vars in 863 bytes} [Thu Jul 30 16:09:17 2026] GET /allocations/28ecbd30-b594-4659-864c-760a33bc29d7 => generated 245 bytes in 11 msecs (HTTP/1.1 200) 8 headers in 296 bytes (1 switches on core 0)
2026-07-30 16:09:18.546 7 INFO placement.requestlog [req-5b28be48-1a19-4c61-9941-2e097b8052ab req-846f4a4b-9f75-484c-a19a-20e0b5c40bd3 87badb04fbcd4ad98994c9465aeb64bf 215eff25d5ef4c05a70e75040ff6591e - - 7659ef0184044dea9b1711761b1dff9e 7659ef0184044dea9b1711761b1dff9e] 199.204.45.238 "GET /resource_providers/1cc732e9-8a86-4a33-ab71-42962dfac0a2/allocations" status: 200 len: 340 microversion: 1.0 [pid: 7|app: 0|req: 753/1517] 199.204.45.238 () {32 vars in 857 bytes} [Thu Jul 30 16:09:18 2026] GET /resource_providers/1cc732e9-8a86-4a33-ab71-42962dfac0a2/allocations => generated 340 bytes in 21 msecs (HTTP/1.1 200) 6 headers in 224 bytes (1 switches on core 0)
2026-07-30 16:09:18.574 8 INFO placement.requestlog [req-5b28be48-1a19-4c61-9941-2e097b8052ab req-0000d67e-b8fd-4248-9be7-759e9447d84a 87badb04fbcd4ad98994c9465aeb64bf 215eff25d5ef4c05a70e75040ff6591e - - 7659ef0184044dea9b1711761b1dff9e 7659ef0184044dea9b1711761b1dff9e] 199.204.45.238 "GET /allocations/4c3f0c35-ca27-4bc9-86a1-120c375206c4" status: 200 len: 258 microversion: 1.28 [pid: 8|app: 0|req: 765/1518] 199.204.45.238 () {34 vars in 863 bytes} [Thu Jul 30 16:09:18 2026] GET /allocations/4c3f0c35-ca27-4bc9-86a1-120c375206c4 => generated 258 bytes in 22 msecs (HTTP/1.1 200) 8 headers in 296 bytes (1 switches on core 0)
2026-07-30 16:09:18.597 7 INFO placement.requestlog [req-5b28be48-1a19-4c61-9941-2e097b8052ab req-0d537bdf-2c10-485e-9c60-e7d21f04ce86 87badb04fbcd4ad98994c9465aeb64bf 215eff25d5ef4c05a70e75040ff6591e - - 7659ef0184044dea9b1711761b1dff9e 7659ef0184044dea9b1711761b1dff9e] 199.204.45.238 "GET /allocations/28ecbd30-b594-4659-864c-760a33bc29d7" status: 200 len: 245 microversion: 1.28 [pid: 7|app: 0|req: 754/1519] 199.204.45.238 () {34 vars in 863 bytes} [Thu Jul 30 16:09:18 2026] GET /allocations/28ecbd30-b594-4659-864c-760a33bc29d7 => generated 245 bytes in 18 msecs (HTTP/1.1 200) 8 headers in 296 bytes (1 switches on core 0)
2026-07-30 16:09:18.625 8 INFO placement.requestlog [req-5b28be48-1a19-4c61-9941-2e097b8052ab req-d4497fd6-3a82-4c4e-852c-8ee09ca75139 87badb04fbcd4ad98994c9465aeb64bf 215eff25d5ef4c05a70e75040ff6591e - - 7659ef0184044dea9b1711761b1dff9e 7659ef0184044dea9b1711761b1dff9e] 199.204.45.238 "GET /allocations/f4d7e7cc-85d8-481d-a507-42760e2734a4" status: 200 len: 258 microversion: 1.28 [pid: 8|app: 0|req: 766/1520] 199.204.45.238 () {34 vars in 863 bytes} [Thu Jul 30 16:09:18 2026] GET /allocations/f4d7e7cc-85d8-481d-a507-42760e2734a4 => generated 258 bytes in 16 msecs (HTTP/1.1 200) 8 headers in 296 bytes (1 switches on core 0)
2026-07-30 16:09:19.773 7 INFO placement.requestlog [None req-6981ac46-d9ed-4cb9-9233-65593b8dc7ba - - - - - -] 10.0.0.1 "GET /" status: 200 len: 136 microversion: 1.0
2026-07-30 16:09:19.773 8 INFO placement.requestlog [None req-11d87ce3-f80c-428a-85ef-aa0a6aa38467 - - - - - -] 10.0.0.1 "GET /" status: 200 len: 136 microversion: 1.0
2026-07-30 16:09:29.773 7 INFO placement.requestlog [None req-965d1bb7-49c0-4a4d-b083-d64db558aef8 - - - - - -] 10.0.0.1 "GET /" status: 200 len: 136 microversion: 1.0
2026-07-30 16:09:29.773 8 INFO placement.requestlog [None req-339209cf-f2e6-40b9-b5b5-ea35b604eac9 - - - - - -] 10.0.0.1 "GET /" status: 200 len: 136 microversion: 1.0
2026-07-30 16:09:37.516 7 INFO placement.requestlog [req-cdbab35d-d9f8-4744-a84f-26c8a8a580ae req-be1e7144-2ddd-45e9-a506-da003e18abdd 87badb04fbcd4ad98994c9465aeb64bf 215eff25d5ef4c05a70e75040ff6591e - - 7659ef0184044dea9b1711761b1dff9e 7659ef0184044dea9b1711761b1dff9e] 199.204.45.238 "GET /resource_providers/1cc732e9-8a86-4a33-ab71-42962dfac0a2/allocations" status: 200 len: 340 microversion: 1.0 [pid: 7|app: 0|req: 757/1525] 199.204.45.238 () {32 vars in 857 bytes} [Thu Jul 30 16:09:37 2026] GET /resource_providers/1cc732e9-8a86-4a33-ab71-42962dfac0a2/allocations => generated 340 bytes in 153 msecs (HTTP/1.1 200) 6 headers in 224 bytes (1 switches on core 0)
2026-07-30 16:09:37.542 8 INFO placement.requestlog [req-cdbab35d-d9f8-4744-a84f-26c8a8a580ae req-129bf9ae-17b2-4e07-82a6-bdd33b186bfb 87badb04fbcd4ad98994c9465aeb64bf 215eff25d5ef4c05a70e75040ff6591e - - 7659ef0184044dea9b1711761b1dff9e 7659ef0184044dea9b1711761b1dff9e] 199.204.45.238 "GET /resource_providers?in_tree=1cc732e9-8a86-4a33-ab71-42962dfac0a2" status: 200 len: 798 microversion: 1.14 [pid: 8|app: 0|req: 769/1526] 199.204.45.238 () {34 vars in 892 bytes} [Thu Jul 30 16:09:37 2026] GET /resource_providers?in_tree=1cc732e9-8a86-4a33-ab71-42962dfac0a2 => generated 798 bytes in 16 msecs (HTTP/1.1 200) 6 headers in 225 bytes (1 switches on core 0)
2026-07-30 16:09:37.568 7 INFO placement.requestlog [req-cdbab35d-d9f8-4744-a84f-26c8a8a580ae req-2ccf6093-0c02-4b0b-9c4f-badb4479f81c 87badb04fbcd4ad98994c9465aeb64bf 215eff25d5ef4c05a70e75040ff6591e - - 7659ef0184044dea9b1711761b1dff9e 7659ef0184044dea9b1711761b1dff9e] 199.204.45.238 "GET /resource_providers/1cc732e9-8a86-4a33-ab71-42962dfac0a2/inventories" status: 200 len: 401 microversion: 1.0 [pid: 7|app: 0|req: 758/1527] 199.204.45.238 () {32 vars in 857 bytes} [Thu Jul 30 16:09:37 2026] GET /resource_providers/1cc732e9-8a86-4a33-ab71-42962dfac0a2/inventories => generated 401 bytes in 16 msecs (HTTP/1.1 200) 6 headers in 224 bytes (1 switches on core 0)
2026-07-30 16:09:37.586 8 INFO placement.requestlog [req-cdbab35d-d9f8-4744-a84f-26c8a8a580ae req-f0a999c4-0deb-452e-baba-8f666410da5b 87badb04fbcd4ad98994c9465aeb64bf 215eff25d5ef4c05a70e75040ff6591e - - 7659ef0184044dea9b1711761b1dff9e 7659ef0184044dea9b1711761b1dff9e] 199.204.45.238 "GET /resource_providers/1cc732e9-8a86-4a33-ab71-42962dfac0a2/aggregates" status: 200 len: 54 microversion: 1.19 [pid: 8|app: 0|req: 770/1528] 199.204.45.238 () {34 vars in 899 bytes} [Thu Jul 30 16:09:37 2026] GET /resource_providers/1cc732e9-8a86-4a33-ab71-42962dfac0a2/aggregates => generated 54 bytes in 10 msecs (HTTP/1.1 200) 8 headers in 295 bytes (1 switches on core 0)
2026-07-30 16:09:37.618 7 INFO placement.requestlog [req-cdbab35d-d9f8-4744-a84f-26c8a8a580ae req-eb8e578e-e1e6-4cab-a989-0da08b001400 87badb04fbcd4ad98994c9465aeb64bf 215eff25d5ef4c05a70e75040ff6591e - - 7659ef0184044dea9b1711761b1dff9e 7659ef0184044dea9b1711761b1dff9e] 199.204.45.238 "GET /resource_providers/1cc732e9-8a86-4a33-ab71-42962dfac0a2/traits" status: 200 len: 2317 microversion: 1.6 [pid: 7|app: 0|req: 759/1529] 199.204.45.238 () {34 vars in 890 bytes} [Thu Jul 30 16:09:37 2026] GET /resource_providers/1cc732e9-8a86-4a33-ab71-42962dfac0a2/traits => generated 2317 bytes in 26 msecs (HTTP/1.1 200) 6 headers in 225 bytes (1 switches on core 0)
2026-07-30 16:09:37.641 8 INFO placement.requestlog [req-cdbab35d-d9f8-4744-a84f-26c8a8a580ae req-3f15dafb-a035-4cfc-bdd8-0bef018fa49e 87badb04fbcd4ad98994c9465aeb64bf 215eff25d5ef4c05a70e75040ff6591e - - 7659ef0184044dea9b1711761b1dff9e 7659ef0184044dea9b1711761b1dff9e] 199.204.45.238 "GET /resource_providers/1cc732e9-8a86-4a33-ab71-42962dfac0a2/allocations" status: 200 len: 340 microversion: 1.0 [pid: 8|app: 0|req: 771/1530] 199.204.45.238 () {32 vars in 857 bytes} [Thu Jul 30 16:09:37 2026] GET /resource_providers/1cc732e9-8a86-4a33-ab71-42962dfac0a2/allocations => generated 340 bytes in 14 msecs (HTTP/1.1 200) 6 headers in 224 bytes (1 switches on core 0)
2026-07-30 16:09:37.661 7 INFO placement.requestlog [req-cdbab35d-d9f8-4744-a84f-26c8a8a580ae req-ecc89531-4f57-447a-943f-54ece9bdf2ca 87badb04fbcd4ad98994c9465aeb64bf 215eff25d5ef4c05a70e75040ff6591e - - 7659ef0184044dea9b1711761b1dff9e 7659ef0184044dea9b1711761b1dff9e] 199.204.45.238 "GET /allocations/4c3f0c35-ca27-4bc9-86a1-120c375206c4" status: 200 len: 258 microversion: 1.28 [pid: 7|app: 0|req: 760/1531] 199.204.45.238 () {34 vars in 863 bytes} [Thu Jul 30 16:09:37 2026] GET /allocations/4c3f0c35-ca27-4bc9-86a1-120c375206c4 => generated 258 bytes in 12 msecs (HTTP/1.1 200) 8 headers in 296 bytes (1 switches on core 0)
2026-07-30 16:09:37.685 8 INFO placement.requestlog [req-cdbab35d-d9f8-4744-a84f-26c8a8a580ae req-b66c58b8-b897-499f-b0c4-cff38feba4e8 87badb04fbcd4ad98994c9465aeb64bf 215eff25d5ef4c05a70e75040ff6591e - - 7659ef0184044dea9b1711761b1dff9e 7659ef0184044dea9b1711761b1dff9e] 199.204.45.238 "GET /allocations/28ecbd30-b594-4659-864c-760a33bc29d7" status: 200 len: 245 microversion: 1.28 [pid: 8|app: 0|req: 772/1532] 199.204.45.238 () {34 vars in 863 bytes} [Thu Jul 30 16:09:37 2026] GET /allocations/28ecbd30-b594-4659-864c-760a33bc29d7 => generated 245 bytes in 14 msecs (HTTP/1.1 200) 8 headers in 296 bytes (1 switches on core 0)
2026-07-30 16:09:37.703 7 INFO placement.requestlog [req-cdbab35d-d9f8-4744-a84f-26c8a8a580ae req-5c752e93-132e-4646-a030-747b323f00e8 87badb04fbcd4ad98994c9465aeb64bf 215eff25d5ef4c05a70e75040ff6591e - - 7659ef0184044dea9b1711761b1dff9e 7659ef0184044dea9b1711761b1dff9e] 199.204.45.238 "GET /allocations/f4d7e7cc-85d8-481d-a507-42760e2734a4" status: 200 len: 258 microversion: 1.28 [pid: 7|app: 0|req: 761/1533] 199.204.45.238 () {34 vars in 863 bytes} [Thu Jul 30 16:09:37 2026] GET /allocations/f4d7e7cc-85d8-481d-a507-42760e2734a4 => generated 258 bytes in 13 msecs (HTTP/1.1 200) 8 headers in 296 bytes (1 switches on core 0)
2026-07-30 16:09:39.774 7 INFO placement.requestlog [None req-419308d7-3da4-4019-b5e0-6c7f7892e119 - - - - - -] 10.0.0.1 "GET /" status: 200 len: 136 microversion: 1.0
2026-07-30 16:09:39.774 8 INFO placement.requestlog [None req-6b7edc7f-6516-4740-bbab-f85cd0d65649 - - - - - -] 10.0.0.1 "GET /" status: 200 len: 136 microversion: 1.0
2026-07-30 16:09:49.773 8 INFO placement.requestlog [None req-bbcb20ba-ecb0-40dd-b530-80ffc0849eaa - - - - - -] 10.0.0.1 "GET /" status: 200 len: 136 microversion: 1.0
2026-07-30 16:09:49.773 7 INFO placement.requestlog [None req-a1aa1cc8-9b45-48b0-aa38-890f11530b4b - - - - - -] 10.0.0.1 "GET /" status: 200 len: 136 microversion: 1.0
2026-07-30 16:09:59.773 7 INFO placement.requestlog [None req-20bf8dc8-b163-40eb-ac59-0f12e545df07 - - - - - -] 10.0.0.1 "GET /" status: 200 len: 136 microversion: 1.0
2026-07-30 16:09:59.773 8 INFO placement.requestlog [None req-90d9753b-c91d-4c1e-bb44-b41df76098bb - - - - - -] 10.0.0.1 "GET /" status: 200 len: 136 microversion: 1.0
2026-07-30 16:10:09.772 7 INFO placement.requestlog [None req-fba6514f-d8cd-4843-b100-dfb0aa31cf9a - - - - - -] 10.0.0.1 "GET /" status: 200 len: 136 microversion: 1.0
2026-07-30 16:10:09.773 8 INFO placement.requestlog [None req-9a61ba0a-7777-463a-b9a2-297422720f00 - - - - - -] 10.0.0.1 "GET /" status: 200 len: 136 microversion: 1.0
2026-07-30 16:10:19.772 7 INFO placement.requestlog [None req-2e98d5b5-1796-420e-8876-bed623f6db1b - - - - - -] 10.0.0.1 "GET /" status: 200 len: 136 microversion: 1.0
2026-07-30 16:10:19.773 8 INFO placement.requestlog [None req-4b47d4d0-ff3c-4e5b-b89e-089d95bb188f - - - - - -] 10.0.0.1 "GET /" status: 200 len: 136 microversion: 1.0
2026-07-30 16:10:29.773 7 INFO placement.requestlog [None req-45ecf081-3b61-4336-91bc-97351c304f40 - - - - - -] 10.0.0.1 "GET /" status: 200 len: 136 microversion: 1.0
2026-07-30 16:10:29.773 8 INFO placement.requestlog [None req-79c9225c-12e8-45d0-9d5b-22b275a68d5b - - - - - -] 10.0.0.1 "GET /" status: 200 len: 136 microversion: 1.0
2026-07-30 16:10:37.355 7 INFO placement.requestlog [req-0d8c1e82-c981-4338-9c3a-1617757438d9 req-be0076a0-efb6-47ff-a79c-e4d9e25b77f1 87badb04fbcd4ad98994c9465aeb64bf 215eff25d5ef4c05a70e75040ff6591e - - 7659ef0184044dea9b1711761b1dff9e 7659ef0184044dea9b1711761b1dff9e] 199.204.45.238 "GET /resource_providers/1cc732e9-8a86-4a33-ab71-42962dfac0a2/allocations" status: 200 len: 340 microversion: 1.0 [pid: 7|app: 0|req: 768/1546] 199.204.45.238 () {32 vars in 857 bytes} [Thu Jul 30 16:10:37 2026] GET /resource_providers/1cc732e9-8a86-4a33-ab71-42962dfac0a2/allocations => generated 340 bytes in 17 msecs (HTTP/1.1 200) 6 headers in 224 bytes (1 switches on core 0)
2026-07-30 16:10:37.381 8 INFO placement.requestlog [req-0d8c1e82-c981-4338-9c3a-1617757438d9 req-546a2a60-5ddc-49cc-b332-16b7b19a9448 87badb04fbcd4ad98994c9465aeb64bf 215eff25d5ef4c05a70e75040ff6591e - - 7659ef0184044dea9b1711761b1dff9e 7659ef0184044dea9b1711761b1dff9e] 199.204.45.238 "GET /resource_providers/1cc732e9-8a86-4a33-ab71-42962dfac0a2/allocations" status: 200 len: 340 microversion: 1.0 [pid: 8|app: 0|req: 779/1547] 199.204.45.238 () {32 vars in 857 bytes} [Thu Jul 30 16:10:37 2026] GET /resource_providers/1cc732e9-8a86-4a33-ab71-42962dfac0a2/allocations => generated 340 bytes in 19 msecs (HTTP/1.1 200) 6 headers in 224 bytes (1 switches on core 0)
2026-07-30 16:10:37.399 7 INFO placement.requestlog [req-0d8c1e82-c981-4338-9c3a-1617757438d9 req-1eac426d-cd27-494a-a60d-495dc7f46e18 87badb04fbcd4ad98994c9465aeb64bf 215eff25d5ef4c05a70e75040ff6591e - - 7659ef0184044dea9b1711761b1dff9e 7659ef0184044dea9b1711761b1dff9e] 199.204.45.238 "GET /allocations/4c3f0c35-ca27-4bc9-86a1-120c375206c4" status: 200 len: 258 microversion: 1.28 [pid: 7|app: 0|req: 769/1548] 199.204.45.238 () {34 vars in 863 bytes} [Thu Jul 30 16:10:37 2026] GET /allocations/4c3f0c35-ca27-4bc9-86a1-120c375206c4 => generated 258 bytes in 10 msecs (HTTP/1.1 200) 8 headers in 296 bytes (1 switches on core 0)
2026-07-30 16:10:37.418 8 INFO placement.requestlog [req-0d8c1e82-c981-4338-9c3a-1617757438d9 req-e4d0dd5e-f152-4817-a304-5e90ecf437bf 87badb04fbcd4ad98994c9465aeb64bf 215eff25d5ef4c05a70e75040ff6591e - - 7659ef0184044dea9b1711761b1dff9e 7659ef0184044dea9b1711761b1dff9e] 199.204.45.238 "GET /allocations/28ecbd30-b594-4659-864c-760a33bc29d7" status: 200 len: 245 microversion: 1.28 [pid: 8|app: 0|req: 780/1549] 199.204.45.238 () {34 vars in 863 bytes} [Thu Jul 30 16:10:37 2026] GET /allocations/28ecbd30-b594-4659-864c-760a33bc29d7 => generated 245 bytes in 11 msecs (HTTP/1.1 200) 8 headers in 296 bytes (1 switches on core 0)
2026-07-30 16:10:37.440 7 INFO placement.requestlog [req-0d8c1e82-c981-4338-9c3a-1617757438d9 req-7765e391-5ab7-402d-b901-189fa9a4a56d 87badb04fbcd4ad98994c9465aeb64bf 215eff25d5ef4c05a70e75040ff6591e - - 7659ef0184044dea9b1711761b1dff9e 7659ef0184044dea9b1711761b1dff9e] 199.204.45.238 "GET /allocations/f4d7e7cc-85d8-481d-a507-42760e2734a4" status: 200 len: 258 microversion: 1.28 [pid: 7|app: 0|req: 770/1550] 199.204.45.238 () {34 vars in 863 bytes} [Thu Jul 30 16:10:37 2026] GET /allocations/f4d7e7cc-85d8-481d-a507-42760e2734a4 => generated 258 bytes in 16 msecs (HTTP/1.1 200) 8 headers in 296 bytes (1 switches on core 0)
2026-07-30 16:10:39.773 8 INFO placement.requestlog [None req-1077880d-4277-403b-9714-bb880eb994a0 - - - - - -] 10.0.0.1 "GET /" status: 200 len: 136 microversion: 1.0
2026-07-30 16:10:39.773 7 INFO placement.requestlog [None req-e480caf9-d999-405e-ba2d-217cc3f5de35 - - - - - -] 10.0.0.1 "GET /" status: 200 len: 136 microversion: 1.0
2026-07-30 16:10:49.773 8 INFO placement.requestlog [None req-a6ad55a8-677d-4406-a846-5961f52f90bc - - - - - -] 10.0.0.1 "GET /" status: 200 len: 136 microversion: 1.0
2026-07-30 16:10:49.773 7 INFO placement.requestlog [None req-fdcb8349-2cd5-402d-9f7b-d44113fb36e5 - - - - - -] 10.0.0.1 "GET /" status: 200 len: 136 microversion: 1.0
2026-07-30 16:10:59.773 7 INFO placement.requestlog [None req-94185723-d766-46b7-ac9c-1bf3363cd26e - - - - - -] 10.0.0.1 "GET /" status: 200 len: 136 microversion: 1.0
2026-07-30 16:10:59.773 8 INFO placement.requestlog [None req-faca37de-9c05-4652-931e-94e721fb5c5d - - - - - -] 10.0.0.1 "GET /" status: 200 len: 136 microversion: 1.0
2026-07-30 16:11:09.772 8 INFO placement.requestlog [None req-6d63828e-9f5a-4811-be73-96644150d9d5 - - - - - -] 10.0.0.1 "GET /" status: 200 len: 136 microversion: 1.0
2026-07-30 16:11:09.773 7 INFO placement.requestlog [None req-06618313-2910-4190-bdb7-0050249aa685 - - - - - -] 10.0.0.1 "GET /" status: 200 len: 136 microversion: 1.0
2026-07-30 16:11:19.773 7 INFO placement.requestlog [None req-6bda9563-ac7d-4b64-9b4a-4f77aa8ba015 - - - - - -] 10.0.0.1 "GET /" status: 200 len: 136 microversion: 1.0
2026-07-30 16:11:19.774 8 INFO placement.requestlog [None req-50a374a4-b63e-45f2-8b12-a2345f574bb9 - - - - - -] 10.0.0.1 "GET /" status: 200 len: 136 microversion: 1.0
2026-07-30 16:11:29.773 8 INFO placement.requestlog [None req-3c0c7af2-0e3d-4129-942d-f58d1fb67168 - - - - - -] 10.0.0.1 "GET /" status: 200 len: 136 microversion: 1.0
2026-07-30 16:11:29.773 7 INFO placement.requestlog [None req-7e0feaec-7629-4ab3-9c8e-28d22211e048 - - - - - -] 10.0.0.1 "GET /" status: 200 len: 136 microversion: 1.0
2026-07-30 16:11:37.142 8 INFO placement.requestlog [req-17105b6e-71ba-43ac-a0cd-f787f5cf4437 req-b6944597-3fb9-4719-bdc4-6f34164c2304 87badb04fbcd4ad98994c9465aeb64bf 215eff25d5ef4c05a70e75040ff6591e - - 7659ef0184044dea9b1711761b1dff9e 7659ef0184044dea9b1711761b1dff9e] 199.204.45.238 "GET /resource_providers/1cc732e9-8a86-4a33-ab71-42962dfac0a2/allocations" status: 200 len: 340 microversion: 1.0 [pid: 8|app: 0|req: 787/1563] 199.204.45.238 () {32 vars in 857 bytes} [Thu Jul 30 16:11:37 2026] GET /resource_providers/1cc732e9-8a86-4a33-ab71-42962dfac0a2/allocations => generated 340 bytes in 15 msecs (HTTP/1.1 200) 6 headers in 224 bytes (1 switches on core 0)
2026-07-30 16:11:37.166 7 INFO placement.requestlog [req-17105b6e-71ba-43ac-a0cd-f787f5cf4437 req-65a8962d-8cff-4ff3-b823-426286fd6d48 87badb04fbcd4ad98994c9465aeb64bf 215eff25d5ef4c05a70e75040ff6591e - - 7659ef0184044dea9b1711761b1dff9e 7659ef0184044dea9b1711761b1dff9e] 199.204.45.238 "GET /resource_providers/1cc732e9-8a86-4a33-ab71-42962dfac0a2/allocations" status: 200 len: 340 microversion: 1.0 [pid: 7|app: 0|req: 777/1564] 199.204.45.238 () {32 vars in 857 bytes} [Thu Jul 30 16:11:37 2026] GET /resource_providers/1cc732e9-8a86-4a33-ab71-42962dfac0a2/allocations => generated 340 bytes in 16 msecs (HTTP/1.1 200) 6 headers in 224 bytes (1 switches on core 0)
2026-07-30 16:11:37.184 8 INFO placement.requestlog [req-17105b6e-71ba-43ac-a0cd-f787f5cf4437 req-56074ae7-1bc9-4d31-a88f-f6f606075952 87badb04fbcd4ad98994c9465aeb64bf 215eff25d5ef4c05a70e75040ff6591e - - 7659ef0184044dea9b1711761b1dff9e 7659ef0184044dea9b1711761b1dff9e] 199.204.45.238 "GET /allocations/4c3f0c35-ca27-4bc9-86a1-120c375206c4" status: 200 len: 258 microversion: 1.28 [pid: 8|app: 0|req: 788/1565] 199.204.45.238 () {34 vars in 863 bytes} [Thu Jul 30 16:11:37 2026] GET /allocations/4c3f0c35-ca27-4bc9-86a1-120c375206c4 => generated 258 bytes in 14 msecs (HTTP/1.1 200) 8 headers in 296 bytes (1 switches on core 0)
2026-07-30 16:11:37.201 7 INFO placement.requestlog [req-17105b6e-71ba-43ac-a0cd-f787f5cf4437 req-d52c337a-cdde-4baa-99c8-cf02d82c570c 87badb04fbcd4ad98994c9465aeb64bf 215eff25d5ef4c05a70e75040ff6591e - - 7659ef0184044dea9b1711761b1dff9e 7659ef0184044dea9b1711761b1dff9e] 199.204.45.238 "GET /allocations/28ecbd30-b594-4659-864c-760a33bc29d7" status: 200 len: 245 microversion: 1.28 [pid: 7|app: 0|req: 778/1566] 199.204.45.238 () {34 vars in 863 bytes} [Thu Jul 30 16:11:37 2026] GET /allocations/28ecbd30-b594-4659-864c-760a33bc29d7 => generated 245 bytes in 11 msecs (HTTP/1.1 200) 8 headers in 296 bytes (1 switches on core 0)
