Aug 31 07:36:04.540803 np0000191576 devstack@n-api.service[98587]: [pid: 98587|app: 0|req: 14/57] 162.253.55.56 () {72 vars in 1422 bytes} [Mon Aug 31 07:36:04 2026] POST /compute/v2.1/flavors => generated 428 bytes in 31 msecs (HTTP/1.1 200) 9 headers in 359 bytes (1 switches on core 0)
Aug 31 07:36:14.190488 np0000191576 devstack@n-api.service[98586]: DEBUG dbcounter [-] [98586] Writing DB stats nova_api:SELECT=1 {{(pid=98586) stat_writer /opt/stack/data/venv/lib/python3.12/site-packages/dbcounter.py:115}}
Aug 31 07:36:14.530436 np0000191576 devstack@n-api.service[98587]: DEBUG dbcounter [-] [98587] Writing DB stats nova_api:INSERT=1,nova_api:SELECT=1 {{(pid=98587) stat_writer /opt/stack/data/venv/lib/python3.12/site-packages/dbcounter.py:115}}
Aug 31 07:38:34.472096 np0000191576 devstack@n-api.service[98588]: DEBUG nova.api.openstack.wsgi [None req-82f1f1dd-a718-4584-a445-58f8244a3c37 admin admin] Calling method '>' {{(pid=98588) _process_stack /opt/stack/nova/nova/api/openstack/wsgi.py:551}}
Aug 31 07:38:34.476155 np0000191576 devstack@n-api.service[98588]: WARNING oslo_db.sqlalchemy.utils [None req-82f1f1dd-a718-4584-a445-58f8244a3c37 admin admin] Unique keys not in sort_keys. The sorting order may be unstable.
Aug 31 07:38:34.490076 np0000191576 devstack@n-api.service[98588]: INFO nova.api.openstack.requestlog [None req-82f1f1dd-a718-4584-a445-58f8244a3c37 admin admin] 162.253.55.56 "GET /compute/v2.1/os-keypairs" status: 200 len: 16 microversion: 2.10 time: 0.022623
Aug 31 07:38:34.490578 np0000191576 devstack@n-api.service[98588]: [pid: 98588|app: 0|req: 16/58] 162.253.55.56 () {68 vars in 1393 bytes} [Mon Aug 31 07:38:34 2026] GET /compute/v2.1/os-keypairs => generated 16 bytes in 24 msecs (HTTP/1.1 200) 9 headers in 358 bytes (1 switches on core 0)
Aug 31 07:38:34.762107 np0000191576 devstack@n-api.service[98589]: DEBUG nova.api.openstack.wsgi [None req-46790d8a-f377-4122-8f0b-618145ce6850 admin admin] Action: 'create', calling method: >, body: {"keypair": {"public_key": "ecdsa-sha2-nistp256 AAAAE2VjZHNhLXNoYTItbmlzdHAyNTYAAAAIbmlzdHAyNTYAAABBBCO8cC6ww1oSf3IZug3rln85Pbfx/wfPuCPCyJLZIK5o44O2SjIjZwK5OMFW06KRrWpzVmFaa+hxImjmedG9t/s= stack@np0000191576\n", "name": "manila-service"}} {{(pid=98589) _process_stack /opt/stack/nova/nova/api/openstack/wsgi.py:549}}
Aug 31 07:38:34.797489 np0000191576 devstack@n-api.service[98589]: DEBUG nova.quota [None req-46790d8a-f377-4122-8f0b-618145ce6850 admin admin] Getting quotas for project aa05e87dc3034bcabf763f3aea475064. Resources: {'key_pairs'} {{(pid=98589) _get_quotas /opt/stack/nova/nova/quota.py:389}}
Aug 31 07:38:34.803911 np0000191576 devstack@n-api.service[98589]: DEBUG nova.quota [None req-46790d8a-f377-4122-8f0b-618145ce6850 admin admin] Getting quotas for user c016aa60ca8f4c29897c5d2cac884182 and project aa05e87dc3034bcabf763f3aea475064. Resources: {'key_pairs'} {{(pid=98589) _get_quotas /opt/stack/nova/nova/quota.py:379}}
Aug 31 07:38:34.850544 np0000191576 devstack@n-api.service[98589]: INFO nova.api.openstack.requestlog [None req-46790d8a-f377-4122-8f0b-618145ce6850 admin admin] 162.253.55.56 "POST /compute/v2.1/os-keypairs" status: 201 len: 366 microversion: 2.10 time: 0.092403
Aug 31 07:38:34.850955 np0000191576 devstack@n-api.service[98589]: [pid: 98589|app: 0|req: 15/59] 162.253.55.56 () {72 vars in 1434 bytes} [Mon Aug 31 07:38:34 2026] POST /compute/v2.1/os-keypairs => generated 366 bytes in 93 msecs (HTTP/1.1 201) 9 headers in 364 bytes (1 switches on core 0)
Aug 31 07:38:44.483110 np0000191576 devstack@n-api.service[98588]: DEBUG dbcounter [-] [98588] Writing DB stats nova_api:SELECT=1 {{(pid=98588) stat_writer /opt/stack/data/venv/lib/python3.12/site-packages/dbcounter.py:115}}
Aug 31 07:38:44.813914 np0000191576 devstack@n-api.service[98589]: DEBUG dbcounter [-] [98589] Writing DB stats nova_cell0:SELECT=2 {{(pid=98589) stat_writer /opt/stack/data/venv/lib/python3.12/site-packages/dbcounter.py:115}}
Aug 31 07:38:44.838885 np0000191576 devstack@n-api.service[98589]: DEBUG dbcounter [-] [98589] Writing DB stats nova_api:SELECT=5,nova_api:INSERT=1 {{(pid=98589) stat_writer /opt/stack/data/venv/lib/python3.12/site-packages/dbcounter.py:115}}
Aug 31 07:38:48.948764 np0000191576 devstack@n-api.service[98586]: DEBUG nova.api.openstack.wsgi [None req-0136dc9c-1983-4755-98e7-69aedf6bf645 admin admin] Calling method '>' {{(pid=98586) _process_stack /opt/stack/nova/nova/api/openstack/wsgi.py:551}}
Aug 31 07:38:48.952421 np0000191576 devstack@n-api.service[98586]: DEBUG oslo_concurrency.lockutils [None req-0136dc9c-1983-4755-98e7-69aedf6bf645 admin admin] Acquiring lock "00000000-0000-0000-0000-000000000000" by "nova.context.set_target_cell..get_or_set_cached_cell_and_set_connections" {{(pid=98586) inner /opt/stack/data/venv/lib/python3.12/site-packages/oslo_concurrency/lockutils.py:512}}
Aug 31 07:38:48.952765 np0000191576 devstack@n-api.service[98586]: DEBUG oslo_concurrency.lockutils [None req-0136dc9c-1983-4755-98e7-69aedf6bf645 admin admin] Lock "00000000-0000-0000-0000-000000000000" acquired by "nova.context.set_target_cell..get_or_set_cached_cell_and_set_connections" :: waited 0.000s {{(pid=98586) inner /opt/stack/data/venv/lib/python3.12/site-packages/oslo_concurrency/lockutils.py:525}}
Aug 31 07:38:48.953011 np0000191576 devstack@n-api.service[98586]: DEBUG oslo_concurrency.lockutils [None req-0136dc9c-1983-4755-98e7-69aedf6bf645 admin admin] Lock "00000000-0000-0000-0000-000000000000" "released" by "nova.context.set_target_cell..get_or_set_cached_cell_and_set_connections" :: held 0.000s {{(pid=98586) inner /opt/stack/data/venv/lib/python3.12/site-packages/oslo_concurrency/lockutils.py:544}}
Aug 31 07:38:48.954212 np0000191576 devstack@n-api.service[98586]: DEBUG oslo_concurrency.lockutils [None req-0136dc9c-1983-4755-98e7-69aedf6bf645 admin admin] Acquiring lock "ddd1b725-28fd-4063-8e7e-857162743202" by "nova.context.set_target_cell..get_or_set_cached_cell_and_set_connections" {{(pid=98586) inner /opt/stack/data/venv/lib/python3.12/site-packages/oslo_concurrency/lockutils.py:512}}
Aug 31 07:38:48.954575 np0000191576 devstack@n-api.service[98586]: DEBUG oslo_concurrency.lockutils [None req-0136dc9c-1983-4755-98e7-69aedf6bf645 admin admin] Lock "ddd1b725-28fd-4063-8e7e-857162743202" acquired by "nova.context.set_target_cell..get_or_set_cached_cell_and_set_connections" :: waited 0.000s {{(pid=98586) inner /opt/stack/data/venv/lib/python3.12/site-packages/oslo_concurrency/lockutils.py:525}}
Aug 31 07:38:48.954825 np0000191576 devstack@n-api.service[98586]: DEBUG oslo_concurrency.lockutils [None req-0136dc9c-1983-4755-98e7-69aedf6bf645 admin admin] Lock "ddd1b725-28fd-4063-8e7e-857162743202" "released" by "nova.context.set_target_cell..get_or_set_cached_cell_and_set_connections" :: held 0.000s {{(pid=98586) inner /opt/stack/data/venv/lib/python3.12/site-packages/oslo_concurrency/lockutils.py:544}}
Aug 31 07:38:49.043247 np0000191576 devstack@n-api.service[98586]: INFO nova.api.openstack.requestlog [None req-0136dc9c-1983-4755-98e7-69aedf6bf645 admin admin] 162.253.55.56 "GET /compute/v2.1/os-services?binary=nova-compute&host=np0000191576" status: 200 len: 255 microversion: 2.69 time: 0.098185
Aug 31 07:38:49.043916 np0000191576 devstack@n-api.service[98586]: [pid: 98586|app: 0|req: 15/60] 162.253.55.56 () {68 vars in 1468 bytes} [Mon Aug 31 07:38:48 2026] GET /compute/v2.1/os-services?binary=nova-compute&host=np0000191576 => generated 255 bytes in 99 msecs (HTTP/1.1 200) 9 headers in 359 bytes (1 switches on core 0)
Aug 31 07:38:58.962754 np0000191576 devstack@n-api.service[98586]: DEBUG dbcounter [-] [98586] Writing DB stats nova_cell0:SELECT=1 {{(pid=98586) stat_writer /opt/stack/data/venv/lib/python3.12/site-packages/dbcounter.py:115}}
Aug 31 07:38:58.968112 np0000191576 devstack@n-api.service[98586]: DEBUG dbcounter [-] [98586] Writing DB stats nova_cell1:SELECT=1 {{(pid=98586) stat_writer /opt/stack/data/venv/lib/python3.12/site-packages/dbcounter.py:115}}
Aug 31 07:38:59.032856 np0000191576 devstack@n-api.service[98586]: DEBUG dbcounter [-] [98586] Writing DB stats nova_api:SELECT=2 {{(pid=98586) stat_writer /opt/stack/data/venv/lib/python3.12/site-packages/dbcounter.py:115}}
Aug 31 07:39:25.754217 np0000191576 devstack@n-api.service[98587]: DEBUG nova.api.openstack.wsgi [None req-b3a98e2d-746b-4919-aa8f-03c7f2c40ac5 admin admin] Calling method '>' {{(pid=98587) _process_stack /opt/stack/nova/nova/api/openstack/wsgi.py:551}}
Aug 31 07:39:25.759564 np0000191576 devstack@n-api.service[98587]: INFO nova.api.openstack.requestlog [None req-b3a98e2d-746b-4919-aa8f-03c7f2c40ac5 admin admin] 162.253.55.56 "GET /compute/v2.1" status: 200 len: 392 microversion: 2.1 time: 0.005625
Aug 31 07:39:25.759917 np0000191576 devstack@n-api.service[98587]: [pid: 98587|app: 0|req: 15/61] 162.253.55.56 () {62 vars in 1056 bytes} [Mon Aug 31 07:39:25 2026] GET /compute/v2.1 => generated 392 bytes in 6 msecs (HTTP/1.1 200) 9 headers in 357 bytes (1 switches on core 0)
Aug 31 07:39:25.792612 np0000191576 devstack@n-api.service[98588]: DEBUG nova.api.openstack.wsgi [None req-82f1f1dd-a718-4584-a445-58f8244a3c37 admin admin] Calling method '>' {{(pid=98588) _process_stack /opt/stack/nova/nova/api/openstack/wsgi.py:551}}
Aug 31 07:39:25.795043 np0000191576 devstack@n-api.service[98588]: INFO nova.api.openstack.requestlog [None req-82f1f1dd-a718-4584-a445-58f8244a3c37 admin admin] 162.253.55.56 "GET /compute/v2.1/" status: 200 len: 392 microversion: 2.1 time: 0.002700
Aug 31 07:39:25.795204 np0000191576 devstack@n-api.service[98588]: [pid: 98588|app: 0|req: 17/62] 162.253.55.56 () {62 vars in 1059 bytes} [Mon Aug 31 07:39:25 2026] GET /compute/v2.1/ => generated 392 bytes in 3 msecs (HTTP/1.1 200) 9 headers in 357 bytes (1 switches on core 0)
Aug 31 07:39:25.829497 np0000191576 devstack@n-api.service[98589]: DEBUG nova.api.openstack.wsgi [None req-135686dd-c190-43fd-ab88-608f5a1e8e43 demo demo] Calling method '>' {{(pid=98589) _process_stack /opt/stack/nova/nova/api/openstack/wsgi.py:551}}
Aug 31 07:39:25.876363 np0000191576 devstack@n-api.service[98589]: INFO nova.api.openstack.requestlog [None req-135686dd-c190-43fd-ab88-608f5a1e8e43 demo demo] 162.253.55.56 "GET /compute/v2.1/flavors/detail?is_public=None" status: 200 len: 5240 microversion: 2.61 time: 0.049997
Aug 31 07:39:25.876867 np0000191576 devstack@n-api.service[98589]: [pid: 98589|app: 0|req: 16/63] 162.253.55.56 () {68 vars in 1417 bytes} [Mon Aug 31 07:39:25 2026] GET /compute/v2.1/flavors/detail?is_public=None => generated 5240 bytes in 51 msecs (HTTP/1.1 200) 9 headers in 360 bytes (1 switches on core 0)
Aug 31 07:39:25.919934 np0000191576 devstack@n-api.service[98586]: DEBUG nova.api.openstack.wsgi [None req-ec937120-2664-4399-bb7d-4c5bfe409db6 demo demo] Calling method '>' {{(pid=98586) _process_stack /opt/stack/nova/nova/api/openstack/wsgi.py:551}}
Aug 31 07:39:25.942092 np0000191576 devstack@n-api.service[98586]: INFO nova.api.openstack.requestlog [None req-ec937120-2664-4399-bb7d-4c5bfe409db6 demo demo] 162.253.55.56 "GET /compute/v2.1/flavors/detail?is_public=None" status: 200 len: 5240 microversion: 2.61 time: 0.023724
Aug 31 07:39:25.942273 np0000191576 devstack@n-api.service[98586]: [pid: 98586|app: 0|req: 16/64] 162.253.55.56 () {68 vars in 1417 bytes} [Mon Aug 31 07:39:25 2026] GET /compute/v2.1/flavors/detail?is_public=None => generated 5240 bytes in 24 msecs (HTTP/1.1 200) 9 headers in 360 bytes (1 switches on core 0)
Aug 31 07:39:26.239521 np0000191576 devstack@n-api.service[98587]: DEBUG nova.api.openstack.wsgi [None req-b3a98e2d-746b-4919-aa8f-03c7f2c40ac5 admin admin] Calling method '>' {{(pid=98587) _process_stack /opt/stack/nova/nova/api/openstack/wsgi.py:551}}
Aug 31 07:39:26.244770 np0000191576 devstack@n-api.service[98587]: INFO nova.api.openstack.requestlog [None req-b3a98e2d-746b-4919-aa8f-03c7f2c40ac5 admin admin] 162.253.55.56 "GET /compute/v2.1" status: 200 len: 392 microversion: 2.1 time: 0.005638
Aug 31 07:39:26.245127 np0000191576 devstack@n-api.service[98587]: [pid: 98587|app: 0|req: 16/65] 162.253.55.56 () {62 vars in 1056 bytes} [Mon Aug 31 07:39:26 2026] GET /compute/v2.1 => generated 392 bytes in 7 msecs (HTTP/1.1 200) 9 headers in 357 bytes (1 switches on core 0)
Aug 31 07:39:26.278282 np0000191576 devstack@n-api.service[98588]: DEBUG nova.api.openstack.wsgi [None req-82f1f1dd-a718-4584-a445-58f8244a3c37 admin admin] Calling method '>' {{(pid=98588) _process_stack /opt/stack/nova/nova/api/openstack/wsgi.py:551}}
Aug 31 07:39:26.280881 np0000191576 devstack@n-api.service[98588]: INFO nova.api.openstack.requestlog [None req-82f1f1dd-a718-4584-a445-58f8244a3c37 admin admin] 162.253.55.56 "GET /compute/v2.1/" status: 200 len: 392 microversion: 2.1 time: 0.002837
Aug 31 07:39:26.281039 np0000191576 devstack@n-api.service[98588]: [pid: 98588|app: 0|req: 18/66] 162.253.55.56 () {62 vars in 1059 bytes} [Mon Aug 31 07:39:26 2026] GET /compute/v2.1/ => generated 392 bytes in 3 msecs (HTTP/1.1 200) 9 headers in 357 bytes (1 switches on core 0)
Aug 31 07:39:26.316151 np0000191576 devstack@n-api.service[98589]: DEBUG nova.api.openstack.wsgi [None req-ecfeb722-d7f5-47c1-9694-07d2b05e6c12 demo demo] Calling method '>' {{(pid=98589) _process_stack /opt/stack/nova/nova/api/openstack/wsgi.py:551}}
Aug 31 07:39:26.350385 np0000191576 devstack@n-api.service[98589]: INFO nova.api.openstack.requestlog [None req-ecfeb722-d7f5-47c1-9694-07d2b05e6c12 demo demo] 162.253.55.56 "GET /compute/v2.1/flavors/detail?is_public=None" status: 200 len: 5240 microversion: 2.61 time: 0.037153
Aug 31 07:39:26.350957 np0000191576 devstack@n-api.service[98589]: [pid: 98589|app: 0|req: 17/67] 162.253.55.56 () {68 vars in 1417 bytes} [Mon Aug 31 07:39:26 2026] GET /compute/v2.1/flavors/detail?is_public=None => generated 5240 bytes in 38 msecs (HTTP/1.1 200) 9 headers in 360 bytes (1 switches on core 0)
Aug 31 07:39:26.399882 np0000191576 devstack@n-api.service[98586]: DEBUG nova.api.openstack.wsgi [None req-750be8d7-46a5-40b8-a45a-d96e7d0cc539 demo demo] Calling method '>' {{(pid=98586) _process_stack /opt/stack/nova/nova/api/openstack/wsgi.py:551}}
Aug 31 07:39:26.436080 np0000191576 devstack@n-api.service[98586]: INFO nova.api.openstack.requestlog [None req-750be8d7-46a5-40b8-a45a-d96e7d0cc539 demo demo] 162.253.55.56 "GET /compute/v2.1/flavors/detail?is_public=None" status: 200 len: 5240 microversion: 2.61 time: 0.039690
Aug 31 07:39:26.436432 np0000191576 devstack@n-api.service[98586]: [pid: 98586|app: 0|req: 17/68] 162.253.55.56 () {68 vars in 1417 bytes} [Mon Aug 31 07:39:26 2026] GET /compute/v2.1/flavors/detail?is_public=None => generated 5240 bytes in 40 msecs (HTTP/1.1 200) 9 headers in 360 bytes (1 switches on core 0)
Aug 31 07:39:30.503435 np0000191576 devstack@n-api.service[98587]: DEBUG nova.api.openstack.wsgi [None req-b3a98e2d-746b-4919-aa8f-03c7f2c40ac5 admin admin] Calling method '>' {{(pid=98587) _process_stack /opt/stack/nova/nova/api/openstack/wsgi.py:551}}
Aug 31 07:39:30.511036 np0000191576 devstack@n-api.service[98587]: INFO nova.api.openstack.requestlog [None req-b3a98e2d-746b-4919-aa8f-03c7f2c40ac5 admin admin] 162.253.55.56 "GET /compute/v2.1" status: 200 len: 392 microversion: 2.1 time: 0.008002
Aug 31 07:39:30.511839 np0000191576 devstack@n-api.service[98587]: [pid: 98587|app: 0|req: 17/69] 162.253.55.56 () {62 vars in 1056 bytes} [Mon Aug 31 07:39:30 2026] GET /compute/v2.1 => generated 392 bytes in 9 msecs (HTTP/1.1 200) 9 headers in 357 bytes (1 switches on core 0)
Aug 31 07:39:30.544913 np0000191576 devstack@n-api.service[98588]: DEBUG nova.api.openstack.wsgi [None req-82f1f1dd-a718-4584-a445-58f8244a3c37 admin admin] Calling method '>' {{(pid=98588) _process_stack /opt/stack/nova/nova/api/openstack/wsgi.py:551}}
Aug 31 07:39:30.550865 np0000191576 devstack@n-api.service[98588]: INFO nova.api.openstack.requestlog [None req-82f1f1dd-a718-4584-a445-58f8244a3c37 admin admin] 162.253.55.56 "GET /compute/v2.1/" status: 200 len: 392 microversion: 2.1 time: 0.006382
Aug 31 07:39:30.551228 np0000191576 devstack@n-api.service[98588]: [pid: 98588|app: 0|req: 19/70] 162.253.55.56 () {62 vars in 1059 bytes} [Mon Aug 31 07:39:30 2026] GET /compute/v2.1/ => generated 392 bytes in 7 msecs (HTTP/1.1 200) 9 headers in 357 bytes (1 switches on core 0)
Aug 31 07:39:30.585164 np0000191576 devstack@n-api.service[98589]: DEBUG nova.api.openstack.wsgi [None req-656e5868-42cf-4b29-aa24-1367340a0884 demo demo] Calling method '>' {{(pid=98589) _process_stack /opt/stack/nova/nova/api/openstack/wsgi.py:551}}
Aug 31 07:39:30.618968 np0000191576 devstack@n-api.service[98589]: INFO nova.api.openstack.requestlog [None req-656e5868-42cf-4b29-aa24-1367340a0884 demo demo] 162.253.55.56 "GET /compute/v2.1/flavors/detail?is_public=None" status: 200 len: 5240 microversion: 2.61 time: 0.036935
Aug 31 07:39:30.619529 np0000191576 devstack@n-api.service[98589]: [pid: 98589|app: 0|req: 18/71] 162.253.55.56 () {68 vars in 1417 bytes} [Mon Aug 31 07:39:30 2026] GET /compute/v2.1/flavors/detail?is_public=None => generated 5240 bytes in 38 msecs (HTTP/1.1 200) 9 headers in 360 bytes (1 switches on core 0)
Aug 31 07:39:30.673976 np0000191576 devstack@n-api.service[98586]: DEBUG nova.api.openstack.wsgi [None req-64d29437-e796-4913-9329-a0d21ffb4bfa demo demo] Calling method '>' {{(pid=98586) _process_stack /opt/stack/nova/nova/api/openstack/wsgi.py:551}}
Aug 31 07:39:30.710100 np0000191576 devstack@n-api.service[98586]: INFO nova.api.openstack.requestlog [None req-64d29437-e796-4913-9329-a0d21ffb4bfa demo demo] 162.253.55.56 "GET /compute/v2.1/flavors/detail?is_public=None" status: 200 len: 5240 microversion: 2.61 time: 0.039427
Aug 31 07:39:30.710686 np0000191576 devstack@n-api.service[98586]: [pid: 98586|app: 0|req: 18/72] 162.253.55.56 () {68 vars in 1417 bytes} [Mon Aug 31 07:39:30 2026] GET /compute/v2.1/flavors/detail?is_public=None => generated 5240 bytes in 41 msecs (HTTP/1.1 200) 9 headers in 360 bytes (1 switches on core 0)
Aug 31 07:39:30.871438 np0000191576 devstack@n-api.service[98587]: DEBUG nova.api.openstack.wsgi [None req-b3a98e2d-746b-4919-aa8f-03c7f2c40ac5 admin admin] Calling method '>' {{(pid=98587) _process_stack /opt/stack/nova/nova/api/openstack/wsgi.py:551}}
Aug 31 07:39:30.876848 np0000191576 devstack@n-api.service[98587]: INFO nova.api.openstack.requestlog [None req-b3a98e2d-746b-4919-aa8f-03c7f2c40ac5 admin admin] 162.253.55.56 "GET /compute/v2.1" status: 200 len: 392 microversion: 2.1 time: 0.005827
Aug 31 07:39:30.877195 np0000191576 devstack@n-api.service[98587]: [pid: 98587|app: 0|req: 18/73] 162.253.55.56 () {62 vars in 1056 bytes} [Mon Aug 31 07:39:30 2026] GET /compute/v2.1 => generated 392 bytes in 7 msecs (HTTP/1.1 200) 9 headers in 357 bytes (1 switches on core 0)
Aug 31 07:39:30.909194 np0000191576 devstack@n-api.service[98588]: DEBUG nova.api.openstack.wsgi [None req-82f1f1dd-a718-4584-a445-58f8244a3c37 admin admin] Calling method '>' {{(pid=98588) _process_stack /opt/stack/nova/nova/api/openstack/wsgi.py:551}}
Aug 31 07:39:30.914731 np0000191576 devstack@n-api.service[98588]: INFO nova.api.openstack.requestlog [None req-82f1f1dd-a718-4584-a445-58f8244a3c37 admin admin] 162.253.55.56 "GET /compute/v2.1/" status: 200 len: 392 microversion: 2.1 time: 0.005827
Aug 31 07:39:30.915044 np0000191576 devstack@n-api.service[98588]: [pid: 98588|app: 0|req: 20/74] 162.253.55.56 () {62 vars in 1059 bytes} [Mon Aug 31 07:39:30 2026] GET /compute/v2.1/ => generated 392 bytes in 7 msecs (HTTP/1.1 200) 9 headers in 357 bytes (1 switches on core 0)
Aug 31 07:39:30.949427 np0000191576 devstack@n-api.service[98589]: DEBUG nova.api.openstack.wsgi [None req-3d9d2439-2987-4853-9ff3-6a5cf989ce6f demo demo] Calling method '>' {{(pid=98589) _process_stack /opt/stack/nova/nova/api/openstack/wsgi.py:551}}
Aug 31 07:39:30.983626 np0000191576 devstack@n-api.service[98589]: INFO nova.api.openstack.requestlog [None req-3d9d2439-2987-4853-9ff3-6a5cf989ce6f demo demo] 162.253.55.56 "GET /compute/v2.1/flavors/detail?is_public=None" status: 200 len: 5240 microversion: 2.61 time: 0.037239
Aug 31 07:39:30.984113 np0000191576 devstack@n-api.service[98589]: [pid: 98589|app: 0|req: 19/75] 162.253.55.56 () {68 vars in 1417 bytes} [Mon Aug 31 07:39:30 2026] GET /compute/v2.1/flavors/detail?is_public=None => generated 5240 bytes in 38 msecs (HTTP/1.1 200) 9 headers in 360 bytes (1 switches on core 0)
Aug 31 07:39:31.038851 np0000191576 devstack@n-api.service[98586]: DEBUG nova.api.openstack.wsgi [None req-ad158bbc-0276-4071-b79f-17f508a05e61 demo demo] Calling method '>' {{(pid=98586) _process_stack /opt/stack/nova/nova/api/openstack/wsgi.py:551}}
Aug 31 07:39:31.075993 np0000191576 devstack@n-api.service[98586]: INFO nova.api.openstack.requestlog [None req-ad158bbc-0276-4071-b79f-17f508a05e61 demo demo] 162.253.55.56 "GET /compute/v2.1/flavors/detail?is_public=None" status: 200 len: 5240 microversion: 2.61 time: 0.041245
Aug 31 07:39:31.076458 np0000191576 devstack@n-api.service[98586]: [pid: 98586|app: 0|req: 19/76] 162.253.55.56 () {68 vars in 1417 bytes} [Mon Aug 31 07:39:31 2026] GET /compute/v2.1/flavors/detail?is_public=None => generated 5240 bytes in 42 msecs (HTTP/1.1 200) 9 headers in 360 bytes (1 switches on core 0)
Aug 31 07:39:35.597691 np0000191576 devstack@n-api.service[98587]: DEBUG nova.api.openstack.wsgi [None req-b3a98e2d-746b-4919-aa8f-03c7f2c40ac5 admin admin] Calling method '>' {{(pid=98587) _process_stack /opt/stack/nova/nova/api/openstack/wsgi.py:551}}
Aug 31 07:39:35.602893 np0000191576 devstack@n-api.service[98587]: INFO nova.api.openstack.requestlog [None req-b3a98e2d-746b-4919-aa8f-03c7f2c40ac5 admin admin] 162.253.55.56 "GET /compute/v2.1" status: 200 len: 392 microversion: 2.1 time: 0.005715
Aug 31 07:39:35.603520 np0000191576 devstack@n-api.service[98587]: [pid: 98587|app: 0|req: 19/77] 162.253.55.56 () {62 vars in 1067 bytes} [Mon Aug 31 07:39:35 2026] GET /compute/v2.1 => generated 392 bytes in 6 msecs (HTTP/1.1 200) 9 headers in 357 bytes (1 switches on core 0)
Aug 31 07:39:35.639181 np0000191576 devstack@n-api.service[98588]: DEBUG nova.api.openstack.wsgi [None req-82f1f1dd-a718-4584-a445-58f8244a3c37 admin admin] Calling method '>' {{(pid=98588) _process_stack /opt/stack/nova/nova/api/openstack/wsgi.py:551}}
Aug 31 07:39:35.644786 np0000191576 devstack@n-api.service[98588]: INFO nova.api.openstack.requestlog [None req-82f1f1dd-a718-4584-a445-58f8244a3c37 admin admin] 162.253.55.56 "GET /compute/v2.1/" status: 200 len: 392 microversion: 2.1 time: 0.005955
Aug 31 07:39:35.645220 np0000191576 devstack@n-api.service[98588]: [pid: 98588|app: 0|req: 21/78] 162.253.55.56 () {62 vars in 1070 bytes} [Mon Aug 31 07:39:35 2026] GET /compute/v2.1/ => generated 392 bytes in 7 msecs (HTTP/1.1 200) 9 headers in 357 bytes (1 switches on core 0)
Aug 31 07:39:35.678038 np0000191576 devstack@n-api.service[98589]: DEBUG nova.api.openstack.wsgi [None req-3046b532-74dc-4848-be3b-9187447571da demo demo] Calling method '>' {{(pid=98589) _process_stack /opt/stack/nova/nova/api/openstack/wsgi.py:551}}
Aug 31 07:39:35.717391 np0000191576 devstack@n-api.service[98589]: INFO nova.api.openstack.requestlog [None req-3046b532-74dc-4848-be3b-9187447571da demo demo] 162.253.55.56 "GET /compute/v2.1/os-server-groups" status: 200 len: 21 microversion: 2.64 time: 0.042230
Aug 31 07:39:35.718117 np0000191576 devstack@n-api.service[98589]: [pid: 98589|app: 0|req: 20/79] 162.253.55.56 () {68 vars in 1405 bytes} [Mon Aug 31 07:39:35 2026] GET /compute/v2.1/os-server-groups => generated 21 bytes in 44 msecs (HTTP/1.1 200) 9 headers in 358 bytes (1 switches on core 0)
Aug 31 07:39:35.750012 np0000191576 devstack@n-api.service[98586]: DEBUG nova.api.openstack.wsgi [None req-ad158bbc-0276-4071-b79f-17f508a05e61 demo demo] Calling method '>' {{(pid=98586) _process_stack /opt/stack/nova/nova/api/openstack/wsgi.py:551}}
Aug 31 07:39:35.757625 np0000191576 devstack@n-api.service[98586]: INFO nova.api.openstack.requestlog [None req-ad158bbc-0276-4071-b79f-17f508a05e61 demo demo] 162.253.55.56 "GET /compute/v2.1" status: 200 len: 392 microversion: 2.1 time: 0.007657
Aug 31 07:39:35.757625 np0000191576 devstack@n-api.service[98586]: [pid: 98586|app: 0|req: 20/80] 162.253.55.56 () {62 vars in 1067 bytes} [Mon Aug 31 07:39:35 2026] GET /compute/v2.1 => generated 392 bytes in 9 msecs (HTTP/1.1 200) 9 headers in 357 bytes (1 switches on core 0)
Aug 31 07:39:35.794311 np0000191576 devstack@n-api.service[98587]: DEBUG nova.api.openstack.wsgi [None req-b3a98e2d-746b-4919-aa8f-03c7f2c40ac5 admin admin] Calling method '>' {{(pid=98587) _process_stack /opt/stack/nova/nova/api/openstack/wsgi.py:551}}
Aug 31 07:39:35.800814 np0000191576 devstack@n-api.service[98587]: INFO nova.api.openstack.requestlog [None req-b3a98e2d-746b-4919-aa8f-03c7f2c40ac5 admin admin] 162.253.55.56 "GET /compute/v2.1/" status: 200 len: 392 microversion: 2.1 time: 0.007009
Aug 31 07:39:35.801167 np0000191576 devstack@n-api.service[98587]: [pid: 98587|app: 0|req: 20/81] 162.253.55.56 () {62 vars in 1070 bytes} [Mon Aug 31 07:39:35 2026] GET /compute/v2.1/ => generated 392 bytes in 8 msecs (HTTP/1.1 200) 9 headers in 357 bytes (1 switches on core 0)
Aug 31 07:39:35.834463 np0000191576 devstack@n-api.service[98588]: DEBUG nova.api.openstack.wsgi [None req-b37e649c-4e8a-4380-ac90-dd04f10d1b62 demo demo] Action: 'create', calling method: >, body: {"server_group": {"name": "kube-i03mg", "policy": "soft-anti-affinity"}} {{(pid=98588) _process_stack /opt/stack/nova/nova/api/openstack/wsgi.py:549}}
Aug 31 07:39:35.871420 np0000191576 devstack@n-api.service[98588]: DEBUG nova.quota [None req-b37e649c-4e8a-4380-ac90-dd04f10d1b62 demo demo] Getting quotas for project 677d5d20f83947a380f046e4a7299be2. Resources: {'server_groups'} {{(pid=98588) _get_quotas /opt/stack/nova/nova/quota.py:389}}
Aug 31 07:39:35.877635 np0000191576 devstack@n-api.service[98588]: DEBUG nova.quota [None req-b37e649c-4e8a-4380-ac90-dd04f10d1b62 demo demo] Getting quotas for user d27e12bfe8644e08be56c05e03aeb8a2 and project 677d5d20f83947a380f046e4a7299be2. Resources: {'server_groups'} {{(pid=98588) _get_quotas /opt/stack/nova/nova/quota.py:379}}
Aug 31 07:39:35.943180 np0000191576 devstack@n-api.service[98588]: DEBUG nova.quota [None req-b37e649c-4e8a-4380-ac90-dd04f10d1b62 demo demo] Getting quotas for project 677d5d20f83947a380f046e4a7299be2. Resources: {'server_groups'} {{(pid=98588) _get_quotas /opt/stack/nova/nova/quota.py:389}}
Aug 31 07:39:35.945976 np0000191576 devstack@n-api.service[98588]: DEBUG nova.quota [None req-b37e649c-4e8a-4380-ac90-dd04f10d1b62 demo demo] Getting quotas for user d27e12bfe8644e08be56c05e03aeb8a2 and project 677d5d20f83947a380f046e4a7299be2. Resources: {'server_groups'} {{(pid=98588) _get_quotas /opt/stack/nova/nova/quota.py:379}}
Aug 31 07:39:35.955951 np0000191576 devstack@n-api.service[98588]: INFO nova.api.openstack.requestlog [None req-b37e649c-4e8a-4380-ac90-dd04f10d1b62 demo demo] 162.253.55.56 "POST /compute/v2.1/os-server-groups" status: 200 len: 243 microversion: 2.64 time: 0.125653
Aug 31 07:39:35.956569 np0000191576 devstack@n-api.service[98588]: [pid: 98588|app: 0|req: 22/82] 162.253.55.56 () {72 vars in 1445 bytes} [Mon Aug 31 07:39:35 2026] POST /compute/v2.1/os-server-groups => generated 243 bytes in 126 msecs (HTTP/1.1 200) 9 headers in 359 bytes (1 switches on core 0)
Aug 31 07:39:36.007634 np0000191576 devstack@n-api.service[98589]: DEBUG nova.api.openstack.wsgi [None req-3046b532-74dc-4848-be3b-9187447571da demo demo] Calling method '>' {{(pid=98589) _process_stack /opt/stack/nova/nova/api/openstack/wsgi.py:551}}
Aug 31 07:39:36.013206 np0000191576 devstack@n-api.service[98589]: INFO nova.api.openstack.requestlog [None req-3046b532-74dc-4848-be3b-9187447571da demo demo] 162.253.55.56 "GET /compute/v2.1" status: 200 len: 392 microversion: 2.1 time: 0.005937
Aug 31 07:39:36.013605 np0000191576 devstack@n-api.service[98589]: [pid: 98589|app: 0|req: 21/83] 162.253.55.56 () {62 vars in 1067 bytes} [Mon Aug 31 07:39:36 2026] GET /compute/v2.1 => generated 392 bytes in 7 msecs (HTTP/1.1 200) 9 headers in 357 bytes (1 switches on core 0)
Aug 31 07:39:36.051061 np0000191576 devstack@n-api.service[98586]: DEBUG nova.api.openstack.wsgi [None req-ad158bbc-0276-4071-b79f-17f508a05e61 demo demo] Calling method '>' {{(pid=98586) _process_stack /opt/stack/nova/nova/api/openstack/wsgi.py:551}}
Aug 31 07:39:36.056491 np0000191576 devstack@n-api.service[98586]: INFO nova.api.openstack.requestlog [None req-ad158bbc-0276-4071-b79f-17f508a05e61 demo demo] 162.253.55.56 "GET /compute/v2.1/" status: 200 len: 392 microversion: 2.1 time: 0.005744
Aug 31 07:39:36.056837 np0000191576 devstack@n-api.service[98586]: [pid: 98586|app: 0|req: 21/84] 162.253.55.56 () {62 vars in 1070 bytes} [Mon Aug 31 07:39:36 2026] GET /compute/v2.1/ => generated 392 bytes in 7 msecs (HTTP/1.1 200) 9 headers in 357 bytes (1 switches on core 0)
Aug 31 07:39:36.094704 np0000191576 devstack@n-api.service[98587]: DEBUG nova.api.openstack.wsgi [None req-045b9499-da55-48da-9ec8-6946e91791dd demo demo] Calling method '>' {{(pid=98587) _process_stack /opt/stack/nova/nova/api/openstack/wsgi.py:551}}
Aug 31 07:39:36.136025 np0000191576 devstack@n-api.service[98587]: INFO nova.api.openstack.requestlog [None req-045b9499-da55-48da-9ec8-6946e91791dd demo demo] 162.253.55.56 "GET /compute/v2.1/os-server-groups" status: 200 len: 246 microversion: 2.64 time: 0.045350
Aug 31 07:39:36.136674 np0000191576 devstack@n-api.service[98587]: [pid: 98587|app: 0|req: 21/85] 162.253.55.56 () {68 vars in 1405 bytes} [Mon Aug 31 07:39:36 2026] GET /compute/v2.1/os-server-groups => generated 246 bytes in 47 msecs (HTTP/1.1 200) 9 headers in 359 bytes (1 switches on core 0)
Aug 31 07:39:36.179501 np0000191576 devstack@n-api.service[98588]: DEBUG nova.api.openstack.wsgi [None req-b37e649c-4e8a-4380-ac90-dd04f10d1b62 demo demo] Calling method '>' {{(pid=98588) _process_stack /opt/stack/nova/nova/api/openstack/wsgi.py:551}}
Aug 31 07:39:36.184791 np0000191576 devstack@n-api.service[98588]: INFO nova.api.openstack.requestlog [None req-b37e649c-4e8a-4380-ac90-dd04f10d1b62 demo demo] 162.253.55.56 "GET /compute/v2.1" status: 200 len: 392 microversion: 2.1 time: 0.005797
Aug 31 07:39:36.185202 np0000191576 devstack@n-api.service[98588]: [pid: 98588|app: 0|req: 23/86] 162.253.55.56 () {62 vars in 1067 bytes} [Mon Aug 31 07:39:36 2026] GET /compute/v2.1 => generated 392 bytes in 7 msecs (HTTP/1.1 200) 9 headers in 357 bytes (1 switches on core 0)
Aug 31 07:39:36.223305 np0000191576 devstack@n-api.service[98589]: DEBUG nova.api.openstack.wsgi [None req-3046b532-74dc-4848-be3b-9187447571da demo demo] Calling method '>' {{(pid=98589) _process_stack /opt/stack/nova/nova/api/openstack/wsgi.py:551}}
Aug 31 07:39:36.229622 np0000191576 devstack@n-api.service[98589]: INFO nova.api.openstack.requestlog [None req-3046b532-74dc-4848-be3b-9187447571da demo demo] 162.253.55.56 "GET /compute/v2.1/" status: 200 len: 392 microversion: 2.1 time: 0.006712
Aug 31 07:39:36.229952 np0000191576 devstack@n-api.service[98589]: [pid: 98589|app: 0|req: 22/87] 162.253.55.56 () {62 vars in 1070 bytes} [Mon Aug 31 07:39:36 2026] GET /compute/v2.1/ => generated 392 bytes in 7 msecs (HTTP/1.1 200) 9 headers in 357 bytes (1 switches on core 0)
Aug 31 07:39:36.263837 np0000191576 devstack@n-api.service[98586]: DEBUG nova.api.openstack.wsgi [None req-9e309df9-f5ce-4648-b96c-23089fe878ea demo demo] Action: 'create', calling method: >, body: {"server_group": {"name": "kube-i03mg-default-worker", "policy": "soft-anti-affinity"}} {{(pid=98586) _process_stack /opt/stack/nova/nova/api/openstack/wsgi.py:549}}
Aug 31 07:39:36.304377 np0000191576 devstack@n-api.service[98586]: DEBUG nova.quota [None req-9e309df9-f5ce-4648-b96c-23089fe878ea demo demo] Getting quotas for project 677d5d20f83947a380f046e4a7299be2. Resources: {'server_groups'} {{(pid=98586) _get_quotas /opt/stack/nova/nova/quota.py:389}}
Aug 31 07:39:36.310634 np0000191576 devstack@n-api.service[98586]: DEBUG nova.quota [None req-9e309df9-f5ce-4648-b96c-23089fe878ea demo demo] Getting quotas for user d27e12bfe8644e08be56c05e03aeb8a2 and project 677d5d20f83947a380f046e4a7299be2. Resources: {'server_groups'} {{(pid=98586) _get_quotas /opt/stack/nova/nova/quota.py:379}}
Aug 31 07:39:36.383094 np0000191576 devstack@n-api.service[98586]: DEBUG nova.quota [None req-9e309df9-f5ce-4648-b96c-23089fe878ea demo demo] Getting quotas for project 677d5d20f83947a380f046e4a7299be2. Resources: {'server_groups'} {{(pid=98586) _get_quotas /opt/stack/nova/nova/quota.py:389}}
Aug 31 07:39:36.385660 np0000191576 devstack@n-api.service[98586]: DEBUG nova.quota [None req-9e309df9-f5ce-4648-b96c-23089fe878ea demo demo] Getting quotas for user d27e12bfe8644e08be56c05e03aeb8a2 and project 677d5d20f83947a380f046e4a7299be2. Resources: {'server_groups'} {{(pid=98586) _get_quotas /opt/stack/nova/nova/quota.py:379}}
Aug 31 07:39:36.396634 np0000191576 devstack@n-api.service[98586]: INFO nova.api.openstack.requestlog [None req-9e309df9-f5ce-4648-b96c-23089fe878ea demo demo] 162.253.55.56 "POST /compute/v2.1/os-server-groups" status: 200 len: 258 microversion: 2.64 time: 0.136314
Aug 31 07:39:36.396938 np0000191576 devstack@n-api.service[98586]: [pid: 98586|app: 0|req: 22/88] 162.253.55.56 () {72 vars in 1445 bytes} [Mon Aug 31 07:39:36 2026] POST /compute/v2.1/os-server-groups => generated 258 bytes in 137 msecs (HTTP/1.1 200) 9 headers in 359 bytes (1 switches on core 0)
Aug 31 07:39:39.435067 np0000191576 devstack@n-api.service[98587]: DEBUG nova.api.openstack.wsgi [None req-045b9499-da55-48da-9ec8-6946e91791dd demo demo] Calling method '>' {{(pid=98587) _process_stack /opt/stack/nova/nova/api/openstack/wsgi.py:551}}
Aug 31 07:39:39.440309 np0000191576 devstack@n-api.service[98587]: INFO nova.api.openstack.requestlog [None req-045b9499-da55-48da-9ec8-6946e91791dd demo demo] 162.253.55.56 "GET /compute/v2.1" status: 200 len: 392 microversion: 2.1 time: 0.005531
Aug 31 07:39:39.440671 np0000191576 devstack@n-api.service[98587]: [pid: 98587|app: 0|req: 22/89] 162.253.55.56 () {62 vars in 1067 bytes} [Mon Aug 31 07:39:39 2026] GET /compute/v2.1 => generated 392 bytes in 6 msecs (HTTP/1.1 200) 9 headers in 357 bytes (1 switches on core 0)
Aug 31 07:39:39.473074 np0000191576 devstack@n-api.service[98588]: DEBUG nova.api.openstack.wsgi [None req-b37e649c-4e8a-4380-ac90-dd04f10d1b62 demo demo] Calling method '>' {{(pid=98588) _process_stack /opt/stack/nova/nova/api/openstack/wsgi.py:551}}
Aug 31 07:39:39.479072 np0000191576 devstack@n-api.service[98588]: INFO nova.api.openstack.requestlog [None req-b37e649c-4e8a-4380-ac90-dd04f10d1b62 demo demo] 162.253.55.56 "GET /compute/v2.1/" status: 200 len: 392 microversion: 2.1 time: 0.006399
Aug 31 07:39:39.479815 np0000191576 devstack@n-api.service[98588]: [pid: 98588|app: 0|req: 24/90] 162.253.55.56 () {62 vars in 1070 bytes} [Mon Aug 31 07:39:39 2026] GET /compute/v2.1/ => generated 392 bytes in 7 msecs (HTTP/1.1 200) 9 headers in 357 bytes (1 switches on core 0)
Aug 31 07:39:39.514298 np0000191576 devstack@n-api.service[98589]: DEBUG nova.api.openstack.wsgi [None req-8ec63b95-2c8a-47cd-858c-4d5242f48a15 demo demo] Calling method '>' {{(pid=98589) _process_stack /opt/stack/nova/nova/api/openstack/wsgi.py:551}}
Aug 31 07:39:39.551174 np0000191576 devstack@n-api.service[98589]: INFO nova.api.openstack.requestlog [None req-8ec63b95-2c8a-47cd-858c-4d5242f48a15 demo demo] 162.253.55.56 "GET /compute/v2.1/flavors/detail?is_public=None" status: 200 len: 5240 microversion: 2.61 time: 0.039886
Aug 31 07:39:39.551655 np0000191576 devstack@n-api.service[98589]: [pid: 98589|app: 0|req: 23/91] 162.253.55.56 () {68 vars in 1428 bytes} [Mon Aug 31 07:39:39 2026] GET /compute/v2.1/flavors/detail?is_public=None => generated 5240 bytes in 41 msecs (HTTP/1.1 200) 9 headers in 360 bytes (1 switches on core 0)
Aug 31 07:39:39.595037 np0000191576 devstack@n-api.service[98586]: DEBUG nova.api.openstack.wsgi [None req-aab5755e-4bf1-4862-b6df-c01f5b424019 demo demo] Calling method '>' {{(pid=98586) _process_stack /opt/stack/nova/nova/api/openstack/wsgi.py:551}}
Aug 31 07:39:39.632204 np0000191576 devstack@n-api.service[98586]: INFO nova.api.openstack.requestlog [None req-aab5755e-4bf1-4862-b6df-c01f5b424019 demo demo] 162.253.55.56 "GET /compute/v2.1/flavors/detail?is_public=None" status: 200 len: 5240 microversion: 2.61 time: 0.040482
Aug 31 07:39:39.632793 np0000191576 devstack@n-api.service[98586]: [pid: 98586|app: 0|req: 23/92] 162.253.55.56 () {68 vars in 1428 bytes} [Mon Aug 31 07:39:39 2026] GET /compute/v2.1/flavors/detail?is_public=None => generated 5240 bytes in 42 msecs (HTTP/1.1 200) 9 headers in 360 bytes (1 switches on core 0)
Aug 31 07:39:39.785860 np0000191576 devstack@n-api.service[98587]: DEBUG nova.api.openstack.wsgi [None req-045b9499-da55-48da-9ec8-6946e91791dd demo demo] Calling method '>' {{(pid=98587) _process_stack /opt/stack/nova/nova/api/openstack/wsgi.py:551}}
Aug 31 07:39:39.791561 np0000191576 devstack@n-api.service[98587]: INFO nova.api.openstack.requestlog [None req-045b9499-da55-48da-9ec8-6946e91791dd demo demo] 162.253.55.56 "GET /compute/v2.1" status: 200 len: 392 microversion: 2.1 time: 0.006024
Aug 31 07:39:39.791883 np0000191576 devstack@n-api.service[98587]: [pid: 98587|app: 0|req: 23/93] 162.253.55.56 () {62 vars in 1067 bytes} [Mon Aug 31 07:39:39 2026] GET /compute/v2.1 => generated 392 bytes in 7 msecs (HTTP/1.1 200) 9 headers in 357 bytes (1 switches on core 0)
Aug 31 07:39:39.822633 np0000191576 devstack@n-api.service[98588]: DEBUG nova.api.openstack.wsgi [None req-b37e649c-4e8a-4380-ac90-dd04f10d1b62 demo demo] Calling method '>' {{(pid=98588) _process_stack /opt/stack/nova/nova/api/openstack/wsgi.py:551}}
Aug 31 07:39:39.828095 np0000191576 devstack@n-api.service[98588]: INFO nova.api.openstack.requestlog [None req-b37e649c-4e8a-4380-ac90-dd04f10d1b62 demo demo] 162.253.55.56 "GET /compute/v2.1/" status: 200 len: 392 microversion: 2.1 time: 0.005883
Aug 31 07:39:39.828462 np0000191576 devstack@n-api.service[98588]: [pid: 98588|app: 0|req: 25/94] 162.253.55.56 () {62 vars in 1070 bytes} [Mon Aug 31 07:39:39 2026] GET /compute/v2.1/ => generated 392 bytes in 7 msecs (HTTP/1.1 200) 9 headers in 357 bytes (1 switches on core 0)
Aug 31 07:39:39.861520 np0000191576 devstack@n-api.service[98589]: DEBUG nova.api.openstack.wsgi [None req-51023bf0-3f06-4999-b177-21c3c1d18b54 demo demo] Calling method '>' {{(pid=98589) _process_stack /opt/stack/nova/nova/api/openstack/wsgi.py:551}}
Aug 31 07:39:39.895922 np0000191576 devstack@n-api.service[98589]: INFO nova.api.openstack.requestlog [None req-51023bf0-3f06-4999-b177-21c3c1d18b54 demo demo] 162.253.55.56 "GET /compute/v2.1/flavors/detail?is_public=None" status: 200 len: 5240 microversion: 2.61 time: 0.037664
Aug 31 07:39:39.896461 np0000191576 devstack@n-api.service[98589]: [pid: 98589|app: 0|req: 24/95] 162.253.55.56 () {68 vars in 1428 bytes} [Mon Aug 31 07:39:39 2026] GET /compute/v2.1/flavors/detail?is_public=None => generated 5240 bytes in 39 msecs (HTTP/1.1 200) 9 headers in 360 bytes (1 switches on core 0)
Aug 31 07:39:45.950393 np0000191576 devstack@n-api.service[98588]: DEBUG dbcounter [-] [98588] Writing DB stats nova_cell0:SELECT=4 {{(pid=98588) stat_writer /opt/stack/data/venv/lib/python3.12/site-packages/dbcounter.py:115}}
Aug 31 07:39:45.954088 np0000191576 devstack@n-api.service[98588]: DEBUG dbcounter [-] [98588] Writing DB stats nova_api:SELECT=14,nova_api:INSERT=2 {{(pid=98588) stat_writer /opt/stack/data/venv/lib/python3.12/site-packages/dbcounter.py:115}}
Aug 31 07:39:46.129939 np0000191576 devstack@n-api.service[98587]: DEBUG dbcounter [-] [98587] Writing DB stats nova_api:SELECT=2 {{(pid=98587) stat_writer /opt/stack/data/venv/lib/python3.12/site-packages/dbcounter.py:115}}
Aug 31 07:39:46.390588 np0000191576 devstack@n-api.service[98586]: DEBUG dbcounter [-] [98586] Writing DB stats nova_cell0:SELECT=4 {{(pid=98586) stat_writer /opt/stack/data/venv/lib/python3.12/site-packages/dbcounter.py:115}}
Aug 31 07:39:49.603083 np0000191576 devstack@n-api.service[98586]: DEBUG dbcounter [-] [98586] Writing DB stats nova_api:SELECT=19,nova_api:INSERT=2 {{(pid=98586) stat_writer /opt/stack/data/venv/lib/python3.12/site-packages/dbcounter.py:115}}
Aug 31 07:39:49.868603 np0000191576 devstack@n-api.service[98589]: DEBUG dbcounter [-] [98589] Writing DB stats nova_api:SELECT=8 {{(pid=98589) stat_writer /opt/stack/data/venv/lib/python3.12/site-packages/dbcounter.py:115}}
Aug 31 07:40:02.788699 np0000191576 devstack@n-api.service[98586]: DEBUG nova.api.openstack.wsgi [None req-aab5755e-4bf1-4862-b6df-c01f5b424019 demo demo] Calling method '>' {{(pid=98586) _process_stack /opt/stack/nova/nova/api/openstack/wsgi.py:551}}
Aug 31 07:40:02.794467 np0000191576 devstack@n-api.service[98586]: INFO nova.api.openstack.requestlog [None req-aab5755e-4bf1-4862-b6df-c01f5b424019 demo demo] 172.18.0.2 "GET /compute/v2.1/" status: 200 len: 392 microversion: 2.1 time: 0.006221
Aug 31 07:40:02.794835 np0000191576 devstack@n-api.service[98586]: [pid: 98586|app: 0|req: 24/96] 162.253.55.56 () {64 vars in 1266 bytes} [Mon Aug 31 07:40:02 2026] GET /compute/v2.1/ => generated 392 bytes in 7 msecs (HTTP/1.1 200) 9 headers in 357 bytes (1 switches on core 0)
Aug 31 07:40:02.806088 np0000191576 devstack@n-api.service[98587]: DEBUG nova.api.openstack.wsgi [None req-643b0d1c-7e66-4e0b-a99c-1e2485314cb7 demo demo] Calling method '>' {{(pid=98587) _process_stack /opt/stack/nova/nova/api/openstack/wsgi.py:551}}
Aug 31 07:40:02.810202 np0000191576 devstack@n-api.service[98587]: DEBUG oslo_concurrency.lockutils [None req-643b0d1c-7e66-4e0b-a99c-1e2485314cb7 demo demo] Acquiring lock "00000000-0000-0000-0000-000000000000" by "nova.context.set_target_cell..get_or_set_cached_cell_and_set_connections" {{(pid=98587) inner /opt/stack/data/venv/lib/python3.12/site-packages/oslo_concurrency/lockutils.py:512}}
Aug 31 07:40:02.810638 np0000191576 devstack@n-api.service[98587]: DEBUG oslo_concurrency.lockutils [None req-643b0d1c-7e66-4e0b-a99c-1e2485314cb7 demo demo] Lock "00000000-0000-0000-0000-000000000000" acquired by "nova.context.set_target_cell..get_or_set_cached_cell_and_set_connections" :: waited 0.000s {{(pid=98587) inner /opt/stack/data/venv/lib/python3.12/site-packages/oslo_concurrency/lockutils.py:525}}
Aug 31 07:40:02.810979 np0000191576 devstack@n-api.service[98587]: DEBUG oslo_concurrency.lockutils [None req-643b0d1c-7e66-4e0b-a99c-1e2485314cb7 demo demo] Lock "00000000-0000-0000-0000-000000000000" "released" by "nova.context.set_target_cell..get_or_set_cached_cell_and_set_connections" :: held 0.000s {{(pid=98587) inner /opt/stack/data/venv/lib/python3.12/site-packages/oslo_concurrency/lockutils.py:544}}
Aug 31 07:40:02.812441 np0000191576 devstack@n-api.service[98587]: DEBUG oslo_concurrency.lockutils [None req-643b0d1c-7e66-4e0b-a99c-1e2485314cb7 demo demo] Acquiring lock "ddd1b725-28fd-4063-8e7e-857162743202" by "nova.context.set_target_cell..get_or_set_cached_cell_and_set_connections" {{(pid=98587) inner /opt/stack/data/venv/lib/python3.12/site-packages/oslo_concurrency/lockutils.py:512}}
Aug 31 07:40:02.812803 np0000191576 devstack@n-api.service[98587]: DEBUG oslo_concurrency.lockutils [None req-643b0d1c-7e66-4e0b-a99c-1e2485314cb7 demo demo] Lock "ddd1b725-28fd-4063-8e7e-857162743202" acquired by "nova.context.set_target_cell..get_or_set_cached_cell_and_set_connections" :: waited 0.000s {{(pid=98587) inner /opt/stack/data/venv/lib/python3.12/site-packages/oslo_concurrency/lockutils.py:525}}
Aug 31 07:40:02.813112 np0000191576 devstack@n-api.service[98587]: DEBUG oslo_concurrency.lockutils [None req-643b0d1c-7e66-4e0b-a99c-1e2485314cb7 demo demo] Lock "ddd1b725-28fd-4063-8e7e-857162743202" "released" by "nova.context.set_target_cell..get_or_set_cached_cell_and_set_connections" :: held 0.000s {{(pid=98587) inner /opt/stack/data/venv/lib/python3.12/site-packages/oslo_concurrency/lockutils.py:544}}
Aug 31 07:40:02.910561 np0000191576 devstack@n-api.service[98587]: INFO nova.api.openstack.requestlog [None req-643b0d1c-7e66-4e0b-a99c-1e2485314cb7 demo demo] 172.18.0.2 "GET /compute/v2.1/os-availability-zone" status: 200 len: 97 microversion: 2.38 time: 0.107863
Aug 31 07:40:02.911405 np0000191576 devstack@n-api.service[98587]: [pid: 98587|app: 0|req: 24/97] 162.253.55.56 () {68 vars in 1409 bytes} [Mon Aug 31 07:40:02 2026] GET /compute/v2.1/os-availability-zone => generated 97 bytes in 109 msecs (HTTP/1.1 200) 9 headers in 358 bytes (1 switches on core 0)
Aug 31 07:40:03.968152 np0000191576 devstack@n-api.service[98588]: DEBUG nova.api.openstack.wsgi [None req-b37e649c-4e8a-4380-ac90-dd04f10d1b62 demo demo] Calling method '>' {{(pid=98588) _process_stack /opt/stack/nova/nova/api/openstack/wsgi.py:551}}
Aug 31 07:40:03.973937 np0000191576 devstack@n-api.service[98588]: INFO nova.api.openstack.requestlog [None req-b37e649c-4e8a-4380-ac90-dd04f10d1b62 demo demo] 172.18.0.2 "GET /compute/v2.1/" status: 200 len: 392 microversion: 2.1 time: 0.006222
Aug 31 07:40:03.974383 np0000191576 devstack@n-api.service[98588]: [pid: 98588|app: 0|req: 26/98] 162.253.55.56 () {64 vars in 1266 bytes} [Mon Aug 31 07:40:03 2026] GET /compute/v2.1/ => generated 392 bytes in 7 msecs (HTTP/1.1 200) 9 headers in 357 bytes (1 switches on core 0)
Aug 31 07:40:03.988821 np0000191576 devstack@n-api.service[98589]: DEBUG nova.api.openstack.wsgi [None req-3f472965-ca82-4d90-b5db-62aecb8c9bc1 demo demo] Calling method '>' {{(pid=98589) _process_stack /opt/stack/nova/nova/api/openstack/wsgi.py:551}}
Aug 31 07:40:03.992185 np0000191576 devstack@n-api.service[98589]: DEBUG oslo_concurrency.lockutils [None req-3f472965-ca82-4d90-b5db-62aecb8c9bc1 demo demo] Acquiring lock "00000000-0000-0000-0000-000000000000" by "nova.context.set_target_cell..get_or_set_cached_cell_and_set_connections" {{(pid=98589) inner /opt/stack/data/venv/lib/python3.12/site-packages/oslo_concurrency/lockutils.py:512}}
Aug 31 07:40:03.992533 np0000191576 devstack@n-api.service[98589]: DEBUG oslo_concurrency.lockutils [None req-3f472965-ca82-4d90-b5db-62aecb8c9bc1 demo demo] Lock "00000000-0000-0000-0000-000000000000" acquired by "nova.context.set_target_cell..get_or_set_cached_cell_and_set_connections" :: waited 0.000s {{(pid=98589) inner /opt/stack/data/venv/lib/python3.12/site-packages/oslo_concurrency/lockutils.py:525}}
Aug 31 07:40:03.992797 np0000191576 devstack@n-api.service[98589]: DEBUG oslo_concurrency.lockutils [None req-3f472965-ca82-4d90-b5db-62aecb8c9bc1 demo demo] Lock "00000000-0000-0000-0000-000000000000" "released" by "nova.context.set_target_cell..get_or_set_cached_cell_and_set_connections" :: held 0.000s {{(pid=98589) inner /opt/stack/data/venv/lib/python3.12/site-packages/oslo_concurrency/lockutils.py:544}}
Aug 31 07:40:03.994089 np0000191576 devstack@n-api.service[98589]: DEBUG oslo_concurrency.lockutils [None req-3f472965-ca82-4d90-b5db-62aecb8c9bc1 demo demo] Acquiring lock "ddd1b725-28fd-4063-8e7e-857162743202" by "nova.context.set_target_cell..get_or_set_cached_cell_and_set_connections" {{(pid=98589) inner /opt/stack/data/venv/lib/python3.12/site-packages/oslo_concurrency/lockutils.py:512}}
Aug 31 07:40:03.994436 np0000191576 devstack@n-api.service[98589]: DEBUG oslo_concurrency.lockutils [None req-3f472965-ca82-4d90-b5db-62aecb8c9bc1 demo demo] Lock "ddd1b725-28fd-4063-8e7e-857162743202" acquired by "nova.context.set_target_cell..get_or_set_cached_cell_and_set_connections" :: waited 0.000s {{(pid=98589) inner /opt/stack/data/venv/lib/python3.12/site-packages/oslo_concurrency/lockutils.py:525}}
Aug 31 07:40:03.994711 np0000191576 devstack@n-api.service[98589]: DEBUG oslo_concurrency.lockutils [None req-3f472965-ca82-4d90-b5db-62aecb8c9bc1 demo demo] Lock "ddd1b725-28fd-4063-8e7e-857162743202" "released" by "nova.context.set_target_cell..get_or_set_cached_cell_and_set_connections" :: held 0.000s {{(pid=98589) inner /opt/stack/data/venv/lib/python3.12/site-packages/oslo_concurrency/lockutils.py:544}}
Aug 31 07:40:04.092100 np0000191576 devstack@n-api.service[98589]: INFO nova.api.openstack.requestlog [None req-3f472965-ca82-4d90-b5db-62aecb8c9bc1 demo demo] 172.18.0.2 "GET /compute/v2.1/os-availability-zone" status: 200 len: 97 microversion: 2.38 time: 0.106499
Aug 31 07:40:04.092779 np0000191576 devstack@n-api.service[98589]: [pid: 98589|app: 0|req: 25/99] 162.253.55.56 () {68 vars in 1409 bytes} [Mon Aug 31 07:40:03 2026] GET /compute/v2.1/os-availability-zone => generated 97 bytes in 108 msecs (HTTP/1.1 200) 9 headers in 358 bytes (1 switches on core 0)
Aug 31 07:40:05.195086 np0000191576 devstack@n-api.service[98586]: DEBUG nova.api.openstack.wsgi [None req-aab5755e-4bf1-4862-b6df-c01f5b424019 demo demo] Calling method '>' {{(pid=98586) _process_stack /opt/stack/nova/nova/api/openstack/wsgi.py:551}}
Aug 31 07:40:05.200977 np0000191576 devstack@n-api.service[98586]: INFO nova.api.openstack.requestlog [None req-aab5755e-4bf1-4862-b6df-c01f5b424019 demo demo] 172.18.0.2 "GET /compute/v2.1/" status: 200 len: 392 microversion: 2.1 time: 0.006586
Aug 31 07:40:05.201405 np0000191576 devstack@n-api.service[98586]: [pid: 98586|app: 0|req: 25/100] 162.253.55.56 () {64 vars in 1266 bytes} [Mon Aug 31 07:40:05 2026] GET /compute/v2.1/ => generated 392 bytes in 7 msecs (HTTP/1.1 200) 9 headers in 357 bytes (1 switches on core 0)
Aug 31 07:40:05.214034 np0000191576 devstack@n-api.service[98587]: DEBUG nova.api.openstack.wsgi [None req-60ba18b4-8bfc-41eb-b9a5-f91d9ca24763 demo demo] Calling method '>' {{(pid=98587) _process_stack /opt/stack/nova/nova/api/openstack/wsgi.py:551}}
