Aug 31 07:33:32.692726 np0000191576 devstack@neutron-api.service[101804]: DEBUG neutron.common.ovn.hash_ring_manager [None req-9acf3bc1-9b92-4c61-a5cd-202b23e13edd None None] Hash Ring loaded. 4 active nodes. 0 offline nodes {{(pid=101804) _load_hash_ring /opt/stack/neutron/neutron/common/ovn/hash_ring_manager.py:110}}
Aug 31 07:33:32.692726 np0000191576 devstack@neutron-api.service[101804]: DEBUG neutron.plugins.ml2.drivers.ovn.mech_driver.ovsdb.ovsdb_monitor [None req-9acf3bc1-9b92-4c61-a5cd-202b23e13edd None None] Hash Ring: Node fe614458ebfe5c6888dd10bbd20b850b (host: np0000191576) handling event "create" for row 9e0e5b24-9ba2-4181-beb0-6a360beb6da0 (table: Chassis) {{(pid=101804) notify /opt/stack/neutron/neutron/plugins/ml2/drivers/ovn/mech_driver/ovsdb/ovsdb_monitor.py:1099}}
Aug 31 07:33:32.693078 np0000191576 devstack@neutron-api.service[101804]: DEBUG ovsdbapp.backend.ovs_idl.event [None req-9acf3bc1-9b92-4c61-a5cd-202b23e13edd None None] Matched CREATE: ChassisBandwidthConfigEvent(events=('create', 'update'), table='Chassis', conditions=None, old_conditions=None), priority=20 to row=Chassis(uuid=9e0e5b24-9ba2-4181-beb0-6a360beb6da0, encaps=[a33e6335-613f-4964-9f8f-629fb1982234], external_ids={}, hostname='np0000191576', name='74b4856e-2882-44a3-9965-9a8f0234fb96', nb_cfg=0, other_config={'ct-commit-nat-v2': 'true', 'ct-commit-to-zone': 'true', 'ct-next-zone': 'true', 'ct-no-masked-label': 'true', 'ct-state-save': 'true', 'datapath-type': 'system', 'fdb-timestamp': 'true', 'iface-types': 'afxdp,afxdp-nonpmd,bareudp,erspan,geneve,gre,gtpu,internal,ip6erspan,ip6gre,lisp,patch,srv6,stt,system,tap,vxlan', 'is-interconn': 'false', 'ls-dpg-column': 'true', 'mac-binding-timestamp': 'true', 'ovn-bridge-mappings': 'public:br-ex', 'ovn-chassis-mac-mappings': '', 'ovn-cms-options': 'enable-chassis-as-gw', 'ovn-ct-lb-related': 'true', 'ovn-enable-lflow-cache': 'true', 'ovn-limit-lflow-cache': '', 'ovn-memlimit-lflow-cache-kb': '', 'ovn-monitor-all': 'false', 'ovn-trim-limit-lflow-cache': '', 'ovn-trim-timeout-ms': '', 'ovn-trim-wmark-perc-lflow-cache': '', 'port-up-notif': 'true'}, transport_zones=[], vtep_logical_switches=[]) old= {{(pid=101804) matches /opt/stack/data/venv/lib/python3.12/site-packages/ovsdbapp/backend/ovs_idl/event.py:55}}
Aug 31 07:33:32.693735 np0000191576 devstack@neutron-api.service[101804]: DEBUG ovsdbapp.backend.ovs_idl.event [None req-9acf3bc1-9b92-4c61-a5cd-202b23e13edd None None] Matched CREATE: ChassisAgentWriteEvent(events=('create', 'update'), table='Chassis_Private', conditions=None, old_conditions=None), priority=20 to row=Chassis_Private(uuid=146ea063-e8ee-43be-8973-093116e350db, chassis=9e0e5b24-9ba2-4181-beb0-6a360beb6da0, external_ids={'neutron:ovn-bridge': 'br-int', 'neutron:ovn-neutron-agent-id': '3c8fa55d-3759-5d30-86bd-382810d72f75', 'neutron:ovn-neutron-agent-sb-cfg': '0'}, name='74b4856e-2882-44a3-9965-9a8f0234fb96', nb_cfg=0, nb_cfg_timestamp=0) old= {{(pid=101804) matches /opt/stack/data/venv/lib/python3.12/site-packages/ovsdbapp/backend/ovs_idl/event.py:55}}
Aug 31 07:33:32.694075 np0000191576 devstack@neutron-api.service[101804]: DEBUG ovsdbapp.backend.ovs_idl.event [None req-9acf3bc1-9b92-4c61-a5cd-202b23e13edd None None] Matched CREATE: ChassisOVNAgentWriteEvent(events=('create', 'update'), table='Chassis_Private', conditions=None, old_conditions=None), priority=20 to row=Chassis_Private(uuid=146ea063-e8ee-43be-8973-093116e350db, chassis=9e0e5b24-9ba2-4181-beb0-6a360beb6da0, external_ids={'neutron:ovn-bridge': 'br-int', 'neutron:ovn-neutron-agent-id': '3c8fa55d-3759-5d30-86bd-382810d72f75', 'neutron:ovn-neutron-agent-sb-cfg': '0'}, name='74b4856e-2882-44a3-9965-9a8f0234fb96', nb_cfg=0, nb_cfg_timestamp=0) old= {{(pid=101804) matches /opt/stack/data/venv/lib/python3.12/site-packages/ovsdbapp/backend/ovs_idl/event.py:55}}
Aug 31 07:33:32.694342 np0000191576 devstack@neutron-api.service[101804]: DEBUG neutron.plugins.ml2.drivers.ovn.mech_driver.ovsdb.ovsdb_monitor [None req-9acf3bc1-9b92-4c61-a5cd-202b23e13edd None None] Hash Ring: Node fe614458ebfe5c6888dd10bbd20b850b (host: np0000191576) handling event "create" for row 146ea063-e8ee-43be-8973-093116e350db (table: Chassis_Private) {{(pid=101804) notify /opt/stack/neutron/neutron/plugins/ml2/drivers/ovn/mech_driver/ovsdb/ovsdb_monitor.py:1099}}
Aug 31 07:33:32.694541 np0000191576 devstack@neutron-api.service[101804]: DEBUG neutron.plugins.ml2.drivers.ovn.mech_driver.ovsdb.ovsdb_monitor [None req-9acf3bc1-9b92-4c61-a5cd-202b23e13edd None None] Hash Ring: Node fe614458ebfe5c6888dd10bbd20b850b (host: np0000191576) handling event "create" for row a33e6335-613f-4964-9f8f-629fb1982234 (table: Encap) {{(pid=101804) notify /opt/stack/neutron/neutron/plugins/ml2/drivers/ovn/mech_driver/ovsdb/ovsdb_monitor.py:1099}}
Aug 31 07:33:32.695493 np0000191576 devstack@neutron-api.service[101804]: INFO neutron.plugins.ml2.drivers.ovn.mech_driver.mech_driver [None req-9acf3bc1-9b92-4c61-a5cd-202b23e13edd None None] WorkerService process has finished the post initialization
Aug 31 07:33:32.695760 np0000191576 devstack@neutron-api.service[101804]: DEBUG oslo_concurrency.processutils [None req-9acf3bc1-9b92-4c61-a5cd-202b23e13edd None None] Running cmd (subprocess): ovsdb-client transact ssl:162.253.55.56:6641 --timeout 180 -p /opt/stack/data/CA/int-ca/private/devstack-cert.key -c /opt/stack/data/CA/int-ca/devstack-cert.crt -C /opt/stack/data/CA/int-ca/ca-chain.pem ["OVN_Northbound", {"op": "wait", "timeout": 0, "table": "Port_Group", "where": [["name", "==", "pvlan_pg_drop"]], "until": "==", "rows": []}, {"op": "insert", "table": "ACL", "row": {"action": "drop", "direction": "to-lport", "match": "outport == @pvlan_pg_drop && ip", "priority": 1010}, "uuid-name": "pvlandroptoport"}, {"op": "insert", "table": "ACL", "row": {"action": "drop", "direction": "from-lport", "match": "inport == @pvlan_pg_drop && ip", "priority": 1010}, "uuid-name": "pvlandropfromport"}, {"op": "insert", "table": "Port_Group", "row": {"name": "pvlan_pg_drop", "acls": ["set", [["named-uuid", "pvlandroptoport"], ["named-uuid", "pvlandropfromport"]]]}}] {{(pid=101804) execute /opt/stack/data/venv/lib/python3.12/site-packages/oslo_concurrency/processutils.py:440}}
Aug 31 07:33:32.696346 np0000191576 devstack@neutron-api.service[101804]: INFO neutron.plugins.ml2.drivers.ovn.mech_driver.ovsdb.extensions.qos [-] Starting OVNClientQosExtension
Aug 31 07:33:32.696501 np0000191576 devstack@neutron-api.service[101804]: INFO neutron.plugins.ml2.drivers.ovn.mech_driver.ovsdb.extensions.placement [-] Starting OVNClientPlacementExtension
Aug 31 07:33:32.704727 np0000191576 devstack@neutron-api.service[101803]: DEBUG neutron.common.ovn.hash_ring_manager [None req-04e61e6c-829b-4d81-b99e-28e15cd3a3b7 None None] Allow caching, nodes 4>=4 {{(pid=101803) _wait_startup_before_caching /opt/stack/neutron/neutron/common/ovn/hash_ring_manager.py:71}}
Aug 31 07:33:32.713574 np0000191576 devstack@neutron-api.service[101803]: DEBUG neutron.common.ovn.hash_ring_manager [None req-04e61e6c-829b-4d81-b99e-28e15cd3a3b7 None None] Hash Ring loaded. 4 active nodes. 0 offline nodes {{(pid=101803) _load_hash_ring /opt/stack/neutron/neutron/common/ovn/hash_ring_manager.py:110}}
Aug 31 07:33:32.713898 np0000191576 devstack@neutron-api.service[101803]: DEBUG neutron.plugins.ml2.drivers.ovn.mech_driver.ovsdb.ovsdb_monitor [None req-04e61e6c-829b-4d81-b99e-28e15cd3a3b7 None None] Hash Ring: Node a27bfbc47de654bbbfee73a3a5b35548 (host: np0000191576) handling event "create" for row 51e4b420-1ab3-4b49-8112-1b438fcf3e8c (table: ACL) {{(pid=101803) notify /opt/stack/neutron/neutron/plugins/ml2/drivers/ovn/mech_driver/ovsdb/ovsdb_monitor.py:1099}}
Aug 31 07:33:32.714247 np0000191576 devstack@neutron-api.service[101803]: DEBUG neutron.plugins.ml2.drivers.ovn.mech_driver.ovsdb.ovsdb_monitor [None req-04e61e6c-829b-4d81-b99e-28e15cd3a3b7 None None] Hash Ring: Node a27bfbc47de654bbbfee73a3a5b35548 (host: np0000191576) handling event "create" for row 98c8bfd4-aedb-4f6c-b416-e6411e926807 (table: ACL) {{(pid=101803) notify /opt/stack/neutron/neutron/plugins/ml2/drivers/ovn/mech_driver/ovsdb/ovsdb_monitor.py:1099}}
Aug 31 07:33:32.715715 np0000191576 devstack@neutron-api.service[101803]: INFO neutron.plugins.ml2.drivers.ovn.mech_driver.ovsdb.impl_idl_ovn [None req-04e61e6c-829b-4d81-b99e-28e15cd3a3b7 None None] Getting OvsdbSbOvnIdl for WorkerService with retry
Aug 31 07:33:32.721841 np0000191576 devstack@neutron-api.service[101806]: DEBUG oslo_concurrency.processutils [None req-55385935-123d-461d-bb29-38c5cc584ce7 None None] CMD "ovsdb-client transact ssl:162.253.55.56:6641 --timeout 180 -p /opt/stack/data/CA/int-ca/private/devstack-cert.key -c /opt/stack/data/CA/int-ca/devstack-cert.crt -C /opt/stack/data/CA/int-ca/ca-chain.pem ["OVN_Northbound", {"op": "wait", "timeout": 0, "table": "Port_Group", "where": [["name", "==", "pvlan_pg_drop"]], "until": "==", "rows": []}, {"op": "insert", "table": "ACL", "row": {"action": "drop", "direction": "to-lport", "match": "outport == @pvlan_pg_drop && ip", "priority": 1010}, "uuid-name": "pvlandroptoport"}, {"op": "insert", "table": "ACL", "row": {"action": "drop", "direction": "from-lport", "match": "inport == @pvlan_pg_drop && ip", "priority": 1010}, "uuid-name": "pvlandropfromport"}, {"op": "insert", "table": "Port_Group", "row": {"name": "pvlan_pg_drop", "acls": ["set", [["named-uuid", "pvlandroptoport"], ["named-uuid", "pvlandropfromport"]]]}}]" returned: 0 in 0.032s {{(pid=101806) execute /opt/stack/data/venv/lib/python3.12/site-packages/oslo_concurrency/processutils.py:468}}
Aug 31 07:33:32.723467 np0000191576 devstack@neutron-api.service[101804]: DEBUG oslo_concurrency.processutils [None req-9acf3bc1-9b92-4c61-a5cd-202b23e13edd None None] CMD "ovsdb-client transact ssl:162.253.55.56:6641 --timeout 180 -p /opt/stack/data/CA/int-ca/private/devstack-cert.key -c /opt/stack/data/CA/int-ca/devstack-cert.crt -C /opt/stack/data/CA/int-ca/ca-chain.pem ["OVN_Northbound", {"op": "wait", "timeout": 0, "table": "Port_Group", "where": [["name", "==", "pvlan_pg_drop"]], "until": "==", "rows": []}, {"op": "insert", "table": "ACL", "row": {"action": "drop", "direction": "to-lport", "match": "outport == @pvlan_pg_drop && ip", "priority": 1010}, "uuid-name": "pvlandroptoport"}, {"op": "insert", "table": "ACL", "row": {"action": "drop", "direction": "from-lport", "match": "inport == @pvlan_pg_drop && ip", "priority": 1010}, "uuid-name": "pvlandropfromport"}, {"op": "insert", "table": "Port_Group", "row": {"name": "pvlan_pg_drop", "acls": ["set", [["named-uuid", "pvlandroptoport"], ["named-uuid", "pvlandropfromport"]]]}}]" returned: 0 in 0.027s {{(pid=101804) execute /opt/stack/data/venv/lib/python3.12/site-packages/oslo_concurrency/processutils.py:468}}
Aug 31 07:33:32.723546 np0000191576 devstack@neutron-api.service[101806]: WSGI app 0 (mountpoint='') ready in 8 seconds on interpreter 0x7183384a4668 pid: 101806 (default app)
Aug 31 07:33:32.725127 np0000191576 devstack@neutron-api.service[101804]: WSGI app 0 (mountpoint='') ready in 8 seconds on interpreter 0x7183384a4668 pid: 101804 (default app)
Aug 31 07:33:32.752046 np0000191576 devstack@neutron-api.service[101803]: DEBUG ovsdbapp.backend.ovs_idl [None req-04e61e6c-829b-4d81-b99e-28e15cd3a3b7 None None] Created lookup_table index Chassis.name {{(pid=101803) autocreate_indices /opt/stack/data/venv/lib/python3.12/site-packages/ovsdbapp/backend/ovs_idl/__init__.py:87}}
Aug 31 07:33:32.752166 np0000191576 devstack@neutron-api.service[101803]: DEBUG ovsdbapp.backend.ovs_idl [None req-04e61e6c-829b-4d81-b99e-28e15cd3a3b7 None None] Created lookup_table index Port_Binding.logical_port {{(pid=101803) autocreate_indices /opt/stack/data/venv/lib/python3.12/site-packages/ovsdbapp/backend/ovs_idl/__init__.py:87}}
Aug 31 07:33:32.752293 np0000191576 devstack@neutron-api.service[101803]: DEBUG ovsdbapp.backend.ovs_idl [None req-04e61e6c-829b-4d81-b99e-28e15cd3a3b7 None None] Created schema index Chassis_Private.name {{(pid=101803) autocreate_indices /opt/stack/data/venv/lib/python3.12/site-packages/ovsdbapp/backend/ovs_idl/__init__.py:106}}
Aug 31 07:33:32.752439 np0000191576 devstack@neutron-api.service[101803]: DEBUG ovsdbapp.backend.ovs_idl [None req-04e61e6c-829b-4d81-b99e-28e15cd3a3b7 None None] Created schema index Datapath_Binding.tunnel_key {{(pid=101803) autocreate_indices /opt/stack/data/venv/lib/python3.12/site-packages/ovsdbapp/backend/ovs_idl/__init__.py:106}}
Aug 31 07:33:32.755120 np0000191576 devstack@neutron-api.service[101803]: INFO ovsdbapp.backend.ovs_idl.vlog [None req-04e61e6c-829b-4d81-b99e-28e15cd3a3b7 None None] ssl:162.253.55.56:6642: connecting...
Aug 31 07:33:32.759499 np0000191576 devstack@neutron-api.service[101803]: INFO ovsdbapp.backend.ovs_idl.vlog [None req-04e61e6c-829b-4d81-b99e-28e15cd3a3b7 None None] ssl:162.253.55.56:6642: connected
Aug 31 07:33:32.785939 np0000191576 devstack@neutron-api.service[101803]: DEBUG neutron.common.ovn.hash_ring_manager [None req-04e61e6c-829b-4d81-b99e-28e15cd3a3b7 None None] Allow caching, nodes 4>=4 {{(pid=101803) _wait_startup_before_caching /opt/stack/neutron/neutron/common/ovn/hash_ring_manager.py:71}}
Aug 31 07:33:32.790486 np0000191576 devstack@neutron-api.service[101803]: DEBUG neutron.common.ovn.hash_ring_manager [None req-04e61e6c-829b-4d81-b99e-28e15cd3a3b7 None None] Hash Ring loaded. 4 active nodes. 0 offline nodes {{(pid=101803) _load_hash_ring /opt/stack/neutron/neutron/common/ovn/hash_ring_manager.py:110}}
Aug 31 07:33:32.790566 np0000191576 devstack@neutron-api.service[101803]: DEBUG ovsdbapp.backend.ovs_idl.event [None req-04e61e6c-829b-4d81-b99e-28e15cd3a3b7 None None] Matched CREATE: ChassisOVNAgentWriteEvent(events=('create', 'update'), table='Chassis_Private', conditions=None, old_conditions=None), priority=20 to row=Chassis_Private(uuid=146ea063-e8ee-43be-8973-093116e350db, chassis=9e0e5b24-9ba2-4181-beb0-6a360beb6da0, external_ids={'neutron:ovn-bridge': 'br-int', 'neutron:ovn-neutron-agent-id': '3c8fa55d-3759-5d30-86bd-382810d72f75', 'neutron:ovn-neutron-agent-sb-cfg': '0'}, name='74b4856e-2882-44a3-9965-9a8f0234fb96', nb_cfg=0, nb_cfg_timestamp=0) old= {{(pid=101803) matches /opt/stack/data/venv/lib/python3.12/site-packages/ovsdbapp/backend/ovs_idl/event.py:55}}
Aug 31 07:33:32.791600 np0000191576 devstack@neutron-api.service[101803]: DEBUG ovsdbapp.backend.ovs_idl.event [None req-04e61e6c-829b-4d81-b99e-28e15cd3a3b7 None None] Matched CREATE: ChassisAgentWriteEvent(events=('create', 'update'), table='Chassis_Private', conditions=None, old_conditions=None), priority=20 to row=Chassis_Private(uuid=146ea063-e8ee-43be-8973-093116e350db, chassis=9e0e5b24-9ba2-4181-beb0-6a360beb6da0, external_ids={'neutron:ovn-bridge': 'br-int', 'neutron:ovn-neutron-agent-id': '3c8fa55d-3759-5d30-86bd-382810d72f75', 'neutron:ovn-neutron-agent-sb-cfg': '0'}, name='74b4856e-2882-44a3-9965-9a8f0234fb96', nb_cfg=0, nb_cfg_timestamp=0) old= {{(pid=101803) matches /opt/stack/data/venv/lib/python3.12/site-packages/ovsdbapp/backend/ovs_idl/event.py:55}}
Aug 31 07:33:32.793142 np0000191576 devstack@neutron-api.service[101803]: INFO neutron.plugins.ml2.drivers.ovn.mech_driver.mech_driver [None req-04e61e6c-829b-4d81-b99e-28e15cd3a3b7 None None] WorkerService process has finished the post initialization
Aug 31 07:33:32.793447 np0000191576 devstack@neutron-api.service[101803]: DEBUG oslo_concurrency.processutils [None req-04e61e6c-829b-4d81-b99e-28e15cd3a3b7 None None] Running cmd (subprocess): ovsdb-client transact ssl:162.253.55.56:6641 --timeout 180 -p /opt/stack/data/CA/int-ca/private/devstack-cert.key -c /opt/stack/data/CA/int-ca/devstack-cert.crt -C /opt/stack/data/CA/int-ca/ca-chain.pem ["OVN_Northbound", {"op": "wait", "timeout": 0, "table": "Port_Group", "where": [["name", "==", "pvlan_pg_drop"]], "until": "==", "rows": []}, {"op": "insert", "table": "ACL", "row": {"action": "drop", "direction": "to-lport", "match": "outport == @pvlan_pg_drop && ip", "priority": 1010}, "uuid-name": "pvlandroptoport"}, {"op": "insert", "table": "ACL", "row": {"action": "drop", "direction": "from-lport", "match": "inport == @pvlan_pg_drop && ip", "priority": 1010}, "uuid-name": "pvlandropfromport"}, {"op": "insert", "table": "Port_Group", "row": {"name": "pvlan_pg_drop", "acls": ["set", [["named-uuid", "pvlandroptoport"], ["named-uuid", "pvlandropfromport"]]]}}] {{(pid=101803) execute /opt/stack/data/venv/lib/python3.12/site-packages/oslo_concurrency/processutils.py:440}}
Aug 31 07:33:32.846167 np0000191576 devstack@neutron-api.service[101803]: DEBUG oslo_concurrency.processutils [None req-04e61e6c-829b-4d81-b99e-28e15cd3a3b7 None None] CMD "ovsdb-client transact ssl:162.253.55.56:6641 --timeout 180 -p /opt/stack/data/CA/int-ca/private/devstack-cert.key -c /opt/stack/data/CA/int-ca/devstack-cert.crt -C /opt/stack/data/CA/int-ca/ca-chain.pem ["OVN_Northbound", {"op": "wait", "timeout": 0, "table": "Port_Group", "where": [["name", "==", "pvlan_pg_drop"]], "until": "==", "rows": []}, {"op": "insert", "table": "ACL", "row": {"action": "drop", "direction": "to-lport", "match": "outport == @pvlan_pg_drop && ip", "priority": 1010}, "uuid-name": "pvlandroptoport"}, {"op": "insert", "table": "ACL", "row": {"action": "drop", "direction": "from-lport", "match": "inport == @pvlan_pg_drop && ip", "priority": 1010}, "uuid-name": "pvlandropfromport"}, {"op": "insert", "table": "Port_Group", "row": {"name": "pvlan_pg_drop", "acls": ["set", [["named-uuid", "pvlandroptoport"], ["named-uuid", "pvlandropfromport"]]]}}]" returned: 0 in 0.052s {{(pid=101803) execute /opt/stack/data/venv/lib/python3.12/site-packages/oslo_concurrency/processutils.py:468}}
Aug 31 07:33:32.848943 np0000191576 devstack@neutron-api.service[101803]: WSGI app 0 (mountpoint='') ready in 8 seconds on interpreter 0x7183384a4668 pid: 101803 (default app)
Aug 31 07:33:33.579197 np0000191576 devstack@neutron-api.service[101806]: DEBUG neutron.plugins.ml2.drivers.ovn.mech_driver.ovsdb.ovsdb_monitor [-] Hash Ring: Node d94506b91ed851bf86dede0fd168ca93 (host: np0000191576) handling event "update" for row 27ded47f-751a-43e3-9e4c-4ed856daeb20 (table: Connection) {{(pid=101806) notify /opt/stack/neutron/neutron/plugins/ml2/drivers/ovn/mech_driver/ovsdb/ovsdb_monitor.py:1099}}
Aug 31 07:33:33.584248 np0000191576 devstack@neutron-api.service[101805]: DEBUG neutron.common.ovn.hash_ring_manager [-] Allow caching, nodes 4>=4 {{(pid=101805) _wait_startup_before_caching /opt/stack/neutron/neutron/common/ovn/hash_ring_manager.py:71}}
Aug 31 07:33:33.584724 np0000191576 devstack@neutron-api.service[101805]: DEBUG neutron.plugins.ml2.drivers.ovn.mech_driver.ovsdb.ovsdb_monitor [-] Hash Ring: Node 3e7899a6d4fe5496bda16d13e4ec21bb (host: np0000191576) handling event "update" for row 27ded47f-751a-43e3-9e4c-4ed856daeb20 (table: Connection) {{(pid=101805) notify /opt/stack/neutron/neutron/plugins/ml2/drivers/ovn/mech_driver/ovsdb/ovsdb_monitor.py:1099}}
Aug 31 07:33:36.078041 np0000191576 devstack@neutron-api.service[101805]: DEBUG neutron.plugins.ml2.drivers.ovn.mech_driver.ovsdb.ovsdb_monitor [-] Hash Ring: Node 3e7899a6d4fe5496bda16d13e4ec21bb (host: np0000191576) handling event "update" for row 27ded47f-751a-43e3-9e4c-4ed856daeb20 (table: Connection) {{(pid=101805) notify /opt/stack/neutron/neutron/plugins/ml2/drivers/ovn/mech_driver/ovsdb/ovsdb_monitor.py:1099}}
Aug 31 07:33:36.079537 np0000191576 devstack@neutron-api.service[101806]: DEBUG neutron.plugins.ml2.drivers.ovn.mech_driver.ovsdb.ovsdb_monitor [-] Hash Ring: Node d94506b91ed851bf86dede0fd168ca93 (host: np0000191576) handling event "update" for row 27ded47f-751a-43e3-9e4c-4ed856daeb20 (table: Connection) {{(pid=101806) notify /opt/stack/neutron/neutron/plugins/ml2/drivers/ovn/mech_driver/ovsdb/ovsdb_monitor.py:1099}}
Aug 31 07:33:39.022687 np0000191576 devstack@neutron-api.service[101805]: DEBUG neutron.api.wsgi [None req-4b65ed14-8a37-4608-af01-5b9598be1e53 admin admin] Missing Content-Type {{(pid=101805) get_content_type /opt/stack/neutron/neutron/api/wsgi.py:80}}
Aug 31 07:33:39.023593 np0000191576 devstack@neutron-api.service[101805]: DEBUG neutron.api.wsgi [None req-4b65ed14-8a37-4608-af01-5b9598be1e53 admin admin] https://162.253.55.56/networking/v2.0/extensions returned with HTTP 200 {{(pid=101805) __call__ /opt/stack/neutron/neutron/api/wsgi.py:540}}
Aug 31 07:33:39.023593 np0000191576 devstack@neutron-api.service[101805]: [pid: 101805|app: 0|req: 2/2] 162.253.55.56 () {64 vars in 1316 bytes} [Mon Aug 31 07:33:38 2026] GET /networking/v2.0/extensions => generated 16171 bytes in 505 msecs (HTTP/1.1 200) 4 headers in 159 bytes (1 switches on core 0)
Aug 31 07:33:39.525405 np0000191576 devstack@neutron-api.service[101806]: DEBUG neutron.api.v2.base [None req-5fed667e-060e-480c-ad23-1992618bba78 admin admin] Request body: {'subnetpool': {'default_prefixlen': 26, 'prefixes': ['10.1.0.0/20'], 'is_default': True, 'name': 'shared-default-subnetpool-v4', 'shared': True}} {{(pid=101806) prepare_request_body /opt/stack/neutron/neutron/api/v2/base.py:727}}
Aug 31 07:33:39.734772 np0000191576 devstack@neutron-api.service[101806]: DEBUG neutron.policy [None req-5fed667e-060e-480c-ad23-1992618bba78 admin admin] Loaded default policies from ['neutron'] under neutron.policies entry points {{(pid=101806) register_rules /opt/stack/neutron/neutron/policy.py:65}}
Aug 31 07:33:39.897144 np0000191576 devstack@neutron-api.service[101806]: DEBUG neutron_lib.callbacks.manager [None req-5fed667e-060e-480c-ad23-1992618bba78 admin admin] Publish callbacks ['neutron.objects.securitygroup.RbacNeutronDbObjectMixin.validate_rbac_policy_change-1498024527860', 'neutron.objects.address_group.RbacNeutronDbObjectMixin.validate_rbac_policy_change-1498024517404', 'neutron.objects.network.RbacNeutronDbObjectMixin.validate_rbac_policy_change-1498024915831', 'neutron.objects.qos.policy.RbacNeutronDbObjectMixin.validate_rbac_policy_change-1498024918089', 'neutron.objects.subnetpool.RbacNeutronDbObjectMixin.validate_rbac_policy_change-1498024961955', 'neutron.objects.address_scope.RbacNeutronDbObjectMixin.validate_rbac_policy_change-1498024961264', 'neutron.plugins.ml2.plugin.External_net_db_mixin._process_ext_policy_create-383569', 'neutron.plugins.ml2.plugin.NeutronDbPluginV2.validate_network_rbac_policy_change-145269'] for rbac-policy (None), before_create {{(pid=101806) _notify_loop /opt/stack/data/venv/lib/python3.12/site-packages/neutron_lib/callbacks/manager.py:184}}
Aug 31 07:33:39.961400 np0000191576 devstack@neutron-api.service[101806]: DEBUG neutron_lib.callbacks.manager [None req-5fed667e-060e-480c-ad23-1992618bba78 admin admin] Publish callbacks [] for subnetpool (None), before_response {{(pid=101806) _notify_loop /opt/stack/data/venv/lib/python3.12/site-packages/neutron_lib/callbacks/manager.py:184}}
Aug 31 07:33:39.962631 np0000191576 devstack@neutron-api.service[101806]: [pid: 101806|app: 0|req: 1/3] 162.253.55.56 () {68 vars in 1360 bytes} [Mon Aug 31 07:33:39 2026] POST /networking/v2.0/subnetpools => generated 533 bytes in 572 msecs (HTTP/1.1 201) 4 headers in 162 bytes (1 switches on core 0)
Aug 31 07:33:40.361809 np0000191576 devstack@neutron-api.service[101804]: DEBUG neutron.api.v2.base [None req-0dcdf081-3b23-432d-b0d6-97cdaae80b54 admin admin] Request body: {'subnetpool': {'default_prefixlen': 64, 'prefixes': ['fde7:f163:a4f1::/56'], 'is_default': True, 'name': 'shared-default-subnetpool-v6', 'shared': True}} {{(pid=101804) prepare_request_body /opt/stack/neutron/neutron/api/v2/base.py:727}}
Aug 31 07:33:40.520714 np0000191576 devstack@neutron-api.service[101804]: DEBUG neutron.policy [None req-0dcdf081-3b23-432d-b0d6-97cdaae80b54 admin admin] Loaded default policies from ['neutron'] under neutron.policies entry points {{(pid=101804) register_rules /opt/stack/neutron/neutron/policy.py:65}}
Aug 31 07:33:40.664498 np0000191576 devstack@neutron-api.service[101804]: DEBUG neutron_lib.callbacks.manager [None req-0dcdf081-3b23-432d-b0d6-97cdaae80b54 admin admin] Publish callbacks ['neutron.objects.securitygroup.RbacNeutronDbObjectMixin.validate_rbac_policy_change-1498024731194', 'neutron.objects.address_group.RbacNeutronDbObjectMixin.validate_rbac_policy_change-1498024560905', 'neutron.objects.network.RbacNeutronDbObjectMixin.validate_rbac_policy_change-1498024966289', 'neutron.objects.qos.policy.RbacNeutronDbObjectMixin.validate_rbac_policy_change-1498024962649', 'neutron.objects.subnetpool.RbacNeutronDbObjectMixin.validate_rbac_policy_change-1498024927005', 'neutron.objects.address_scope.RbacNeutronDbObjectMixin.validate_rbac_policy_change-1498024926894', 'neutron.plugins.ml2.plugin.External_net_db_mixin._process_ext_policy_create-421769', 'neutron.plugins.ml2.plugin.NeutronDbPluginV2.validate_network_rbac_policy_change-106337'] for rbac-policy (None), before_create {{(pid=101804) _notify_loop /opt/stack/data/venv/lib/python3.12/site-packages/neutron_lib/callbacks/manager.py:184}}
Aug 31 07:33:40.713239 np0000191576 devstack@neutron-api.service[101804]: DEBUG neutron_lib.callbacks.manager [None req-0dcdf081-3b23-432d-b0d6-97cdaae80b54 admin admin] Publish callbacks [] for subnetpool (None), before_response {{(pid=101804) _notify_loop /opt/stack/data/venv/lib/python3.12/site-packages/neutron_lib/callbacks/manager.py:184}}
Aug 31 07:33:40.713763 np0000191576 devstack@neutron-api.service[101804]: [pid: 101804|app: 0|req: 1/4] 162.253.55.56 () {68 vars in 1360 bytes} [Mon Aug 31 07:33:40 2026] POST /networking/v2.0/subnetpools => generated 543 bytes in 488 msecs (HTTP/1.1 201) 4 headers in 162 bytes (1 switches on core 0)
Aug 31 07:33:41.262018 np0000191576 devstack@neutron-api.service[101803]: DEBUG neutron.api.v2.base [None req-334bf0ae-d24a-4aeb-af8f-d2299d71cd51 admin admin] Request body: {'network': {'admin_state_up': True, 'name': 'private'}} {{(pid=101803) prepare_request_body /opt/stack/neutron/neutron/api/v2/base.py:727}}
Aug 31 07:33:41.292943 np0000191576 devstack@neutron-api.service[101803]: DEBUG neutron.pecan_wsgi.hooks.quota_enforcement [None req-334bf0ae-d24a-4aeb-af8f-d2299d71cd51 admin admin] Made reservation on behalf of aa05e87dc3034bcabf763f3aea475064 for: {'network': 1} {{(pid=101803) before /opt/stack/neutron/neutron/pecan_wsgi/hooks/quota_enforcement.py:66}}
Aug 31 07:33:41.443952 np0000191576 devstack@neutron-api.service[101803]: DEBUG neutron.policy [None req-334bf0ae-d24a-4aeb-af8f-d2299d71cd51 admin admin] Loaded default policies from ['neutron'] under neutron.policies entry points {{(pid=101803) register_rules /opt/stack/neutron/neutron/policy.py:65}}
Aug 31 07:33:41.585372 np0000191576 devstack@neutron-api.service[101803]: DEBUG neutron_lib.callbacks.manager [None req-334bf0ae-d24a-4aeb-af8f-d2299d71cd51 admin admin] Publish callbacks ['neutron.plugins.ml2.plugin.SecurityGroupDbMixin._ensure_default_security_group_handler-472811'] for network (None), before_create {{(pid=101803) _notify_loop /opt/stack/data/venv/lib/python3.12/site-packages/neutron_lib/callbacks/manager.py:184}}
Aug 31 07:33:41.608799 np0000191576 devstack@neutron-api.service[101803]: DEBUG neutron_lib.callbacks.manager [None req-334bf0ae-d24a-4aeb-af8f-d2299d71cd51 admin admin] Publish callbacks [] for security_group (None), before_create {{(pid=101803) _notify_loop /opt/stack/data/venv/lib/python3.12/site-packages/neutron_lib/callbacks/manager.py:184}}
Aug 31 07:33:41.702061 np0000191576 devstack@neutron-api.service[101803]: DEBUG neutron_lib.callbacks.manager [None req-334bf0ae-d24a-4aeb-af8f-d2299d71cd51 admin admin] Publish callbacks ['neutron.plugins.ml2.drivers.ovn.mech_driver.mech_driver.OVNMechanismDriver._create_security_group_precommit-1950468'] for security_group (78693ac5-51a2-4acb-82e6-7a12c9cf131a), precommit_create {{(pid=101803) _notify_loop /opt/stack/data/venv/lib/python3.12/site-packages/neutron_lib/callbacks/manager.py:184}}
Aug 31 07:33:41.702652 np0000191576 devstack@neutron-api.service[101803]: DEBUG neutron.db.ovn_revision_numbers_db [None req-334bf0ae-d24a-4aeb-af8f-d2299d71cd51 admin admin] create_initial_revision uuid=78693ac5-51a2-4acb-82e6-7a12c9cf131a, type=security_groups, rev=-1 {{(pid=101803) create_initial_revision /opt/stack/neutron/neutron/db/ovn_revision_numbers_db.py:98}}
Aug 31 07:33:41.704559 np0000191576 devstack@neutron-api.service[101803]: DEBUG neutron.db.ovn_revision_numbers_db [None req-334bf0ae-d24a-4aeb-af8f-d2299d71cd51 admin admin] create_initial_revision uuid=25840911-0155-41d8-97b2-d21ec4af35e5, type=security_group_rules, rev=-1 {{(pid=101803) create_initial_revision /opt/stack/neutron/neutron/db/ovn_revision_numbers_db.py:98}}
Aug 31 07:33:41.705708 np0000191576 devstack@neutron-api.service[101803]: DEBUG neutron.db.ovn_revision_numbers_db [None req-334bf0ae-d24a-4aeb-af8f-d2299d71cd51 admin admin] create_initial_revision uuid=5c39434b-558b-47ff-a80b-89d9967b030b, type=security_group_rules, rev=-1 {{(pid=101803) create_initial_revision /opt/stack/neutron/neutron/db/ovn_revision_numbers_db.py:98}}
Aug 31 07:33:41.706722 np0000191576 devstack@neutron-api.service[101803]: DEBUG neutron.db.ovn_revision_numbers_db [None req-334bf0ae-d24a-4aeb-af8f-d2299d71cd51 admin admin] create_initial_revision uuid=a2545445-f77e-4aaf-9b5a-5212d40f9423, type=security_group_rules, rev=-1 {{(pid=101803) create_initial_revision /opt/stack/neutron/neutron/db/ovn_revision_numbers_db.py:98}}
Aug 31 07:33:41.707719 np0000191576 devstack@neutron-api.service[101803]: DEBUG neutron.db.ovn_revision_numbers_db [None req-334bf0ae-d24a-4aeb-af8f-d2299d71cd51 admin admin] create_initial_revision uuid=b32e861a-71ff-47e2-b548-c2fca5451bec, type=security_group_rules, rev=-1 {{(pid=101803) create_initial_revision /opt/stack/neutron/neutron/db/ovn_revision_numbers_db.py:98}}
Aug 31 07:33:41.715547 np0000191576 devstack@neutron-api.service[101803]: DEBUG neutron_lib.callbacks.manager [None req-334bf0ae-d24a-4aeb-af8f-d2299d71cd51 admin admin] Publish callbacks ['neutron.plugins.ml2.drivers.ovn.mech_driver.mech_driver.OVNMechanismDriver._create_security_group-1949950', 'neutron.plugins.ml2.ovo_rpc._ObjectChangeHandler.handle_event-32028928'] for security_group (78693ac5-51a2-4acb-82e6-7a12c9cf131a), after_create {{(pid=101803) _notify_loop /opt/stack/data/venv/lib/python3.12/site-packages/neutron_lib/callbacks/manager.py:184}}
Aug 31 07:33:41.715893 np0000191576 devstack@neutron-api.service[101803]: INFO neutron.plugins.ml2.drivers.ovn.mech_driver.ovsdb.extensions.qos [None req-334bf0ae-d24a-4aeb-af8f-d2299d71cd51 admin admin] Starting OVNClientQosExtension
Aug 31 07:33:41.715893 np0000191576 devstack@neutron-api.service[101803]: INFO neutron.plugins.ml2.drivers.ovn.mech_driver.ovsdb.extensions.placement [None req-334bf0ae-d24a-4aeb-af8f-d2299d71cd51 admin admin] Starting OVNClientPlacementExtension
Aug 31 07:33:41.717235 np0000191576 devstack@neutron-api.service[101803]: DEBUG ovsdbapp.backend.ovs_idl.transaction [-] Running txn 177d61c2 n=1 command(idx=0): PgAddCommand(_result=None, name=pg_78693ac5_51a2_4acb_82e6_7a12c9cf131a, may_exist=False, columns={'acls': [], 'external_ids': {'neutron:security_group_id': '78693ac5-51a2-4acb-82e6-7a12c9cf131a'}}) {{(pid=101803) do_commit /opt/stack/data/venv/lib/python3.12/site-packages/ovsdbapp/backend/ovs_idl/transaction.py:91}}
Aug 31 07:33:41.719596 np0000191576 devstack@neutron-api.service[101803]: DEBUG ovsdbapp.backend.ovs_idl.transaction [-] Running txn 177d61c2 n=1 command(idx=1): PgAclAddCommand(_result=None, entity=pg_78693ac5_51a2_4acb_82e6_7a12c9cf131a, direction=from-lport, priority=1002, match=inport == @pg_78693ac5_51a2_4acb_82e6_7a12c9cf131a && ip4, action=allow-related, log=False, may_exist=True, severity=[], name=[], meter=[], external_ids={'neutron:security_group_rule_id': '25840911-0155-41d8-97b2-d21ec4af35e5'}) {{(pid=101803) do_commit /opt/stack/data/venv/lib/python3.12/site-packages/ovsdbapp/backend/ovs_idl/transaction.py:91}}
Aug 31 07:33:41.720243 np0000191576 devstack@neutron-api.service[101803]: DEBUG ovsdbapp.backend.ovs_idl.transaction [-] Running txn 177d61c2 n=1 command(idx=2): PgAclAddCommand(_result=None, entity=pg_78693ac5_51a2_4acb_82e6_7a12c9cf131a, direction=from-lport, priority=1002, match=inport == @pg_78693ac5_51a2_4acb_82e6_7a12c9cf131a && ip6, action=allow-related, log=False, may_exist=True, severity=[], name=[], meter=[], external_ids={'neutron:security_group_rule_id': '5c39434b-558b-47ff-a80b-89d9967b030b'}) {{(pid=101803) do_commit /opt/stack/data/venv/lib/python3.12/site-packages/ovsdbapp/backend/ovs_idl/transaction.py:91}}
Aug 31 07:33:41.720814 np0000191576 devstack@neutron-api.service[101803]: DEBUG ovsdbapp.backend.ovs_idl.transaction [-] Running txn 177d61c2 n=1 command(idx=3): PgAclAddCommand(_result=None, entity=pg_78693ac5_51a2_4acb_82e6_7a12c9cf131a, direction=to-lport, priority=1002, match=outport == @pg_78693ac5_51a2_4acb_82e6_7a12c9cf131a && ip6 && ip6.src == $pg_78693ac5_51a2_4acb_82e6_7a12c9cf131a_ip6, action=allow-related, log=False, may_exist=True, severity=[], name=[], meter=[], external_ids={'neutron:security_group_rule_id': 'a2545445-f77e-4aaf-9b5a-5212d40f9423'}) {{(pid=101803) do_commit /opt/stack/data/venv/lib/python3.12/site-packages/ovsdbapp/backend/ovs_idl/transaction.py:91}}
Aug 31 07:33:41.721231 np0000191576 devstack@neutron-api.service[101803]: DEBUG ovsdbapp.backend.ovs_idl.transaction [-] Running txn 177d61c2 n=1 command(idx=4): PgAclAddCommand(_result=None, entity=pg_78693ac5_51a2_4acb_82e6_7a12c9cf131a, direction=to-lport, priority=1002, match=outport == @pg_78693ac5_51a2_4acb_82e6_7a12c9cf131a && ip4 && ip4.src == $pg_78693ac5_51a2_4acb_82e6_7a12c9cf131a_ip4, action=allow-related, log=False, may_exist=True, severity=[], name=[], meter=[], external_ids={'neutron:security_group_rule_id': 'b32e861a-71ff-47e2-b548-c2fca5451bec'}) {{(pid=101803) do_commit /opt/stack/data/venv/lib/python3.12/site-packages/ovsdbapp/backend/ovs_idl/transaction.py:91}}
Aug 31 07:33:41.731778 np0000191576 devstack@neutron-api.service[101803]: DEBUG neutron.plugins.ml2.drivers.ovn.mech_driver.ovsdb.ovsdb_monitor [-] Hash Ring: Node a27bfbc47de654bbbfee73a3a5b35548 (host: np0000191576) handling event "create" for row 3e4c4a1e-b5c7-4cdf-a4f7-1cc636c6b7c0 (table: ACL) {{(pid=101803) notify /opt/stack/neutron/neutron/plugins/ml2/drivers/ovn/mech_driver/ovsdb/ovsdb_monitor.py:1099}}
Aug 31 07:33:41.732143 np0000191576 devstack@neutron-api.service[101803]: DEBUG neutron.plugins.ml2.drivers.ovn.mech_driver.ovsdb.ovsdb_monitor [-] Hash Ring: Node a27bfbc47de654bbbfee73a3a5b35548 (host: np0000191576) handling event "create" for row 6efa5cbc-302a-438a-8a91-e38d9fc824c6 (table: Port_Group) {{(pid=101803) notify /opt/stack/neutron/neutron/plugins/ml2/drivers/ovn/mech_driver/ovsdb/ovsdb_monitor.py:1099}}
Aug 31 07:33:41.733497 np0000191576 devstack@neutron-api.service[101803]: DEBUG ovsdbapp.backend.ovs_idl.transaction [-] txn 177d61c2 succeeded {{(pid=101803) do_commit /opt/stack/data/venv/lib/python3.12/site-packages/ovsdbapp/backend/ovs_idl/transaction.py:137}}
Aug 31 07:33:41.734779 np0000191576 devstack@neutron-api.service[101806]: DEBUG neutron.plugins.ml2.drivers.ovn.mech_driver.ovsdb.ovsdb_monitor [-] Hash Ring: Node d94506b91ed851bf86dede0fd168ca93 (host: np0000191576) handling event "create" for row 79ccd139-6aef-432a-a089-6a781106530f (table: ACL) {{(pid=101806) notify /opt/stack/neutron/neutron/plugins/ml2/drivers/ovn/mech_driver/ovsdb/ovsdb_monitor.py:1099}}
Aug 31 07:33:41.735274 np0000191576 devstack@neutron-api.service[101804]: DEBUG neutron.plugins.ml2.drivers.ovn.mech_driver.ovsdb.ovsdb_monitor [-] Hash Ring: Node fe614458ebfe5c6888dd10bbd20b850b (host: np0000191576) handling event "create" for row 250379f2-9baa-49b4-a706-879201ff209d (table: ACL) {{(pid=101804) notify /opt/stack/neutron/neutron/plugins/ml2/drivers/ovn/mech_driver/ovsdb/ovsdb_monitor.py:1099}}
Aug 31 07:33:41.735664 np0000191576 devstack@neutron-api.service[101806]: DEBUG neutron.plugins.ml2.drivers.ovn.mech_driver.ovsdb.ovsdb_monitor [-] Hash Ring: Node d94506b91ed851bf86dede0fd168ca93 (host: np0000191576) handling event "create" for row 6efa5cbc-302a-438a-8a91-e38d9fc824c6 (table: Port_Group) {{(pid=101806) notify /opt/stack/neutron/neutron/plugins/ml2/drivers/ovn/mech_driver/ovsdb/ovsdb_monitor.py:1099}}
Aug 31 07:33:41.735729 np0000191576 devstack@neutron-api.service[101804]: DEBUG neutron.plugins.ml2.drivers.ovn.mech_driver.ovsdb.ovsdb_monitor [-] Hash Ring: Node fe614458ebfe5c6888dd10bbd20b850b (host: np0000191576) handling event "create" for row 743f9052-9730-4de5-bb67-25a02ebf0a40 (table: ACL) {{(pid=101804) notify /opt/stack/neutron/neutron/plugins/ml2/drivers/ovn/mech_driver/ovsdb/ovsdb_monitor.py:1099}}
Aug 31 07:33:41.735797 np0000191576 devstack@neutron-api.service[101805]: DEBUG neutron.plugins.ml2.drivers.ovn.mech_driver.ovsdb.ovsdb_monitor [-] Hash Ring: Node 3e7899a6d4fe5496bda16d13e4ec21bb (host: np0000191576) handling event "create" for row 250379f2-9baa-49b4-a706-879201ff209d (table: ACL) {{(pid=101805) notify /opt/stack/neutron/neutron/plugins/ml2/drivers/ovn/mech_driver/ovsdb/ovsdb_monitor.py:1099}}
Aug 31 07:33:41.736208 np0000191576 devstack@neutron-api.service[101805]: DEBUG neutron.plugins.ml2.drivers.ovn.mech_driver.ovsdb.ovsdb_monitor [-] Hash Ring: Node 3e7899a6d4fe5496bda16d13e4ec21bb (host: np0000191576) handling event "create" for row 3e4c4a1e-b5c7-4cdf-a4f7-1cc636c6b7c0 (table: ACL) {{(pid=101805) notify /opt/stack/neutron/neutron/plugins/ml2/drivers/ovn/mech_driver/ovsdb/ovsdb_monitor.py:1099}}
Aug 31 07:33:41.736208 np0000191576 devstack@neutron-api.service[101805]: DEBUG neutron.plugins.ml2.drivers.ovn.mech_driver.ovsdb.ovsdb_monitor [-] Hash Ring: Node 3e7899a6d4fe5496bda16d13e4ec21bb (host: np0000191576) handling event "create" for row 743f9052-9730-4de5-bb67-25a02ebf0a40 (table: ACL) {{(pid=101805) notify /opt/stack/neutron/neutron/plugins/ml2/drivers/ovn/mech_driver/ovsdb/ovsdb_monitor.py:1099}}
Aug 31 07:33:41.736590 np0000191576 devstack@neutron-api.service[101805]: DEBUG neutron.plugins.ml2.drivers.ovn.mech_driver.ovsdb.ovsdb_monitor [-] Hash Ring: Node 3e7899a6d4fe5496bda16d13e4ec21bb (host: np0000191576) handling event "create" for row 79ccd139-6aef-432a-a089-6a781106530f (table: ACL) {{(pid=101805) notify /opt/stack/neutron/neutron/plugins/ml2/drivers/ovn/mech_driver/ovsdb/ovsdb_monitor.py:1099}}
Aug 31 07:33:41.736885 np0000191576 devstack@neutron-api.service[101805]: DEBUG neutron.plugins.ml2.drivers.ovn.mech_driver.ovsdb.ovsdb_monitor [-] Hash Ring: Node 3e7899a6d4fe5496bda16d13e4ec21bb (host: np0000191576) handling event "create" for row 6efa5cbc-302a-438a-8a91-e38d9fc824c6 (table: Port_Group) {{(pid=101805) notify /opt/stack/neutron/neutron/plugins/ml2/drivers/ovn/mech_driver/ovsdb/ovsdb_monitor.py:1099}}
Aug 31 07:33:41.764517 np0000191576 devstack@neutron-api.service[101803]: INFO neutron.db.ovn_revision_numbers_db [None req-334bf0ae-d24a-4aeb-af8f-d2299d71cd51 admin admin] Successfully bumped revision number for resource 78693ac5-51a2-4acb-82e6-7a12c9cf131a (type: security_groups) to 1
Aug 31 07:33:41.779844 np0000191576 devstack@neutron-api.service[101803]: INFO neutron.db.ovn_revision_numbers_db [None req-334bf0ae-d24a-4aeb-af8f-d2299d71cd51 admin admin] Successfully bumped revision number for resource 25840911-0155-41d8-97b2-d21ec4af35e5 (type: security_group_rules) to 0
Aug 31 07:33:41.792829 np0000191576 devstack@neutron-api.service[101803]: INFO neutron.db.ovn_revision_numbers_db [None req-334bf0ae-d24a-4aeb-af8f-d2299d71cd51 admin admin] Successfully bumped revision number for resource 5c39434b-558b-47ff-a80b-89d9967b030b (type: security_group_rules) to 0
Aug 31 07:33:41.803582 np0000191576 devstack@neutron-api.service[101803]: INFO neutron.db.ovn_revision_numbers_db [None req-334bf0ae-d24a-4aeb-af8f-d2299d71cd51 admin admin] Successfully bumped revision number for resource a2545445-f77e-4aaf-9b5a-5212d40f9423 (type: security_group_rules) to 0
Aug 31 07:33:41.815971 np0000191576 devstack@neutron-api.service[101803]: INFO neutron.db.ovn_revision_numbers_db [None req-334bf0ae-d24a-4aeb-af8f-d2299d71cd51 admin admin] Successfully bumped revision number for resource b32e861a-71ff-47e2-b548-c2fca5451bec (type: security_group_rules) to 0
Aug 31 07:33:41.836907 np0000191576 devstack@neutron-api.service[101803]: DEBUG neutron.api.rpc.handlers.resources_rpc [None req-334bf0ae-d24a-4aeb-af8f-d2299d71cd51 admin admin] Pushing event updated for resources: {'SecurityGroup': ['ID=78693ac5-51a2-4acb-82e6-7a12c9cf131a,revision_number=1']} {{(pid=101803) push /opt/stack/neutron/neutron/api/rpc/handlers/resources_rpc.py:237}}
Aug 31 07:33:41.842754 np0000191576 devstack@neutron-api.service[101803]: DEBUG ovsdbapp.backend.ovs_idl.transaction [-] Running txn a8c5bd03 n=1 command(idx=0): CheckLivenessCommand(_result=None) {{(pid=101803) do_commit /opt/stack/data/venv/lib/python3.12/site-packages/ovsdbapp/backend/ovs_idl/transaction.py:91}}
Aug 31 07:33:41.844867 np0000191576 devstack@neutron-api.service[101803]: DEBUG ovsdbapp.backend.ovs_idl.transaction [-] txn a8c5bd03 succeeded {{(pid=101803) do_commit /opt/stack/data/venv/lib/python3.12/site-packages/ovsdbapp/backend/ovs_idl/transaction.py:137}}
Aug 31 07:33:41.845847 np0000191576 devstack@neutron-api.service[101805]: DEBUG neutron.plugins.ml2.drivers.ovn.mech_driver.ovsdb.ovsdb_monitor [-] Hash Ring: Node 3e7899a6d4fe5496bda16d13e4ec21bb (host: np0000191576) handling event "update" for row 252ca550-830b-4d8d-86c8-671ae11b8e7b (table: NB_Global) {{(pid=101805) notify /opt/stack/neutron/neutron/plugins/ml2/drivers/ovn/mech_driver/ovsdb/ovsdb_monitor.py:1099}}
Aug 31 07:33:41.846729 np0000191576 devstack@neutron-api.service[101806]: DEBUG neutron.plugins.ml2.drivers.ovn.mech_driver.ovsdb.ovsdb_monitor [-] Hash Ring: Node d94506b91ed851bf86dede0fd168ca93 (host: np0000191576) handling event "update" for row 252ca550-830b-4d8d-86c8-671ae11b8e7b (table: NB_Global) {{(pid=101806) notify /opt/stack/neutron/neutron/plugins/ml2/drivers/ovn/mech_driver/ovsdb/ovsdb_monitor.py:1099}}
Aug 31 07:33:41.847036 np0000191576 devstack@neutron-api.service[101803]: DEBUG neutron.api.rpc.callbacks.version_manager [None req-334bf0ae-d24a-4aeb-af8f-d2299d71cd51 admin admin] Tracked resource versions report:
Aug 31 07:33:41.847036 np0000191576 devstack@neutron-api.service[101803]: pushed versions:
Aug 31 07:33:41.847036 np0000191576 devstack@neutron-api.service[101803]: { 'AddressGroup': {'1.2'},
Aug 31 07:33:41.847036 np0000191576 devstack@neutron-api.service[101803]: 'Agent': {'1.1'},
Aug 31 07:33:41.847036 np0000191576 devstack@neutron-api.service[101803]: 'ConntrackHelper': {'1.0'},
Aug 31 07:33:41.847036 np0000191576 devstack@neutron-api.service[101803]: 'LocalIPAssociation': {'1.0'},
Aug 31 07:33:41.847036 np0000191576 devstack@neutron-api.service[101803]: 'Log': {'1.0'},
Aug 31 07:33:41.847036 np0000191576 devstack@neutron-api.service[101803]: 'NDPProxy': {'1.0'},
Aug 31 07:33:41.847036 np0000191576 devstack@neutron-api.service[101803]: 'Network': {'1.3'},
Aug 31 07:33:41.847036 np0000191576 devstack@neutron-api.service[101803]: 'Port': {'1.11'},
Aug 31 07:33:41.847036 np0000191576 devstack@neutron-api.service[101803]: 'PortForwarding': {'1.3'},
Aug 31 07:33:41.847036 np0000191576 devstack@neutron-api.service[101803]: 'QosPolicy': {'1.10'},
Aug 31 07:33:41.847036 np0000191576 devstack@neutron-api.service[101803]: 'SecurityGroup': {'1.6'},
Aug 31 07:33:41.847036 np0000191576 devstack@neutron-api.service[101803]: 'SecurityGroupRule': {'1.3'},
Aug 31 07:33:41.847036 np0000191576 devstack@neutron-api.service[101803]: 'SubPort': {'1.0'},
Aug 31 07:33:41.847036 np0000191576 devstack@neutron-api.service[101803]: 'Subnet': {'1.2'},
Aug 31 07:33:41.847036 np0000191576 devstack@neutron-api.service[101803]: 'Trunk': {'1.1'}}
Aug 31 07:33:41.847036 np0000191576 devstack@neutron-api.service[101803]: consumer versions:
Aug 31 07:33:41.847036 np0000191576 devstack@neutron-api.service[101803]: {}
Aug 31 07:33:41.847036 np0000191576 devstack@neutron-api.service[101803]: {{(pid=101803) report /opt/stack/neutron/neutron/api/rpc/callbacks/version_manager.py:183}}
Aug 31 07:33:41.849427 np0000191576 devstack@neutron-api.service[101805]: DEBUG neutron.plugins.ml2.drivers.ovn.mech_driver.ovsdb.ovsdb_monitor [-] Hash Ring: Node 3e7899a6d4fe5496bda16d13e4ec21bb (host: np0000191576) handling event "update" for row 252ca550-830b-4d8d-86c8-671ae11b8e7b (table: NB_Global) {{(pid=101805) notify /opt/stack/neutron/neutron/plugins/ml2/drivers/ovn/mech_driver/ovsdb/ovsdb_monitor.py:1099}}
Aug 31 07:33:41.849602 np0000191576 devstack@neutron-api.service[101806]: DEBUG neutron.plugins.ml2.drivers.ovn.mech_driver.ovsdb.ovsdb_monitor [-] Hash Ring: Node d94506b91ed851bf86dede0fd168ca93 (host: np0000191576) handling event "update" for row 252ca550-830b-4d8d-86c8-671ae11b8e7b (table: NB_Global) {{(pid=101806) notify /opt/stack/neutron/neutron/plugins/ml2/drivers/ovn/mech_driver/ovsdb/ovsdb_monitor.py:1099}}
Aug 31 07:33:41.851177 np0000191576 devstack@neutron-api.service[101804]: DEBUG ovsdbapp.backend.ovs_idl.event [-] Matched UPDATE: ChassisAgentWriteEvent(events=('create', 'update'), table='Chassis_Private', conditions=None, old_conditions=None), priority=20 to row=Chassis_Private(uuid=146ea063-e8ee-43be-8973-093116e350db, chassis=9e0e5b24-9ba2-4181-beb0-6a360beb6da0, external_ids={'neutron:ovn-bridge': 'br-int', 'neutron:ovn-neutron-agent-id': '3c8fa55d-3759-5d30-86bd-382810d72f75', 'neutron:ovn-neutron-agent-sb-cfg': '0'}, name='74b4856e-2882-44a3-9965-9a8f0234fb96', nb_cfg=1, nb_cfg_timestamp=1788161621846) old=Chassis_Private(uuid=146ea063-e8ee-43be-8973-093116e350db, nb_cfg=0, nb_cfg_timestamp=0) {{(pid=101804) matches /opt/stack/data/venv/lib/python3.12/site-packages/ovsdbapp/backend/ovs_idl/event.py:55}}
Aug 31 07:33:41.853629 np0000191576 devstack@neutron-api.service[101804]: DEBUG neutron.plugins.ml2.drivers.ovn.mech_driver.ovsdb.ovsdb_monitor [-] Hash Ring: Node fe614458ebfe5c6888dd10bbd20b850b (host: np0000191576) handling event "update" for row 146ea063-e8ee-43be-8973-093116e350db (table: Chassis_Private) {{(pid=101804) notify /opt/stack/neutron/neutron/plugins/ml2/drivers/ovn/mech_driver/ovsdb/ovsdb_monitor.py:1099}}
Aug 31 07:33:41.853812 np0000191576 devstack@neutron-api.service[101806]: DEBUG ovsdbapp.backend.ovs_idl.event [-] Matched UPDATE: ChassisAgentWriteEvent(events=('create', 'update'), table='Chassis_Private', conditions=None, old_conditions=None), priority=20 to row=Chassis_Private(uuid=146ea063-e8ee-43be-8973-093116e350db, chassis=9e0e5b24-9ba2-4181-beb0-6a360beb6da0, external_ids={'neutron:ovn-bridge': 'br-int', 'neutron:ovn-neutron-agent-id': '3c8fa55d-3759-5d30-86bd-382810d72f75', 'neutron:ovn-neutron-agent-sb-cfg': '0'}, name='74b4856e-2882-44a3-9965-9a8f0234fb96', nb_cfg=1, nb_cfg_timestamp=1788161621846) old=Chassis_Private(uuid=146ea063-e8ee-43be-8973-093116e350db, nb_cfg=0, nb_cfg_timestamp=0) {{(pid=101806) matches /opt/stack/data/venv/lib/python3.12/site-packages/ovsdbapp/backend/ovs_idl/event.py:55}}
Aug 31 07:33:41.854297 np0000191576 devstack@neutron-api.service[101805]: DEBUG neutron.plugins.ml2.drivers.ovn.mech_driver.ovsdb.ovsdb_monitor [-] Hash Ring: Node 3e7899a6d4fe5496bda16d13e4ec21bb (host: np0000191576) handling event "update" for row 252ca550-830b-4d8d-86c8-671ae11b8e7b (table: NB_Global) {{(pid=101805) notify /opt/stack/neutron/neutron/plugins/ml2/drivers/ovn/mech_driver/ovsdb/ovsdb_monitor.py:1099}}
Aug 31 07:33:41.856201 np0000191576 devstack@neutron-api.service[101805]: DEBUG ovsdbapp.backend.ovs_idl.event [-] Matched UPDATE: ChassisAgentWriteEvent(events=('create', 'update'), table='Chassis_Private', conditions=None, old_conditions=None), priority=20 to row=Chassis_Private(uuid=146ea063-e8ee-43be-8973-093116e350db, chassis=9e0e5b24-9ba2-4181-beb0-6a360beb6da0, external_ids={'neutron:ovn-bridge': 'br-int', 'neutron:ovn-neutron-agent-id': '3c8fa55d-3759-5d30-86bd-382810d72f75', 'neutron:ovn-neutron-agent-sb-cfg': '0'}, name='74b4856e-2882-44a3-9965-9a8f0234fb96', nb_cfg=1, nb_cfg_timestamp=1788161621846) old=Chassis_Private(uuid=146ea063-e8ee-43be-8973-093116e350db, nb_cfg=0, nb_cfg_timestamp=0) {{(pid=101805) matches /opt/stack/data/venv/lib/python3.12/site-packages/ovsdbapp/backend/ovs_idl/event.py:55}}
Aug 31 07:33:41.857306 np0000191576 devstack@neutron-api.service[101806]: DEBUG neutron.plugins.ml2.drivers.ovn.mech_driver.ovsdb.ovsdb_monitor [-] Hash Ring: Node d94506b91ed851bf86dede0fd168ca93 (host: np0000191576) handling event "update" for row 252ca550-830b-4d8d-86c8-671ae11b8e7b (table: NB_Global) {{(pid=101806) notify /opt/stack/neutron/neutron/plugins/ml2/drivers/ovn/mech_driver/ovsdb/ovsdb_monitor.py:1099}}
Aug 31 07:33:41.858127 np0000191576 devstack@neutron-api.service[101805]: DEBUG neutron.plugins.ml2.drivers.ovn.mech_driver.ovsdb.ovsdb_monitor [-] Hash Ring: Node 3e7899a6d4fe5496bda16d13e4ec21bb (host: np0000191576) handling event "update" for row 252ca550-830b-4d8d-86c8-671ae11b8e7b (table: NB_Global) {{(pid=101805) notify /opt/stack/neutron/neutron/plugins/ml2/drivers/ovn/mech_driver/ovsdb/ovsdb_monitor.py:1099}}
Aug 31 07:33:41.859434 np0000191576 devstack@neutron-api.service[101803]: DEBUG ovsdbapp.backend.ovs_idl.event [-] Matched UPDATE: ChassisAgentWriteEvent(events=('create', 'update'), table='Chassis_Private', conditions=None, old_conditions=None), priority=20 to row=Chassis_Private(uuid=146ea063-e8ee-43be-8973-093116e350db, chassis=9e0e5b24-9ba2-4181-beb0-6a360beb6da0, external_ids={'neutron:ovn-bridge': 'br-int', 'neutron:ovn-neutron-agent-id': '3c8fa55d-3759-5d30-86bd-382810d72f75', 'neutron:ovn-neutron-agent-sb-cfg': '0'}, name='74b4856e-2882-44a3-9965-9a8f0234fb96', nb_cfg=1, nb_cfg_timestamp=1788161621846) old=Chassis_Private(uuid=146ea063-e8ee-43be-8973-093116e350db, nb_cfg=0, nb_cfg_timestamp=0) {{(pid=101803) matches /opt/stack/data/venv/lib/python3.12/site-packages/ovsdbapp/backend/ovs_idl/event.py:55}}
