Aug 31 07:33:32.442996 np0000191576 devstack@neutron-api.service[101803]: DEBUG neutron.api.extensions [None req-04e61e6c-829b-4d81-b99e-28e15cd3a3b7 None None] Ext name="Remote address group id field for security group rules" alias="security-groups-remote-address-group" description="Add new field of remote address group id in SG rules" updated="2020-08-25T10:00:00-00:00" {{(pid=101803) _check_extension /opt/stack/neutron/neutron/api/extensions.py:415}}
Aug 31 07:33:32.442996 np0000191576 devstack@neutron-api.service[101803]: INFO neutron.api.extensions [None req-04e61e6c-829b-4d81-b99e-28e15cd3a3b7 None None] Loaded extension: security-groups-remote-address-group
Aug 31 07:33:32.443133 np0000191576 devstack@neutron-api.service[101804]: DEBUG neutron.api.extensions [None req-9acf3bc1-9b92-4c61-a5cd-202b23e13edd None None] Extended resource: service-providers {{(pid=101804) __init__ /opt/stack/neutron/neutron/api/extensions.py:156}}
Aug 31 07:33:32.443194 np0000191576 devstack@neutron-api.service[101803]: DEBUG neutron.api.extensions [None req-04e61e6c-829b-4d81-b99e-28e15cd3a3b7 None None] Loading extension file: security_groups_rules_belongs_to_default_sg.py {{(pid=101803) _load_all_extensions_from_path /opt/stack/neutron/neutron/api/extensions.py:449}}
Aug 31 07:33:32.443194 np0000191576 devstack@neutron-api.service[101803]: DEBUG neutron.api.extensions [None req-04e61e6c-829b-4d81-b99e-28e15cd3a3b7 None None] Ext name="Security group rule belongs to the project's default security group" alias="security-groups-rules-belongs-to-default-sg" description="Flag to determine if the security group rule belongs to the project's default security group" updated="2023-05-23T10:00:00-00:00" {{(pid=101803) _check_extension /opt/stack/neutron/neutron/api/extensions.py:415}}
Aug 31 07:33:32.443194 np0000191576 devstack@neutron-api.service[101803]: INFO neutron.api.extensions [None req-04e61e6c-829b-4d81-b99e-28e15cd3a3b7 None None] Loaded extension: security-groups-rules-belongs-to-default-sg
Aug 31 07:33:32.443439 np0000191576 devstack@neutron-api.service[101804]: DEBUG neutron.api.extensions [None req-9acf3bc1-9b92-4c61-a5cd-202b23e13edd None None] Extended resource: subnetpools {{(pid=101804) __init__ /opt/stack/neutron/neutron/api/extensions.py:156}}
Aug 31 07:33:32.443512 np0000191576 devstack@neutron-api.service[101803]: DEBUG neutron.api.extensions [None req-04e61e6c-829b-4d81-b99e-28e15cd3a3b7 None None] Loading extension file: security_groups_shared_filtering.py {{(pid=101803) _load_all_extensions_from_path /opt/stack/neutron/neutron/api/extensions.py:449}}
Aug 31 07:33:32.443512 np0000191576 devstack@neutron-api.service[101803]: DEBUG neutron.api.extensions [None req-04e61e6c-829b-4d81-b99e-28e15cd3a3b7 None None] Ext name="Security group filtering on the shared field" alias="security-groups-shared-filtering" description="Support filtering security groups on the shared field" updated="2021-10-05T09:00:00-00:00" {{(pid=101803) _check_extension /opt/stack/neutron/neutron/api/extensions.py:415}}
Aug 31 07:33:32.443512 np0000191576 devstack@neutron-api.service[101803]: INFO neutron.api.extensions [None req-04e61e6c-829b-4d81-b99e-28e15cd3a3b7 None None] Loaded extension: security-groups-shared-filtering
Aug 31 07:33:32.443512 np0000191576 devstack@neutron-api.service[101803]: DEBUG neutron.api.extensions [None req-04e61e6c-829b-4d81-b99e-28e15cd3a3b7 None None] Loading extension file: securitygroup.py {{(pid=101803) _load_all_extensions_from_path /opt/stack/neutron/neutron/api/extensions.py:449}}
Aug 31 07:33:32.443698 np0000191576 devstack@neutron-api.service[101804]: DEBUG neutron.api.extensions [None req-9acf3bc1-9b92-4c61-a5cd-202b23e13edd None None] Extended resource: subnetpools {{(pid=101804) __init__ /opt/stack/neutron/neutron/api/extensions.py:156}}
Aug 31 07:33:32.443698 np0000191576 devstack@neutron-api.service[101804]: DEBUG neutron.api.extensions [None req-9acf3bc1-9b92-4c61-a5cd-202b23e13edd None None] Extended resource: tags {{(pid=101804) __init__ /opt/stack/neutron/neutron/api/extensions.py:156}}
Aug 31 07:33:32.443698 np0000191576 devstack@neutron-api.service[101804]: DEBUG neutron.api.extensions [None req-9acf3bc1-9b92-4c61-a5cd-202b23e13edd None None] Extended resource: tags {{(pid=101804) __init__ /opt/stack/neutron/neutron/api/extensions.py:156}}
Aug 31 07:33:32.443817 np0000191576 devstack@neutron-api.service[101803]: DEBUG neutron.api.extensions [None req-04e61e6c-829b-4d81-b99e-28e15cd3a3b7 None None] Ext name="security-group" alias="security-group" description="The security groups extension." updated="2012-10-05T10:00:00-00:00" {{(pid=101803) _check_extension /opt/stack/neutron/neutron/api/extensions.py:415}}
Aug 31 07:33:32.443817 np0000191576 devstack@neutron-api.service[101803]: INFO neutron.api.extensions [None req-04e61e6c-829b-4d81-b99e-28e15cd3a3b7 None None] Loaded extension: security-group
Aug 31 07:33:32.443817 np0000191576 devstack@neutron-api.service[101803]: DEBUG neutron.api.extensions [None req-04e61e6c-829b-4d81-b99e-28e15cd3a3b7 None None] Loading extension file: segment.py {{(pid=101803) _load_all_extensions_from_path /opt/stack/neutron/neutron/api/extensions.py:449}}
Aug 31 07:33:32.443817 np0000191576 devstack@neutron-api.service[101803]: DEBUG neutron.api.extensions [None req-04e61e6c-829b-4d81-b99e-28e15cd3a3b7 None None] Ext name="Segment" alias="segment" description="Segments extension." updated="2016-02-24T17:00:00-00:00" {{(pid=101803) _check_extension /opt/stack/neutron/neutron/api/extensions.py:415}}
Aug 31 07:33:32.443947 np0000191576 devstack@neutron-api.service[101804]: DEBUG neutron.api.extensions [None req-9acf3bc1-9b92-4c61-a5cd-202b23e13edd None None] Extended resource: tags {{(pid=101804) __init__ /opt/stack/neutron/neutron/api/extensions.py:156}}
Aug 31 07:33:32.444006 np0000191576 devstack@neutron-api.service[101803]: INFO neutron.api.extensions [None req-04e61e6c-829b-4d81-b99e-28e15cd3a3b7 None None] Extension segment not supported by any of loaded plugins
Aug 31 07:33:32.444006 np0000191576 devstack@neutron-api.service[101803]: DEBUG neutron.api.extensions [None req-04e61e6c-829b-4d81-b99e-28e15cd3a3b7 None None] Loading extension file: segments_peer_subnet_host_routes.py {{(pid=101803) _load_all_extensions_from_path /opt/stack/neutron/neutron/api/extensions.py:449}}
Aug 31 07:33:32.444006 np0000191576 devstack@neutron-api.service[101803]: DEBUG neutron.api.extensions [None req-04e61e6c-829b-4d81-b99e-28e15cd3a3b7 None None] Ext name="Segments peer-subnet host routes" alias="segments-peer-subnet-host-routes" description="Add host routes to subnets on a routed network (segments)" updated="2018-06-12T10:00:00-00:00" {{(pid=101803) _check_extension /opt/stack/neutron/neutron/api/extensions.py:415}}
Aug 31 07:33:32.444006 np0000191576 devstack@neutron-api.service[101803]: INFO neutron.api.extensions [None req-04e61e6c-829b-4d81-b99e-28e15cd3a3b7 None None] Extension segments-peer-subnet-host-routes not supported by any of loaded plugins
Aug 31 07:33:32.444006 np0000191576 devstack@neutron-api.service[101803]: DEBUG neutron.api.extensions [None req-04e61e6c-829b-4d81-b99e-28e15cd3a3b7 None None] Loading extension file: servicetype.py {{(pid=101803) _load_all_extensions_from_path /opt/stack/neutron/neutron/api/extensions.py:449}}
Aug 31 07:33:32.444236 np0000191576 devstack@neutron-api.service[101804]: DEBUG neutron.api.extensions [None req-9acf3bc1-9b92-4c61-a5cd-202b23e13edd None None] Extended resource: tags {{(pid=101804) __init__ /opt/stack/neutron/neutron/api/extensions.py:156}}
Aug 31 07:33:32.444314 np0000191576 devstack@neutron-api.service[101803]: DEBUG neutron.api.extensions [None req-04e61e6c-829b-4d81-b99e-28e15cd3a3b7 None None] Ext name="Neutron Service Type Management" alias="service-type" description="API for retrieving service providers for Neutron advanced services" updated="2013-01-20T00:00:00-00:00" {{(pid=101803) _check_extension /opt/stack/neutron/neutron/api/extensions.py:415}}
Aug 31 07:33:32.444314 np0000191576 devstack@neutron-api.service[101803]: INFO neutron.api.extensions [None req-04e61e6c-829b-4d81-b99e-28e15cd3a3b7 None None] Loaded extension: service-type
Aug 31 07:33:32.444314 np0000191576 devstack@neutron-api.service[101803]: DEBUG neutron.api.extensions [None req-04e61e6c-829b-4d81-b99e-28e15cd3a3b7 None None] Loading extension file: sorting.py {{(pid=101803) _load_all_extensions_from_path /opt/stack/neutron/neutron/api/extensions.py:449}}
Aug 31 07:33:32.444314 np0000191576 devstack@neutron-api.service[101803]: DEBUG neutron.api.extensions [None req-04e61e6c-829b-4d81-b99e-28e15cd3a3b7 None None] Ext name="Sorting support" alias="sorting" description="Extension that indicates that sorting is enabled." updated="2016-06-12T00:00:00-00:00" {{(pid=101803) _check_extension /opt/stack/neutron/neutron/api/extensions.py:415}}
Aug 31 07:33:32.444314 np0000191576 devstack@neutron-api.service[101803]: INFO neutron.api.extensions [None req-04e61e6c-829b-4d81-b99e-28e15cd3a3b7 None None] Loaded extension: sorting
Aug 31 07:33:32.444314 np0000191576 devstack@neutron-api.service[101803]: DEBUG neutron.api.extensions [None req-04e61e6c-829b-4d81-b99e-28e15cd3a3b7 None None] Loading extension file: standard_attr_segment.py {{(pid=101803) _load_all_extensions_from_path /opt/stack/neutron/neutron/api/extensions.py:449}}
Aug 31 07:33:32.444828 np0000191576 devstack@neutron-api.service[101804]: DEBUG neutron.api.extensions [None req-9acf3bc1-9b92-4c61-a5cd-202b23e13edd None None] Extended resource: tags {{(pid=101804) __init__ /opt/stack/neutron/neutron/api/extensions.py:156}}
Aug 31 07:33:32.444891 np0000191576 devstack@neutron-api.service[101803]: DEBUG neutron.api.extensions [None req-04e61e6c-829b-4d81-b99e-28e15cd3a3b7 None None] Ext name="Standard Attribute Segment Extension" alias="standard-attr-segment" description="Add standard attributes to Segment resource" updated="2018-04-09T10:00:00-00:00" {{(pid=101803) _check_extension /opt/stack/neutron/neutron/api/extensions.py:415}}
Aug 31 07:33:32.444891 np0000191576 devstack@neutron-api.service[101803]: INFO neutron.api.extensions [None req-04e61e6c-829b-4d81-b99e-28e15cd3a3b7 None None] Extension standard-attr-segment not supported by any of loaded plugins
Aug 31 07:33:32.444891 np0000191576 devstack@neutron-api.service[101803]: DEBUG neutron.api.extensions [None req-04e61e6c-829b-4d81-b99e-28e15cd3a3b7 None None] Loading extension file: standardattrdescription.py {{(pid=101803) _load_all_extensions_from_path /opt/stack/neutron/neutron/api/extensions.py:449}}
Aug 31 07:33:32.444891 np0000191576 devstack@neutron-api.service[101803]: DEBUG neutron.api.extensions [None req-04e61e6c-829b-4d81-b99e-28e15cd3a3b7 None None] Ext name="standard-attr-description" alias="standard-attr-description" description="Extension to add descriptions to standard attributes" updated="2016-02-10T10:00:00-00:00" {{(pid=101803) _check_extension /opt/stack/neutron/neutron/api/extensions.py:415}}
Aug 31 07:33:32.445043 np0000191576 devstack@neutron-api.service[101804]: DEBUG neutron.api.extensions [None req-9acf3bc1-9b92-4c61-a5cd-202b23e13edd None None] Extended resource: tags {{(pid=101804) __init__ /opt/stack/neutron/neutron/api/extensions.py:156}}
Aug 31 07:33:32.445136 np0000191576 devstack@neutron-api.service[101803]: INFO neutron.api.extensions [None req-04e61e6c-829b-4d81-b99e-28e15cd3a3b7 None None] Loaded extension: standard-attr-description
Aug 31 07:33:32.445201 np0000191576 devstack@neutron-api.service[101804]: DEBUG neutron.api.extensions [None req-9acf3bc1-9b92-4c61-a5cd-202b23e13edd None None] Extended resource: tags {{(pid=101804) __init__ /opt/stack/neutron/neutron/api/extensions.py:156}}
Aug 31 07:33:32.445370 np0000191576 devstack@neutron-api.service[101806]: DEBUG neutron_lib.callbacks.manager [None req-55385935-123d-461d-bb29-38c5cc584ce7 None None] Publish callbacks ['neutron.plugins.ml2.drivers.ovn.mech_driver.mech_driver.OVNMechanismDriver.pre_fork_initialize-1918145'] for process (None), before_spawn {{(pid=101806) _notify_loop /opt/stack/data/venv/lib/python3.12/site-packages/neutron_lib/callbacks/manager.py:184}}
Aug 31 07:33:32.445370 np0000191576 devstack@neutron-api.service[101806]: DEBUG oslo_concurrency.processutils [None req-55385935-123d-461d-bb29-38c5cc584ce7 None None] Running cmd (subprocess): ovsdb-client transact ssl:162.253.55.56:6641 --timeout 180 -p /opt/stack/data/CA/int-ca/private/devstack-cert.key -c /opt/stack/data/CA/int-ca/devstack-cert.crt -C /opt/stack/data/CA/int-ca/ca-chain.pem ["OVN_Northbound", {"op": "wait", "timeout": 0, "table": "Port_Group", "where": [["name", "==", "neutron_pg_drop"]], "until": "==", "rows": []}, {"op": "insert", "table": "ACL", "row": {"action": "drop", "direction": "to-lport", "match": "outport == @neutron_pg_drop && ip", "priority": 1000}, "uuid-name": "droptoport"}, {"op": "insert", "table": "ACL", "row": {"action": "drop", "direction": "from-lport", "match": "inport == @neutron_pg_drop && ip", "priority": 1000}, "uuid-name": "dropfromport"}, {"op": "insert", "table": "Port_Group", "row": {"name": "neutron_pg_drop", "acls": ["set", [["named-uuid", "droptoport"], ["named-uuid", "dropfromport"]]]}}] {{(pid=101806) execute /opt/stack/data/venv/lib/python3.12/site-packages/oslo_concurrency/processutils.py:440}}
Aug 31 07:33:32.446467 np0000191576 devstack@neutron-api.service[101804]: DEBUG neutron.api.extensions [None req-9acf3bc1-9b92-4c61-a5cd-202b23e13edd None None] Extended resource: tags {{(pid=101804) __init__ /opt/stack/neutron/neutron/api/extensions.py:156}}
Aug 31 07:33:32.446533 np0000191576 devstack@neutron-api.service[101803]: DEBUG neutron.api.extensions [None req-04e61e6c-829b-4d81-b99e-28e15cd3a3b7 None None] Loading extension file: stateful_security_group.py {{(pid=101803) _load_all_extensions_from_path /opt/stack/neutron/neutron/api/extensions.py:449}}
Aug 31 07:33:32.446593 np0000191576 devstack@neutron-api.service[101804]: DEBUG neutron.api.extensions [None req-9acf3bc1-9b92-4c61-a5cd-202b23e13edd None None] Extended resource: tags {{(pid=101804) __init__ /opt/stack/neutron/neutron/api/extensions.py:156}}
Aug 31 07:33:32.446653 np0000191576 devstack@neutron-api.service[101803]: DEBUG neutron.api.extensions [None req-04e61e6c-829b-4d81-b99e-28e15cd3a3b7 None None] Ext name="Stateful security group" alias="stateful-security-group" description="Indicates if the security group is stateful or not" updated="2019-11-26T09:00:00-00:00" {{(pid=101803) _check_extension /opt/stack/neutron/neutron/api/extensions.py:415}}
Aug 31 07:33:32.446653 np0000191576 devstack@neutron-api.service[101803]: INFO neutron.api.extensions [None req-04e61e6c-829b-4d81-b99e-28e15cd3a3b7 None None] Loaded extension: stateful-security-group
Aug 31 07:33:32.446653 np0000191576 devstack@neutron-api.service[101803]: DEBUG neutron.api.extensions [None req-04e61e6c-829b-4d81-b99e-28e15cd3a3b7 None None] Loading extension file: stdattrs_common.py {{(pid=101803) _load_all_extensions_from_path /opt/stack/neutron/neutron/api/extensions.py:449}}
Aug 31 07:33:32.446653 np0000191576 devstack@neutron-api.service[101803]: WARNING neutron.api.extensions [None req-04e61e6c-829b-4d81-b99e-28e15cd3a3b7 None None] Did not find expected name "Stdattrs_common" in /opt/stack/neutron/neutron/extensions/stdattrs_common.py
Aug 31 07:33:32.446822 np0000191576 devstack@neutron-api.service[101804]: DEBUG neutron.api.extensions [None req-9acf3bc1-9b92-4c61-a5cd-202b23e13edd None None] Extended resource: tags {{(pid=101804) __init__ /opt/stack/neutron/neutron/api/extensions.py:156}}
Aug 31 07:33:32.447040 np0000191576 devstack@neutron-api.service[101803]: DEBUG neutron.api.extensions [None req-04e61e6c-829b-4d81-b99e-28e15cd3a3b7 None None] Loading extension file: subnet_dns_publish_fixed_ip.py {{(pid=101803) _load_all_extensions_from_path /opt/stack/neutron/neutron/api/extensions.py:449}}
Aug 31 07:33:32.447342 np0000191576 devstack@neutron-api.service[101803]: DEBUG neutron.api.extensions [None req-04e61e6c-829b-4d81-b99e-28e15cd3a3b7 None None] Ext name="Subnet DNS publish fixed IP" alias="subnet-dns-publish-fixed-ip" description="Support choosing to publish DNS records for IPs from a subnet" updated="2019-05-24T10:00:00-00:00" {{(pid=101803) _check_extension /opt/stack/neutron/neutron/api/extensions.py:415}}
Aug 31 07:33:32.447770 np0000191576 devstack@neutron-api.service[101803]: INFO neutron.api.extensions [None req-04e61e6c-829b-4d81-b99e-28e15cd3a3b7 None None] Loaded extension: subnet-dns-publish-fixed-ip
Aug 31 07:33:32.447770 np0000191576 devstack@neutron-api.service[101803]: DEBUG neutron.api.extensions [None req-04e61e6c-829b-4d81-b99e-28e15cd3a3b7 None None] Loading extension file: subnet_external_network.py {{(pid=101803) _load_all_extensions_from_path /opt/stack/neutron/neutron/api/extensions.py:449}}
Aug 31 07:33:32.448009 np0000191576 devstack@neutron-api.service[101803]: DEBUG neutron.api.extensions [None req-04e61e6c-829b-4d81-b99e-28e15cd3a3b7 None None] Ext name="Subnet belongs to an external network" alias="subnet-external-network" description="Informs if the subnet belongs to an external network" updated="2024-02-05T18:00:00-00:00" {{(pid=101803) _check_extension /opt/stack/neutron/neutron/api/extensions.py:415}}
Aug 31 07:33:32.448135 np0000191576 devstack@neutron-api.service[101803]: INFO neutron.api.extensions [None req-04e61e6c-829b-4d81-b99e-28e15cd3a3b7 None None] Loaded extension: subnet-external-network
Aug 31 07:33:32.448205 np0000191576 devstack@neutron-api.service[101803]: DEBUG neutron.api.extensions [None req-04e61e6c-829b-4d81-b99e-28e15cd3a3b7 None None] Loading extension file: subnet_onboard.py {{(pid=101803) _load_all_extensions_from_path /opt/stack/neutron/neutron/api/extensions.py:449}}
Aug 31 07:33:32.448516 np0000191576 devstack@neutron-api.service[101803]: DEBUG neutron.api.extensions [None req-04e61e6c-829b-4d81-b99e-28e15cd3a3b7 None None] Ext name="Subnet Onboard" alias="subnet_onboard" description="Provides support for onboarding subnets into subnet pools" updated="2018-12-18T09:00:00-00:00" {{(pid=101803) _check_extension /opt/stack/neutron/neutron/api/extensions.py:415}}
Aug 31 07:33:32.448687 np0000191576 devstack@neutron-api.service[101803]: INFO neutron.api.extensions [None req-04e61e6c-829b-4d81-b99e-28e15cd3a3b7 None None] Loaded extension: subnet_onboard
Aug 31 07:33:32.448827 np0000191576 devstack@neutron-api.service[101803]: DEBUG neutron.api.extensions [None req-04e61e6c-829b-4d81-b99e-28e15cd3a3b7 None None] Loading extension file: subnet_segmentid_writable.py {{(pid=101803) _load_all_extensions_from_path /opt/stack/neutron/neutron/api/extensions.py:449}}
Aug 31 07:33:32.449044 np0000191576 devstack@neutron-api.service[101803]: DEBUG neutron.api.extensions [None req-04e61e6c-829b-4d81-b99e-28e15cd3a3b7 None None] Ext name="Subnet SegmentID (writable)" alias="subnet-segmentid-writable" description="Provides a writable segment_id attribute for a subnet resource." updated="2018-03-12T00:00:00-00:00" {{(pid=101803) _check_extension /opt/stack/neutron/neutron/api/extensions.py:415}}
Aug 31 07:33:32.449213 np0000191576 devstack@neutron-api.service[101803]: INFO neutron.api.extensions [None req-04e61e6c-829b-4d81-b99e-28e15cd3a3b7 None None] Extension subnet-segmentid-writable not supported by any of loaded plugins
Aug 31 07:33:32.449337 np0000191576 devstack@neutron-api.service[101803]: DEBUG neutron.api.extensions [None req-04e61e6c-829b-4d81-b99e-28e15cd3a3b7 None None] Loading extension file: subnet_service_types.py {{(pid=101803) _load_all_extensions_from_path /opt/stack/neutron/neutron/api/extensions.py:449}}
Aug 31 07:33:32.449566 np0000191576 devstack@neutron-api.service[101803]: DEBUG neutron.api.extensions [None req-04e61e6c-829b-4d81-b99e-28e15cd3a3b7 None None] Ext name="Subnet service types" alias="subnet-service-types" description="Provides ability to set the subnet service_types field" updated="2016-03-15T18:00:00-00:00" {{(pid=101803) _check_extension /opt/stack/neutron/neutron/api/extensions.py:415}}
Aug 31 07:33:32.449739 np0000191576 devstack@neutron-api.service[101803]: INFO neutron.api.extensions [None req-04e61e6c-829b-4d81-b99e-28e15cd3a3b7 None None] Loaded extension: subnet-service-types
Aug 31 07:33:32.449810 np0000191576 devstack@neutron-api.service[101803]: DEBUG neutron.api.extensions [None req-04e61e6c-829b-4d81-b99e-28e15cd3a3b7 None None] Loading extension file: subnetallocation.py {{(pid=101803) _load_all_extensions_from_path /opt/stack/neutron/neutron/api/extensions.py:449}}
Aug 31 07:33:32.450254 np0000191576 devstack@neutron-api.service[101803]: DEBUG neutron.api.extensions [None req-04e61e6c-829b-4d81-b99e-28e15cd3a3b7 None None] Ext name="Subnet Allocation" alias="subnet_allocation" description="Enables allocation of subnets from a subnet pool" updated="2015-03-30T10:00:00-00:00" {{(pid=101803) _check_extension /opt/stack/neutron/neutron/api/extensions.py:415}}
Aug 31 07:33:32.450632 np0000191576 devstack@neutron-api.service[101803]: INFO neutron.api.extensions [None req-04e61e6c-829b-4d81-b99e-28e15cd3a3b7 None None] Loaded extension: subnet_allocation
Aug 31 07:33:32.450632 np0000191576 devstack@neutron-api.service[101803]: DEBUG neutron.api.extensions [None req-04e61e6c-829b-4d81-b99e-28e15cd3a3b7 None None] Loading extension file: subnetpool_prefix_ops.py {{(pid=101803) _load_all_extensions_from_path /opt/stack/neutron/neutron/api/extensions.py:449}}
Aug 31 07:33:32.450861 np0000191576 devstack@neutron-api.service[101803]: DEBUG neutron.api.extensions [None req-04e61e6c-829b-4d81-b99e-28e15cd3a3b7 None None] Ext name="Subnet Pool Prefix Operations" alias="subnetpool-prefix-ops" description="Provides support for adjusting the prefix list of subnet pools" updated="2019-02-08T10:00:00-00:00" {{(pid=101803) _check_extension /opt/stack/neutron/neutron/api/extensions.py:415}}
Aug 31 07:33:32.451040 np0000191576 devstack@neutron-api.service[101803]: INFO neutron.api.extensions [None req-04e61e6c-829b-4d81-b99e-28e15cd3a3b7 None None] Loaded extension: subnetpool-prefix-ops
Aug 31 07:33:32.451128 np0000191576 devstack@neutron-api.service[101803]: DEBUG neutron.api.extensions [None req-04e61e6c-829b-4d81-b99e-28e15cd3a3b7 None None] Loading extension file: tag_creation.py {{(pid=101803) _load_all_extensions_from_path /opt/stack/neutron/neutron/api/extensions.py:449}}
Aug 31 07:33:32.451435 np0000191576 devstack@neutron-api.service[101803]: DEBUG neutron.api.extensions [None req-04e61e6c-829b-4d81-b99e-28e15cd3a3b7 None None] Ext name="Tag creation extension" alias="tag-creation" description="Allow to create multiple tags for a resource" updated="2024-23-07T10:00:00-00:00" {{(pid=101803) _check_extension /opt/stack/neutron/neutron/api/extensions.py:415}}
Aug 31 07:33:32.451540 np0000191576 devstack@neutron-api.service[101803]: INFO neutron.api.extensions [None req-04e61e6c-829b-4d81-b99e-28e15cd3a3b7 None None] Loaded extension: tag-creation
Aug 31 07:33:32.451665 np0000191576 devstack@neutron-api.service[101803]: DEBUG neutron.api.extensions [None req-04e61e6c-829b-4d81-b99e-28e15cd3a3b7 None None] Loading extension file: tag_ports_during_bulk_creation.py {{(pid=101803) _load_all_extensions_from_path /opt/stack/neutron/neutron/api/extensions.py:449}}
Aug 31 07:33:32.451955 np0000191576 devstack@neutron-api.service[101803]: DEBUG neutron.api.extensions [None req-04e61e6c-829b-4d81-b99e-28e15cd3a3b7 None None] Ext name="Tag Ports During Bulk Creation" alias="tag-ports-during-bulk-creation" description="Allow to tag ports during bulk creation" updated="2019-12-29T19:00:00-00:00" {{(pid=101803) _check_extension /opt/stack/neutron/neutron/api/extensions.py:415}}
Aug 31 07:33:32.451955 np0000191576 devstack@neutron-api.service[101803]: INFO neutron.api.extensions [None req-04e61e6c-829b-4d81-b99e-28e15cd3a3b7 None None] Extension tag-ports-during-bulk-creation not supported by any of loaded plugins
Aug 31 07:33:32.452118 np0000191576 devstack@neutron-api.service[101803]: DEBUG neutron.api.extensions [None req-04e61e6c-829b-4d81-b99e-28e15cd3a3b7 None None] Loading extension file: tagging.py {{(pid=101803) _load_all_extensions_from_path /opt/stack/neutron/neutron/api/extensions.py:449}}
Aug 31 07:33:32.452940 np0000191576 devstack@neutron-api.service[101803]: DEBUG neutron.api.extensions [None req-04e61e6c-829b-4d81-b99e-28e15cd3a3b7 None None] Ext name="Tag support for resources with standard attribute: port, subnet, subnetpool, network, security_group, router, floatingip, policy, trunk, network_segment_range" alias="standard-attr-tag" description="Enables to set tag on resources with standard attribute." updated="2017-01-01T00:00:00-00:00" {{(pid=101803) _check_extension /opt/stack/neutron/neutron/api/extensions.py:415}}
Aug 31 07:33:32.453144 np0000191576 devstack@neutron-api.service[101803]: INFO neutron.api.extensions [None req-04e61e6c-829b-4d81-b99e-28e15cd3a3b7 None None] Loaded extension: standard-attr-tag
Aug 31 07:33:32.453254 np0000191576 devstack@neutron-api.service[101803]: DEBUG neutron.api.extensions [None req-04e61e6c-829b-4d81-b99e-28e15cd3a3b7 None None] Loading extension file: timestamp.py {{(pid=101803) _load_all_extensions_from_path /opt/stack/neutron/neutron/api/extensions.py:449}}
Aug 31 07:33:32.453480 np0000191576 devstack@neutron-api.service[101803]: DEBUG neutron.api.extensions [None req-04e61e6c-829b-4d81-b99e-28e15cd3a3b7 None None] Ext name="Resource timestamps" alias="standard-attr-timestamp" description="Adds created_at and updated_at fields to all Neutron resources that have Neutron standard attributes." updated="2016-09-12T10:00:00-00:00" {{(pid=101803) _check_extension /opt/stack/neutron/neutron/api/extensions.py:415}}
Aug 31 07:33:32.453636 np0000191576 devstack@neutron-api.service[101803]: INFO neutron.api.extensions [None req-04e61e6c-829b-4d81-b99e-28e15cd3a3b7 None None] Loaded extension: standard-attr-timestamp
Aug 31 07:33:32.453744 np0000191576 devstack@neutron-api.service[101803]: DEBUG neutron.api.extensions [None req-04e61e6c-829b-4d81-b99e-28e15cd3a3b7 None None] Loading extension file: trunk.py {{(pid=101803) _load_all_extensions_from_path /opt/stack/neutron/neutron/api/extensions.py:449}}
Aug 31 07:33:32.453955 np0000191576 devstack@neutron-api.service[101803]: DEBUG neutron.api.extensions [None req-04e61e6c-829b-4d81-b99e-28e15cd3a3b7 None None] Ext name="Trunk Extension" alias="trunk" description="Provides support for trunk ports" updated="2016-01-01T10:00:00-00:00" {{(pid=101803) _check_extension /opt/stack/neutron/neutron/api/extensions.py:415}}
Aug 31 07:33:32.454231 np0000191576 devstack@neutron-api.service[101803]: INFO neutron.api.extensions [None req-04e61e6c-829b-4d81-b99e-28e15cd3a3b7 None None] Extension trunk not supported by any of loaded plugins
Aug 31 07:33:32.454231 np0000191576 devstack@neutron-api.service[101803]: DEBUG neutron.api.extensions [None req-04e61e6c-829b-4d81-b99e-28e15cd3a3b7 None None] Loading extension file: trunk_details.py {{(pid=101803) _load_all_extensions_from_path /opt/stack/neutron/neutron/api/extensions.py:449}}
Aug 31 07:33:32.454493 np0000191576 devstack@neutron-api.service[101803]: DEBUG neutron.api.extensions [None req-04e61e6c-829b-4d81-b99e-28e15cd3a3b7 None None] Ext name="Trunk port details" alias="trunk-details" description="Expose trunk port details" updated="2016-01-01T10:00:00-00:00" {{(pid=101803) _check_extension /opt/stack/neutron/neutron/api/extensions.py:415}}
Aug 31 07:33:32.454618 np0000191576 devstack@neutron-api.service[101803]: INFO neutron.api.extensions [None req-04e61e6c-829b-4d81-b99e-28e15cd3a3b7 None None] Extension trunk-details not supported by any of loaded plugins
Aug 31 07:33:32.454702 np0000191576 devstack@neutron-api.service[101803]: DEBUG neutron.api.extensions [None req-04e61e6c-829b-4d81-b99e-28e15cd3a3b7 None None] Loading extension file: uplink_status_propagation.py {{(pid=101803) _load_all_extensions_from_path /opt/stack/neutron/neutron/api/extensions.py:449}}
Aug 31 07:33:32.454921 np0000191576 devstack@neutron-api.service[101803]: DEBUG neutron.api.extensions [None req-04e61e6c-829b-4d81-b99e-28e15cd3a3b7 None None] Ext name="Uplink status propagation extension" alias="uplink-status-propagation" description="Provides ability to propagate port uplink status." updated="2018-05-31T18:00:00-00:00" {{(pid=101803) _check_extension /opt/stack/neutron/neutron/api/extensions.py:415}}
Aug 31 07:33:32.455263 np0000191576 devstack@neutron-api.service[101803]: INFO neutron.api.extensions [None req-04e61e6c-829b-4d81-b99e-28e15cd3a3b7 None None] Extension uplink-status-propagation not supported by any of loaded plugins
Aug 31 07:33:32.455263 np0000191576 devstack@neutron-api.service[101803]: DEBUG neutron.api.extensions [None req-04e61e6c-829b-4d81-b99e-28e15cd3a3b7 None None] Loading extension file: uplink_status_propagation_updatable.py {{(pid=101803) _load_all_extensions_from_path /opt/stack/neutron/neutron/api/extensions.py:449}}
Aug 31 07:33:32.455452 np0000191576 devstack@neutron-api.service[101803]: DEBUG neutron.api.extensions [None req-04e61e6c-829b-4d81-b99e-28e15cd3a3b7 None None] Ext name="Uplink status propagation updatable extension" alias="uplink-status-propagation-updatable" description="Provides ability to update the port uplink status." updated="2024-09-03T18:00:00-00:00" {{(pid=101803) _check_extension /opt/stack/neutron/neutron/api/extensions.py:415}}
Aug 31 07:33:32.455587 np0000191576 devstack@neutron-api.service[101803]: INFO neutron.api.extensions [None req-04e61e6c-829b-4d81-b99e-28e15cd3a3b7 None None] Extension uplink-status-propagation-updatable not supported by any of loaded plugins
Aug 31 07:33:32.455587 np0000191576 devstack@neutron-api.service[101803]: DEBUG neutron.api.extensions [None req-04e61e6c-829b-4d81-b99e-28e15cd3a3b7 None None] Loading extension file: vlantransparent.py {{(pid=101803) _load_all_extensions_from_path /opt/stack/neutron/neutron/api/extensions.py:449}}
Aug 31 07:33:32.455880 np0000191576 devstack@neutron-api.service[101803]: DEBUG neutron.api.extensions [None req-04e61e6c-829b-4d81-b99e-28e15cd3a3b7 None None] Ext name="Vlantransparent" alias="vlan-transparent" description="Provides Vlan Transparent Networks" updated="2015-03-23T09:00:00-00:00" {{(pid=101803) _check_extension /opt/stack/neutron/neutron/api/extensions.py:415}}
Aug 31 07:33:32.456075 np0000191576 devstack@neutron-api.service[101803]: INFO neutron.api.extensions [None req-04e61e6c-829b-4d81-b99e-28e15cd3a3b7 None None] Loaded extension: vlan-transparent
Aug 31 07:33:32.456159 np0000191576 devstack@neutron-api.service[101804]: DEBUG neutron_lib.callbacks.manager [None req-9acf3bc1-9b92-4c61-a5cd-202b23e13edd None None] Publish callbacks ['neutron.plugins.ml2.drivers.ovn.mech_driver.mech_driver.OVNMechanismDriver.pre_fork_initialize-1928060'] for process (None), before_spawn {{(pid=101804) _notify_loop /opt/stack/data/venv/lib/python3.12/site-packages/neutron_lib/callbacks/manager.py:184}}
Aug 31 07:33:32.456597 np0000191576 devstack@neutron-api.service[101804]: DEBUG oslo_concurrency.processutils [None req-9acf3bc1-9b92-4c61-a5cd-202b23e13edd None None] Running cmd (subprocess): ovsdb-client transact ssl:162.253.55.56:6641 --timeout 180 -p /opt/stack/data/CA/int-ca/private/devstack-cert.key -c /opt/stack/data/CA/int-ca/devstack-cert.crt -C /opt/stack/data/CA/int-ca/ca-chain.pem ["OVN_Northbound", {"op": "wait", "timeout": 0, "table": "Port_Group", "where": [["name", "==", "neutron_pg_drop"]], "until": "==", "rows": []}, {"op": "insert", "table": "ACL", "row": {"action": "drop", "direction": "to-lport", "match": "outport == @neutron_pg_drop && ip", "priority": 1000}, "uuid-name": "droptoport"}, {"op": "insert", "table": "ACL", "row": {"action": "drop", "direction": "from-lport", "match": "inport == @neutron_pg_drop && ip", "priority": 1000}, "uuid-name": "dropfromport"}, {"op": "insert", "table": "Port_Group", "row": {"name": "neutron_pg_drop", "acls": ["set", [["named-uuid", "droptoport"], ["named-uuid", "dropfromport"]]]}}] {{(pid=101804) execute /opt/stack/data/venv/lib/python3.12/site-packages/oslo_concurrency/processutils.py:440}}
Aug 31 07:33:32.457861 np0000191576 devstack@neutron-api.service[101803]: INFO neutron.quota.resource_registry [None req-04e61e6c-829b-4d81-b99e-28e15cd3a3b7 None None] Creating instance of TrackedResource for resource:network
Aug 31 07:33:32.458011 np0000191576 devstack@neutron-api.service[101803]: INFO neutron.quota.resource_registry [None req-04e61e6c-829b-4d81-b99e-28e15cd3a3b7 None None] Creating instance of TrackedResource for resource:subnet
Aug 31 07:33:32.458095 np0000191576 devstack@neutron-api.service[101803]: INFO neutron.quota.resource_registry [None req-04e61e6c-829b-4d81-b99e-28e15cd3a3b7 None None] Creating instance of TrackedResource for resource:subnetpool
Aug 31 07:33:32.458241 np0000191576 devstack@neutron-api.service[101803]: INFO neutron.quota.resource_registry [None req-04e61e6c-829b-4d81-b99e-28e15cd3a3b7 None None] Creating instance of TrackedResource for resource:port
Aug 31 07:33:32.459796 np0000191576 devstack@neutron-api.service[101803]: INFO neutron.quota.resource_registry [None req-04e61e6c-829b-4d81-b99e-28e15cd3a3b7 None None] Creating instance of CountableResource for resource:router_route
Aug 31 07:33:32.459944 np0000191576 devstack@neutron-api.service[101803]: DEBUG neutron.api.v2.resource_helper [None req-04e61e6c-829b-4d81-b99e-28e15cd3a3b7 None None] Service L3_ROUTER_NAT assigned prefix: {{(pid=101803) build_resource_info /opt/stack/neutron/neutron/api/v2/resource_helper.py:77}}
Aug 31 07:33:32.460358 np0000191576 devstack@neutron-api.service[101803]: DEBUG neutron.api.v2.resource_helper [None req-04e61e6c-829b-4d81-b99e-28e15cd3a3b7 None None] Service FLAVORS assigned prefix: {{(pid=101803) build_resource_info /opt/stack/neutron/neutron/api/v2/resource_helper.py:77}}
Aug 31 07:33:32.461379 np0000191576 devstack@neutron-api.service[101803]: DEBUG neutron.api.v2.resource_helper [None req-04e61e6c-829b-4d81-b99e-28e15cd3a3b7 None None] Service L3_ROUTER_NAT assigned prefix: {{(pid=101803) build_resource_info /opt/stack/neutron/neutron/api/v2/resource_helper.py:77}}
Aug 31 07:33:32.461709 np0000191576 devstack@neutron-api.service[101803]: DEBUG neutron.api.v2.resource_helper [None req-04e61e6c-829b-4d81-b99e-28e15cd3a3b7 None None] Service L3_ROUTER_NAT assigned prefix: {{(pid=101803) build_resource_info /opt/stack/neutron/neutron/api/v2/resource_helper.py:77}}
Aug 31 07:33:32.461824 np0000191576 devstack@neutron-api.service[101803]: INFO neutron.quota.resource_registry [None req-04e61e6c-829b-4d81-b99e-28e15cd3a3b7 None None] Creating instance of TrackedResource for resource:router
Aug 31 07:33:32.462185 np0000191576 devstack@neutron-api.service[101803]: INFO neutron.quota.resource_registry [None req-04e61e6c-829b-4d81-b99e-28e15cd3a3b7 None None] Creating instance of TrackedResource for resource:floatingip
Aug 31 07:33:32.463392 np0000191576 devstack@neutron-api.service[101803]: INFO neutron.quota.resource_registry [None req-04e61e6c-829b-4d81-b99e-28e15cd3a3b7 None None] Creating instance of CountableResource for resource:rbac_policy
Aug 31 07:33:32.464076 np0000191576 devstack@neutron-api.service[101803]: INFO neutron.quota.resource_registry [None req-04e61e6c-829b-4d81-b99e-28e15cd3a3b7 None None] Creating instance of TrackedResource for resource:security_group
Aug 31 07:33:32.464530 np0000191576 devstack@neutron-api.service[101803]: INFO neutron.quota.resource_registry [None req-04e61e6c-829b-4d81-b99e-28e15cd3a3b7 None None] Creating instance of TrackedResource for resource:security_group_rule
Aug 31 07:33:32.466820 np0000191576 devstack@neutron-api.service[101803]: DEBUG neutron.api.v2.resource_helper [None req-04e61e6c-829b-4d81-b99e-28e15cd3a3b7 None None] Service CORE assigned prefix: {{(pid=101803) build_resource_info /opt/stack/neutron/neutron/api/v2/resource_helper.py:77}}
Aug 31 07:33:32.466919 np0000191576 devstack@neutron-api.service[101803]: INFO neutron.quota.resource_registry [None req-04e61e6c-829b-4d81-b99e-28e15cd3a3b7 None None] Creating instance of TrackedResource for resource:subnetpool
Aug 31 07:33:32.467051 np0000191576 devstack@neutron-api.service[101803]: WARNING neutron.quota.resource_registry [None req-04e61e6c-829b-4d81-b99e-28e15cd3a3b7 None None] subnetpool is already registered
Aug 31 07:33:32.467440 np0000191576 devstack@neutron-api.service[101803]: DEBUG neutron.api.v2.resource_helper [None req-04e61e6c-829b-4d81-b99e-28e15cd3a3b7 None None] Service CORE assigned prefix: {{(pid=101803) build_resource_info /opt/stack/neutron/neutron/api/v2/resource_helper.py:77}}
Aug 31 07:33:32.467516 np0000191576 devstack@neutron-api.service[101803]: INFO neutron.quota.resource_registry [None req-04e61e6c-829b-4d81-b99e-28e15cd3a3b7 None None] Creating instance of TrackedResource for resource:subnetpool
Aug 31 07:33:32.467648 np0000191576 devstack@neutron-api.service[101803]: WARNING neutron.quota.resource_registry [None req-04e61e6c-829b-4d81-b99e-28e15cd3a3b7 None None] subnetpool is already registered
Aug 31 07:33:32.473556 np0000191576 devstack@neutron-api.service[101803]: INFO neutron.quota.resource_registry [None req-04e61e6c-829b-4d81-b99e-28e15cd3a3b7 None None] Creating instance of CountableResource for resource:router_route
Aug 31 07:33:32.476772 np0000191576 devstack@neutron-api.service[101803]: WARNING neutron.quota.resource_registry [None req-04e61e6c-829b-4d81-b99e-28e15cd3a3b7 None None] router_route is already registered
Aug 31 07:33:32.477052 np0000191576 devstack@neutron-api.service[101803]: DEBUG neutron.api.v2.resource_helper [None req-04e61e6c-829b-4d81-b99e-28e15cd3a3b7 None None] Service L3_ROUTER_NAT assigned prefix: {{(pid=101803) build_resource_info /opt/stack/neutron/neutron/api/v2/resource_helper.py:77}}
Aug 31 07:33:32.477771 np0000191576 devstack@neutron-api.service[101803]: DEBUG neutron.api.v2.resource_helper [None req-04e61e6c-829b-4d81-b99e-28e15cd3a3b7 None None] Service FLAVORS assigned prefix: {{(pid=101803) build_resource_info /opt/stack/neutron/neutron/api/v2/resource_helper.py:77}}
Aug 31 07:33:32.478934 np0000191576 devstack@neutron-api.service[101803]: DEBUG neutron.api.v2.resource_helper [None req-04e61e6c-829b-4d81-b99e-28e15cd3a3b7 None None] Service L3_ROUTER_NAT assigned prefix: {{(pid=101803) build_resource_info /opt/stack/neutron/neutron/api/v2/resource_helper.py:77}}
Aug 31 07:33:32.480974 np0000191576 devstack@neutron-api.service[101803]: DEBUG neutron.api.v2.resource_helper [None req-04e61e6c-829b-4d81-b99e-28e15cd3a3b7 None None] Service L3_ROUTER_NAT assigned prefix: {{(pid=101803) build_resource_info /opt/stack/neutron/neutron/api/v2/resource_helper.py:77}}
Aug 31 07:33:32.481156 np0000191576 devstack@neutron-api.service[101803]: INFO neutron.quota.resource_registry [None req-04e61e6c-829b-4d81-b99e-28e15cd3a3b7 None None] Creating instance of TrackedResource for resource:router
Aug 31 07:33:32.481365 np0000191576 devstack@neutron-api.service[101803]: WARNING neutron.quota.resource_registry [None req-04e61e6c-829b-4d81-b99e-28e15cd3a3b7 None None] router is already registered
Aug 31 07:33:32.482029 np0000191576 devstack@neutron-api.service[101803]: INFO neutron.quota.resource_registry [None req-04e61e6c-829b-4d81-b99e-28e15cd3a3b7 None None] Creating instance of TrackedResource for resource:floatingip
Aug 31 07:33:32.482186 np0000191576 devstack@neutron-api.service[101803]: WARNING neutron.quota.resource_registry [None req-04e61e6c-829b-4d81-b99e-28e15cd3a3b7 None None] floatingip is already registered
Aug 31 07:33:32.483048 np0000191576 devstack@neutron-api.service[101806]: DEBUG oslo_concurrency.processutils [None req-55385935-123d-461d-bb29-38c5cc584ce7 None None] CMD "ovsdb-client transact ssl:162.253.55.56:6641 --timeout 180 -p /opt/stack/data/CA/int-ca/private/devstack-cert.key -c /opt/stack/data/CA/int-ca/devstack-cert.crt -C /opt/stack/data/CA/int-ca/ca-chain.pem ["OVN_Northbound", {"op": "wait", "timeout": 0, "table": "Port_Group", "where": [["name", "==", "neutron_pg_drop"]], "until": "==", "rows": []}, {"op": "insert", "table": "ACL", "row": {"action": "drop", "direction": "to-lport", "match": "outport == @neutron_pg_drop && ip", "priority": 1000}, "uuid-name": "droptoport"}, {"op": "insert", "table": "ACL", "row": {"action": "drop", "direction": "from-lport", "match": "inport == @neutron_pg_drop && ip", "priority": 1000}, "uuid-name": "dropfromport"}, {"op": "insert", "table": "Port_Group", "row": {"name": "neutron_pg_drop", "acls": ["set", [["named-uuid", "droptoport"], ["named-uuid", "dropfromport"]]]}}]" returned: 0 in 0.038s {{(pid=101806) execute /opt/stack/data/venv/lib/python3.12/site-packages/oslo_concurrency/processutils.py:468}}
Aug 31 07:33:32.483368 np0000191576 devstack@neutron-api.service[101803]: INFO neutron.quota.resource_registry [None req-04e61e6c-829b-4d81-b99e-28e15cd3a3b7 None None] Creating instance of CountableResource for resource:rbac_policy
Aug 31 07:33:32.483445 np0000191576 devstack@neutron-api.service[101806]: DEBUG neutron_lib.callbacks.manager [None req-55385935-123d-461d-bb29-38c5cc584ce7 None None] Publish callbacks ['neutron.plugins.ml2.drivers.ovn.mech_driver.mech_driver.OVNMechanismDriver.post_fork_initialize-1918185', 'neutron.services.pvlan.drivers.ovn.driver._initialize_pvlan_pg_drop-7800517143172', 'neutron.services.ovn_l3.plugin.OVNL3RouterPlugin._post_fork_initialize-666247'] for process (None), after_init {{(pid=101806) _notify_loop /opt/stack/data/venv/lib/python3.12/site-packages/neutron_lib/callbacks/manager.py:184}}
Aug 31 07:33:32.483525 np0000191576 devstack@neutron-api.service[101803]: WARNING neutron.quota.resource_registry [None req-04e61e6c-829b-4d81-b99e-28e15cd3a3b7 None None] rbac_policy is already registered
Aug 31 07:33:32.483768 np0000191576 devstack@neutron-api.service[101806]: DEBUG oslo_concurrency.lockutils [None req-55385935-123d-461d-bb29-38c5cc584ce7 None None] Acquiring lock "singleton_lock" {{(pid=101806) lock /opt/stack/data/venv/lib/python3.12/site-packages/oslo_concurrency/lockutils.py:396}}
Aug 31 07:33:32.483768 np0000191576 devstack@neutron-api.service[101806]: DEBUG oslo_concurrency.lockutils [None req-55385935-123d-461d-bb29-38c5cc584ce7 None None] Acquired lock "singleton_lock" {{(pid=101806) lock /opt/stack/data/venv/lib/python3.12/site-packages/oslo_concurrency/lockutils.py:399}}
Aug 31 07:33:32.484052 np0000191576 devstack@neutron-api.service[101806]: DEBUG oslo_concurrency.lockutils [None req-55385935-123d-461d-bb29-38c5cc584ce7 None None] Releasing lock "singleton_lock" {{(pid=101806) lock /opt/stack/data/venv/lib/python3.12/site-packages/oslo_concurrency/lockutils.py:419}}
Aug 31 07:33:32.484179 np0000191576 devstack@neutron-api.service[101803]: INFO neutron.quota.resource_registry [None req-04e61e6c-829b-4d81-b99e-28e15cd3a3b7 None None] Creating instance of TrackedResource for resource:security_group
Aug 31 07:33:32.484309 np0000191576 devstack@neutron-api.service[101803]: WARNING neutron.quota.resource_registry [None req-04e61e6c-829b-4d81-b99e-28e15cd3a3b7 None None] security_group is already registered
Aug 31 07:33:32.484710 np0000191576 devstack@neutron-api.service[101803]: INFO neutron.quota.resource_registry [None req-04e61e6c-829b-4d81-b99e-28e15cd3a3b7 None None] Creating instance of TrackedResource for resource:security_group_rule
Aug 31 07:33:32.484902 np0000191576 devstack@neutron-api.service[101803]: WARNING neutron.quota.resource_registry [None req-04e61e6c-829b-4d81-b99e-28e15cd3a3b7 None None] security_group_rule is already registered
Aug 31 07:33:32.485350 np0000191576 devstack@neutron-api.service[101803]: DEBUG neutron.api.v2.resource_helper [None req-04e61e6c-829b-4d81-b99e-28e15cd3a3b7 None None] Service CORE assigned prefix: {{(pid=101803) build_resource_info /opt/stack/neutron/neutron/api/v2/resource_helper.py:77}}
Aug 31 07:33:32.485483 np0000191576 devstack@neutron-api.service[101803]: INFO neutron.quota.resource_registry [None req-04e61e6c-829b-4d81-b99e-28e15cd3a3b7 None None] Creating instance of TrackedResource for resource:subnetpool
Aug 31 07:33:32.485599 np0000191576 devstack@neutron-api.service[101803]: WARNING neutron.quota.resource_registry [None req-04e61e6c-829b-4d81-b99e-28e15cd3a3b7 None None] subnetpool is already registered
Aug 31 07:33:32.485958 np0000191576 devstack@neutron-api.service[101803]: DEBUG neutron.api.v2.resource_helper [None req-04e61e6c-829b-4d81-b99e-28e15cd3a3b7 None None] Service CORE assigned prefix: {{(pid=101803) build_resource_info /opt/stack/neutron/neutron/api/v2/resource_helper.py:77}}
Aug 31 07:33:32.486000 np0000191576 devstack@neutron-api.service[101806]: DEBUG neutron.plugins.ml2.drivers.ovn.mech_driver.mech_driver [None req-55385935-123d-461d-bb29-38c5cc584ce7 None None] Hash Ring setup using WSGI start time 2026-08-31 07:33:31+00:00 {{(pid=101806) _init_hash_ring /opt/stack/neutron/neutron/plugins/ml2/drivers/ovn/mech_driver/mech_driver.py:382}}
Aug 31 07:33:32.486067 np0000191576 devstack@neutron-api.service[101803]: INFO neutron.quota.resource_registry [None req-04e61e6c-829b-4d81-b99e-28e15cd3a3b7 None None] Creating instance of TrackedResource for resource:subnetpool
Aug 31 07:33:32.486194 np0000191576 devstack@neutron-api.service[101803]: WARNING neutron.quota.resource_registry [None req-04e61e6c-829b-4d81-b99e-28e15cd3a3b7 None None] subnetpool is already registered
Aug 31 07:33:32.486730 np0000191576 devstack@neutron-api.service[101803]: DEBUG neutron.api.extensions [None req-04e61e6c-829b-4d81-b99e-28e15cd3a3b7 None None] Extended resource: extensions {{(pid=101803) __init__ /opt/stack/neutron/neutron/api/extensions.py:156}}
Aug 31 07:33:32.490020 np0000191576 devstack@neutron-api.service[101804]: DEBUG oslo_concurrency.processutils [None req-9acf3bc1-9b92-4c61-a5cd-202b23e13edd None None] CMD "ovsdb-client transact ssl:162.253.55.56:6641 --timeout 180 -p /opt/stack/data/CA/int-ca/private/devstack-cert.key -c /opt/stack/data/CA/int-ca/devstack-cert.crt -C /opt/stack/data/CA/int-ca/ca-chain.pem ["OVN_Northbound", {"op": "wait", "timeout": 0, "table": "Port_Group", "where": [["name", "==", "neutron_pg_drop"]], "until": "==", "rows": []}, {"op": "insert", "table": "ACL", "row": {"action": "drop", "direction": "to-lport", "match": "outport == @neutron_pg_drop && ip", "priority": 1000}, "uuid-name": "droptoport"}, {"op": "insert", "table": "ACL", "row": {"action": "drop", "direction": "from-lport", "match": "inport == @neutron_pg_drop && ip", "priority": 1000}, "uuid-name": "dropfromport"}, {"op": "insert", "table": "Port_Group", "row": {"name": "neutron_pg_drop", "acls": ["set", [["named-uuid", "droptoport"], ["named-uuid", "dropfromport"]]]}}]" returned: 0 in 0.033s {{(pid=101804) execute /opt/stack/data/venv/lib/python3.12/site-packages/oslo_concurrency/processutils.py:468}}
Aug 31 07:33:32.490984 np0000191576 devstack@neutron-api.service[101803]: DEBUG neutron.api.extensions [None req-04e61e6c-829b-4d81-b99e-28e15cd3a3b7 None None] Extended resource: address-groups {{(pid=101803) __init__ /opt/stack/neutron/neutron/api/extensions.py:156}}
Aug 31 07:33:32.491057 np0000191576 devstack@neutron-api.service[101804]: DEBUG neutron_lib.callbacks.manager [None req-9acf3bc1-9b92-4c61-a5cd-202b23e13edd None None] Publish callbacks ['neutron.plugins.ml2.drivers.ovn.mech_driver.mech_driver.OVNMechanismDriver.post_fork_initialize-1928020', 'neutron.services.pvlan.drivers.ovn.driver._initialize_pvlan_pg_drop-7800517231186', 'neutron.services.ovn_l3.plugin.OVNL3RouterPlugin._post_fork_initialize-28086'] for process (None), after_init {{(pid=101804) _notify_loop /opt/stack/data/venv/lib/python3.12/site-packages/neutron_lib/callbacks/manager.py:184}}
Aug 31 07:33:32.491748 np0000191576 devstack@neutron-api.service[101804]: DEBUG oslo_concurrency.lockutils [None req-9acf3bc1-9b92-4c61-a5cd-202b23e13edd None None] Acquiring lock "singleton_lock" {{(pid=101804) lock /opt/stack/data/venv/lib/python3.12/site-packages/oslo_concurrency/lockutils.py:396}}
Aug 31 07:33:32.491823 np0000191576 devstack@neutron-api.service[101803]: DEBUG neutron.api.extensions [None req-04e61e6c-829b-4d81-b99e-28e15cd3a3b7 None None] Extended resource: address-scopes {{(pid=101803) __init__ /opt/stack/neutron/neutron/api/extensions.py:156}}
Aug 31 07:33:32.491853 np0000191576 devstack@neutron-api.service[101804]: DEBUG oslo_concurrency.lockutils [None req-9acf3bc1-9b92-4c61-a5cd-202b23e13edd None None] Acquired lock "singleton_lock" {{(pid=101804) lock /opt/stack/data/venv/lib/python3.12/site-packages/oslo_concurrency/lockutils.py:399}}
Aug 31 07:33:32.492858 np0000191576 devstack@neutron-api.service[101804]: DEBUG oslo_concurrency.lockutils [None req-9acf3bc1-9b92-4c61-a5cd-202b23e13edd None None] Releasing lock "singleton_lock" {{(pid=101804) lock /opt/stack/data/venv/lib/python3.12/site-packages/oslo_concurrency/lockutils.py:419}}
Aug 31 07:33:32.496608 np0000191576 devstack@neutron-api.service[101803]: DEBUG neutron.api.extensions [None req-04e61e6c-829b-4d81-b99e-28e15cd3a3b7 None None] Extended resource: agents {{(pid=101803) __init__ /opt/stack/neutron/neutron/api/extensions.py:156}}
Aug 31 07:33:32.497448 np0000191576 devstack@neutron-api.service[101806]: INFO neutron.db.ovn_hash_ring_db [None req-55385935-123d-461d-bb29-38c5cc584ce7 None None] Nodes from host "np0000191576" and group "mechanism_driver" removed from the Hash Ring created at 2026-08-31 07:33:31+00:00
Aug 31 07:33:32.497825 np0000191576 devstack@neutron-api.service[101804]: DEBUG neutron.plugins.ml2.drivers.ovn.mech_driver.mech_driver [None req-9acf3bc1-9b92-4c61-a5cd-202b23e13edd None None] Hash Ring setup using WSGI start time 2026-08-31 07:33:31+00:00 {{(pid=101804) _init_hash_ring /opt/stack/neutron/neutron/plugins/ml2/drivers/ovn/mech_driver/mech_driver.py:382}}
