Mar 25 19:11:53.383634 np0000160632 devstack@c-api.service[112050]: WARNING castellan.key_manager.migration [None req-bdbeb48c-1b18-4f52-80fa-acf2eb638156 None None] Using MigrationKeyManager to provide support for legacy fixed_key encryption
Mar 25 19:11:53.383799 np0000160632 devstack@c-api.service[112053]: DEBUG cinder.api.v3.router [None req-501a634b-b9c0-4ffa-8915-58dbc21a3243 None None] Extended resource: os-volume-manage {{(pid=112053) _setup_ext_routes /opt/stack/cinder/cinder/api/v3/router.py:122}}
Mar 25 19:11:53.384972 np0000160632 devstack@c-api.service[112051]: DEBUG cinder.api.v3.router [None req-6c73760e-c9cd-4a23-a188-93abf28f22dd None None] Extended resource: scheduler-stats {{(pid=112051) _setup_ext_routes /opt/stack/cinder/cinder/api/v3/router.py:122}}
Mar 25 19:11:53.385391 np0000160632 devstack@c-api.service[112053]: DEBUG cinder.api.v3.router [None req-501a634b-b9c0-4ffa-8915-58dbc21a3243 None None] Extended resource: consistencygroups {{(pid=112053) _setup_ext_routes /opt/stack/cinder/cinder/api/v3/router.py:122}}
Mar 25 19:11:53.385770 np0000160632 devstack@c-api.service[112052]: DEBUG oslo_db.sqlalchemy.engines [None req-cddeeda4-23f6-425e-b883-b8f7eb8e2322 None None] MySQL server mode set to STRICT_TRANS_TABLES,STRICT_ALL_TABLES,NO_ZERO_IN_DATE,NO_ZERO_DATE,ERROR_FOR_DIVISION_BY_ZERO,TRADITIONAL,NO_ENGINE_SUBSTITUTION {{(pid=112052) _check_effective_sql_mode /opt/stack/data/venv/lib/python3.12/site-packages/oslo_db/sqlalchemy/engines.py:325}}
Mar 25 19:11:53.386328 np0000160632 devstack@c-api.service[112051]: DEBUG cinder.api.v3.router [None req-6c73760e-c9cd-4a23-a188-93abf28f22dd None None] Extended resource: os-quota-sets {{(pid=112051) _setup_ext_routes /opt/stack/cinder/cinder/api/v3/router.py:122}}
Mar 25 19:11:53.387643 np0000160632 devstack@c-api.service[112053]: DEBUG cinder.api.v3.router [None req-501a634b-b9c0-4ffa-8915-58dbc21a3243 None None] Extended resource: os-availability-zone {{(pid=112053) _setup_ext_routes /opt/stack/cinder/cinder/api/v3/router.py:122}}
Mar 25 19:11:53.387757 np0000160632 devstack@c-api.service[112051]: DEBUG cinder.api.v3.router [None req-6c73760e-c9cd-4a23-a188-93abf28f22dd None None] Extended resource: capabilities {{(pid=112051) _setup_ext_routes /opt/stack/cinder/cinder/api/v3/router.py:122}}
Mar 25 19:11:53.387899 np0000160632 devstack@c-api.service[112052]: INFO cinder.rpc [None req-cddeeda4-23f6-425e-b883-b8f7eb8e2322 None None] Automatically selected cinder-backup objects version 1.39 as minimum service version.
Mar 25 19:11:53.389107 np0000160632 devstack@c-api.service[112053]: DEBUG cinder.api.v3.router [None req-501a634b-b9c0-4ffa-8915-58dbc21a3243 None None] Extended resource: os-quota-class-sets {{(pid=112053) _setup_ext_routes /opt/stack/cinder/cinder/api/v3/router.py:122}}
Mar 25 19:11:53.389294 np0000160632 devstack@c-api.service[112050]: DEBUG oslo_db.sqlalchemy.engines [None req-bdbeb48c-1b18-4f52-80fa-acf2eb638156 None None] MySQL server mode set to STRICT_TRANS_TABLES,STRICT_ALL_TABLES,NO_ZERO_IN_DATE,NO_ZERO_DATE,ERROR_FOR_DIVISION_BY_ZERO,TRADITIONAL,NO_ENGINE_SUBSTITUTION {{(pid=112050) _check_effective_sql_mode /opt/stack/data/venv/lib/python3.12/site-packages/oslo_db/sqlalchemy/engines.py:325}}
Mar 25 19:11:53.389732 np0000160632 devstack@c-api.service[112052]: INFO cinder.rpc [None req-cddeeda4-23f6-425e-b883-b8f7eb8e2322 None None] Automatically selected cinder-backup RPC version 2.4 as minimum service version.
Mar 25 19:11:53.389924 np0000160632 devstack@c-api.service[112051]: WARNING castellan.key_manager.migration [None req-6c73760e-c9cd-4a23-a188-93abf28f22dd None None] Using MigrationKeyManager to provide support for legacy fixed_key encryption
Mar 25 19:11:53.390548 np0000160632 devstack@c-api.service[112052]: WARNING castellan.key_manager.migration [None req-cddeeda4-23f6-425e-b883-b8f7eb8e2322 None None] Using MigrationKeyManager to provide support for legacy fixed_key encryption
Mar 25 19:11:53.390647 np0000160632 devstack@c-api.service[112053]: DEBUG cinder.api.v3.router [None req-501a634b-b9c0-4ffa-8915-58dbc21a3243 None None] Extended resource: os-volume-transfer {{(pid=112053) _setup_ext_routes /opt/stack/cinder/cinder/api/v3/router.py:122}}
Mar 25 19:11:53.391526 np0000160632 devstack@c-api.service[112051]: WARNING castellan.key_manager.migration [None req-6c73760e-c9cd-4a23-a188-93abf28f22dd None None] Using MigrationKeyManager to provide support for legacy fixed_key encryption
Mar 25 19:11:53.391629 np0000160632 devstack@c-api.service[112050]: INFO cinder.rpc [None req-bdbeb48c-1b18-4f52-80fa-acf2eb638156 None None] Automatically selected cinder-backup objects version 1.39 as minimum service version.
Mar 25 19:11:53.392402 np0000160632 devstack@c-api.service[112053]: DEBUG cinder.api.v3.router [None req-501a634b-b9c0-4ffa-8915-58dbc21a3243 None None] Extended resource: encryption {{(pid=112053) _setup_ext_routes /opt/stack/cinder/cinder/api/v3/router.py:122}}
Mar 25 19:11:53.392987 np0000160632 devstack@c-api.service[112051]: WARNING castellan.key_manager.migration [None req-6c73760e-c9cd-4a23-a188-93abf28f22dd None None] Using MigrationKeyManager to provide support for legacy fixed_key encryption
Mar 25 19:11:53.393608 np0000160632 devstack@c-api.service[112050]: INFO cinder.rpc [None req-bdbeb48c-1b18-4f52-80fa-acf2eb638156 None None] Automatically selected cinder-backup RPC version 2.4 as minimum service version.
Mar 25 19:11:53.393971 np0000160632 devstack@c-api.service[112051]: DEBUG cinder.api.contrib.snapshot_actions [None req-6c73760e-c9cd-4a23-a188-93abf28f22dd None None] SnapshotActionsController initialized {{(pid=112051) __init__ /opt/stack/cinder/cinder/api/contrib/snapshot_actions.py:33}}
Mar 25 19:11:53.394111 np0000160632 devstack@c-api.service[112053]: DEBUG cinder.api.v3.router [None req-501a634b-b9c0-4ffa-8915-58dbc21a3243 None None] Extended resource: os-hosts {{(pid=112053) _setup_ext_routes /opt/stack/cinder/cinder/api/v3/router.py:122}}
Mar 25 19:11:53.394454 np0000160632 devstack@c-api.service[112050]: WARNING castellan.key_manager.migration [None req-bdbeb48c-1b18-4f52-80fa-acf2eb638156 None None] Using MigrationKeyManager to provide support for legacy fixed_key encryption
Mar 25 19:11:53.394786 np0000160632 devstack@c-api.service[112051]: WARNING castellan.key_manager.migration [None req-6c73760e-c9cd-4a23-a188-93abf28f22dd None None] Using MigrationKeyManager to provide support for legacy fixed_key encryption
Mar 25 19:11:53.395698 np0000160632 devstack@c-api.service[112053]: DEBUG cinder.api.v3.router [None req-501a634b-b9c0-4ffa-8915-58dbc21a3243 None None] Extended resource: os-snapshot-manage {{(pid=112053) _setup_ext_routes /opt/stack/cinder/cinder/api/v3/router.py:122}}
Mar 25 19:11:53.396185 np0000160632 devstack@c-api.service[112051]: WARNING castellan.key_manager.migration [None req-6c73760e-c9cd-4a23-a188-93abf28f22dd None None] Using MigrationKeyManager to provide support for legacy fixed_key encryption
Mar 25 19:11:53.397277 np0000160632 devstack@c-api.service[112053]: DEBUG cinder.api.v3.router [None req-501a634b-b9c0-4ffa-8915-58dbc21a3243 None None] Extended resource: os-volume-type-access {{(pid=112053) _setup_ext_routes /opt/stack/cinder/cinder/api/v3/router.py:122}}
Mar 25 19:11:53.397580 np0000160632 devstack@c-api.service[112051]: WARNING castellan.key_manager.migration [None req-6c73760e-c9cd-4a23-a188-93abf28f22dd None None] Using MigrationKeyManager to provide support for legacy fixed_key encryption
Mar 25 19:11:53.399008 np0000160632 devstack@c-api.service[112053]: DEBUG cinder.api.v3.router [None req-501a634b-b9c0-4ffa-8915-58dbc21a3243 None None] Extended resource: extra_specs {{(pid=112053) _setup_ext_routes /opt/stack/cinder/cinder/api/v3/router.py:122}}
Mar 25 19:11:53.399106 np0000160632 devstack@c-api.service[112051]: WARNING castellan.key_manager.migration [None req-6c73760e-c9cd-4a23-a188-93abf28f22dd None None] Using MigrationKeyManager to provide support for legacy fixed_key encryption
Mar 25 19:11:53.399880 np0000160632 devstack@c-api.service[112051]: DEBUG cinder.api.v3.router [None req-6c73760e-c9cd-4a23-a188-93abf28f22dd None None] Extension UsedLimits extending resource: limits {{(pid=112051) _setup_extensions /opt/stack/cinder/cinder/api/v3/router.py:155}}
Mar 25 19:11:53.399983 np0000160632 devstack@c-api.service[112051]: DEBUG cinder.api.v3.router [None req-6c73760e-c9cd-4a23-a188-93abf28f22dd None None] Extension AdminActions extending resource: volumes {{(pid=112051) _setup_extensions /opt/stack/cinder/cinder/api/v3/router.py:155}}
Mar 25 19:11:53.400097 np0000160632 devstack@c-api.service[112051]: DEBUG cinder.api.v3.router [None req-6c73760e-c9cd-4a23-a188-93abf28f22dd None None] Extension AdminActions extending resource: snapshots {{(pid=112051) _setup_extensions /opt/stack/cinder/cinder/api/v3/router.py:155}}
Mar 25 19:11:53.400292 np0000160632 devstack@c-api.service[112051]: DEBUG cinder.api.v3.router [None req-6c73760e-c9cd-4a23-a188-93abf28f22dd None None] Extension AdminActions extending resource: backups {{(pid=112051) _setup_extensions /opt/stack/cinder/cinder/api/v3/router.py:155}}
Mar 25 19:11:53.400392 np0000160632 devstack@c-api.service[112051]: DEBUG cinder.api.v3.router [None req-6c73760e-c9cd-4a23-a188-93abf28f22dd None None] Extension VolumeMigStatusAttribute extending resource: volumes {{(pid=112051) _setup_extensions /opt/stack/cinder/cinder/api/v3/router.py:155}}
Mar 25 19:11:53.400495 np0000160632 devstack@c-api.service[112051]: DEBUG cinder.api.v3.router [None req-6c73760e-c9cd-4a23-a188-93abf28f22dd None None] Extension SnapshotActions extending resource: snapshots {{(pid=112051) _setup_extensions /opt/stack/cinder/cinder/api/v3/router.py:155}}
Mar 25 19:11:53.400545 np0000160632 devstack@c-api.service[112051]: DEBUG cinder.api.v3.router [None req-6c73760e-c9cd-4a23-a188-93abf28f22dd None None] Extension VolumeTenantAttribute extending resource: volumes {{(pid=112051) _setup_extensions /opt/stack/cinder/cinder/api/v3/router.py:155}}
Mar 25 19:11:53.400639 np0000160632 devstack@c-api.service[112051]: DEBUG cinder.api.v3.router [None req-6c73760e-c9cd-4a23-a188-93abf28f22dd None None] Extension VolumeTypeEncryption extending resource: types {{(pid=112051) _setup_extensions /opt/stack/cinder/cinder/api/v3/router.py:155}}
Mar 25 19:11:53.400745 np0000160632 devstack@c-api.service[112051]: DEBUG cinder.api.v3.router [None req-6c73760e-c9cd-4a23-a188-93abf28f22dd None None] Extension ExtendedSnapshotAttributes extending resource: snapshots {{(pid=112051) _setup_extensions /opt/stack/cinder/cinder/api/v3/router.py:155}}
Mar 25 19:11:53.400832 np0000160632 devstack@c-api.service[112051]: DEBUG cinder.api.v3.router [None req-6c73760e-c9cd-4a23-a188-93abf28f22dd None None] Extension VolumeTypeAccess extending resource: types {{(pid=112051) _setup_extensions /opt/stack/cinder/cinder/api/v3/router.py:155}}
Mar 25 19:11:53.400927 np0000160632 devstack@c-api.service[112053]: DEBUG cinder.api.v3.router [None req-501a634b-b9c0-4ffa-8915-58dbc21a3243 None None] Extended resource: encryption {{(pid=112053) _setup_ext_routes /opt/stack/cinder/cinder/api/v3/router.py:122}}
Mar 25 19:11:53.400984 np0000160632 devstack@c-api.service[112051]: DEBUG cinder.api.v3.router [None req-6c73760e-c9cd-4a23-a188-93abf28f22dd None None] Extension SnapshotUnmanage extending resource: snapshots {{(pid=112051) _setup_extensions /opt/stack/cinder/cinder/api/v3/router.py:155}}
Mar 25 19:11:53.401113 np0000160632 devstack@c-api.service[112051]: DEBUG cinder.api.v3.router [None req-6c73760e-c9cd-4a23-a188-93abf28f22dd None None] Extension VolumeImageMetadata extending resource: volumes {{(pid=112051) _setup_extensions /opt/stack/cinder/cinder/api/v3/router.py:155}}
Mar 25 19:11:53.401229 np0000160632 devstack@c-api.service[112051]: DEBUG cinder.api.v3.router [None req-6c73760e-c9cd-4a23-a188-93abf28f22dd None None] Extension TypesManage extending resource: types {{(pid=112051) _setup_extensions /opt/stack/cinder/cinder/api/v3/router.py:155}}
Mar 25 19:11:53.401372 np0000160632 devstack@c-api.service[112051]: DEBUG cinder.api.v3.router [None req-6c73760e-c9cd-4a23-a188-93abf28f22dd None None] Extension VolumeActions extending resource: volumes {{(pid=112051) _setup_extensions /opt/stack/cinder/cinder/api/v3/router.py:155}}
Mar 25 19:11:53.401531 np0000160632 devstack@c-api.service[112051]: DEBUG cinder.api.v3.router [None req-6c73760e-c9cd-4a23-a188-93abf28f22dd None None] Extension VolumeHostAttribute extending resource: volumes {{(pid=112051) _setup_extensions /opt/stack/cinder/cinder/api/v3/router.py:155}}
Mar 25 19:11:53.401632 np0000160632 devstack@c-api.service[112051]: DEBUG cinder.api.v3.router [None req-6c73760e-c9cd-4a23-a188-93abf28f22dd None None] Extension VolumeUnmanage extending resource: volumes {{(pid=112051) _setup_extensions /opt/stack/cinder/cinder/api/v3/router.py:155}}
Mar 25 19:11:53.402071 np0000160632 devstack@c-api.service[112052]: WARNING castellan.key_manager.migration [None req-cddeeda4-23f6-425e-b883-b8f7eb8e2322 None None] Using MigrationKeyManager to provide support for legacy fixed_key encryption
Mar 25 19:11:53.402924 np0000160632 devstack@c-api.service[112053]: DEBUG cinder.api.v3.router [None req-501a634b-b9c0-4ffa-8915-58dbc21a3243 None None] Extended resource: cgsnapshots {{(pid=112053) _setup_ext_routes /opt/stack/cinder/cinder/api/v3/router.py:122}}
Mar 25 19:11:53.403953 np0000160632 devstack@c-api.service[112051]: WARNING keystonemiddleware.auth_token [None req-6c73760e-c9cd-4a23-a188-93abf28f22dd None None] AuthToken middleware is set with keystone_authtoken.service_token_roles_required set to False. This is backwards compatible but deprecated behaviour. Please set this to True.
Mar 25 19:11:53.404481 np0000160632 devstack@c-api.service[112053]: DEBUG cinder.api.v3.router [None req-501a634b-b9c0-4ffa-8915-58dbc21a3243 None None] Extended resource: scheduler-stats {{(pid=112053) _setup_ext_routes /opt/stack/cinder/cinder/api/v3/router.py:122}}
Mar 25 19:11:53.405274 np0000160632 devstack@c-api.service[112052]: WARNING castellan.key_manager.migration [None req-cddeeda4-23f6-425e-b883-b8f7eb8e2322 None None] Using MigrationKeyManager to provide support for legacy fixed_key encryption
Mar 25 19:11:53.406012 np0000160632 devstack@c-api.service[112053]: DEBUG cinder.api.v3.router [None req-501a634b-b9c0-4ffa-8915-58dbc21a3243 None None] Extended resource: os-quota-sets {{(pid=112053) _setup_ext_routes /opt/stack/cinder/cinder/api/v3/router.py:122}}
Mar 25 19:11:53.407108 np0000160632 devstack@c-api.service[112050]: WARNING castellan.key_manager.migration [None req-bdbeb48c-1b18-4f52-80fa-acf2eb638156 None None] Using MigrationKeyManager to provide support for legacy fixed_key encryption
Mar 25 19:11:53.407612 np0000160632 devstack@c-api.service[112053]: DEBUG cinder.api.v3.router [None req-501a634b-b9c0-4ffa-8915-58dbc21a3243 None None] Extended resource: capabilities {{(pid=112053) _setup_ext_routes /opt/stack/cinder/cinder/api/v3/router.py:122}}
Mar 25 19:11:53.409547 np0000160632 devstack@c-api.service[112052]: WARNING castellan.key_manager.migration [None req-cddeeda4-23f6-425e-b883-b8f7eb8e2322 None None] Using MigrationKeyManager to provide support for legacy fixed_key encryption
Mar 25 19:11:53.409704 np0000160632 devstack@c-api.service[112053]: WARNING castellan.key_manager.migration [None req-501a634b-b9c0-4ffa-8915-58dbc21a3243 None None] Using MigrationKeyManager to provide support for legacy fixed_key encryption
Mar 25 19:11:53.410218 np0000160632 devstack@c-api.service[112051]: WSGI app 0 (mountpoint='') ready in 2 seconds on interpreter 0x742d79ea3668 pid: 112051 (default app)
Mar 25 19:11:53.410517 np0000160632 devstack@c-api.service[112050]: WARNING castellan.key_manager.migration [None req-bdbeb48c-1b18-4f52-80fa-acf2eb638156 None None] Using MigrationKeyManager to provide support for legacy fixed_key encryption
Mar 25 19:11:53.410833 np0000160632 devstack@c-api.service[112051]: /opt/stack/data/venv/lib/python3.12/site-packages/oslo_policy/policy.py:505: DeprecationWarning: fallback_to_json_file is deprecated and has no effect.
Mar 25 19:11:53.410833 np0000160632 devstack@c-api.service[112051]: warnings.warn(
Mar 25 19:11:53.411400 np0000160632 devstack@c-api.service[112053]: WARNING castellan.key_manager.migration [None req-501a634b-b9c0-4ffa-8915-58dbc21a3243 None None] Using MigrationKeyManager to provide support for legacy fixed_key encryption
Mar 25 19:11:53.412941 np0000160632 devstack@c-api.service[112053]: WARNING castellan.key_manager.migration [None req-501a634b-b9c0-4ffa-8915-58dbc21a3243 None None] Using MigrationKeyManager to provide support for legacy fixed_key encryption
Mar 25 19:11:53.413609 np0000160632 devstack@c-api.service[112052]: WARNING castellan.key_manager.migration [None req-cddeeda4-23f6-425e-b883-b8f7eb8e2322 None None] Using MigrationKeyManager to provide support for legacy fixed_key encryption
Mar 25 19:11:53.414213 np0000160632 devstack@c-api.service[112053]: DEBUG cinder.api.contrib.snapshot_actions [None req-501a634b-b9c0-4ffa-8915-58dbc21a3243 None None] SnapshotActionsController initialized {{(pid=112053) __init__ /opt/stack/cinder/cinder/api/contrib/snapshot_actions.py:33}}
Mar 25 19:11:53.414931 np0000160632 devstack@c-api.service[112050]: WARNING castellan.key_manager.migration [None req-bdbeb48c-1b18-4f52-80fa-acf2eb638156 None None] Using MigrationKeyManager to provide support for legacy fixed_key encryption
Mar 25 19:11:53.415138 np0000160632 devstack@c-api.service[112053]: WARNING castellan.key_manager.migration [None req-501a634b-b9c0-4ffa-8915-58dbc21a3243 None None] Using MigrationKeyManager to provide support for legacy fixed_key encryption
Mar 25 19:11:53.416614 np0000160632 devstack@c-api.service[112052]: WARNING castellan.key_manager.migration [None req-cddeeda4-23f6-425e-b883-b8f7eb8e2322 None None] Using MigrationKeyManager to provide support for legacy fixed_key encryption
Mar 25 19:11:53.416682 np0000160632 devstack@c-api.service[112053]: WARNING castellan.key_manager.migration [None req-501a634b-b9c0-4ffa-8915-58dbc21a3243 None None] Using MigrationKeyManager to provide support for legacy fixed_key encryption
Mar 25 19:11:53.418134 np0000160632 devstack@c-api.service[112053]: WARNING castellan.key_manager.migration [None req-501a634b-b9c0-4ffa-8915-58dbc21a3243 None None] Using MigrationKeyManager to provide support for legacy fixed_key encryption
Mar 25 19:11:53.418955 np0000160632 devstack@c-api.service[112051]: /opt/stack/data/venv/lib/python3.12/site-packages/oslo_policy/policy.py:806: UserWarning: Policy "volume:attachment_create":"" was deprecated in X in favor of "volume:attachment_create":"rule:xena_system_admin_or_project_member". Reason: Default policies now support the three Keystone default roles, namely 'admin', 'member', and 'reader' to implement three Cinder "personas". See "Policy Personas and Permissions" in the "Cinder Service Configuration" documentation (Xena release) for details.. Either ensure your deployment is ready for the new default or copy/paste the deprecated policy into your policy file and maintain it manually.
Mar 25 19:11:53.418955 np0000160632 devstack@c-api.service[112051]: warnings.warn(deprecated_msg)
Mar 25 19:11:53.418955 np0000160632 devstack@c-api.service[112051]: /opt/stack/data/venv/lib/python3.12/site-packages/oslo_policy/policy.py:806: UserWarning: Policy "volume:attachment_update":"rule:admin_or_owner" was deprecated in X in favor of "volume:attachment_update":"rule:xena_system_admin_or_project_member". Reason: Default policies now support the three Keystone default roles, namely 'admin', 'member', and 'reader' to implement three Cinder "personas". See "Policy Personas and Permissions" in the "Cinder Service Configuration" documentation (Xena release) for details.. Either ensure your deployment is ready for the new default or copy/paste the deprecated policy into your policy file and maintain it manually.
Mar 25 19:11:53.418955 np0000160632 devstack@c-api.service[112051]: warnings.warn(deprecated_msg)
Mar 25 19:11:53.419254 np0000160632 devstack@c-api.service[112050]: WARNING castellan.key_manager.migration [None req-bdbeb48c-1b18-4f52-80fa-acf2eb638156 None None] Using MigrationKeyManager to provide support for legacy fixed_key encryption
Mar 25 19:11:53.419321 np0000160632 devstack@c-api.service[112051]: /opt/stack/data/venv/lib/python3.12/site-packages/oslo_policy/policy.py:806: UserWarning: Policy "volume:attachment_delete":"rule:admin_or_owner" was deprecated in X in favor of "volume:attachment_delete":"rule:xena_system_admin_or_project_member". Reason: Default policies now support the three Keystone default roles, namely 'admin', 'member', and 'reader' to implement three Cinder "personas". See "Policy Personas and Permissions" in the "Cinder Service Configuration" documentation (Xena release) for details.. Either ensure your deployment is ready for the new default or copy/paste the deprecated policy into your policy file and maintain it manually.
Mar 25 19:11:53.419321 np0000160632 devstack@c-api.service[112051]: warnings.warn(deprecated_msg)
Mar 25 19:11:53.419321 np0000160632 devstack@c-api.service[112051]: /opt/stack/data/venv/lib/python3.12/site-packages/oslo_policy/policy.py:806: UserWarning: Policy "volume:attachment_complete":"rule:admin_or_owner" was deprecated in X in favor of "volume:attachment_complete":"rule:xena_system_admin_or_project_member". Reason: Default policies now support the three Keystone default roles, namely 'admin', 'member', and 'reader' to implement three Cinder "personas". See "Policy Personas and Permissions" in the "Cinder Service Configuration" documentation (Xena release) for details.. Either ensure your deployment is ready for the new default or copy/paste the deprecated policy into your policy file and maintain it manually.
Mar 25 19:11:53.419321 np0000160632 devstack@c-api.service[112051]: warnings.warn(deprecated_msg)
Mar 25 19:11:53.419573 np0000160632 devstack@c-api.service[112051]: /opt/stack/data/venv/lib/python3.12/site-packages/oslo_policy/policy.py:806: UserWarning: Policy "volume:multiattach_bootable_volume":"rule:admin_or_owner" was deprecated in X in favor of "volume:multiattach_bootable_volume":"rule:xena_system_admin_or_project_member". Reason: Default policies now support the three Keystone default roles, namely 'admin', 'member', and 'reader' to implement three Cinder "personas". See "Policy Personas and Permissions" in the "Cinder Service Configuration" documentation (Xena release) for details.. Either ensure your deployment is ready for the new default or copy/paste the deprecated policy into your policy file and maintain it manually.
Mar 25 19:11:53.419573 np0000160632 devstack@c-api.service[112051]: warnings.warn(deprecated_msg)
Mar 25 19:11:53.419573 np0000160632 devstack@c-api.service[112051]: /opt/stack/data/venv/lib/python3.12/site-packages/oslo_policy/policy.py:806: UserWarning: Policy "message:get_all":"rule:admin_or_owner" was deprecated in X in favor of "message:get_all":"rule:xena_system_admin_or_project_reader". Reason: Default policies now support the three Keystone default roles, namely 'admin', 'member', and 'reader' to implement three Cinder "personas". See "Policy Personas and Permissions" in the "Cinder Service Configuration" documentation (Xena release) for details.. Either ensure your deployment is ready for the new default or copy/paste the deprecated policy into your policy file and maintain it manually.
Mar 25 19:11:53.419573 np0000160632 devstack@c-api.service[112051]: warnings.warn(deprecated_msg)
Mar 25 19:11:53.419573 np0000160632 devstack@c-api.service[112051]: /opt/stack/data/venv/lib/python3.12/site-packages/oslo_policy/policy.py:806: UserWarning: Policy "message:get":"rule:admin_or_owner" was deprecated in X in favor of "message:get":"rule:xena_system_admin_or_project_reader". Reason: Default policies now support the three Keystone default roles, namely 'admin', 'member', and 'reader' to implement three Cinder "personas". See "Policy Personas and Permissions" in the "Cinder Service Configuration" documentation (Xena release) for details.. Either ensure your deployment is ready for the new default or copy/paste the deprecated policy into your policy file and maintain it manually.
Mar 25 19:11:53.419573 np0000160632 devstack@c-api.service[112051]: warnings.warn(deprecated_msg)
Mar 25 19:11:53.419931 np0000160632 devstack@c-api.service[112051]: /opt/stack/data/venv/lib/python3.12/site-packages/oslo_policy/policy.py:806: UserWarning: Policy "message:delete":"rule:admin_or_owner" was deprecated in X in favor of "message:delete":"rule:xena_system_admin_or_project_member". Reason: Default policies now support the three Keystone default roles, namely 'admin', 'member', and 'reader' to implement three Cinder "personas". See "Policy Personas and Permissions" in the "Cinder Service Configuration" documentation (Xena release) for details.. Either ensure your deployment is ready for the new default or copy/paste the deprecated policy into your policy file and maintain it manually.
Mar 25 19:11:53.419931 np0000160632 devstack@c-api.service[112051]: warnings.warn(deprecated_msg)
Mar 25 19:11:53.419931 np0000160632 devstack@c-api.service[112051]: /opt/stack/data/venv/lib/python3.12/site-packages/oslo_policy/policy.py:806: UserWarning: Policy "volume:get_snapshot_metadata":"rule:admin_or_owner" was deprecated in X in favor of "volume:get_snapshot_metadata":"rule:xena_system_admin_or_project_reader". Reason: Default policies now support the three Keystone default roles, namely 'admin', 'member', and 'reader' to implement three Cinder "personas". See "Policy Personas and Permissions" in the "Cinder Service Configuration" documentation (Xena release) for details.. Either ensure your deployment is ready for the new default or copy/paste the deprecated policy into your policy file and maintain it manually.
Mar 25 19:11:53.419931 np0000160632 devstack@c-api.service[112051]: warnings.warn(deprecated_msg)
Mar 25 19:11:53.419931 np0000160632 devstack@c-api.service[112051]: /opt/stack/data/venv/lib/python3.12/site-packages/oslo_policy/policy.py:806: UserWarning: Policy "volume:update_snapshot_metadata":"rule:admin_or_owner" was deprecated in X in favor of "volume:update_snapshot_metadata":"rule:xena_system_admin_or_project_member". Reason: Default policies now support the three Keystone default roles, namely 'admin', 'member', and 'reader' to implement three Cinder "personas". See "Policy Personas and Permissions" in the "Cinder Service Configuration" documentation (Xena release) for details.. Either ensure your deployment is ready for the new default or copy/paste the deprecated policy into your policy file and maintain it manually.
Mar 25 19:11:53.420202 np0000160632 devstack@c-api.service[112051]: warnings.warn(deprecated_msg)
Mar 25 19:11:53.420202 np0000160632 devstack@c-api.service[112051]: /opt/stack/data/venv/lib/python3.12/site-packages/oslo_policy/policy.py:806: UserWarning: Policy "volume:delete_snapshot_metadata":"rule:admin_or_owner" was deprecated in X in favor of "volume:delete_snapshot_metadata":"rule:xena_system_admin_or_project_member". Reason: Default policies now support the three Keystone default roles, namely 'admin', 'member', and 'reader' to implement three Cinder "personas". See "Policy Personas and Permissions" in the "Cinder Service Configuration" documentation (Xena release) for details.. Either ensure your deployment is ready for the new default or copy/paste the deprecated policy into your policy file and maintain it manually.
Mar 25 19:11:53.420202 np0000160632 devstack@c-api.service[112051]: warnings.warn(deprecated_msg)
Mar 25 19:11:53.420202 np0000160632 devstack@c-api.service[112051]: /opt/stack/data/venv/lib/python3.12/site-packages/oslo_policy/policy.py:806: UserWarning: Policy "volume:get_all_snapshots":"rule:admin_or_owner" was deprecated in X in favor of "volume:get_all_snapshots":"rule:xena_system_admin_or_project_reader". Reason: Default policies now support the three Keystone default roles, namely 'admin', 'member', and 'reader' to implement three Cinder "personas". See "Policy Personas and Permissions" in the "Cinder Service Configuration" documentation (Xena release) for details.. Either ensure your deployment is ready for the new default or copy/paste the deprecated policy into your policy file and maintain it manually.
Mar 25 19:11:53.420202 np0000160632 devstack@c-api.service[112051]: warnings.warn(deprecated_msg)
Mar 25 19:11:53.420498 np0000160632 devstack@c-api.service[112051]: /opt/stack/data/venv/lib/python3.12/site-packages/oslo_policy/policy.py:806: UserWarning: Policy "volume_extension:extended_snapshot_attributes":"rule:admin_or_owner" was deprecated in X in favor of "volume_extension:extended_snapshot_attributes":"rule:xena_system_admin_or_project_reader". Reason: Default policies now support the three Keystone default roles, namely 'admin', 'member', and 'reader' to implement three Cinder "personas". See "Policy Personas and Permissions" in the "Cinder Service Configuration" documentation (Xena release) for details.. Either ensure your deployment is ready for the new default or copy/paste the deprecated policy into your policy file and maintain it manually.
Mar 25 19:11:53.420498 np0000160632 devstack@c-api.service[112051]: warnings.warn(deprecated_msg)
Mar 25 19:11:53.420498 np0000160632 devstack@c-api.service[112051]: /opt/stack/data/venv/lib/python3.12/site-packages/oslo_policy/policy.py:806: UserWarning: Policy "volume:create_snapshot":"rule:admin_or_owner" was deprecated in X in favor of "volume:create_snapshot":"rule:xena_system_admin_or_project_member". Reason: Default policies now support the three Keystone default roles, namely 'admin', 'member', and 'reader' to implement three Cinder "personas". See "Policy Personas and Permissions" in the "Cinder Service Configuration" documentation (Xena release) for details.. Either ensure your deployment is ready for the new default or copy/paste the deprecated policy into your policy file and maintain it manually.
Mar 25 19:11:53.420498 np0000160632 devstack@c-api.service[112051]: warnings.warn(deprecated_msg)
Mar 25 19:11:53.420734 np0000160632 devstack@c-api.service[112051]: /opt/stack/data/venv/lib/python3.12/site-packages/oslo_policy/policy.py:806: UserWarning: Policy "volume:get_snapshot":"rule:admin_or_owner" was deprecated in X in favor of "volume:get_snapshot":"rule:xena_system_admin_or_project_reader". Reason: Default policies now support the three Keystone default roles, namely 'admin', 'member', and 'reader' to implement three Cinder "personas". See "Policy Personas and Permissions" in the "Cinder Service Configuration" documentation (Xena release) for details.. Either ensure your deployment is ready for the new default or copy/paste the deprecated policy into your policy file and maintain it manually.
Mar 25 19:11:53.420734 np0000160632 devstack@c-api.service[112051]: warnings.warn(deprecated_msg)
Mar 25 19:11:53.420734 np0000160632 devstack@c-api.service[112051]: /opt/stack/data/venv/lib/python3.12/site-packages/oslo_policy/policy.py:806: UserWarning: Policy "volume:update_snapshot":"rule:admin_or_owner" was deprecated in X in favor of "volume:update_snapshot":"rule:xena_system_admin_or_project_member". Reason: Default policies now support the three Keystone default roles, namely 'admin', 'member', and 'reader' to implement three Cinder "personas". See "Policy Personas and Permissions" in the "Cinder Service Configuration" documentation (Xena release) for details.. Either ensure your deployment is ready for the new default or copy/paste the deprecated policy into your policy file and maintain it manually.
Mar 25 19:11:53.420734 np0000160632 devstack@c-api.service[112051]: warnings.warn(deprecated_msg)
Mar 25 19:11:53.420734 np0000160632 devstack@c-api.service[112051]: /opt/stack/data/venv/lib/python3.12/site-packages/oslo_policy/policy.py:806: UserWarning: Policy "volume:delete_snapshot":"rule:admin_or_owner" was deprecated in X in favor of "volume:delete_snapshot":"rule:xena_system_admin_or_project_member". Reason: Default policies now support the three Keystone default roles, namely 'admin', 'member', and 'reader' to implement three Cinder "personas". See "Policy Personas and Permissions" in the "Cinder Service Configuration" documentation (Xena release) for details.. Either ensure your deployment is ready for the new default or copy/paste the deprecated policy into your policy file and maintain it manually.
Mar 25 19:11:53.421018 np0000160632 devstack@c-api.service[112051]: warnings.warn(deprecated_msg)
Mar 25 19:11:53.421018 np0000160632 devstack@c-api.service[112051]: /opt/stack/data/venv/lib/python3.12/site-packages/oslo_policy/policy.py:806: UserWarning: Policy "snapshot_extension:snapshot_actions:update_snapshot_status":"" was deprecated in X in favor of "snapshot_extension:snapshot_actions:update_snapshot_status":"rule:xena_system_admin_or_project_member". Reason: Default policies now support the three Keystone default roles, namely 'admin', 'member', and 'reader' to implement three Cinder "personas". See "Policy Personas and Permissions" in the "Cinder Service Configuration" documentation (Xena release) for details.. Either ensure your deployment is ready for the new default or copy/paste the deprecated policy into your policy file and maintain it manually.
Mar 25 19:11:53.421018 np0000160632 devstack@c-api.service[112051]: warnings.warn(deprecated_msg)
Mar 25 19:11:53.421018 np0000160632 devstack@c-api.service[112051]: /opt/stack/data/venv/lib/python3.12/site-packages/oslo_policy/policy.py:806: UserWarning: Policy "backup:get_all":"rule:admin_or_owner" was deprecated in X in favor of "backup:get_all":"rule:xena_system_admin_or_project_reader". Reason: Default policies now support the three Keystone default roles, namely 'admin', 'member', and 'reader' to implement three Cinder "personas". See "Policy Personas and Permissions" in the "Cinder Service Configuration" documentation (Xena release) for details.. Either ensure your deployment is ready for the new default or copy/paste the deprecated policy into your policy file and maintain it manually.
Mar 25 19:11:53.421018 np0000160632 devstack@c-api.service[112051]: warnings.warn(deprecated_msg)
Mar 25 19:11:53.421316 np0000160632 devstack@c-api.service[112051]: /opt/stack/data/venv/lib/python3.12/site-packages/oslo_policy/policy.py:806: UserWarning: Policy "backup:create":"" was deprecated in X in favor of "backup:create":"rule:xena_system_admin_or_project_member". Reason: Default policies now support the three Keystone default roles, namely 'admin', 'member', and 'reader' to implement three Cinder "personas". See "Policy Personas and Permissions" in the "Cinder Service Configuration" documentation (Xena release) for details.. Either ensure your deployment is ready for the new default or copy/paste the deprecated policy into your policy file and maintain it manually.
Mar 25 19:11:53.421316 np0000160632 devstack@c-api.service[112051]: warnings.warn(deprecated_msg)
Mar 25 19:11:53.421316 np0000160632 devstack@c-api.service[112051]: /opt/stack/data/venv/lib/python3.12/site-packages/oslo_policy/policy.py:806: UserWarning: Policy "backup:get":"rule:admin_or_owner" was deprecated in X in favor of "backup:get":"rule:xena_system_admin_or_project_reader". Reason: Default policies now support the three Keystone default roles, namely 'admin', 'member', and 'reader' to implement three Cinder "personas". See "Policy Personas and Permissions" in the "Cinder Service Configuration" documentation (Xena release) for details.. Either ensure your deployment is ready for the new default or copy/paste the deprecated policy into your policy file and maintain it manually.
Mar 25 19:11:53.421316 np0000160632 devstack@c-api.service[112051]: warnings.warn(deprecated_msg)
Mar 25 19:11:53.421316 np0000160632 devstack@c-api.service[112051]: /opt/stack/data/venv/lib/python3.12/site-packages/oslo_policy/policy.py:806: UserWarning: Policy "backup:update":"rule:admin_or_owner" was deprecated in X in favor of "backup:update":"rule:xena_system_admin_or_project_member". Reason: Default policies now support the three Keystone default roles, namely 'admin', 'member', and 'reader' to implement three Cinder "personas". See "Policy Personas and Permissions" in the "Cinder Service Configuration" documentation (Xena release) for details.. Either ensure your deployment is ready for the new default or copy/paste the deprecated policy into your policy file and maintain it manually.
Mar 25 19:11:53.421316 np0000160632 devstack@c-api.service[112051]: warnings.warn(deprecated_msg)
Mar 25 19:11:53.421609 np0000160632 devstack@c-api.service[112051]: /opt/stack/data/venv/lib/python3.12/site-packages/oslo_policy/policy.py:806: UserWarning: Policy "backup:delete":"rule:admin_or_owner" was deprecated in X in favor of "backup:delete":"rule:xena_system_admin_or_project_member". Reason: Default policies now support the three Keystone default roles, namely 'admin', 'member', and 'reader' to implement three Cinder "personas". See "Policy Personas and Permissions" in the "Cinder Service Configuration" documentation (Xena release) for details.. Either ensure your deployment is ready for the new default or copy/paste the deprecated policy into your policy file and maintain it manually.
Mar 25 19:11:53.421609 np0000160632 devstack@c-api.service[112051]: warnings.warn(deprecated_msg)
Mar 25 19:11:53.421609 np0000160632 devstack@c-api.service[112051]: /opt/stack/data/venv/lib/python3.12/site-packages/oslo_policy/policy.py:806: UserWarning: Policy "backup:restore":"rule:admin_or_owner" was deprecated in X in favor of "backup:restore":"rule:xena_system_admin_or_project_member". Reason: Default policies now support the three Keystone default roles, namely 'admin', 'member', and 'reader' to implement three Cinder "personas". See "Policy Personas and Permissions" in the "Cinder Service Configuration" documentation (Xena release) for details.. Either ensure your deployment is ready for the new default or copy/paste the deprecated policy into your policy file and maintain it manually.
Mar 25 19:11:53.421609 np0000160632 devstack@c-api.service[112051]: warnings.warn(deprecated_msg)
Mar 25 19:11:53.421609 np0000160632 devstack@c-api.service[112051]: /opt/stack/data/venv/lib/python3.12/site-packages/oslo_policy/policy.py:806: UserWarning: Policy "group:get_all":"rule:admin_or_owner" was deprecated in X in favor of "group:get_all":"rule:xena_system_admin_or_project_reader". Reason: Default policies now support the three Keystone default roles, namely 'admin', 'member', and 'reader' to implement three Cinder "personas". See "Policy Personas and Permissions" in the "Cinder Service Configuration" documentation (Xena release) for details.. Either ensure your deployment is ready for the new default or copy/paste the deprecated policy into your policy file and maintain it manually.
Mar 25 19:11:53.421609 np0000160632 devstack@c-api.service[112051]: warnings.warn(deprecated_msg)
Mar 25 19:11:53.421935 np0000160632 devstack@c-api.service[112051]: /opt/stack/data/venv/lib/python3.12/site-packages/oslo_policy/policy.py:806: UserWarning: Policy "group:create":"" was deprecated in X in favor of "group:create":"rule:xena_system_admin_or_project_member". Reason: Default policies now support the three Keystone default roles, namely 'admin', 'member', and 'reader' to implement three Cinder "personas". See "Policy Personas and Permissions" in the "Cinder Service Configuration" documentation (Xena release) for details.. Either ensure your deployment is ready for the new default or copy/paste the deprecated policy into your policy file and maintain it manually.
Mar 25 19:11:53.421935 np0000160632 devstack@c-api.service[112051]: warnings.warn(deprecated_msg)
Mar 25 19:11:53.421935 np0000160632 devstack@c-api.service[112051]: /opt/stack/data/venv/lib/python3.12/site-packages/oslo_policy/policy.py:806: UserWarning: Policy "group:get":"rule:admin_or_owner" was deprecated in X in favor of "group:get":"rule:xena_system_admin_or_project_reader". Reason: Default policies now support the three Keystone default roles, namely 'admin', 'member', and 'reader' to implement three Cinder "personas". See "Policy Personas and Permissions" in the "Cinder Service Configuration" documentation (Xena release) for details.. Either ensure your deployment is ready for the new default or copy/paste the deprecated policy into your policy file and maintain it manually.
Mar 25 19:11:53.421935 np0000160632 devstack@c-api.service[112051]: warnings.warn(deprecated_msg)
Mar 25 19:11:53.421935 np0000160632 devstack@c-api.service[112051]: /opt/stack/data/venv/lib/python3.12/site-packages/oslo_policy/policy.py:806: UserWarning: Policy "group:update":"rule:admin_or_owner" was deprecated in X in favor of "group:update":"rule:xena_system_admin_or_project_member". Reason: Default policies now support the three Keystone default roles, namely 'admin', 'member', and 'reader' to implement three Cinder "personas". See "Policy Personas and Permissions" in the "Cinder Service Configuration" documentation (Xena release) for details.. Either ensure your deployment is ready for the new default or copy/paste the deprecated policy into your policy file and maintain it manually.
Mar 25 19:11:53.421935 np0000160632 devstack@c-api.service[112051]: warnings.warn(deprecated_msg)
Mar 25 19:11:53.422818 np0000160632 devstack@c-api.service[112051]: /opt/stack/data/venv/lib/python3.12/site-packages/oslo_policy/policy.py:806: UserWarning: Policy "group:get_all_group_snapshots":"rule:admin_or_owner" was deprecated in X in favor of "group:get_all_group_snapshots":"rule:xena_system_admin_or_project_reader". Reason: Default policies now support the three Keystone default roles, namely 'admin', 'member', and 'reader' to implement three Cinder "personas". See "Policy Personas and Permissions" in the "Cinder Service Configuration" documentation (Xena release) for details.. Either ensure your deployment is ready for the new default or copy/paste the deprecated policy into your policy file and maintain it manually.
Mar 25 19:11:53.422818 np0000160632 devstack@c-api.service[112051]: warnings.warn(deprecated_msg)
Mar 25 19:11:53.422818 np0000160632 devstack@c-api.service[112051]: /opt/stack/data/venv/lib/python3.12/site-packages/oslo_policy/policy.py:806: UserWarning: Policy "group:create_group_snapshot":"" was deprecated in X in favor of "group:create_group_snapshot":"rule:xena_system_admin_or_project_member". Reason: Default policies now support the three Keystone default roles, namely 'admin', 'member', and 'reader' to implement three Cinder "personas". See "Policy Personas and Permissions" in the "Cinder Service Configuration" documentation (Xena release) for details.. Either ensure your deployment is ready for the new default or copy/paste the deprecated policy into your policy file and maintain it manually.
Mar 25 19:11:53.422818 np0000160632 devstack@c-api.service[112051]: warnings.warn(deprecated_msg)
Mar 25 19:11:53.422818 np0000160632 devstack@c-api.service[112051]: /opt/stack/data/venv/lib/python3.12/site-packages/oslo_policy/policy.py:806: UserWarning: Policy "group:get_group_snapshot":"rule:admin_or_owner" was deprecated in X in favor of "group:get_group_snapshot":"rule:xena_system_admin_or_project_reader". Reason: Default policies now support the three Keystone default roles, namely 'admin', 'member', and 'reader' to implement three Cinder "personas". See "Policy Personas and Permissions" in the "Cinder Service Configuration" documentation (Xena release) for details.. Either ensure your deployment is ready for the new default or copy/paste the deprecated policy into your policy file and maintain it manually.
Mar 25 19:11:53.423537 np0000160632 devstack@c-api.service[112051]: warnings.warn(deprecated_msg)
Mar 25 19:11:53.423537 np0000160632 devstack@c-api.service[112051]: /opt/stack/data/venv/lib/python3.12/site-packages/oslo_policy/policy.py:806: UserWarning: Policy "group:delete_group_snapshot":"rule:admin_or_owner" was deprecated in X in favor of "group:delete_group_snapshot":"rule:xena_system_admin_or_project_member". Reason: Default policies now support the three Keystone default roles, namely 'admin', 'member', and 'reader' to implement three Cinder "personas". See "Policy Personas and Permissions" in the "Cinder Service Configuration" documentation (Xena release) for details.. Either ensure your deployment is ready for the new default or copy/paste the deprecated policy into your policy file and maintain it manually.
Mar 25 19:11:53.423537 np0000160632 devstack@c-api.service[112051]: warnings.warn(deprecated_msg)
Mar 25 19:11:53.423537 np0000160632 devstack@c-api.service[112051]: /opt/stack/data/venv/lib/python3.12/site-packages/oslo_policy/policy.py:806: UserWarning: Policy "group:update_group_snapshot":"rule:admin_or_owner" was deprecated in X in favor of "group:update_group_snapshot":"rule:xena_system_admin_or_project_member". Reason: Default policies now support the three Keystone default roles, namely 'admin', 'member', and 'reader' to implement three Cinder "personas". See "Policy Personas and Permissions" in the "Cinder Service Configuration" documentation (Xena release) for details.. Either ensure your deployment is ready for the new default or copy/paste the deprecated policy into your policy file and maintain it manually.
Mar 25 19:11:53.423537 np0000160632 devstack@c-api.service[112051]: warnings.warn(deprecated_msg)
Mar 25 19:11:53.424073 np0000160632 devstack@c-api.service[112051]: /opt/stack/data/venv/lib/python3.12/site-packages/oslo_policy/policy.py:806: UserWarning: Policy "group:delete":"rule:admin_or_owner" was deprecated in X in favor of "group:delete":"rule:xena_system_admin_or_project_member". Reason: Default policies now support the three Keystone default roles, namely 'admin', 'member', and 'reader' to implement three Cinder "personas". See "Policy Personas and Permissions" in the "Cinder Service Configuration" documentation (Xena release) for details.. Either ensure your deployment is ready for the new default or copy/paste the deprecated policy into your policy file and maintain it manually.
Mar 25 19:11:53.424073 np0000160632 devstack@c-api.service[112051]: warnings.warn(deprecated_msg)
Mar 25 19:11:53.424073 np0000160632 devstack@c-api.service[112051]: /opt/stack/data/venv/lib/python3.12/site-packages/oslo_policy/policy.py:806: UserWarning: Policy "group:enable_replication":"rule:admin_or_owner" was deprecated in X in favor of "group:enable_replication":"rule:xena_system_admin_or_project_member". Reason: Default policies now support the three Keystone default roles, namely 'admin', 'member', and 'reader' to implement three Cinder "personas". See "Policy Personas and Permissions" in the "Cinder Service Configuration" documentation (Xena release) for details.. Either ensure your deployment is ready for the new default or copy/paste the deprecated policy into your policy file and maintain it manually.
Mar 25 19:11:53.424073 np0000160632 devstack@c-api.service[112051]: warnings.warn(deprecated_msg)
Mar 25 19:11:53.424073 np0000160632 devstack@c-api.service[112051]: /opt/stack/data/venv/lib/python3.12/site-packages/oslo_policy/policy.py:806: UserWarning: Policy "group:disable_replication":"rule:admin_or_owner" was deprecated in X in favor of "group:disable_replication":"rule:xena_system_admin_or_project_member". Reason: Default policies now support the three Keystone default roles, namely 'admin', 'member', and 'reader' to implement three Cinder "personas". See "Policy Personas and Permissions" in the "Cinder Service Configuration" documentation (Xena release) for details.. Either ensure your deployment is ready for the new default or copy/paste the deprecated policy into your policy file and maintain it manually.
Mar 25 19:11:53.424073 np0000160632 devstack@c-api.service[112051]: warnings.warn(deprecated_msg)
Mar 25 19:11:53.424866 np0000160632 devstack@c-api.service[112051]: /opt/stack/data/venv/lib/python3.12/site-packages/oslo_policy/policy.py:806: UserWarning: Policy "group:failover_replication":"rule:admin_or_owner" was deprecated in X in favor of "group:failover_replication":"rule:xena_system_admin_or_project_member". Reason: Default policies now support the three Keystone default roles, namely 'admin', 'member', and 'reader' to implement three Cinder "personas". See "Policy Personas and Permissions" in the "Cinder Service Configuration" documentation (Xena release) for details.. Either ensure your deployment is ready for the new default or copy/paste the deprecated policy into your policy file and maintain it manually.
Mar 25 19:11:53.424866 np0000160632 devstack@c-api.service[112051]: warnings.warn(deprecated_msg)
Mar 25 19:11:53.424866 np0000160632 devstack@c-api.service[112051]: /opt/stack/data/venv/lib/python3.12/site-packages/oslo_policy/policy.py:806: UserWarning: Policy "group:list_replication_targets":"rule:admin_or_owner" was deprecated in X in favor of "group:list_replication_targets":"rule:xena_system_admin_or_project_member". Reason: Default policies now support the three Keystone default roles, namely 'admin', 'member', and 'reader' to implement three Cinder "personas". See "Policy Personas and Permissions" in the "Cinder Service Configuration" documentation (Xena release) for details.. Either ensure your deployment is ready for the new default or copy/paste the deprecated policy into your policy file and maintain it manually.
Mar 25 19:11:53.424866 np0000160632 devstack@c-api.service[112051]: warnings.warn(deprecated_msg)
