2026-04-07 01:15:00.087 8 INFO neutron.db.ovn_revision_numbers_db [None req-731c1f91-c1d4-4e22-b5ad-387d5c1bde37 fa2d6b0e531647618933fcb3a9201ef4 2373713fbff0401d8c2cde506f8be819 - - default default] Successfully bumped revision number for resource 5a990c83-be08-4dc0-83db-4f47cb4b715e (type: security_group_rules) to 0
2026-04-07 01:15:00.099 8 INFO neutron.db.ovn_revision_numbers_db [None req-731c1f91-c1d4-4e22-b5ad-387d5c1bde37 fa2d6b0e531647618933fcb3a9201ef4 2373713fbff0401d8c2cde506f8be819 - - default default] Successfully bumped revision number for resource 83247c53-4404-4816-bc77-00e0be51fa26 (type: security_group_rules) to 0
2026-04-07 01:15:00.112 8 INFO neutron.db.ovn_revision_numbers_db [None req-731c1f91-c1d4-4e22-b5ad-387d5c1bde37 fa2d6b0e531647618933fcb3a9201ef4 2373713fbff0401d8c2cde506f8be819 - - default default] Successfully bumped revision number for resource ac876cd6-db39-4da9-b3c2-419d3d7c74c2 (type: security_group_rules) to 0 [pid: 8|app: 0|req: 833/1610] 10.0.0.14 () {32 vars in 772 bytes} [Tue Apr 7 01:14:59 2026] GET /v2.0/security-groups?tenant_id=7e95629550d04bc8987e029ff1609dbb&name=default => generated 2925 bytes in 452 msecs (HTTP/1.1 200) 4 headers in 158 bytes (1 switches on core 0)
2026-04-07 01:15:00.208 7 INFO neutron.db.ovn_revision_numbers_db [None req-dd5efc98-2402-4f01-826a-45910fa63b3a ccb54244db924706be1c9927f97bf9a7 aae3f08661294d6ea03a8f67d7d67320 - - default default] Successfully bumped revision number for resource 358a31e6-a695-42fa-bfe8-866677ce2c32 (type: router_ports) to 1 [pid: 7|app: 0|req: 778/1611] 10.0.0.14 () {34 vars in 781 bytes} [Tue Apr 7 01:14:58 2026] PUT /v2.0/routers/dc6a9b97-94ae-4420-8860-85f175cfdf8c/add_router_interface => generated 309 bytes in 1620 msecs (HTTP/1.1 200) 4 headers in 157 bytes (1 switches on core 0)
2026-04-07 01:15:00.260 8 INFO neutron.db.ovn_revision_numbers_db [None req-b439f20d-be6c-40d5-881a-3411dcc03c3f e92244da4df643fdba2e6e28fcb1812e 65b01db4a1bc4c70873b5e22b395b6c4 - - default default] Successfully bumped revision number for resource e6c7b423-90b2-4d72-b6cc-e5286f847932 (type: routers) to 1 [pid: 8|app: 0|req: 834/1612] 10.0.0.14 () {34 vars in 667 bytes} [Tue Apr 7 01:15:00 2026] POST /v2.0/routers => generated 607 bytes in 131 msecs (HTTP/1.1 201) 4 headers in 162 bytes (1 switches on core 0) [pid: 8|app: 0|req: 835/1613] 10.0.0.14 () {32 vars in 715 bytes} [Tue Apr 7 01:15:00 2026] GET /v2.0/ports/358a31e6-a695-42fa-bfe8-866677ce2c32 => generated 943 bytes in 45 msecs (HTTP/1.1 200) 4 headers in 157 bytes (1 switches on core 0)
2026-04-07 01:15:00.469 7 INFO neutron.db.ovn_revision_numbers_db [None req-e908ea15-3c02-4a0a-a912-1b156a251787 - - - - - -] Successfully bumped revision number for resource 358a31e6-a695-42fa-bfe8-866677ce2c32 (type: ports) to 2 [pid: 7|app: 0|req: 779/1614] 10.0.0.14 () {32 vars in 738 bytes} [Tue Apr 7 01:15:00 2026] DELETE /v2.0/security-groups/85e7a611-88aa-4222-93e5-cea511fd7fe7 => generated 0 bytes in 505 msecs (HTTP/1.1 204) 2 headers in 112 bytes (1 switches on core 0)
2026-04-07 01:15:00.799 8 WARNING neutron.scheduler.dhcp_agent_scheduler [None req-00c634e8-a770-4f9b-b677-aff58b7d72d8 e92244da4df643fdba2e6e28fcb1812e 65b01db4a1bc4c70873b5e22b395b6c4 - - default default] No more DHCP agents
2026-04-07 01:15:00.801 8 WARNING neutron.api.rpc.agentnotifiers.dhcp_rpc_agent_api [None req-00c634e8-a770-4f9b-b677-aff58b7d72d8 e92244da4df643fdba2e6e28fcb1812e 65b01db4a1bc4c70873b5e22b395b6c4 - - default default] Unable to schedule network 6d5f6be5-0d64-4975-b1d5-c53128d34828: no agents available; will retry on subsequent port and subnet creation events.
2026-04-07 01:15:00.912 8 INFO neutron.db.ovn_revision_numbers_db [None req-00c634e8-a770-4f9b-b677-aff58b7d72d8 e92244da4df643fdba2e6e28fcb1812e 65b01db4a1bc4c70873b5e22b395b6c4 - - default default] Successfully bumped revision number for resource 1fdc54a1-34d9-4cca-beb4-010014c99411 (type: ports) to 1
2026-04-07 01:15:01.178 7 WARNING neutron.scheduler.dhcp_agent_scheduler [None req-392030e4-65be-40f0-9d21-deb2999938ff ccb54244db924706be1c9927f97bf9a7 aae3f08661294d6ea03a8f67d7d67320 - - default default] No more DHCP agents
2026-04-07 01:15:01.180 7 WARNING neutron.api.rpc.agentnotifiers.dhcp_rpc_agent_api [None req-392030e4-65be-40f0-9d21-deb2999938ff ccb54244db924706be1c9927f97bf9a7 aae3f08661294d6ea03a8f67d7d67320 - - default default] Unable to schedule network 0f06c347-80b4-42f4-9060-fbd08f65a2dd: no agents available; will retry on subsequent port and subnet creation events.
2026-04-07 01:15:01.234 8 WARNING neutron.plugins.ml2.drivers.ovn.mech_driver.ovsdb.ovn_client [None req-e0aef352-ef8e-4369-9623-6847f2273505 - - - - - -] No port found with ID 954c481a-1339-4669-961e-fa0e5b39127b: RuntimeError: No port found with ID 954c481a-1339-4669-961e-fa0e5b39127b
2026-04-07 01:15:01.307 8 INFO neutron.plugins.ml2.drivers.ovn.mech_driver.mech_driver [None req-e0aef352-ef8e-4369-9623-6847f2273505 - - - - - -] OVN reports status down for port: bff6e731-a40c-4ba2-b283-e1255c0f56c1
2026-04-07 01:15:01.324 7 INFO neutron.db.ovn_revision_numbers_db [None req-392030e4-65be-40f0-9d21-deb2999938ff ccb54244db924706be1c9927f97bf9a7 aae3f08661294d6ea03a8f67d7d67320 - - default default] Successfully bumped revision number for resource bff6e731-a40c-4ba2-b283-e1255c0f56c1 (type: ports) to 1
2026-04-07 01:15:01.566 8 WARNING neutron.scheduler.dhcp_agent_scheduler [None req-00c634e8-a770-4f9b-b677-aff58b7d72d8 e92244da4df643fdba2e6e28fcb1812e 65b01db4a1bc4c70873b5e22b395b6c4 - - default default] No more DHCP agents
2026-04-07 01:15:01.567 8 WARNING neutron.api.rpc.agentnotifiers.dhcp_rpc_agent_api [None req-00c634e8-a770-4f9b-b677-aff58b7d72d8 e92244da4df643fdba2e6e28fcb1812e 65b01db4a1bc4c70873b5e22b395b6c4 - - default default] Unable to schedule network 6d5f6be5-0d64-4975-b1d5-c53128d34828: no agents available; will retry on subsequent port and subnet creation events.
2026-04-07 01:15:01.745 8 INFO neutron.db.ovn_revision_numbers_db [None req-00c634e8-a770-4f9b-b677-aff58b7d72d8 e92244da4df643fdba2e6e28fcb1812e 65b01db4a1bc4c70873b5e22b395b6c4 - - default default] Successfully bumped revision number for resource 1fdc54a1-34d9-4cca-beb4-010014c99411 (type: router_ports) to 1 [pid: 8|app: 0|req: 836/1615] 10.0.0.14 () {34 vars in 781 bytes} [Tue Apr 7 01:15:00 2026] PUT /v2.0/routers/e6c7b423-90b2-4d72-b6cc-e5286f847932/add_router_interface => generated 309 bytes in 1421 msecs (HTTP/1.1 200) 4 headers in 157 bytes (1 switches on core 0)
2026-04-07 01:15:01.982 8 INFO neutron.plugins.ml2.drivers.ovn.mech_driver.mech_driver [None req-e0aef352-ef8e-4369-9623-6847f2273505 - - - - - -] OVN reports status up for port: bff6e731-a40c-4ba2-b283-e1255c0f56c1
2026-04-07 01:15:02.012 8 INFO neutron.plugins.ml2.plugin [None req-e0aef352-ef8e-4369-9623-6847f2273505 - - - - - -] Attempt 1 to provision port bff6e731-a40c-4ba2-b283-e1255c0f56c1
2026-04-07 01:15:02.049 7 WARNING neutron.scheduler.dhcp_agent_scheduler [None req-392030e4-65be-40f0-9d21-deb2999938ff ccb54244db924706be1c9927f97bf9a7 aae3f08661294d6ea03a8f67d7d67320 - - default default] No more DHCP agents
2026-04-07 01:15:02.051 7 WARNING neutron.api.rpc.agentnotifiers.dhcp_rpc_agent_api [None req-392030e4-65be-40f0-9d21-deb2999938ff ccb54244db924706be1c9927f97bf9a7 aae3f08661294d6ea03a8f67d7d67320 - - default default] Unable to schedule network 0f06c347-80b4-42f4-9060-fbd08f65a2dd: no agents available; will retry on subsequent port and subnet creation events.
2026-04-07 01:15:02.167 8 INFO neutron.db.ovn_revision_numbers_db [None req-2d8774f8-1f9a-492e-b253-d4298b6b85e4 fa2d6b0e531647618933fcb3a9201ef4 2373713fbff0401d8c2cde506f8be819 - - default default] Successfully bumped revision number for resource 4f158bc7-9d16-4263-9da1-445b8d7d74ee (type: security_groups) to 1
2026-04-07 01:15:02.198 8 INFO neutron.db.ovn_revision_numbers_db [None req-2d8774f8-1f9a-492e-b253-d4298b6b85e4 fa2d6b0e531647618933fcb3a9201ef4 2373713fbff0401d8c2cde506f8be819 - - default default] Successfully bumped revision number for resource 3cbe868a-0b87-4d8e-8e42-eccb9088cd40 (type: security_group_rules) to 0
2026-04-07 01:15:02.247 8 INFO neutron.db.ovn_revision_numbers_db [None req-2d8774f8-1f9a-492e-b253-d4298b6b85e4 fa2d6b0e531647618933fcb3a9201ef4 2373713fbff0401d8c2cde506f8be819 - - default default] Successfully bumped revision number for resource 4da288ac-34f4-41b8-944f-d1d0c5197f97 (type: security_group_rules) to 0
2026-04-07 01:15:02.251 7 INFO neutron.db.ovn_revision_numbers_db [None req-392030e4-65be-40f0-9d21-deb2999938ff ccb54244db924706be1c9927f97bf9a7 aae3f08661294d6ea03a8f67d7d67320 - - default default] Successfully bumped revision number for resource bff6e731-a40c-4ba2-b283-e1255c0f56c1 (type: router_ports) to 1 [pid: 7|app: 0|req: 780/1616] 10.0.0.14 () {34 vars in 781 bytes} [Tue Apr 7 01:15:00 2026] PUT /v2.0/routers/dc6a9b97-94ae-4420-8860-85f175cfdf8c/add_router_interface => generated 309 bytes in 1534 msecs (HTTP/1.1 200) 4 headers in 157 bytes (1 switches on core 0)
2026-04-07 01:15:02.282 8 INFO neutron.db.ovn_revision_numbers_db [None req-2d8774f8-1f9a-492e-b253-d4298b6b85e4 fa2d6b0e531647618933fcb3a9201ef4 2373713fbff0401d8c2cde506f8be819 - - default default] Successfully bumped revision number for resource b953ac28-b7be-4194-bf00-4bd41a76a670 (type: security_group_rules) to 0 [pid: 7|app: 0|req: 781/1617] 10.0.0.14 () {32 vars in 715 bytes} [Tue Apr 7 01:15:02 2026] GET /v2.0/ports/1fdc54a1-34d9-4cca-beb4-010014c99411 => generated 945 bytes in 63 msecs (HTTP/1.1 200) 4 headers in 157 bytes (1 switches on core 0)
2026-04-07 01:15:02.329 8 INFO neutron.db.ovn_revision_numbers_db [None req-2d8774f8-1f9a-492e-b253-d4298b6b85e4 fa2d6b0e531647618933fcb3a9201ef4 2373713fbff0401d8c2cde506f8be819 - - default default] Successfully bumped revision number for resource d7d703b0-4965-4100-b13c-e8c3825fa92e (type: security_group_rules) to 0 [pid: 7|app: 0|req: 782/1618] 10.0.0.14 () {32 vars in 715 bytes} [Tue Apr 7 01:15:02 2026] GET /v2.0/ports/bff6e731-a40c-4ba2-b283-e1255c0f56c1 => generated 943 bytes in 60 msecs (HTTP/1.1 200) 4 headers in 157 bytes (1 switches on core 0) [pid: 7|app: 0|req: 783/1619] 10.0.0.14 () {32 vars in 715 bytes} [Tue Apr 7 01:15:02 2026] GET /v2.0/ports/1fdc54a1-34d9-4cca-beb4-010014c99411 => generated 945 bytes in 29 msecs (HTTP/1.1 200) 4 headers in 157 bytes (1 switches on core 0)
2026-04-07 01:15:02.435 8 INFO neutron.db.segments_db [None req-2d8774f8-1f9a-492e-b253-d4298b6b85e4 fa2d6b0e531647618933fcb3a9201ef4 2373713fbff0401d8c2cde506f8be819 - - default default] Added segment bfae8ef3-8d5f-401d-868d-55b68812fd7f of type geneve for network 92ede626-032b-4a12-b20f-c7a10ccaf74d [pid: 7|app: 0|req: 784/1620] 10.0.0.14 () {32 vars in 715 bytes} [Tue Apr 7 01:15:02 2026] GET /v2.0/ports/bff6e731-a40c-4ba2-b283-e1255c0f56c1 => generated 943 bytes in 30 msecs (HTTP/1.1 200) 4 headers in 157 bytes (1 switches on core 0)
2026-04-07 01:15:02.683 7 INFO neutron_taas.services.taas.taas_plugin [None req-0db74577-8fce-4e69-bc73-c72bd2677f83 ccb54244db924706be1c9927f97bf9a7 aae3f08661294d6ea03a8f67d7d67320 - - default default] TaaS: Handle Delete Port: bff6e731-a40c-4ba2-b283-e1255c0f56c1
2026-04-07 01:15:02.686 7 INFO neutron_taas.services.taas.tap_mirror_plugin [None req-0db74577-8fce-4e69-bc73-c72bd2677f83 ccb54244db924706be1c9927f97bf9a7 aae3f08661294d6ea03a8f67d7d67320 - - default default] Tap Mirror: Handle Delete Port: bff6e731-a40c-4ba2-b283-e1255c0f56c1
2026-04-07 01:15:03.057 8 INFO neutron.db.ovn_revision_numbers_db [None req-e0aef352-ef8e-4369-9623-6847f2273505 - - - - - -] Successfully bumped revision number for resource bff6e731-a40c-4ba2-b283-e1255c0f56c1 (type: ports) to 2
2026-04-07 01:15:03.062 8 INFO neutron.db.ovn_revision_numbers_db [None req-2d8774f8-1f9a-492e-b253-d4298b6b85e4 fa2d6b0e531647618933fcb3a9201ef4 2373713fbff0401d8c2cde506f8be819 - - default default] Successfully bumped revision number for resource 92ede626-032b-4a12-b20f-c7a10ccaf74d (type: networks) to 1
2026-04-07 01:15:03.300 8 WARNING neutron.scheduler.dhcp_agent_scheduler [None req-2d8774f8-1f9a-492e-b253-d4298b6b85e4 fa2d6b0e531647618933fcb3a9201ef4 2373713fbff0401d8c2cde506f8be819 - - default default] No more DHCP agents
2026-04-07 01:15:03.302 8 WARNING neutron.api.rpc.agentnotifiers.dhcp_rpc_agent_api [None req-2d8774f8-1f9a-492e-b253-d4298b6b85e4 fa2d6b0e531647618933fcb3a9201ef4 2373713fbff0401d8c2cde506f8be819 - - default default] Unable to schedule network 92ede626-032b-4a12-b20f-c7a10ccaf74d: no agents available; will retry on subsequent port and subnet creation events.
2026-04-07 01:15:03.388 8 INFO neutron.db.ovn_revision_numbers_db [None req-2d8774f8-1f9a-492e-b253-d4298b6b85e4 fa2d6b0e531647618933fcb3a9201ef4 2373713fbff0401d8c2cde506f8be819 - - default default] Successfully bumped revision number for resource 109166e7-613e-4529-adbd-bd608af26409 (type: ports) to 1 [pid: 8|app: 0|req: 837/1621] 10.0.0.14 () {34 vars in 669 bytes} [Tue Apr 7 01:15:01 2026] POST /v2.0/networks => generated 781 bytes in 1660 msecs (HTTP/1.1 201) 4 headers in 162 bytes (1 switches on core 0) [pid: 7|app: 0|req: 785/1622] 10.0.0.14 () {34 vars in 787 bytes} [Tue Apr 7 01:15:02 2026] PUT /v2.0/routers/dc6a9b97-94ae-4420-8860-85f175cfdf8c/remove_router_interface => generated 309 bytes in 1013 msecs (HTTP/1.1 200) 4 headers in 157 bytes (1 switches on core 0) /var/lib/openstack/lib/python3.12/site-packages/pycadf/identifier.py:70: UserWarning: Invalid uuid: neutron. To ensure interoperability, identifiers should be a valid uuid. warnings.warn(('Invalid uuid: %s. To ensure interoperability, ' [pid: 7|app: 0|req: 786/1623] 10.0.0.14 () {32 vars in 715 bytes} [Tue Apr 7 01:15:03 2026] GET /v2.0/ports/1fdc54a1-34d9-4cca-beb4-010014c99411 => generated 945 bytes in 42 msecs (HTTP/1.1 200) 4 headers in 157 bytes (1 switches on core 0)
2026-04-07 01:15:03.640 7 WARNING neutron.scheduler.dhcp_agent_scheduler [None req-f2f3a470-9f5d-4c38-a09f-c3e2d3acdd2b fa2d6b0e531647618933fcb3a9201ef4 2373713fbff0401d8c2cde506f8be819 - - default default] No more DHCP agents
2026-04-07 01:15:03.642 7 WARNING neutron.api.rpc.agentnotifiers.dhcp_rpc_agent_api [None req-f2f3a470-9f5d-4c38-a09f-c3e2d3acdd2b fa2d6b0e531647618933fcb3a9201ef4 2373713fbff0401d8c2cde506f8be819 - - default default] Unable to schedule network 92ede626-032b-4a12-b20f-c7a10ccaf74d: no agents available; will retry on subsequent port and subnet creation events.
2026-04-07 01:15:03.654 8 INFO neutron.db.ovn_revision_numbers_db [None req-1e2a7fc0-e8a6-40b4-b3e2-f91ae1c73a16 fa2d6b0e531647618933fcb3a9201ef4 2373713fbff0401d8c2cde506f8be819 - - default default] Successfully bumped revision number for resource b9ca4c02-359f-459d-ae75-e2591d7d8a9b (type: security_groups) to 1
2026-04-07 01:15:03.668 8 INFO neutron.db.ovn_revision_numbers_db [None req-1e2a7fc0-e8a6-40b4-b3e2-f91ae1c73a16 fa2d6b0e531647618933fcb3a9201ef4 2373713fbff0401d8c2cde506f8be819 - - default default] Successfully bumped revision number for resource 5155fe91-96b4-4243-ab9f-b8e09470929a (type: security_group_rules) to 0
2026-04-07 01:15:03.678 8 INFO neutron.db.ovn_revision_numbers_db [None req-1e2a7fc0-e8a6-40b4-b3e2-f91ae1c73a16 fa2d6b0e531647618933fcb3a9201ef4 2373713fbff0401d8c2cde506f8be819 - - default default] Successfully bumped revision number for resource 8c9069c0-ffb7-4960-b913-53789f9535b5 (type: security_group_rules) to 0
2026-04-07 01:15:03.690 8 INFO neutron.db.ovn_revision_numbers_db [None req-1e2a7fc0-e8a6-40b4-b3e2-f91ae1c73a16 fa2d6b0e531647618933fcb3a9201ef4 2373713fbff0401d8c2cde506f8be819 - - default default] Successfully bumped revision number for resource 9ebd9c9a-7175-45ce-a58c-9a8007a6681a (type: security_group_rules) to 0
2026-04-07 01:15:03.704 8 INFO neutron.db.ovn_revision_numbers_db [None req-1e2a7fc0-e8a6-40b4-b3e2-f91ae1c73a16 fa2d6b0e531647618933fcb3a9201ef4 2373713fbff0401d8c2cde506f8be819 - - default default] Successfully bumped revision number for resource b3d016e3-8131-4ae5-a9d4-efdf970fc61b (type: security_group_rules) to 0 [pid: 8|app: 0|req: 838/1624] 10.0.0.14 () {32 vars in 772 bytes} [Tue Apr 7 01:15:03 2026] GET /v2.0/security-groups?tenant_id=56941196e48045a79fab633a894e8343&name=default => generated 2925 bytes in 326 msecs (HTTP/1.1 200) 4 headers in 158 bytes (1 switches on core 0) [pid: 8|app: 0|req: 839/1625] 10.0.0.14 () {32 vars in 715 bytes} [Tue Apr 7 01:15:03 2026] GET /v2.0/ports/358a31e6-a695-42fa-bfe8-866677ce2c32 => generated 943 bytes in 66 msecs (HTTP/1.1 200) 4 headers in 157 bytes (1 switches on core 0) [pid: 8|app: 0|req: 840/1626] 10.0.0.14 () {32 vars in 738 bytes} [Tue Apr 7 01:15:03 2026] DELETE /v2.0/security-groups/b9ca4c02-359f-459d-ae75-e2591d7d8a9b => generated 0 bytes in 192 msecs (HTTP/1.1 204) 2 headers in 112 bytes (1 switches on core 0)
2026-04-07 01:15:04.088 7 INFO neutron.db.ovn_revision_numbers_db [None req-62c0d8ff-f1de-48d7-8b8c-d8a7d5057b65 - - - - - -] Successfully bumped revision number for resource 109166e7-613e-4529-adbd-bd608af26409 (type: ports) to 2
2026-04-07 01:15:04.122 7 INFO neutron.db.ovn_revision_numbers_db [None req-62c0d8ff-f1de-48d7-8b8c-d8a7d5057b65 - - - - - -] Successfully bumped revision number for resource 12726423-6d2b-4496-b600-ea2d25efc3b2 (type: subnets) to 0 [pid: 7|app: 0|req: 787/1627] 10.0.0.14 () {34 vars in 667 bytes} [Tue Apr 7 01:15:03 2026] POST /v2.0/subnets => generated 687 bytes in 647 msecs (HTTP/1.1 201) 4 headers in 162 bytes (1 switches on core 0)
2026-04-07 01:15:04.269 8 INFO neutron_taas.services.taas.taas_plugin [None req-556d1ad1-a58c-4a32-b864-bc3a421b6368 ccb54244db924706be1c9927f97bf9a7 aae3f08661294d6ea03a8f67d7d67320 - - default default] TaaS: Handle Delete Port: 358a31e6-a695-42fa-bfe8-866677ce2c32
2026-04-07 01:15:04.272 8 INFO neutron_taas.services.taas.tap_mirror_plugin [None req-556d1ad1-a58c-4a32-b864-bc3a421b6368 ccb54244db924706be1c9927f97bf9a7 aae3f08661294d6ea03a8f67d7d67320 - - default default] Tap Mirror: Handle Delete Port: 358a31e6-a695-42fa-bfe8-866677ce2c32 [pid: 7|app: 0|req: 788/1628] 10.0.0.114 () {28 vars in 578 bytes} [Tue Apr 7 01:15:04 2026] GET /v2.0/ports => generated 11312 bytes in 142 msecs (HTTP/1.1 200) 4 headers in 159 bytes (1 switches on core 0) [pid: 8|app: 0|req: 841/1629] 10.0.0.14 () {34 vars in 787 bytes} [Tue Apr 7 01:15:03 2026] PUT /v2.0/routers/dc6a9b97-94ae-4420-8860-85f175cfdf8c/remove_router_interface => generated 309 bytes in 648 msecs (HTTP/1.1 200) 4 headers in 157 bytes (1 switches on core 0) /var/lib/openstack/lib/python3.12/site-packages/pycadf/identifier.py:70: UserWarning: Invalid uuid: neutron. To ensure interoperability, identifiers should be a valid uuid. warnings.warn(('Invalid uuid: %s. To ensure interoperability, ' [pid: 8|app: 0|req: 842/1630] 10.0.0.114 () {28 vars in 582 bytes} [Tue Apr 7 01:15:04 2026] GET /v2.0/routers => generated 1849 bytes in 60 msecs (HTTP/1.1 200) 4 headers in 158 bytes (1 switches on core 0)
2026-04-07 01:15:04.775 7 WARNING neutron.scheduler.dhcp_agent_scheduler [None req-beb511e4-1fe5-490e-87d1-15c84e0df8cd fa2d6b0e531647618933fcb3a9201ef4 2373713fbff0401d8c2cde506f8be819 - - default default] No more DHCP agents
2026-04-07 01:15:04.778 7 WARNING neutron.api.rpc.agentnotifiers.dhcp_rpc_agent_api [None req-beb511e4-1fe5-490e-87d1-15c84e0df8cd fa2d6b0e531647618933fcb3a9201ef4 2373713fbff0401d8c2cde506f8be819 - - default default] Unable to schedule network 681bec85-552f-4497-ae5e-dec7477335eb: no agents available; will retry on subsequent port and subnet creation events. [pid: 8|app: 0|req: 843/1631] 10.0.0.14 () {32 vars in 715 bytes} [Tue Apr 7 01:15:04 2026] GET /v2.0/ports/1fdc54a1-34d9-4cca-beb4-010014c99411 => generated 945 bytes in 116 msecs (HTTP/1.1 200) 4 headers in 157 bytes (1 switches on core 0) [pid: 8|app: 0|req: 844/1632] 10.0.0.14 () {32 vars in 734 bytes} [Tue Apr 7 01:15:04 2026] GET /v2.0/ports?device_id=dc6a9b97-94ae-4420-8860-85f175cfdf8c => generated 12 bytes in 17 msecs (HTTP/1.1 200) 4 headers in 156 bytes (1 switches on core 0) [pid: 8|app: 0|req: 845/1633] 10.0.0.114 () {28 vars in 623 bytes} [Tue Apr 7 01:15:04 2026] GET /v2.0/agents?binary=ovn-controller => generated 416 bytes in 9 msecs (HTTP/1.1 200) 4 headers in 157 bytes (1 switches on core 0)
2026-04-07 01:15:04.911 7 INFO neutron.db.ovn_revision_numbers_db [None req-beb511e4-1fe5-490e-87d1-15c84e0df8cd fa2d6b0e531647618933fcb3a9201ef4 2373713fbff0401d8c2cde506f8be819 - - default default] Successfully bumped revision number for resource 2c088698-77d6-4d5a-a455-236981fc04f8 (type: ports) to 1 [pid: 8|app: 0|req: 846/1634] 10.0.0.14 () {32 vars in 722 bytes} [Tue Apr 7 01:15:04 2026] DELETE /v2.0/routers/dc6a9b97-94ae-4420-8860-85f175cfdf8c => generated 0 bytes in 195 msecs (HTTP/1.1 204) 2 headers in 112 bytes (1 switches on core 0) [pid: 8|app: 0|req: 847/1635] 10.0.0.114 () {28 vars in 582 bytes} [Tue Apr 7 01:15:05 2026] GET /v2.0/subnets => generated 3907 bytes in 34 msecs (HTTP/1.1 200) 4 headers in 158 bytes (1 switches on core 0) [pid: 8|app: 0|req: 848/1636] 10.0.0.14 () {32 vars in 722 bytes} [Tue Apr 7 01:15:05 2026] DELETE /v2.0/subnets/402212fa-369a-4741-a924-ebdf845cadf9 => generated 0 bytes in 152 msecs (HTTP/1.1 204) 3 headers in 131 bytes (1 switches on core 0) [pid: 8|app: 0|req: 849/1637] 10.0.0.114 () {28 vars in 590 bytes} [Tue Apr 7 01:15:05 2026] GET /v2.0/subnetpools => generated 19 bytes in 9 msecs (HTTP/1.1 200) 4 headers in 156 bytes (1 switches on core 0) [pid: 8|app: 0|req: 850/1638] 10.0.0.14 () {32 vars in 722 bytes} [Tue Apr 7 01:15:05 2026] DELETE /v2.0/subnets/27309275-5b94-49b2-858e-6cca2eb3cc3a => generated 0 bytes in 203 msecs (HTTP/1.1 204) 3 headers in 131 bytes (1 switches on core 0) [pid: 8|app: 0|req: 851/1639] 10.0.0.114 () {28 vars in 590 bytes} [Tue Apr 7 01:15:05 2026] GET /v2.0/floatingips => generated 19 bytes in 15 msecs (HTTP/1.1 200) 4 headers in 156 bytes (1 switches on core 0)
2026-04-07 01:15:05.562 7 INFO neutron.plugins.ml2.drivers.ovn.mech_driver.ovsdb.commands [None req-cec497f4-b2a2-46c1-88c6-4941ca0ffc0c - - - - - -] Schedule LRP lrp-2c088698-77d6-4d5a-a455-236981fc04f8 on gateway cdda16b2-5a55-428f-9032-5943536a09e3 with priority 1
2026-04-07 01:15:05.612 8 INFO neutron_taas.services.taas.taas_plugin [None req-4543bfc4-0419-4367-bc0b-a36049646ec8 ccb54244db924706be1c9927f97bf9a7 aae3f08661294d6ea03a8f67d7d67320 - - default default] TaaS: Handle Delete Port: 856b25c4-226c-42ff-8cbf-66ef13fd3532
2026-04-07 01:15:05.617 8 INFO neutron_taas.services.taas.tap_mirror_plugin [None req-4543bfc4-0419-4367-bc0b-a36049646ec8 ccb54244db924706be1c9927f97bf9a7 aae3f08661294d6ea03a8f67d7d67320 - - default default] Tap Mirror: Handle Delete Port: 856b25c4-226c-42ff-8cbf-66ef13fd3532
2026-04-07 01:15:05.620 7 INFO neutron.db.ovn_revision_numbers_db [None req-beb511e4-1fe5-490e-87d1-15c84e0df8cd fa2d6b0e531647618933fcb3a9201ef4 2373713fbff0401d8c2cde506f8be819 - - default default] Successfully bumped revision number for resource 2c088698-77d6-4d5a-a455-236981fc04f8 (type: router_ports) to 1
2026-04-07 01:15:05.624 7 INFO neutron.plugins.ml2.drivers.ovn.mech_driver.ovsdb.ovsdb_monitor [None req-6ae34a7e-b6e0-4e43-9142-e63eff89348f - - - - - -] Router c724647c-f953-4414-be34-a3d0eb10af9b is bound to host instance
2026-04-07 01:15:05.692 7 WARNING neutron.plugins.ml2.drivers.ovn.mech_driver.ovsdb.ovn_client [None req-8e9530d2-a937-4b3c-9835-765ce945a04a - - - - - -] No port found with ID 358a31e6-a695-42fa-bfe8-866677ce2c32: RuntimeError: No port found with ID 358a31e6-a695-42fa-bfe8-866677ce2c32
2026-04-07 01:15:05.753 7 INFO neutron.plugins.ml2.drivers.ovn.mech_driver.mech_driver [None req-8e9530d2-a937-4b3c-9835-765ce945a04a - - - - - -] OVN reports status down for port: 1fdc54a1-34d9-4cca-beb4-010014c99411
2026-04-07 01:15:05.787 8 INFO neutron.services.segments.plugin [-] Segment 579ad972-5d28-4143-8051-4289d8e07805 resource provider aggregate not found
2026-04-07 01:15:05.790 7 INFO neutron.db.ovn_revision_numbers_db [None req-beb511e4-1fe5-490e-87d1-15c84e0df8cd fa2d6b0e531647618933fcb3a9201ef4 2373713fbff0401d8c2cde506f8be819 - - default default] Successfully bumped revision number for resource c724647c-f953-4414-be34-a3d0eb10af9b (type: routers) to 2
2026-04-07 01:15:05.790 8 INFO neutron.services.segments.plugin [-] Segment 579ad972-5d28-4143-8051-4289d8e07805 resource provider aggregate not found
2026-04-07 01:15:05.805 8 INFO neutron.services.segments.plugin [-] Segment 579ad972-5d28-4143-8051-4289d8e07805 resource provider not found; error: Placement Client Error (4xx): {"errors": [{"status": 404, "title": "Not Found", "detail": "The resource could not be found.\n\n No resource provider with uuid 579ad972-5d28-4143-8051-4289d8e07805 found for delete ", "request_id": "req-cff3cbe6-f48d-499d-bf92-41d0f5243009"}]}
2026-04-07 01:15:05.807 8 INFO neutron.services.segments.plugin [-] Segment 579ad972-5d28-4143-8051-4289d8e07805 resource provider not found; error: Placement Client Error (4xx): {"errors": [{"status": 404, "title": "Not Found", "detail": "The resource could not be found.\n\n No resource provider with uuid 579ad972-5d28-4143-8051-4289d8e07805 found for delete ", "request_id": "req-55e47db5-4ed8-44a4-ac82-103304dfb70e"}]} [pid: 7|app: 0|req: 789/1642] 10.0.0.14 () {34 vars in 667 bytes} [Tue Apr 7 01:15:04 2026] POST /v2.0/routers => generated 965 bytes in 1544 msecs (HTTP/1.1 201) 4 headers in 162 bytes (1 switches on core 0) [pid: 8|app: 0|req: 854/1643] 10.0.0.14 () {32 vars in 724 bytes} [Tue Apr 7 01:15:05 2026] DELETE /v2.0/networks/0f06c347-80b4-42f4-9060-fbd08f65a2dd => generated 0 bytes in 372 msecs (HTTP/1.1 204) 3 headers in 131 bytes (1 switches on core 0) [pid: 8|app: 0|req: 855/1644] 10.0.0.14 () {32 vars in 715 bytes} [Tue Apr 7 01:15:05 2026] GET /v2.0/ports/1fdc54a1-34d9-4cca-beb4-010014c99411 => generated 945 bytes in 32 msecs (HTTP/1.1 200) 4 headers in 157 bytes (1 switches on core 0) [pid: 7|app: 0|req: 790/1645] 10.0.0.114 () {28 vars in 598 bytes} [Tue Apr 7 01:15:05 2026] GET /v2.0/security-groups => generated 26109 bytes in 95 msecs (HTTP/1.1 200) 4 headers in 159 bytes (1 switches on core 0)
2026-04-07 01:15:05.949 7 WARNING neutron.plugins.ml2.drivers.ovn.mech_driver.ovsdb.ovn_client [None req-8e9530d2-a937-4b3c-9835-765ce945a04a - - - - - -] Logical_Switch_Port 1fdc54a1-34d9-4cca-beb4-010014c99411 host information not removed, the port state is up
2026-04-07 01:15:05.949 7 INFO neutron.plugins.ml2.drivers.ovn.mech_driver.mech_driver [None req-8e9530d2-a937-4b3c-9835-765ce945a04a - - - - - -] OVN reports status up for port: 1fdc54a1-34d9-4cca-beb4-010014c99411
2026-04-07 01:15:05.976 7 INFO neutron.plugins.ml2.plugin [None req-8e9530d2-a937-4b3c-9835-765ce945a04a - - - - - -] Attempt 1 to provision port 1fdc54a1-34d9-4cca-beb4-010014c99411
2026-04-07 01:15:06.245 7 INFO neutron_taas.services.taas.taas_plugin [None req-3dabe031-3557-4f97-89b5-dbba64dbb97f ccb54244db924706be1c9927f97bf9a7 aae3f08661294d6ea03a8f67d7d67320 - - default default] TaaS: Handle Delete Port: aad1eced-7778-40dc-9f09-02b42f04640a
2026-04-07 01:15:06.263 7 INFO neutron_taas.services.taas.tap_mirror_plugin [None req-3dabe031-3557-4f97-89b5-dbba64dbb97f ccb54244db924706be1c9927f97bf9a7 aae3f08661294d6ea03a8f67d7d67320 - - default default] Tap Mirror: Handle Delete Port: aad1eced-7778-40dc-9f09-02b42f04640a
2026-04-07 01:15:06.286 8 WARNING neutron.scheduler.dhcp_agent_scheduler [None req-ab36e1fd-2190-41ae-ba43-ef2085993ba7 fa2d6b0e531647618933fcb3a9201ef4 2373713fbff0401d8c2cde506f8be819 - - default default] No more DHCP agents
2026-04-07 01:15:06.287 8 WARNING neutron.api.rpc.agentnotifiers.dhcp_rpc_agent_api [None req-ab36e1fd-2190-41ae-ba43-ef2085993ba7 fa2d6b0e531647618933fcb3a9201ef4 2373713fbff0401d8c2cde506f8be819 - - default default] Unable to schedule network 92ede626-032b-4a12-b20f-c7a10ccaf74d: no agents available; will retry on subsequent port and subnet creation events.
2026-04-07 01:15:06.441 8 INFO neutron.db.ovn_revision_numbers_db [None req-ab36e1fd-2190-41ae-ba43-ef2085993ba7 fa2d6b0e531647618933fcb3a9201ef4 2373713fbff0401d8c2cde506f8be819 - - default default] Successfully bumped revision number for resource d736866d-66f3-45b7-80b3-d8507d0aaed5 (type: ports) to 1
2026-04-07 01:15:06.723 7 INFO neutron.services.segments.plugin [-] Segment 918cad6e-3c8c-4022-984a-4ad220dc5f21 resource provider aggregate not found
2026-04-07 01:15:06.747 7 INFO neutron.services.segments.plugin [-] Segment 918cad6e-3c8c-4022-984a-4ad220dc5f21 resource provider aggregate not found
2026-04-07 01:15:06.757 7 INFO neutron.services.segments.plugin [-] Segment 918cad6e-3c8c-4022-984a-4ad220dc5f21 resource provider not found; error: Placement Client Error (4xx): {"errors": [{"status": 404, "title": "Not Found", "detail": "The resource could not be found.\n\n No resource provider with uuid 918cad6e-3c8c-4022-984a-4ad220dc5f21 found for delete ", "request_id": "req-997c99af-cb98-404f-9f39-9dc4d8739c0a"}]}
2026-04-07 01:15:06.775 7 INFO neutron.services.segments.plugin [-] Segment 918cad6e-3c8c-4022-984a-4ad220dc5f21 resource provider not found; error: Placement Client Error (4xx): {"errors": [{"status": 404, "title": "Not Found", "detail": "The resource could not be found.\n\n No resource provider with uuid 918cad6e-3c8c-4022-984a-4ad220dc5f21 found for delete ", "request_id": "req-d67984bb-e51b-4be7-b1d1-3169ed39b060"}]}
2026-04-07 01:15:06.876 7 INFO neutron.db.ovn_revision_numbers_db [None req-8e9530d2-a937-4b3c-9835-765ce945a04a - - - - - -] Successfully bumped revision number for resource 1fdc54a1-34d9-4cca-beb4-010014c99411 (type: ports) to 2 [pid: 7|app: 0|req: 791/1646] 10.0.0.14 () {32 vars in 724 bytes} [Tue Apr 7 01:15:05 2026] DELETE /v2.0/networks/25cda86c-3a13-454f-8e16-98b91b6b1f2f => generated 0 bytes in 960 msecs (HTTP/1.1 204) 3 headers in 131 bytes (1 switches on core 0) [pid: 7|app: 0|req: 792/1647] 10.0.0.114 () {28 vars in 582 bytes} [Tue Apr 7 01:15:06 2026] GET /v2.0/subnets => generated 2639 bytes in 111 msecs (HTTP/1.1 200) 4 headers in 158 bytes (1 switches on core 0)
2026-04-07 01:15:07.126 8 WARNING neutron.scheduler.dhcp_agent_scheduler [None req-ab36e1fd-2190-41ae-ba43-ef2085993ba7 fa2d6b0e531647618933fcb3a9201ef4 2373713fbff0401d8c2cde506f8be819 - - default default] No more DHCP agents
2026-04-07 01:15:07.127 8 WARNING neutron.api.rpc.agentnotifiers.dhcp_rpc_agent_api [None req-ab36e1fd-2190-41ae-ba43-ef2085993ba7 fa2d6b0e531647618933fcb3a9201ef4 2373713fbff0401d8c2cde506f8be819 - - default default] Unable to schedule network 92ede626-032b-4a12-b20f-c7a10ccaf74d: no agents available; will retry on subsequent port and subnet creation events.
2026-04-07 01:15:07.404 7 INFO neutron.db.ovn_revision_numbers_db [None req-197f445e-5639-4d5e-a628-cf5ea484b090 - - - - - -] Successfully bumped revision number for resource 2c088698-77d6-4d5a-a455-236981fc04f8 (type: ports) to 4
2026-04-07 01:15:07.450 7 INFO neutron.db.ovn_revision_numbers_db [None req-611eb7c9-8c90-4b72-90dc-55b026ef4df2 99a06fb75ebf41aa97f958a2ea2f84ca 5b4bb41df01a4eeaaf1481f18d145a60 - - default default] Successfully bumped revision number for resource 0f2f3f16-5039-4577-a164-6ca4cfcf788d (type: security_groups) to 1
2026-04-07 01:15:07.477 7 INFO neutron.db.ovn_revision_numbers_db [None req-611eb7c9-8c90-4b72-90dc-55b026ef4df2 99a06fb75ebf41aa97f958a2ea2f84ca 5b4bb41df01a4eeaaf1481f18d145a60 - - default default] Successfully bumped revision number for resource 085f1a00-8d21-4c0d-b174-c084b0145319 (type: security_group_rules) to 0
2026-04-07 01:15:07.502 7 INFO neutron.db.ovn_revision_numbers_db [None req-611eb7c9-8c90-4b72-90dc-55b026ef4df2 99a06fb75ebf41aa97f958a2ea2f84ca 5b4bb41df01a4eeaaf1481f18d145a60 - - default default] Successfully bumped revision number for resource c59c56b3-68a9-4b3f-8e62-c72db9cb17e4 (type: security_group_rules) to 0
2026-04-07 01:15:07.545 7 INFO neutron.db.ovn_revision_numbers_db [None req-611eb7c9-8c90-4b72-90dc-55b026ef4df2 99a06fb75ebf41aa97f958a2ea2f84ca 5b4bb41df01a4eeaaf1481f18d145a60 - - default default] Successfully bumped revision number for resource d3feef37-756e-44b2-9332-a74e51b071eb (type: security_group_rules) to 0
2026-04-07 01:15:07.586 7 INFO neutron.db.ovn_revision_numbers_db [None req-611eb7c9-8c90-4b72-90dc-55b026ef4df2 99a06fb75ebf41aa97f958a2ea2f84ca 5b4bb41df01a4eeaaf1481f18d145a60 - - default default] Successfully bumped revision number for resource f79607d2-3fe0-4519-b807-d18cbe00a60f (type: security_group_rules) to 0
2026-04-07 01:15:07.612 8 INFO neutron.db.ovn_revision_numbers_db [None req-ab36e1fd-2190-41ae-ba43-ef2085993ba7 fa2d6b0e531647618933fcb3a9201ef4 2373713fbff0401d8c2cde506f8be819 - - default default] Successfully bumped revision number for resource d736866d-66f3-45b7-80b3-d8507d0aaed5 (type: router_ports) to 1 [pid: 8|app: 0|req: 856/1648] 10.0.0.14 () {34 vars in 781 bytes} [Tue Apr 7 01:15:05 2026] PUT /v2.0/routers/c724647c-f953-4414-be34-a3d0eb10af9b/add_router_interface => generated 309 bytes in 1747 msecs (HTTP/1.1 200) 4 headers in 157 bytes (1 switches on core 0) [pid: 8|app: 0|req: 857/1649] 10.0.0.14 () {32 vars in 715 bytes} [Tue Apr 7 01:15:07 2026] GET /v2.0/ports/1fdc54a1-34d9-4cca-beb4-010014c99411 => generated 947 bytes in 37 msecs (HTTP/1.1 200) 4 headers in 157 bytes (1 switches on core 0)
2026-04-07 01:15:07.687 7 INFO neutron.db.segments_db [None req-611eb7c9-8c90-4b72-90dc-55b026ef4df2 99a06fb75ebf41aa97f958a2ea2f84ca 5b4bb41df01a4eeaaf1481f18d145a60 - - default default] Added segment 2ef3b7ca-a8b7-476b-9224-b48f83870638 of type geneve for network 9d3ff48f-40e6-4118-86bd-96b905353987
2026-04-07 01:15:07.742 8 INFO neutron.db.segments_db [None req-f3c3261d-663f-4ce9-848a-83bb9ba11897 ccb54244db924706be1c9927f97bf9a7 aae3f08661294d6ea03a8f67d7d67320 - - default default] Added segment 70eb9ec3-5c0c-4433-aae5-cb0156c25469 of type geneve for network 9cd27f3b-d41d-4a69-b086-97963d13762e
2026-04-07 01:15:07.848 8 INFO neutron.db.ovn_revision_numbers_db [None req-f3c3261d-663f-4ce9-848a-83bb9ba11897 ccb54244db924706be1c9927f97bf9a7 aae3f08661294d6ea03a8f67d7d67320 - - default default] Successfully bumped revision number for resource 9cd27f3b-d41d-4a69-b086-97963d13762e (type: networks) to 1
2026-04-07 01:15:07.899 7 INFO neutron.db.ovn_revision_numbers_db [None req-611eb7c9-8c90-4b72-90dc-55b026ef4df2 99a06fb75ebf41aa97f958a2ea2f84ca 5b4bb41df01a4eeaaf1481f18d145a60 - - default default] Successfully bumped revision number for resource 9d3ff48f-40e6-4118-86bd-96b905353987 (type: networks) to 1
2026-04-07 01:15:07.912 7 INFO neutron.db.ovn_revision_numbers_db [None req-197f445e-5639-4d5e-a628-cf5ea484b090 - - - - - -] Successfully bumped revision number for resource 2c088698-77d6-4d5a-a455-236981fc04f8 (type: ports) to 5
2026-04-07 01:15:08.006 8 WARNING neutron.scheduler.dhcp_agent_scheduler [None req-f3c3261d-663f-4ce9-848a-83bb9ba11897 ccb54244db924706be1c9927f97bf9a7 aae3f08661294d6ea03a8f67d7d67320 - - default default] No more DHCP agents
2026-04-07 01:15:08.008 8 WARNING neutron.api.rpc.agentnotifiers.dhcp_rpc_agent_api [None req-f3c3261d-663f-4ce9-848a-83bb9ba11897 ccb54244db924706be1c9927f97bf9a7 aae3f08661294d6ea03a8f67d7d67320 - - default default] Unable to schedule network 9cd27f3b-d41d-4a69-b086-97963d13762e: no agents available; will retry on subsequent port and subnet creation events.
2026-04-07 01:15:08.077 8 INFO neutron.db.ovn_revision_numbers_db [None req-f3c3261d-663f-4ce9-848a-83bb9ba11897 ccb54244db924706be1c9927f97bf9a7 aae3f08661294d6ea03a8f67d7d67320 - - default default] Successfully bumped revision number for resource 83d5ac23-677a-4e73-afe5-467090dc368e (type: ports) to 1 [pid: 8|app: 0|req: 858/1650] 10.0.0.14 () {34 vars in 668 bytes} [Tue Apr 7 01:15:07 2026] POST /v2.0/networks => generated 668 bytes in 448 msecs (HTTP/1.1 201) 4 headers in 162 bytes (1 switches on core 0) [pid: 8|app: 0|req: 859/1651] 10.0.0.114 () {28 vars in 580 bytes} [Tue Apr 7 01:15:08 2026] GET /v2.0/agents => generated 1214 bytes in 13 msecs (HTTP/1.1 200) 4 headers in 158 bytes (1 switches on core 0)
2026-04-07 01:15:08.158 7 WARNING neutron.scheduler.dhcp_agent_scheduler [None req-611eb7c9-8c90-4b72-90dc-55b026ef4df2 99a06fb75ebf41aa97f958a2ea2f84ca 5b4bb41df01a4eeaaf1481f18d145a60 - - default default] No more DHCP agents
2026-04-07 01:15:08.159 7 WARNING neutron.api.rpc.agentnotifiers.dhcp_rpc_agent_api [None req-611eb7c9-8c90-4b72-90dc-55b026ef4df2 99a06fb75ebf41aa97f958a2ea2f84ca 5b4bb41df01a4eeaaf1481f18d145a60 - - default default] Unable to schedule network 9d3ff48f-40e6-4118-86bd-96b905353987: no agents available; will retry on subsequent port and subnet creation events.
2026-04-07 01:15:08.222 7 INFO neutron.db.ovn_revision_numbers_db [None req-611eb7c9-8c90-4b72-90dc-55b026ef4df2 99a06fb75ebf41aa97f958a2ea2f84ca 5b4bb41df01a4eeaaf1481f18d145a60 - - default default] Successfully bumped revision number for resource 4986fcb7-1aeb-4a93-9370-c946725c793a (type: ports) to 1 [pid: 7|app: 0|req: 793/1652] 10.0.0.14 () {34 vars in 669 bytes} [Tue Apr 7 01:15:07 2026] POST /v2.0/networks => generated 669 bytes in 1239 msecs (HTTP/1.1 201) 4 headers in 162 bytes (1 switches on core 0)
2026-04-07 01:15:08.285 8 WARNING neutron.plugins.ml2.drivers.ovn.mech_driver.ovsdb.ovn_client [None req-8da10359-882e-4fc0-9250-00704f926dc4 - - - - - -] No port found with ID bff6e731-a40c-4ba2-b283-e1255c0f56c1: RuntimeError: No port found with ID bff6e731-a40c-4ba2-b283-e1255c0f56c1
2026-04-07 01:15:08.316 8 INFO neutron.plugins.ml2.drivers.ovn.mech_driver.mech_driver [None req-8da10359-882e-4fc0-9250-00704f926dc4 - - - - - -] OVN reports status down for port: 109166e7-613e-4529-adbd-bd608af26409
2026-04-07 01:15:08.410 7 WARNING neutron.scheduler.dhcp_agent_scheduler [None req-e33ecd2e-230b-43ba-a422-678bc2dbde76 ccb54244db924706be1c9927f97bf9a7 aae3f08661294d6ea03a8f67d7d67320 - - default default] No more DHCP agents
2026-04-07 01:15:08.412 7 WARNING neutron.api.rpc.agentnotifiers.dhcp_rpc_agent_api [None req-e33ecd2e-230b-43ba-a422-678bc2dbde76 ccb54244db924706be1c9927f97bf9a7 aae3f08661294d6ea03a8f67d7d67320 - - default default] Unable to schedule network 9cd27f3b-d41d-4a69-b086-97963d13762e: no agents available; will retry on subsequent port and subnet creation events.
2026-04-07 01:15:08.442 8 INFO neutron.plugins.ml2.drivers.ovn.mech_driver.mech_driver [None req-8da10359-882e-4fc0-9250-00704f926dc4 - - - - - -] OVN reports status down for port: d736866d-66f3-45b7-80b3-d8507d0aaed5
2026-04-07 01:15:08.495 8 INFO neutron_taas.services.taas.taas_plugin [None req-d87d3d14-df6e-4fe7-8935-f26209076d8c e92244da4df643fdba2e6e28fcb1812e 65b01db4a1bc4c70873b5e22b395b6c4 - - default default] TaaS: Handle Delete Port: 1fdc54a1-34d9-4cca-beb4-010014c99411
2026-04-07 01:15:08.501 8 INFO neutron_taas.services.taas.tap_mirror_plugin [None req-d87d3d14-df6e-4fe7-8935-f26209076d8c e92244da4df643fdba2e6e28fcb1812e 65b01db4a1bc4c70873b5e22b395b6c4 - - default default] Tap Mirror: Handle Delete Port: 1fdc54a1-34d9-4cca-beb4-010014c99411
2026-04-07 01:15:08.557 8 WARNING neutron.plugins.ml2.drivers.ovn.mech_driver.ovsdb.ovn_client [None req-8da10359-882e-4fc0-9250-00704f926dc4 - - - - - -] Logical_Switch_Port d736866d-66f3-45b7-80b3-d8507d0aaed5 host information not removed, the port state is up
2026-04-07 01:15:08.557 8 INFO neutron.plugins.ml2.drivers.ovn.mech_driver.mech_driver [None req-8da10359-882e-4fc0-9250-00704f926dc4 - - - - - -] OVN reports status up for port: d736866d-66f3-45b7-80b3-d8507d0aaed5
2026-04-07 01:15:08.574 8 INFO neutron.plugins.ml2.plugin [None req-8da10359-882e-4fc0-9250-00704f926dc4 - - - - - -] Attempt 1 to provision port d736866d-66f3-45b7-80b3-d8507d0aaed5
2026-04-07 01:15:08.815 7 INFO neutron.db.ovn_revision_numbers_db [None req-e220aef2-5b0f-453d-a651-ae68171cf277 - - - - - -] Successfully bumped revision number for resource 83d5ac23-677a-4e73-afe5-467090dc368e (type: ports) to 2
2026-04-07 01:15:08.837 7 INFO neutron.db.ovn_revision_numbers_db [None req-e220aef2-5b0f-453d-a651-ae68171cf277 - - - - - -] Successfully bumped revision number for resource f3b90aa7-a2a8-4cf2-8ddd-2fb326352213 (type: subnets) to 0 [pid: 7|app: 0|req: 794/1653] 10.0.0.14 () {34 vars in 667 bytes} [Tue Apr 7 01:15:08 2026] POST /v2.0/subnets => generated 626 bytes in 607 msecs (HTTP/1.1 201) 4 headers in 162 bytes (1 switches on core 0) [pid: 7|app: 0|req: 795/1654] 10.0.0.114 () {28 vars in 618 bytes} [Tue Apr 7 01:15:08 2026] GET /v2.0/network-ip-availabilities => generated 2707 bytes in 14 msecs (HTTP/1.1 200) 4 headers in 158 bytes (1 switches on core 0) [pid: 8|app: 0|req: 860/1655] 10.0.0.14 () {34 vars in 787 bytes} [Tue Apr 7 01:15:08 2026] PUT /v2.0/routers/e6c7b423-90b2-4d72-b6cc-e5286f847932/remove_router_interface => generated 309 bytes in 807 msecs (HTTP/1.1 200) 4 headers in 157 bytes (1 switches on core 0) /var/lib/openstack/lib/python3.12/site-packages/pycadf/identifier.py:70: UserWarning: Invalid uuid: neutron. To ensure interoperability, identifiers should be a valid uuid. warnings.warn(('Invalid uuid: %s. To ensure interoperability, '
2026-04-07 01:15:09.202 8 INFO neutron.db.ovn_revision_numbers_db [None req-8af746f0-2de8-45b1-9769-e1df1b55f30b fa2d6b0e531647618933fcb3a9201ef4 2373713fbff0401d8c2cde506f8be819 - - default default] Successfully bumped revision number for resource 7b9c3d98-bd47-4322-a405-3c7741e2d15c (type: security_groups) to 1
2026-04-07 01:15:09.211 8 INFO neutron.db.ovn_revision_numbers_db [None req-8da10359-882e-4fc0-9250-00704f926dc4 - - - - - -] Successfully bumped revision number for resource d736866d-66f3-45b7-80b3-d8507d0aaed5 (type: ports) to 2
2026-04-07 01:15:09.219 7 WARNING neutron.scheduler.dhcp_agent_scheduler [None req-8805693b-c5a8-42cf-be18-44363f61757c 99a06fb75ebf41aa97f958a2ea2f84ca 5b4bb41df01a4eeaaf1481f18d145a60 - - default default] No more DHCP agents
2026-04-07 01:15:09.220 7 WARNING neutron.api.rpc.agentnotifiers.dhcp_rpc_agent_api [None req-8805693b-c5a8-42cf-be18-44363f61757c 99a06fb75ebf41aa97f958a2ea2f84ca 5b4bb41df01a4eeaaf1481f18d145a60 - - default default] Unable to schedule network 681bec85-552f-4497-ae5e-dec7477335eb: no agents available; will retry on subsequent port and subnet creation events.
2026-04-07 01:15:09.231 8 INFO neutron.db.ovn_revision_numbers_db [None req-8af746f0-2de8-45b1-9769-e1df1b55f30b fa2d6b0e531647618933fcb3a9201ef4 2373713fbff0401d8c2cde506f8be819 - - default default] Successfully bumped revision number for resource 379785a0-f75d-4c37-8c3a-9999d99c5fe4 (type: security_group_rules) to 0
2026-04-07 01:15:09.254 8 INFO neutron.db.ovn_revision_numbers_db [None req-8af746f0-2de8-45b1-9769-e1df1b55f30b fa2d6b0e531647618933fcb3a9201ef4 2373713fbff0401d8c2cde506f8be819 - - default default] Successfully bumped revision number for resource c9d25732-1f91-4807-9db4-3762013af21e (type: security_group_rules) to 0
2026-04-07 01:15:09.278 8 INFO neutron.db.ovn_revision_numbers_db [None req-8af746f0-2de8-45b1-9769-e1df1b55f30b fa2d6b0e531647618933fcb3a9201ef4 2373713fbff0401d8c2cde506f8be819 - - default default] Successfully bumped revision number for resource f1ab964b-7142-473b-afc1-0eda38c2c33c (type: security_group_rules) to 0
2026-04-07 01:15:09.299 8 INFO neutron.db.ovn_revision_numbers_db [None req-8af746f0-2de8-45b1-9769-e1df1b55f30b fa2d6b0e531647618933fcb3a9201ef4 2373713fbff0401d8c2cde506f8be819 - - default default] Successfully bumped revision number for resource fa93fb82-0890-40c9-afa2-a8c526ebb2ba (type: security_group_rules) to 0
2026-04-07 01:15:09.342 7 INFO neutron.db.ovn_revision_numbers_db [None req-8805693b-c5a8-42cf-be18-44363f61757c 99a06fb75ebf41aa97f958a2ea2f84ca 5b4bb41df01a4eeaaf1481f18d145a60 - - default default] Successfully bumped revision number for resource 0534e383-bc6e-4269-b1de-06a6f6a5d7f6 (type: ports) to 1
2026-04-07 01:15:09.405 8 INFO neutron.db.segments_db [None req-8af746f0-2de8-45b1-9769-e1df1b55f30b fa2d6b0e531647618933fcb3a9201ef4 2373713fbff0401d8c2cde506f8be819 - - default default] Added segment ebfd7083-f390-40eb-88ae-8516bfa64404 of type geneve for network aa146ab5-6de9-47d3-816e-0aaf939f54d5
2026-04-07 01:15:09.520 8 INFO neutron.db.ovn_revision_numbers_db [None req-8af746f0-2de8-45b1-9769-e1df1b55f30b fa2d6b0e531647618933fcb3a9201ef4 2373713fbff0401d8c2cde506f8be819 - - default default] Successfully bumped revision number for resource aa146ab5-6de9-47d3-816e-0aaf939f54d5 (type: networks) to 1
2026-04-07 01:15:09.669 8 WARNING neutron.scheduler.dhcp_agent_scheduler [None req-8af746f0-2de8-45b1-9769-e1df1b55f30b fa2d6b0e531647618933fcb3a9201ef4 2373713fbff0401d8c2cde506f8be819 - - default default] No more DHCP agents
2026-04-07 01:15:09.670 8 WARNING neutron.api.rpc.agentnotifiers.dhcp_rpc_agent_api [None req-8af746f0-2de8-45b1-9769-e1df1b55f30b fa2d6b0e531647618933fcb3a9201ef4 2373713fbff0401d8c2cde506f8be819 - - default default] Unable to schedule network aa146ab5-6de9-47d3-816e-0aaf939f54d5: no agents available; will retry on subsequent port and subnet creation events.
2026-04-07 01:15:09.757 8 INFO neutron.db.ovn_revision_numbers_db [None req-8af746f0-2de8-45b1-9769-e1df1b55f30b fa2d6b0e531647618933fcb3a9201ef4 2373713fbff0401d8c2cde506f8be819 - - default default] Successfully bumped revision number for resource c4a6ac96-9f8c-44ce-b45f-c7dded82d9e7 (type: ports) to 1 [pid: 8|app: 0|req: 861/1656] 10.0.0.14 () {34 vars in 669 bytes} [Tue Apr 7 01:15:08 2026] POST /v2.0/networks => generated 781 bytes in 855 msecs (HTTP/1.1 201) 4 headers in 162 bytes (1 switches on core 0)
2026-04-07 01:15:09.874 8 INFO neutron.db.ovn_revision_numbers_db [None req-e7f11a98-fa04-4e95-b938-43b66b90ee14 ccb54244db924706be1c9927f97bf9a7 aae3f08661294d6ea03a8f67d7d67320 - - default default] Successfully bumped revision number for resource 1c318afd-c1cc-4535-b0f5-ae186c249a2e (type: routers) to 1 [pid: 8|app: 0|req: 862/1657] 10.0.0.14 () {34 vars in 667 bytes} [Tue Apr 7 01:15:09 2026] POST /v2.0/routers => generated 603 bytes in 106 msecs (HTTP/1.1 201) 4 headers in 162 bytes (1 switches on core 0)
2026-04-07 01:15:09.899 7 INFO neutron.plugins.ml2.drivers.ovn.mech_driver.ovsdb.commands [None req-cec497f4-b2a2-46c1-88c6-4941ca0ffc0c - - - - - -] Schedule LRP lrp-0534e383-bc6e-4269-b1de-06a6f6a5d7f6 on gateway cdda16b2-5a55-428f-9032-5943536a09e3 with priority 1
2026-04-07 01:15:09.927 7 INFO neutron.plugins.ml2.drivers.ovn.mech_driver.ovsdb.ovsdb_monitor [None req-197f445e-5639-4d5e-a628-cf5ea484b090 - - - - - -] Router 05dafd80-fec3-4696-b09b-4fb97f46ffb5 is bound to host instance [pid: 8|app: 0|req: 863/1658] 10.0.0.114 () {28 vars in 584 bytes} [Tue Apr 7 01:15:09 2026] GET /v2.0/networks => generated 6150 bytes in 85 msecs (HTTP/1.1 200) 4 headers in 158 bytes (1 switches on core 0)
2026-04-07 01:15:09.975 7 INFO neutron.db.ovn_revision_numbers_db [None req-8805693b-c5a8-42cf-be18-44363f61757c 99a06fb75ebf41aa97f958a2ea2f84ca 5b4bb41df01a4eeaaf1481f18d145a60 - - default default] Successfully bumped revision number for resource 0534e383-bc6e-4269-b1de-06a6f6a5d7f6 (type: router_ports) to 1 [pid: 8|app: 0|req: 864/1659] 10.0.0.14 () {32 vars in 734 bytes} [Tue Apr 7 01:15:09 2026] GET /v2.0/ports?device_id=e6c7b423-90b2-4d72-b6cc-e5286f847932 => generated 12 bytes in 17 msecs (HTTP/1.1 200) 4 headers in 156 bytes (1 switches on core 0)
2026-04-07 01:15:10.092 7 INFO neutron.db.ovn_revision_numbers_db [None req-8805693b-c5a8-42cf-be18-44363f61757c 99a06fb75ebf41aa97f958a2ea2f84ca 5b4bb41df01a4eeaaf1481f18d145a60 - - default default] Successfully bumped revision number for resource 05dafd80-fec3-4696-b09b-4fb97f46ffb5 (type: routers) to 2
2026-04-07 01:15:10.119 8 WARNING neutron.scheduler.dhcp_agent_scheduler [None req-330e84f6-6623-423c-bbf9-5d036baa645c fa2d6b0e531647618933fcb3a9201ef4 2373713fbff0401d8c2cde506f8be819 - - default default] No more DHCP agents
2026-04-07 01:15:10.120 8 WARNING neutron.api.rpc.agentnotifiers.dhcp_rpc_agent_api [None req-330e84f6-6623-423c-bbf9-5d036baa645c fa2d6b0e531647618933fcb3a9201ef4 2373713fbff0401d8c2cde506f8be819 - - default default] Unable to schedule network aa146ab5-6de9-47d3-816e-0aaf939f54d5: no agents available; will retry on subsequent port and subnet creation events. [pid: 7|app: 0|req: 796/1660] 10.0.0.14 () {34 vars in 667 bytes} [Tue Apr 7 01:15:08 2026] POST /v2.0/routers => generated 954 bytes in 1262 msecs (HTTP/1.1 201) 4 headers in 162 bytes (1 switches on core 0)
2026-04-07 01:15:10.542 8 INFO neutron.db.ovn_revision_numbers_db [None req-6f57e7c8-75c7-4d13-ab20-ec50d531a210 - - - - - -] Successfully bumped revision number for resource c4a6ac96-9f8c-44ce-b45f-c7dded82d9e7 (type: ports) to 2
2026-04-07 01:15:10.565 8 INFO neutron.db.ovn_revision_numbers_db [None req-6f57e7c8-75c7-4d13-ab20-ec50d531a210 - - - - - -] Successfully bumped revision number for resource 30b372a8-d3dd-40fd-8715-d7579de19b7b (type: subnets) to 0 [pid: 8|app: 0|req: 865/1661] 10.0.0.14 () {34 vars in 667 bytes} [Tue Apr 7 01:15:09 2026] POST /v2.0/subnets => generated 687 bytes in 590 msecs (HTTP/1.1 201) 4 headers in 162 bytes (1 switches on core 0)
2026-04-07 01:15:10.618 7 WARNING neutron.scheduler.dhcp_agent_scheduler [None req-e8c46617-cebc-422a-879c-30c9c65b18d3 ccb54244db924706be1c9927f97bf9a7 aae3f08661294d6ea03a8f67d7d67320 - - default default] No more DHCP agents
2026-04-07 01:15:10.620 7 WARNING neutron.api.rpc.agentnotifiers.dhcp_rpc_agent_api [None req-e8c46617-cebc-422a-879c-30c9c65b18d3 ccb54244db924706be1c9927f97bf9a7 aae3f08661294d6ea03a8f67d7d67320 - - default default] Unable to schedule network 9cd27f3b-d41d-4a69-b086-97963d13762e: no agents available; will retry on subsequent port and subnet creation events. [pid: 8|app: 0|req: 866/1662] 10.0.0.14 () {32 vars in 722 bytes} [Tue Apr 7 01:15:10 2026] DELETE /v2.0/routers/e6c7b423-90b2-4d72-b6cc-e5286f847932 => generated 0 bytes in 143 msecs (HTTP/1.1 204) 2 headers in 112 bytes (1 switches on core 0)
