2026-04-07 01:14:20.670 7 INFO neutron.services.segments.plugin [-] Segment 55147ab6-1ba4-43b3-a4d6-e9fd0e3fea07 resource provider not found; error: Placement Client Error (4xx): {"errors": [{"status": 404, "title": "Not Found", "detail": "The resource could not be found.\n\n No resource provider with uuid 55147ab6-1ba4-43b3-a4d6-e9fd0e3fea07 found for delete ", "request_id": "req-58fb6869-d8a9-44a1-9e26-216252acbfd5"}]}
2026-04-07 01:14:20.680 7 INFO neutron.services.segments.plugin [-] Segment 55147ab6-1ba4-43b3-a4d6-e9fd0e3fea07 resource provider aggregate not found
2026-04-07 01:14:20.684 7 INFO neutron.services.segments.plugin [-] Segment 8a6889f7-441f-473f-8ce6-cb6e61935d6e resource provider aggregate not found
2026-04-07 01:14:20.693 7 INFO neutron.services.segments.plugin [-] Segment 8a6889f7-441f-473f-8ce6-cb6e61935d6e resource provider not found; error: Placement Client Error (4xx): {"errors": [{"status": 404, "title": "Not Found", "detail": "The resource could not be found.\n\n No resource provider with uuid 8a6889f7-441f-473f-8ce6-cb6e61935d6e found for delete ", "request_id": "req-a32fe04d-a0b8-408e-846f-2991c0799ffd"}]}
2026-04-07 01:14:20.696 7 INFO neutron.services.segments.plugin [-] Segment 55147ab6-1ba4-43b3-a4d6-e9fd0e3fea07 resource provider not found; error: Placement Client Error (4xx): {"errors": [{"status": 404, "title": "Not Found", "detail": "The resource could not be found.\n\n No resource provider with uuid 55147ab6-1ba4-43b3-a4d6-e9fd0e3fea07 found for delete ", "request_id": "req-86220c3b-f054-4ddf-9b80-c2c3147a51f8"}]}
2026-04-07 01:14:20.712 7 INFO neutron.services.segments.plugin [-] Segment 8a6889f7-441f-473f-8ce6-cb6e61935d6e resource provider aggregate not found
2026-04-07 01:14:20.728 7 INFO neutron.services.segments.plugin [-] Segment 8a6889f7-441f-473f-8ce6-cb6e61935d6e resource provider not found; error: Placement Client Error (4xx): {"errors": [{"status": 404, "title": "Not Found", "detail": "The resource could not be found.\n\n No resource provider with uuid 8a6889f7-441f-473f-8ce6-cb6e61935d6e found for delete ", "request_id": "req-8f31a3e2-063e-49b1-825b-8462d7f19fe1"}]} [pid: 7|app: 0|req: 645/1355] 10.0.0.22 () {34 vars in 988 bytes} [Tue Apr 7 01:14:21 2026] GET /v2.0/ports?device_id=f5291a4d-eb87-464c-bc9f-808fc40c3d49 => generated 12 bytes in 19 msecs (HTTP/1.1 200) 4 headers in 156 bytes (1 switches on core 0)
2026-04-07 01:14:21.472 8 INFO neutron.db.ovn_revision_numbers_db [None req-e387fc2f-2806-4018-9836-1180880cb958 fa2d6b0e531647618933fcb3a9201ef4 2373713fbff0401d8c2cde506f8be819 - - default default] Successfully bumped revision number for resource 8d5d7d00-3a45-4ace-a863-f343db9c8e52 (type: security_groups) to 1
2026-04-07 01:14:21.484 8 INFO neutron.db.ovn_revision_numbers_db [None req-e387fc2f-2806-4018-9836-1180880cb958 fa2d6b0e531647618933fcb3a9201ef4 2373713fbff0401d8c2cde506f8be819 - - default default] Successfully bumped revision number for resource 1867f929-58f7-4c11-aa82-2189a7e93506 (type: security_group_rules) to 0
2026-04-07 01:14:21.496 8 INFO neutron.db.ovn_revision_numbers_db [None req-e387fc2f-2806-4018-9836-1180880cb958 fa2d6b0e531647618933fcb3a9201ef4 2373713fbff0401d8c2cde506f8be819 - - default default] Successfully bumped revision number for resource 5a747c41-64dd-4411-8400-8db2aa09c3ad (type: security_group_rules) to 0
2026-04-07 01:14:21.509 8 INFO neutron.db.ovn_revision_numbers_db [None req-e387fc2f-2806-4018-9836-1180880cb958 fa2d6b0e531647618933fcb3a9201ef4 2373713fbff0401d8c2cde506f8be819 - - default default] Successfully bumped revision number for resource 7f012667-3d7d-4af4-9fcb-811fa6f7ae43 (type: security_group_rules) to 0
2026-04-07 01:14:21.520 8 INFO neutron.db.ovn_revision_numbers_db [None req-e387fc2f-2806-4018-9836-1180880cb958 fa2d6b0e531647618933fcb3a9201ef4 2373713fbff0401d8c2cde506f8be819 - - default default] Successfully bumped revision number for resource dea8e347-abe9-42b0-8ae4-5d439728ca74 (type: security_group_rules) to 0 [pid: 8|app: 0|req: 711/1356] 10.0.0.14 () {32 vars in 772 bytes} [Tue Apr 7 01:14:21 2026] GET /v2.0/security-groups?tenant_id=899722d92cee4deba9ea13ff4fec56bc&name=default => generated 2925 bytes in 309 msecs (HTTP/1.1 200) 4 headers in 158 bytes (1 switches on core 0)
2026-04-07 01:14:21.749 7 INFO neutron.db.ovn_revision_numbers_db [None req-477a03ea-157c-447e-af71-46fc27bc5cc2 8267badc24b145408a5960d61440c1a4 36e8332662914bc0901fbcd55fb8eee2 - - default default] Successfully bumped revision number for resource fd5f10cc-94ef-47b7-9d52-ae1a5b528ae9 (type: security_groups) to 1
2026-04-07 01:14:21.762 7 INFO neutron.db.ovn_revision_numbers_db [None req-477a03ea-157c-447e-af71-46fc27bc5cc2 8267badc24b145408a5960d61440c1a4 36e8332662914bc0901fbcd55fb8eee2 - - default default] Successfully bumped revision number for resource 0b9f61d8-b740-47c3-a138-62846fda3b5f (type: security_group_rules) to 0
2026-04-07 01:14:21.773 7 INFO neutron.db.ovn_revision_numbers_db [None req-477a03ea-157c-447e-af71-46fc27bc5cc2 8267badc24b145408a5960d61440c1a4 36e8332662914bc0901fbcd55fb8eee2 - - default default] Successfully bumped revision number for resource ab03dd2e-4506-4e1d-85d8-8c621b9fb30e (type: security_group_rules) to 0
2026-04-07 01:14:21.784 7 INFO neutron.db.ovn_revision_numbers_db [None req-477a03ea-157c-447e-af71-46fc27bc5cc2 8267badc24b145408a5960d61440c1a4 36e8332662914bc0901fbcd55fb8eee2 - - default default] Successfully bumped revision number for resource b7e5dfc0-0da7-43b3-b0bf-129ace4081b0 (type: security_group_rules) to 0 [pid: 8|app: 0|req: 712/1357] 10.0.0.14 () {32 vars in 738 bytes} [Tue Apr 7 01:14:21 2026] DELETE /v2.0/security-groups/8d5d7d00-3a45-4ace-a863-f343db9c8e52 => generated 0 bytes in 221 msecs (HTTP/1.1 204) 2 headers in 112 bytes (1 switches on core 0)
2026-04-07 01:14:21.800 7 INFO neutron.db.ovn_revision_numbers_db [None req-477a03ea-157c-447e-af71-46fc27bc5cc2 8267badc24b145408a5960d61440c1a4 36e8332662914bc0901fbcd55fb8eee2 - - default default] Successfully bumped revision number for resource ffbac2da-d76d-4b42-91a5-943cec8ae77c (type: security_group_rules) to 0
2026-04-07 01:14:21.873 7 INFO neutron.db.segments_db [None req-477a03ea-157c-447e-af71-46fc27bc5cc2 8267badc24b145408a5960d61440c1a4 36e8332662914bc0901fbcd55fb8eee2 - - default default] Added segment e0b49d41-c7a7-476a-80a5-24472162f65a of type geneve for network 082085e2-89fd-4a41-bd6f-b32f92ec3056
2026-04-07 01:14:21.981 7 INFO neutron.db.ovn_revision_numbers_db [None req-477a03ea-157c-447e-af71-46fc27bc5cc2 8267badc24b145408a5960d61440c1a4 36e8332662914bc0901fbcd55fb8eee2 - - default default] Successfully bumped revision number for resource 082085e2-89fd-4a41-bd6f-b32f92ec3056 (type: networks) to 1
2026-04-07 01:14:21.991 8 INFO neutron.db.ovn_revision_numbers_db [None req-10931837-8a8e-4b09-bdcd-9f6906094aa9 fa2d6b0e531647618933fcb3a9201ef4 2373713fbff0401d8c2cde506f8be819 - - default default] Successfully bumped revision number for resource 20c1ec04-7f3e-4995-a420-5200c84552a4 (type: security_groups) to 1
2026-04-07 01:14:22.003 8 INFO neutron.db.ovn_revision_numbers_db [None req-10931837-8a8e-4b09-bdcd-9f6906094aa9 fa2d6b0e531647618933fcb3a9201ef4 2373713fbff0401d8c2cde506f8be819 - - default default] Successfully bumped revision number for resource 2c2426fe-5910-4e45-970c-7d380b720bd2 (type: security_group_rules) to 0
2026-04-07 01:14:22.013 8 INFO neutron.db.ovn_revision_numbers_db [None req-10931837-8a8e-4b09-bdcd-9f6906094aa9 fa2d6b0e531647618933fcb3a9201ef4 2373713fbff0401d8c2cde506f8be819 - - default default] Successfully bumped revision number for resource a59572ab-7559-439a-be84-23937e57d391 (type: security_group_rules) to 0
2026-04-07 01:14:22.024 8 INFO neutron.db.ovn_revision_numbers_db [None req-10931837-8a8e-4b09-bdcd-9f6906094aa9 fa2d6b0e531647618933fcb3a9201ef4 2373713fbff0401d8c2cde506f8be819 - - default default] Successfully bumped revision number for resource eb8f18e2-9bcb-4405-8cb0-f4ffa8144153 (type: security_group_rules) to 0
2026-04-07 01:14:22.035 8 INFO neutron.db.ovn_revision_numbers_db [None req-10931837-8a8e-4b09-bdcd-9f6906094aa9 fa2d6b0e531647618933fcb3a9201ef4 2373713fbff0401d8c2cde506f8be819 - - default default] Successfully bumped revision number for resource fc3b80f9-e016-4986-b10d-a9968d71e6ba (type: security_group_rules) to 0 [pid: 8|app: 0|req: 713/1358] 10.0.0.14 () {32 vars in 772 bytes} [Tue Apr 7 01:14:21 2026] GET /v2.0/security-groups?tenant_id=4ebd977bc66542a2bb36b7ded1062197&name=default => generated 2925 bytes in 218 msecs (HTTP/1.1 200) 4 headers in 158 bytes (1 switches on core 0)
2026-04-07 01:14:22.118 7 WARNING neutron.scheduler.dhcp_agent_scheduler [None req-477a03ea-157c-447e-af71-46fc27bc5cc2 8267badc24b145408a5960d61440c1a4 36e8332662914bc0901fbcd55fb8eee2 - - default default] No more DHCP agents
2026-04-07 01:14:22.120 7 WARNING neutron.api.rpc.agentnotifiers.dhcp_rpc_agent_api [None req-477a03ea-157c-447e-af71-46fc27bc5cc2 8267badc24b145408a5960d61440c1a4 36e8332662914bc0901fbcd55fb8eee2 - - default default] Unable to schedule network 082085e2-89fd-4a41-bd6f-b32f92ec3056: no agents available; will retry on subsequent port and subnet creation events.
2026-04-07 01:14:22.174 8 INFO neutron.plugins.ml2.drivers.ovn.mech_driver.mech_driver [None req-20c27b84-5542-464a-9bd9-8ffae629c1f1 - - - - - -] OVN reports status down for port: 9f423119-cfb4-40d3-a796-ec021d03d983
2026-04-07 01:14:22.193 7 INFO neutron.db.ovn_revision_numbers_db [None req-477a03ea-157c-447e-af71-46fc27bc5cc2 8267badc24b145408a5960d61440c1a4 36e8332662914bc0901fbcd55fb8eee2 - - default default] Successfully bumped revision number for resource 9f423119-cfb4-40d3-a796-ec021d03d983 (type: ports) to 1 [pid: 7|app: 0|req: 646/1359] 10.0.0.14 () {34 vars in 668 bytes} [Tue Apr 7 01:14:21 2026] POST /v2.0/networks => generated 687 bytes in 691 msecs (HTTP/1.1 201) 4 headers in 162 bytes (1 switches on core 0)
2026-04-07 01:14:22.219 7 WARNING keystonemiddleware.audit [None req-477a03ea-157c-447e-af71-46fc27bc5cc2 8267badc24b145408a5960d61440c1a4 36e8332662914bc0901fbcd55fb8eee2 - - default default] Skipping service tempest-service-1654080725 as it have no endpoints. [pid: 8|app: 0|req: 714/1360] 10.0.0.14 () {32 vars in 738 bytes} [Tue Apr 7 01:14:22 2026] DELETE /v2.0/security-groups/20c1ec04-7f3e-4995-a420-5200c84552a4 => generated 0 bytes in 280 msecs (HTTP/1.1 204) 2 headers in 112 bytes (1 switches on core 0)
2026-04-07 01:14:22.475 7 INFO neutron_taas.services.taas.taas_plugin [None req-f53c3263-1e20-4766-9cb0-3288ed968e82 fa2d6b0e531647618933fcb3a9201ef4 2373713fbff0401d8c2cde506f8be819 - - default default] TaaS: Handle Delete Port: 2b87ef2b-c998-4b8a-a6dd-0456ce30398c
2026-04-07 01:14:22.478 7 INFO neutron_taas.services.taas.tap_mirror_plugin [None req-f53c3263-1e20-4766-9cb0-3288ed968e82 fa2d6b0e531647618933fcb3a9201ef4 2373713fbff0401d8c2cde506f8be819 - - default default] Tap Mirror: Handle Delete Port: 2b87ef2b-c998-4b8a-a6dd-0456ce30398c
2026-04-07 01:14:22.574 8 INFO neutron.db.ovn_revision_numbers_db [None req-58342ad3-4667-4ee8-a6c2-27be76709d09 dea7c957362b4374b10866472ca91f90 13c81adbe2cb4cafbc4e929c708b5967 - - default default] Successfully bumped revision number for resource f5d42447-148e-4923-94f1-461cf8903a94 (type: security_groups) to 1
2026-04-07 01:14:22.585 8 INFO neutron.db.ovn_revision_numbers_db [None req-58342ad3-4667-4ee8-a6c2-27be76709d09 dea7c957362b4374b10866472ca91f90 13c81adbe2cb4cafbc4e929c708b5967 - - default default] Successfully bumped revision number for resource 9f9b0ed0-ac63-4423-84d7-b5dff86cdc53 (type: security_group_rules) to 0
2026-04-07 01:14:22.594 8 INFO neutron.db.ovn_revision_numbers_db [None req-58342ad3-4667-4ee8-a6c2-27be76709d09 dea7c957362b4374b10866472ca91f90 13c81adbe2cb4cafbc4e929c708b5967 - - default default] Successfully bumped revision number for resource a055c7c2-479d-487c-915b-423e81798b03 (type: security_group_rules) to 0
2026-04-07 01:14:22.603 8 INFO neutron.db.ovn_revision_numbers_db [None req-58342ad3-4667-4ee8-a6c2-27be76709d09 dea7c957362b4374b10866472ca91f90 13c81adbe2cb4cafbc4e929c708b5967 - - default default] Successfully bumped revision number for resource d707536d-dda7-46d9-b024-ed9eb179e49f (type: security_group_rules) to 0
2026-04-07 01:14:22.612 8 INFO neutron.db.ovn_revision_numbers_db [None req-58342ad3-4667-4ee8-a6c2-27be76709d09 dea7c957362b4374b10866472ca91f90 13c81adbe2cb4cafbc4e929c708b5967 - - default default] Successfully bumped revision number for resource e7da120b-039c-486b-9d35-3c24adcbe71a (type: security_group_rules) to 0
2026-04-07 01:14:22.678 8 INFO neutron.db.segments_db [None req-58342ad3-4667-4ee8-a6c2-27be76709d09 dea7c957362b4374b10866472ca91f90 13c81adbe2cb4cafbc4e929c708b5967 - - default default] Added segment 6d0cd920-837e-4f35-bcf2-715d74cd0601 of type geneve for network ea5296c1-5451-48be-b277-af840e9dcd7d
2026-04-07 01:14:22.764 8 INFO neutron.db.ovn_revision_numbers_db [None req-58342ad3-4667-4ee8-a6c2-27be76709d09 dea7c957362b4374b10866472ca91f90 13c81adbe2cb4cafbc4e929c708b5967 - - default default] Successfully bumped revision number for resource ea5296c1-5451-48be-b277-af840e9dcd7d (type: networks) to 1
2026-04-07 01:14:22.878 8 WARNING neutron.scheduler.dhcp_agent_scheduler [None req-58342ad3-4667-4ee8-a6c2-27be76709d09 dea7c957362b4374b10866472ca91f90 13c81adbe2cb4cafbc4e929c708b5967 - - default default] No more DHCP agents
2026-04-07 01:14:22.880 8 WARNING neutron.api.rpc.agentnotifiers.dhcp_rpc_agent_api [None req-58342ad3-4667-4ee8-a6c2-27be76709d09 dea7c957362b4374b10866472ca91f90 13c81adbe2cb4cafbc4e929c708b5967 - - default default] Unable to schedule network ea5296c1-5451-48be-b277-af840e9dcd7d: no agents available; will retry on subsequent port and subnet creation events.
2026-04-07 01:14:22.924 8 INFO neutron.plugins.ml2.drivers.ovn.mech_driver.mech_driver [None req-20c27b84-5542-464a-9bd9-8ffae629c1f1 - - - - - -] OVN reports status down for port: ce5f0ab4-ba98-4ca7-b795-ce8a592f4d83
2026-04-07 01:14:22.968 8 INFO neutron.db.ovn_revision_numbers_db [None req-58342ad3-4667-4ee8-a6c2-27be76709d09 dea7c957362b4374b10866472ca91f90 13c81adbe2cb4cafbc4e929c708b5967 - - default default] Successfully bumped revision number for resource ce5f0ab4-ba98-4ca7-b795-ce8a592f4d83 (type: ports) to 1 [pid: 8|app: 0|req: 715/1361] 10.0.0.14 () {34 vars in 668 bytes} [Tue Apr 7 01:14:22 2026] POST /v2.0/networks => generated 686 bytes in 644 msecs (HTTP/1.1 201) 4 headers in 162 bytes (1 switches on core 0) [pid: 7|app: 0|req: 647/1362] 10.0.0.14 () {34 vars in 787 bytes} [Tue Apr 7 01:14:22 2026] PUT /v2.0/routers/a65b76ef-2897-4196-a8b8-4957a38f7777/remove_router_interface => generated 309 bytes in 880 msecs (HTTP/1.1 200) 4 headers in 157 bytes (1 switches on core 0)
2026-04-07 01:14:23.101 7 WARNING keystonemiddleware.audit [None req-f53c3263-1e20-4766-9cb0-3288ed968e82 fa2d6b0e531647618933fcb3a9201ef4 2373713fbff0401d8c2cde506f8be819 - - default default] Skipping service tempest-service-1654080725 as it have no endpoints. /var/lib/openstack/lib/python3.12/site-packages/pycadf/identifier.py:70: UserWarning: Invalid uuid: neutron. To ensure interoperability, identifiers should be a valid uuid. warnings.warn(('Invalid uuid: %s. To ensure interoperability, '
2026-04-07 01:14:23.238 8 WARNING neutron.scheduler.dhcp_agent_scheduler [None req-720374b7-ed51-4706-acc2-40f2696928bd 8267badc24b145408a5960d61440c1a4 36e8332662914bc0901fbcd55fb8eee2 - - default default] No more DHCP agents
2026-04-07 01:14:23.239 8 WARNING neutron.api.rpc.agentnotifiers.dhcp_rpc_agent_api [None req-720374b7-ed51-4706-acc2-40f2696928bd 8267badc24b145408a5960d61440c1a4 36e8332662914bc0901fbcd55fb8eee2 - - default default] Unable to schedule network 082085e2-89fd-4a41-bd6f-b32f92ec3056: no agents available; will retry on subsequent port and subnet creation events.
2026-04-07 01:14:23.276 8 INFO neutron.db.ovn_revision_numbers_db [None req-720374b7-ed51-4706-acc2-40f2696928bd 8267badc24b145408a5960d61440c1a4 36e8332662914bc0901fbcd55fb8eee2 - - default default] Successfully bumped revision number for resource 125e35ea-9b7c-402b-b3b7-c677299c24b8 (type: subnets) to 0 [pid: 8|app: 0|req: 716/1363] 10.0.0.14 () {34 vars in 667 bytes} [Tue Apr 7 01:14:23 2026] POST /v2.0/subnets => generated 627 bytes in 284 msecs (HTTP/1.1 201) 4 headers in 162 bytes (1 switches on core 0)
2026-04-07 01:14:23.393 7 INFO neutron_taas.services.taas.taas_plugin [None req-6a839d5c-b160-4968-852e-7ce62c27cff4 fa2d6b0e531647618933fcb3a9201ef4 2373713fbff0401d8c2cde506f8be819 - - default default] TaaS: Handle Delete Port: ffdc0896-c959-4c88-a239-256e6b75afeb
2026-04-07 01:14:23.398 7 INFO neutron_taas.services.taas.tap_mirror_plugin [None req-6a839d5c-b160-4968-852e-7ce62c27cff4 fa2d6b0e531647618933fcb3a9201ef4 2373713fbff0401d8c2cde506f8be819 - - default default] Tap Mirror: Handle Delete Port: ffdc0896-c959-4c88-a239-256e6b75afeb
2026-04-07 01:14:23.750 8 WARNING neutron.scheduler.dhcp_agent_scheduler [None req-17d163d1-3ff3-44d3-a978-8b35bdc57b4c 8267badc24b145408a5960d61440c1a4 36e8332662914bc0901fbcd55fb8eee2 - - default default] No more DHCP agents
2026-04-07 01:14:23.751 8 WARNING neutron.api.rpc.agentnotifiers.dhcp_rpc_agent_api [None req-17d163d1-3ff3-44d3-a978-8b35bdc57b4c 8267badc24b145408a5960d61440c1a4 36e8332662914bc0901fbcd55fb8eee2 - - default default] Unable to schedule network 681bec85-552f-4497-ae5e-dec7477335eb: no agents available; will retry on subsequent port and subnet creation events. [pid: 7|app: 0|req: 648/1364] 10.0.0.14 () {32 vars in 722 bytes} [Tue Apr 7 01:14:23 2026] DELETE /v2.0/routers/a65b76ef-2897-4196-a8b8-4957a38f7777 => generated 0 bytes in 699 msecs (HTTP/1.1 204) 2 headers in 112 bytes (1 switches on core 0)
2026-04-07 01:14:23.882 8 INFO neutron.plugins.ml2.drivers.ovn.mech_driver.mech_driver [None req-20c27b84-5542-464a-9bd9-8ffae629c1f1 - - - - - -] OVN reports status down for port: c6795b44-9d3c-46cc-8ecf-6afaea94096b
2026-04-07 01:14:23.930 8 INFO neutron.db.ovn_revision_numbers_db [None req-17d163d1-3ff3-44d3-a978-8b35bdc57b4c 8267badc24b145408a5960d61440c1a4 36e8332662914bc0901fbcd55fb8eee2 - - default default] Successfully bumped revision number for resource c6795b44-9d3c-46cc-8ecf-6afaea94096b (type: ports) to 1
2026-04-07 01:14:24.005 7 WARNING neutron.scheduler.dhcp_agent_scheduler [None req-9c4985ed-7e05-4c53-8e83-794c0dd72ec0 dea7c957362b4374b10866472ca91f90 13c81adbe2cb4cafbc4e929c708b5967 - - default default] No more DHCP agents
2026-04-07 01:14:24.007 7 WARNING neutron.api.rpc.agentnotifiers.dhcp_rpc_agent_api [None req-9c4985ed-7e05-4c53-8e83-794c0dd72ec0 dea7c957362b4374b10866472ca91f90 13c81adbe2cb4cafbc4e929c708b5967 - - default default] Unable to schedule network ea5296c1-5451-48be-b277-af840e9dcd7d: no agents available; will retry on subsequent port and subnet creation events.
2026-04-07 01:14:24.039 7 INFO neutron.db.ovn_revision_numbers_db [None req-9c4985ed-7e05-4c53-8e83-794c0dd72ec0 dea7c957362b4374b10866472ca91f90 13c81adbe2cb4cafbc4e929c708b5967 - - default default] Successfully bumped revision number for resource 0a7aa5ea-0c86-4f09-956e-3622620dda9d (type: subnets) to 0 [pid: 7|app: 0|req: 649/1365] 10.0.0.14 () {34 vars in 667 bytes} [Tue Apr 7 01:14:23 2026] POST /v2.0/subnets => generated 673 bytes in 255 msecs (HTTP/1.1 201) 4 headers in 162 bytes (1 switches on core 0)
2026-04-07 01:14:24.056 7 WARNING keystonemiddleware.audit [None req-9c4985ed-7e05-4c53-8e83-794c0dd72ec0 dea7c957362b4374b10866472ca91f90 13c81adbe2cb4cafbc4e929c708b5967 - - default default] Skipping service tempest-service-1654080725 as it have no endpoints. [pid: 7|app: 0|req: 650/1366] 10.0.0.14 () {32 vars in 722 bytes} [Tue Apr 7 01:14:24 2026] DELETE /v2.0/subnets/5be8f602-9e06-4b41-95a9-34599ce7e4bf => generated 0 bytes in 140 msecs (HTTP/1.1 204) 3 headers in 131 bytes (1 switches on core 0)
2026-04-07 01:14:24.274 7 INFO neutron.db.segments_db [None req-0c9af95d-3334-4861-a6b8-ad008bdce70a dea7c957362b4374b10866472ca91f90 13c81adbe2cb4cafbc4e929c708b5967 - - default default] Added segment ca6cb5ca-c5d9-4a63-b89f-46963cb525c8 of type geneve for network 3acc3bc9-7307-4404-b5be-406df946696d
2026-04-07 01:14:24.375 7 INFO neutron.db.ovn_revision_numbers_db [None req-0c9af95d-3334-4861-a6b8-ad008bdce70a dea7c957362b4374b10866472ca91f90 13c81adbe2cb4cafbc4e929c708b5967 - - default default] Successfully bumped revision number for resource 3acc3bc9-7307-4404-b5be-406df946696d (type: networks) to 1
2026-04-07 01:14:24.510 8 INFO neutron.plugins.ml2.drivers.ovn.mech_driver.ovsdb.commands [None req-c46977a5-0e76-4859-b875-9c58cd19fe9c - - - - - -] Schedule LRP lrp-c6795b44-9d3c-46cc-8ecf-6afaea94096b on gateway cdda16b2-5a55-428f-9032-5943536a09e3 with priority 1
2026-04-07 01:14:24.512 7 WARNING neutron.scheduler.dhcp_agent_scheduler [None req-0c9af95d-3334-4861-a6b8-ad008bdce70a dea7c957362b4374b10866472ca91f90 13c81adbe2cb4cafbc4e929c708b5967 - - default default] No more DHCP agents
2026-04-07 01:14:24.513 7 WARNING neutron.api.rpc.agentnotifiers.dhcp_rpc_agent_api [None req-0c9af95d-3334-4861-a6b8-ad008bdce70a dea7c957362b4374b10866472ca91f90 13c81adbe2cb4cafbc4e929c708b5967 - - default default] Unable to schedule network 3acc3bc9-7307-4404-b5be-406df946696d: no agents available; will retry on subsequent port and subnet creation events.
2026-04-07 01:14:24.550 8 INFO neutron.plugins.ml2.drivers.ovn.mech_driver.mech_driver [None req-20c27b84-5542-464a-9bd9-8ffae629c1f1 - - - - - -] OVN reports status up for port: c6795b44-9d3c-46cc-8ecf-6afaea94096b
2026-04-07 01:14:24.593 7 INFO neutron.plugins.ml2.drivers.ovn.mech_driver.mech_driver [None req-d093d5b2-466a-47c5-9bdd-ae2be66daf49 - - - - - -] OVN reports status down for port: 4b5000f3-5e92-49b2-a2b8-a9583862df5c
2026-04-07 01:14:24.605 8 INFO neutron.plugins.ml2.plugin [None req-20c27b84-5542-464a-9bd9-8ffae629c1f1 - - - - - -] Attempt 1 to provision port c6795b44-9d3c-46cc-8ecf-6afaea94096b
2026-04-07 01:14:24.617 8 INFO neutron.db.ovn_revision_numbers_db [None req-17d163d1-3ff3-44d3-a978-8b35bdc57b4c 8267badc24b145408a5960d61440c1a4 36e8332662914bc0901fbcd55fb8eee2 - - default default] Successfully bumped revision number for resource c6795b44-9d3c-46cc-8ecf-6afaea94096b (type: router_ports) to 1
2026-04-07 01:14:24.659 7 INFO neutron.db.ovn_revision_numbers_db [None req-0c9af95d-3334-4861-a6b8-ad008bdce70a dea7c957362b4374b10866472ca91f90 13c81adbe2cb4cafbc4e929c708b5967 - - default default] Successfully bumped revision number for resource 4b5000f3-5e92-49b2-a2b8-a9583862df5c (type: ports) to 1 [pid: 7|app: 0|req: 651/1367] 10.0.0.14 () {34 vars in 668 bytes} [Tue Apr 7 01:14:24 2026] POST /v2.0/networks => generated 685 bytes in 523 msecs (HTTP/1.1 201) 4 headers in 162 bytes (1 switches on core 0)
2026-04-07 01:14:24.720 7 WARNING keystonemiddleware.audit [None req-0c9af95d-3334-4861-a6b8-ad008bdce70a dea7c957362b4374b10866472ca91f90 13c81adbe2cb4cafbc4e929c708b5967 - - default default] Skipping service tempest-service-1654080725 as it have no endpoints.
2026-04-07 01:14:24.745 8 INFO neutron.db.ovn_revision_numbers_db [None req-17d163d1-3ff3-44d3-a978-8b35bdc57b4c 8267badc24b145408a5960d61440c1a4 36e8332662914bc0901fbcd55fb8eee2 - - default default] Successfully bumped revision number for resource 5ce49b69-87b0-4eda-ba7b-8aeb20fff6ad (type: routers) to 2 [pid: 8|app: 0|req: 717/1368] 10.0.0.14 () {34 vars in 667 bytes} [Tue Apr 7 01:14:23 2026] POST /v2.0/routers => generated 955 bytes in 1477 msecs (HTTP/1.1 201) 4 headers in 162 bytes (1 switches on core 0)
2026-04-07 01:14:24.817 7 INFO neutron_taas.services.taas.taas_plugin [None req-28ceac47-c090-46f2-854f-24595d140bd9 fa2d6b0e531647618933fcb3a9201ef4 2373713fbff0401d8c2cde506f8be819 - - default default] TaaS: Handle Delete Port: ae664170-d0d2-45f3-81f5-6cb603fab48f
2026-04-07 01:14:24.819 7 INFO neutron_taas.services.taas.tap_mirror_plugin [None req-28ceac47-c090-46f2-854f-24595d140bd9 fa2d6b0e531647618933fcb3a9201ef4 2373713fbff0401d8c2cde506f8be819 - - default default] Tap Mirror: Handle Delete Port: ae664170-d0d2-45f3-81f5-6cb603fab48f
2026-04-07 01:14:24.994 7 INFO neutron.services.segments.plugin [-] Segment 11a0dd60-a554-4d1b-bc6c-5eef15977f08 resource provider aggregate not found
2026-04-07 01:14:25.004 7 INFO neutron.services.segments.plugin [-] Segment 11a0dd60-a554-4d1b-bc6c-5eef15977f08 resource provider aggregate not found
2026-04-07 01:14:25.009 8 INFO neutron.db.ovn_revision_numbers_db [None req-4f1750b0-68b8-4ca8-9d79-470fe0142bbe fa2d6b0e531647618933fcb3a9201ef4 2373713fbff0401d8c2cde506f8be819 - - default default] Successfully bumped revision number for resource 2112df11-ff92-4ce9-a526-827156be930f (type: security_groups) to 1
2026-04-07 01:14:25.019 7 INFO neutron.services.segments.plugin [-] Segment 11a0dd60-a554-4d1b-bc6c-5eef15977f08 resource provider not found; error: Placement Client Error (4xx): {"errors": [{"status": 404, "title": "Not Found", "detail": "The resource could not be found.\n\n No resource provider with uuid 11a0dd60-a554-4d1b-bc6c-5eef15977f08 found for delete ", "request_id": "req-876c6f63-b061-4ccc-84c8-49ff2aef029c"}]}
2026-04-07 01:14:25.021 8 INFO neutron.db.ovn_revision_numbers_db [None req-4f1750b0-68b8-4ca8-9d79-470fe0142bbe fa2d6b0e531647618933fcb3a9201ef4 2373713fbff0401d8c2cde506f8be819 - - default default] Successfully bumped revision number for resource 4da58ffa-a1a5-4234-9d1d-e386934f08a8 (type: security_group_rules) to 0
2026-04-07 01:14:25.022 7 INFO neutron.services.segments.plugin [-] Segment 11a0dd60-a554-4d1b-bc6c-5eef15977f08 resource provider not found; error: Placement Client Error (4xx): {"errors": [{"status": 404, "title": "Not Found", "detail": "The resource could not be found.\n\n No resource provider with uuid 11a0dd60-a554-4d1b-bc6c-5eef15977f08 found for delete ", "request_id": "req-b9a5a44e-101e-4bc5-b14d-28bf37b36b31"}]}
2026-04-07 01:14:25.031 8 INFO neutron.db.ovn_revision_numbers_db [None req-4f1750b0-68b8-4ca8-9d79-470fe0142bbe fa2d6b0e531647618933fcb3a9201ef4 2373713fbff0401d8c2cde506f8be819 - - default default] Successfully bumped revision number for resource 6f400b4f-90c6-4fef-8467-90a9c91ea598 (type: security_group_rules) to 0
2026-04-07 01:14:25.045 8 INFO neutron.db.ovn_revision_numbers_db [None req-4f1750b0-68b8-4ca8-9d79-470fe0142bbe fa2d6b0e531647618933fcb3a9201ef4 2373713fbff0401d8c2cde506f8be819 - - default default] Successfully bumped revision number for resource cf296a63-2334-4d11-aca8-934b52944923 (type: security_group_rules) to 0
2026-04-07 01:14:25.056 8 INFO neutron.db.ovn_revision_numbers_db [None req-4f1750b0-68b8-4ca8-9d79-470fe0142bbe fa2d6b0e531647618933fcb3a9201ef4 2373713fbff0401d8c2cde506f8be819 - - default default] Successfully bumped revision number for resource f97a88fe-bae6-4d2b-8c71-12c0f391eb57 (type: security_group_rules) to 0 [pid: 7|app: 0|req: 652/1369] 10.0.0.14 () {32 vars in 724 bytes} [Tue Apr 7 01:14:24 2026] DELETE /v2.0/networks/567d675f-a2c0-4714-898e-c1807b75e8d8 => generated 0 bytes in 344 msecs (HTTP/1.1 204) 3 headers in 131 bytes (1 switches on core 0) [pid: 8|app: 0|req: 718/1370] 10.0.0.14 () {32 vars in 772 bytes} [Tue Apr 7 01:14:24 2026] GET /v2.0/security-groups?tenant_id=bf8c521906da4f4cbf600e65c5678730&name=default => generated 2925 bytes in 317 msecs (HTTP/1.1 200) 4 headers in 158 bytes (1 switches on core 0)
2026-04-07 01:14:25.189 7 INFO neutron.db.ovn_revision_numbers_db [None req-9ae55734-8dd4-4dcb-ba73-5154ef8774c0 dea7c957362b4374b10866472ca91f90 13c81adbe2cb4cafbc4e929c708b5967 - - default default] Successfully bumped revision number for resource 3acc3bc9-7307-4404-b5be-406df946696d (type: networks) to 2 [pid: 7|app: 0|req: 653/1371] 10.0.0.14 () {34 vars in 741 bytes} [Tue Apr 7 01:14:25 2026] PUT /v2.0/networks/3acc3bc9-7307-4404-b5be-406df946696d => generated 636 bytes in 131 msecs (HTTP/1.1 200) 4 headers in 157 bytes (1 switches on core 0) [pid: 7|app: 0|req: 654/1372] 10.0.0.14 () {32 vars in 738 bytes} [Tue Apr 7 01:14:25 2026] DELETE /v2.0/security-groups/2112df11-ff92-4ce9-a526-827156be930f => generated 0 bytes in 229 msecs (HTTP/1.1 204) 2 headers in 112 bytes (1 switches on core 0)
2026-04-07 01:14:25.426 7 WARNING keystonemiddleware.audit [None req-fa98d25b-8790-4247-a70c-95923ddf1936 fa2d6b0e531647618933fcb3a9201ef4 2373713fbff0401d8c2cde506f8be819 - - default default] Skipping service tempest-service-1654080725 as it have no endpoints. [pid: 7|app: 0|req: 655/1373] 10.0.0.14 () {32 vars in 772 bytes} [Tue Apr 7 01:14:25 2026] GET /v2.0/security-groups?tenant_id=2d9b0cb8a8f6404d83c3883f3d2d6779&name=default => generated 2925 bytes in 35 msecs (HTTP/1.1 200) 4 headers in 158 bytes (1 switches on core 0)
2026-04-07 01:14:25.613 8 WARNING neutron.scheduler.dhcp_agent_scheduler [None req-aa012dfe-313e-429f-8cc8-d2d9815556d7 8267badc24b145408a5960d61440c1a4 36e8332662914bc0901fbcd55fb8eee2 - - default default] No more DHCP agents
2026-04-07 01:14:25.615 8 WARNING neutron.api.rpc.agentnotifiers.dhcp_rpc_agent_api [None req-aa012dfe-313e-429f-8cc8-d2d9815556d7 8267badc24b145408a5960d61440c1a4 36e8332662914bc0901fbcd55fb8eee2 - - default default] Unable to schedule network 082085e2-89fd-4a41-bd6f-b32f92ec3056: no agents available; will retry on subsequent port and subnet creation events.
2026-04-07 01:14:25.629 7 WARNING neutron.scheduler.dhcp_agent_scheduler [None req-5ef25c1d-f973-4625-82a7-d7db4b3b0015 dea7c957362b4374b10866472ca91f90 13c81adbe2cb4cafbc4e929c708b5967 - - default default] No more DHCP agents
2026-04-07 01:14:25.630 7 WARNING neutron.api.rpc.agentnotifiers.dhcp_rpc_agent_api [None req-5ef25c1d-f973-4625-82a7-d7db4b3b0015 dea7c957362b4374b10866472ca91f90 13c81adbe2cb4cafbc4e929c708b5967 - - default default] Unable to schedule network 3acc3bc9-7307-4404-b5be-406df946696d: no agents available; will retry on subsequent port and subnet creation events.
2026-04-07 01:14:25.655 7 INFO neutron.db.ovn_revision_numbers_db [None req-5ef25c1d-f973-4625-82a7-d7db4b3b0015 dea7c957362b4374b10866472ca91f90 13c81adbe2cb4cafbc4e929c708b5967 - - default default] Successfully bumped revision number for resource 5ebfa0d9-5700-4f5e-b408-173ae293727d (type: subnets) to 0 [pid: 7|app: 0|req: 656/1374] 10.0.0.14 () {34 vars in 667 bytes} [Tue Apr 7 01:14:25 2026] POST /v2.0/subnets => generated 646 bytes in 213 msecs (HTTP/1.1 201) 4 headers in 162 bytes (1 switches on core 0)
2026-04-07 01:14:25.675 7 WARNING keystonemiddleware.audit [None req-5ef25c1d-f973-4625-82a7-d7db4b3b0015 dea7c957362b4374b10866472ca91f90 13c81adbe2cb4cafbc4e929c708b5967 - - default default] Skipping service tempest-service-1654080725 as it have no endpoints.
2026-04-07 01:14:25.736 7 INFO neutron.plugins.ml2.drivers.ovn.mech_driver.mech_driver [None req-d093d5b2-466a-47c5-9bdd-ae2be66daf49 - - - - - -] OVN reports status down for port: 30f1cf09-998c-49a6-b749-687e9a9b877a
2026-04-07 01:14:25.739 8 INFO neutron.db.ovn_revision_numbers_db [None req-aa012dfe-313e-429f-8cc8-d2d9815556d7 8267badc24b145408a5960d61440c1a4 36e8332662914bc0901fbcd55fb8eee2 - - default default] Successfully bumped revision number for resource 30f1cf09-998c-49a6-b749-687e9a9b877a (type: ports) to 1 [pid: 7|app: 0|req: 657/1375] 10.0.0.14 () {32 vars in 738 bytes} [Tue Apr 7 01:14:25 2026] DELETE /v2.0/security-groups/23022d51-fde4-417e-a161-0c041d6ba61f => generated 0 bytes in 285 msecs (HTTP/1.1 204) 2 headers in 112 bytes (1 switches on core 0)
2026-04-07 01:14:26.331 7 INFO neutron.plugins.ml2.drivers.ovn.mech_driver.mech_driver [None req-d093d5b2-466a-47c5-9bdd-ae2be66daf49 - - - - - -] OVN reports status up for port: 30f1cf09-998c-49a6-b749-687e9a9b877a
2026-04-07 01:14:26.404 7 INFO neutron.plugins.ml2.plugin [None req-d093d5b2-466a-47c5-9bdd-ae2be66daf49 - - - - - -] Attempt 1 to provision port 30f1cf09-998c-49a6-b749-687e9a9b877a
2026-04-07 01:14:26.412 8 WARNING neutron.scheduler.dhcp_agent_scheduler [None req-aa012dfe-313e-429f-8cc8-d2d9815556d7 8267badc24b145408a5960d61440c1a4 36e8332662914bc0901fbcd55fb8eee2 - - default default] No more DHCP agents
2026-04-07 01:14:26.413 8 WARNING neutron.api.rpc.agentnotifiers.dhcp_rpc_agent_api [None req-aa012dfe-313e-429f-8cc8-d2d9815556d7 8267badc24b145408a5960d61440c1a4 36e8332662914bc0901fbcd55fb8eee2 - - default default] Unable to schedule network 082085e2-89fd-4a41-bd6f-b32f92ec3056: no agents available; will retry on subsequent port and subnet creation events.
2026-04-07 01:14:26.750 7 INFO neutron.db.ovn_revision_numbers_db [None req-20a07e72-3c91-4d55-9e89-df41ce811eaa - - - - - -] Successfully bumped revision number for resource 4b5000f3-5e92-49b2-a2b8-a9583862df5c (type: ports) to 2
2026-04-07 01:14:26.761 8 INFO neutron.db.ovn_revision_numbers_db [None req-aa012dfe-313e-429f-8cc8-d2d9815556d7 8267badc24b145408a5960d61440c1a4 36e8332662914bc0901fbcd55fb8eee2 - - default default] Successfully bumped revision number for resource 30f1cf09-998c-49a6-b749-687e9a9b877a (type: router_ports) to 1 [pid: 8|app: 0|req: 719/1376] 10.0.0.14 () {34 vars in 781 bytes} [Tue Apr 7 01:14:25 2026] PUT /v2.0/routers/5ce49b69-87b0-4eda-ba7b-8aeb20fff6ad/add_router_interface => generated 309 bytes in 1674 msecs (HTTP/1.1 200) 4 headers in 157 bytes (1 switches on core 0)
2026-04-07 01:14:26.864 7 INFO neutron.db.ovn_revision_numbers_db [None req-20a07e72-3c91-4d55-9e89-df41ce811eaa - - - - - -] Successfully bumped revision number for resource 5ebfa0d9-5700-4f5e-b408-173ae293727d (type: subnets) to 1 [pid: 7|app: 0|req: 658/1377] 10.0.0.14 () {34 vars in 739 bytes} [Tue Apr 7 01:14:25 2026] PUT /v2.0/subnets/5ebfa0d9-5700-4f5e-b408-173ae293727d => generated 656 bytes in 910 msecs (HTTP/1.1 200) 4 headers in 157 bytes (1 switches on core 0)
2026-04-07 01:14:27.161 7 INFO neutron_taas.services.taas.taas_plugin [None req-8d03ef3c-c313-46ca-824b-55f3fc8e56a3 dea7c957362b4374b10866472ca91f90 13c81adbe2cb4cafbc4e929c708b5967 - - default default] TaaS: Handle Delete Port: 4b5000f3-5e92-49b2-a2b8-a9583862df5c
2026-04-07 01:14:27.167 7 INFO neutron_taas.services.taas.tap_mirror_plugin [None req-8d03ef3c-c313-46ca-824b-55f3fc8e56a3 dea7c957362b4374b10866472ca91f90 13c81adbe2cb4cafbc4e929c708b5967 - - default default] Tap Mirror: Handle Delete Port: 4b5000f3-5e92-49b2-a2b8-a9583862df5c
2026-04-07 01:14:27.228 7 INFO neutron.db.ovn_revision_numbers_db [None req-d093d5b2-466a-47c5-9bdd-ae2be66daf49 - - - - - -] Successfully bumped revision number for resource 30f1cf09-998c-49a6-b749-687e9a9b877a (type: ports) to 2
2026-04-07 01:14:27.484 8 WARNING neutron.scheduler.dhcp_agent_scheduler [None req-c93f1e5f-ce90-42ae-aba3-8626a544a1c6 8267badc24b145408a5960d61440c1a4 36e8332662914bc0901fbcd55fb8eee2 - - default default] No more DHCP agents
2026-04-07 01:14:27.486 8 WARNING neutron.api.rpc.agentnotifiers.dhcp_rpc_agent_api [None req-c93f1e5f-ce90-42ae-aba3-8626a544a1c6 8267badc24b145408a5960d61440c1a4 36e8332662914bc0901fbcd55fb8eee2 - - default default] Unable to schedule network 082085e2-89fd-4a41-bd6f-b32f92ec3056: no agents available; will retry on subsequent port and subnet creation events.
2026-04-07 01:14:27.499 7 INFO neutron.services.segments.plugin [-] Segment ca6cb5ca-c5d9-4a63-b89f-46963cb525c8 resource provider aggregate not found
2026-04-07 01:14:27.504 7 INFO neutron.services.segments.plugin [-] Segment ca6cb5ca-c5d9-4a63-b89f-46963cb525c8 resource provider aggregate not found
2026-04-07 01:14:27.523 7 INFO neutron.services.segments.plugin [-] Segment ca6cb5ca-c5d9-4a63-b89f-46963cb525c8 resource provider not found; error: Placement Client Error (4xx): {"errors": [{"status": 404, "title": "Not Found", "detail": "The resource could not be found.\n\n No resource provider with uuid ca6cb5ca-c5d9-4a63-b89f-46963cb525c8 found for delete ", "request_id": "req-2d82665c-b727-4da7-832b-43296b91f44b"}]}
2026-04-07 01:14:27.528 7 INFO neutron.services.segments.plugin [-] Segment ca6cb5ca-c5d9-4a63-b89f-46963cb525c8 resource provider not found; error: Placement Client Error (4xx): {"errors": [{"status": 404, "title": "Not Found", "detail": "The resource could not be found.\n\n No resource provider with uuid ca6cb5ca-c5d9-4a63-b89f-46963cb525c8 found for delete ", "request_id": "req-f3d92a83-a013-418c-b356-39ae6bcf0f77"}]} [pid: 7|app: 0|req: 659/1378] 10.0.0.14 () {32 vars in 724 bytes} [Tue Apr 7 01:14:26 2026] DELETE /v2.0/networks/3acc3bc9-7307-4404-b5be-406df946696d => generated 0 bytes in 658 msecs (HTTP/1.1 204) 3 headers in 131 bytes (1 switches on core 0)
2026-04-07 01:14:27.685 8 INFO neutron.db.ovn_revision_numbers_db [None req-c93f1e5f-ce90-42ae-aba3-8626a544a1c6 8267badc24b145408a5960d61440c1a4 36e8332662914bc0901fbcd55fb8eee2 - - default default] Successfully bumped revision number for resource fabc5f77-4c86-4df6-943e-7c9662c1c8d5 (type: ports) to 1 [pid: 8|app: 0|req: 720/1379] 10.0.0.14 () {34 vars in 663 bytes} [Tue Apr 7 01:14:26 2026] POST /v2.0/ports => generated 954 bytes in 937 msecs (HTTP/1.1 201) 4 headers in 162 bytes (1 switches on core 0) /var/lib/openstack/lib/python3.12/site-packages/pycadf/identifier.py:70: UserWarning: Invalid uuid: neutron. To ensure interoperability, identifiers should be a valid uuid. warnings.warn(('Invalid uuid: %s. To ensure interoperability, '
2026-04-07 01:14:27.717 8 INFO neutron.pecan_wsgi.hooks.translation [None req-07dd040e-1e53-4bfc-9785-5666371b2de1 dea7c957362b4374b10866472ca91f90 13c81adbe2cb4cafbc4e929c708b5967 - - default default] DELETE failed (client error): The resource could not be found. [pid: 8|app: 0|req: 721/1380] 10.0.0.14 () {32 vars in 724 bytes} [Tue Apr 7 01:14:27 2026] DELETE /v2.0/networks/3acc3bc9-7307-4404-b5be-406df946696d => generated 138 bytes in 11 msecs (HTTP/1.1 404) 4 headers in 164 bytes (1 switches on core 0)
2026-04-07 01:14:27.902 7 INFO neutron.db.ovn_revision_numbers_db [None req-6e2a99f4-e782-4637-9308-8acf5128dea5 1d1955ae81d44d829d8151f05fb5746a fe763d87bd1741608eac6bbd285288b1 - - default default] Successfully bumped revision number for resource 97c18916-fe4e-4f80-bf1c-351132a27e03 (type: security_groups) to 1
2026-04-07 01:14:27.915 7 INFO neutron.db.ovn_revision_numbers_db [None req-6e2a99f4-e782-4637-9308-8acf5128dea5 1d1955ae81d44d829d8151f05fb5746a fe763d87bd1741608eac6bbd285288b1 - - default default] Successfully bumped revision number for resource accd6a06-2359-4cc4-9639-e73a66cb099a (type: security_group_rules) to 0
2026-04-07 01:14:27.927 7 INFO neutron.db.ovn_revision_numbers_db [None req-6e2a99f4-e782-4637-9308-8acf5128dea5 1d1955ae81d44d829d8151f05fb5746a fe763d87bd1741608eac6bbd285288b1 - - default default] Successfully bumped revision number for resource afc5e80e-469e-4ac3-9abf-5bb69bbe268e (type: security_group_rules) to 0
2026-04-07 01:14:27.938 7 INFO neutron.db.ovn_revision_numbers_db [None req-6e2a99f4-e782-4637-9308-8acf5128dea5 1d1955ae81d44d829d8151f05fb5746a fe763d87bd1741608eac6bbd285288b1 - - default default] Successfully bumped revision number for resource d1fdcd74-dd8c-40fc-b2e8-799b1a6a1d54 (type: security_group_rules) to 0
2026-04-07 01:14:27.947 7 INFO neutron.db.ovn_revision_numbers_db [None req-6e2a99f4-e782-4637-9308-8acf5128dea5 1d1955ae81d44d829d8151f05fb5746a fe763d87bd1741608eac6bbd285288b1 - - default default] Successfully bumped revision number for resource f8f68cea-617e-40a0-b8f9-e56870005870 (type: security_group_rules) to 0
2026-04-07 01:14:27.974 8 WARNING neutron.scheduler.dhcp_agent_scheduler [None req-686dfbc1-ed64-4ace-9130-dacd25b2aeab 8267badc24b145408a5960d61440c1a4 36e8332662914bc0901fbcd55fb8eee2 - - default default] No more DHCP agents
2026-04-07 01:14:27.976 8 WARNING neutron.api.rpc.agentnotifiers.dhcp_rpc_agent_api [None req-686dfbc1-ed64-4ace-9130-dacd25b2aeab 8267badc24b145408a5960d61440c1a4 36e8332662914bc0901fbcd55fb8eee2 - - default default] Unable to schedule network 082085e2-89fd-4a41-bd6f-b32f92ec3056: no agents available; will retry on subsequent port and subnet creation events.
2026-04-07 01:14:28.039 7 INFO neutron.db.segments_db [None req-6e2a99f4-e782-4637-9308-8acf5128dea5 1d1955ae81d44d829d8151f05fb5746a fe763d87bd1741608eac6bbd285288b1 - - default default] Added segment 22f37ca2-5622-4933-8821-9c8e5dd1a570 of type geneve for network 881e9cf9-a393-4539-a6f2-dd0d57d4e6df
2026-04-07 01:14:28.118 8 INFO neutron.db.ovn_revision_numbers_db [None req-686dfbc1-ed64-4ace-9130-dacd25b2aeab 8267badc24b145408a5960d61440c1a4 36e8332662914bc0901fbcd55fb8eee2 - - default default] Successfully bumped revision number for resource b604b480-ba76-4ae6-a959-e74be2c9097d (type: ports) to 1
2026-04-07 01:14:28.158 7 INFO neutron.db.segments_db [None req-6e2a99f4-e782-4637-9308-8acf5128dea5 1d1955ae81d44d829d8151f05fb5746a fe763d87bd1741608eac6bbd285288b1 - - default default] Added segment 65fe4f15-0622-4fc0-a74e-9e620c66a13f of type geneve for network b64f558f-511a-4905-b07b-338948e99ff9 [pid: 8|app: 0|req: 722/1381] 10.0.0.14 () {34 vars in 663 bytes} [Tue Apr 7 01:14:27 2026] POST /v2.0/ports => generated 954 bytes in 450 msecs (HTTP/1.1 201) 4 headers in 162 bytes (1 switches on core 0) /var/lib/openstack/lib/python3.12/site-packages/pycadf/identifier.py:70: UserWarning: Invalid uuid: neutron. To ensure interoperability, identifiers should be a valid uuid. warnings.warn(('Invalid uuid: %s. To ensure interoperability, ' [pid: 8|app: 0|req: 723/1382] 10.0.0.14 () {32 vars in 692 bytes} [Tue Apr 7 01:14:28 2026] GET /v2.0/networks?router%3Aexternal=True => generated 689 bytes in 40 msecs (HTTP/1.1 200) 4 headers in 157 bytes (1 switches on core 0)
2026-04-07 01:14:28.270 7 INFO neutron.db.ovn_revision_numbers_db [None req-6e2a99f4-e782-4637-9308-8acf5128dea5 1d1955ae81d44d829d8151f05fb5746a fe763d87bd1741608eac6bbd285288b1 - - default default] Successfully bumped revision number for resource 881e9cf9-a393-4539-a6f2-dd0d57d4e6df (type: networks) to 1
2026-04-07 01:14:28.400 8 WARNING neutron.scheduler.dhcp_agent_scheduler [None req-b2ec4bb7-053f-4078-932a-1e72c3c77935 8267badc24b145408a5960d61440c1a4 36e8332662914bc0901fbcd55fb8eee2 - - default default] No more DHCP agents
2026-04-07 01:14:28.401 8 WARNING neutron.api.rpc.agentnotifiers.dhcp_rpc_agent_api [None req-b2ec4bb7-053f-4078-932a-1e72c3c77935 8267badc24b145408a5960d61440c1a4 36e8332662914bc0901fbcd55fb8eee2 - - default default] Unable to schedule network 681bec85-552f-4497-ae5e-dec7477335eb: no agents available; will retry on subsequent port and subnet creation events.
2026-04-07 01:14:28.420 7 WARNING neutron.scheduler.dhcp_agent_scheduler [None req-6e2a99f4-e782-4637-9308-8acf5128dea5 1d1955ae81d44d829d8151f05fb5746a fe763d87bd1741608eac6bbd285288b1 - - default default] No more DHCP agents
2026-04-07 01:14:28.421 7 WARNING neutron.api.rpc.agentnotifiers.dhcp_rpc_agent_api [None req-6e2a99f4-e782-4637-9308-8acf5128dea5 1d1955ae81d44d829d8151f05fb5746a fe763d87bd1741608eac6bbd285288b1 - - default default] Unable to schedule network 881e9cf9-a393-4539-a6f2-dd0d57d4e6df: no agents available; will retry on subsequent port and subnet creation events.
2026-04-07 01:14:28.509 7 INFO neutron.db.ovn_revision_numbers_db [None req-6e2a99f4-e782-4637-9308-8acf5128dea5 1d1955ae81d44d829d8151f05fb5746a fe763d87bd1741608eac6bbd285288b1 - - default default] Successfully bumped revision number for resource 6ebbe7bc-340b-4d2b-857c-6552b544e4ec (type: ports) to 1
2026-04-07 01:14:28.586 7 INFO neutron.db.ovn_revision_numbers_db [None req-6e2a99f4-e782-4637-9308-8acf5128dea5 1d1955ae81d44d829d8151f05fb5746a fe763d87bd1741608eac6bbd285288b1 - - default default] Successfully bumped revision number for resource b64f558f-511a-4905-b07b-338948e99ff9 (type: networks) to 1
2026-04-07 01:14:28.767 7 WARNING neutron.scheduler.dhcp_agent_scheduler [None req-6e2a99f4-e782-4637-9308-8acf5128dea5 1d1955ae81d44d829d8151f05fb5746a fe763d87bd1741608eac6bbd285288b1 - - default default] No more DHCP agents
2026-04-07 01:14:28.769 7 WARNING neutron.api.rpc.agentnotifiers.dhcp_rpc_agent_api [None req-6e2a99f4-e782-4637-9308-8acf5128dea5 1d1955ae81d44d829d8151f05fb5746a fe763d87bd1741608eac6bbd285288b1 - - default default] Unable to schedule network b64f558f-511a-4905-b07b-338948e99ff9: no agents available; will retry on subsequent port and subnet creation events.
2026-04-07 01:14:28.848 7 INFO neutron.db.ovn_revision_numbers_db [None req-6e2a99f4-e782-4637-9308-8acf5128dea5 1d1955ae81d44d829d8151f05fb5746a fe763d87bd1741608eac6bbd285288b1 - - default default] Successfully bumped revision number for resource f6c93554-89e5-47cc-ba14-096acff2c023 (type: ports) to 1 [pid: 7|app: 0|req: 660/1383] 10.0.0.14 () {34 vars in 668 bytes} [Tue Apr 7 01:14:27 2026] POST /v2.0/networks => generated 1322 bytes in 1328 msecs (HTTP/1.1 201) 4 headers in 163 bytes (1 switches on core 0) [pid: 7|app: 0|req: 661/1384] 10.0.0.14 () {32 vars in 740 bytes} [Tue Apr 7 01:14:28 2026] GET /v2.0/subnets?network_id=681bec85-552f-4497-ae5e-dec7477335eb => generated 649 bytes in 31 msecs (HTTP/1.1 200) 4 headers in 157 bytes (1 switches on core 0) [pid: 7|app: 0|req: 662/1385] 10.0.0.14 () {32 vars in 647 bytes} [Tue Apr 7 01:14:28 2026] GET /v2.0/networks => generated 1971 bytes in 52 msecs (HTTP/1.1 200) 4 headers in 158 bytes (1 switches on core 0) [pid: 7|app: 0|req: 663/1386] 10.0.0.14 () {32 vars in 651 bytes} [Tue Apr 7 01:14:28 2026] GET /v2.0/extensions => generated 20541 bytes in 7 msecs (HTTP/1.1 200) 4 headers in 159 bytes (1 switches on core 0)
2026-04-07 01:14:29.083 7 INFO neutron_taas.services.taas.taas_plugin [None req-990e1a9f-6d46-41c1-b553-72d7d6fffc5c 1d1955ae81d44d829d8151f05fb5746a fe763d87bd1741608eac6bbd285288b1 - - default default] TaaS: Handle Delete Port: 6ebbe7bc-340b-4d2b-857c-6552b544e4ec
2026-04-07 01:14:29.087 7 INFO neutron_taas.services.taas.tap_mirror_plugin [None req-990e1a9f-6d46-41c1-b553-72d7d6fffc5c 1d1955ae81d44d829d8151f05fb5746a fe763d87bd1741608eac6bbd285288b1 - - default default] Tap Mirror: Handle Delete Port: 6ebbe7bc-340b-4d2b-857c-6552b544e4ec
2026-04-07 01:14:29.226 8 INFO neutron.db.ovn_revision_numbers_db [None req-b2ec4bb7-053f-4078-932a-1e72c3c77935 8267badc24b145408a5960d61440c1a4 36e8332662914bc0901fbcd55fb8eee2 - - default default] Successfully bumped revision number for resource 0e791ce4-b292-4c84-a87c-2cc96149051e (type: floatingips) to 1
2026-04-07 01:14:29.226 8 INFO neutron.db.l3_db [None req-b2ec4bb7-053f-4078-932a-1e72c3c77935 8267badc24b145408a5960d61440c1a4 36e8332662914bc0901fbcd55fb8eee2 - - default default] Floating IP 0e791ce4-b292-4c84-a87c-2cc96149051e associated. External IP: 10.96.250.215, port: b604b480-ba76-4ae6-a959-e74be2c9097d. [pid: 7|app: 0|req: 664/1387] 10.0.0.14 () {32 vars in 724 bytes} [Tue Apr 7 01:14:28 2026] DELETE /v2.0/networks/881e9cf9-a393-4539-a6f2-dd0d57d4e6df => generated 0 bytes in 323 msecs (HTTP/1.1 204) 3 headers in 131 bytes (1 switches on core 0) [pid: 8|app: 0|req: 724/1388] 10.0.0.14 () {34 vars in 675 bytes} [Tue Apr 7 01:14:28 2026] POST /v2.0/floatingips => generated 841 bytes in 1084 msecs (HTTP/1.1 201) 4 headers in 162 bytes (1 switches on core 0) [pid: 7|app: 0|req: 665/1389] 10.0.0.14 () {32 vars in 647 bytes} [Tue Apr 7 01:14:29 2026] GET /v2.0/networks => generated 1389 bytes in 39 msecs (HTTP/1.1 200) 4 headers in 158 bytes (1 switches on core 0)
2026-04-07 01:14:29.419 8 INFO neutron_taas.services.taas.taas_plugin [None req-efdb87a0-0c44-448f-8872-1c51e586dce7 1d1955ae81d44d829d8151f05fb5746a fe763d87bd1741608eac6bbd285288b1 - - default default] TaaS: Handle Delete Port: f6c93554-89e5-47cc-ba14-096acff2c023
2026-04-07 01:14:29.422 8 INFO neutron_taas.services.taas.tap_mirror_plugin [None req-efdb87a0-0c44-448f-8872-1c51e586dce7 1d1955ae81d44d829d8151f05fb5746a fe763d87bd1741608eac6bbd285288b1 - - default default] Tap Mirror: Handle Delete Port: f6c93554-89e5-47cc-ba14-096acff2c023
2026-04-07 01:14:29.464 7 INFO neutron.db.ovn_revision_numbers_db [None req-80d7cea4-9aca-4b18-9511-170d73d2c09d 8267badc24b145408a5960d61440c1a4 36e8332662914bc0901fbcd55fb8eee2 - - default default] Successfully bumped revision number for resource 0e791ce4-b292-4c84-a87c-2cc96149051e (type: floatingips) to 2
2026-04-07 01:14:29.539 7 INFO neutron.db.l3_db [None req-80d7cea4-9aca-4b18-9511-170d73d2c09d 8267badc24b145408a5960d61440c1a4 36e8332662914bc0901fbcd55fb8eee2 - - default default] Floating IP 0e791ce4-b292-4c84-a87c-2cc96149051e disassociated. External IP: 10.96.250.215, port: b604b480-ba76-4ae6-a959-e74be2c9097d.
2026-04-07 01:14:29.552 7 INFO neutron.services.segments.plugin [-] Segment 22f37ca2-5622-4933-8821-9c8e5dd1a570 resource provider aggregate not found
2026-04-07 01:14:29.568 7 INFO neutron.services.segments.plugin [-] Segment 22f37ca2-5622-4933-8821-9c8e5dd1a570 resource provider aggregate not found
2026-04-07 01:14:29.584 7 INFO neutron.services.segments.plugin [-] Segment 22f37ca2-5622-4933-8821-9c8e5dd1a570 resource provider not found; error: Placement Client Error (4xx): {"errors": [{"status": 404, "title": "Not Found", "detail": "The resource could not be found.\n\n No resource provider with uuid 22f37ca2-5622-4933-8821-9c8e5dd1a570 found for delete ", "request_id": "req-603192c0-5d80-40b3-b8b0-795c48d74a8b"}]} [pid: 7|app: 0|req: 666/1390] 10.0.0.14 () {34 vars in 747 bytes} [Tue Apr 7 01:14:29 2026] PUT /v2.0/floatingips/0e791ce4-b292-4c84-a87c-2cc96149051e => generated 554 bytes in 268 msecs (HTTP/1.1 200) 4 headers in 157 bytes (1 switches on core 0)
2026-04-07 01:14:29.597 7 INFO neutron.services.segments.plugin [-] Segment 22f37ca2-5622-4933-8821-9c8e5dd1a570 resource provider not found; error: Placement Client Error (4xx): {"errors": [{"status": 404, "title": "Not Found", "detail": "The resource could not be found.\n\n No resource provider with uuid 22f37ca2-5622-4933-8821-9c8e5dd1a570 found for delete ", "request_id": "req-d61daa88-870a-4e80-8821-9432b6882fe5"}]}
