2026-04-07 01:16:56.970 7 INFO neutron.db.ovn_revision_numbers_db [None req-06708afe-59f6-4757-b404-6614deab2b9d 1e283a58bbc840efbb2e9c34f1f3a3d8 36c6f069ef4d467c8dfe974227020854 - - default default] Successfully bumped revision number for resource c96397f5-3f71-4a7d-add0-98c5e051e34c (type: routers) to 2 [pid: 7|app: 0|req: 1147/2439] 10.0.0.14 () {34 vars in 667 bytes} [Tue Apr 7 01:16:55 2026] POST /v2.0/routers => generated 936 bytes in 1571 msecs (HTTP/1.1 201) 4 headers in 162 bytes (1 switches on core 0) [pid: 7|app: 0|req: 1148/2440] 199.204.45.246 () {34 vars in 1111 bytes} [Tue Apr 7 01:16:56 2026] GET /v2.0/networks/7f5598f3-8511-4ed9-b012-19321b4c2029?fields=provider%3Aphysical_network&fields=provider%3Anetwork_type => generated 79 bytes in 45 msecs (HTTP/1.1 200) 4 headers in 156 bytes (1 switches on core 0)
2026-04-07 01:16:57.127 8 INFO neutron.db.ovn_revision_numbers_db [None req-b31b2429-618d-4576-8966-46278a1cca63 fa2d6b0e531647618933fcb3a9201ef4 2373713fbff0401d8c2cde506f8be819 - - default default] Successfully bumped revision number for resource e779e82e-db33-43b5-9c8e-5bdb9b3987b6 (type: security_groups) to 1
2026-04-07 01:16:57.166 8 INFO neutron.db.ovn_revision_numbers_db [None req-b31b2429-618d-4576-8966-46278a1cca63 fa2d6b0e531647618933fcb3a9201ef4 2373713fbff0401d8c2cde506f8be819 - - default default] Successfully bumped revision number for resource 672f518e-4d2b-4c9a-8614-c94435bcd978 (type: security_group_rules) to 0
2026-04-07 01:16:57.186 8 INFO neutron.db.ovn_revision_numbers_db [None req-b31b2429-618d-4576-8966-46278a1cca63 fa2d6b0e531647618933fcb3a9201ef4 2373713fbff0401d8c2cde506f8be819 - - default default] Successfully bumped revision number for resource 87bff044-441c-4b5c-8257-69e9ba6302dc (type: security_group_rules) to 0
2026-04-07 01:16:57.199 8 INFO neutron.db.ovn_revision_numbers_db [None req-b31b2429-618d-4576-8966-46278a1cca63 fa2d6b0e531647618933fcb3a9201ef4 2373713fbff0401d8c2cde506f8be819 - - default default] Successfully bumped revision number for resource 9595009c-e1e1-44fb-84f7-a9b177df4110 (type: security_group_rules) to 0
2026-04-07 01:16:57.230 8 INFO neutron.db.ovn_revision_numbers_db [None req-b31b2429-618d-4576-8966-46278a1cca63 fa2d6b0e531647618933fcb3a9201ef4 2373713fbff0401d8c2cde506f8be819 - - default default] Successfully bumped revision number for resource f6fcd56b-fc46-404a-af27-3ba26a704ef2 (type: security_group_rules) to 0 [pid: 8|app: 0|req: 1293/2441] 10.0.0.14 () {32 vars in 772 bytes} [Tue Apr 7 01:16:56 2026] GET /v2.0/security-groups?tenant_id=9c0f83460c8a4d7dae7bdb900627a98d&name=default => generated 2925 bytes in 340 msecs (HTTP/1.1 200) 4 headers in 158 bytes (1 switches on core 0) [pid: 8|app: 0|req: 1294/2442] 10.0.0.14 () {32 vars in 738 bytes} [Tue Apr 7 01:16:57 2026] DELETE /v2.0/security-groups/e779e82e-db33-43b5-9c8e-5bdb9b3987b6 => generated 0 bytes in 221 msecs (HTTP/1.1 204) 2 headers in 112 bytes (1 switches on core 0)
2026-04-07 01:16:57.646 7 WARNING neutron.scheduler.dhcp_agent_scheduler [None req-1a9fc12e-ddea-40fd-8dfc-8d9225091465 1e283a58bbc840efbb2e9c34f1f3a3d8 36c6f069ef4d467c8dfe974227020854 - - default default] No more DHCP agents
2026-04-07 01:16:57.647 7 WARNING neutron.api.rpc.agentnotifiers.dhcp_rpc_agent_api [None req-1a9fc12e-ddea-40fd-8dfc-8d9225091465 1e283a58bbc840efbb2e9c34f1f3a3d8 36c6f069ef4d467c8dfe974227020854 - - default default] Unable to schedule network faf40256-c158-43f9-875b-b1fa081aed39: no agents available; will retry on subsequent port and subnet creation events.
2026-04-07 01:16:57.794 7 INFO neutron.db.ovn_revision_numbers_db [None req-1a9fc12e-ddea-40fd-8dfc-8d9225091465 1e283a58bbc840efbb2e9c34f1f3a3d8 36c6f069ef4d467c8dfe974227020854 - - default default] Successfully bumped revision number for resource f6560979-a496-4454-9c44-2e8da0d63b2a (type: ports) to 1
2026-04-07 01:16:58.520 7 WARNING neutron.scheduler.dhcp_agent_scheduler [None req-1a9fc12e-ddea-40fd-8dfc-8d9225091465 1e283a58bbc840efbb2e9c34f1f3a3d8 36c6f069ef4d467c8dfe974227020854 - - default default] No more DHCP agents
2026-04-07 01:16:58.521 7 WARNING neutron.api.rpc.agentnotifiers.dhcp_rpc_agent_api [None req-1a9fc12e-ddea-40fd-8dfc-8d9225091465 1e283a58bbc840efbb2e9c34f1f3a3d8 36c6f069ef4d467c8dfe974227020854 - - default default] Unable to schedule network faf40256-c158-43f9-875b-b1fa081aed39: no agents available; will retry on subsequent port and subnet creation events.
2026-04-07 01:16:58.823 7 INFO neutron.db.ovn_revision_numbers_db [None req-1a9fc12e-ddea-40fd-8dfc-8d9225091465 1e283a58bbc840efbb2e9c34f1f3a3d8 36c6f069ef4d467c8dfe974227020854 - - default default] Successfully bumped revision number for resource f6560979-a496-4454-9c44-2e8da0d63b2a (type: router_ports) to 1 [pid: 7|app: 0|req: 1149/2443] 10.0.0.14 () {34 vars in 781 bytes} [Tue Apr 7 01:16:57 2026] PUT /v2.0/routers/c96397f5-3f71-4a7d-add0-98c5e051e34c/add_router_interface => generated 309 bytes in 1797 msecs (HTTP/1.1 200) 4 headers in 157 bytes (1 switches on core 0) [pid: 7|app: 0|req: 1150/2444] 199.204.45.246 () {34 vars in 985 bytes} [Tue Apr 7 01:16:59 2026] GET /v2.0/networks?id=4fd32398-ee17-4da7-adac-e00ae1bfbb0c => generated 743 bytes in 54 msecs (HTTP/1.1 200) 4 headers in 157 bytes (1 switches on core 0) [pid: 7|app: 0|req: 1151/2445] 199.204.45.246 () {34 vars in 1049 bytes} [Tue Apr 7 01:16:59 2026] GET /v2.0/security-groups?fields=id&fields=name&tenant_id=69bb0b0dcfd9466fa00ce3a0b170fb63 => generated 178 bytes in 29 msecs (HTTP/1.1 200) 4 headers in 157 bytes (1 switches on core 0)
2026-04-07 01:16:59.295 8 WARNING neutron.scheduler.dhcp_agent_scheduler [None req-d9fd51f1-a397-4d7f-9a91-e3c93acfe27d - - - - - -] No more DHCP agents
2026-04-07 01:16:59.296 8 WARNING neutron.api.rpc.agentnotifiers.dhcp_rpc_agent_api [None req-d9fd51f1-a397-4d7f-9a91-e3c93acfe27d - - - - - -] Unable to schedule network 681bec85-552f-4497-ae5e-dec7477335eb: no agents available; will retry on subsequent port and subnet creation events.
2026-04-07 01:16:59.448 8 INFO neutron.db.ovn_revision_numbers_db [None req-d9fd51f1-a397-4d7f-9a91-e3c93acfe27d - - - - - -] Successfully bumped revision number for resource 37df9174-8cb6-4f2c-9b3c-319b96309ef0 (type: ports) to 1
2026-04-07 01:16:59.536 7 WARNING neutron.scheduler.dhcp_agent_scheduler [req-17fc0d7b-f766-4cc8-8596-a2635662b261 req-d7be9952-ac34-49c7-b9e5-cf8094664805 1df154da052b4b949152105a0a0bbda7 69bb0b0dcfd9466fa00ce3a0b170fb63 - - default default] No more DHCP agents
2026-04-07 01:16:59.537 7 WARNING neutron.api.rpc.agentnotifiers.dhcp_rpc_agent_api [req-17fc0d7b-f766-4cc8-8596-a2635662b261 req-d7be9952-ac34-49c7-b9e5-cf8094664805 1df154da052b4b949152105a0a0bbda7 69bb0b0dcfd9466fa00ce3a0b170fb63 - - default default] Unable to schedule network 4fd32398-ee17-4da7-adac-e00ae1bfbb0c: no agents available; will retry on subsequent port and subnet creation events.
2026-04-07 01:16:59.703 7 INFO neutron.db.ovn_revision_numbers_db [req-17fc0d7b-f766-4cc8-8596-a2635662b261 req-d7be9952-ac34-49c7-b9e5-cf8094664805 1df154da052b4b949152105a0a0bbda7 69bb0b0dcfd9466fa00ce3a0b170fb63 - - default default] Successfully bumped revision number for resource d654f75b-0ff6-42ec-a636-ff138682441d (type: ports) to 1
2026-04-07 01:16:59.726 8 INFO neutron.db.ovn_revision_numbers_db [None req-d9fd51f1-a397-4d7f-9a91-e3c93acfe27d - - - - - -] Successfully bumped revision number for resource 37df9174-8cb6-4f2c-9b3c-319b96309ef0 (type: ports) to 3 [pid: 7|app: 0|req: 1152/2446] 199.204.45.246 () {38 vars in 954 bytes} [Tue Apr 7 01:16:59 2026] POST /v2.0/ports => generated 1179 bytes in 619 msecs (HTTP/1.1 201) 4 headers in 163 bytes (1 switches on core 0) /var/lib/openstack/lib/python3.12/site-packages/pycadf/identifier.py:70: UserWarning: Invalid uuid: neutron. To ensure interoperability, identifiers should be a valid uuid. warnings.warn(('Invalid uuid: %s. To ensure interoperability, '
2026-04-07 01:16:59.789 8 INFO neutron.db.segments_db [None req-d9fd51f1-a397-4d7f-9a91-e3c93acfe27d - - - - - -] Added segment 139f9cfc-a64c-4e6c-9628-825f06913da4 of type geneve for network 469c70e6-1aad-4959-8724-f4cf9bc1aaea
2026-04-07 01:16:59.904 8 INFO neutron.db.ovn_revision_numbers_db [None req-ed40c9b1-bb6e-4410-8446-d9c89af74322 - - - - - -] Successfully bumped revision number for resource 469c70e6-1aad-4959-8724-f4cf9bc1aaea (type: networks) to 1
2026-04-07 01:17:00.050 8 WARNING neutron.scheduler.dhcp_agent_scheduler [None req-ed40c9b1-bb6e-4410-8446-d9c89af74322 - - - - - -] No more DHCP agents
2026-04-07 01:17:00.051 8 WARNING neutron.api.rpc.agentnotifiers.dhcp_rpc_agent_api [None req-ed40c9b1-bb6e-4410-8446-d9c89af74322 - - - - - -] Unable to schedule network 469c70e6-1aad-4959-8724-f4cf9bc1aaea: no agents available; will retry on subsequent port and subnet creation events.
2026-04-07 01:17:00.152 7 INFO neutron.db.ovn_revision_numbers_db [req-17fc0d7b-f766-4cc8-8596-a2635662b261 req-2bef4a73-478a-4642-aa48-a6fecb0fe350 8a0b3efcd5414174923c68ef21b6e8f3 c70616781c8543809f490398df3c4007 - - a33e108c05d24656a6bf7ceb94f342b6 a33e108c05d24656a6bf7ceb94f342b6] Successfully bumped revision number for resource d654f75b-0ff6-42ec-a636-ff138682441d (type: ports) to 2
2026-04-07 01:17:00.180 8 INFO neutron.db.ovn_revision_numbers_db [None req-ed40c9b1-bb6e-4410-8446-d9c89af74322 - - - - - -] Successfully bumped revision number for resource 7c63de80-82c0-4aa6-b4b0-cf459c80cbd0 (type: ports) to 1
2026-04-07 01:17:00.330 8 WARNING neutron.plugins.ml2.drivers.ovn.mech_driver.ovsdb.ovn_client [None req-5c08aab6-87bf-4e5f-8cec-b72e42126877 - - - - - -] No hosting information found for port 4b7c3dc4-81f2-4165-ab2d-c8e208903c3d: RuntimeError: No hosting information found for port 4b7c3dc4-81f2-4165-ab2d-c8e208903c3d
2026-04-07 01:17:00.365 8 WARNING neutron.scheduler.dhcp_agent_scheduler [None req-ed40c9b1-bb6e-4410-8446-d9c89af74322 - - - - - -] No more DHCP agents
2026-04-07 01:17:00.369 8 WARNING neutron.api.rpc.agentnotifiers.dhcp_rpc_agent_api [None req-ed40c9b1-bb6e-4410-8446-d9c89af74322 - - - - - -] Unable to schedule network 469c70e6-1aad-4959-8724-f4cf9bc1aaea: no agents available; will retry on subsequent port and subnet creation events.
2026-04-07 01:17:00.382 7 INFO neutron.db.ovn_revision_numbers_db [req-17fc0d7b-f766-4cc8-8596-a2635662b261 req-2bef4a73-478a-4642-aa48-a6fecb0fe350 8a0b3efcd5414174923c68ef21b6e8f3 c70616781c8543809f490398df3c4007 - - a33e108c05d24656a6bf7ceb94f342b6 a33e108c05d24656a6bf7ceb94f342b6] Successfully bumped revision number for resource d654f75b-0ff6-42ec-a636-ff138682441d (type: ports) to 4
2026-04-07 01:17:00.391 8 INFO neutron.db.ovn_revision_numbers_db [None req-ed40c9b1-bb6e-4410-8446-d9c89af74322 - - - - - -] Successfully bumped revision number for resource 8333e060-7005-4d7d-ab88-72e6a52d1de2 (type: subnets) to 0 [pid: 7|app: 0|req: 1153/2447] 199.204.45.246 () {38 vars in 1027 bytes} [Tue Apr 7 01:16:59 2026] PUT /v2.0/ports/d654f75b-0ff6-42ec-a636-ff138682441d => generated 1429 bytes in 634 msecs (HTTP/1.1 200) 4 headers in 158 bytes (1 switches on core 0) /var/lib/openstack/lib/python3.12/site-packages/pycadf/identifier.py:70: UserWarning: Invalid uuid: neutron. To ensure interoperability, identifiers should be a valid uuid. warnings.warn(('Invalid uuid: %s. To ensure interoperability, '
2026-04-07 01:17:00.462 7 INFO neutron.notifiers.nova [-] Nova event matching ['req-0b2637b8-ed74-4ecf-bc74-88faa713ea74'] response: {'name': 'network-changed', 'server_uuid': 'f3be79e3-157b-48bc-aba9-46952c3f4623', 'tag': 'd654f75b-0ff6-42ec-a636-ff138682441d', 'status': 'completed', 'code': 200} [pid: 7|app: 0|req: 1154/2448] 10.0.0.22 () {34 vars in 988 bytes} [Tue Apr 7 01:17:00 2026] GET /v2.0/ports?device_id=f3be79e3-157b-48bc-aba9-46952c3f4623 => generated 1194 bytes in 43 msecs (HTTP/1.1 200) 4 headers in 158 bytes (1 switches on core 0)
2026-04-07 01:17:00.517 8 INFO neutron.db.ovn_revision_numbers_db [None req-5c08aab6-87bf-4e5f-8cec-b72e42126877 - - - - - -] Successfully bumped revision number for resource 4b7c3dc4-81f2-4165-ab2d-c8e208903c3d (type: router_ports) to 2 [pid: 7|app: 0|req: 1155/2449] 10.0.0.22 () {34 vars in 1038 bytes} [Tue Apr 7 01:17:00 2026] GET /v2.0/security-groups?id=ed5dc233-31b3-445b-a137-31c962720799&fields=id&fields=name => generated 111 bytes in 31 msecs (HTTP/1.1 200) 4 headers in 157 bytes (1 switches on core 0)
2026-04-07 01:17:00.595 8 INFO neutron.plugins.ml2.drivers.ovn.mech_driver.mech_driver [None req-5c08aab6-87bf-4e5f-8cec-b72e42126877 - - - - - -] OVN reports status down for port: 6931056a-613c-4f1a-b700-b05eaeb3a9cf
2026-04-07 01:17:00.774 8 INFO neutron.plugins.ml2.drivers.ovn.mech_driver.mech_driver [None req-5c08aab6-87bf-4e5f-8cec-b72e42126877 - - - - - -] OVN reports status up for port: 2de89ed5-d903-491a-8f40-ba0746633d32
2026-04-07 01:17:00.789 8 INFO neutron.plugins.ml2.plugin [None req-5c08aab6-87bf-4e5f-8cec-b72e42126877 - - - - - -] Attempt 1 to provision port 2de89ed5-d903-491a-8f40-ba0746633d32 [pid: 7|app: 0|req: 1156/2450] 199.204.45.246 () {34 vars in 1079 bytes} [Tue Apr 7 01:17:00 2026] GET /v2.0/ports?tenant_id=69bb0b0dcfd9466fa00ce3a0b170fb63&device_id=f3be79e3-157b-48bc-aba9-46952c3f4623 => generated 1432 bytes in 32 msecs (HTTP/1.1 200) 4 headers in 158 bytes (1 switches on core 0) [pid: 7|app: 0|req: 1157/2451] 199.204.45.246 () {34 vars in 1017 bytes} [Tue Apr 7 01:17:01 2026] GET /v2.0/networks?tenant_id=69bb0b0dcfd9466fa00ce3a0b170fb63&shared=False => generated 2497 bytes in 58 msecs (HTTP/1.1 200) 4 headers in 158 bytes (1 switches on core 0)
2026-04-07 01:17:01.106 8 WARNING neutron.scheduler.dhcp_agent_scheduler [None req-ed40c9b1-bb6e-4410-8446-d9c89af74322 - - - - - -] No more DHCP agents
2026-04-07 01:17:01.114 8 WARNING neutron.api.rpc.agentnotifiers.dhcp_rpc_agent_api [None req-ed40c9b1-bb6e-4410-8446-d9c89af74322 - - - - - -] Unable to schedule network 469c70e6-1aad-4959-8724-f4cf9bc1aaea: no agents available; will retry on subsequent port and subnet creation events. [pid: 7|app: 0|req: 1158/2452] 199.204.45.246 () {34 vars in 929 bytes} [Tue Apr 7 01:17:01 2026] GET /v2.0/networks?shared=True => generated 791 bytes in 74 msecs (HTTP/1.1 200) 4 headers in 157 bytes (1 switches on core 0)
2026-04-07 01:17:01.206 8 INFO neutron.db.ovn_revision_numbers_db [None req-5c08aab6-87bf-4e5f-8cec-b72e42126877 - - - - - -] Successfully bumped revision number for resource 2de89ed5-d903-491a-8f40-ba0746633d32 (type: ports) to 4
2026-04-07 01:17:01.399 8 INFO neutron.db.ovn_revision_numbers_db [None req-ed40c9b1-bb6e-4410-8446-d9c89af74322 - - - - - -] Successfully bumped revision number for resource 819276bf-5ecf-45e1-85ee-68c3e89f507d (type: ports) to 1
2026-04-07 01:17:01.450 8 INFO neutron.plugins.ml2.drivers.ovn.mech_driver.mech_driver [None req-b8715cf1-29b3-43f7-a0b2-91457a469f62 - - - - - -] OVN reports status down for port: f6560979-a496-4454-9c44-2e8da0d63b2a
2026-04-07 01:17:01.573 7 INFO neutron.db.ovn_revision_numbers_db [None req-5325b87e-d88f-4340-9b1f-5946252f2ba1 fafb3da1aab745e3b3ac88393641827c a110b4ba0f2545aea1d6c2dda0518a21 - - default default] Successfully bumped revision number for resource 79c48920-5143-4288-94bd-7da3257baec9 (type: security_groups) to 1
2026-04-07 01:17:01.586 7 INFO neutron.db.ovn_revision_numbers_db [None req-5325b87e-d88f-4340-9b1f-5946252f2ba1 fafb3da1aab745e3b3ac88393641827c a110b4ba0f2545aea1d6c2dda0518a21 - - default default] Successfully bumped revision number for resource 16eff063-e07d-42eb-865d-799781f74a85 (type: security_group_rules) to 0
2026-04-07 01:17:01.590 8 WARNING neutron.plugins.ml2.drivers.ovn.mech_driver.ovsdb.ovn_client [None req-b8715cf1-29b3-43f7-a0b2-91457a469f62 - - - - - -] Logical_Switch_Port f6560979-a496-4454-9c44-2e8da0d63b2a host information not removed, the port state is up
2026-04-07 01:17:01.591 8 INFO neutron.plugins.ml2.drivers.ovn.mech_driver.mech_driver [None req-b8715cf1-29b3-43f7-a0b2-91457a469f62 - - - - - -] OVN reports status up for port: f6560979-a496-4454-9c44-2e8da0d63b2a
2026-04-07 01:17:01.598 7 INFO neutron.db.ovn_revision_numbers_db [None req-5325b87e-d88f-4340-9b1f-5946252f2ba1 fafb3da1aab745e3b3ac88393641827c a110b4ba0f2545aea1d6c2dda0518a21 - - default default] Successfully bumped revision number for resource 522ba312-39a5-441c-ab93-f9c7f5c97de9 (type: security_group_rules) to 0
2026-04-07 01:17:01.611 8 INFO neutron.plugins.ml2.plugin [None req-b8715cf1-29b3-43f7-a0b2-91457a469f62 - - - - - -] Attempt 1 to provision port f6560979-a496-4454-9c44-2e8da0d63b2a
2026-04-07 01:17:01.612 7 INFO neutron.db.ovn_revision_numbers_db [None req-5325b87e-d88f-4340-9b1f-5946252f2ba1 fafb3da1aab745e3b3ac88393641827c a110b4ba0f2545aea1d6c2dda0518a21 - - default default] Successfully bumped revision number for resource 71a76f4c-c7d0-4057-a9ba-34000dda8669 (type: security_group_rules) to 0
2026-04-07 01:17:01.623 7 INFO neutron.db.ovn_revision_numbers_db [None req-5325b87e-d88f-4340-9b1f-5946252f2ba1 fafb3da1aab745e3b3ac88393641827c a110b4ba0f2545aea1d6c2dda0518a21 - - default default] Successfully bumped revision number for resource c88de791-d86b-4460-992b-ece2e9dd9985 (type: security_group_rules) to 0
2026-04-07 01:17:01.714 7 INFO neutron.db.segments_db [None req-5325b87e-d88f-4340-9b1f-5946252f2ba1 fafb3da1aab745e3b3ac88393641827c a110b4ba0f2545aea1d6c2dda0518a21 - - default default] Added segment a32661e5-0feb-406e-903e-873b1e811096 of type geneve for network 3b2a4d60-0069-455d-ae88-eeb6854a97dd
2026-04-07 01:17:01.715 7 WARNING neutron.plugins.ml2.drivers.ovn.mech_driver.ovsdb.ovn_client [None req-c581ceac-f2d8-4dc1-bdb0-9797c1702db3 - - - - - -] No hosting information found for port 931d53a2-beef-46b5-9fd5-84180fe3a77b: RuntimeError: No hosting information found for port 931d53a2-beef-46b5-9fd5-84180fe3a77b
2026-04-07 01:17:01.718 7 INFO neutron.plugins.ml2.drivers.ovn.mech_driver.mech_driver [None req-c581ceac-f2d8-4dc1-bdb0-9797c1702db3 - - - - - -] OVN reports status up for port: cdfc2359-194e-4c5e-93c8-5384414d23c9
2026-04-07 01:17:01.738 7 INFO neutron.plugins.ml2.plugin [None req-c581ceac-f2d8-4dc1-bdb0-9797c1702db3 - - - - - -] Attempt 1 to provision port cdfc2359-194e-4c5e-93c8-5384414d23c9
2026-04-07 01:17:01.911 7 INFO neutron.db.ovn_revision_numbers_db [None req-5325b87e-d88f-4340-9b1f-5946252f2ba1 fafb3da1aab745e3b3ac88393641827c a110b4ba0f2545aea1d6c2dda0518a21 - - default default] Successfully bumped revision number for resource 3b2a4d60-0069-455d-ae88-eeb6854a97dd (type: networks) to 1
2026-04-07 01:17:02.112 7 INFO neutron.db.ovn_revision_numbers_db [None req-c581ceac-f2d8-4dc1-bdb0-9797c1702db3 - - - - - -] Successfully bumped revision number for resource cdfc2359-194e-4c5e-93c8-5384414d23c9 (type: ports) to 4
2026-04-07 01:17:02.241 7 WARNING neutron.scheduler.dhcp_agent_scheduler [None req-5325b87e-d88f-4340-9b1f-5946252f2ba1 fafb3da1aab745e3b3ac88393641827c a110b4ba0f2545aea1d6c2dda0518a21 - - default default] No more DHCP agents
2026-04-07 01:17:02.248 7 WARNING neutron.api.rpc.agentnotifiers.dhcp_rpc_agent_api [None req-5325b87e-d88f-4340-9b1f-5946252f2ba1 fafb3da1aab745e3b3ac88393641827c a110b4ba0f2545aea1d6c2dda0518a21 - - default default] Unable to schedule network 3b2a4d60-0069-455d-ae88-eeb6854a97dd: no agents available; will retry on subsequent port and subnet creation events.
2026-04-07 01:17:02.332 7 INFO neutron.plugins.ml2.drivers.ovn.mech_driver.mech_driver [None req-7f8d2378-3b32-4c30-9c8f-126d7ab3a0fa - - - - - -] OVN reports status down for port: d654f75b-0ff6-42ec-a636-ff138682441d
2026-04-07 01:17:02.384 7 INFO neutron.db.ovn_revision_numbers_db [None req-5325b87e-d88f-4340-9b1f-5946252f2ba1 fafb3da1aab745e3b3ac88393641827c a110b4ba0f2545aea1d6c2dda0518a21 - - default default] Successfully bumped revision number for resource 572fc5a7-890d-4180-b9de-98b160f2175c (type: ports) to 1
2026-04-07 01:17:02.428 7 INFO neutron.plugins.ml2.drivers.ovn.mech_driver.mech_driver [None req-7f8d2378-3b32-4c30-9c8f-126d7ab3a0fa - - - - - -] OVN reports status down for port: 819276bf-5ecf-45e1-85ee-68c3e89f507d [pid: 7|app: 0|req: 1159/2453] 10.0.0.14 () {34 vars in 668 bytes} [Tue Apr 7 01:17:01 2026] POST /v2.0/networks => generated 669 bytes in 1281 msecs (HTTP/1.1 201) 4 headers in 162 bytes (1 switches on core 0)
2026-04-07 01:17:02.481 8 INFO neutron.db.ovn_revision_numbers_db [None req-b8715cf1-29b3-43f7-a0b2-91457a469f62 - - - - - -] Successfully bumped revision number for resource f6560979-a496-4454-9c44-2e8da0d63b2a (type: ports) to 2
2026-04-07 01:17:02.508 7 INFO neutron.notifiers.nova [-] Nova event matching ['req-05a0ea6f-9c01-49d0-b0d1-5a0e18239139'] response: {'server_uuid': 'f3be79e3-157b-48bc-aba9-46952c3f4623', 'name': 'network-vif-unplugged', 'status': 'completed', 'tag': 'd654f75b-0ff6-42ec-a636-ff138682441d', 'code': 200}
2026-04-07 01:17:02.612 7 INFO neutron.plugins.ml2.drivers.ovn.mech_driver.mech_driver [None req-7f8d2378-3b32-4c30-9c8f-126d7ab3a0fa - - - - - -] OVN reports status up for port: 819276bf-5ecf-45e1-85ee-68c3e89f507d
2026-04-07 01:17:02.645 7 INFO neutron.plugins.ml2.plugin [None req-7f8d2378-3b32-4c30-9c8f-126d7ab3a0fa - - - - - -] Attempt 1 to provision port 819276bf-5ecf-45e1-85ee-68c3e89f507d
2026-04-07 01:17:02.701 8 WARNING neutron.scheduler.dhcp_agent_scheduler [None req-ed40c9b1-bb6e-4410-8446-d9c89af74322 - - - - - -] No more DHCP agents
2026-04-07 01:17:02.703 8 WARNING neutron.api.rpc.agentnotifiers.dhcp_rpc_agent_api [None req-ed40c9b1-bb6e-4410-8446-d9c89af74322 - - - - - -] Unable to schedule network 469c70e6-1aad-4959-8724-f4cf9bc1aaea: no agents available; will retry on subsequent port and subnet creation events.
2026-04-07 01:17:02.753 7 INFO neutron.db.ovn_revision_numbers_db [None req-301701a1-d9b7-4d4b-b3f5-59b6d96034d0 b5512a9821274853a503f2da6cba5b3a 62c19d12050e4445b1ab5f9491dde449 - - default default] Successfully bumped revision number for resource a67331ad-f2f2-4b28-9f47-54d8e1d35d9e (type: security_groups) to 1
2026-04-07 01:17:02.787 7 INFO neutron.db.ovn_revision_numbers_db [None req-301701a1-d9b7-4d4b-b3f5-59b6d96034d0 b5512a9821274853a503f2da6cba5b3a 62c19d12050e4445b1ab5f9491dde449 - - default default] Successfully bumped revision number for resource 11db6b99-3973-4ac3-9316-e8ca8d93d2b5 (type: security_group_rules) to 0
2026-04-07 01:17:02.816 7 INFO neutron.db.ovn_revision_numbers_db [None req-301701a1-d9b7-4d4b-b3f5-59b6d96034d0 b5512a9821274853a503f2da6cba5b3a 62c19d12050e4445b1ab5f9491dde449 - - default default] Successfully bumped revision number for resource 940f35d3-5f4d-4c83-82a6-6d8ac15c4b6a (type: security_group_rules) to 0
2026-04-07 01:17:02.835 7 INFO neutron.db.ovn_revision_numbers_db [None req-301701a1-d9b7-4d4b-b3f5-59b6d96034d0 b5512a9821274853a503f2da6cba5b3a 62c19d12050e4445b1ab5f9491dde449 - - default default] Successfully bumped revision number for resource 9e17e14b-4926-48ad-8a2e-4bc91d326393 (type: security_group_rules) to 0
2026-04-07 01:17:02.854 7 INFO neutron.db.ovn_revision_numbers_db [None req-301701a1-d9b7-4d4b-b3f5-59b6d96034d0 b5512a9821274853a503f2da6cba5b3a 62c19d12050e4445b1ab5f9491dde449 - - default default] Successfully bumped revision number for resource b45b62f5-4444-485e-8a0f-e5b4c2329c67 (type: security_group_rules) to 0
2026-04-07 01:17:02.972 7 INFO neutron.db.segments_db [None req-301701a1-d9b7-4d4b-b3f5-59b6d96034d0 b5512a9821274853a503f2da6cba5b3a 62c19d12050e4445b1ab5f9491dde449 - - default default] Added segment 77c62227-f895-4a6b-a679-174ed45a33b8 of type geneve for network 466e030e-ba36-4812-b6b1-ce8fd2dc0a66
2026-04-07 01:17:03.147 8 INFO neutron.db.ovn_revision_numbers_db [None req-ed40c9b1-bb6e-4410-8446-d9c89af74322 - - - - - -] Successfully bumped revision number for resource 819276bf-5ecf-45e1-85ee-68c3e89f507d (type: router_ports) to 1
2026-04-07 01:17:03.277 7 INFO neutron.db.ovn_revision_numbers_db [None req-301701a1-d9b7-4d4b-b3f5-59b6d96034d0 b5512a9821274853a503f2da6cba5b3a 62c19d12050e4445b1ab5f9491dde449 - - default default] Successfully bumped revision number for resource 466e030e-ba36-4812-b6b1-ce8fd2dc0a66 (type: networks) to 1
2026-04-07 01:17:03.373 8 WARNING neutron.scheduler.dhcp_agent_scheduler [None req-ed40c9b1-bb6e-4410-8446-d9c89af74322 - - - - - -] No more DHCP agents
2026-04-07 01:17:03.374 8 WARNING neutron.api.rpc.agentnotifiers.dhcp_rpc_agent_api [None req-ed40c9b1-bb6e-4410-8446-d9c89af74322 - - - - - -] Unable to schedule network 469c70e6-1aad-4959-8724-f4cf9bc1aaea: no agents available; will retry on subsequent port and subnet creation events.
2026-04-07 01:17:03.426 7 INFO neutron.db.ovn_revision_numbers_db [None req-7f8d2378-3b32-4c30-9c8f-126d7ab3a0fa - - - - - -] Successfully bumped revision number for resource 819276bf-5ecf-45e1-85ee-68c3e89f507d (type: ports) to 2
2026-04-07 01:17:03.503 8 INFO neutron.db.ovn_revision_numbers_db [None req-ed40c9b1-bb6e-4410-8446-d9c89af74322 - - - - - -] Successfully bumped revision number for resource b53c6f5a-f380-4545-9560-4f0afc256a79 (type: ports) to 1
2026-04-07 01:17:03.615 7 WARNING neutron.scheduler.dhcp_agent_scheduler [None req-301701a1-d9b7-4d4b-b3f5-59b6d96034d0 b5512a9821274853a503f2da6cba5b3a 62c19d12050e4445b1ab5f9491dde449 - - default default] No more DHCP agents
2026-04-07 01:17:03.618 7 WARNING neutron.api.rpc.agentnotifiers.dhcp_rpc_agent_api [None req-301701a1-d9b7-4d4b-b3f5-59b6d96034d0 b5512a9821274853a503f2da6cba5b3a 62c19d12050e4445b1ab5f9491dde449 - - default default] Unable to schedule network 466e030e-ba36-4812-b6b1-ce8fd2dc0a66: no agents available; will retry on subsequent port and subnet creation events.
2026-04-07 01:17:03.723 7 INFO neutron.db.ovn_revision_numbers_db [None req-301701a1-d9b7-4d4b-b3f5-59b6d96034d0 b5512a9821274853a503f2da6cba5b3a 62c19d12050e4445b1ab5f9491dde449 - - default default] Successfully bumped revision number for resource 3bb21371-54e5-45ce-bd56-8d86132310dc (type: ports) to 1 [pid: 7|app: 0|req: 1160/2454] 10.0.0.14 () {34 vars in 668 bytes} [Tue Apr 7 01:17:02 2026] POST /v2.0/networks => generated 670 bytes in 1294 msecs (HTTP/1.1 201) 4 headers in 162 bytes (1 switches on core 0) [pid: 7|app: 0|req: 1161/2455] 10.0.0.144 () {34 vars in 989 bytes} [Tue Apr 7 01:17:03 2026] GET /v2.0/ports?device_id=b8cf8b95-3472-45e4-812b-d7eea7a26392 => generated 1430 bytes in 32 msecs (HTTP/1.1 200) 4 headers in 158 bytes (1 switches on core 0) [pid: 7|app: 0|req: 1162/2456] 199.204.45.246 () {34 vars in 1079 bytes} [Tue Apr 7 01:17:03 2026] GET /v2.0/ports?tenant_id=69bb0b0dcfd9466fa00ce3a0b170fb63&device_id=f3be79e3-157b-48bc-aba9-46952c3f4623 => generated 1432 bytes in 28 msecs (HTTP/1.1 200) 4 headers in 158 bytes (1 switches on core 0)
2026-04-07 01:17:03.992 7 WARNING neutron.scheduler.dhcp_agent_scheduler [None req-e0fd88d3-bf52-4f45-810a-52201173420c fafb3da1aab745e3b3ac88393641827c a110b4ba0f2545aea1d6c2dda0518a21 - - default default] No more DHCP agents
2026-04-07 01:17:03.993 7 WARNING neutron.api.rpc.agentnotifiers.dhcp_rpc_agent_api [None req-e0fd88d3-bf52-4f45-810a-52201173420c fafb3da1aab745e3b3ac88393641827c a110b4ba0f2545aea1d6c2dda0518a21 - - default default] Unable to schedule network 3b2a4d60-0069-455d-ae88-eeb6854a97dd: no agents available; will retry on subsequent port and subnet creation events.
2026-04-07 01:17:04.075 7 INFO neutron.db.ovn_revision_numbers_db [None req-e0fd88d3-bf52-4f45-810a-52201173420c fafb3da1aab745e3b3ac88393641827c a110b4ba0f2545aea1d6c2dda0518a21 - - default default] Successfully bumped revision number for resource 39cbca99-f8e3-4c7d-88eb-2e0db924c055 (type: ports) to 1 [pid: 7|app: 0|req: 1163/2457] 10.0.0.14 () {34 vars in 662 bytes} [Tue Apr 7 01:17:03 2026] POST /v2.0/ports => generated 743 bytes in 333 msecs (HTTP/1.1 201) 4 headers in 162 bytes (1 switches on core 0) /var/lib/openstack/lib/python3.12/site-packages/pycadf/identifier.py:70: UserWarning: Invalid uuid: neutron. To ensure interoperability, identifiers should be a valid uuid. warnings.warn(('Invalid uuid: %s. To ensure interoperability, '
2026-04-07 01:17:04.240 8 INFO neutron.db.ovn_revision_numbers_db [None req-ed40c9b1-bb6e-4410-8446-d9c89af74322 - - - - - -] Successfully bumped revision number for resource b53c6f5a-f380-4545-9560-4f0afc256a79 (type: ports) to 3
2026-04-07 01:17:04.242 7 INFO neutron.db.segments_db [None req-1e644a4f-175e-4788-8ae0-14a4d08fdec0 b5512a9821274853a503f2da6cba5b3a 62c19d12050e4445b1ab5f9491dde449 - - default default] Added segment c1dd1a09-6c83-4f37-99ff-4452bd1df24d of type geneve for network 0b67789e-b0a7-4a57-99cf-2cb8a30a6339
2026-04-07 01:17:04.362 7 INFO neutron.db.ovn_revision_numbers_db [None req-1e644a4f-175e-4788-8ae0-14a4d08fdec0 b5512a9821274853a503f2da6cba5b3a 62c19d12050e4445b1ab5f9491dde449 - - default default] Successfully bumped revision number for resource 0b67789e-b0a7-4a57-99cf-2cb8a30a6339 (type: networks) to 1 [pid: 8|app: 0|req: 1295/2458] 10.0.0.14 () {34 vars in 683 bytes} [Tue Apr 7 01:16:58 2026] POST /v2.0/vpn/vpnservices => generated 458 bytes in 5607 msecs (HTTP/1.1 201) 4 headers in 162 bytes (1 switches on core 0) [pid: 8|app: 0|req: 1296/2459] 10.0.0.144 () {34 vars in 1039 bytes} [Tue Apr 7 01:17:04 2026] GET /v2.0/security-groups?id=ed5dc233-31b3-445b-a137-31c962720799&fields=id&fields=name => generated 111 bytes in 30 msecs (HTTP/1.1 200) 4 headers in 157 bytes (1 switches on core 0) [pid: 8|app: 0|req: 1297/2460] 199.204.45.246 () {34 vars in 1055 bytes} [Tue Apr 7 01:17:04 2026] GET /v2.0/floatingips?fixed_ip_address=10.2.2.95&port_id=d654f75b-0ff6-42ec-a636-ff138682441d => generated 19 bytes in 19 msecs (HTTP/1.1 200) 4 headers in 156 bytes (1 switches on core 0)
2026-04-07 01:17:04.526 7 WARNING neutron.scheduler.dhcp_agent_scheduler [None req-1e644a4f-175e-4788-8ae0-14a4d08fdec0 b5512a9821274853a503f2da6cba5b3a 62c19d12050e4445b1ab5f9491dde449 - - default default] No more DHCP agents
2026-04-07 01:17:04.528 7 WARNING neutron.api.rpc.agentnotifiers.dhcp_rpc_agent_api [None req-1e644a4f-175e-4788-8ae0-14a4d08fdec0 b5512a9821274853a503f2da6cba5b3a 62c19d12050e4445b1ab5f9491dde449 - - default default] Unable to schedule network 0b67789e-b0a7-4a57-99cf-2cb8a30a6339: no agents available; will retry on subsequent port and subnet creation events.
2026-04-07 01:17:04.614 7 INFO neutron.db.ovn_revision_numbers_db [None req-1e644a4f-175e-4788-8ae0-14a4d08fdec0 b5512a9821274853a503f2da6cba5b3a 62c19d12050e4445b1ab5f9491dde449 - - default default] Successfully bumped revision number for resource 4665bd3b-a4f5-454e-8283-b4f8f3198c69 (type: ports) to 1 [pid: 7|app: 0|req: 1164/2461] 10.0.0.14 () {34 vars in 668 bytes} [Tue Apr 7 01:17:04 2026] POST /v2.0/networks => generated 670 bytes in 497 msecs (HTTP/1.1 201) 4 headers in 162 bytes (1 switches on core 0) [pid: 7|app: 0|req: 1165/2462] 10.0.0.114 () {28 vars in 618 bytes} [Tue Apr 7 01:17:04 2026] GET /v2.0/network-ip-availabilities => generated 5676 bytes in 60 msecs (HTTP/1.1 200) 4 headers in 158 bytes (1 switches on core 0) [pid: 7|app: 0|req: 1166/2463] 10.0.0.14 () {32 vars in 661 bytes} [Tue Apr 7 01:17:04 2026] GET /v2.0/vpn/vpnservices => generated 1312 bytes in 10 msecs (HTTP/1.1 200) 4 headers in 158 bytes (1 switches on core 0) [pid: 7|app: 0|req: 1167/2464] 199.204.45.246 () {34 vars in 1103 bytes} [Tue Apr 7 01:17:04 2026] GET /v2.0/floatingips?fixed_ip_address=fd77%3A1457%3A4cf0%3A26a8%3A%3Af9&port_id=d654f75b-0ff6-42ec-a636-ff138682441d => generated 19 bytes in 12 msecs (HTTP/1.1 200) 4 headers in 156 bytes (1 switches on core 0) [pid: 8|app: 0|req: 1298/2465] 10.0.0.14 () {34 vars in 664 bytes} [Tue Apr 7 01:17:04 2026] POST /v2.0/trunks => generated 409 bytes in 305 msecs (HTTP/1.1 201) 4 headers in 162 bytes (1 switches on core 0)
2026-04-07 01:17:04.808 7 INFO neutron.db.segments_db [None req-ee418f40-7623-4001-8c0b-45360ddfe796 b5512a9821274853a503f2da6cba5b3a 62c19d12050e4445b1ab5f9491dde449 - - default default] Added segment 7865a506-c601-40bf-960b-9be7c65fe8f5 of type geneve for network 34c43c13-89df-4f7e-9376-3f1e50edec63 [pid: 8|app: 0|req: 1299/2466] 10.0.0.114 () {28 vars in 590 bytes} [Tue Apr 7 01:17:04 2026] GET /v2.0/floatingips => generated 859 bytes in 69 msecs (HTTP/1.1 200) 4 headers in 157 bytes (1 switches on core 0)
2026-04-07 01:17:04.920 7 INFO neutron.db.ovn_revision_numbers_db [None req-ee418f40-7623-4001-8c0b-45360ddfe796 b5512a9821274853a503f2da6cba5b3a 62c19d12050e4445b1ab5f9491dde449 - - default default] Successfully bumped revision number for resource 34c43c13-89df-4f7e-9376-3f1e50edec63 (type: networks) to 1
2026-04-07 01:17:05.078 7 WARNING neutron.scheduler.dhcp_agent_scheduler [None req-ee418f40-7623-4001-8c0b-45360ddfe796 b5512a9821274853a503f2da6cba5b3a 62c19d12050e4445b1ab5f9491dde449 - - default default] No more DHCP agents
2026-04-07 01:17:05.079 7 WARNING neutron.api.rpc.agentnotifiers.dhcp_rpc_agent_api [None req-ee418f40-7623-4001-8c0b-45360ddfe796 b5512a9821274853a503f2da6cba5b3a 62c19d12050e4445b1ab5f9491dde449 - - default default] Unable to schedule network 34c43c13-89df-4f7e-9376-3f1e50edec63: no agents available; will retry on subsequent port and subnet creation events.
2026-04-07 01:17:05.139 8 INFO neutron_taas.services.taas.taas_plugin [None req-6374cac0-b930-4727-b474-43194c6a50a6 499b546caee1475fb9e721fe3d2d3d74 88d9ec5cba664c5eae5829b26d6a95e1 - - default default] TaaS: Handle Delete Port: 37df9174-8cb6-4f2c-9b3c-319b96309ef0
2026-04-07 01:17:05.142 8 INFO neutron_taas.services.taas.tap_mirror_plugin [None req-6374cac0-b930-4727-b474-43194c6a50a6 499b546caee1475fb9e721fe3d2d3d74 88d9ec5cba664c5eae5829b26d6a95e1 - - default default] Tap Mirror: Handle Delete Port: 37df9174-8cb6-4f2c-9b3c-319b96309ef0
2026-04-07 01:17:05.151 7 INFO neutron.db.ovn_revision_numbers_db [None req-ee418f40-7623-4001-8c0b-45360ddfe796 b5512a9821274853a503f2da6cba5b3a 62c19d12050e4445b1ab5f9491dde449 - - default default] Successfully bumped revision number for resource e2fa6c2c-b938-41a9-9db3-f87bc1ac58e9 (type: ports) to 1 [pid: 7|app: 0|req: 1168/2467] 10.0.0.14 () {34 vars in 668 bytes} [Tue Apr 7 01:17:04 2026] POST /v2.0/networks => generated 669 bytes in 448 msecs (HTTP/1.1 201) 4 headers in 162 bytes (1 switches on core 0) [pid: 7|app: 0|req: 1169/2468] 199.204.45.246 () {34 vars in 1063 bytes} [Tue Apr 7 01:17:05 2026] GET /v2.0/subnets?id=c51fec7c-b490-4d14-aba9-143a737f992a&id=8f5ae205-6ddc-4367-85fa-d3588a386502 => generated 1414 bytes in 34 msecs (HTTP/1.1 200) 4 headers in 158 bytes (1 switches on core 0)
2026-04-07 01:17:05.305 7 INFO neutron.db.segments_db [None req-439d04c9-6769-47bf-8a55-36aabea7870d fafb3da1aab745e3b3ac88393641827c a110b4ba0f2545aea1d6c2dda0518a21 - - default default] Added segment 2fa6d038-19f0-4345-bf64-517746258779 of type geneve for network 6f55d453-387b-46c6-98e1-9cfbcf89c88b
2026-04-07 01:17:05.401 8 INFO neutron_taas.services.taas.taas_plugin [None req-e3357ee1-31e9-40bc-b97b-d9fee8181504 - - - - - -] TaaS: Handle Delete Port: b53c6f5a-f380-4545-9560-4f0afc256a79
2026-04-07 01:17:05.404 8 INFO neutron_taas.services.taas.tap_mirror_plugin [None req-e3357ee1-31e9-40bc-b97b-d9fee8181504 - - - - - -] Tap Mirror: Handle Delete Port: b53c6f5a-f380-4545-9560-4f0afc256a79
2026-04-07 01:17:05.409 7 INFO neutron.db.ovn_revision_numbers_db [None req-439d04c9-6769-47bf-8a55-36aabea7870d fafb3da1aab745e3b3ac88393641827c a110b4ba0f2545aea1d6c2dda0518a21 - - default default] Successfully bumped revision number for resource 6f55d453-387b-46c6-98e1-9cfbcf89c88b (type: networks) to 1
2026-04-07 01:17:05.594 7 WARNING neutron.scheduler.dhcp_agent_scheduler [None req-439d04c9-6769-47bf-8a55-36aabea7870d fafb3da1aab745e3b3ac88393641827c a110b4ba0f2545aea1d6c2dda0518a21 - - default default] No more DHCP agents
2026-04-07 01:17:05.595 7 WARNING neutron.api.rpc.agentnotifiers.dhcp_rpc_agent_api [None req-439d04c9-6769-47bf-8a55-36aabea7870d fafb3da1aab745e3b3ac88393641827c a110b4ba0f2545aea1d6c2dda0518a21 - - default default] Unable to schedule network 6f55d453-387b-46c6-98e1-9cfbcf89c88b: no agents available; will retry on subsequent port and subnet creation events.
2026-04-07 01:17:05.672 7 INFO neutron.db.ovn_revision_numbers_db [None req-439d04c9-6769-47bf-8a55-36aabea7870d fafb3da1aab745e3b3ac88393641827c a110b4ba0f2545aea1d6c2dda0518a21 - - default default] Successfully bumped revision number for resource d6e9bab8-faca-48ce-b516-cc7a16336393 (type: ports) to 1 [pid: 7|app: 0|req: 1170/2469] 10.0.0.14 () {34 vars in 668 bytes} [Tue Apr 7 01:17:05 2026] POST /v2.0/networks => generated 670 bytes in 486 msecs (HTTP/1.1 201) 4 headers in 162 bytes (1 switches on core 0) [pid: 7|app: 0|req: 1171/2470] 10.0.0.114 () {28 vars in 580 bytes} [Tue Apr 7 01:17:05 2026] GET /v2.0/agents => generated 1214 bytes in 10 msecs (HTTP/1.1 200) 4 headers in 158 bytes (1 switches on core 0)
2026-04-07 01:17:05.785 7 INFO neutron.db.segments_db [None req-28d6af13-c421-488a-aebd-932096de9315 b5512a9821274853a503f2da6cba5b3a 62c19d12050e4445b1ab5f9491dde449 - - default default] Added segment edf82b09-873d-4074-8ea2-1b1454e1d2f8 of type geneve for network cf6f37ea-7999-49bb-acfc-abc756d944e7
2026-04-07 01:17:05.887 7 INFO neutron.db.ovn_revision_numbers_db [None req-28d6af13-c421-488a-aebd-932096de9315 b5512a9821274853a503f2da6cba5b3a 62c19d12050e4445b1ab5f9491dde449 - - default default] Successfully bumped revision number for resource cf6f37ea-7999-49bb-acfc-abc756d944e7 (type: networks) to 1
2026-04-07 01:17:05.891 8 INFO neutron_taas.services.taas.taas_plugin [None req-35274dee-4bdd-4058-96b0-b46b2c938a2b - - - - - -] TaaS: Handle Delete Port: 819276bf-5ecf-45e1-85ee-68c3e89f507d
2026-04-07 01:17:05.894 8 INFO neutron_taas.services.taas.tap_mirror_plugin [None req-35274dee-4bdd-4058-96b0-b46b2c938a2b - - - - - -] Tap Mirror: Handle Delete Port: 819276bf-5ecf-45e1-85ee-68c3e89f507d
2026-04-07 01:17:06.040 7 WARNING neutron.scheduler.dhcp_agent_scheduler [None req-28d6af13-c421-488a-aebd-932096de9315 b5512a9821274853a503f2da6cba5b3a 62c19d12050e4445b1ab5f9491dde449 - - default default] No more DHCP agents
2026-04-07 01:17:06.042 7 WARNING neutron.api.rpc.agentnotifiers.dhcp_rpc_agent_api [None req-28d6af13-c421-488a-aebd-932096de9315 b5512a9821274853a503f2da6cba5b3a 62c19d12050e4445b1ab5f9491dde449 - - default default] Unable to schedule network cf6f37ea-7999-49bb-acfc-abc756d944e7: no agents available; will retry on subsequent port and subnet creation events.
2026-04-07 01:17:06.133 7 INFO neutron.db.ovn_revision_numbers_db [None req-28d6af13-c421-488a-aebd-932096de9315 b5512a9821274853a503f2da6cba5b3a 62c19d12050e4445b1ab5f9491dde449 - - default default] Successfully bumped revision number for resource 7b5a49e6-1025-45de-9cd3-866101546e70 (type: ports) to 1 [pid: 7|app: 0|req: 1172/2471] 10.0.0.14 () {34 vars in 668 bytes} [Tue Apr 7 01:17:05 2026] POST /v2.0/networks => generated 670 bytes in 454 msecs (HTTP/1.1 201) 4 headers in 162 bytes (1 switches on core 0) [pid: 7|app: 0|req: 1173/2472] 199.204.45.246 () {34 vars in 1051 bytes} [Tue Apr 7 01:17:06 2026] GET /v2.0/ports?network_id=4fd32398-ee17-4da7-adac-e00ae1bfbb0c&device_owner=network%3Adhcp => generated 12 bytes in 31 msecs (HTTP/1.1 200) 4 headers in 156 bytes (1 switches on core 0) [pid: 7|app: 0|req: 1176/2475] 10.0.0.22 () {34 vars in 988 bytes} [Tue Apr 7 01:17:06 2026] GET /v2.0/ports?device_id=f3be79e3-157b-48bc-aba9-46952c3f4623 => generated 1194 bytes in 78 msecs (HTTP/1.1 200) 4 headers in 158 bytes (1 switches on core 0)
2026-04-07 01:17:06.510 7 WARNING neutron.scheduler.dhcp_agent_scheduler [None req-b579997b-c14f-4ae9-9c25-d223f0e46a8d fafb3da1aab745e3b3ac88393641827c a110b4ba0f2545aea1d6c2dda0518a21 - - default default] No more DHCP agents
2026-04-07 01:17:06.512 7 WARNING neutron.api.rpc.agentnotifiers.dhcp_rpc_agent_api [None req-b579997b-c14f-4ae9-9c25-d223f0e46a8d fafb3da1aab745e3b3ac88393641827c a110b4ba0f2545aea1d6c2dda0518a21 - - default default] Unable to schedule network 6f55d453-387b-46c6-98e1-9cfbcf89c88b: no agents available; will retry on subsequent port and subnet creation events.
2026-04-07 01:17:06.619 7 INFO neutron.db.ovn_revision_numbers_db [None req-b579997b-c14f-4ae9-9c25-d223f0e46a8d fafb3da1aab745e3b3ac88393641827c a110b4ba0f2545aea1d6c2dda0518a21 - - default default] Successfully bumped revision number for resource 48b66f8e-12b0-4237-8068-58b38fe4137b (type: ports) to 1 [pid: 7|app: 0|req: 1177/2476] 10.0.0.14 () {34 vars in 662 bytes} [Tue Apr 7 01:17:06 2026] POST /v2.0/ports => generated 743 bytes in 398 msecs (HTTP/1.1 201) 4 headers in 162 bytes (1 switches on core 0) /var/lib/openstack/lib/python3.12/site-packages/pycadf/identifier.py:70: UserWarning: Invalid uuid: neutron. To ensure interoperability, identifiers should be a valid uuid. warnings.warn(('Invalid uuid: %s. To ensure interoperability, ' [pid: 7|app: 0|req: 1178/2477] 10.0.0.114 () {28 vars in 582 bytes} [Tue Apr 7 01:17:06 2026] GET /v2.0/subnets => generated 8169 bytes in 51 msecs (HTTP/1.1 200) 4 headers in 158 bytes (1 switches on core 0)
2026-04-07 01:17:06.813 7 INFO neutron.db.segments_db [None req-ba26f503-eaec-47cd-8f7c-2fd8bc355dd9 b5512a9821274853a503f2da6cba5b3a 62c19d12050e4445b1ab5f9491dde449 - - default default] Added segment 0fd0fd0a-bc83-4424-99a8-ebbf0a3fc2e6 of type geneve for network 2cdf1c4a-104a-4bcb-b791-ca98ab28f793
2026-04-07 01:17:06.877 8 INFO neutron_taas.services.taas.taas_plugin [None req-35274dee-4bdd-4058-96b0-b46b2c938a2b - - - - - -] TaaS: Handle Delete Port: 7c63de80-82c0-4aa6-b4b0-cf459c80cbd0
2026-04-07 01:17:06.882 8 INFO neutron_taas.services.taas.tap_mirror_plugin [None req-35274dee-4bdd-4058-96b0-b46b2c938a2b - - - - - -] Tap Mirror: Handle Delete Port: 7c63de80-82c0-4aa6-b4b0-cf459c80cbd0
2026-04-07 01:17:06.931 7 INFO neutron.db.ovn_revision_numbers_db [None req-ba26f503-eaec-47cd-8f7c-2fd8bc355dd9 b5512a9821274853a503f2da6cba5b3a 62c19d12050e4445b1ab5f9491dde449 - - default default] Successfully bumped revision number for resource 2cdf1c4a-104a-4bcb-b791-ca98ab28f793 (type: networks) to 1
2026-04-07 01:17:07.107 8 INFO neutron.services.segments.plugin [-] Segment 139f9cfc-a64c-4e6c-9628-825f06913da4 resource provider aggregate not found
2026-04-07 01:17:07.120 7 WARNING neutron.scheduler.dhcp_agent_scheduler [None req-ba26f503-eaec-47cd-8f7c-2fd8bc355dd9 b5512a9821274853a503f2da6cba5b3a 62c19d12050e4445b1ab5f9491dde449 - - default default] No more DHCP agents
2026-04-07 01:17:07.122 7 WARNING neutron.api.rpc.agentnotifiers.dhcp_rpc_agent_api [None req-ba26f503-eaec-47cd-8f7c-2fd8bc355dd9 b5512a9821274853a503f2da6cba5b3a 62c19d12050e4445b1ab5f9491dde449 - - default default] Unable to schedule network 2cdf1c4a-104a-4bcb-b791-ca98ab28f793: no agents available; will retry on subsequent port and subnet creation events.
2026-04-07 01:17:07.125 8 INFO neutron.services.segments.plugin [-] Segment 139f9cfc-a64c-4e6c-9628-825f06913da4 resource provider aggregate not found
2026-04-07 01:17:07.149 8 INFO neutron.services.segments.plugin [-] Segment 139f9cfc-a64c-4e6c-9628-825f06913da4 resource provider not found; error: Placement Client Error (4xx): {"errors": [{"status": 404, "title": "Not Found", "detail": "The resource could not be found.\n\n No resource provider with uuid 139f9cfc-a64c-4e6c-9628-825f06913da4 found for delete ", "request_id": "req-73ea1219-cdac-4de6-b2a5-ede4618c7fe8"}]}
2026-04-07 01:17:07.172 8 INFO neutron.services.segments.plugin [-] Segment 139f9cfc-a64c-4e6c-9628-825f06913da4 resource provider not found; error: Placement Client Error (4xx): {"errors": [{"status": 404, "title": "Not Found", "detail": "The resource could not be found.\n\n No resource provider with uuid 139f9cfc-a64c-4e6c-9628-825f06913da4 found for delete ", "request_id": "req-f8aaa5e6-77a6-4644-8b70-399f3ce021a9"}]}
2026-04-07 01:17:07.187 8 WARNING neutron.plugins.ml2.drivers.ovn.mech_driver.ovsdb.ovn_client [None req-cd9ee0ab-7677-4de5-b648-650f378f9f5f - - - - - -] No hosting information found for port f6560979-a496-4454-9c44-2e8da0d63b2a: RuntimeError: No hosting information found for port f6560979-a496-4454-9c44-2e8da0d63b2a
2026-04-07 01:17:07.202 7 INFO neutron.db.ovn_revision_numbers_db [None req-ba26f503-eaec-47cd-8f7c-2fd8bc355dd9 b5512a9821274853a503f2da6cba5b3a 62c19d12050e4445b1ab5f9491dde449 - - default default] Successfully bumped revision number for resource 3f1291f8-8d91-4191-9dfe-e041340b1f01 (type: ports) to 1 [pid: 7|app: 0|req: 1179/2478] 10.0.0.14 () {34 vars in 668 bytes} [Tue Apr 7 01:17:06 2026] POST /v2.0/networks => generated 669 bytes in 534 msecs (HTTP/1.1 201) 4 headers in 162 bytes (1 switches on core 0) [pid: 8|app: 0|req: 1300/2479] 10.0.0.14 () {32 vars in 738 bytes} [Tue Apr 7 01:17:04 2026] DELETE /v2.0/vpn/vpnservices/66c5a3da-0f64-4fc7-b36d-39aa882c797a => generated 0 bytes in 2401 msecs (HTTP/1.1 204) 2 headers in 112 bytes (1 switches on core 0) /var/lib/openstack/lib/python3.12/site-packages/pycadf/identifier.py:70: UserWarning: Invalid uuid: neutron. To ensure interoperability, identifiers should be a valid uuid. warnings.warn(('Invalid uuid: %s. To ensure interoperability, ' [pid: 7|app: 0|req: 1180/2480] 199.204.45.246 () {34 vars in 1051 bytes} [Tue Apr 7 01:17:07 2026] GET /v2.0/ports?network_id=4fd32398-ee17-4da7-adac-e00ae1bfbb0c&device_owner=network%3Adhcp => generated 12 bytes in 22 msecs (HTTP/1.1 200) 4 headers in 156 bytes (1 switches on core 0) [pid: 8|app: 0|req: 1301/2481] 10.0.0.22 () {34 vars in 1038 bytes} [Tue Apr 7 01:17:07 2026] GET /v2.0/security-groups?id=ed5dc233-31b3-445b-a137-31c962720799&fields=id&fields=name => generated 111 bytes in 81 msecs (HTTP/1.1 200) 4 headers in 157 bytes (1 switches on core 0)
2026-04-07 01:17:07.354 8 INFO neutron.db.ovn_revision_numbers_db [None req-cd9ee0ab-7677-4de5-b648-650f378f9f5f - - - - - -] Successfully bumped revision number for resource f6560979-a496-4454-9c44-2e8da0d63b2a (type: router_ports) to 2
2026-04-07 01:17:07.358 8 INFO neutron.plugins.ml2.drivers.ovn.mech_driver.mech_driver [None req-cd9ee0ab-7677-4de5-b648-650f378f9f5f - - - - - -] OVN reports status down for port: 37df9174-8cb6-4f2c-9b3c-319b96309ef0 [pid: 8|app: 0|req: 1302/2482] 10.0.0.114 () {28 vars in 590 bytes} [Tue Apr 7 01:17:07 2026] GET /v2.0/subnetpools => generated 19 bytes in 12 msecs (HTTP/1.1 200) 4 headers in 156 bytes (1 switches on core 0)
2026-04-07 01:17:07.374 8 INFO neutron.plugins.ml2.drivers.ovn.mech_driver.mech_driver [None req-cd9ee0ab-7677-4de5-b648-650f378f9f5f - - - - - -] OVN reports status down for port: 7c63de80-82c0-4aa6-b4b0-cf459c80cbd0
2026-04-07 01:17:07.385 8 INFO neutron.plugins.ml2.drivers.ovn.mech_driver.mech_driver [None req-cd9ee0ab-7677-4de5-b648-650f378f9f5f - - - - - -] OVN reports status down for port: 572fc5a7-890d-4180-b9de-98b160f2175c [pid: 8|app: 0|req: 1303/2483] 10.0.0.14 () {34 vars in 751 bytes} [Tue Apr 7 01:17:07 2026] PUT /v2.0/networks/466e030e-ba36-4812-b6b1-ce8fd2dc0a66/tags => generated 17 bytes in 96 msecs (HTTP/1.1 200) 4 headers in 156 bytes (1 switches on core 0) [pid: 7|app: 0|req: 1181/2484] 10.0.0.14 () {34 vars in 664 bytes} [Tue Apr 7 01:17:07 2026] POST /v2.0/trunks => generated 409 bytes in 233 msecs (HTTP/1.1 201) 4 headers in 162 bytes (1 switches on core 0)
2026-04-07 01:17:07.549 8 INFO neutron.plugins.ml2.drivers.ovn.mech_driver.mech_driver [None req-cd9ee0ab-7677-4de5-b648-650f378f9f5f - - - - - -] OVN reports status down for port: 3bb21371-54e5-45ce-bd56-8d86132310dc [pid: 7|app: 0|req: 1182/2485] 199.204.45.246 () {34 vars in 1011 bytes} [Tue Apr 7 01:17:07 2026] GET /v2.0/networks/4fd32398-ee17-4da7-adac-e00ae1bfbb0c?fields=segments => generated 14 bytes in 40 msecs (HTTP/1.1 200) 4 headers in 156 bytes (1 switches on core 0) [pid: 8|app: 0|req: 1304/2486] 10.0.0.14 () {34 vars in 691 bytes} [Tue Apr 7 01:17:07 2026] POST /v2.0/vpn/endpoint-groups => generated 302 bytes in 134 msecs (HTTP/1.1 201) 4 headers in 162 bytes (1 switches on core 0) [pid: 7|app: 0|req: 1183/2487] 10.0.0.114 () {28 vars in 582 bytes} [Tue Apr 7 01:17:07 2026] GET /v2.0/routers => generated 2965 bytes in 90 msecs (HTTP/1.1 200) 4 headers in 158 bytes (1 switches on core 0)
2026-04-07 01:17:07.646 8 INFO neutron.plugins.ml2.drivers.ovn.mech_driver.mech_driver [None req-cd9ee0ab-7677-4de5-b648-650f378f9f5f - - - - - -] OVN reports status down for port: 4665bd3b-a4f5-454e-8283-b4f8f3198c69 [pid: 8|app: 0|req: 1305/2488] 10.0.0.14 () {34 vars in 751 bytes} [Tue Apr 7 01:17:07 2026] PUT /v2.0/networks/0b67789e-b0a7-4a57-99cf-2cb8a30a6339/tags => generated 25 bytes in 97 msecs (HTTP/1.1 200) 4 headers in 156 bytes (1 switches on core 0)
2026-04-07 01:17:07.744 8 INFO neutron.plugins.ml2.drivers.ovn.mech_driver.mech_driver [None req-cd9ee0ab-7677-4de5-b648-650f378f9f5f - - - - - -] OVN reports status down for port: 3f1291f8-8d91-4191-9dfe-e041340b1f01
2026-04-07 01:17:07.759 7 INFO neutron.db.segments_db [None req-769be745-fd24-4e7e-bffc-1cab3b804e45 fafb3da1aab745e3b3ac88393641827c a110b4ba0f2545aea1d6c2dda0518a21 - - default default] Added segment 0eab6347-1f96-4642-be89-00b204b2e608 of type geneve for network c7ceecd2-89ea-4653-bd39-652d556e6bd0 [pid: 8|app: 0|req: 1306/2489] 199.204.45.246 () {34 vars in 1111 bytes} [Tue Apr 7 01:17:07 2026] GET /v2.0/networks/4fd32398-ee17-4da7-adac-e00ae1bfbb0c?fields=provider%3Aphysical_network&fields=provider%3Anetwork_type => generated 79 bytes in 73 msecs (HTTP/1.1 200) 4 headers in 156 bytes (1 switches on core 0) [pid: 8|app: 0|req: 1307/2490] 10.0.0.14 () {34 vars in 691 bytes} [Tue Apr 7 01:17:07 2026] POST /v2.0/vpn/endpoint-groups => generated 294 bytes in 64 msecs (HTTP/1.1 201) 4 headers in 162 bytes (1 switches on core 0) [pid: 8|app: 0|req: 1308/2491] 10.0.0.114 () {28 vars in 623 bytes} [Tue Apr 7 01:17:07 2026] GET /v2.0/agents?binary=ovn-controller => generated 416 bytes in 14 msecs (HTTP/1.1 200) 4 headers in 157 bytes (1 switches on core 0)
