2026-05-08 15:52:01.033 8 INFO cinder.api.openstack.wsgi [None req-fc730e0d-fcb5-4b03-83dd-b71950b2a0ce dcd15c2d225c454f9d4b5206428ce4fe d3b904c276044601aee073b56c39ea8b - - default default] http://cinder-api.openstack.svc.cluster.local:8776/v3/d3b904c276044601aee073b56c39ea8b/os-quota-sets/04a517ef34244764b2bded88e17ac5b3?usage=true returned with HTTP 200 [pid: 8|app: 0|req: 390/782] 10.0.0.123 () {28 vars in 736 bytes} [Fri May 8 15:52:01 2026] GET /v3/d3b904c276044601aee073b56c39ea8b/os-quota-sets/04a517ef34244764b2bded88e17ac5b3?usage=true => generated 847 bytes in 26 msecs (HTTP/1.1 200) 7 headers in 285 bytes (1 switches on core 0)
2026-05-08 15:52:01.044 7 INFO cinder.api.openstack.wsgi [None req-24a4c766-5d56-42da-bb8e-cfec2cffab79 dcd15c2d225c454f9d4b5206428ce4fe d3b904c276044601aee073b56c39ea8b - - default default] GET http://cinder-api.openstack.svc.cluster.local:8776/v3/d3b904c276044601aee073b56c39ea8b/os-quota-sets/089088acf8be48c09c080ffbd0d7474b?usage=true
2026-05-08 15:52:01.071 7 INFO cinder.api.openstack.wsgi [None req-24a4c766-5d56-42da-bb8e-cfec2cffab79 dcd15c2d225c454f9d4b5206428ce4fe d3b904c276044601aee073b56c39ea8b - - default default] http://cinder-api.openstack.svc.cluster.local:8776/v3/d3b904c276044601aee073b56c39ea8b/os-quota-sets/089088acf8be48c09c080ffbd0d7474b?usage=true returned with HTTP 200 [pid: 7|app: 0|req: 393/783] 10.0.0.123 () {28 vars in 736 bytes} [Fri May 8 15:52:01 2026] GET /v3/d3b904c276044601aee073b56c39ea8b/os-quota-sets/089088acf8be48c09c080ffbd0d7474b?usage=true => generated 845 bytes in 34 msecs (HTTP/1.1 200) 7 headers in 285 bytes (1 switches on core 0)
2026-05-08 15:52:01.086 8 INFO cinder.api.openstack.wsgi [None req-238b4959-4942-4a7b-b57b-e01c24f29e02 dcd15c2d225c454f9d4b5206428ce4fe d3b904c276044601aee073b56c39ea8b - - default default] GET http://cinder-api.openstack.svc.cluster.local:8776/v3/d3b904c276044601aee073b56c39ea8b/os-quota-sets/41efd672fd3e4e55a90cf454eaa519f6?usage=true
2026-05-08 15:52:01.110 8 INFO cinder.api.openstack.wsgi [None req-238b4959-4942-4a7b-b57b-e01c24f29e02 dcd15c2d225c454f9d4b5206428ce4fe d3b904c276044601aee073b56c39ea8b - - default default] http://cinder-api.openstack.svc.cluster.local:8776/v3/d3b904c276044601aee073b56c39ea8b/os-quota-sets/41efd672fd3e4e55a90cf454eaa519f6?usage=true returned with HTTP 200 [pid: 8|app: 0|req: 391/784] 10.0.0.123 () {28 vars in 736 bytes} [Fri May 8 15:52:01 2026] GET /v3/d3b904c276044601aee073b56c39ea8b/os-quota-sets/41efd672fd3e4e55a90cf454eaa519f6?usage=true => generated 847 bytes in 33 msecs (HTTP/1.1 200) 7 headers in 285 bytes (1 switches on core 0)
2026-05-08 15:52:01.122 7 INFO cinder.api.openstack.wsgi [None req-75ae8d61-bb0f-4c1a-a2a3-e1c9bba64460 dcd15c2d225c454f9d4b5206428ce4fe d3b904c276044601aee073b56c39ea8b - - default default] GET http://cinder-api.openstack.svc.cluster.local:8776/v3/d3b904c276044601aee073b56c39ea8b/os-quota-sets/9c377ccd4c394f5b8b75a9aa98f7fa28?usage=true
2026-05-08 15:52:01.150 7 INFO cinder.api.openstack.wsgi [None req-75ae8d61-bb0f-4c1a-a2a3-e1c9bba64460 dcd15c2d225c454f9d4b5206428ce4fe d3b904c276044601aee073b56c39ea8b - - default default] http://cinder-api.openstack.svc.cluster.local:8776/v3/d3b904c276044601aee073b56c39ea8b/os-quota-sets/9c377ccd4c394f5b8b75a9aa98f7fa28?usage=true returned with HTTP 200 [pid: 7|app: 0|req: 394/785] 10.0.0.123 () {28 vars in 736 bytes} [Fri May 8 15:52:01 2026] GET /v3/d3b904c276044601aee073b56c39ea8b/os-quota-sets/9c377ccd4c394f5b8b75a9aa98f7fa28?usage=true => generated 847 bytes in 35 msecs (HTTP/1.1 200) 7 headers in 285 bytes (1 switches on core 0)
2026-05-08 15:52:01.161 8 INFO cinder.api.openstack.wsgi [None req-c59f6784-3516-4944-ad74-18924373051d dcd15c2d225c454f9d4b5206428ce4fe d3b904c276044601aee073b56c39ea8b - - default default] GET http://cinder-api.openstack.svc.cluster.local:8776/v3/d3b904c276044601aee073b56c39ea8b/os-quota-sets/d3b904c276044601aee073b56c39ea8b?usage=true
2026-05-08 15:52:01.183 8 INFO cinder.api.openstack.wsgi [None req-c59f6784-3516-4944-ad74-18924373051d dcd15c2d225c454f9d4b5206428ce4fe d3b904c276044601aee073b56c39ea8b - - default default] http://cinder-api.openstack.svc.cluster.local:8776/v3/d3b904c276044601aee073b56c39ea8b/os-quota-sets/d3b904c276044601aee073b56c39ea8b?usage=true returned with HTTP 200 [pid: 8|app: 0|req: 392/786] 10.0.0.123 () {28 vars in 736 bytes} [Fri May 8 15:52:01 2026] GET /v3/d3b904c276044601aee073b56c39ea8b/os-quota-sets/d3b904c276044601aee073b56c39ea8b?usage=true => generated 845 bytes in 29 msecs (HTTP/1.1 200) 7 headers in 285 bytes (1 switches on core 0)
2026-05-08 15:52:01.197 7 INFO cinder.api.openstack.wsgi [None req-ddf256cc-b091-48fb-b179-e7a90f87ce96 dcd15c2d225c454f9d4b5206428ce4fe d3b904c276044601aee073b56c39ea8b - - default default] GET http://cinder-api.openstack.svc.cluster.local:8776/v3/d3b904c276044601aee073b56c39ea8b/os-quota-sets/d7f56597c36f48249bbf9b1e641f3ee4?usage=true
2026-05-08 15:52:01.216 7 INFO cinder.api.openstack.wsgi [None req-ddf256cc-b091-48fb-b179-e7a90f87ce96 dcd15c2d225c454f9d4b5206428ce4fe d3b904c276044601aee073b56c39ea8b - - default default] http://cinder-api.openstack.svc.cluster.local:8776/v3/d3b904c276044601aee073b56c39ea8b/os-quota-sets/d7f56597c36f48249bbf9b1e641f3ee4?usage=true returned with HTTP 200 [pid: 7|app: 0|req: 395/787] 10.0.0.123 () {28 vars in 736 bytes} [Fri May 8 15:52:01 2026] GET /v3/d3b904c276044601aee073b56c39ea8b/os-quota-sets/d7f56597c36f48249bbf9b1e641f3ee4?usage=true => generated 847 bytes in 30 msecs (HTTP/1.1 200) 7 headers in 285 bytes (1 switches on core 0)
2026-05-08 15:52:01.229 8 INFO cinder.api.openstack.wsgi [None req-0660b6bf-96dc-42df-968d-bc42abd7dc54 dcd15c2d225c454f9d4b5206428ce4fe d3b904c276044601aee073b56c39ea8b - - default default] GET http://cinder-api.openstack.svc.cluster.local:8776/v3/d3b904c276044601aee073b56c39ea8b/os-services
2026-05-08 15:52:01.236 8 INFO cinder.api.openstack.wsgi [None req-0660b6bf-96dc-42df-968d-bc42abd7dc54 dcd15c2d225c454f9d4b5206428ce4fe d3b904c276044601aee073b56c39ea8b - - default default] http://cinder-api.openstack.svc.cluster.local:8776/v3/d3b904c276044601aee073b56c39ea8b/os-services returned with HTTP 200 [pid: 8|app: 0|req: 393/788] 10.0.0.123 () {28 vars in 645 bytes} [Fri May 8 15:52:01 2026] GET /v3/d3b904c276044601aee073b56c39ea8b/os-services => generated 646 bytes in 15 msecs (HTTP/1.1 200) 7 headers in 285 bytes (1 switches on core 0)
2026-05-08 15:52:01.249 7 INFO cinder.api.openstack.wsgi [None req-cc817a8a-03f2-47c5-a3f6-f781995e0ec5 dcd15c2d225c454f9d4b5206428ce4fe d3b904c276044601aee073b56c39ea8b - - default default] GET http://cinder-api.openstack.svc.cluster.local:8776/v3/d3b904c276044601aee073b56c39ea8b/scheduler-stats/get_pools?detail=true
2026-05-08 15:52:01.753 7 INFO cinder.api.openstack.wsgi [None req-cc817a8a-03f2-47c5-a3f6-f781995e0ec5 dcd15c2d225c454f9d4b5206428ce4fe d3b904c276044601aee073b56c39ea8b - - default default] http://cinder-api.openstack.svc.cluster.local:8776/v3/d3b904c276044601aee073b56c39ea8b/scheduler-stats/get_pools?detail=true returned with HTTP 200 [pid: 7|app: 0|req: 396/789] 10.0.0.123 () {28 vars in 696 bytes} [Fri May 8 15:52:01 2026] GET /v3/d3b904c276044601aee073b56c39ea8b/scheduler-stats/get_pools?detail=true => generated 670 bytes in 513 msecs (HTTP/1.1 200) 7 headers in 285 bytes (1 switches on core 0)
2026-05-08 15:52:07.246 8 INFO cinder.api.openstack.wsgi [None req-e73c270b-d1e6-41c0-bec6-8af8dcf5fd2f b74b37b933ef4654bf37d1a324da32fb 04a517ef34244764b2bded88e17ac5b3 - - default default] POST http://cinder-api.openstack.svc.cluster.local:8776/v3/04a517ef34244764b2bded88e17ac5b3/volumes
2026-05-08 15:52:07.821 7 INFO cinder.api.openstack.wsgi [None req-cc817a8a-03f2-47c5-a3f6-f781995e0ec5 dcd15c2d225c454f9d4b5206428ce4fe d3b904c276044601aee073b56c39ea8b - - default default] GET http://10.0.0.129:8776/
2026-05-08 15:52:07.822 7 INFO cinder.api.openstack.wsgi [None req-cc817a8a-03f2-47c5-a3f6-f781995e0ec5 dcd15c2d225c454f9d4b5206428ce4fe d3b904c276044601aee073b56c39ea8b - - default default] http://10.0.0.129:8776/ returned with HTTP 300
2026-05-08 15:52:07.822 7 INFO cinder.api.openstack.wsgi [None req-cc817a8a-03f2-47c5-a3f6-f781995e0ec5 dcd15c2d225c454f9d4b5206428ce4fe d3b904c276044601aee073b56c39ea8b - - default default] GET http://10.0.0.129:8776/
2026-05-08 15:52:07.823 7 INFO cinder.api.openstack.wsgi [None req-cc817a8a-03f2-47c5-a3f6-f781995e0ec5 dcd15c2d225c454f9d4b5206428ce4fe d3b904c276044601aee073b56c39ea8b - - default default] http://10.0.0.129:8776/ returned with HTTP 300
2026-05-08 15:52:07.931 8 INFO cinder.api.v3.volumes [None req-e73c270b-d1e6-41c0-bec6-8af8dcf5fd2f b74b37b933ef4654bf37d1a324da32fb 04a517ef34244764b2bded88e17ac5b3 - - default default] Create volume of 1 GB
2026-05-08 15:52:07.952 8 INFO cinder.volume.api [None req-e73c270b-d1e6-41c0-bec6-8af8dcf5fd2f b74b37b933ef4654bf37d1a324da32fb 04a517ef34244764b2bded88e17ac5b3 - - default default] Availability Zones retrieved successfully.
2026-05-08 15:52:08.316 8 INFO cinder.volume.api [None req-e73c270b-d1e6-41c0-bec6-8af8dcf5fd2f b74b37b933ef4654bf37d1a324da32fb 04a517ef34244764b2bded88e17ac5b3 - - default default] Create volume request issued successfully.
2026-05-08 15:52:08.318 8 INFO cinder.api.openstack.wsgi [None req-e73c270b-d1e6-41c0-bec6-8af8dcf5fd2f b74b37b933ef4654bf37d1a324da32fb 04a517ef34244764b2bded88e17ac5b3 - - default default] http://cinder-api.openstack.svc.cluster.local:8776/v3/04a517ef34244764b2bded88e17ac5b3/volumes returned with HTTP 202 [pid: 8|app: 0|req: 394/792] 10.0.0.200 () {34 vars in 723 bytes} [Fri May 8 15:52:07 2026] POST /v3/04a517ef34244764b2bded88e17ac5b3/volumes => generated 864 bytes in 1078 msecs (HTTP/1.1 202) 7 headers in 291 bytes (1 switches on core 0)
2026-05-08 15:52:08.346 7 INFO cinder.api.openstack.wsgi [None req-47e60a24-b337-46de-9848-ed644af8891b b74b37b933ef4654bf37d1a324da32fb 04a517ef34244764b2bded88e17ac5b3 - - default default] GET http://cinder-api.openstack.svc.cluster.local:8776/v3/04a517ef34244764b2bded88e17ac5b3/volumes/96538702-05b4-4667-8396-9b1b6807ae50 /var/lib/openstack/lib/python3.12/site-packages/oslo_context/context.py:101: DeprecationWarning: Policy enforcement is depending on the value of is_admin. This key is deprecated. Please update your policy file to use the standard policy values. warnings.warn(
2026-05-08 15:52:08.401 7 INFO cinder.volume.api [None req-47e60a24-b337-46de-9848-ed644af8891b b74b37b933ef4654bf37d1a324da32fb 04a517ef34244764b2bded88e17ac5b3 - - default default] Volume info retrieved successfully.
2026-05-08 15:52:08.415 7 INFO cinder.api.openstack.wsgi [None req-47e60a24-b337-46de-9848-ed644af8891b b74b37b933ef4654bf37d1a324da32fb 04a517ef34244764b2bded88e17ac5b3 - - default default] http://cinder-api.openstack.svc.cluster.local:8776/v3/04a517ef34244764b2bded88e17ac5b3/volumes/96538702-05b4-4667-8396-9b1b6807ae50 returned with HTTP 200 [pid: 7|app: 0|req: 399/793] 10.0.0.200 () {32 vars in 775 bytes} [Fri May 8 15:52:08 2026] GET /v3/04a517ef34244764b2bded88e17ac5b3/volumes/96538702-05b4-4667-8396-9b1b6807ae50 => generated 932 bytes in 78 msecs (HTTP/1.1 200) 7 headers in 285 bytes (1 switches on core 0) /var/lib/openstack/lib/python3.12/site-packages/pycadf/identifier.py:70: UserWarning: Invalid uuid: cinderv3. To ensure interoperability, identifiers should be a valid uuid. warnings.warn(('Invalid uuid: %s. To ensure interoperability, '
2026-05-08 15:52:09.436 8 INFO cinder.api.openstack.wsgi [None req-2283a6fd-4194-4b58-b028-9b10bc6bbe69 b74b37b933ef4654bf37d1a324da32fb 04a517ef34244764b2bded88e17ac5b3 - - default default] GET http://cinder-api.openstack.svc.cluster.local:8776/v3/04a517ef34244764b2bded88e17ac5b3/volumes/96538702-05b4-4667-8396-9b1b6807ae50 /var/lib/openstack/lib/python3.12/site-packages/oslo_context/context.py:101: DeprecationWarning: Policy enforcement is depending on the value of is_admin. This key is deprecated. Please update your policy file to use the standard policy values. warnings.warn(
2026-05-08 15:52:09.454 8 INFO cinder.volume.api [None req-2283a6fd-4194-4b58-b028-9b10bc6bbe69 b74b37b933ef4654bf37d1a324da32fb 04a517ef34244764b2bded88e17ac5b3 - - default default] Volume info retrieved successfully.
2026-05-08 15:52:09.461 8 INFO cinder.api.openstack.wsgi [None req-2283a6fd-4194-4b58-b028-9b10bc6bbe69 b74b37b933ef4654bf37d1a324da32fb 04a517ef34244764b2bded88e17ac5b3 - - default default] http://cinder-api.openstack.svc.cluster.local:8776/v3/04a517ef34244764b2bded88e17ac5b3/volumes/96538702-05b4-4667-8396-9b1b6807ae50 returned with HTTP 200 [pid: 8|app: 0|req: 395/794] 10.0.0.200 () {32 vars in 775 bytes} [Fri May 8 15:52:09 2026] GET /v3/04a517ef34244764b2bded88e17ac5b3/volumes/96538702-05b4-4667-8396-9b1b6807ae50 => generated 956 bytes in 32 msecs (HTTP/1.1 200) 7 headers in 285 bytes (1 switches on core 0) /var/lib/openstack/lib/python3.12/site-packages/pycadf/identifier.py:70: UserWarning: Invalid uuid: cinderv3. To ensure interoperability, identifiers should be a valid uuid. warnings.warn(('Invalid uuid: %s. To ensure interoperability, '
2026-05-08 15:52:10.481 7 INFO cinder.api.openstack.wsgi [None req-92fa9b85-3a6b-43b2-9c17-553f488805db b74b37b933ef4654bf37d1a324da32fb 04a517ef34244764b2bded88e17ac5b3 - - default default] GET http://cinder-api.openstack.svc.cluster.local:8776/v3/04a517ef34244764b2bded88e17ac5b3/volumes/96538702-05b4-4667-8396-9b1b6807ae50 /var/lib/openstack/lib/python3.12/site-packages/oslo_context/context.py:101: DeprecationWarning: Policy enforcement is depending on the value of is_admin. This key is deprecated. Please update your policy file to use the standard policy values. warnings.warn(
2026-05-08 15:52:10.504 7 INFO cinder.volume.api [None req-92fa9b85-3a6b-43b2-9c17-553f488805db b74b37b933ef4654bf37d1a324da32fb 04a517ef34244764b2bded88e17ac5b3 - - default default] Volume info retrieved successfully.
2026-05-08 15:52:10.510 7 INFO cinder.api.openstack.wsgi [None req-92fa9b85-3a6b-43b2-9c17-553f488805db b74b37b933ef4654bf37d1a324da32fb 04a517ef34244764b2bded88e17ac5b3 - - default default] http://cinder-api.openstack.svc.cluster.local:8776/v3/04a517ef34244764b2bded88e17ac5b3/volumes/96538702-05b4-4667-8396-9b1b6807ae50 returned with HTTP 200 [pid: 7|app: 0|req: 400/795] 10.0.0.200 () {32 vars in 775 bytes} [Fri May 8 15:52:10 2026] GET /v3/04a517ef34244764b2bded88e17ac5b3/volumes/96538702-05b4-4667-8396-9b1b6807ae50 => generated 956 bytes in 34 msecs (HTTP/1.1 200) 7 headers in 285 bytes (1 switches on core 0) /var/lib/openstack/lib/python3.12/site-packages/pycadf/identifier.py:70: UserWarning: Invalid uuid: cinderv3. To ensure interoperability, identifiers should be a valid uuid. warnings.warn(('Invalid uuid: %s. To ensure interoperability, '
2026-05-08 15:52:11.527 8 INFO cinder.api.openstack.wsgi [None req-8a60ef78-1776-475e-a755-c0ac9eb6429f b74b37b933ef4654bf37d1a324da32fb 04a517ef34244764b2bded88e17ac5b3 - - default default] GET http://cinder-api.openstack.svc.cluster.local:8776/v3/04a517ef34244764b2bded88e17ac5b3/volumes/96538702-05b4-4667-8396-9b1b6807ae50 /var/lib/openstack/lib/python3.12/site-packages/oslo_context/context.py:101: DeprecationWarning: Policy enforcement is depending on the value of is_admin. This key is deprecated. Please update your policy file to use the standard policy values. warnings.warn(
2026-05-08 15:52:11.546 8 INFO cinder.volume.api [None req-8a60ef78-1776-475e-a755-c0ac9eb6429f b74b37b933ef4654bf37d1a324da32fb 04a517ef34244764b2bded88e17ac5b3 - - default default] Volume info retrieved successfully.
2026-05-08 15:52:11.553 8 INFO cinder.api.openstack.wsgi [None req-8a60ef78-1776-475e-a755-c0ac9eb6429f b74b37b933ef4654bf37d1a324da32fb 04a517ef34244764b2bded88e17ac5b3 - - default default] http://cinder-api.openstack.svc.cluster.local:8776/v3/04a517ef34244764b2bded88e17ac5b3/volumes/96538702-05b4-4667-8396-9b1b6807ae50 returned with HTTP 200 [pid: 8|app: 0|req: 396/796] 10.0.0.200 () {32 vars in 775 bytes} [Fri May 8 15:52:11 2026] GET /v3/04a517ef34244764b2bded88e17ac5b3/volumes/96538702-05b4-4667-8396-9b1b6807ae50 => generated 1341 bytes in 32 msecs (HTTP/1.1 200) 7 headers in 286 bytes (1 switches on core 0) /var/lib/openstack/lib/python3.12/site-packages/pycadf/identifier.py:70: UserWarning: Invalid uuid: cinderv3. To ensure interoperability, identifiers should be a valid uuid. warnings.warn(('Invalid uuid: %s. To ensure interoperability, '
2026-05-08 15:52:11.664 7 INFO cinder.api.openstack.wsgi [req-a0c5eeb4-26a7-4a9c-b0ab-91dd2282b2ad req-b1edc52a-efed-47fb-99a5-e943732c6b50 b74b37b933ef4654bf37d1a324da32fb 04a517ef34244764b2bded88e17ac5b3 - - default default] GET http://cinder-api.openstack.svc.cluster.local:8776/v3/04a517ef34244764b2bded88e17ac5b3/volumes/96538702-05b4-4667-8396-9b1b6807ae50 /var/lib/openstack/lib/python3.12/site-packages/oslo_context/context.py:101: DeprecationWarning: Policy enforcement is depending on the value of is_admin. This key is deprecated. Please update your policy file to use the standard policy values. warnings.warn(
2026-05-08 15:52:11.683 7 INFO cinder.volume.api [req-a0c5eeb4-26a7-4a9c-b0ab-91dd2282b2ad req-b1edc52a-efed-47fb-99a5-e943732c6b50 b74b37b933ef4654bf37d1a324da32fb 04a517ef34244764b2bded88e17ac5b3 - - default default] Volume info retrieved successfully.
2026-05-08 15:52:11.696 7 INFO cinder.api.openstack.wsgi [req-a0c5eeb4-26a7-4a9c-b0ab-91dd2282b2ad req-b1edc52a-efed-47fb-99a5-e943732c6b50 b74b37b933ef4654bf37d1a324da32fb 04a517ef34244764b2bded88e17ac5b3 - - default default] http://cinder-api.openstack.svc.cluster.local:8776/v3/04a517ef34244764b2bded88e17ac5b3/volumes/96538702-05b4-4667-8396-9b1b6807ae50 returned with HTTP 200 [pid: 7|app: 0|req: 401/797] 10.0.0.167 () {34 vars in 1028 bytes} [Fri May 8 15:52:11 2026] GET /v3/04a517ef34244764b2bded88e17ac5b3/volumes/96538702-05b4-4667-8396-9b1b6807ae50 => generated 1341 bytes in 39 msecs (HTTP/1.1 200) 7 headers in 286 bytes (1 switches on core 0) /var/lib/openstack/lib/python3.12/site-packages/pycadf/identifier.py:70: UserWarning: Invalid uuid: cinderv3. To ensure interoperability, identifiers should be a valid uuid. warnings.warn(('Invalid uuid: %s. To ensure interoperability, '
2026-05-08 15:52:12.420 8 INFO cinder.api.openstack.wsgi [req-a0c5eeb4-26a7-4a9c-b0ab-91dd2282b2ad req-335356f4-0f53-418c-84a1-73ccbb547ed6 b74b37b933ef4654bf37d1a324da32fb 04a517ef34244764b2bded88e17ac5b3 - - default default] GET http://cinder-api.openstack.svc.cluster.local:8776/v3/04a517ef34244764b2bded88e17ac5b3/volumes/96538702-05b4-4667-8396-9b1b6807ae50 /var/lib/openstack/lib/python3.12/site-packages/oslo_context/context.py:101: DeprecationWarning: Policy enforcement is depending on the value of is_admin. This key is deprecated. Please update your policy file to use the standard policy values. warnings.warn(
2026-05-08 15:52:12.435 8 INFO cinder.volume.api [req-a0c5eeb4-26a7-4a9c-b0ab-91dd2282b2ad req-335356f4-0f53-418c-84a1-73ccbb547ed6 b74b37b933ef4654bf37d1a324da32fb 04a517ef34244764b2bded88e17ac5b3 - - default default] Volume info retrieved successfully.
2026-05-08 15:52:12.443 8 INFO cinder.api.openstack.wsgi [req-a0c5eeb4-26a7-4a9c-b0ab-91dd2282b2ad req-335356f4-0f53-418c-84a1-73ccbb547ed6 b74b37b933ef4654bf37d1a324da32fb 04a517ef34244764b2bded88e17ac5b3 - - default default] http://cinder-api.openstack.svc.cluster.local:8776/v3/04a517ef34244764b2bded88e17ac5b3/volumes/96538702-05b4-4667-8396-9b1b6807ae50 returned with HTTP 200 [pid: 8|app: 0|req: 397/798] 10.0.0.167 () {34 vars in 1028 bytes} [Fri May 8 15:52:12 2026] GET /v3/04a517ef34244764b2bded88e17ac5b3/volumes/96538702-05b4-4667-8396-9b1b6807ae50 => generated 1341 bytes in 32 msecs (HTTP/1.1 200) 7 headers in 286 bytes (1 switches on core 0)
2026-05-08 15:52:12.456 7 INFO cinder.api.openstack.wsgi [req-a0c5eeb4-26a7-4a9c-b0ab-91dd2282b2ad req-b1edc52a-efed-47fb-99a5-e943732c6b50 b74b37b933ef4654bf37d1a324da32fb 04a517ef34244764b2bded88e17ac5b3 - - default default] GET http://cinder-api.openstack.svc.cluster.local:8776/
2026-05-08 15:52:12.458 7 INFO cinder.api.openstack.wsgi [req-a0c5eeb4-26a7-4a9c-b0ab-91dd2282b2ad req-b1edc52a-efed-47fb-99a5-e943732c6b50 b74b37b933ef4654bf37d1a324da32fb 04a517ef34244764b2bded88e17ac5b3 - - default default] http://cinder-api.openstack.svc.cluster.local:8776/ returned with HTTP 300 [pid: 7|app: 0|req: 402/799] 10.0.0.167 () {32 vars in 829 bytes} [Fri May 8 15:52:12 2026] GET / => generated 411 bytes in 7 msecs (HTTP/1.1 300) 5 headers in 169 bytes (1 switches on core 0) /var/lib/openstack/lib/python3.12/site-packages/pycadf/identifier.py:70: UserWarning: Invalid uuid: cinderv3. To ensure interoperability, identifiers should be a valid uuid. warnings.warn(('Invalid uuid: %s. To ensure interoperability, '
2026-05-08 15:52:12.479 8 INFO cinder.api.openstack.wsgi [req-a0c5eeb4-26a7-4a9c-b0ab-91dd2282b2ad req-20385d65-18d4-449a-a95d-20191f33033a b74b37b933ef4654bf37d1a324da32fb 04a517ef34244764b2bded88e17ac5b3 - - default default] POST http://cinder-api.openstack.svc.cluster.local:8776/v3/04a517ef34244764b2bded88e17ac5b3/attachments /var/lib/openstack/lib/python3.12/site-packages/oslo_context/context.py:101: DeprecationWarning: Policy enforcement is depending on the value of is_admin. This key is deprecated. Please update your policy file to use the standard policy values. warnings.warn(
2026-05-08 15:52:12.546 8 INFO cinder.api.openstack.wsgi [req-a0c5eeb4-26a7-4a9c-b0ab-91dd2282b2ad req-20385d65-18d4-449a-a95d-20191f33033a b74b37b933ef4654bf37d1a324da32fb 04a517ef34244764b2bded88e17ac5b3 - - default default] http://cinder-api.openstack.svc.cluster.local:8776/v3/04a517ef34244764b2bded88e17ac5b3/attachments returned with HTTP 200 [pid: 8|app: 0|req: 398/800] 10.0.0.167 () {40 vars in 1057 bytes} [Fri May 8 15:52:12 2026] POST /v3/04a517ef34244764b2bded88e17ac5b3/attachments => generated 273 bytes in 76 msecs (HTTP/1.1 200) 7 headers in 286 bytes (1 switches on core 0)
2026-05-08 15:52:17.820 7 INFO cinder.api.openstack.wsgi [req-a0c5eeb4-26a7-4a9c-b0ab-91dd2282b2ad req-b1edc52a-efed-47fb-99a5-e943732c6b50 b74b37b933ef4654bf37d1a324da32fb 04a517ef34244764b2bded88e17ac5b3 - - default default] GET http://10.0.0.129:8776/
2026-05-08 15:52:17.821 7 INFO cinder.api.openstack.wsgi [req-a0c5eeb4-26a7-4a9c-b0ab-91dd2282b2ad req-b1edc52a-efed-47fb-99a5-e943732c6b50 b74b37b933ef4654bf37d1a324da32fb 04a517ef34244764b2bded88e17ac5b3 - - default default] http://10.0.0.129:8776/ returned with HTTP 300
2026-05-08 15:52:17.820 8 INFO cinder.api.openstack.wsgi [req-a0c5eeb4-26a7-4a9c-b0ab-91dd2282b2ad req-20385d65-18d4-449a-a95d-20191f33033a b74b37b933ef4654bf37d1a324da32fb 04a517ef34244764b2bded88e17ac5b3 - - default default] GET http://10.0.0.129:8776/
2026-05-08 15:52:17.823 8 INFO cinder.api.openstack.wsgi [req-a0c5eeb4-26a7-4a9c-b0ab-91dd2282b2ad req-20385d65-18d4-449a-a95d-20191f33033a b74b37b933ef4654bf37d1a324da32fb 04a517ef34244764b2bded88e17ac5b3 - - default default] http://10.0.0.129:8776/ returned with HTTP 300
2026-05-08 15:52:18.437 7 INFO cinder.api.openstack.wsgi [req-a0c5eeb4-26a7-4a9c-b0ab-91dd2282b2ad req-b1edc52a-efed-47fb-99a5-e943732c6b50 b74b37b933ef4654bf37d1a324da32fb 04a517ef34244764b2bded88e17ac5b3 - - default default] GET http://cinder-api.openstack.svc.cluster.local:8776/
2026-05-08 15:52:18.438 7 INFO cinder.api.openstack.wsgi [req-a0c5eeb4-26a7-4a9c-b0ab-91dd2282b2ad req-b1edc52a-efed-47fb-99a5-e943732c6b50 b74b37b933ef4654bf37d1a324da32fb 04a517ef34244764b2bded88e17ac5b3 - - default default] http://cinder-api.openstack.svc.cluster.local:8776/ returned with HTTP 300 [pid: 7|app: 0|req: 404/803] 199.204.45.72 () {32 vars in 839 bytes} [Fri May 8 15:52:18 2026] GET / => generated 411 bytes in 1 msecs (HTTP/1.1 300) 5 headers in 169 bytes (1 switches on core 0) /var/lib/openstack/lib/python3.12/site-packages/pycadf/identifier.py:70: UserWarning: Invalid uuid: cinderv3. To ensure interoperability, identifiers should be a valid uuid. warnings.warn(('Invalid uuid: %s. To ensure interoperability, '
2026-05-08 15:52:18.480 8 INFO cinder.api.openstack.wsgi [req-a0c5eeb4-26a7-4a9c-b0ab-91dd2282b2ad req-2bef2b36-32f7-4ecb-b328-9fc9cb95f655 b74b37b933ef4654bf37d1a324da32fb 04a517ef34244764b2bded88e17ac5b3 - - default default] GET http://cinder-api.openstack.svc.cluster.local:8776/v3/04a517ef34244764b2bded88e17ac5b3/volumes/96538702-05b4-4667-8396-9b1b6807ae50 /var/lib/openstack/lib/python3.12/site-packages/oslo_context/context.py:101: DeprecationWarning: Policy enforcement is depending on the value of is_admin. This key is deprecated. Please update your policy file to use the standard policy values. warnings.warn(
2026-05-08 15:52:18.501 8 INFO cinder.volume.api [req-a0c5eeb4-26a7-4a9c-b0ab-91dd2282b2ad req-2bef2b36-32f7-4ecb-b328-9fc9cb95f655 b74b37b933ef4654bf37d1a324da32fb 04a517ef34244764b2bded88e17ac5b3 - - default default] Volume info retrieved successfully.
2026-05-08 15:52:18.507 8 INFO cinder.api.openstack.wsgi [req-a0c5eeb4-26a7-4a9c-b0ab-91dd2282b2ad req-2bef2b36-32f7-4ecb-b328-9fc9cb95f655 b74b37b933ef4654bf37d1a324da32fb 04a517ef34244764b2bded88e17ac5b3 - - default default] http://cinder-api.openstack.svc.cluster.local:8776/v3/04a517ef34244764b2bded88e17ac5b3/volumes/96538702-05b4-4667-8396-9b1b6807ae50 returned with HTTP 200 [pid: 8|app: 0|req: 400/804] 199.204.45.72 () {36 vars in 1072 bytes} [Fri May 8 15:52:18 2026] GET /v3/04a517ef34244764b2bded88e17ac5b3/volumes/96538702-05b4-4667-8396-9b1b6807ae50 => generated 1521 bytes in 35 msecs (HTTP/1.1 200) 7 headers in 287 bytes (1 switches on core 0) /var/lib/openstack/lib/python3.12/site-packages/pycadf/identifier.py:70: UserWarning: Invalid uuid: cinderv3. To ensure interoperability, identifiers should be a valid uuid. warnings.warn(('Invalid uuid: %s. To ensure interoperability, '
2026-05-08 15:52:19.058 7 INFO cinder.api.openstack.wsgi [None req-b0c484a0-3ff2-4df0-8d33-9cfa4356db95 1d1b3466369343f882cc8adb6287f6ae 6e8d7d15c0b4420f95d4cfe0bf24113b - - default default] POST http://cinder-api.openstack.svc.cluster.local:8776/v3/6e8d7d15c0b4420f95d4cfe0bf24113b/volumes
2026-05-08 15:52:19.060 7 INFO cinder.api.v3.volumes [None req-b0c484a0-3ff2-4df0-8d33-9cfa4356db95 1d1b3466369343f882cc8adb6287f6ae 6e8d7d15c0b4420f95d4cfe0bf24113b - - default default] Create volume of 1 GB
2026-05-08 15:52:19.076 7 INFO cinder.volume.api [None req-b0c484a0-3ff2-4df0-8d33-9cfa4356db95 1d1b3466369343f882cc8adb6287f6ae 6e8d7d15c0b4420f95d4cfe0bf24113b - - default default] Availability Zones retrieved successfully.
2026-05-08 15:52:19.386 7 INFO cinder.volume.api [None req-b0c484a0-3ff2-4df0-8d33-9cfa4356db95 1d1b3466369343f882cc8adb6287f6ae 6e8d7d15c0b4420f95d4cfe0bf24113b - - default default] Create volume request issued successfully.
2026-05-08 15:52:19.386 7 INFO cinder.api.openstack.wsgi [None req-b0c484a0-3ff2-4df0-8d33-9cfa4356db95 1d1b3466369343f882cc8adb6287f6ae 6e8d7d15c0b4420f95d4cfe0bf24113b - - default default] http://cinder-api.openstack.svc.cluster.local:8776/v3/6e8d7d15c0b4420f95d4cfe0bf24113b/volumes returned with HTTP 202 [pid: 7|app: 0|req: 405/805] 10.0.0.200 () {34 vars in 722 bytes} [Fri May 8 15:52:18 2026] POST /v3/6e8d7d15c0b4420f95d4cfe0bf24113b/volumes => generated 861 bytes in 561 msecs (HTTP/1.1 202) 7 headers in 291 bytes (1 switches on core 0) /var/lib/openstack/lib/python3.12/site-packages/pycadf/identifier.py:70: UserWarning: Invalid uuid: cinderv3. To ensure interoperability, identifiers should be a valid uuid. warnings.warn(('Invalid uuid: %s. To ensure interoperability, '
2026-05-08 15:52:19.408 8 INFO cinder.api.openstack.wsgi [None req-5fe8da1d-c92f-42b7-8c8c-43e5a46ec45b 1d1b3466369343f882cc8adb6287f6ae 6e8d7d15c0b4420f95d4cfe0bf24113b - - default default] GET http://cinder-api.openstack.svc.cluster.local:8776/v3/6e8d7d15c0b4420f95d4cfe0bf24113b/volumes/644395bb-dcff-4e8e-8245-61b4b85786d9 /var/lib/openstack/lib/python3.12/site-packages/oslo_context/context.py:101: DeprecationWarning: Policy enforcement is depending on the value of is_admin. This key is deprecated. Please update your policy file to use the standard policy values. warnings.warn(
2026-05-08 15:52:19.421 8 INFO cinder.volume.api [None req-5fe8da1d-c92f-42b7-8c8c-43e5a46ec45b 1d1b3466369343f882cc8adb6287f6ae 6e8d7d15c0b4420f95d4cfe0bf24113b - - default default] Volume info retrieved successfully.
2026-05-08 15:52:19.427 8 INFO cinder.api.openstack.wsgi [None req-5fe8da1d-c92f-42b7-8c8c-43e5a46ec45b 1d1b3466369343f882cc8adb6287f6ae 6e8d7d15c0b4420f95d4cfe0bf24113b - - default default] http://cinder-api.openstack.svc.cluster.local:8776/v3/6e8d7d15c0b4420f95d4cfe0bf24113b/volumes/644395bb-dcff-4e8e-8245-61b4b85786d9 returned with HTTP 200 [pid: 8|app: 0|req: 401/806] 10.0.0.200 () {32 vars in 775 bytes} [Fri May 8 15:52:19 2026] GET /v3/6e8d7d15c0b4420f95d4cfe0bf24113b/volumes/644395bb-dcff-4e8e-8245-61b4b85786d9 => generated 929 bytes in 25 msecs (HTTP/1.1 200) 7 headers in 285 bytes (1 switches on core 0) /var/lib/openstack/lib/python3.12/site-packages/pycadf/identifier.py:70: UserWarning: Invalid uuid: cinderv3. To ensure interoperability, identifiers should be a valid uuid. warnings.warn(('Invalid uuid: %s. To ensure interoperability, '
2026-05-08 15:52:20.449 7 INFO cinder.api.openstack.wsgi [None req-144c1567-7d8f-495a-883d-ac30aa0bbd09 1d1b3466369343f882cc8adb6287f6ae 6e8d7d15c0b4420f95d4cfe0bf24113b - - default default] GET http://cinder-api.openstack.svc.cluster.local:8776/v3/6e8d7d15c0b4420f95d4cfe0bf24113b/volumes/644395bb-dcff-4e8e-8245-61b4b85786d9 /var/lib/openstack/lib/python3.12/site-packages/oslo_context/context.py:101: DeprecationWarning: Policy enforcement is depending on the value of is_admin. This key is deprecated. Please update your policy file to use the standard policy values. warnings.warn(
2026-05-08 15:52:20.463 7 INFO cinder.volume.api [None req-144c1567-7d8f-495a-883d-ac30aa0bbd09 1d1b3466369343f882cc8adb6287f6ae 6e8d7d15c0b4420f95d4cfe0bf24113b - - default default] Volume info retrieved successfully.
2026-05-08 15:52:20.467 7 INFO cinder.api.openstack.wsgi [None req-144c1567-7d8f-495a-883d-ac30aa0bbd09 1d1b3466369343f882cc8adb6287f6ae 6e8d7d15c0b4420f95d4cfe0bf24113b - - default default] http://cinder-api.openstack.svc.cluster.local:8776/v3/6e8d7d15c0b4420f95d4cfe0bf24113b/volumes/644395bb-dcff-4e8e-8245-61b4b85786d9 returned with HTTP 200 [pid: 7|app: 0|req: 406/807] 10.0.0.200 () {32 vars in 775 bytes} [Fri May 8 15:52:20 2026] GET /v3/6e8d7d15c0b4420f95d4cfe0bf24113b/volumes/644395bb-dcff-4e8e-8245-61b4b85786d9 => generated 954 bytes in 26 msecs (HTTP/1.1 200) 7 headers in 285 bytes (1 switches on core 0) /var/lib/openstack/lib/python3.12/site-packages/pycadf/identifier.py:70: UserWarning: Invalid uuid: cinderv3. To ensure interoperability, identifiers should be a valid uuid. warnings.warn(('Invalid uuid: %s. To ensure interoperability, '
2026-05-08 15:52:20.545 8 INFO cinder.api.openstack.wsgi [req-a0c5eeb4-26a7-4a9c-b0ab-91dd2282b2ad req-5180229e-07ec-4eea-acdf-7375e06f87c0 b74b37b933ef4654bf37d1a324da32fb 04a517ef34244764b2bded88e17ac5b3 - - default default] PUT http://cinder-api.openstack.svc.cluster.local:8776/v3/04a517ef34244764b2bded88e17ac5b3/attachments/9bb23604-8e56-4029-b5d2-af2a2a7075b1 /var/lib/openstack/lib/python3.12/site-packages/oslo_context/context.py:101: DeprecationWarning: Policy enforcement is depending on the value of is_admin. This key is deprecated. Please update your policy file to use the standard policy values. warnings.warn(
2026-05-08 15:52:21.604 8 INFO cinder.api.openstack.wsgi [req-a0c5eeb4-26a7-4a9c-b0ab-91dd2282b2ad req-5180229e-07ec-4eea-acdf-7375e06f87c0 b74b37b933ef4654bf37d1a324da32fb 04a517ef34244764b2bded88e17ac5b3 - - default default] http://cinder-api.openstack.svc.cluster.local:8776/v3/04a517ef34244764b2bded88e17ac5b3/attachments/9bb23604-8e56-4029-b5d2-af2a2a7075b1 returned with HTTP 200 [pid: 8|app: 0|req: 402/808] 199.204.45.72 () {40 vars in 1134 bytes} [Fri May 8 15:52:20 2026] PUT /v3/04a517ef34244764b2bded88e17ac5b3/attachments/9bb23604-8e56-4029-b5d2-af2a2a7075b1 => generated 802 bytes in 1068 msecs (HTTP/1.1 200) 7 headers in 286 bytes (1 switches on core 0) /var/lib/openstack/lib/python3.12/site-packages/pycadf/identifier.py:70: UserWarning: Invalid uuid: cinderv3. To ensure interoperability, identifiers should be a valid uuid. warnings.warn(('Invalid uuid: %s. To ensure interoperability, '
2026-05-08 15:52:22.129 7 INFO cinder.api.openstack.wsgi [req-a0c5eeb4-26a7-4a9c-b0ab-91dd2282b2ad req-4be254c6-111a-4984-9117-5b1b46ad6838 b74b37b933ef4654bf37d1a324da32fb 04a517ef34244764b2bded88e17ac5b3 - - default default] POST http://cinder-api.openstack.svc.cluster.local:8776/v3/04a517ef34244764b2bded88e17ac5b3/attachments/9bb23604-8e56-4029-b5d2-af2a2a7075b1/action /var/lib/openstack/lib/python3.12/site-packages/oslo_context/context.py:101: DeprecationWarning: Policy enforcement is depending on the value of is_admin. This key is deprecated. Please update your policy file to use the standard policy values. warnings.warn(
2026-05-08 15:52:22.186 7 INFO cinder.api.openstack.wsgi [req-a0c5eeb4-26a7-4a9c-b0ab-91dd2282b2ad req-4be254c6-111a-4984-9117-5b1b46ad6838 b74b37b933ef4654bf37d1a324da32fb 04a517ef34244764b2bded88e17ac5b3 - - default default] http://cinder-api.openstack.svc.cluster.local:8776/v3/04a517ef34244764b2bded88e17ac5b3/attachments/9bb23604-8e56-4029-b5d2-af2a2a7075b1/action returned with HTTP 204 [pid: 7|app: 0|req: 407/809] 199.204.45.72 () {40 vars in 1147 bytes} [Fri May 8 15:52:22 2026] POST /v3/04a517ef34244764b2bded88e17ac5b3/attachments/9bb23604-8e56-4029-b5d2-af2a2a7075b1/action => generated 0 bytes in 65 msecs (HTTP/1.1 204) 7 headers in 292 bytes (1 switches on core 0)
2026-05-08 15:52:27.820 8 INFO cinder.api.openstack.wsgi [req-a0c5eeb4-26a7-4a9c-b0ab-91dd2282b2ad req-5180229e-07ec-4eea-acdf-7375e06f87c0 b74b37b933ef4654bf37d1a324da32fb 04a517ef34244764b2bded88e17ac5b3 - - default default] GET http://10.0.0.129:8776/
2026-05-08 15:52:27.820 8 INFO cinder.api.openstack.wsgi [req-a0c5eeb4-26a7-4a9c-b0ab-91dd2282b2ad req-5180229e-07ec-4eea-acdf-7375e06f87c0 b74b37b933ef4654bf37d1a324da32fb 04a517ef34244764b2bded88e17ac5b3 - - default default] http://10.0.0.129:8776/ returned with HTTP 300
2026-05-08 15:52:27.821 7 INFO cinder.api.openstack.wsgi [req-a0c5eeb4-26a7-4a9c-b0ab-91dd2282b2ad req-4be254c6-111a-4984-9117-5b1b46ad6838 b74b37b933ef4654bf37d1a324da32fb 04a517ef34244764b2bded88e17ac5b3 - - default default] GET http://10.0.0.129:8776/
2026-05-08 15:52:27.822 7 INFO cinder.api.openstack.wsgi [req-a0c5eeb4-26a7-4a9c-b0ab-91dd2282b2ad req-4be254c6-111a-4984-9117-5b1b46ad6838 b74b37b933ef4654bf37d1a324da32fb 04a517ef34244764b2bded88e17ac5b3 - - default default] http://10.0.0.129:8776/ returned with HTTP 300 /var/lib/openstack/lib/python3.12/site-packages/pycadf/identifier.py:70: UserWarning: Invalid uuid: cinderv3. To ensure interoperability, identifiers should be a valid uuid. warnings.warn(('Invalid uuid: %s. To ensure interoperability, '
2026-05-08 15:52:34.301 8 INFO cinder.api.openstack.wsgi [req-c6884a26-d342-4711-997a-2bd8d6194b14 req-82aa78cc-7efa-4025-b5f4-73b334f6b84c b74b37b933ef4654bf37d1a324da32fb 04a517ef34244764b2bded88e17ac5b3 - - default default] DELETE http://cinder-api.openstack.svc.cluster.local:8776/v3/04a517ef34244764b2bded88e17ac5b3/attachments/9bb23604-8e56-4029-b5d2-af2a2a7075b1 /var/lib/openstack/lib/python3.12/site-packages/oslo_context/context.py:101: DeprecationWarning: Policy enforcement is depending on the value of is_admin. This key is deprecated. Please update your policy file to use the standard policy values. warnings.warn(
2026-05-08 15:52:34.890 8 INFO cinder.api.openstack.wsgi [req-c6884a26-d342-4711-997a-2bd8d6194b14 req-82aa78cc-7efa-4025-b5f4-73b334f6b84c b74b37b933ef4654bf37d1a324da32fb 04a517ef34244764b2bded88e17ac5b3 - - default default] http://cinder-api.openstack.svc.cluster.local:8776/v3/04a517ef34244764b2bded88e17ac5b3/attachments/9bb23604-8e56-4029-b5d2-af2a2a7075b1 returned with HTTP 200 [pid: 8|app: 0|req: 404/812] 199.204.45.72 () {38 vars in 1102 bytes} [Fri May 8 15:52:34 2026] DELETE /v3/04a517ef34244764b2bded88e17ac5b3/attachments/9bb23604-8e56-4029-b5d2-af2a2a7075b1 => generated 19 bytes in 599 msecs (HTTP/1.1 200) 7 headers in 285 bytes (1 switches on core 0) /var/lib/openstack/lib/python3.12/site-packages/pycadf/identifier.py:70: UserWarning: Invalid uuid: cinderv3. To ensure interoperability, identifiers should be a valid uuid. warnings.warn(('Invalid uuid: %s. To ensure interoperability, '
2026-05-08 15:52:34.902 7 INFO cinder.api.openstack.wsgi [req-c6884a26-d342-4711-997a-2bd8d6194b14 req-a4e389f5-eb5a-4479-922e-b02b18f7810a b74b37b933ef4654bf37d1a324da32fb 04a517ef34244764b2bded88e17ac5b3 - - default default] DELETE http://cinder-api.openstack.svc.cluster.local:8776/v3/04a517ef34244764b2bded88e17ac5b3/volumes/96538702-05b4-4667-8396-9b1b6807ae50
2026-05-08 15:52:34.902 7 INFO cinder.api.v3.volumes [req-c6884a26-d342-4711-997a-2bd8d6194b14 req-a4e389f5-eb5a-4479-922e-b02b18f7810a b74b37b933ef4654bf37d1a324da32fb 04a517ef34244764b2bded88e17ac5b3 - - default default] Delete volume with id: 96538702-05b4-4667-8396-9b1b6807ae50 /var/lib/openstack/lib/python3.12/site-packages/oslo_context/context.py:101: DeprecationWarning: Policy enforcement is depending on the value of is_admin. This key is deprecated. Please update your policy file to use the standard policy values. warnings.warn(
2026-05-08 15:52:34.914 7 INFO cinder.volume.api [req-c6884a26-d342-4711-997a-2bd8d6194b14 req-a4e389f5-eb5a-4479-922e-b02b18f7810a b74b37b933ef4654bf37d1a324da32fb 04a517ef34244764b2bded88e17ac5b3 - - default default] Volume info retrieved successfully.
2026-05-08 15:52:34.944 7 INFO cinder.volume.api [req-c6884a26-d342-4711-997a-2bd8d6194b14 req-a4e389f5-eb5a-4479-922e-b02b18f7810a b74b37b933ef4654bf37d1a324da32fb 04a517ef34244764b2bded88e17ac5b3 - - default default] Delete volume request issued successfully.
2026-05-08 15:52:34.945 7 INFO cinder.api.openstack.wsgi [req-c6884a26-d342-4711-997a-2bd8d6194b14 req-a4e389f5-eb5a-4479-922e-b02b18f7810a b74b37b933ef4654bf37d1a324da32fb 04a517ef34244764b2bded88e17ac5b3 - - default default] http://cinder-api.openstack.svc.cluster.local:8776/v3/04a517ef34244764b2bded88e17ac5b3/volumes/96538702-05b4-4667-8396-9b1b6807ae50 returned with HTTP 202 [pid: 7|app: 0|req: 409/813] 199.204.45.72 () {36 vars in 1053 bytes} [Fri May 8 15:52:34 2026] DELETE /v3/04a517ef34244764b2bded88e17ac5b3/volumes/96538702-05b4-4667-8396-9b1b6807ae50 => generated 0 bytes in 50 msecs (HTTP/1.1 202) 6 headers in 233 bytes (1 switches on core 0) /var/lib/openstack/lib/python3.12/site-packages/pycadf/identifier.py:70: UserWarning: Invalid uuid: cinderv3. To ensure interoperability, identifiers should be a valid uuid. warnings.warn(('Invalid uuid: %s. To ensure interoperability, '
2026-05-08 15:52:35.937 8 INFO cinder.api.openstack.wsgi [None req-37586fea-2bbf-4296-8204-234ff291d95b 1d1b3466369343f882cc8adb6287f6ae 6e8d7d15c0b4420f95d4cfe0bf24113b - - default default] POST http://cinder-api.openstack.svc.cluster.local:8776/v3/6e8d7d15c0b4420f95d4cfe0bf24113b/volumes/644395bb-dcff-4e8e-8245-61b4b85786d9/action /var/lib/openstack/lib/python3.12/site-packages/oslo_context/context.py:101: DeprecationWarning: Policy enforcement is depending on the value of is_admin. This key is deprecated. Please update your policy file to use the standard policy values. warnings.warn(
2026-05-08 15:52:35.954 8 INFO cinder.volume.api [None req-37586fea-2bbf-4296-8204-234ff291d95b 1d1b3466369343f882cc8adb6287f6ae 6e8d7d15c0b4420f95d4cfe0bf24113b - - default default] Volume info retrieved successfully.
2026-05-08 15:52:35.966 8 INFO cinder.volume.api [None req-37586fea-2bbf-4296-8204-234ff291d95b 1d1b3466369343f882cc8adb6287f6ae 6e8d7d15c0b4420f95d4cfe0bf24113b - - default default] Update volume admin metadata completed successfully.
2026-05-08 15:52:36.475 8 INFO cinder.volume.api [None req-37586fea-2bbf-4296-8204-234ff291d95b 1d1b3466369343f882cc8adb6287f6ae 6e8d7d15c0b4420f95d4cfe0bf24113b - - default default] Attach volume completed successfully.
2026-05-08 15:52:36.476 8 INFO cinder.api.openstack.wsgi [None req-37586fea-2bbf-4296-8204-234ff291d95b 1d1b3466369343f882cc8adb6287f6ae 6e8d7d15c0b4420f95d4cfe0bf24113b - - default default] http://cinder-api.openstack.svc.cluster.local:8776/v3/6e8d7d15c0b4420f95d4cfe0bf24113b/volumes/644395bb-dcff-4e8e-8245-61b4b85786d9/action returned with HTTP 202 [pid: 8|app: 0|req: 405/814] 10.0.0.200 () {34 vars in 810 bytes} [Fri May 8 15:52:35 2026] POST /v3/6e8d7d15c0b4420f95d4cfe0bf24113b/volumes/644395bb-dcff-4e8e-8245-61b4b85786d9/action => generated 0 bytes in 547 msecs (HTTP/1.1 202) 7 headers in 289 bytes (1 switches on core 0) /var/lib/openstack/lib/python3.12/site-packages/pycadf/identifier.py:70: UserWarning: Invalid uuid: cinderv3. To ensure interoperability, identifiers should be a valid uuid. warnings.warn(('Invalid uuid: %s. To ensure interoperability, '
2026-05-08 15:52:36.492 7 INFO cinder.api.openstack.wsgi [None req-4fad1817-5c4e-421b-924c-b37f1c29d6b3 1d1b3466369343f882cc8adb6287f6ae 6e8d7d15c0b4420f95d4cfe0bf24113b - - default default] GET http://cinder-api.openstack.svc.cluster.local:8776/v3/6e8d7d15c0b4420f95d4cfe0bf24113b/volumes/644395bb-dcff-4e8e-8245-61b4b85786d9 /var/lib/openstack/lib/python3.12/site-packages/oslo_context/context.py:101: DeprecationWarning: Policy enforcement is depending on the value of is_admin. This key is deprecated. Please update your policy file to use the standard policy values. warnings.warn(
2026-05-08 15:52:36.514 7 INFO cinder.volume.api [None req-4fad1817-5c4e-421b-924c-b37f1c29d6b3 1d1b3466369343f882cc8adb6287f6ae 6e8d7d15c0b4420f95d4cfe0bf24113b - - default default] Volume info retrieved successfully.
2026-05-08 15:52:36.519 7 INFO cinder.api.openstack.wsgi [None req-4fad1817-5c4e-421b-924c-b37f1c29d6b3 1d1b3466369343f882cc8adb6287f6ae 6e8d7d15c0b4420f95d4cfe0bf24113b - - default default] http://cinder-api.openstack.svc.cluster.local:8776/v3/6e8d7d15c0b4420f95d4cfe0bf24113b/volumes/644395bb-dcff-4e8e-8245-61b4b85786d9 returned with HTTP 200 [pid: 7|app: 0|req: 410/815] 10.0.0.200 () {32 vars in 775 bytes} [Fri May 8 15:52:36 2026] GET /v3/6e8d7d15c0b4420f95d4cfe0bf24113b/volumes/644395bb-dcff-4e8e-8245-61b4b85786d9 => generated 1288 bytes in 34 msecs (HTTP/1.1 200) 7 headers in 286 bytes (1 switches on core 0) /var/lib/openstack/lib/python3.12/site-packages/pycadf/identifier.py:70: UserWarning: Invalid uuid: cinderv3. To ensure interoperability, identifiers should be a valid uuid. warnings.warn(('Invalid uuid: %s. To ensure interoperability, '
2026-05-08 15:52:36.539 8 INFO cinder.api.openstack.wsgi [None req-5d7420fc-ea54-480e-8425-e6acd8540d4d 1d1b3466369343f882cc8adb6287f6ae 6e8d7d15c0b4420f95d4cfe0bf24113b - - default default] POST http://cinder-api.openstack.svc.cluster.local:8776/v3/6e8d7d15c0b4420f95d4cfe0bf24113b/volumes/644395bb-dcff-4e8e-8245-61b4b85786d9/action /var/lib/openstack/lib/python3.12/site-packages/oslo_context/context.py:101: DeprecationWarning: Policy enforcement is depending on the value of is_admin. This key is deprecated. Please update your policy file to use the standard policy values. warnings.warn(
2026-05-08 15:52:36.560 8 INFO cinder.volume.api [None req-5d7420fc-ea54-480e-8425-e6acd8540d4d 1d1b3466369343f882cc8adb6287f6ae 6e8d7d15c0b4420f95d4cfe0bf24113b - - default default] Volume info retrieved successfully.
2026-05-08 15:52:37.067 8 INFO cinder.volume.api [None req-5d7420fc-ea54-480e-8425-e6acd8540d4d 1d1b3466369343f882cc8adb6287f6ae 6e8d7d15c0b4420f95d4cfe0bf24113b - - default default] Detach volume completed successfully.
2026-05-08 15:52:37.067 8 INFO cinder.api.openstack.wsgi [None req-5d7420fc-ea54-480e-8425-e6acd8540d4d 1d1b3466369343f882cc8adb6287f6ae 6e8d7d15c0b4420f95d4cfe0bf24113b - - default default] http://cinder-api.openstack.svc.cluster.local:8776/v3/6e8d7d15c0b4420f95d4cfe0bf24113b/volumes/644395bb-dcff-4e8e-8245-61b4b85786d9/action returned with HTTP 202 [pid: 8|app: 0|req: 406/816] 10.0.0.200 () {34 vars in 810 bytes} [Fri May 8 15:52:36 2026] POST /v3/6e8d7d15c0b4420f95d4cfe0bf24113b/volumes/644395bb-dcff-4e8e-8245-61b4b85786d9/action => generated 0 bytes in 535 msecs (HTTP/1.1 202) 7 headers in 289 bytes (1 switches on core 0) /var/lib/openstack/lib/python3.12/site-packages/pycadf/identifier.py:70: UserWarning: Invalid uuid: cinderv3. To ensure interoperability, identifiers should be a valid uuid. warnings.warn(('Invalid uuid: %s. To ensure interoperability, '
2026-05-08 15:52:37.081 7 INFO cinder.api.openstack.wsgi [None req-2eb3f967-946a-4e77-97aa-059cd2581ed1 1d1b3466369343f882cc8adb6287f6ae 6e8d7d15c0b4420f95d4cfe0bf24113b - - default default] GET http://cinder-api.openstack.svc.cluster.local:8776/v3/6e8d7d15c0b4420f95d4cfe0bf24113b/volumes/644395bb-dcff-4e8e-8245-61b4b85786d9 /var/lib/openstack/lib/python3.12/site-packages/oslo_context/context.py:101: DeprecationWarning: Policy enforcement is depending on the value of is_admin. This key is deprecated. Please update your policy file to use the standard policy values. warnings.warn(
2026-05-08 15:52:37.100 7 INFO cinder.volume.api [None req-2eb3f967-946a-4e77-97aa-059cd2581ed1 1d1b3466369343f882cc8adb6287f6ae 6e8d7d15c0b4420f95d4cfe0bf24113b - - default default] Volume info retrieved successfully.
2026-05-08 15:52:37.111 7 INFO cinder.api.openstack.wsgi [None req-2eb3f967-946a-4e77-97aa-059cd2581ed1 1d1b3466369343f882cc8adb6287f6ae 6e8d7d15c0b4420f95d4cfe0bf24113b - - default default] http://cinder-api.openstack.svc.cluster.local:8776/v3/6e8d7d15c0b4420f95d4cfe0bf24113b/volumes/644395bb-dcff-4e8e-8245-61b4b85786d9 returned with HTTP 200 [pid: 7|app: 0|req: 411/817] 10.0.0.200 () {32 vars in 775 bytes} [Fri May 8 15:52:37 2026] GET /v3/6e8d7d15c0b4420f95d4cfe0bf24113b/volumes/644395bb-dcff-4e8e-8245-61b4b85786d9 => generated 973 bytes in 38 msecs (HTTP/1.1 200) 7 headers in 285 bytes (1 switches on core 0)
2026-05-08 15:52:37.819 8 INFO cinder.api.openstack.wsgi [None req-5d7420fc-ea54-480e-8425-e6acd8540d4d 1d1b3466369343f882cc8adb6287f6ae 6e8d7d15c0b4420f95d4cfe0bf24113b - - default default] GET http://10.0.0.129:8776/
2026-05-08 15:52:37.819 7 INFO cinder.api.openstack.wsgi [None req-2eb3f967-946a-4e77-97aa-059cd2581ed1 1d1b3466369343f882cc8adb6287f6ae 6e8d7d15c0b4420f95d4cfe0bf24113b - - default default] GET http://10.0.0.129:8776/
2026-05-08 15:52:37.820 8 INFO cinder.api.openstack.wsgi [None req-5d7420fc-ea54-480e-8425-e6acd8540d4d 1d1b3466369343f882cc8adb6287f6ae 6e8d7d15c0b4420f95d4cfe0bf24113b - - default default] http://10.0.0.129:8776/ returned with HTTP 300
2026-05-08 15:52:37.820 7 INFO cinder.api.openstack.wsgi [None req-2eb3f967-946a-4e77-97aa-059cd2581ed1 1d1b3466369343f882cc8adb6287f6ae 6e8d7d15c0b4420f95d4cfe0bf24113b - - default default] http://10.0.0.129:8776/ returned with HTTP 300 /var/lib/openstack/lib/python3.12/site-packages/pycadf/identifier.py:70: UserWarning: Invalid uuid: cinderv3. To ensure interoperability, identifiers should be a valid uuid. warnings.warn(('Invalid uuid: %s. To ensure interoperability, '
2026-05-08 15:52:43.825 8 INFO cinder.api.openstack.wsgi [None req-a50c42e9-eafd-49d6-9933-d679f6d8492e 1d1b3466369343f882cc8adb6287f6ae 6e8d7d15c0b4420f95d4cfe0bf24113b - - default default] GET http://cinder-api.openstack.svc.cluster.local:8776/v3/6e8d7d15c0b4420f95d4cfe0bf24113b/volumes/644395bb-dcff-4e8e-8245-61b4b85786d9 /var/lib/openstack/lib/python3.12/site-packages/oslo_context/context.py:101: DeprecationWarning: Policy enforcement is depending on the value of is_admin. This key is deprecated. Please update your policy file to use the standard policy values. warnings.warn(
2026-05-08 15:52:43.839 8 INFO cinder.volume.api [None req-a50c42e9-eafd-49d6-9933-d679f6d8492e 1d1b3466369343f882cc8adb6287f6ae 6e8d7d15c0b4420f95d4cfe0bf24113b - - default default] Volume info retrieved successfully.
2026-05-08 15:52:43.845 8 INFO cinder.api.openstack.wsgi [None req-a50c42e9-eafd-49d6-9933-d679f6d8492e 1d1b3466369343f882cc8adb6287f6ae 6e8d7d15c0b4420f95d4cfe0bf24113b - - default default] http://cinder-api.openstack.svc.cluster.local:8776/v3/6e8d7d15c0b4420f95d4cfe0bf24113b/volumes/644395bb-dcff-4e8e-8245-61b4b85786d9 returned with HTTP 200 [pid: 8|app: 0|req: 408/820] 10.0.0.200 () {32 vars in 775 bytes} [Fri May 8 15:52:43 2026] GET /v3/6e8d7d15c0b4420f95d4cfe0bf24113b/volumes/644395bb-dcff-4e8e-8245-61b4b85786d9 => generated 973 bytes in 26 msecs (HTTP/1.1 200) 7 headers in 285 bytes (1 switches on core 0) /var/lib/openstack/lib/python3.12/site-packages/pycadf/identifier.py:70: UserWarning: Invalid uuid: cinderv3. To ensure interoperability, identifiers should be a valid uuid. warnings.warn(('Invalid uuid: %s. To ensure interoperability, '
2026-05-08 15:52:43.867 7 INFO cinder.api.openstack.wsgi [None req-e67c068f-b802-4dff-9a37-7b56709b0c85 1d1b3466369343f882cc8adb6287f6ae 6e8d7d15c0b4420f95d4cfe0bf24113b - - default default] DELETE http://cinder-api.openstack.svc.cluster.local:8776/v3/6e8d7d15c0b4420f95d4cfe0bf24113b/volumes/644395bb-dcff-4e8e-8245-61b4b85786d9
2026-05-08 15:52:43.868 7 INFO cinder.api.v3.volumes [None req-e67c068f-b802-4dff-9a37-7b56709b0c85 1d1b3466369343f882cc8adb6287f6ae 6e8d7d15c0b4420f95d4cfe0bf24113b - - default default] Delete volume with id: 644395bb-dcff-4e8e-8245-61b4b85786d9 /var/lib/openstack/lib/python3.12/site-packages/oslo_context/context.py:101: DeprecationWarning: Policy enforcement is depending on the value of is_admin. This key is deprecated. Please update your policy file to use the standard policy values. warnings.warn(
2026-05-08 15:52:43.877 7 INFO cinder.volume.api [None req-e67c068f-b802-4dff-9a37-7b56709b0c85 1d1b3466369343f882cc8adb6287f6ae 6e8d7d15c0b4420f95d4cfe0bf24113b - - default default] Volume info retrieved successfully.
