2026-06-03 08:44:01.157 7 INFO neutron.services.segments.plugin [-] Segment d7ce37e0-c2b3-4e56-a425-14c3547f6389 resource provider aggregate not found [pid: 8|app: 0|req: 586/1154] 10.0.0.24 () {34 vars in 1039 bytes} [Wed Jun 3 08:44:01 2026] GET /v2.0/security-groups?id=35b1d3cb-3c6b-475f-8088-3d05a0dd48ed&fields=id&fields=name => generated 114 bytes in 24 msecs (HTTP/1.1 200) 4 headers in 157 bytes (1 switches on core 0)
2026-06-03 08:44:01.174 7 INFO neutron.services.segments.plugin [-] Segment d7ce37e0-c2b3-4e56-a425-14c3547f6389 resource provider not found; error: Placement Client Error (4xx): {"errors": [{"status": 404, "title": "Not Found", "detail": "The resource could not be found.\n\n No resource provider with uuid d7ce37e0-c2b3-4e56-a425-14c3547f6389 found for delete ", "request_id": "req-97052502-7676-40a3-b1c9-4d96f5fca630"}]}
2026-06-03 08:44:01.176 7 INFO neutron.services.segments.plugin [-] Segment d7ce37e0-c2b3-4e56-a425-14c3547f6389 resource provider not found; error: Placement Client Error (4xx): {"errors": [{"status": 404, "title": "Not Found", "detail": "The resource could not be found.\n\n No resource provider with uuid d7ce37e0-c2b3-4e56-a425-14c3547f6389 found for delete ", "request_id": "req-98ec6e12-3879-4852-bc87-1087939097d9"}]}
2026-06-03 08:44:01.273 7 WARNING neutron.scheduler.dhcp_agent_scheduler [None req-39cdc543-89f5-42aa-b3a9-f78b6d8b35c1 052615b5e01e43eb870986cc712137cd cbae2db83eda47dd838066f71d767559 - - default default] No more DHCP agents
2026-06-03 08:44:01.274 8 INFO neutron_taas.services.taas.taas_plugin [None req-2728f3ef-1a45-4a1a-ad60-62047f15602e fc652f9a4ac34e8caa16a128b574ab44 dc853de8e6b24679a6baec28d07710e3 - - default default] TaaS: Handle Delete Port: fa5615c2-fd06-46a3-a4ca-d655a6390c64
2026-06-03 08:44:01.274 7 WARNING neutron.api.rpc.agentnotifiers.dhcp_rpc_agent_api [None req-39cdc543-89f5-42aa-b3a9-f78b6d8b35c1 052615b5e01e43eb870986cc712137cd cbae2db83eda47dd838066f71d767559 - - default default] Unable to schedule network 7226e23c-1f7d-4d4b-b41d-20dbabb40a64: no agents available; will retry on subsequent port and subnet creation events.
2026-06-03 08:44:01.277 8 INFO neutron_taas.services.taas.tap_mirror_plugin [None req-2728f3ef-1a45-4a1a-ad60-62047f15602e fc652f9a4ac34e8caa16a128b574ab44 dc853de8e6b24679a6baec28d07710e3 - - default default] Tap Mirror: Handle Delete Port: fa5615c2-fd06-46a3-a4ca-d655a6390c64
2026-06-03 08:44:01.448 7 INFO neutron.db.ovn_revision_numbers_db [None req-39cdc543-89f5-42aa-b3a9-f78b6d8b35c1 052615b5e01e43eb870986cc712137cd cbae2db83eda47dd838066f71d767559 - - default default] Successfully bumped revision number for resource ff867c24-9629-43a1-9ad4-c47ea95ec3ef (type: router_ports) to 3 [pid: 7|app: 0|req: 569/1155] 10.0.0.72 () {34 vars in 782 bytes} [Wed Jun 3 08:43:59 2026] PUT /v2.0/routers/3b0de10b-40dd-418a-ac42-5521701b24d7/add_router_interface => generated 309 bytes in 1836 msecs (HTTP/1.1 200) 4 headers in 157 bytes (1 switches on core 0) /var/lib/openstack/lib/python3.12/site-packages/pycadf/identifier.py:70: UserWarning: Invalid uuid: neutron. To ensure interoperability, identifiers should be a valid uuid. warnings.warn(('Invalid uuid: %s. To ensure interoperability, '
2026-06-03 08:44:01.479 8 INFO neutron.services.segments.plugin [-] Segment 781ab068-ead2-47ad-8675-a6f2e8060554 resource provider aggregate not found
2026-06-03 08:44:01.484 8 INFO neutron.services.segments.plugin [-] Segment 781ab068-ead2-47ad-8675-a6f2e8060554 resource provider aggregate not found
2026-06-03 08:44:01.497 8 INFO neutron.services.segments.plugin [-] Segment 781ab068-ead2-47ad-8675-a6f2e8060554 resource provider not found; error: Placement Client Error (4xx): {"errors": [{"status": 404, "title": "Not Found", "detail": "The resource could not be found.\n\n No resource provider with uuid 781ab068-ead2-47ad-8675-a6f2e8060554 found for delete ", "request_id": "req-16879dd2-1535-4880-8f71-cc2ccaaacc51"}]}
2026-06-03 08:44:01.503 8 INFO neutron.services.segments.plugin [-] Segment 781ab068-ead2-47ad-8675-a6f2e8060554 resource provider not found; error: Placement Client Error (4xx): {"errors": [{"status": 404, "title": "Not Found", "detail": "The resource could not be found.\n\n No resource provider with uuid 781ab068-ead2-47ad-8675-a6f2e8060554 found for delete ", "request_id": "req-cf5b7989-4e4e-4704-b74a-6615ba6d2f67"}]} [pid: 8|app: 0|req: 587/1156] 10.0.0.72 () {32 vars in 725 bytes} [Wed Jun 3 08:44:01 2026] DELETE /v2.0/networks/366df6cf-853f-4169-8906-57e86ee84e6c => generated 0 bytes in 374 msecs (HTTP/1.1 204) 3 headers in 131 bytes (1 switches on core 0)
2026-06-03 08:44:01.600 7 INFO neutron_taas.services.taas.taas_plugin [None req-96c0ab20-a1c1-4e8b-8d81-920e3ff4eede 35e4123095084593b698a38d9925e9af 3651f1a726ec455d90e014c631fb2fbe - - default default] TaaS: Handle Delete Port: b8b87671-ab57-4db1-b56b-91a49aed93f2
2026-06-03 08:44:01.603 7 INFO neutron_taas.services.taas.tap_mirror_plugin [None req-96c0ab20-a1c1-4e8b-8d81-920e3ff4eede 35e4123095084593b698a38d9925e9af 3651f1a726ec455d90e014c631fb2fbe - - default default] Tap Mirror: Handle Delete Port: b8b87671-ab57-4db1-b56b-91a49aed93f2 [pid: 8|app: 0|req: 588/1157] 10.0.0.72 () {32 vars in 716 bytes} [Wed Jun 3 08:44:01 2026] GET /v2.0/ports/ff867c24-9629-43a1-9ad4-c47ea95ec3ef => generated 1026 bytes in 78 msecs (HTTP/1.1 200) 4 headers in 158 bytes (1 switches on core 0) [pid: 7|app: 0|req: 570/1158] 10.0.0.72 () {32 vars in 719 bytes} [Wed Jun 3 08:44:01 2026] DELETE /v2.0/ports/b8b87671-ab57-4db1-b56b-91a49aed93f2 => generated 0 bytes in 244 msecs (HTTP/1.1 204) 3 headers in 131 bytes (1 switches on core 0) [pid: 7|app: 0|req: 571/1159] 10.0.0.72 () {32 vars in 642 bytes} [Wed Jun 3 08:44:01 2026] GET /v2.0/ports => generated 1537 bytes in 63 msecs (HTTP/1.1 200) 4 headers in 158 bytes (1 switches on core 0) [pid: 7|app: 0|req: 572/1160] 10.0.0.72 () {32 vars in 773 bytes} [Wed Jun 3 08:44:01 2026] GET /v2.0/security-groups?tenant_id=daa5ca3704d542d59b669d3fc8934533&name=default => generated 2925 bytes in 22 msecs (HTTP/1.1 200) 4 headers in 158 bytes (1 switches on core 0)
2026-06-03 08:44:01.801 7 INFO neutron.pecan_wsgi.hooks.translation [None req-ec7daf26-dbcf-4043-9a1f-c7c2999f6ab9 35e4123095084593b698a38d9925e9af 3651f1a726ec455d90e014c631fb2fbe - - default default] GET failed (client error): The resource could not be found. [pid: 7|app: 0|req: 573/1161] 10.0.0.72 () {32 vars in 716 bytes} [Wed Jun 3 08:44:01 2026] GET /v2.0/ports/b8b87671-ab57-4db1-b56b-91a49aed93f2 => generated 132 bytes in 13 msecs (HTTP/1.1 404) 4 headers in 164 bytes (1 switches on core 0) [pid: 7|app: 0|req: 574/1162] 10.0.0.72 () {32 vars in 739 bytes} [Wed Jun 3 08:44:01 2026] DELETE /v2.0/security-groups/3b8e6eb5-8888-4775-9c3f-9a524817bf94 => generated 0 bytes in 217 msecs (HTTP/1.1 204) 2 headers in 112 bytes (1 switches on core 0) [pid: 7|app: 0|req: 575/1163] 10.0.0.72 () {32 vars in 642 bytes} [Wed Jun 3 08:44:02 2026] GET /v2.0/ports => generated 1537 bytes in 38 msecs (HTTP/1.1 200) 4 headers in 158 bytes (1 switches on core 0) [pid: 7|app: 0|req: 576/1164] 10.0.0.72 () {32 vars in 716 bytes} [Wed Jun 3 08:44:02 2026] GET /v2.0/ports/c125db65-74b5-4aa4-8750-b8ee6a7b4760 => generated 778 bytes in 33 msecs (HTTP/1.1 200) 4 headers in 157 bytes (1 switches on core 0)
2026-06-03 08:44:02.117 7 INFO neutron.pecan_wsgi.hooks.translation [None req-b91a9fd4-f9e5-4abb-acd7-e88924b09985 35e4123095084593b698a38d9925e9af 3651f1a726ec455d90e014c631fb2fbe - - default default] DELETE failed (client error): The resource could not be found. [pid: 7|app: 0|req: 577/1165] 10.0.0.72 () {32 vars in 719 bytes} [Wed Jun 3 08:44:02 2026] DELETE /v2.0/ports/1781be50-82d1-4526-b319-3f8ec05aa606 => generated 132 bytes in 20 msecs (HTTP/1.1 404) 4 headers in 164 bytes (1 switches on core 0)
2026-06-03 08:44:02.134 7 INFO neutron.pecan_wsgi.hooks.translation [None req-82d851c6-655a-4049-8a4b-e486021f7e9f 35e4123095084593b698a38d9925e9af 3651f1a726ec455d90e014c631fb2fbe - - default default] DELETE failed (client error): The resource could not be found. [pid: 7|app: 0|req: 578/1166] 10.0.0.72 () {32 vars in 723 bytes} [Wed Jun 3 08:44:02 2026] DELETE /v2.0/subnets/d5cc2ca1-24bd-4d66-9dc0-d367afec05f9 => generated 136 bytes in 12 msecs (HTTP/1.1 404) 4 headers in 164 bytes (1 switches on core 0)
2026-06-03 08:44:02.151 7 INFO neutron.pecan_wsgi.hooks.translation [None req-cc03bb23-58ee-429f-831d-2fe82598f45d 35e4123095084593b698a38d9925e9af 3651f1a726ec455d90e014c631fb2fbe - - default default] DELETE failed (client error): The resource could not be found. [pid: 7|app: 0|req: 579/1167] 10.0.0.72 () {32 vars in 723 bytes} [Wed Jun 3 08:44:02 2026] DELETE /v2.0/subnets/489802dc-25c0-4d62-9eab-c552a03ff6d6 => generated 136 bytes in 13 msecs (HTTP/1.1 404) 4 headers in 164 bytes (1 switches on core 0)
2026-06-03 08:44:02.268 7 INFO neutron_taas.services.taas.taas_plugin [None req-d3e28eea-a50b-4fae-aa0c-db5227a97aa3 35e4123095084593b698a38d9925e9af 3651f1a726ec455d90e014c631fb2fbe - - default default] TaaS: Handle Delete Port: c125db65-74b5-4aa4-8750-b8ee6a7b4760
2026-06-03 08:44:02.271 7 INFO neutron_taas.services.taas.tap_mirror_plugin [None req-d3e28eea-a50b-4fae-aa0c-db5227a97aa3 35e4123095084593b698a38d9925e9af 3651f1a726ec455d90e014c631fb2fbe - - default default] Tap Mirror: Handle Delete Port: c125db65-74b5-4aa4-8750-b8ee6a7b4760
2026-06-03 08:44:02.287 8 INFO neutron_taas.services.taas.taas_plugin [None req-c4383b19-3079-474e-b217-6b1670b93663 052615b5e01e43eb870986cc712137cd cbae2db83eda47dd838066f71d767559 - - default default] TaaS: Handle Delete Port: ff867c24-9629-43a1-9ad4-c47ea95ec3ef
2026-06-03 08:44:02.289 8 INFO neutron_taas.services.taas.tap_mirror_plugin [None req-c4383b19-3079-474e-b217-6b1670b93663 052615b5e01e43eb870986cc712137cd cbae2db83eda47dd838066f71d767559 - - default default] Tap Mirror: Handle Delete Port: ff867c24-9629-43a1-9ad4-c47ea95ec3ef [pid: 7|app: 0|req: 580/1168] 10.0.0.72 () {32 vars in 719 bytes} [Wed Jun 3 08:44:02 2026] DELETE /v2.0/ports/c125db65-74b5-4aa4-8750-b8ee6a7b4760 => generated 0 bytes in 233 msecs (HTTP/1.1 204) 3 headers in 131 bytes (1 switches on core 0)
2026-06-03 08:44:02.538 7 INFO neutron_taas.services.taas.taas_plugin [None req-17195bac-d88b-4f5a-bf98-130341766ad0 35e4123095084593b698a38d9925e9af 3651f1a726ec455d90e014c631fb2fbe - - default default] TaaS: Handle Delete Port: 882f6daf-35d7-45a3-803d-351e68e75f02
2026-06-03 08:44:02.541 7 INFO neutron_taas.services.taas.tap_mirror_plugin [None req-17195bac-d88b-4f5a-bf98-130341766ad0 35e4123095084593b698a38d9925e9af 3651f1a726ec455d90e014c631fb2fbe - - default default] Tap Mirror: Handle Delete Port: 882f6daf-35d7-45a3-803d-351e68e75f02 [pid: 8|app: 0|req: 589/1169] 10.0.0.72 () {34 vars in 788 bytes} [Wed Jun 3 08:44:01 2026] PUT /v2.0/routers/3b0de10b-40dd-418a-ac42-5521701b24d7/remove_router_interface => generated 309 bytes in 933 msecs (HTTP/1.1 200) 4 headers in 157 bytes (1 switches on core 0) /var/lib/openstack/lib/python3.12/site-packages/pycadf/identifier.py:70: UserWarning: Invalid uuid: neutron. To ensure interoperability, identifiers should be a valid uuid. warnings.warn(('Invalid uuid: %s. To ensure interoperability, '
2026-06-03 08:44:02.625 8 INFO neutron.api.v2.resource [None req-924444f2-fb8a-4aa3-8527-b96f0315aa9f 052615b5e01e43eb870986cc712137cd cbae2db83eda47dd838066f71d767559 - - default default] remove_router_interface failed (client error): The resource could not be found. [pid: 8|app: 0|req: 590/1170] 10.0.0.72 () {34 vars in 788 bytes} [Wed Jun 3 08:44:02 2026] PUT /v2.0/routers/3b0de10b-40dd-418a-ac42-5521701b24d7/remove_router_interface => generated 197 bytes in 63 msecs (HTTP/1.1 404) 4 headers in 164 bytes (1 switches on core 0) [pid: 8|app: 0|req: 591/1171] 10.0.0.72 () {32 vars in 735 bytes} [Wed Jun 3 08:44:02 2026] GET /v2.0/ports?device_id=3b0de10b-40dd-418a-ac42-5521701b24d7 => generated 12 bytes in 17 msecs (HTTP/1.1 200) 4 headers in 156 bytes (1 switches on core 0) [pid: 7|app: 0|req: 581/1172] 10.0.0.72 () {32 vars in 725 bytes} [Wed Jun 3 08:44:02 2026] DELETE /v2.0/networks/78045c03-4886-4187-a546-7c39fd16588d => generated 0 bytes in 358 msecs (HTTP/1.1 204) 3 headers in 131 bytes (1 switches on core 0) [pid: 8|app: 0|req: 592/1173] 10.0.0.72 () {32 vars in 723 bytes} [Wed Jun 3 08:44:02 2026] DELETE /v2.0/routers/3b0de10b-40dd-418a-ac42-5521701b24d7 => generated 0 bytes in 145 msecs (HTTP/1.1 204) 2 headers in 112 bytes (1 switches on core 0) [pid: 7|app: 0|req: 582/1174] 10.0.0.72 () {32 vars in 723 bytes} [Wed Jun 3 08:44:02 2026] DELETE /v2.0/subnets/3153cd19-d069-45c2-a246-c32c2034e166 => generated 0 bytes in 137 msecs (HTTP/1.1 204) 3 headers in 131 bytes (1 switches on core 0)
2026-06-03 08:44:03.089 8 INFO neutron_taas.services.taas.taas_plugin [None req-14506778-9bb9-4de3-893d-cd7f5d39036a 052615b5e01e43eb870986cc712137cd cbae2db83eda47dd838066f71d767559 - - default default] TaaS: Handle Delete Port: 24515584-4af5-4ea3-b69f-d7e9fdd10734
2026-06-03 08:44:03.091 8 INFO neutron_taas.services.taas.tap_mirror_plugin [None req-14506778-9bb9-4de3-893d-cd7f5d39036a 052615b5e01e43eb870986cc712137cd cbae2db83eda47dd838066f71d767559 - - default default] Tap Mirror: Handle Delete Port: 24515584-4af5-4ea3-b69f-d7e9fdd10734
2026-06-03 08:44:03.197 7 INFO neutron.services.segments.plugin [-] Segment 3b52d8ba-16c3-401a-a223-81724e5055bf resource provider aggregate not found
2026-06-03 08:44:03.203 7 INFO neutron.services.segments.plugin [-] Segment 3b52d8ba-16c3-401a-a223-81724e5055bf resource provider aggregate not found
2026-06-03 08:44:03.209 7 INFO neutron.services.segments.plugin [-] Segment 3b52d8ba-16c3-401a-a223-81724e5055bf resource provider not found; error: Placement Client Error (4xx): {"errors": [{"status": 404, "title": "Not Found", "detail": "The resource could not be found.\n\n No resource provider with uuid 3b52d8ba-16c3-401a-a223-81724e5055bf found for delete ", "request_id": "req-dfaabf7c-805b-451a-9e68-276a5812d5e9"}]}
2026-06-03 08:44:03.217 7 INFO neutron.services.segments.plugin [-] Segment 3b52d8ba-16c3-401a-a223-81724e5055bf resource provider not found; error: Placement Client Error (4xx): {"errors": [{"status": 404, "title": "Not Found", "detail": "The resource could not be found.\n\n No resource provider with uuid 3b52d8ba-16c3-401a-a223-81724e5055bf found for delete ", "request_id": "req-57764aa5-bdf9-4bde-b576-4ef7142a2c2c"}]} [pid: 8|app: 0|req: 593/1175] 10.0.0.72 () {32 vars in 725 bytes} [Wed Jun 3 08:44:02 2026] DELETE /v2.0/networks/7226e23c-1f7d-4d4b-b41d-20dbabb40a64 => generated 0 bytes in 390 msecs (HTTP/1.1 204) 3 headers in 131 bytes (1 switches on core 0) [pid: 7|app: 0|req: 583/1176] 10.0.0.72 () {32 vars in 773 bytes} [Wed Jun 3 08:44:03 2026] GET /v2.0/security-groups?tenant_id=3651f1a726ec455d90e014c631fb2fbe&name=default => generated 2925 bytes in 198 msecs (HTTP/1.1 200) 4 headers in 158 bytes (1 switches on core 0)
2026-06-03 08:44:03.442 8 INFO neutron.db.segments_db [None req-0571d1dd-f0c1-4915-ab74-84fe685e0a26 052615b5e01e43eb870986cc712137cd cbae2db83eda47dd838066f71d767559 - - default default] Added segment 00f1c8cd-1543-4e47-9bc0-7e4e32bf9041 of type geneve for network aa54fe18-1952-4f54-bb6f-d1708b1cf474
2026-06-03 08:44:03.531 8 INFO neutron.services.segments.plugin [-] Segment f71c4282-c004-4456-806b-afee21b4d7df resource provider aggregate not found
2026-06-03 08:44:03.536 8 INFO neutron.services.segments.plugin [-] Segment f71c4282-c004-4456-806b-afee21b4d7df resource provider aggregate not found
2026-06-03 08:44:03.569 8 INFO neutron.services.segments.plugin [-] Segment f71c4282-c004-4456-806b-afee21b4d7df resource provider not found; error: Placement Client Error (4xx): {"errors": [{"status": 404, "title": "Not Found", "detail": "The resource could not be found.\n\n No resource provider with uuid f71c4282-c004-4456-806b-afee21b4d7df found for delete ", "request_id": "req-5175b988-c510-4e92-accc-9b9785f58f67"}]}
2026-06-03 08:44:03.572 8 INFO neutron.services.segments.plugin [-] Segment f71c4282-c004-4456-806b-afee21b4d7df resource provider not found; error: Placement Client Error (4xx): {"errors": [{"status": 404, "title": "Not Found", "detail": "The resource could not be found.\n\n No resource provider with uuid f71c4282-c004-4456-806b-afee21b4d7df found for delete ", "request_id": "req-4c7864a9-cfeb-4aa6-b8cb-3803aa037da3"}]} [pid: 7|app: 0|req: 584/1177] 10.0.0.72 () {32 vars in 739 bytes} [Wed Jun 3 08:44:03 2026] DELETE /v2.0/security-groups/af81f3a0-4a3f-46ab-b422-c28df7c9fddf => generated 0 bytes in 251 msecs (HTTP/1.1 204) 2 headers in 112 bytes (1 switches on core 0)
2026-06-03 08:44:03.638 8 INFO neutron.db.ovn_revision_numbers_db [None req-0571d1dd-f0c1-4915-ab74-84fe685e0a26 052615b5e01e43eb870986cc712137cd cbae2db83eda47dd838066f71d767559 - - default default] Successfully bumped revision number for resource aa54fe18-1952-4f54-bb6f-d1708b1cf474 (type: networks) to 1
2026-06-03 08:44:03.815 8 WARNING neutron.scheduler.dhcp_agent_scheduler [None req-0571d1dd-f0c1-4915-ab74-84fe685e0a26 052615b5e01e43eb870986cc712137cd cbae2db83eda47dd838066f71d767559 - - default default] No more DHCP agents
2026-06-03 08:44:03.816 8 WARNING neutron.api.rpc.agentnotifiers.dhcp_rpc_agent_api [None req-0571d1dd-f0c1-4915-ab74-84fe685e0a26 052615b5e01e43eb870986cc712137cd cbae2db83eda47dd838066f71d767559 - - default default] Unable to schedule network aa54fe18-1952-4f54-bb6f-d1708b1cf474: no agents available; will retry on subsequent port and subnet creation events.
2026-06-03 08:44:03.877 7 INFO neutron.plugins.ml2.drivers.ovn.mech_driver.mech_driver [None req-b784dcdf-c302-4f27-a5dc-2bf2c7b3fd69 - - - - - -] OVN reports status down for port: 293c5d2a-fbff-48f9-9a9b-d5f6e44d659d
2026-06-03 08:44:03.890 8 INFO neutron.db.ovn_revision_numbers_db [None req-0571d1dd-f0c1-4915-ab74-84fe685e0a26 052615b5e01e43eb870986cc712137cd cbae2db83eda47dd838066f71d767559 - - default default] Successfully bumped revision number for resource 293c5d2a-fbff-48f9-9a9b-d5f6e44d659d (type: ports) to 1 [pid: 8|app: 0|req: 594/1178] 10.0.0.72 () {34 vars in 669 bytes} [Wed Jun 3 08:44:03 2026] POST /v2.0/networks => generated 672 bytes in 563 msecs (HTTP/1.1 201) 4 headers in 162 bytes (1 switches on core 0)
2026-06-03 08:44:04.079 7 INFO neutron.db.ovn_revision_numbers_db [None req-3410d29c-a3f6-4d2c-8cc3-0837bade3146 fc652f9a4ac34e8caa16a128b574ab44 dc853de8e6b24679a6baec28d07710e3 - - default default] Successfully bumped revision number for resource 5167b170-5070-48bf-b563-46cea13224ee (type: security_groups) to 1
2026-06-03 08:44:04.091 7 INFO neutron.db.ovn_revision_numbers_db [None req-3410d29c-a3f6-4d2c-8cc3-0837bade3146 fc652f9a4ac34e8caa16a128b574ab44 dc853de8e6b24679a6baec28d07710e3 - - default default] Successfully bumped revision number for resource 21e04539-e7cd-4b1d-9b8a-f1dcf934fc6d (type: security_group_rules) to 0
2026-06-03 08:44:04.093 8 WARNING neutron.scheduler.dhcp_agent_scheduler [None req-ed39a8f9-c018-4ab6-89fe-b6e3851a7944 052615b5e01e43eb870986cc712137cd cbae2db83eda47dd838066f71d767559 - - default default] No more DHCP agents
2026-06-03 08:44:04.094 8 WARNING neutron.api.rpc.agentnotifiers.dhcp_rpc_agent_api [None req-ed39a8f9-c018-4ab6-89fe-b6e3851a7944 052615b5e01e43eb870986cc712137cd cbae2db83eda47dd838066f71d767559 - - default default] Unable to schedule network aa54fe18-1952-4f54-bb6f-d1708b1cf474: no agents available; will retry on subsequent port and subnet creation events.
2026-06-03 08:44:04.106 7 INFO neutron.db.ovn_revision_numbers_db [None req-3410d29c-a3f6-4d2c-8cc3-0837bade3146 fc652f9a4ac34e8caa16a128b574ab44 dc853de8e6b24679a6baec28d07710e3 - - default default] Successfully bumped revision number for resource 79606b8f-91e2-49ab-b1c1-3b9d1983242c (type: security_group_rules) to 0
2026-06-03 08:44:04.118 7 INFO neutron.db.ovn_revision_numbers_db [None req-3410d29c-a3f6-4d2c-8cc3-0837bade3146 fc652f9a4ac34e8caa16a128b574ab44 dc853de8e6b24679a6baec28d07710e3 - - default default] Successfully bumped revision number for resource 8665e2c1-999b-4e45-99dd-d03d1526b284 (type: security_group_rules) to 0
2026-06-03 08:44:04.124 8 INFO neutron.db.ovn_revision_numbers_db [None req-ed39a8f9-c018-4ab6-89fe-b6e3851a7944 052615b5e01e43eb870986cc712137cd cbae2db83eda47dd838066f71d767559 - - default default] Successfully bumped revision number for resource 55709611-9a35-4cdc-ac14-99eee712d9e6 (type: subnets) to 0
2026-06-03 08:44:04.130 7 INFO neutron.db.ovn_revision_numbers_db [None req-3410d29c-a3f6-4d2c-8cc3-0837bade3146 fc652f9a4ac34e8caa16a128b574ab44 dc853de8e6b24679a6baec28d07710e3 - - default default] Successfully bumped revision number for resource a3291cd7-505c-4336-bd4d-d8b89e9a94c9 (type: security_group_rules) to 0 [pid: 8|app: 0|req: 595/1179] 10.0.0.72 () {34 vars in 668 bytes} [Wed Jun 3 08:44:03 2026] POST /v2.0/subnets => generated 646 bytes in 224 msecs (HTTP/1.1 201) 4 headers in 162 bytes (1 switches on core 0)
2026-06-03 08:44:04.199 7 INFO neutron.db.segments_db [None req-3410d29c-a3f6-4d2c-8cc3-0837bade3146 fc652f9a4ac34e8caa16a128b574ab44 dc853de8e6b24679a6baec28d07710e3 - - default default] Added segment 6534f329-bade-4b5e-9402-3b12e6dec4d2 of type geneve for network 8cd4432b-7dc3-44c7-b0c5-367e8e337335
2026-06-03 08:44:04.247 8 INFO neutron.db.ovn_revision_numbers_db [None req-0d6ccb1c-538a-49c1-971c-6cb3727092cd 052615b5e01e43eb870986cc712137cd cbae2db83eda47dd838066f71d767559 - - default default] Successfully bumped revision number for resource 63511fc4-e0a5-424a-b494-fa60651d1843 (type: routers) to 1 [pid: 8|app: 0|req: 596/1180] 10.0.0.72 () {34 vars in 668 bytes} [Wed Jun 3 08:44:04 2026] POST /v2.0/routers => generated 607 bytes in 123 msecs (HTTP/1.1 201) 4 headers in 162 bytes (1 switches on core 0)
2026-06-03 08:44:04.308 7 INFO neutron.db.ovn_revision_numbers_db [None req-3410d29c-a3f6-4d2c-8cc3-0837bade3146 fc652f9a4ac34e8caa16a128b574ab44 dc853de8e6b24679a6baec28d07710e3 - - default default] Successfully bumped revision number for resource 8cd4432b-7dc3-44c7-b0c5-367e8e337335 (type: networks) to 1
2026-06-03 08:44:04.434 7 WARNING neutron.scheduler.dhcp_agent_scheduler [None req-3410d29c-a3f6-4d2c-8cc3-0837bade3146 fc652f9a4ac34e8caa16a128b574ab44 dc853de8e6b24679a6baec28d07710e3 - - default default] No more DHCP agents
2026-06-03 08:44:04.436 7 WARNING neutron.api.rpc.agentnotifiers.dhcp_rpc_agent_api [None req-3410d29c-a3f6-4d2c-8cc3-0837bade3146 fc652f9a4ac34e8caa16a128b574ab44 dc853de8e6b24679a6baec28d07710e3 - - default default] Unable to schedule network 8cd4432b-7dc3-44c7-b0c5-367e8e337335: no agents available; will retry on subsequent port and subnet creation events.
2026-06-03 08:44:04.522 7 INFO neutron.db.ovn_revision_numbers_db [None req-3410d29c-a3f6-4d2c-8cc3-0837bade3146 fc652f9a4ac34e8caa16a128b574ab44 dc853de8e6b24679a6baec28d07710e3 - - default default] Successfully bumped revision number for resource cfb9e6b6-1bde-4d28-812b-17062ed2f30f (type: ports) to 1 [pid: 7|app: 0|req: 585/1181] 10.0.0.72 () {34 vars in 670 bytes} [Wed Jun 3 08:44:03 2026] POST /v2.0/networks => generated 785 bytes in 806 msecs (HTTP/1.1 201) 4 headers in 162 bytes (1 switches on core 0)
2026-06-03 08:44:04.639 7 WARNING neutron.scheduler.dhcp_agent_scheduler [None req-19fbdc71-6730-463e-9ab8-f67d47648f4a fc652f9a4ac34e8caa16a128b574ab44 dc853de8e6b24679a6baec28d07710e3 - - default default] No more DHCP agents
2026-06-03 08:44:04.640 7 WARNING neutron.api.rpc.agentnotifiers.dhcp_rpc_agent_api [None req-19fbdc71-6730-463e-9ab8-f67d47648f4a fc652f9a4ac34e8caa16a128b574ab44 dc853de8e6b24679a6baec28d07710e3 - - default default] Unable to schedule network 8cd4432b-7dc3-44c7-b0c5-367e8e337335: no agents available; will retry on subsequent port and subnet creation events.
2026-06-03 08:44:04.647 8 WARNING neutron.scheduler.dhcp_agent_scheduler [None req-e08b5326-ab9a-4ff7-b2d4-09d4c49abe0a 052615b5e01e43eb870986cc712137cd cbae2db83eda47dd838066f71d767559 - - default default] No more DHCP agents
2026-06-03 08:44:04.648 8 WARNING neutron.api.rpc.agentnotifiers.dhcp_rpc_agent_api [None req-e08b5326-ab9a-4ff7-b2d4-09d4c49abe0a 052615b5e01e43eb870986cc712137cd cbae2db83eda47dd838066f71d767559 - - default default] Unable to schedule network aa54fe18-1952-4f54-bb6f-d1708b1cf474: no agents available; will retry on subsequent port and subnet creation events.
2026-06-03 08:44:04.744 7 INFO neutron.plugins.ml2.drivers.ovn.mech_driver.mech_driver [None req-b784dcdf-c302-4f27-a5dc-2bf2c7b3fd69 - - - - - -] OVN reports status down for port: 6a971964-f8be-4d74-9c02-ab3667b652b2
2026-06-03 08:44:04.747 8 INFO neutron.db.ovn_revision_numbers_db [None req-e08b5326-ab9a-4ff7-b2d4-09d4c49abe0a 052615b5e01e43eb870986cc712137cd cbae2db83eda47dd838066f71d767559 - - default default] Successfully bumped revision number for resource 6a971964-f8be-4d74-9c02-ab3667b652b2 (type: ports) to 1
2026-06-03 08:44:05.111 7 INFO neutron.db.ovn_revision_numbers_db [None req-972c32cb-8e7a-4a66-a8ee-66171192ec67 - - - - - -] Successfully bumped revision number for resource cfb9e6b6-1bde-4d28-812b-17062ed2f30f (type: ports) to 2
2026-06-03 08:44:05.139 7 INFO neutron.db.ovn_revision_numbers_db [None req-972c32cb-8e7a-4a66-a8ee-66171192ec67 - - - - - -] Successfully bumped revision number for resource cbc1c41c-299f-471e-9676-a3f024b97216 (type: subnets) to 0 [pid: 7|app: 0|req: 586/1182] 10.0.0.72 () {34 vars in 668 bytes} [Wed Jun 3 08:44:04 2026] POST /v2.0/subnets => generated 691 bytes in 612 msecs (HTTP/1.1 201) 4 headers in 162 bytes (1 switches on core 0)
2026-06-03 08:44:05.246 7 INFO neutron.plugins.ml2.drivers.ovn.mech_driver.mech_driver [None req-b784dcdf-c302-4f27-a5dc-2bf2c7b3fd69 - - - - - -] OVN reports status up for port: 6a971964-f8be-4d74-9c02-ab3667b652b2 [pid: 7|app: 0|req: 587/1183] 10.0.0.170 () {34 vars in 990 bytes} [Wed Jun 3 08:44:05 2026] GET /v2.0/ports?device_id=e9bd6881-498c-406f-b0da-ca28d4dae298 => generated 971 bytes in 113 msecs (HTTP/1.1 200) 4 headers in 157 bytes (1 switches on core 0)
2026-06-03 08:44:05.270 7 INFO neutron.plugins.ml2.plugin [None req-b784dcdf-c302-4f27-a5dc-2bf2c7b3fd69 - - - - - -] Attempt 1 to provision port 6a971964-f8be-4d74-9c02-ab3667b652b2
2026-06-03 08:44:05.283 8 WARNING neutron.scheduler.dhcp_agent_scheduler [None req-e08b5326-ab9a-4ff7-b2d4-09d4c49abe0a 052615b5e01e43eb870986cc712137cd cbae2db83eda47dd838066f71d767559 - - default default] No more DHCP agents
2026-06-03 08:44:05.284 8 WARNING neutron.api.rpc.agentnotifiers.dhcp_rpc_agent_api [None req-e08b5326-ab9a-4ff7-b2d4-09d4c49abe0a 052615b5e01e43eb870986cc712137cd cbae2db83eda47dd838066f71d767559 - - default default] Unable to schedule network aa54fe18-1952-4f54-bb6f-d1708b1cf474: no agents available; will retry on subsequent port and subnet creation events.
2026-06-03 08:44:05.446 8 INFO neutron.db.ovn_revision_numbers_db [None req-e08b5326-ab9a-4ff7-b2d4-09d4c49abe0a 052615b5e01e43eb870986cc712137cd cbae2db83eda47dd838066f71d767559 - - default default] Successfully bumped revision number for resource 6a971964-f8be-4d74-9c02-ab3667b652b2 (type: router_ports) to 1 [pid: 8|app: 0|req: 597/1184] 10.0.0.72 () {34 vars in 782 bytes} [Wed Jun 3 08:44:04 2026] PUT /v2.0/routers/63511fc4-e0a5-424a-b494-fa60651d1843/add_router_interface => generated 309 bytes in 1176 msecs (HTTP/1.1 200) 4 headers in 157 bytes (1 switches on core 0)
2026-06-03 08:44:05.675 8 WARNING neutron.plugins.ml2.drivers.ovn.mech_driver.ovsdb.ovn_client [None req-2a1c3e05-55de-46f3-83f4-fdb3d226d38a - - - - - -] No port found with ID ff867c24-9629-43a1-9ad4-c47ea95ec3ef: RuntimeError: No port found with ID ff867c24-9629-43a1-9ad4-c47ea95ec3ef
2026-06-03 08:44:05.676 8 INFO neutron.plugins.ml2.drivers.ovn.mech_driver.mech_driver [None req-2a1c3e05-55de-46f3-83f4-fdb3d226d38a - - - - - -] OVN reports status down for port: b8b87671-ab57-4db1-b56b-91a49aed93f2
2026-06-03 08:44:05.690 8 INFO neutron.plugins.ml2.drivers.ovn.mech_driver.mech_driver [None req-2a1c3e05-55de-46f3-83f4-fdb3d226d38a - - - - - -] OVN reports status down for port: b8b87671-ab57-4db1-b56b-91a49aed93f2
2026-06-03 08:44:05.713 8 INFO neutron.plugins.ml2.drivers.ovn.mech_driver.mech_driver [None req-2a1c3e05-55de-46f3-83f4-fdb3d226d38a - - - - - -] OVN reports status down for port: cfb9e6b6-1bde-4d28-812b-17062ed2f30f
2026-06-03 08:44:05.851 8 INFO neutron.db.ovn_revision_numbers_db [None req-d4db641b-92f6-4a78-b359-accd806f3225 7788c8c3ff454edea2ee14d2e2d4cf59 a9eefc14293246e38bc68cc6c1529a01 - - default default] Successfully bumped revision number for resource 2f232241-7c33-471b-9305-44c623951ff2 (type: security_groups) to 1
2026-06-03 08:44:05.869 8 INFO neutron.db.ovn_revision_numbers_db [None req-d4db641b-92f6-4a78-b359-accd806f3225 7788c8c3ff454edea2ee14d2e2d4cf59 a9eefc14293246e38bc68cc6c1529a01 - - default default] Successfully bumped revision number for resource 4ad54bb8-44d7-4c2d-9ea4-558dde2ea06b (type: security_group_rules) to 0
2026-06-03 08:44:05.885 8 INFO neutron.db.ovn_revision_numbers_db [None req-d4db641b-92f6-4a78-b359-accd806f3225 7788c8c3ff454edea2ee14d2e2d4cf59 a9eefc14293246e38bc68cc6c1529a01 - - default default] Successfully bumped revision number for resource 5d308c1c-fb2c-40be-a020-d297a679892b (type: security_group_rules) to 0
2026-06-03 08:44:05.897 8 INFO neutron.db.ovn_revision_numbers_db [None req-d4db641b-92f6-4a78-b359-accd806f3225 7788c8c3ff454edea2ee14d2e2d4cf59 a9eefc14293246e38bc68cc6c1529a01 - - default default] Successfully bumped revision number for resource ac8053c2-1ee3-406a-bbf6-4727f1999cef (type: security_group_rules) to 0
2026-06-03 08:44:05.908 8 INFO neutron.db.ovn_revision_numbers_db [None req-d4db641b-92f6-4a78-b359-accd806f3225 7788c8c3ff454edea2ee14d2e2d4cf59 a9eefc14293246e38bc68cc6c1529a01 - - default default] Successfully bumped revision number for resource c53ce4c6-5a87-406e-bccf-5937b876b3f8 (type: security_group_rules) to 0
2026-06-03 08:44:05.988 8 INFO neutron.db.segments_db [None req-d4db641b-92f6-4a78-b359-accd806f3225 7788c8c3ff454edea2ee14d2e2d4cf59 a9eefc14293246e38bc68cc6c1529a01 - - default default] Added segment 657e66c6-2949-4aa4-b587-eaeb6cfcd990 of type geneve for network 095c4ae2-0eb8-4f62-b90b-02cb0ae1a944
2026-06-03 08:44:06.033 7 INFO neutron.db.ovn_revision_numbers_db [None req-b784dcdf-c302-4f27-a5dc-2bf2c7b3fd69 - - - - - -] Successfully bumped revision number for resource 6a971964-f8be-4d74-9c02-ab3667b652b2 (type: ports) to 2
2026-06-03 08:44:06.089 8 INFO neutron.db.ovn_revision_numbers_db [None req-d4db641b-92f6-4a78-b359-accd806f3225 7788c8c3ff454edea2ee14d2e2d4cf59 a9eefc14293246e38bc68cc6c1529a01 - - default default] Successfully bumped revision number for resource 095c4ae2-0eb8-4f62-b90b-02cb0ae1a944 (type: networks) to 1
2026-06-03 08:44:06.129 7 WARNING neutron.scheduler.dhcp_agent_scheduler [None req-41110361-e8e9-4678-96c7-c42ad5bc53fa fc652f9a4ac34e8caa16a128b574ab44 dc853de8e6b24679a6baec28d07710e3 - - default default] No more DHCP agents
2026-06-03 08:44:06.130 7 WARNING neutron.api.rpc.agentnotifiers.dhcp_rpc_agent_api [None req-41110361-e8e9-4678-96c7-c42ad5bc53fa fc652f9a4ac34e8caa16a128b574ab44 dc853de8e6b24679a6baec28d07710e3 - - default default] Unable to schedule network e87aa271-31d5-4204-8ee3-976f2b726a7f: no agents available; will retry on subsequent port and subnet creation events.
2026-06-03 08:44:06.236 8 INFO neutron.plugins.ml2.drivers.ovn.mech_driver.mech_driver [None req-2a1c3e05-55de-46f3-83f4-fdb3d226d38a - - - - - -] OVN reports status down for port: 6150f653-a9b1-47f4-bb5c-a554ada1714a
2026-06-03 08:44:06.242 8 WARNING neutron.scheduler.dhcp_agent_scheduler [None req-d4db641b-92f6-4a78-b359-accd806f3225 7788c8c3ff454edea2ee14d2e2d4cf59 a9eefc14293246e38bc68cc6c1529a01 - - default default] No more DHCP agents
2026-06-03 08:44:06.246 8 WARNING neutron.api.rpc.agentnotifiers.dhcp_rpc_agent_api [None req-d4db641b-92f6-4a78-b359-accd806f3225 7788c8c3ff454edea2ee14d2e2d4cf59 a9eefc14293246e38bc68cc6c1529a01 - - default default] Unable to schedule network 095c4ae2-0eb8-4f62-b90b-02cb0ae1a944: no agents available; will retry on subsequent port and subnet creation events.
2026-06-03 08:44:06.247 7 INFO neutron.db.ovn_revision_numbers_db [None req-41110361-e8e9-4678-96c7-c42ad5bc53fa fc652f9a4ac34e8caa16a128b574ab44 dc853de8e6b24679a6baec28d07710e3 - - default default] Successfully bumped revision number for resource 6150f653-a9b1-47f4-bb5c-a554ada1714a (type: ports) to 1
2026-06-03 08:44:06.365 8 INFO neutron.db.ovn_revision_numbers_db [None req-d4db641b-92f6-4a78-b359-accd806f3225 7788c8c3ff454edea2ee14d2e2d4cf59 a9eefc14293246e38bc68cc6c1529a01 - - default default] Successfully bumped revision number for resource 71e26203-7d2a-42c2-b55c-8a2680be0d19 (type: ports) to 1 [pid: 8|app: 0|req: 598/1185] 10.0.0.72 () {34 vars in 669 bytes} [Wed Jun 3 08:44:05 2026] POST /v2.0/networks => generated 682 bytes in 946 msecs (HTTP/1.1 201) 4 headers in 162 bytes (1 switches on core 0) [pid: 8|app: 0|req: 599/1186] 10.0.0.170 () {34 vars in 1040 bytes} [Wed Jun 3 08:44:06 2026] GET /v2.0/security-groups?id=35b1d3cb-3c6b-475f-8088-3d05a0dd48ed&fields=id&fields=name => generated 114 bytes in 24 msecs (HTTP/1.1 200) 4 headers in 157 bytes (1 switches on core 0) [pid: 8|app: 0|req: 600/1187] 10.0.0.72 () {32 vars in 716 bytes} [Wed Jun 3 08:44:06 2026] GET /v2.0/ports/6a971964-f8be-4d74-9c02-ab3667b652b2 => generated 947 bytes in 35 msecs (HTTP/1.1 200) 4 headers in 157 bytes (1 switches on core 0)
2026-06-03 08:44:06.664 8 WARNING neutron.scheduler.dhcp_agent_scheduler [None req-b3c7ac56-0644-4f74-a3f8-252b64bc0c9a 7788c8c3ff454edea2ee14d2e2d4cf59 a9eefc14293246e38bc68cc6c1529a01 - - default default] No more DHCP agents
2026-06-03 08:44:06.665 8 WARNING neutron.api.rpc.agentnotifiers.dhcp_rpc_agent_api [None req-b3c7ac56-0644-4f74-a3f8-252b64bc0c9a 7788c8c3ff454edea2ee14d2e2d4cf59 a9eefc14293246e38bc68cc6c1529a01 - - default default] Unable to schedule network 095c4ae2-0eb8-4f62-b90b-02cb0ae1a944: no agents available; will retry on subsequent port and subnet creation events.
2026-06-03 08:44:06.760 8 INFO neutron.db.ovn_revision_numbers_db [None req-b3c7ac56-0644-4f74-a3f8-252b64bc0c9a 7788c8c3ff454edea2ee14d2e2d4cf59 a9eefc14293246e38bc68cc6c1529a01 - - default default] Successfully bumped revision number for resource 8d90abf8-8285-4840-9575-9cadf5e2334f (type: ports) to 1 [pid: 8|app: 0|req: 603/1190] 10.0.0.72 () {34 vars in 664 bytes} [Wed Jun 3 08:44:06 2026] POST /v2.0/ports => generated 775 bytes in 347 msecs (HTTP/1.1 201) 4 headers in 162 bytes (1 switches on core 0) /var/lib/openstack/lib/python3.12/site-packages/pycadf/identifier.py:70: UserWarning: Invalid uuid: neutron. To ensure interoperability, identifiers should be a valid uuid. warnings.warn(('Invalid uuid: %s. To ensure interoperability, ' [pid: 8|app: 0|req: 604/1191] 10.0.0.72 () {32 vars in 716 bytes} [Wed Jun 3 08:44:06 2026] GET /v2.0/ports/6a971964-f8be-4d74-9c02-ab3667b652b2 => generated 947 bytes in 29 msecs (HTTP/1.1 200) 4 headers in 157 bytes (1 switches on core 0) [pid: 8|app: 0|req: 605/1192] 10.0.0.170 () {34 vars in 990 bytes} [Wed Jun 3 08:44:06 2026] GET /v2.0/ports?device_id=e9bd6881-498c-406f-b0da-ca28d4dae298 => generated 971 bytes in 63 msecs (HTTP/1.1 200) 4 headers in 157 bytes (1 switches on core 0)
2026-06-03 08:44:06.908 7 INFO neutron.plugins.ml2.drivers.ovn.mech_driver.ovsdb.commands [None req-098a2336-e8b5-4d79-bf4f-7000d383442f - - - - - -] Schedule LRP lrp-6150f653-a9b1-47f4-bb5c-a554ada1714a on gateway 7ac72ad2-b675-433c-9784-3ec6f3c3fa10 with priority 1
2026-06-03 08:44:06.978 7 INFO neutron.db.ovn_revision_numbers_db [None req-41110361-e8e9-4678-96c7-c42ad5bc53fa fc652f9a4ac34e8caa16a128b574ab44 dc853de8e6b24679a6baec28d07710e3 - - default default] Successfully bumped revision number for resource 6150f653-a9b1-47f4-bb5c-a554ada1714a (type: router_ports) to 1
2026-06-03 08:44:06.982 8 INFO neutron.plugins.ml2.drivers.ovn.mech_driver.mech_driver [None req-2a1c3e05-55de-46f3-83f4-fdb3d226d38a - - - - - -] OVN reports status up for port: 6150f653-a9b1-47f4-bb5c-a554ada1714a
2026-06-03 08:44:06.996 8 INFO neutron.plugins.ml2.drivers.ovn.mech_driver.ovsdb.ovsdb_monitor [None req-fb9b6abd-0f4d-4d31-8748-9732626a649c - - - - - -] Router 4b5d4451-8a02-4983-9d16-abb4798d3430 is bound to host instance
2026-06-03 08:44:07.001 8 INFO neutron.plugins.ml2.plugin [None req-2a1c3e05-55de-46f3-83f4-fdb3d226d38a - - - - - -] Attempt 1 to provision port 6150f653-a9b1-47f4-bb5c-a554ada1714a
2026-06-03 08:44:07.049 8 INFO neutron.db.segments_db [None req-21fcda97-ed0e-4703-940e-dc7b8f633923 7788c8c3ff454edea2ee14d2e2d4cf59 a9eefc14293246e38bc68cc6c1529a01 - - default default] Added segment 09b9b0f7-159d-4f0b-b1f8-8b11e528d4c7 of type geneve for network 65bac566-9dd8-42c6-91e1-409d5914e7f2
2026-06-03 08:44:07.051 7 INFO neutron.db.ovn_revision_numbers_db [None req-41110361-e8e9-4678-96c7-c42ad5bc53fa fc652f9a4ac34e8caa16a128b574ab44 dc853de8e6b24679a6baec28d07710e3 - - default default] Successfully bumped revision number for resource 4b5d4451-8a02-4983-9d16-abb4798d3430 (type: routers) to 2 [pid: 7|app: 0|req: 588/1193] 10.0.0.72 () {34 vars in 668 bytes} [Wed Jun 3 08:44:05 2026] POST /v2.0/routers => generated 969 bytes in 1799 msecs (HTTP/1.1 201) 4 headers in 162 bytes (1 switches on core 0)
2026-06-03 08:44:07.316 8 INFO neutron.db.ovn_revision_numbers_db [None req-21fcda97-ed0e-4703-940e-dc7b8f633923 7788c8c3ff454edea2ee14d2e2d4cf59 a9eefc14293246e38bc68cc6c1529a01 - - default default] Successfully bumped revision number for resource 65bac566-9dd8-42c6-91e1-409d5914e7f2 (type: networks) to 1
2026-06-03 08:44:07.339 7 INFO neutron_taas.services.taas.taas_plugin [None req-7c706081-9862-4662-9449-afa928bab576 052615b5e01e43eb870986cc712137cd cbae2db83eda47dd838066f71d767559 - - default default] TaaS: Handle Delete Port: 6a971964-f8be-4d74-9c02-ab3667b652b2
2026-06-03 08:44:07.342 7 INFO neutron_taas.services.taas.tap_mirror_plugin [None req-7c706081-9862-4662-9449-afa928bab576 052615b5e01e43eb870986cc712137cd cbae2db83eda47dd838066f71d767559 - - default default] Tap Mirror: Handle Delete Port: 6a971964-f8be-4d74-9c02-ab3667b652b2
2026-06-03 08:44:07.636 8 WARNING neutron.scheduler.dhcp_agent_scheduler [None req-21fcda97-ed0e-4703-940e-dc7b8f633923 7788c8c3ff454edea2ee14d2e2d4cf59 a9eefc14293246e38bc68cc6c1529a01 - - default default] No more DHCP agents [pid: 7|app: 0|req: 589/1194] 10.0.0.72 () {34 vars in 788 bytes} [Wed Jun 3 08:44:07 2026] PUT /v2.0/routers/63511fc4-e0a5-424a-b494-fa60651d1843/remove_router_interface => generated 309 bytes in 567 msecs (HTTP/1.1 200) 4 headers in 157 bytes (1 switches on core 0)
2026-06-03 08:44:07.638 8 WARNING neutron.api.rpc.agentnotifiers.dhcp_rpc_agent_api [None req-21fcda97-ed0e-4703-940e-dc7b8f633923 7788c8c3ff454edea2ee14d2e2d4cf59 a9eefc14293246e38bc68cc6c1529a01 - - default default] Unable to schedule network 65bac566-9dd8-42c6-91e1-409d5914e7f2: no agents available; will retry on subsequent port and subnet creation events. /var/lib/openstack/lib/python3.12/site-packages/pycadf/identifier.py:70: UserWarning: Invalid uuid: neutron. To ensure interoperability, identifiers should be a valid uuid. warnings.warn(('Invalid uuid: %s. To ensure interoperability, ' [pid: 7|app: 0|req: 590/1195] 10.0.0.170 () {34 vars in 1040 bytes} [Wed Jun 3 08:44:07 2026] GET /v2.0/security-groups?id=35b1d3cb-3c6b-475f-8088-3d05a0dd48ed&fields=id&fields=name => generated 114 bytes in 29 msecs (HTTP/1.1 200) 4 headers in 157 bytes (1 switches on core 0)
2026-06-03 08:44:07.783 8 INFO neutron.db.ovn_revision_numbers_db [None req-21fcda97-ed0e-4703-940e-dc7b8f633923 7788c8c3ff454edea2ee14d2e2d4cf59 a9eefc14293246e38bc68cc6c1529a01 - - default default] Successfully bumped revision number for resource 12886dce-1fa8-4ee7-aa1b-bbe1e4b4f4f4 (type: ports) to 1 [pid: 8|app: 0|req: 606/1196] 10.0.0.72 () {34 vars in 669 bytes} [Wed Jun 3 08:44:06 2026] POST /v2.0/networks => generated 669 bytes in 933 msecs (HTTP/1.1 201) 4 headers in 162 bytes (1 switches on core 0) [pid: 8|app: 0|req: 607/1197] 10.0.0.72 () {32 vars in 735 bytes} [Wed Jun 3 08:44:07 2026] GET /v2.0/ports?device_id=63511fc4-e0a5-424a-b494-fa60651d1843 => generated 12 bytes in 23 msecs (HTTP/1.1 200) 4 headers in 156 bytes (1 switches on core 0)
2026-06-03 08:44:08.137 7 WARNING neutron.scheduler.dhcp_agent_scheduler [None req-296f7640-473d-4d97-8bbc-4a94e8000236 fc652f9a4ac34e8caa16a128b574ab44 dc853de8e6b24679a6baec28d07710e3 - - default default] No more DHCP agents
2026-06-03 08:44:08.139 7 WARNING neutron.api.rpc.agentnotifiers.dhcp_rpc_agent_api [None req-296f7640-473d-4d97-8bbc-4a94e8000236 fc652f9a4ac34e8caa16a128b574ab44 dc853de8e6b24679a6baec28d07710e3 - - default default] Unable to schedule network 8cd4432b-7dc3-44c7-b0c5-367e8e337335: no agents available; will retry on subsequent port and subnet creation events.
2026-06-03 08:44:08.180 8 WARNING neutron.scheduler.dhcp_agent_scheduler [None req-edfadaf7-2222-4456-a76f-9542aa24f048 7788c8c3ff454edea2ee14d2e2d4cf59 a9eefc14293246e38bc68cc6c1529a01 - - default default] No more DHCP agents
2026-06-03 08:44:08.183 8 WARNING neutron.api.rpc.agentnotifiers.dhcp_rpc_agent_api [None req-edfadaf7-2222-4456-a76f-9542aa24f048 7788c8c3ff454edea2ee14d2e2d4cf59 a9eefc14293246e38bc68cc6c1529a01 - - default default] Unable to schedule network 65bac566-9dd8-42c6-91e1-409d5914e7f2: no agents available; will retry on subsequent port and subnet creation events.
2026-06-03 08:44:08.285 7 INFO neutron.db.ovn_revision_numbers_db [None req-296f7640-473d-4d97-8bbc-4a94e8000236 fc652f9a4ac34e8caa16a128b574ab44 dc853de8e6b24679a6baec28d07710e3 - - default default] Successfully bumped revision number for resource 8aa77f94-3f03-4184-8992-640b08eba7e7 (type: ports) to 1
2026-06-03 08:44:08.612 8 INFO neutron.db.ovn_revision_numbers_db [None req-64836a0c-ea38-4162-8cd0-75ba90cd67f9 - - - - - -] Successfully bumped revision number for resource 6150f653-a9b1-47f4-bb5c-a554ada1714a (type: ports) to 4
2026-06-03 08:44:08.944 7 WARNING neutron.scheduler.dhcp_agent_scheduler [None req-296f7640-473d-4d97-8bbc-4a94e8000236 fc652f9a4ac34e8caa16a128b574ab44 dc853de8e6b24679a6baec28d07710e3 - - default default] No more DHCP agents
2026-06-03 08:44:08.945 7 WARNING neutron.api.rpc.agentnotifiers.dhcp_rpc_agent_api [None req-296f7640-473d-4d97-8bbc-4a94e8000236 fc652f9a4ac34e8caa16a128b574ab44 dc853de8e6b24679a6baec28d07710e3 - - default default] Unable to schedule network 8cd4432b-7dc3-44c7-b0c5-367e8e337335: no agents available; will retry on subsequent port and subnet creation events.
2026-06-03 08:44:09.044 8 INFO neutron.db.ovn_revision_numbers_db [None req-3e32937b-7cfe-4660-bab2-58bc2d46d9d5 - - - - - -] Successfully bumped revision number for resource 12886dce-1fa8-4ee7-aa1b-bbe1e4b4f4f4 (type: ports) to 2
2026-06-03 08:44:09.128 8 INFO neutron.db.ovn_revision_numbers_db [None req-3e32937b-7cfe-4660-bab2-58bc2d46d9d5 - - - - - -] Successfully bumped revision number for resource 630ea757-b776-46a1-a88a-2753dc4ec1ab (type: subnets) to 0 [pid: 8|app: 0|req: 608/1198] 10.0.0.72 () {34 vars in 668 bytes} [Wed Jun 3 08:44:07 2026] POST /v2.0/subnets => generated 626 bytes in 1304 msecs (HTTP/1.1 201) 4 headers in 162 bytes (1 switches on core 0)
2026-06-03 08:44:09.265 8 INFO neutron.db.ovn_revision_numbers_db [None req-64836a0c-ea38-4162-8cd0-75ba90cd67f9 - - - - - -] Successfully bumped revision number for resource 6150f653-a9b1-47f4-bb5c-a554ada1714a (type: ports) to 5
2026-06-03 08:44:09.429 7 INFO neutron.db.ovn_revision_numbers_db [None req-296f7640-473d-4d97-8bbc-4a94e8000236 fc652f9a4ac34e8caa16a128b574ab44 dc853de8e6b24679a6baec28d07710e3 - - default default] Successfully bumped revision number for resource 8aa77f94-3f03-4184-8992-640b08eba7e7 (type: router_ports) to 1 [pid: 7|app: 0|req: 591/1199] 10.0.0.72 () {34 vars in 782 bytes} [Wed Jun 3 08:44:07 2026] PUT /v2.0/routers/4b5d4451-8a02-4983-9d16-abb4798d3430/add_router_interface => generated 309 bytes in 1769 msecs (HTTP/1.1 200) 4 headers in 157 bytes (1 switches on core 0) [pid: 7|app: 0|req: 592/1200] 10.0.0.170 () {34 vars in 990 bytes} [Wed Jun 3 08:44:09 2026] GET /v2.0/ports?device_id=e9bd6881-498c-406f-b0da-ca28d4dae298 => generated 971 bytes in 29 msecs (HTTP/1.1 200) 4 headers in 157 bytes (1 switches on core 0)
2026-06-03 08:44:09.561 8 INFO neutron.plugins.ml2.drivers.ovn.mech_driver.mech_driver [None req-2a1c3e05-55de-46f3-83f4-fdb3d226d38a - - - - - -] OVN reports status down for port: 8aa77f94-3f03-4184-8992-640b08eba7e7 [pid: 8|app: 0|req: 609/1201] 10.0.0.72 () {32 vars in 723 bytes} [Wed Jun 3 08:44:09 2026] DELETE /v2.0/routers/63511fc4-e0a5-424a-b494-fa60651d1843 => generated 0 bytes in 433 msecs (HTTP/1.1 204) 2 headers in 112 bytes (1 switches on core 0) [pid: 8|app: 0|req: 610/1202] 10.0.0.170 () {34 vars in 1040 bytes} [Wed Jun 3 08:44:09 2026] GET /v2.0/security-groups?id=35b1d3cb-3c6b-475f-8088-3d05a0dd48ed&fields=id&fields=name => generated 114 bytes in 43 msecs (HTTP/1.1 200) 4 headers in 157 bytes (1 switches on core 0)
2026-06-03 08:44:09.689 8 WARNING neutron.plugins.ml2.drivers.ovn.mech_driver.ovsdb.ovn_client [None req-2a1c3e05-55de-46f3-83f4-fdb3d226d38a - - - - - -] Logical_Switch_Port 8aa77f94-3f03-4184-8992-640b08eba7e7 host information not removed, the port state is up
2026-06-03 08:44:09.690 8 INFO neutron.plugins.ml2.drivers.ovn.mech_driver.mech_driver [None req-2a1c3e05-55de-46f3-83f4-fdb3d226d38a - - - - - -] OVN reports status up for port: 8aa77f94-3f03-4184-8992-640b08eba7e7 [pid: 8|app: 0|req: 611/1203] 199.19.213.207 () {34 vars in 1080 bytes} [Wed Jun 3 08:44:09 2026] GET /v2.0/ports?tenant_id=80a9c9730a744a18a31365f19cc8ba4f&device_id=e9bd6881-498c-406f-b0da-ca28d4dae298 => generated 1209 bytes in 58 msecs (HTTP/1.1 200) 4 headers in 158 bytes (1 switches on core 0)
2026-06-03 08:44:09.708 8 INFO neutron.plugins.ml2.plugin [None req-2a1c3e05-55de-46f3-83f4-fdb3d226d38a - - - - - -] Attempt 1 to provision port 8aa77f94-3f03-4184-8992-640b08eba7e7
2026-06-03 08:44:09.793 7 WARNING neutron.scheduler.dhcp_agent_scheduler [None req-3fd3898e-e970-4bf5-a839-11119c04864d 7788c8c3ff454edea2ee14d2e2d4cf59 a9eefc14293246e38bc68cc6c1529a01 - - default default] No more DHCP agents
2026-06-03 08:44:09.794 7 WARNING neutron.api.rpc.agentnotifiers.dhcp_rpc_agent_api [None req-3fd3898e-e970-4bf5-a839-11119c04864d 7788c8c3ff454edea2ee14d2e2d4cf59 a9eefc14293246e38bc68cc6c1529a01 - - default default] Unable to schedule network 65bac566-9dd8-42c6-91e1-409d5914e7f2: no agents available; will retry on subsequent port and subnet creation events.
2026-06-03 08:44:09.951 7 INFO neutron.db.ovn_revision_numbers_db [None req-3fd3898e-e970-4bf5-a839-11119c04864d 7788c8c3ff454edea2ee14d2e2d4cf59 a9eefc14293246e38bc68cc6c1529a01 - - default default] Successfully bumped revision number for resource b4635478-fb60-4846-a114-258d3e3022fd (type: ports) to 1 [pid: 8|app: 0|req: 612/1204] 10.0.0.72 () {32 vars in 723 bytes} [Wed Jun 3 08:44:09 2026] DELETE /v2.0/subnets/55709611-9a35-4cdc-ac14-99eee712d9e6 => generated 0 bytes in 252 msecs (HTTP/1.1 204) 3 headers in 131 bytes (1 switches on core 0) [pid: 7|app: 0|req: 593/1205] 10.0.0.72 () {34 vars in 664 bytes} [Wed Jun 3 08:44:09 2026] POST /v2.0/ports => generated 954 bytes in 548 msecs (HTTP/1.1 201) 4 headers in 162 bytes (1 switches on core 0) /var/lib/openstack/lib/python3.12/site-packages/pycadf/identifier.py:70: UserWarning: Invalid uuid: neutron. To ensure interoperability, identifiers should be a valid uuid. warnings.warn(('Invalid uuid: %s. To ensure interoperability, ' [pid: 8|app: 0|req: 613/1206] 199.19.213.207 () {34 vars in 986 bytes} [Wed Jun 3 08:44:09 2026] GET /v2.0/networks?id=91fb0f53-d043-4854-817b-e7b760b3f647 => generated 813 bytes in 70 msecs (HTTP/1.1 200) 4 headers in 157 bytes (1 switches on core 0)
2026-06-03 08:44:10.110 7 INFO neutron_taas.services.taas.taas_plugin [None req-534bd7b8-3a0d-424e-8418-335e7d9e047c 052615b5e01e43eb870986cc712137cd cbae2db83eda47dd838066f71d767559 - - default default] TaaS: Handle Delete Port: 293c5d2a-fbff-48f9-9a9b-d5f6e44d659d
2026-06-03 08:44:10.112 7 INFO neutron_taas.services.taas.tap_mirror_plugin [None req-534bd7b8-3a0d-424e-8418-335e7d9e047c 052615b5e01e43eb870986cc712137cd cbae2db83eda47dd838066f71d767559 - - default default] Tap Mirror: Handle Delete Port: 293c5d2a-fbff-48f9-9a9b-d5f6e44d659d
2026-06-03 08:44:10.193 8 INFO neutron.db.ovn_revision_numbers_db [None req-836cab15-7820-468d-84cd-5e2ed0e8bab0 2fcb263e410847e4b789ab0b02ef9153 d4848a32fff544bd8b7d4e2bd63578a2 - - default default] Successfully bumped revision number for resource 206fb7f7-f26b-448f-a72e-a6a1e5efab03 (type: security_groups) to 1
2026-06-03 08:44:10.225 8 INFO neutron.db.ovn_revision_numbers_db [None req-836cab15-7820-468d-84cd-5e2ed0e8bab0 2fcb263e410847e4b789ab0b02ef9153 d4848a32fff544bd8b7d4e2bd63578a2 - - default default] Successfully bumped revision number for resource 7ba61e51-d0e2-49bc-80b0-e3bb02ba3a16 (type: security_group_rules) to 0
2026-06-03 08:44:10.249 8 INFO neutron.db.ovn_revision_numbers_db [None req-836cab15-7820-468d-84cd-5e2ed0e8bab0 2fcb263e410847e4b789ab0b02ef9153 d4848a32fff544bd8b7d4e2bd63578a2 - - default default] Successfully bumped revision number for resource 87d087a6-06cf-46de-8a65-0990c958e35e (type: security_group_rules) to 0
2026-06-03 08:44:10.291 7 INFO neutron.services.segments.plugin [-] Segment 00f1c8cd-1543-4e47-9bc0-7e4e32bf9041 resource provider aggregate not found
2026-06-03 08:44:10.295 7 INFO neutron.services.segments.plugin [-] Segment 00f1c8cd-1543-4e47-9bc0-7e4e32bf9041 resource provider aggregate not found
