2026-06-03 08:52:42.646 7 INFO neutron.api.v2.resource [None req-c18e2639-a7fc-440a-9162-45ea28e5bef8 c5d0b53ae5ec483d8806ab6e6dc4b51b d5414e59718f4d2fab98ed9a08fde851 - - default default] delete failed (client error): The resource could not be found. [pid: 7|app: 0|req: 1918/3593] 10.0.0.72 () {32 vars in 743 bytes} [Wed Jun 3 08:52:42 2026] DELETE /v2.0/vpn/ipsecpolicies/66b26588-1709-4540-8ca2-b4a2bb01d736 => generated 145 bytes in 12 msecs (HTTP/1.1 404) 4 headers in 164 bytes (1 switches on core 0)
2026-06-03 08:52:42.662 8 INFO neutron.api.v2.resource [None req-042b8a22-1cf2-43a5-b88a-48271f93ac29 c5d0b53ae5ec483d8806ab6e6dc4b51b d5414e59718f4d2fab98ed9a08fde851 - - default default] delete failed (client error): The resource could not be found. [pid: 8|app: 0|req: 1676/3594] 10.0.0.72 () {32 vars in 743 bytes} [Wed Jun 3 08:52:42 2026] DELETE /v2.0/vpn/ipsecpolicies/66b26588-1709-4540-8ca2-b4a2bb01d736 => generated 145 bytes in 12 msecs (HTTP/1.1 404) 4 headers in 164 bytes (1 switches on core 0)
2026-06-03 08:52:42.757 7 INFO neutron.db.segments_db [None req-f91742e7-2572-4c4f-aca4-c0868d24167b c5d0b53ae5ec483d8806ab6e6dc4b51b d5414e59718f4d2fab98ed9a08fde851 - - default default] Added segment d8585c65-f828-4ec2-aeed-3023a9061b8e of type geneve for network ea19eda2-3750-42d2-a917-600b171939be
2026-06-03 08:52:42.849 7 INFO neutron.db.ovn_revision_numbers_db [None req-f91742e7-2572-4c4f-aca4-c0868d24167b c5d0b53ae5ec483d8806ab6e6dc4b51b d5414e59718f4d2fab98ed9a08fde851 - - default default] Successfully bumped revision number for resource ea19eda2-3750-42d2-a917-600b171939be (type: networks) to 1
2026-06-03 08:52:43.010 7 WARNING neutron.scheduler.dhcp_agent_scheduler [None req-f91742e7-2572-4c4f-aca4-c0868d24167b c5d0b53ae5ec483d8806ab6e6dc4b51b d5414e59718f4d2fab98ed9a08fde851 - - default default] No more DHCP agents
2026-06-03 08:52:43.019 7 WARNING neutron.api.rpc.agentnotifiers.dhcp_rpc_agent_api [None req-f91742e7-2572-4c4f-aca4-c0868d24167b c5d0b53ae5ec483d8806ab6e6dc4b51b d5414e59718f4d2fab98ed9a08fde851 - - default default] Unable to schedule network ea19eda2-3750-42d2-a917-600b171939be: no agents available; will retry on subsequent port and subnet creation events.
2026-06-03 08:52:43.067 7 INFO neutron.plugins.ml2.drivers.ovn.mech_driver.mech_driver [None req-d4844e00-dc0c-4e1b-84a0-74c06f92863e - - - - - -] OVN reports status down for port: 7be96807-813b-4173-9072-fcbb3ecd6078
2026-06-03 08:52:43.120 7 INFO neutron.db.ovn_revision_numbers_db [None req-f91742e7-2572-4c4f-aca4-c0868d24167b c5d0b53ae5ec483d8806ab6e6dc4b51b d5414e59718f4d2fab98ed9a08fde851 - - default default] Successfully bumped revision number for resource 7be96807-813b-4173-9072-fcbb3ecd6078 (type: ports) to 1 [pid: 7|app: 0|req: 1919/3595] 10.0.0.72 () {34 vars in 669 bytes} [Wed Jun 3 08:52:42 2026] POST /v2.0/networks => generated 670 bytes in 482 msecs (HTTP/1.1 201) 4 headers in 162 bytes (1 switches on core 0)
2026-06-03 08:52:43.329 8 WARNING neutron.scheduler.dhcp_agent_scheduler [None req-3a44644d-ad18-45eb-8ed8-2ac3b1e328f5 c5d0b53ae5ec483d8806ab6e6dc4b51b d5414e59718f4d2fab98ed9a08fde851 - - default default] No more DHCP agents
2026-06-03 08:52:43.330 8 WARNING neutron.api.rpc.agentnotifiers.dhcp_rpc_agent_api [None req-3a44644d-ad18-45eb-8ed8-2ac3b1e328f5 c5d0b53ae5ec483d8806ab6e6dc4b51b d5414e59718f4d2fab98ed9a08fde851 - - default default] Unable to schedule network ea19eda2-3750-42d2-a917-600b171939be: no agents available; will retry on subsequent port and subnet creation events.
2026-06-03 08:52:43.755 8 INFO neutron.db.ovn_revision_numbers_db [None req-793024be-82b8-4157-81ad-40f49f5db3ef - - - - - -] Successfully bumped revision number for resource 7be96807-813b-4173-9072-fcbb3ecd6078 (type: ports) to 2
2026-06-03 08:52:43.785 8 INFO neutron.db.ovn_revision_numbers_db [None req-793024be-82b8-4157-81ad-40f49f5db3ef - - - - - -] Successfully bumped revision number for resource 73c897b2-6216-4c2f-ae0d-37e41c2500ab (type: subnets) to 0 [pid: 8|app: 0|req: 1677/3596] 10.0.0.72 () {34 vars in 668 bytes} [Wed Jun 3 08:52:43 2026] POST /v2.0/subnets => generated 629 bytes in 642 msecs (HTTP/1.1 201) 4 headers in 162 bytes (1 switches on core 0)
2026-06-03 08:52:44.137 7 WARNING neutron.scheduler.dhcp_agent_scheduler [None req-e3dfb64f-3a6a-4c45-95a8-418da180f1b7 c5d0b53ae5ec483d8806ab6e6dc4b51b d5414e59718f4d2fab98ed9a08fde851 - - default default] No more DHCP agents
2026-06-03 08:52:44.138 7 WARNING neutron.api.rpc.agentnotifiers.dhcp_rpc_agent_api [None req-e3dfb64f-3a6a-4c45-95a8-418da180f1b7 c5d0b53ae5ec483d8806ab6e6dc4b51b d5414e59718f4d2fab98ed9a08fde851 - - default default] Unable to schedule network e87aa271-31d5-4204-8ee3-976f2b726a7f: no agents available; will retry on subsequent port and subnet creation events.
2026-06-03 08:52:44.252 8 INFO neutron.plugins.ml2.drivers.ovn.mech_driver.mech_driver [None req-931cee54-27af-49c8-bf5d-f3ab2eaeb8c4 - - - - - -] OVN reports status down for port: ef8d56ba-d07b-4fbb-8d5f-11c2aa857981
2026-06-03 08:52:44.277 7 INFO neutron.db.ovn_revision_numbers_db [None req-e3dfb64f-3a6a-4c45-95a8-418da180f1b7 c5d0b53ae5ec483d8806ab6e6dc4b51b d5414e59718f4d2fab98ed9a08fde851 - - default default] Successfully bumped revision number for resource ef8d56ba-d07b-4fbb-8d5f-11c2aa857981 (type: ports) to 1
2026-06-03 08:52:44.812 7 INFO neutron.plugins.ml2.drivers.ovn.mech_driver.ovsdb.commands [None req-098a2336-e8b5-4d79-bf4f-7000d383442f - - - - - -] Schedule LRP lrp-ef8d56ba-d07b-4fbb-8d5f-11c2aa857981 on gateway 7ac72ad2-b675-433c-9784-3ec6f3c3fa10 with priority 1
2026-06-03 08:52:44.846 8 INFO neutron.plugins.ml2.drivers.ovn.mech_driver.mech_driver [None req-931cee54-27af-49c8-bf5d-f3ab2eaeb8c4 - - - - - -] OVN reports status up for port: ef8d56ba-d07b-4fbb-8d5f-11c2aa857981
2026-06-03 08:52:44.859 8 INFO neutron.plugins.ml2.plugin [None req-931cee54-27af-49c8-bf5d-f3ab2eaeb8c4 - - - - - -] Attempt 1 to provision port ef8d56ba-d07b-4fbb-8d5f-11c2aa857981
2026-06-03 08:52:44.871 7 INFO neutron.db.ovn_revision_numbers_db [None req-e3dfb64f-3a6a-4c45-95a8-418da180f1b7 c5d0b53ae5ec483d8806ab6e6dc4b51b d5414e59718f4d2fab98ed9a08fde851 - - default default] Successfully bumped revision number for resource ef8d56ba-d07b-4fbb-8d5f-11c2aa857981 (type: router_ports) to 1
2026-06-03 08:52:44.956 7 INFO neutron.db.ovn_revision_numbers_db [None req-e3dfb64f-3a6a-4c45-95a8-418da180f1b7 c5d0b53ae5ec483d8806ab6e6dc4b51b d5414e59718f4d2fab98ed9a08fde851 - - default default] Successfully bumped revision number for resource fd95fe33-0361-4887-826e-9ac29712523f (type: routers) to 2 [pid: 7|app: 0|req: 1920/3597] 10.0.0.72 () {34 vars in 668 bytes} [Wed Jun 3 08:52:43 2026] POST /v2.0/routers => generated 936 bytes in 1169 msecs (HTTP/1.1 201) 4 headers in 162 bytes (1 switches on core 0)
2026-06-03 08:52:45.455 8 WARNING neutron.scheduler.dhcp_agent_scheduler [None req-bd10442d-b142-4c63-8a49-ccec481205ca c5d0b53ae5ec483d8806ab6e6dc4b51b d5414e59718f4d2fab98ed9a08fde851 - - default default] No more DHCP agents
2026-06-03 08:52:45.456 8 WARNING neutron.api.rpc.agentnotifiers.dhcp_rpc_agent_api [None req-bd10442d-b142-4c63-8a49-ccec481205ca c5d0b53ae5ec483d8806ab6e6dc4b51b d5414e59718f4d2fab98ed9a08fde851 - - default default] Unable to schedule network ea19eda2-3750-42d2-a917-600b171939be: no agents available; will retry on subsequent port and subnet creation events.
2026-06-03 08:52:45.613 7 INFO neutron.plugins.ml2.drivers.ovn.mech_driver.mech_driver [None req-d4844e00-dc0c-4e1b-84a0-74c06f92863e - - - - - -] OVN reports status down for port: 261fa429-6110-4890-bf4d-7b5f14dd1893
2026-06-03 08:52:45.627 8 INFO neutron.db.ovn_revision_numbers_db [None req-bd10442d-b142-4c63-8a49-ccec481205ca c5d0b53ae5ec483d8806ab6e6dc4b51b d5414e59718f4d2fab98ed9a08fde851 - - default default] Successfully bumped revision number for resource 261fa429-6110-4890-bf4d-7b5f14dd1893 (type: ports) to 1
2026-06-03 08:52:46.249 7 INFO neutron.plugins.ml2.drivers.ovn.mech_driver.mech_driver [None req-d4844e00-dc0c-4e1b-84a0-74c06f92863e - - - - - -] OVN reports status up for port: 261fa429-6110-4890-bf4d-7b5f14dd1893
2026-06-03 08:52:46.263 7 INFO neutron.plugins.ml2.plugin [None req-d4844e00-dc0c-4e1b-84a0-74c06f92863e - - - - - -] Attempt 1 to provision port 261fa429-6110-4890-bf4d-7b5f14dd1893
2026-06-03 08:52:46.331 8 WARNING neutron.scheduler.dhcp_agent_scheduler [None req-bd10442d-b142-4c63-8a49-ccec481205ca c5d0b53ae5ec483d8806ab6e6dc4b51b d5414e59718f4d2fab98ed9a08fde851 - - default default] No more DHCP agents
2026-06-03 08:52:46.332 8 WARNING neutron.api.rpc.agentnotifiers.dhcp_rpc_agent_api [None req-bd10442d-b142-4c63-8a49-ccec481205ca c5d0b53ae5ec483d8806ab6e6dc4b51b d5414e59718f4d2fab98ed9a08fde851 - - default default] Unable to schedule network ea19eda2-3750-42d2-a917-600b171939be: no agents available; will retry on subsequent port and subnet creation events.
2026-06-03 08:52:46.610 7 INFO neutron.db.ovn_revision_numbers_db [None req-d4844e00-dc0c-4e1b-84a0-74c06f92863e - - - - - -] Successfully bumped revision number for resource 261fa429-6110-4890-bf4d-7b5f14dd1893 (type: ports) to 2
2026-06-03 08:52:46.676 8 INFO neutron.db.ovn_revision_numbers_db [None req-bd10442d-b142-4c63-8a49-ccec481205ca c5d0b53ae5ec483d8806ab6e6dc4b51b d5414e59718f4d2fab98ed9a08fde851 - - default default] Successfully bumped revision number for resource 261fa429-6110-4890-bf4d-7b5f14dd1893 (type: router_ports) to 1 [pid: 8|app: 0|req: 1678/3598] 10.0.0.72 () {34 vars in 782 bytes} [Wed Jun 3 08:52:44 2026] PUT /v2.0/routers/fd95fe33-0361-4887-826e-9ac29712523f/add_router_interface => generated 309 bytes in 1702 msecs (HTTP/1.1 200) 4 headers in 157 bytes (1 switches on core 0) [pid: 8|app: 0|req: 1679/3599] 10.0.0.108 () {28 vars in 619 bytes} [Wed Jun 3 08:52:47 2026] GET /v2.0/network-ip-availabilities => generated 2776 bytes in 59 msecs (HTTP/1.1 200) 4 headers in 158 bytes (1 switches on core 0) [pid: 8|app: 0|req: 1680/3600] 10.0.0.108 () {28 vars in 585 bytes} [Wed Jun 3 08:52:47 2026] GET /v2.0/networks => generated 5372 bytes in 65 msecs (HTTP/1.1 200) 4 headers in 158 bytes (1 switches on core 0) [pid: 8|app: 0|req: 1681/3601] 10.0.0.108 () {28 vars in 583 bytes} [Wed Jun 3 08:52:47 2026] GET /v2.0/routers => generated 2957 bytes in 60 msecs (HTTP/1.1 200) 4 headers in 158 bytes (1 switches on core 0)
2026-06-03 08:52:47.279 7 WARNING neutron.scheduler.dhcp_agent_scheduler [None req-009464f0-1522-46e9-a29a-0f281d999e3c - - - - - -] No more DHCP agents
2026-06-03 08:52:47.280 7 WARNING neutron.api.rpc.agentnotifiers.dhcp_rpc_agent_api [None req-009464f0-1522-46e9-a29a-0f281d999e3c - - - - - -] Unable to schedule network e87aa271-31d5-4204-8ee3-976f2b726a7f: no agents available; will retry on subsequent port and subnet creation events. [pid: 8|app: 0|req: 1682/3602] 10.0.0.108 () {28 vars in 624 bytes} [Wed Jun 3 08:52:47 2026] GET /v2.0/agents?binary=ovn-controller => generated 416 bytes in 9 msecs (HTTP/1.1 200) 4 headers in 157 bytes (1 switches on core 0) [pid: 8|app: 0|req: 1683/3603] 10.0.0.108 () {28 vars in 583 bytes} [Wed Jun 3 08:52:47 2026] GET /v2.0/subnets => generated 3910 bytes in 34 msecs (HTTP/1.1 200) 4 headers in 158 bytes (1 switches on core 0) [pid: 8|app: 0|req: 1684/3604] 10.0.0.108 () {28 vars in 591 bytes} [Wed Jun 3 08:52:47 2026] GET /v2.0/subnetpools => generated 19 bytes in 6 msecs (HTTP/1.1 200) 4 headers in 156 bytes (1 switches on core 0) [pid: 8|app: 0|req: 1685/3605] 10.0.0.108 () {28 vars in 581 bytes} [Wed Jun 3 08:52:47 2026] GET /v2.0/agents => generated 1214 bytes in 8 msecs (HTTP/1.1 200) 4 headers in 158 bytes (1 switches on core 0) [pid: 8|app: 0|req: 1686/3606] 10.0.0.108 () {28 vars in 591 bytes} [Wed Jun 3 08:52:47 2026] GET /v2.0/floatingips => generated 19 bytes in 13 msecs (HTTP/1.1 200) 4 headers in 156 bytes (1 switches on core 0)
2026-06-03 08:52:47.417 7 INFO neutron.db.ovn_revision_numbers_db [None req-009464f0-1522-46e9-a29a-0f281d999e3c - - - - - -] Successfully bumped revision number for resource 975e063c-8a6e-40b3-9183-880b64281778 (type: ports) to 1 [pid: 8|app: 0|req: 1687/3607] 10.0.0.108 () {28 vars in 599 bytes} [Wed Jun 3 08:52:47 2026] GET /v2.0/security-groups => generated 20309 bytes in 66 msecs (HTTP/1.1 200) 4 headers in 159 bytes (1 switches on core 0) [pid: 8|app: 0|req: 1688/3608] 10.0.0.108 () {28 vars in 583 bytes} [Wed Jun 3 08:52:47 2026] GET /v2.0/subnets => generated 3910 bytes in 62 msecs (HTTP/1.1 200) 4 headers in 158 bytes (1 switches on core 0)
2026-06-03 08:52:47.661 7 INFO neutron.db.ovn_revision_numbers_db [None req-009464f0-1522-46e9-a29a-0f281d999e3c - - - - - -] Successfully bumped revision number for resource 975e063c-8a6e-40b3-9183-880b64281778 (type: ports) to 3 [pid: 8|app: 0|req: 1689/3609] 10.0.0.108 () {28 vars in 579 bytes} [Wed Jun 3 08:52:47 2026] GET /v2.0/ports => generated 19860 bytes in 168 msecs (HTTP/1.1 200) 4 headers in 159 bytes (1 switches on core 0)
2026-06-03 08:52:47.723 7 INFO neutron.db.segments_db [None req-009464f0-1522-46e9-a29a-0f281d999e3c - - - - - -] Added segment a4622570-7399-4688-aec6-e9e4fcbcff0f of type geneve for network b7f60ca7-2959-4259-946d-79f2228ae347
2026-06-03 08:52:47.836 7 INFO neutron.db.ovn_revision_numbers_db [None req-b5b1de90-75d7-499c-9371-22efde78ecb8 - - - - - -] Successfully bumped revision number for resource b7f60ca7-2959-4259-946d-79f2228ae347 (type: networks) to 1
2026-06-03 08:52:47.980 7 WARNING neutron.scheduler.dhcp_agent_scheduler [None req-b5b1de90-75d7-499c-9371-22efde78ecb8 - - - - - -] No more DHCP agents
2026-06-03 08:52:47.981 7 WARNING neutron.api.rpc.agentnotifiers.dhcp_rpc_agent_api [None req-b5b1de90-75d7-499c-9371-22efde78ecb8 - - - - - -] Unable to schedule network b7f60ca7-2959-4259-946d-79f2228ae347: no agents available; will retry on subsequent port and subnet creation events.
2026-06-03 08:52:48.060 7 INFO neutron.db.ovn_revision_numbers_db [None req-b5b1de90-75d7-499c-9371-22efde78ecb8 - - - - - -] Successfully bumped revision number for resource b2daa343-7f60-4d1f-8a5b-2ba1a77deb28 (type: ports) to 1
2026-06-03 08:52:48.186 7 WARNING neutron.scheduler.dhcp_agent_scheduler [None req-b5b1de90-75d7-499c-9371-22efde78ecb8 - - - - - -] No more DHCP agents
2026-06-03 08:52:48.187 7 WARNING neutron.api.rpc.agentnotifiers.dhcp_rpc_agent_api [None req-b5b1de90-75d7-499c-9371-22efde78ecb8 - - - - - -] Unable to schedule network b7f60ca7-2959-4259-946d-79f2228ae347: no agents available; will retry on subsequent port and subnet creation events.
2026-06-03 08:52:48.208 7 INFO neutron.db.ovn_revision_numbers_db [None req-b5b1de90-75d7-499c-9371-22efde78ecb8 - - - - - -] Successfully bumped revision number for resource ef6e6d66-498a-4099-88c2-ff86522869ad (type: subnets) to 0
2026-06-03 08:52:48.560 7 WARNING neutron.scheduler.dhcp_agent_scheduler [None req-b5b1de90-75d7-499c-9371-22efde78ecb8 - - - - - -] No more DHCP agents
2026-06-03 08:52:48.561 7 WARNING neutron.api.rpc.agentnotifiers.dhcp_rpc_agent_api [None req-b5b1de90-75d7-499c-9371-22efde78ecb8 - - - - - -] Unable to schedule network b7f60ca7-2959-4259-946d-79f2228ae347: no agents available; will retry on subsequent port and subnet creation events.
2026-06-03 08:52:48.705 7 INFO neutron.db.ovn_revision_numbers_db [None req-b5b1de90-75d7-499c-9371-22efde78ecb8 - - - - - -] Successfully bumped revision number for resource cb534e6e-66ef-4250-9482-22463e1f0df5 (type: ports) to 1
2026-06-03 08:52:49.277 7 WARNING neutron.scheduler.dhcp_agent_scheduler [None req-b5b1de90-75d7-499c-9371-22efde78ecb8 - - - - - -] No more DHCP agents
2026-06-03 08:52:49.278 7 WARNING neutron.api.rpc.agentnotifiers.dhcp_rpc_agent_api [None req-b5b1de90-75d7-499c-9371-22efde78ecb8 - - - - - -] Unable to schedule network b7f60ca7-2959-4259-946d-79f2228ae347: no agents available; will retry on subsequent port and subnet creation events.
2026-06-03 08:52:49.358 8 WARNING neutron.plugins.ml2.drivers.ovn.mech_driver.ovsdb.ovn_client [None req-931cee54-27af-49c8-bf5d-f3ab2eaeb8c4 - - - - - -] No hosting information found for port ef8d56ba-d07b-4fbb-8d5f-11c2aa857981: RuntimeError: No hosting information found for port ef8d56ba-d07b-4fbb-8d5f-11c2aa857981
2026-06-03 08:52:49.358 8 INFO neutron.plugins.ml2.drivers.ovn.mech_driver.mech_driver [None req-931cee54-27af-49c8-bf5d-f3ab2eaeb8c4 - - - - - -] OVN reports status down for port: 975e063c-8a6e-40b3-9183-880b64281778
2026-06-03 08:52:49.406 8 INFO neutron.plugins.ml2.drivers.ovn.mech_driver.mech_driver [None req-931cee54-27af-49c8-bf5d-f3ab2eaeb8c4 - - - - - -] OVN reports status down for port: b2daa343-7f60-4d1f-8a5b-2ba1a77deb28
2026-06-03 08:52:49.695 7 INFO neutron.db.ovn_revision_numbers_db [None req-b5b1de90-75d7-499c-9371-22efde78ecb8 - - - - - -] Successfully bumped revision number for resource cb534e6e-66ef-4250-9482-22463e1f0df5 (type: router_ports) to 1
2026-06-03 08:52:49.848 7 WARNING neutron.scheduler.dhcp_agent_scheduler [None req-b5b1de90-75d7-499c-9371-22efde78ecb8 - - - - - -] No more DHCP agents
2026-06-03 08:52:49.849 7 WARNING neutron.api.rpc.agentnotifiers.dhcp_rpc_agent_api [None req-b5b1de90-75d7-499c-9371-22efde78ecb8 - - - - - -] Unable to schedule network b7f60ca7-2959-4259-946d-79f2228ae347: no agents available; will retry on subsequent port and subnet creation events.
2026-06-03 08:52:49.988 7 INFO neutron.db.ovn_revision_numbers_db [None req-b5b1de90-75d7-499c-9371-22efde78ecb8 - - - - - -] Successfully bumped revision number for resource fe85c943-1fb4-4098-8f78-82666ad30bd7 (type: ports) to 1
2026-06-03 08:52:50.196 7 INFO neutron.db.ovn_revision_numbers_db [None req-b5b1de90-75d7-499c-9371-22efde78ecb8 - - - - - -] Successfully bumped revision number for resource fe85c943-1fb4-4098-8f78-82666ad30bd7 (type: ports) to 3 [pid: 7|app: 0|req: 1921/3610] 10.0.0.72 () {34 vars in 684 bytes} [Wed Jun 3 08:52:46 2026] POST /v2.0/vpn/vpnservices => generated 458 bytes in 3702 msecs (HTTP/1.1 201) 4 headers in 162 bytes (1 switches on core 0) [pid: 8|app: 0|req: 1690/3611] 10.0.0.72 () {32 vars in 662 bytes} [Wed Jun 3 08:52:50 2026] GET /v2.0/vpn/vpnservices => generated 1306 bytes in 14 msecs (HTTP/1.1 200) 4 headers in 158 bytes (1 switches on core 0)
2026-06-03 08:52:50.670 7 INFO neutron_taas.services.taas.taas_plugin [None req-cf04315e-1aa3-444b-945c-80af3562e1e8 c5d0b53ae5ec483d8806ab6e6dc4b51b d5414e59718f4d2fab98ed9a08fde851 - - default default] TaaS: Handle Delete Port: 975e063c-8a6e-40b3-9183-880b64281778
2026-06-03 08:52:50.673 7 INFO neutron_taas.services.taas.tap_mirror_plugin [None req-cf04315e-1aa3-444b-945c-80af3562e1e8 c5d0b53ae5ec483d8806ab6e6dc4b51b d5414e59718f4d2fab98ed9a08fde851 - - default default] Tap Mirror: Handle Delete Port: 975e063c-8a6e-40b3-9183-880b64281778
2026-06-03 08:52:50.907 7 INFO neutron_taas.services.taas.taas_plugin [None req-727edc23-ed96-4fd7-93c1-633fc3ede47f - - - - - -] TaaS: Handle Delete Port: fe85c943-1fb4-4098-8f78-82666ad30bd7
2026-06-03 08:52:50.910 7 INFO neutron_taas.services.taas.tap_mirror_plugin [None req-727edc23-ed96-4fd7-93c1-633fc3ede47f - - - - - -] Tap Mirror: Handle Delete Port: fe85c943-1fb4-4098-8f78-82666ad30bd7
2026-06-03 08:52:51.293 7 INFO neutron_taas.services.taas.taas_plugin [None req-eae18cc7-c5c1-4281-8b1f-3cd1e289a7e1 - - - - - -] TaaS: Handle Delete Port: cb534e6e-66ef-4250-9482-22463e1f0df5
2026-06-03 08:52:51.296 7 INFO neutron_taas.services.taas.tap_mirror_plugin [None req-eae18cc7-c5c1-4281-8b1f-3cd1e289a7e1 - - - - - -] Tap Mirror: Handle Delete Port: cb534e6e-66ef-4250-9482-22463e1f0df5
2026-06-03 08:52:52.085 7 INFO neutron_taas.services.taas.taas_plugin [None req-eae18cc7-c5c1-4281-8b1f-3cd1e289a7e1 - - - - - -] TaaS: Handle Delete Port: b2daa343-7f60-4d1f-8a5b-2ba1a77deb28
2026-06-03 08:52:52.088 7 INFO neutron_taas.services.taas.tap_mirror_plugin [None req-eae18cc7-c5c1-4281-8b1f-3cd1e289a7e1 - - - - - -] Tap Mirror: Handle Delete Port: b2daa343-7f60-4d1f-8a5b-2ba1a77deb28
2026-06-03 08:52:52.188 7 WARNING neutron.plugins.ml2.drivers.ovn.mech_driver.ovsdb.ovn_client [None req-998b5f9b-4ed1-4518-a684-cb14d5596ee1 - - - - - -] No hosting information found for port 261fa429-6110-4890-bf4d-7b5f14dd1893: RuntimeError: No hosting information found for port 261fa429-6110-4890-bf4d-7b5f14dd1893
2026-06-03 08:52:52.326 7 INFO neutron.services.segments.plugin [-] Segment a4622570-7399-4688-aec6-e9e4fcbcff0f resource provider aggregate not found
2026-06-03 08:52:52.333 7 INFO neutron.services.segments.plugin [-] Segment a4622570-7399-4688-aec6-e9e4fcbcff0f resource provider aggregate not found
2026-06-03 08:52:52.350 7 INFO neutron.services.segments.plugin [-] Segment a4622570-7399-4688-aec6-e9e4fcbcff0f resource provider not found; error: Placement Client Error (4xx): {"errors": [{"status": 404, "title": "Not Found", "detail": "The resource could not be found.\n\n No resource provider with uuid a4622570-7399-4688-aec6-e9e4fcbcff0f found for delete ", "request_id": "req-d88093f1-bba3-4237-919a-c83f1ede42fa"}]}
2026-06-03 08:52:52.351 7 INFO neutron.services.segments.plugin [-] Segment a4622570-7399-4688-aec6-e9e4fcbcff0f resource provider not found; error: Placement Client Error (4xx): {"errors": [{"status": 404, "title": "Not Found", "detail": "The resource could not be found.\n\n No resource provider with uuid a4622570-7399-4688-aec6-e9e4fcbcff0f found for delete ", "request_id": "req-556f6a2f-7e4b-4a7e-9ddd-3b2ef8c6c056"}]}
2026-06-03 08:52:52.352 7 INFO neutron.db.ovn_revision_numbers_db [None req-998b5f9b-4ed1-4518-a684-cb14d5596ee1 - - - - - -] Successfully bumped revision number for resource 261fa429-6110-4890-bf4d-7b5f14dd1893 (type: router_ports) to 2
2026-06-03 08:52:52.352 7 INFO neutron.plugins.ml2.drivers.ovn.mech_driver.mech_driver [None req-998b5f9b-4ed1-4518-a684-cb14d5596ee1 - - - - - -] OVN reports status down for port: cb534e6e-66ef-4250-9482-22463e1f0df5
2026-06-03 08:52:52.363 7 INFO neutron.plugins.ml2.drivers.ovn.mech_driver.mech_driver [None req-998b5f9b-4ed1-4518-a684-cb14d5596ee1 - - - - - -] OVN reports status up for port: cb534e6e-66ef-4250-9482-22463e1f0df5
2026-06-03 08:52:52.391 7 INFO neutron.plugins.ml2.drivers.ovn.mech_driver.mech_driver [None req-998b5f9b-4ed1-4518-a684-cb14d5596ee1 - - - - - -] OVN reports status down for port: fe85c943-1fb4-4098-8f78-82666ad30bd7 [pid: 7|app: 0|req: 1922/3614] 10.0.0.72 () {32 vars in 739 bytes} [Wed Jun 3 08:52:50 2026] DELETE /v2.0/vpn/vpnservices/951ca22a-88da-4116-a0fa-da4d2de089cd => generated 0 bytes in 2003 msecs (HTTP/1.1 204) 2 headers in 112 bytes (1 switches on core 0) [pid: 8|app: 0|req: 1693/3615] 10.0.0.72 () {32 vars in 662 bytes} [Wed Jun 3 08:52:52 2026] GET /v2.0/vpn/vpnservices => generated 862 bytes in 13 msecs (HTTP/1.1 200) 4 headers in 157 bytes (1 switches on core 0) /var/lib/openstack/lib/python3.12/site-packages/pycadf/identifier.py:70: UserWarning: Invalid uuid: neutron. To ensure interoperability, identifiers should be a valid uuid. warnings.warn(('Invalid uuid: %s. To ensure interoperability, '
2026-06-03 08:52:52.508 7 INFO neutron.api.v2.resource [None req-7fe01f19-fb17-4863-ad47-e933957e9250 c5d0b53ae5ec483d8806ab6e6dc4b51b d5414e59718f4d2fab98ed9a08fde851 - - default default] create failed (client error): The server could not comply with the request since it is either malformed or otherwise incorrect. [pid: 7|app: 0|req: 1923/3616] 10.0.0.72 () {34 vars in 706 bytes} [Wed Jun 3 08:52:52 2026] POST /v2.0/vpn/ipsec-site-connections => generated 127 bytes in 71 msecs (HTTP/1.1 400) 4 headers in 166 bytes (1 switches on core 0)
2026-06-03 08:52:52.573 8 INFO neutron.api.v2.resource [None req-bc0ec8a7-a012-454f-ad6f-8515ffce95c8 c5d0b53ae5ec483d8806ab6e6dc4b51b d5414e59718f4d2fab98ed9a08fde851 - - default default] create failed (client error): The server could not comply with the request since it is either malformed or otherwise incorrect. [pid: 8|app: 0|req: 1694/3617] 10.0.0.72 () {34 vars in 706 bytes} [Wed Jun 3 08:52:52 2026] POST /v2.0/vpn/ipsec-site-connections => generated 136 bytes in 58 msecs (HTTP/1.1 400) 4 headers in 166 bytes (1 switches on core 0)
2026-06-03 08:52:52.591 7 WARNING neutron.api.v2.base [None req-8a3bb149-edce-4b86-ad92-08d2402e6887 c5d0b53ae5ec483d8806ab6e6dc4b51b d5414e59718f4d2fab98ed9a08fde851 - - default default] An exception happened while processing the request body. The exception message is [Invalid input for dpd. Reason: '59' is not a dictionary.].: webob.exc.HTTPBadRequest: Invalid input for dpd. Reason: '59' is not a dictionary.
2026-06-03 08:52:52.591 7 INFO neutron.api.v2.resource [None req-8a3bb149-edce-4b86-ad92-08d2402e6887 c5d0b53ae5ec483d8806ab6e6dc4b51b d5414e59718f4d2fab98ed9a08fde851 - - default default] create failed (client error): Invalid input for dpd. Reason: '59' is not a dictionary. [pid: 7|app: 0|req: 1924/3618] 10.0.0.72 () {34 vars in 706 bytes} [Wed Jun 3 08:52:52 2026] POST /v2.0/vpn/ipsec-site-connections => generated 129 bytes in 10 msecs (HTTP/1.1 400) 4 headers in 166 bytes (1 switches on core 0) [pid: 8|app: 0|req: 1695/3619] 10.0.0.72 () {34 vars in 692 bytes} [Wed Jun 3 08:52:52 2026] POST /v2.0/vpn/endpoint-groups => generated 294 bytes in 45 msecs (HTTP/1.1 201) 4 headers in 162 bytes (1 switches on core 0)
2026-06-03 08:52:52.690 7 INFO neutron.api.v2.resource [None req-6eb5cf28-e3a5-4294-a29e-a5a7f67899fe c5d0b53ae5ec483d8806ab6e6dc4b51b d5414e59718f4d2fab98ed9a08fde851 - - default default] create failed (client error): The server could not comply with the request since it is either malformed or otherwise incorrect. [pid: 7|app: 0|req: 1925/3620] 10.0.0.72 () {34 vars in 706 bytes} [Wed Jun 3 08:52:52 2026] POST /v2.0/vpn/ipsec-site-connections => generated 149 bytes in 43 msecs (HTTP/1.1 400) 4 headers in 166 bytes (1 switches on core 0) [pid: 8|app: 0|req: 1696/3621] 10.0.0.72 () {32 vars in 670 bytes} [Wed Jun 3 08:52:52 2026] GET /v2.0/vpn/endpoint-groups => generated 909 bytes in 13 msecs (HTTP/1.1 200) 4 headers in 157 bytes (1 switches on core 0) [pid: 7|app: 0|req: 1926/3622] 10.0.0.72 () {32 vars in 747 bytes} [Wed Jun 3 08:52:52 2026] DELETE /v2.0/vpn/endpoint-groups/64bea790-11f8-41ac-97c9-a84e439066c1 => generated 0 bytes in 25 msecs (HTTP/1.1 204) 2 headers in 112 bytes (1 switches on core 0) [pid: 8|app: 0|req: 1697/3623] 10.0.0.72 () {32 vars in 670 bytes} [Wed Jun 3 08:52:52 2026] GET /v2.0/vpn/endpoint-groups => generated 633 bytes in 12 msecs (HTTP/1.1 200) 4 headers in 157 bytes (1 switches on core 0) [pid: 7|app: 0|req: 1927/3624] 10.0.0.72 () {34 vars in 692 bytes} [Wed Jun 3 08:52:52 2026] POST /v2.0/vpn/endpoint-groups => generated 301 bytes in 58 msecs (HTTP/1.1 201) 4 headers in 162 bytes (1 switches on core 0)
2026-06-03 08:52:52.865 8 INFO neutron.api.v2.resource [None req-47f4b9c1-6591-4f15-8b3a-7b5f62de9334 c5d0b53ae5ec483d8806ab6e6dc4b51b d5414e59718f4d2fab98ed9a08fde851 - - default default] create failed (client error): The server could not comply with the request since it is either malformed or otherwise incorrect. [pid: 8|app: 0|req: 1698/3625] 10.0.0.72 () {34 vars in 706 bytes} [Wed Jun 3 08:52:52 2026] POST /v2.0/vpn/ipsec-site-connections => generated 148 bytes in 41 msecs (HTTP/1.1 400) 4 headers in 166 bytes (1 switches on core 0) [pid: 7|app: 0|req: 1928/3626] 10.0.0.72 () {32 vars in 670 bytes} [Wed Jun 3 08:52:52 2026] GET /v2.0/vpn/endpoint-groups => generated 916 bytes in 13 msecs (HTTP/1.1 200) 4 headers in 157 bytes (1 switches on core 0) [pid: 8|app: 0|req: 1699/3627] 10.0.0.72 () {32 vars in 747 bytes} [Wed Jun 3 08:52:52 2026] DELETE /v2.0/vpn/endpoint-groups/3e7b84fc-60ba-4280-b120-b3a74700bee8 => generated 0 bytes in 20 msecs (HTTP/1.1 204) 2 headers in 112 bytes (1 switches on core 0) [pid: 7|app: 0|req: 1929/3628] 10.0.0.72 () {32 vars in 670 bytes} [Wed Jun 3 08:52:52 2026] GET /v2.0/vpn/endpoint-groups => generated 633 bytes in 13 msecs (HTTP/1.1 200) 4 headers in 157 bytes (1 switches on core 0)
2026-06-03 08:52:52.937 8 WARNING neutron.api.v2.base [None req-eedfb485-8ff1-4886-951e-08ce877830b4 c5d0b53ae5ec483d8806ab6e6dc4b51b d5414e59718f4d2fab98ed9a08fde851 - - default default] An exception happened while processing the request body. The exception message is [Invalid input for peer_cidrs. Reason: '1.0.0.0/33' is not a valid IP subnet.].: webob.exc.HTTPBadRequest: Invalid input for peer_cidrs. Reason: '1.0.0.0/33' is not a valid IP subnet.
2026-06-03 08:52:52.938 8 INFO neutron.api.v2.resource [None req-eedfb485-8ff1-4886-951e-08ce877830b4 c5d0b53ae5ec483d8806ab6e6dc4b51b d5414e59718f4d2fab98ed9a08fde851 - - default default] create failed (client error): Invalid input for peer_cidrs. Reason: '1.0.0.0/33' is not a valid IP subnet. [pid: 8|app: 0|req: 1700/3629] 10.0.0.72 () {34 vars in 706 bytes} [Wed Jun 3 08:52:52 2026] POST /v2.0/vpn/ipsec-site-connections => generated 149 bytes in 7 msecs (HTTP/1.1 400) 4 headers in 166 bytes (1 switches on core 0)
2026-06-03 08:52:53.044 7 INFO neutron.db.segments_db [None req-2d95cf1c-eadb-4b47-86a9-6ca1957856f0 c5d0b53ae5ec483d8806ab6e6dc4b51b d5414e59718f4d2fab98ed9a08fde851 - - default default] Added segment 68ab349f-f665-4a72-a8d9-3628e9bb1d9e of type geneve for network c7a7f92a-5f31-42c6-b71f-7e431d30e72f
2026-06-03 08:52:53.144 7 INFO neutron.db.ovn_revision_numbers_db [None req-2d95cf1c-eadb-4b47-86a9-6ca1957856f0 c5d0b53ae5ec483d8806ab6e6dc4b51b d5414e59718f4d2fab98ed9a08fde851 - - default default] Successfully bumped revision number for resource c7a7f92a-5f31-42c6-b71f-7e431d30e72f (type: networks) to 1
2026-06-03 08:52:53.291 7 WARNING neutron.scheduler.dhcp_agent_scheduler [None req-2d95cf1c-eadb-4b47-86a9-6ca1957856f0 c5d0b53ae5ec483d8806ab6e6dc4b51b d5414e59718f4d2fab98ed9a08fde851 - - default default] No more DHCP agents
2026-06-03 08:52:53.293 7 WARNING neutron.api.rpc.agentnotifiers.dhcp_rpc_agent_api [None req-2d95cf1c-eadb-4b47-86a9-6ca1957856f0 c5d0b53ae5ec483d8806ab6e6dc4b51b d5414e59718f4d2fab98ed9a08fde851 - - default default] Unable to schedule network c7a7f92a-5f31-42c6-b71f-7e431d30e72f: no agents available; will retry on subsequent port and subnet creation events.
2026-06-03 08:52:53.345 8 INFO neutron.plugins.ml2.drivers.ovn.mech_driver.mech_driver [None req-931cee54-27af-49c8-bf5d-f3ab2eaeb8c4 - - - - - -] OVN reports status down for port: 5ca442a1-728b-4a70-9eb8-7e5396344a73
2026-06-03 08:52:53.364 7 INFO neutron.db.ovn_revision_numbers_db [None req-2d95cf1c-eadb-4b47-86a9-6ca1957856f0 c5d0b53ae5ec483d8806ab6e6dc4b51b d5414e59718f4d2fab98ed9a08fde851 - - default default] Successfully bumped revision number for resource 5ca442a1-728b-4a70-9eb8-7e5396344a73 (type: ports) to 1 [pid: 7|app: 0|req: 1930/3630] 10.0.0.72 () {34 vars in 669 bytes} [Wed Jun 3 08:52:52 2026] POST /v2.0/networks => generated 670 bytes in 446 msecs (HTTP/1.1 201) 4 headers in 162 bytes (1 switches on core 0)
2026-06-03 08:52:53.612 8 WARNING neutron.scheduler.dhcp_agent_scheduler [None req-64be0bd6-2548-43fb-a305-889ef5980274 c5d0b53ae5ec483d8806ab6e6dc4b51b d5414e59718f4d2fab98ed9a08fde851 - - default default] No more DHCP agents
2026-06-03 08:52:53.613 8 WARNING neutron.api.rpc.agentnotifiers.dhcp_rpc_agent_api [None req-64be0bd6-2548-43fb-a305-889ef5980274 c5d0b53ae5ec483d8806ab6e6dc4b51b d5414e59718f4d2fab98ed9a08fde851 - - default default] Unable to schedule network c7a7f92a-5f31-42c6-b71f-7e431d30e72f: no agents available; will retry on subsequent port and subnet creation events.
2026-06-03 08:52:54.084 8 INFO neutron.db.ovn_revision_numbers_db [None req-f0357ae9-8cbe-4c98-b7ae-da53aa62fc8e - - - - - -] Successfully bumped revision number for resource 5ca442a1-728b-4a70-9eb8-7e5396344a73 (type: ports) to 2
2026-06-03 08:52:54.117 8 INFO neutron.db.ovn_revision_numbers_db [None req-f0357ae9-8cbe-4c98-b7ae-da53aa62fc8e - - - - - -] Successfully bumped revision number for resource 5a24c80e-0a70-4fce-b330-bc7a6ee2a01a (type: subnets) to 0 [pid: 8|app: 0|req: 1701/3631] 10.0.0.72 () {34 vars in 668 bytes} [Wed Jun 3 08:52:53 2026] POST /v2.0/subnets => generated 629 bytes in 741 msecs (HTTP/1.1 201) 4 headers in 162 bytes (1 switches on core 0)
2026-06-03 08:52:54.542 7 WARNING neutron.scheduler.dhcp_agent_scheduler [None req-36f0d6e9-651a-41ab-8df8-56ae002fa913 c5d0b53ae5ec483d8806ab6e6dc4b51b d5414e59718f4d2fab98ed9a08fde851 - - default default] No more DHCP agents
2026-06-03 08:52:54.543 7 WARNING neutron.api.rpc.agentnotifiers.dhcp_rpc_agent_api [None req-36f0d6e9-651a-41ab-8df8-56ae002fa913 c5d0b53ae5ec483d8806ab6e6dc4b51b d5414e59718f4d2fab98ed9a08fde851 - - default default] Unable to schedule network e87aa271-31d5-4204-8ee3-976f2b726a7f: no agents available; will retry on subsequent port and subnet creation events.
2026-06-03 08:52:54.666 8 INFO neutron.plugins.ml2.drivers.ovn.mech_driver.mech_driver [None req-931cee54-27af-49c8-bf5d-f3ab2eaeb8c4 - - - - - -] OVN reports status down for port: d7675bcb-b953-4663-a843-728614ad40f7
2026-06-03 08:52:54.680 7 INFO neutron.db.ovn_revision_numbers_db [None req-36f0d6e9-651a-41ab-8df8-56ae002fa913 c5d0b53ae5ec483d8806ab6e6dc4b51b d5414e59718f4d2fab98ed9a08fde851 - - default default] Successfully bumped revision number for resource d7675bcb-b953-4663-a843-728614ad40f7 (type: ports) to 1
2026-06-03 08:52:55.210 7 INFO neutron.plugins.ml2.drivers.ovn.mech_driver.ovsdb.commands [None req-098a2336-e8b5-4d79-bf4f-7000d383442f - - - - - -] Schedule LRP lrp-d7675bcb-b953-4663-a843-728614ad40f7 on gateway 7ac72ad2-b675-433c-9784-3ec6f3c3fa10 with priority 1
2026-06-03 08:52:55.250 8 INFO neutron.plugins.ml2.drivers.ovn.mech_driver.mech_driver [None req-931cee54-27af-49c8-bf5d-f3ab2eaeb8c4 - - - - - -] OVN reports status up for port: d7675bcb-b953-4663-a843-728614ad40f7
2026-06-03 08:52:55.264 8 INFO neutron.plugins.ml2.plugin [None req-931cee54-27af-49c8-bf5d-f3ab2eaeb8c4 - - - - - -] Attempt 1 to provision port d7675bcb-b953-4663-a843-728614ad40f7
2026-06-03 08:52:55.269 7 INFO neutron.db.ovn_revision_numbers_db [None req-36f0d6e9-651a-41ab-8df8-56ae002fa913 c5d0b53ae5ec483d8806ab6e6dc4b51b d5414e59718f4d2fab98ed9a08fde851 - - default default] Successfully bumped revision number for resource d7675bcb-b953-4663-a843-728614ad40f7 (type: router_ports) to 1
2026-06-03 08:52:55.340 7 INFO neutron.db.ovn_revision_numbers_db [None req-36f0d6e9-651a-41ab-8df8-56ae002fa913 c5d0b53ae5ec483d8806ab6e6dc4b51b d5414e59718f4d2fab98ed9a08fde851 - - default default] Successfully bumped revision number for resource 43de7b02-2c2f-4087-b3ce-b29f6b7d123c (type: routers) to 2 [pid: 7|app: 0|req: 1931/3632] 10.0.0.72 () {34 vars in 668 bytes} [Wed Jun 3 08:52:54 2026] POST /v2.0/routers => generated 936 bytes in 1217 msecs (HTTP/1.1 201) 4 headers in 162 bytes (1 switches on core 0)
2026-06-03 08:52:55.489 8 INFO neutron.api.v2.resource [None req-42429b44-6f75-4fad-80d9-60b21010a99b c21ca6fe1e1c4d4f9bd934260157f2a7 d355819224ca4f60ad83d6f6f6564381 - - default default] create failed (client error): The server could not comply with the request since it is either malformed or otherwise incorrect. [pid: 8|app: 0|req: 1702/3633] 10.0.0.72 () {34 vars in 684 bytes} [Wed Jun 3 08:52:55 2026] POST /v2.0/vpn/vpnservices => generated 194 bytes in 128 msecs (HTTP/1.1 400) 4 headers in 166 bytes (1 switches on core 0)
2026-06-03 08:52:55.646 7 INFO neutron_taas.services.taas.taas_plugin [None req-c944836c-c79f-452d-a8e3-32574ccd12ff c21ca6fe1e1c4d4f9bd934260157f2a7 d355819224ca4f60ad83d6f6f6564381 - - default default] TaaS: Handle Delete Port: 5ca442a1-728b-4a70-9eb8-7e5396344a73
2026-06-03 08:52:55.649 7 INFO neutron_taas.services.taas.tap_mirror_plugin [None req-c944836c-c79f-452d-a8e3-32574ccd12ff c21ca6fe1e1c4d4f9bd934260157f2a7 d355819224ca4f60ad83d6f6f6564381 - - default default] Tap Mirror: Handle Delete Port: 5ca442a1-728b-4a70-9eb8-7e5396344a73
2026-06-03 08:52:55.954 7 INFO neutron.services.segments.plugin [-] Segment 68ab349f-f665-4a72-a8d9-3628e9bb1d9e resource provider aggregate not found
2026-06-03 08:52:55.960 7 INFO neutron.services.segments.plugin [-] Segment 68ab349f-f665-4a72-a8d9-3628e9bb1d9e resource provider aggregate not found
2026-06-03 08:52:55.977 7 INFO neutron.services.segments.plugin [-] Segment 68ab349f-f665-4a72-a8d9-3628e9bb1d9e resource provider not found; error: Placement Client Error (4xx): {"errors": [{"status": 404, "title": "Not Found", "detail": "The resource could not be found.\n\n No resource provider with uuid 68ab349f-f665-4a72-a8d9-3628e9bb1d9e found for delete ", "request_id": "req-af7b70c8-33eb-4a20-99bc-c8684135540f"}]}
2026-06-03 08:52:55.982 7 INFO neutron.services.segments.plugin [-] Segment 68ab349f-f665-4a72-a8d9-3628e9bb1d9e resource provider not found; error: Placement Client Error (4xx): {"errors": [{"status": 404, "title": "Not Found", "detail": "The resource could not be found.\n\n No resource provider with uuid 68ab349f-f665-4a72-a8d9-3628e9bb1d9e found for delete ", "request_id": "req-57fdc205-969e-4186-9360-229eb4d5ff3b"}]} [pid: 7|app: 0|req: 1932/3634] 10.0.0.72 () {32 vars in 725 bytes} [Wed Jun 3 08:52:55 2026] DELETE /v2.0/networks/c7a7f92a-5f31-42c6-b71f-7e431d30e72f => generated 0 bytes in 506 msecs (HTTP/1.1 204) 3 headers in 131 bytes (1 switches on core 0)
2026-06-03 08:52:56.315 8 INFO neutron_taas.services.taas.taas_plugin [None req-72bec7db-136f-445b-8291-c71fb16f5e96 c21ca6fe1e1c4d4f9bd934260157f2a7 d355819224ca4f60ad83d6f6f6564381 - - default default] TaaS: Handle Delete Port: d7675bcb-b953-4663-a843-728614ad40f7
2026-06-03 08:52:56.318 8 INFO neutron_taas.services.taas.tap_mirror_plugin [None req-72bec7db-136f-445b-8291-c71fb16f5e96 c21ca6fe1e1c4d4f9bd934260157f2a7 d355819224ca4f60ad83d6f6f6564381 - - default default] Tap Mirror: Handle Delete Port: d7675bcb-b953-4663-a843-728614ad40f7 [pid: 8|app: 0|req: 1703/3635] 10.0.0.72 () {32 vars in 723 bytes} [Wed Jun 3 08:52:56 2026] DELETE /v2.0/routers/43de7b02-2c2f-4087-b3ce-b29f6b7d123c => generated 0 bytes in 691 msecs (HTTP/1.1 204) 2 headers in 112 bytes (1 switches on core 0)
2026-06-03 08:52:56.711 7 WARNING neutron.api.v2.base [None req-f5dd8bdc-e040-4f2d-a822-adf78d3928eb c5d0b53ae5ec483d8806ab6e6dc4b51b d5414e59718f4d2fab98ed9a08fde851 - - default default] An exception happened while processing the request body. The exception message is [Invalid input for description. Reason: 'yyyyyyyyyyyyyyyyyyyyyyyyyyyyyyyyyyyyyyyyyyyyyyyyyyyyyyyyyyyyyyyyyyyyyyyyyyyyyyyyyyyyyyyyyyyyyyyyyyyyyyyyyyyyyyyyyyyyyyyyyyyyyyyyyyyyyyyyyyyyyyyyyyyyyyyyyyyyyyyyyyyyyyyyyyyyyyyyyyyyyyyyyyyyyyyyyyyyyyyyyyyyyyyyyyyyyyyyyyyyyyyyyyyyyyyyyyyyyyyyyyyyyyyyyyyyyyyy' exceeds maximum length of 255.].: webob.exc.HTTPBadRequest: Invalid input for description. Reason: 'yyyyyyyyyyyyyyyyyyyyyyyyyyyyyyyyyyyyyyyyyyyyyyyyyyyyyyyyyyyyyyyyyyyyyyyyyyyyyyyyyyyyyyyyyyyyyyyyyyyyyyyyyyyyyyyyyyyyyyyyyyyyyyyyyyyyyyyyyyyyyyyyyyyyyyyyyyyyyyyyyyyyyyyyyyyyyyyyyyyyyyyyyyyyyyyyyyyyyyyyyyyyyyyyyyyyyyyyyyyyyyyyyyyyyyyyyyyyyyyyyyyyyyyyyyyyyyyy' exceeds maximum length of 255.
2026-06-03 08:52:56.712 7 INFO neutron.api.v2.resource [None req-f5dd8bdc-e040-4f2d-a822-adf78d3928eb c5d0b53ae5ec483d8806ab6e6dc4b51b d5414e59718f4d2fab98ed9a08fde851 - - default default] create failed (client error): Invalid input for description. Reason: 'yyyyyyyyyyyyyyyyyyyyyyyyyyyyyyyyyyyyyyyyyyyyyyyyyyyyyyyyyyyyyyyyyyyyyyyyyyyyyyyyyyyyyyyyyyyyyyyyyyyyyyyyyyyyyyyyyyyyyyyyyyyyyyyyyyyyyyyyyyyyyyyyyyyyyyyyyyyyyyyyyyyyyyyyyyyyyyyyyyyyyyyyyyyyyyyyyyyyyyyyyyyyyyyyyyyyyyyyyyyyyyyyyyyyyyyyyyyyyyyyyyyyyyyyyyyyyyyy' exceeds maximum length of 255. [pid: 7|app: 0|req: 1933/3636] 10.0.0.72 () {34 vars in 684 bytes} [Wed Jun 3 08:52:56 2026] POST /v2.0/vpn/vpnservices => generated 401 bytes in 10 msecs (HTTP/1.1 400) 4 headers in 166 bytes (1 switches on core 0)
2026-06-03 08:52:56.726 8 WARNING neutron.api.v2.base [None req-1a670bfa-d5c5-458d-b6ad-ccfb78fff1ae c5d0b53ae5ec483d8806ab6e6dc4b51b d5414e59718f4d2fab98ed9a08fde851 - - default default] An exception happened while processing the request body. The exception message is [Invalid input for name. Reason: 'xxxxxxxxxxxxxxxxxxxxxxxxxxxxxxxxxxxxxxxxxxxxxxxxxxxxxxxxxxxxxxxxxxxxxxxxxxxxxxxxxxxxxxxxxxxxxxxxxxxxxxxxxxxxxxxxxxxxxxxxxxxxxxxxxxxxxxxxxxxxxxxxxxxxxxxxxxxxxxxxxxxxxxxxxxxxxxxxxxxxxxxxxxxxxxxxxxxxxxxxxxxxxxxxxxxxxxxxxxxxxxxxxxxxxxxxxxxxxxxxxxxxxxxxxxxxxxxx' exceeds maximum length of 255.].: webob.exc.HTTPBadRequest: Invalid input for name. Reason: 'xxxxxxxxxxxxxxxxxxxxxxxxxxxxxxxxxxxxxxxxxxxxxxxxxxxxxxxxxxxxxxxxxxxxxxxxxxxxxxxxxxxxxxxxxxxxxxxxxxxxxxxxxxxxxxxxxxxxxxxxxxxxxxxxxxxxxxxxxxxxxxxxxxxxxxxxxxxxxxxxxxxxxxxxxxxxxxxxxxxxxxxxxxxxxxxxxxxxxxxxxxxxxxxxxxxxxxxxxxxxxxxxxxxxxxxxxxxxxxxxxxxxxxxxxxxxxxxx' exceeds maximum length of 255.
2026-06-03 08:52:56.727 8 INFO neutron.api.v2.resource [None req-1a670bfa-d5c5-458d-b6ad-ccfb78fff1ae c5d0b53ae5ec483d8806ab6e6dc4b51b d5414e59718f4d2fab98ed9a08fde851 - - default default] create failed (client error): Invalid input for name. Reason: 'xxxxxxxxxxxxxxxxxxxxxxxxxxxxxxxxxxxxxxxxxxxxxxxxxxxxxxxxxxxxxxxxxxxxxxxxxxxxxxxxxxxxxxxxxxxxxxxxxxxxxxxxxxxxxxxxxxxxxxxxxxxxxxxxxxxxxxxxxxxxxxxxxxxxxxxxxxxxxxxxxxxxxxxxxxxxxxxxxxxxxxxxxxxxxxxxxxxxxxxxxxxxxxxxxxxxxxxxxxxxxxxxxxxxxxxxxxxxxxxxxxxxxxxxxxxxxxxx' exceeds maximum length of 255. [pid: 8|app: 0|req: 1704/3637] 10.0.0.72 () {34 vars in 684 bytes} [Wed Jun 3 08:52:56 2026] POST /v2.0/vpn/vpnservices => generated 394 bytes in 10 msecs (HTTP/1.1 400) 4 headers in 166 bytes (1 switches on core 0)
2026-06-03 08:52:56.766 7 INFO neutron.api.v2.resource [None req-dfd0c2eb-bd66-4768-8377-ca39d6531db2 c5d0b53ae5ec483d8806ab6e6dc4b51b d5414e59718f4d2fab98ed9a08fde851 - - default default] create failed (client error): The server could not comply with the request since it is either malformed or otherwise incorrect. [pid: 7|app: 0|req: 1934/3638] 10.0.0.72 () {34 vars in 692 bytes} [Wed Jun 3 08:52:56 2026] POST /v2.0/vpn/endpoint-groups => generated 183 bytes in 33 msecs (HTTP/1.1 400) 4 headers in 166 bytes (1 switches on core 0)
2026-06-03 08:52:56.805 8 INFO neutron.api.v2.resource [None req-03606aa9-ef0b-435f-abb7-caab44263bf2 c5d0b53ae5ec483d8806ab6e6dc4b51b d5414e59718f4d2fab98ed9a08fde851 - - default default] create failed (client error): The server could not comply with the request since it is either malformed or otherwise incorrect. [pid: 8|app: 0|req: 1705/3639] 10.0.0.72 () {34 vars in 692 bytes} [Wed Jun 3 08:52:56 2026] POST /v2.0/vpn/endpoint-groups => generated 160 bytes in 32 msecs (HTTP/1.1 400) 4 headers in 166 bytes (1 switches on core 0)
2026-06-03 08:52:56.845 7 INFO neutron.api.v2.resource [None req-b66b50df-00e5-430c-817b-849e3f680910 c5d0b53ae5ec483d8806ab6e6dc4b51b d5414e59718f4d2fab98ed9a08fde851 - - default default] create failed (client error): The server could not comply with the request since it is either malformed or otherwise incorrect. [pid: 7|app: 0|req: 1935/3640] 10.0.0.72 () {34 vars in 692 bytes} [Wed Jun 3 08:52:56 2026] POST /v2.0/vpn/endpoint-groups => generated 154 bytes in 34 msecs (HTTP/1.1 400) 4 headers in 166 bytes (1 switches on core 0) [pid: 8|app: 0|req: 1706/3641] 10.0.0.72 () {32 vars in 662 bytes} [Wed Jun 3 08:52:56 2026] GET /v2.0/vpn/ikepolicies => generated 407 bytes in 15 msecs (HTTP/1.1 200) 4 headers in 157 bytes (1 switches on core 0) [pid: 7|app: 0|req: 1936/3642] 10.0.0.72 () {32 vars in 666 bytes} [Wed Jun 3 08:52:56 2026] GET /v2.0/vpn/ipsecpolicies => generated 417 bytes in 12 msecs (HTTP/1.1 200) 4 headers in 157 bytes (1 switches on core 0) [pid: 8|app: 0|req: 1707/3643] 10.0.0.72 () {32 vars in 684 bytes} [Wed Jun 3 08:52:56 2026] GET /v2.0/vpn/ipsec-site-connections => generated 796 bytes in 12 msecs (HTTP/1.1 200) 4 headers in 157 bytes (1 switches on core 0) [pid: 7|app: 0|req: 1937/3644] 10.0.0.72 () {32 vars in 662 bytes} [Wed Jun 3 08:52:56 2026] GET /v2.0/vpn/vpnservices => generated 862 bytes in 11 msecs (HTTP/1.1 200) 4 headers in 157 bytes (1 switches on core 0) [pid: 8|app: 0|req: 1708/3645] 10.0.0.72 () {32 vars in 744 bytes} [Wed Jun 3 08:52:56 2026] GET /v2.0/vpn/endpoint-groups/ea62f169-a314-47fc-ad72-c922e0197a55 => generated 328 bytes in 12 msecs (HTTP/1.1 200) 4 headers in 157 bytes (1 switches on core 0) [pid: 7|app: 0|req: 1938/3646] 10.0.0.72 () {32 vars in 744 bytes} [Wed Jun 3 08:52:56 2026] GET /v2.0/vpn/endpoint-groups/5547f2f3-81a0-4f88-9ab8-8c3d0aa60588 => generated 320 bytes in 11 msecs (HTTP/1.1 200) 4 headers in 157 bytes (1 switches on core 0) [pid: 8|app: 0|req: 1709/3647] 10.0.0.72 () {32 vars in 736 bytes} [Wed Jun 3 08:52:56 2026] GET /v2.0/vpn/ikepolicies/b8f87a8a-27a7-48db-b3f2-fea8c7775ea8 => generated 403 bytes in 15 msecs (HTTP/1.1 200) 4 headers in 157 bytes (1 switches on core 0) [pid: 7|app: 0|req: 1939/3648] 10.0.0.72 () {32 vars in 740 bytes} [Wed Jun 3 08:52:56 2026] GET /v2.0/vpn/ipsecpolicies/457cb50f-0e1b-44fe-bf32-17c1e4347fb0 => generated 413 bytes in 10 msecs (HTTP/1.1 200) 4 headers in 157 bytes (1 switches on core 0) [pid: 8|app: 0|req: 1710/3649] 10.0.0.72 () {32 vars in 736 bytes} [Wed Jun 3 08:52:56 2026] GET /v2.0/vpn/vpnservices/5e574aaa-a960-4bc5-805d-099c863d179c => generated 450 bytes in 18 msecs (HTTP/1.1 200) 4 headers in 157 bytes (1 switches on core 0)
2026-06-03 08:52:57.543 7 INFO neutron.db.ovn_revision_numbers_db [None req-2dfef817-93f2-4f11-9728-102c8684b174 c5d0b53ae5ec483d8806ab6e6dc4b51b d5414e59718f4d2fab98ed9a08fde851 - - default default] Successfully bumped revision number for resource 8d17c05a-9d16-4816-b692-363da4c467b3 (type: routers) to 10 [pid: 7|app: 0|req: 1940/3650] 10.0.0.72 () {32 vars in 761 bytes} [Wed Jun 3 08:52:57 2026] DELETE /v2.0/vpn/ipsec-site-connections/c770bb43-4139-49ad-bd1e-4d5cce5e88e3 => generated 0 bytes in 556 msecs (HTTP/1.1 204) 2 headers in 112 bytes (1 switches on core 0) [pid: 8|app: 0|req: 1711/3651] 10.0.0.72 () {32 vars in 747 bytes} [Wed Jun 3 08:52:57 2026] DELETE /v2.0/vpn/endpoint-groups/ea62f169-a314-47fc-ad72-c922e0197a55 => generated 0 bytes in 44 msecs (HTTP/1.1 204) 2 headers in 112 bytes (1 switches on core 0) [pid: 7|app: 0|req: 1941/3652] 10.0.0.72 () {32 vars in 747 bytes} [Wed Jun 3 08:52:57 2026] DELETE /v2.0/vpn/endpoint-groups/5547f2f3-81a0-4f88-9ab8-8c3d0aa60588 => generated 0 bytes in 25 msecs (HTTP/1.1 204) 2 headers in 112 bytes (1 switches on core 0) [pid: 8|app: 0|req: 1712/3653] 10.0.0.72 () {32 vars in 743 bytes} [Wed Jun 3 08:52:57 2026] DELETE /v2.0/vpn/ipsecpolicies/457cb50f-0e1b-44fe-bf32-17c1e4347fb0 => generated 0 bytes in 40 msecs (HTTP/1.1 204) 2 headers in 112 bytes (1 switches on core 0) [pid: 7|app: 0|req: 1942/3654] 10.0.0.72 () {32 vars in 739 bytes} [Wed Jun 3 08:52:57 2026] DELETE /v2.0/vpn/ikepolicies/b8f87a8a-27a7-48db-b3f2-fea8c7775ea8 => generated 0 bytes in 30 msecs (HTTP/1.1 204) 2 headers in 112 bytes (1 switches on core 0) [pid: 8|app: 0|req: 1713/3655] 10.0.0.72 () {32 vars in 739 bytes} [Wed Jun 3 08:52:57 2026] DELETE /v2.0/vpn/vpnservices/5e574aaa-a960-4bc5-805d-099c863d179c => generated 0 bytes in 63 msecs (HTTP/1.1 204) 2 headers in 112 bytes (1 switches on core 0)
2026-06-03 08:52:58.034 7 INFO neutron_taas.services.taas.taas_plugin [None req-7d7f0fc0-b3da-4223-b69c-a56e56ca1892 c5d0b53ae5ec483d8806ab6e6dc4b51b d5414e59718f4d2fab98ed9a08fde851 - - default default] TaaS: Handle Delete Port: 42db59e4-21f7-421a-9b8a-24474fe3107b
2026-06-03 08:52:58.037 7 INFO neutron_taas.services.taas.tap_mirror_plugin [None req-7d7f0fc0-b3da-4223-b69c-a56e56ca1892 c5d0b53ae5ec483d8806ab6e6dc4b51b d5414e59718f4d2fab98ed9a08fde851 - - default default] Tap Mirror: Handle Delete Port: 42db59e4-21f7-421a-9b8a-24474fe3107b
2026-06-03 08:52:58.340 7 INFO neutron_taas.services.taas.taas_plugin [None req-1a9b5aef-a39b-4587-a5a1-8d858ec41540 - - - - - -] TaaS: Handle Delete Port: ee616f7b-6f57-4c90-811c-cb60d04b0e86
2026-06-03 08:52:58.343 7 INFO neutron_taas.services.taas.tap_mirror_plugin [None req-1a9b5aef-a39b-4587-a5a1-8d858ec41540 - - - - - -] Tap Mirror: Handle Delete Port: ee616f7b-6f57-4c90-811c-cb60d04b0e86
2026-06-03 08:52:58.780 7 INFO neutron_taas.services.taas.taas_plugin [None req-cf2c86da-11cc-4020-b262-cfc02ca71d66 - - - - - -] TaaS: Handle Delete Port: 0bbfffdc-f9af-415c-adac-ede49c672c43
2026-06-03 08:52:58.785 7 INFO neutron_taas.services.taas.tap_mirror_plugin [None req-cf2c86da-11cc-4020-b262-cfc02ca71d66 - - - - - -] Tap Mirror: Handle Delete Port: 0bbfffdc-f9af-415c-adac-ede49c672c43
2026-06-03 08:52:59.601 7 INFO neutron_taas.services.taas.taas_plugin [None req-cf2c86da-11cc-4020-b262-cfc02ca71d66 - - - - - -] TaaS: Handle Delete Port: 7c790909-c306-44e1-8acd-c26a3f8b86a3
2026-06-03 08:52:59.605 7 INFO neutron_taas.services.taas.tap_mirror_plugin [None req-cf2c86da-11cc-4020-b262-cfc02ca71d66 - - - - - -] Tap Mirror: Handle Delete Port: 7c790909-c306-44e1-8acd-c26a3f8b86a3
2026-06-03 08:52:59.832 7 INFO neutron.services.segments.plugin [-] Segment 0e08ed51-eeb3-49e9-964e-1d8b3991c22d resource provider aggregate not found
2026-06-03 08:52:59.838 7 INFO neutron.services.segments.plugin [-] Segment 0e08ed51-eeb3-49e9-964e-1d8b3991c22d resource provider aggregate not found
2026-06-03 08:52:59.857 7 INFO neutron.services.segments.plugin [-] Segment 0e08ed51-eeb3-49e9-964e-1d8b3991c22d resource provider not found; error: Placement Client Error (4xx): {"errors": [{"status": 404, "title": "Not Found", "detail": "The resource could not be found.\n\n No resource provider with uuid 0e08ed51-eeb3-49e9-964e-1d8b3991c22d found for delete ", "request_id": "req-e4536e43-f032-49b2-bd06-0d1ed8f5b126"}]}
