2026-06-03 08:43:51.916 7 INFO neutron.db.ovn_revision_numbers_db [None req-791ee7be-39a0-4d82-9cbf-b4890a0b1954 - - - - - -] Successfully bumped revision number for resource 14e43b6e-6cb0-466b-80d5-98659cae40ba (type: ports) to 8 /var/lib/openstack/lib/python3.12/site-packages/pycadf/identifier.py:70: UserWarning: Invalid uuid: neutron. To ensure interoperability, identifiers should be a valid uuid. warnings.warn(('Invalid uuid: %s. To ensure interoperability, ' [pid: 7|app: 0|req: 544/1096] 10.0.0.72 () {32 vars in 773 bytes} [Wed Jun 3 08:43:52 2026] GET /v2.0/security-groups?tenant_id=40e0ef93ee4242679e80de461e8ae55d&name=default => generated 2925 bytes in 117 msecs (HTTP/1.1 200) 4 headers in 158 bytes (1 switches on core 0) [pid: 8|app: 0|req: 553/1097] 10.0.0.72 () {32 vars in 739 bytes} [Wed Jun 3 08:43:52 2026] DELETE /v2.0/security-groups/102d6039-5ce0-4f2f-ba16-f0258bfd3f18 => generated 0 bytes in 229 msecs (HTTP/1.1 204) 2 headers in 112 bytes (1 switches on core 0) [pid: 7|app: 0|req: 545/1098] 199.19.213.207 () {34 vars in 994 bytes} [Wed Jun 3 08:43:52 2026] GET /v2.0/ports?device_id=501d4c42-d975-4d81-bca4-d0b204d8eb46 => generated 969 bytes in 72 msecs (HTTP/1.1 200) 4 headers in 157 bytes (1 switches on core 0) [pid: 7|app: 0|req: 546/1099] 10.0.0.72 () {32 vars in 716 bytes} [Wed Jun 3 08:43:52 2026] GET /v2.0/ports/ae5dff49-17f7-45a4-b196-9ad269118caf => generated 953 bytes in 46 msecs (HTTP/1.1 200) 4 headers in 157 bytes (1 switches on core 0)
2026-06-03 08:43:52.928 8 INFO neutron_taas.services.taas.taas_plugin [req-e583b5ce-9ffa-4771-ac7a-fadf303bee72 req-8d93fd4b-df31-4d08-bc2e-f0d766f1374a 884bb7c0b6204636879c5c9b98d26dbd daa5ca3704d542d59b669d3fc8934533 - - default default] TaaS: Handle Delete Port: 14e43b6e-6cb0-466b-80d5-98659cae40ba
2026-06-03 08:43:52.931 8 INFO neutron_taas.services.taas.tap_mirror_plugin [req-e583b5ce-9ffa-4771-ac7a-fadf303bee72 req-8d93fd4b-df31-4d08-bc2e-f0d766f1374a 884bb7c0b6204636879c5c9b98d26dbd daa5ca3704d542d59b669d3fc8934533 - - default default] Tap Mirror: Handle Delete Port: 14e43b6e-6cb0-466b-80d5-98659cae40ba [pid: 7|app: 0|req: 547/1100] 10.0.0.170 () {34 vars in 990 bytes} [Wed Jun 3 08:43:52 2026] GET /v2.0/ports?device_id=501d4c42-d975-4d81-bca4-d0b204d8eb46 => generated 969 bytes in 43 msecs (HTTP/1.1 200) 4 headers in 157 bytes (1 switches on core 0) [pid: 7|app: 0|req: 548/1101] 10.0.0.170 () {34 vars in 1040 bytes} [Wed Jun 3 08:43:52 2026] GET /v2.0/security-groups?id=f1d77afa-9a3a-48d4-82b4-31e7878e6737&fields=id&fields=name => generated 114 bytes in 26 msecs (HTTP/1.1 200) 4 headers in 157 bytes (1 switches on core 0)
2026-06-03 08:43:53.076 8 INFO neutron.db.l3_db [req-e583b5ce-9ffa-4771-ac7a-fadf303bee72 req-8d93fd4b-df31-4d08-bc2e-f0d766f1374a 884bb7c0b6204636879c5c9b98d26dbd daa5ca3704d542d59b669d3fc8934533 - - default default] Floating IP 6e26c4e3-4403-4735-8f2c-d2d1e6eb30cf disassociated. External IP: 10.96.250.216, port: 14e43b6e-6cb0-466b-80d5-98659cae40ba. [pid: 8|app: 0|req: 554/1102] 199.19.213.207 () {36 vars in 997 bytes} [Wed Jun 3 08:43:52 2026] DELETE /v2.0/ports/14e43b6e-6cb0-466b-80d5-98659cae40ba => generated 0 bytes in 420 msecs (HTTP/1.1 204) 3 headers in 131 bytes (1 switches on core 0)
2026-06-03 08:43:53.228 8 INFO neutron.notifiers.nova [-] Nova event matching ['req-4b8a1755-3904-4937-8be0-22fe8209855c'] response: {'server_uuid': '501d4c42-d975-4d81-bca4-d0b204d8eb46', 'name': 'network-vif-deleted', 'tag': '14e43b6e-6cb0-466b-80d5-98659cae40ba', 'status': 'completed', 'code': 200}
2026-06-03 08:43:53.737 8 WARNING neutron.plugins.ml2.drivers.ovn.mech_driver.ovsdb.ovn_client [None req-1735c6ef-b7e5-4d88-a8ce-21b36cb70369 - - - - - -] No hosting information found for port 0dbb604e-a42e-4c6a-a0c6-5e77a047bb7f: RuntimeError: No hosting information found for port 0dbb604e-a42e-4c6a-a0c6-5e77a047bb7f
2026-06-03 08:43:53.778 7 INFO neutron.notifiers.nova [-] Nova event matching ['req-0d669a9b-8d21-4ebb-9713-705c0c2f97d6'] response: {'name': 'network-changed', 'server_uuid': 'e9bd6881-498c-406f-b0da-ca28d4dae298', 'tag': '7e047c98-e3c9-4138-8dd9-aa9a5fee9bcd', 'status': 'completed', 'code': 200}
2026-06-03 08:43:53.778 7 INFO neutron.notifiers.nova [-] Nova event matching ['req-0d669a9b-8d21-4ebb-9713-705c0c2f97d6'] response: {'server_uuid': '501d4c42-d975-4d81-bca4-d0b204d8eb46', 'name': 'network-vif-unplugged', 'status': 'completed', 'tag': '14e43b6e-6cb0-466b-80d5-98659cae40ba', 'code': 200}
2026-06-03 08:43:53.812 8 INFO neutron.db.ovn_revision_numbers_db [None req-1735c6ef-b7e5-4d88-a8ce-21b36cb70369 - - - - - -] Successfully bumped revision number for resource 0dbb604e-a42e-4c6a-a0c6-5e77a047bb7f (type: router_ports) to 2
2026-06-03 08:43:53.847 8 INFO neutron.plugins.ml2.drivers.ovn.mech_driver.mech_driver [None req-1735c6ef-b7e5-4d88-a8ce-21b36cb70369 - - - - - -] OVN reports status down for port: ae5dff49-17f7-45a4-b196-9ad269118caf /var/lib/openstack/lib/python3.12/site-packages/pycadf/identifier.py:70: UserWarning: Invalid uuid: neutron. To ensure interoperability, identifiers should be a valid uuid. warnings.warn(('Invalid uuid: %s. To ensure interoperability, '
2026-06-03 08:43:53.905 8 WARNING neutron.plugins.ml2.drivers.ovn.mech_driver.ovsdb.ovn_client [None req-1735c6ef-b7e5-4d88-a8ce-21b36cb70369 - - - - - -] Logical_Switch_Port ae5dff49-17f7-45a4-b196-9ad269118caf host information not removed, the port state is up
2026-06-03 08:43:53.906 8 INFO neutron.plugins.ml2.drivers.ovn.mech_driver.mech_driver [None req-1735c6ef-b7e5-4d88-a8ce-21b36cb70369 - - - - - -] OVN reports status up for port: ae5dff49-17f7-45a4-b196-9ad269118caf
2026-06-03 08:43:53.917 8 INFO neutron.plugins.ml2.plugin [None req-1735c6ef-b7e5-4d88-a8ce-21b36cb70369 - - - - - -] Attempt 1 to provision port ae5dff49-17f7-45a4-b196-9ad269118caf [pid: 7|app: 0|req: 549/1103] 10.0.0.72 () {32 vars in 716 bytes} [Wed Jun 3 08:43:53 2026] GET /v2.0/ports/ae5dff49-17f7-45a4-b196-9ad269118caf => generated 953 bytes in 40 msecs (HTTP/1.1 200) 4 headers in 157 bytes (1 switches on core 0) [pid: 8|app: 0|req: 555/1104] 10.0.0.170 () {34 vars in 990 bytes} [Wed Jun 3 08:43:54 2026] GET /v2.0/ports?device_id=501d4c42-d975-4d81-bca4-d0b204d8eb46 => generated 12 bytes in 29 msecs (HTTP/1.1 200) 4 headers in 156 bytes (1 switches on core 0)
2026-06-03 08:43:54.243 8 INFO neutron.db.ovn_revision_numbers_db [None req-1735c6ef-b7e5-4d88-a8ce-21b36cb70369 - - - - - -] Successfully bumped revision number for resource ae5dff49-17f7-45a4-b196-9ad269118caf (type: ports) to 2 [pid: 8|app: 0|req: 556/1105] 199.19.213.207 () {34 vars in 1080 bytes} [Wed Jun 3 08:43:54 2026] GET /v2.0/ports?tenant_id=80a9c9730a744a18a31365f19cc8ba4f&device_id=e9bd6881-498c-406f-b0da-ca28d4dae298 => generated 1209 bytes in 38 msecs (HTTP/1.1 200) 4 headers in 158 bytes (1 switches on core 0) [pid: 8|app: 0|req: 557/1106] 199.19.213.207 () {34 vars in 986 bytes} [Wed Jun 3 08:43:54 2026] GET /v2.0/networks?id=91fb0f53-d043-4854-817b-e7b760b3f647 => generated 813 bytes in 45 msecs (HTTP/1.1 200) 4 headers in 157 bytes (1 switches on core 0)
2026-06-03 08:43:54.392 7 INFO neutron.db.ovn_revision_numbers_db [None req-c5521c54-80db-497d-9694-e90b509d1c44 35e4123095084593b698a38d9925e9af 3651f1a726ec455d90e014c631fb2fbe - - default default] Successfully bumped revision number for resource af81f3a0-4a3f-46ab-b422-c28df7c9fddf (type: security_groups) to 1
2026-06-03 08:43:54.401 7 INFO neutron.db.ovn_revision_numbers_db [None req-c5521c54-80db-497d-9694-e90b509d1c44 35e4123095084593b698a38d9925e9af 3651f1a726ec455d90e014c631fb2fbe - - default default] Successfully bumped revision number for resource 361380df-2e92-4f62-bf27-6f6ea1671cbe (type: security_group_rules) to 0
2026-06-03 08:43:54.411 7 INFO neutron.db.ovn_revision_numbers_db [None req-c5521c54-80db-497d-9694-e90b509d1c44 35e4123095084593b698a38d9925e9af 3651f1a726ec455d90e014c631fb2fbe - - default default] Successfully bumped revision number for resource 37da822d-ab59-400d-90f2-28d8ae08574e (type: security_group_rules) to 0 [pid: 8|app: 0|req: 558/1107] 199.19.213.207 () {34 vars in 1058 bytes} [Wed Jun 3 08:43:54 2026] GET /v2.0/floatingips?fixed_ip_address=10.100.0.4&port_id=7e047c98-e3c9-4138-8dd9-aa9a5fee9bcd => generated 860 bytes in 35 msecs (HTTP/1.1 200) 4 headers in 157 bytes (1 switches on core 0)
2026-06-03 08:43:54.421 7 INFO neutron.db.ovn_revision_numbers_db [None req-c5521c54-80db-497d-9694-e90b509d1c44 35e4123095084593b698a38d9925e9af 3651f1a726ec455d90e014c631fb2fbe - - default default] Successfully bumped revision number for resource bfa87365-444e-4c0a-a88a-c8b5b425205f (type: security_group_rules) to 0
2026-06-03 08:43:54.431 7 INFO neutron.db.ovn_revision_numbers_db [None req-c5521c54-80db-497d-9694-e90b509d1c44 35e4123095084593b698a38d9925e9af 3651f1a726ec455d90e014c631fb2fbe - - default default] Successfully bumped revision number for resource d057cc7d-6568-449c-acd9-b11716be4f51 (type: security_group_rules) to 0 [pid: 8|app: 0|req: 559/1108] 199.19.213.207 () {34 vars in 984 bytes} [Wed Jun 3 08:43:54 2026] GET /v2.0/subnets?id=7086d461-f79d-4b30-ad5c-29ff898d8834 => generated 694 bytes in 23 msecs (HTTP/1.1 200) 4 headers in 157 bytes (1 switches on core 0) [pid: 8|app: 0|req: 560/1109] 199.19.213.207 () {34 vars in 1052 bytes} [Wed Jun 3 08:43:54 2026] GET /v2.0/ports?network_id=91fb0f53-d043-4854-817b-e7b760b3f647&device_owner=network%3Adhcp => generated 12 bytes in 17 msecs (HTTP/1.1 200) 4 headers in 156 bytes (1 switches on core 0)
2026-06-03 08:43:54.507 7 INFO neutron.db.segments_db [None req-c5521c54-80db-497d-9694-e90b509d1c44 35e4123095084593b698a38d9925e9af 3651f1a726ec455d90e014c631fb2fbe - - default default] Added segment 3b52d8ba-16c3-401a-a223-81724e5055bf of type geneve for network 78045c03-4886-4187-a546-7c39fd16588d [pid: 8|app: 0|req: 561/1110] 199.19.213.207 () {34 vars in 1012 bytes} [Wed Jun 3 08:43:54 2026] GET /v2.0/networks/91fb0f53-d043-4854-817b-e7b760b3f647?fields=segments => generated 14 bytes in 42 msecs (HTTP/1.1 200) 4 headers in 156 bytes (1 switches on core 0) [pid: 8|app: 0|req: 562/1111] 199.19.213.207 () {34 vars in 1112 bytes} [Wed Jun 3 08:43:54 2026] GET /v2.0/networks/91fb0f53-d043-4854-817b-e7b760b3f647?fields=provider%3Aphysical_network&fields=provider%3Anetwork_type => generated 79 bytes in 47 msecs (HTTP/1.1 200) 4 headers in 156 bytes (1 switches on core 0)
2026-06-03 08:43:54.614 7 INFO neutron.db.ovn_revision_numbers_db [None req-c5521c54-80db-497d-9694-e90b509d1c44 35e4123095084593b698a38d9925e9af 3651f1a726ec455d90e014c631fb2fbe - - default default] Successfully bumped revision number for resource 78045c03-4886-4187-a546-7c39fd16588d (type: networks) to 1
2026-06-03 08:43:54.769 7 WARNING neutron.scheduler.dhcp_agent_scheduler [None req-c5521c54-80db-497d-9694-e90b509d1c44 35e4123095084593b698a38d9925e9af 3651f1a726ec455d90e014c631fb2fbe - - default default] No more DHCP agents
2026-06-03 08:43:54.770 7 WARNING neutron.api.rpc.agentnotifiers.dhcp_rpc_agent_api [None req-c5521c54-80db-497d-9694-e90b509d1c44 35e4123095084593b698a38d9925e9af 3651f1a726ec455d90e014c631fb2fbe - - default default] Unable to schedule network 78045c03-4886-4187-a546-7c39fd16588d: no agents available; will retry on subsequent port and subnet creation events.
2026-06-03 08:43:54.807 7 INFO neutron.plugins.ml2.drivers.ovn.mech_driver.mech_driver [None req-b784dcdf-c302-4f27-a5dc-2bf2c7b3fd69 - - - - - -] OVN reports status down for port: 882f6daf-35d7-45a3-803d-351e68e75f02
2026-06-03 08:43:54.851 7 INFO neutron.db.ovn_revision_numbers_db [None req-c5521c54-80db-497d-9694-e90b509d1c44 35e4123095084593b698a38d9925e9af 3651f1a726ec455d90e014c631fb2fbe - - default default] Successfully bumped revision number for resource 882f6daf-35d7-45a3-803d-351e68e75f02 (type: ports) to 1 [pid: 7|app: 0|req: 550/1112] 10.0.0.72 () {34 vars in 669 bytes} [Wed Jun 3 08:43:54 2026] POST /v2.0/networks => generated 687 bytes in 720 msecs (HTTP/1.1 201) 4 headers in 162 bytes (1 switches on core 0) [pid: 7|app: 0|req: 551/1113] 10.0.0.72 () {32 vars in 716 bytes} [Wed Jun 3 08:43:54 2026] GET /v2.0/ports/ae5dff49-17f7-45a4-b196-9ad269118caf => generated 955 bytes in 48 msecs (HTTP/1.1 200) 4 headers in 157 bytes (1 switches on core 0)
2026-06-03 08:43:55.114 8 WARNING neutron.scheduler.dhcp_agent_scheduler [None req-6f5a356b-09b5-4013-ae4e-c63e6ec44d84 35e4123095084593b698a38d9925e9af 3651f1a726ec455d90e014c631fb2fbe - - default default] No more DHCP agents
2026-06-03 08:43:55.115 8 WARNING neutron.api.rpc.agentnotifiers.dhcp_rpc_agent_api [None req-6f5a356b-09b5-4013-ae4e-c63e6ec44d84 35e4123095084593b698a38d9925e9af 3651f1a726ec455d90e014c631fb2fbe - - default default] Unable to schedule network 78045c03-4886-4187-a546-7c39fd16588d: no agents available; will retry on subsequent port and subnet creation events.
2026-06-03 08:43:55.187 8 INFO neutron.db.ovn_revision_numbers_db [None req-6f5a356b-09b5-4013-ae4e-c63e6ec44d84 35e4123095084593b698a38d9925e9af 3651f1a726ec455d90e014c631fb2fbe - - default default] Successfully bumped revision number for resource c125db65-74b5-4aa4-8750-b8ee6a7b4760 (type: ports) to 1 [pid: 8|app: 0|req: 563/1114] 10.0.0.72 () {34 vars in 664 bytes} [Wed Jun 3 08:43:54 2026] POST /v2.0/ports => generated 778 bytes in 326 msecs (HTTP/1.1 201) 4 headers in 162 bytes (1 switches on core 0) /var/lib/openstack/lib/python3.12/site-packages/pycadf/identifier.py:70: UserWarning: Invalid uuid: neutron. To ensure interoperability, identifiers should be a valid uuid. warnings.warn(('Invalid uuid: %s. To ensure interoperability, ' [pid: 8|app: 0|req: 564/1115] 10.0.0.170 () {34 vars in 990 bytes} [Wed Jun 3 08:43:55 2026] GET /v2.0/ports?device_id=501d4c42-d975-4d81-bca4-d0b204d8eb46 => generated 12 bytes in 15 msecs (HTTP/1.1 200) 4 headers in 156 bytes (1 switches on core 0)
2026-06-03 08:43:55.255 7 INFO neutron_taas.services.taas.taas_plugin [None req-6d77907f-43f4-4ebf-8880-910ffa34d9a8 052615b5e01e43eb870986cc712137cd cbae2db83eda47dd838066f71d767559 - - default default] TaaS: Handle Delete Port: ae5dff49-17f7-45a4-b196-9ad269118caf
2026-06-03 08:43:55.258 7 INFO neutron_taas.services.taas.tap_mirror_plugin [None req-6d77907f-43f4-4ebf-8880-910ffa34d9a8 052615b5e01e43eb870986cc712137cd cbae2db83eda47dd838066f71d767559 - - default default] Tap Mirror: Handle Delete Port: ae5dff49-17f7-45a4-b196-9ad269118caf
2026-06-03 08:43:55.327 8 INFO neutron.db.segments_db [None req-b217ba21-d8e2-4814-96b4-f24e39150f08 35e4123095084593b698a38d9925e9af 3651f1a726ec455d90e014c631fb2fbe - - default default] Added segment 638aa394-8e9b-4520-88a2-6cfe958f1c02 of type geneve for network 8e116562-d298-46bd-99ff-cf4d979b4644
2026-06-03 08:43:55.431 8 INFO neutron.db.ovn_revision_numbers_db [None req-b217ba21-d8e2-4814-96b4-f24e39150f08 35e4123095084593b698a38d9925e9af 3651f1a726ec455d90e014c631fb2fbe - - default default] Successfully bumped revision number for resource 8e116562-d298-46bd-99ff-cf4d979b4644 (type: networks) to 1 [pid: 7|app: 0|req: 552/1116] 10.0.0.72 () {34 vars in 788 bytes} [Wed Jun 3 08:43:54 2026] PUT /v2.0/routers/1bad792a-253a-41b2-aa85-555137c22026/remove_router_interface => generated 309 bytes in 561 msecs (HTTP/1.1 200) 4 headers in 157 bytes (1 switches on core 0) /var/lib/openstack/lib/python3.12/site-packages/pycadf/identifier.py:70: UserWarning: Invalid uuid: neutron. To ensure interoperability, identifiers should be a valid uuid. warnings.warn(('Invalid uuid: %s. To ensure interoperability, '
2026-06-03 08:43:55.611 8 WARNING neutron.scheduler.dhcp_agent_scheduler [None req-b217ba21-d8e2-4814-96b4-f24e39150f08 35e4123095084593b698a38d9925e9af 3651f1a726ec455d90e014c631fb2fbe - - default default] No more DHCP agents
2026-06-03 08:43:55.612 8 WARNING neutron.api.rpc.agentnotifiers.dhcp_rpc_agent_api [None req-b217ba21-d8e2-4814-96b4-f24e39150f08 35e4123095084593b698a38d9925e9af 3651f1a726ec455d90e014c631fb2fbe - - default default] Unable to schedule network 8e116562-d298-46bd-99ff-cf4d979b4644: no agents available; will retry on subsequent port and subnet creation events. [pid: 7|app: 0|req: 553/1117] 10.0.0.72 () {32 vars in 716 bytes} [Wed Jun 3 08:43:55 2026] GET /v2.0/ports/0dbb604e-a42e-4c6a-a0c6-5e77a047bb7f => generated 947 bytes in 96 msecs (HTTP/1.1 200) 4 headers in 157 bytes (1 switches on core 0)
2026-06-03 08:43:55.680 8 INFO neutron.db.ovn_revision_numbers_db [None req-b217ba21-d8e2-4814-96b4-f24e39150f08 35e4123095084593b698a38d9925e9af 3651f1a726ec455d90e014c631fb2fbe - - default default] Successfully bumped revision number for resource a7c31863-3ec3-43a5-83ef-4aa9ddcdbe3d (type: ports) to 1 [pid: 8|app: 0|req: 565/1118] 10.0.0.72 () {34 vars in 669 bytes} [Wed Jun 3 08:43:55 2026] POST /v2.0/networks => generated 674 bytes in 450 msecs (HTTP/1.1 201) 4 headers in 162 bytes (1 switches on core 0)
2026-06-03 08:43:55.873 8 WARNING neutron.scheduler.dhcp_agent_scheduler [None req-4ef40254-260c-4907-aab8-476450e7b3e2 35e4123095084593b698a38d9925e9af 3651f1a726ec455d90e014c631fb2fbe - - default default] No more DHCP agents
2026-06-03 08:43:55.874 8 WARNING neutron.api.rpc.agentnotifiers.dhcp_rpc_agent_api [None req-4ef40254-260c-4907-aab8-476450e7b3e2 35e4123095084593b698a38d9925e9af 3651f1a726ec455d90e014c631fb2fbe - - default default] Unable to schedule network 8e116562-d298-46bd-99ff-cf4d979b4644: no agents available; will retry on subsequent port and subnet creation events.
2026-06-03 08:43:55.891 7 INFO neutron_taas.services.taas.taas_plugin [None req-09e2eb90-41c9-4b35-ac77-0c39a516d4eb 052615b5e01e43eb870986cc712137cd cbae2db83eda47dd838066f71d767559 - - default default] TaaS: Handle Delete Port: 0dbb604e-a42e-4c6a-a0c6-5e77a047bb7f
2026-06-03 08:43:55.894 7 INFO neutron_taas.services.taas.tap_mirror_plugin [None req-09e2eb90-41c9-4b35-ac77-0c39a516d4eb 052615b5e01e43eb870986cc712137cd cbae2db83eda47dd838066f71d767559 - - default default] Tap Mirror: Handle Delete Port: 0dbb604e-a42e-4c6a-a0c6-5e77a047bb7f
2026-06-03 08:43:55.896 8 INFO neutron.db.ovn_revision_numbers_db [None req-4ef40254-260c-4907-aab8-476450e7b3e2 35e4123095084593b698a38d9925e9af 3651f1a726ec455d90e014c631fb2fbe - - default default] Successfully bumped revision number for resource 489802dc-25c0-4d62-9eab-c552a03ff6d6 (type: subnets) to 0 [pid: 8|app: 0|req: 566/1119] 10.0.0.72 () {34 vars in 668 bytes} [Wed Jun 3 08:43:55 2026] POST /v2.0/subnets => generated 646 bytes in 207 msecs (HTTP/1.1 201) 4 headers in 162 bytes (1 switches on core 0) [pid: 7|app: 0|req: 554/1120] 10.0.0.72 () {34 vars in 788 bytes} [Wed Jun 3 08:43:55 2026] PUT /v2.0/routers/1bad792a-253a-41b2-aa85-555137c22026/remove_router_interface => generated 309 bytes in 496 msecs (HTTP/1.1 200) 4 headers in 157 bytes (1 switches on core 0) /var/lib/openstack/lib/python3.12/site-packages/pycadf/identifier.py:70: UserWarning: Invalid uuid: neutron. To ensure interoperability, identifiers should be a valid uuid. warnings.warn(('Invalid uuid: %s. To ensure interoperability, ' [pid: 7|app: 0|req: 555/1121] 10.0.0.72 () {32 vars in 735 bytes} [Wed Jun 3 08:43:56 2026] GET /v2.0/ports?device_id=1bad792a-253a-41b2-aa85-555137c22026 => generated 12 bytes in 24 msecs (HTTP/1.1 200) 4 headers in 156 bytes (1 switches on core 0)
2026-06-03 08:43:56.188 8 WARNING neutron.scheduler.dhcp_agent_scheduler [None req-37db5d29-2748-4e97-999d-35dbbba1de59 35e4123095084593b698a38d9925e9af 3651f1a726ec455d90e014c631fb2fbe - - default default] No more DHCP agents
2026-06-03 08:43:56.189 8 WARNING neutron.api.rpc.agentnotifiers.dhcp_rpc_agent_api [None req-37db5d29-2748-4e97-999d-35dbbba1de59 35e4123095084593b698a38d9925e9af 3651f1a726ec455d90e014c631fb2fbe - - default default] Unable to schedule network 8e116562-d298-46bd-99ff-cf4d979b4644: no agents available; will retry on subsequent port and subnet creation events.
2026-06-03 08:43:56.267 7 INFO neutron.plugins.ml2.drivers.ovn.mech_driver.mech_driver [None req-b784dcdf-c302-4f27-a5dc-2bf2c7b3fd69 - - - - - -] OVN reports status down for port: 2f451dcc-d4ae-46d7-a319-700f40111d4c
2026-06-03 08:43:56.300 8 INFO neutron.db.ovn_revision_numbers_db [None req-37db5d29-2748-4e97-999d-35dbbba1de59 35e4123095084593b698a38d9925e9af 3651f1a726ec455d90e014c631fb2fbe - - default default] Successfully bumped revision number for resource 2f451dcc-d4ae-46d7-a319-700f40111d4c (type: ports) to 1 [pid: 8|app: 0|req: 567/1122] 10.0.0.72 () {34 vars in 664 bytes} [Wed Jun 3 08:43:55 2026] POST /v2.0/ports => generated 965 bytes in 433 msecs (HTTP/1.1 201) 4 headers in 162 bytes (1 switches on core 0) /var/lib/openstack/lib/python3.12/site-packages/pycadf/identifier.py:70: UserWarning: Invalid uuid: neutron. To ensure interoperability, identifiers should be a valid uuid. warnings.warn(('Invalid uuid: %s. To ensure interoperability, ' [pid: 8|app: 0|req: 568/1123] 10.0.0.170 () {34 vars in 990 bytes} [Wed Jun 3 08:43:56 2026] GET /v2.0/ports?device_id=501d4c42-d975-4d81-bca4-d0b204d8eb46 => generated 12 bytes in 22 msecs (HTTP/1.1 200) 4 headers in 156 bytes (1 switches on core 0)
2026-06-03 08:43:56.485 8 INFO neutron_taas.services.taas.taas_plugin [None req-29e71d65-8f97-47ff-82ca-9c470841d6ce 35e4123095084593b698a38d9925e9af 3651f1a726ec455d90e014c631fb2fbe - - default default] TaaS: Handle Delete Port: 2f451dcc-d4ae-46d7-a319-700f40111d4c
2026-06-03 08:43:56.488 8 INFO neutron_taas.services.taas.tap_mirror_plugin [None req-29e71d65-8f97-47ff-82ca-9c470841d6ce 35e4123095084593b698a38d9925e9af 3651f1a726ec455d90e014c631fb2fbe - - default default] Tap Mirror: Handle Delete Port: 2f451dcc-d4ae-46d7-a319-700f40111d4c [pid: 7|app: 0|req: 556/1124] 10.0.0.72 () {32 vars in 723 bytes} [Wed Jun 3 08:43:56 2026] DELETE /v2.0/routers/1bad792a-253a-41b2-aa85-555137c22026 => generated 0 bytes in 308 msecs (HTTP/1.1 204) 2 headers in 112 bytes (1 switches on core 0) [pid: 8|app: 0|req: 569/1125] 10.0.0.72 () {32 vars in 719 bytes} [Wed Jun 3 08:43:56 2026] DELETE /v2.0/ports/2f451dcc-d4ae-46d7-a319-700f40111d4c => generated 0 bytes in 219 msecs (HTTP/1.1 204) 3 headers in 131 bytes (1 switches on core 0)
2026-06-03 08:43:56.613 8 INFO neutron.pecan_wsgi.hooks.translation [None req-2c9d3a0d-91b8-4cd1-8cf2-5945b2941548 35e4123095084593b698a38d9925e9af 3651f1a726ec455d90e014c631fb2fbe - - default default] DELETE failed (client error): The resource could not be found. [pid: 8|app: 0|req: 570/1126] 10.0.0.72 () {32 vars in 719 bytes} [Wed Jun 3 08:43:56 2026] DELETE /v2.0/ports/2f451dcc-d4ae-46d7-a319-700f40111d4c => generated 132 bytes in 25 msecs (HTTP/1.1 404) 4 headers in 164 bytes (1 switches on core 0)
2026-06-03 08:43:56.639 8 INFO neutron.pecan_wsgi.hooks.translation [None req-d3935ca9-2d95-4be1-a83d-83b59acd5b8a 35e4123095084593b698a38d9925e9af 3651f1a726ec455d90e014c631fb2fbe - - default default] GET failed (client error): The resource could not be found. [pid: 8|app: 0|req: 571/1127] 10.0.0.72 () {32 vars in 716 bytes} [Wed Jun 3 08:43:56 2026] GET /v2.0/ports/2f451dcc-d4ae-46d7-a319-700f40111d4c => generated 132 bytes in 17 msecs (HTTP/1.1 404) 4 headers in 164 bytes (1 switches on core 0) [pid: 7|app: 0|req: 557/1128] 10.0.0.72 () {32 vars in 723 bytes} [Wed Jun 3 08:43:56 2026] DELETE /v2.0/subnets/049ccdbb-ac71-4332-9cbd-f5b18ddba8a6 => generated 0 bytes in 138 msecs (HTTP/1.1 204) 3 headers in 131 bytes (1 switches on core 0) [pid: 7|app: 0|req: 558/1129] 10.0.0.72 () {32 vars in 723 bytes} [Wed Jun 3 08:43:56 2026] DELETE /v2.0/subnets/37a34b1a-e0ed-4ba8-b32f-778d790393d6 => generated 0 bytes in 117 msecs (HTTP/1.1 204) 3 headers in 131 bytes (1 switches on core 0) [pid: 8|app: 0|req: 572/1130] 10.0.0.72 () {32 vars in 723 bytes} [Wed Jun 3 08:43:56 2026] DELETE /v2.0/subnets/489802dc-25c0-4d62-9eab-c552a03ff6d6 => generated 0 bytes in 126 msecs (HTTP/1.1 204) 3 headers in 131 bytes (1 switches on core 0)
2026-06-03 08:43:56.866 8 INFO neutron_taas.services.taas.taas_plugin [None req-66a11533-1a3a-45c4-bcf8-d9c0a5cde6bf 35e4123095084593b698a38d9925e9af 3651f1a726ec455d90e014c631fb2fbe - - default default] TaaS: Handle Delete Port: a7c31863-3ec3-43a5-83ef-4aa9ddcdbe3d
2026-06-03 08:43:56.868 8 INFO neutron_taas.services.taas.tap_mirror_plugin [None req-66a11533-1a3a-45c4-bcf8-d9c0a5cde6bf 35e4123095084593b698a38d9925e9af 3651f1a726ec455d90e014c631fb2fbe - - default default] Tap Mirror: Handle Delete Port: a7c31863-3ec3-43a5-83ef-4aa9ddcdbe3d
2026-06-03 08:43:56.884 7 INFO neutron_taas.services.taas.taas_plugin [None req-a900d6fb-c1ff-47d8-8d57-08663f4c447d 052615b5e01e43eb870986cc712137cd cbae2db83eda47dd838066f71d767559 - - default default] TaaS: Handle Delete Port: fa9c5d05-bdc5-4509-a40f-a5417cd70fd0
2026-06-03 08:43:56.888 7 INFO neutron_taas.services.taas.tap_mirror_plugin [None req-a900d6fb-c1ff-47d8-8d57-08663f4c447d 052615b5e01e43eb870986cc712137cd cbae2db83eda47dd838066f71d767559 - - default default] Tap Mirror: Handle Delete Port: fa9c5d05-bdc5-4509-a40f-a5417cd70fd0
2026-06-03 08:43:57.054 7 INFO neutron.services.segments.plugin [-] Segment 034b306b-9e3c-4fc1-954d-1996efcd534c resource provider aggregate not found
2026-06-03 08:43:57.057 7 INFO neutron.services.segments.plugin [-] Segment 034b306b-9e3c-4fc1-954d-1996efcd534c resource provider aggregate not found
2026-06-03 08:43:57.061 8 INFO neutron.services.segments.plugin [-] Segment 638aa394-8e9b-4520-88a2-6cfe958f1c02 resource provider aggregate not found
2026-06-03 08:43:57.069 7 INFO neutron.services.segments.plugin [-] Segment 034b306b-9e3c-4fc1-954d-1996efcd534c resource provider not found; error: Placement Client Error (4xx): {"errors": [{"status": 404, "title": "Not Found", "detail": "The resource could not be found.\n\n No resource provider with uuid 034b306b-9e3c-4fc1-954d-1996efcd534c found for delete ", "request_id": "req-ccf2be1e-9e51-42c9-a294-279eb96f1364"}]}
2026-06-03 08:43:57.074 8 INFO neutron.services.segments.plugin [-] Segment 638aa394-8e9b-4520-88a2-6cfe958f1c02 resource provider aggregate not found
2026-06-03 08:43:57.076 7 INFO neutron.services.segments.plugin [-] Segment 034b306b-9e3c-4fc1-954d-1996efcd534c resource provider not found; error: Placement Client Error (4xx): {"errors": [{"status": 404, "title": "Not Found", "detail": "The resource could not be found.\n\n No resource provider with uuid 034b306b-9e3c-4fc1-954d-1996efcd534c found for delete ", "request_id": "req-d46e5060-ba3b-42d4-b647-b678c621c29e"}]}
2026-06-03 08:43:57.084 8 INFO neutron.services.segments.plugin [-] Segment 638aa394-8e9b-4520-88a2-6cfe958f1c02 resource provider not found; error: Placement Client Error (4xx): {"errors": [{"status": 404, "title": "Not Found", "detail": "The resource could not be found.\n\n No resource provider with uuid 638aa394-8e9b-4520-88a2-6cfe958f1c02 found for delete ", "request_id": "req-a1cd2673-20d7-472a-bf9f-64c4db3c5f80"}]}
2026-06-03 08:43:57.089 8 INFO neutron.services.segments.plugin [-] Segment 638aa394-8e9b-4520-88a2-6cfe958f1c02 resource provider not found; error: Placement Client Error (4xx): {"errors": [{"status": 404, "title": "Not Found", "detail": "The resource could not be found.\n\n No resource provider with uuid 638aa394-8e9b-4520-88a2-6cfe958f1c02 found for delete ", "request_id": "req-19b1fe62-b431-4717-97ac-cc4ab60212ec"}]} [pid: 7|app: 0|req: 559/1131] 10.0.0.72 () {32 vars in 725 bytes} [Wed Jun 3 08:43:56 2026] DELETE /v2.0/networks/f1521122-f863-4fc1-ada0-691fe3569551 => generated 0 bytes in 325 msecs (HTTP/1.1 204) 3 headers in 131 bytes (1 switches on core 0) [pid: 8|app: 0|req: 573/1132] 10.0.0.72 () {32 vars in 725 bytes} [Wed Jun 3 08:43:56 2026] DELETE /v2.0/networks/8e116562-d298-46bd-99ff-cf4d979b4644 => generated 0 bytes in 336 msecs (HTTP/1.1 204) 3 headers in 131 bytes (1 switches on core 0)
2026-06-03 08:43:57.190 8 INFO neutron.db.segments_db [None req-d48af380-16ed-4c27-81db-20a549c5b55b 35e4123095084593b698a38d9925e9af 3651f1a726ec455d90e014c631fb2fbe - - default default] Added segment d7ce37e0-c2b3-4e56-a425-14c3547f6389 of type geneve for network 54c99415-5a1a-4681-a8aa-8df7ce795dce
2026-06-03 08:43:57.205 7 INFO neutron_taas.services.taas.taas_plugin [None req-0793a5c6-73e5-4f9b-adb9-3326b16b72ca 052615b5e01e43eb870986cc712137cd cbae2db83eda47dd838066f71d767559 - - default default] TaaS: Handle Delete Port: 977b195c-d018-440f-8c41-5206cb0c06e8
2026-06-03 08:43:57.208 7 INFO neutron_taas.services.taas.tap_mirror_plugin [None req-0793a5c6-73e5-4f9b-adb9-3326b16b72ca 052615b5e01e43eb870986cc712137cd cbae2db83eda47dd838066f71d767559 - - default default] Tap Mirror: Handle Delete Port: 977b195c-d018-440f-8c41-5206cb0c06e8
2026-06-03 08:43:57.277 8 INFO neutron.db.ovn_revision_numbers_db [None req-d48af380-16ed-4c27-81db-20a549c5b55b 35e4123095084593b698a38d9925e9af 3651f1a726ec455d90e014c631fb2fbe - - default default] Successfully bumped revision number for resource 54c99415-5a1a-4681-a8aa-8df7ce795dce (type: networks) to 1 [pid: 7|app: 0|req: 560/1133] 10.0.0.72 () {32 vars in 725 bytes} [Wed Jun 3 08:43:57 2026] DELETE /v2.0/networks/18c6a12c-b14c-4fdf-b449-b56913329351 => generated 0 bytes in 315 msecs (HTTP/1.1 204) 3 headers in 131 bytes (1 switches on core 0)
2026-06-03 08:43:57.450 8 WARNING neutron.scheduler.dhcp_agent_scheduler [None req-d48af380-16ed-4c27-81db-20a549c5b55b 35e4123095084593b698a38d9925e9af 3651f1a726ec455d90e014c631fb2fbe - - default default] No more DHCP agents
2026-06-03 08:43:57.452 8 WARNING neutron.api.rpc.agentnotifiers.dhcp_rpc_agent_api [None req-d48af380-16ed-4c27-81db-20a549c5b55b 35e4123095084593b698a38d9925e9af 3651f1a726ec455d90e014c631fb2fbe - - default default] Unable to schedule network 54c99415-5a1a-4681-a8aa-8df7ce795dce: no agents available; will retry on subsequent port and subnet creation events.
2026-06-03 08:43:57.499 7 INFO neutron.plugins.ml2.drivers.ovn.mech_driver.mech_driver [None req-b784dcdf-c302-4f27-a5dc-2bf2c7b3fd69 - - - - - -] OVN reports status down for port: f49148b3-8330-499e-b2f4-34dec1c3a8ec
2026-06-03 08:43:57.531 7 INFO neutron.db.segments_db [None req-8e8d655f-c5b1-4aae-a0f2-892f8282a47d 052615b5e01e43eb870986cc712137cd cbae2db83eda47dd838066f71d767559 - - default default] Added segment f71c4282-c004-4456-806b-afee21b4d7df of type geneve for network 7226e23c-1f7d-4d4b-b41d-20dbabb40a64
2026-06-03 08:43:57.537 8 INFO neutron.db.ovn_revision_numbers_db [None req-d48af380-16ed-4c27-81db-20a549c5b55b 35e4123095084593b698a38d9925e9af 3651f1a726ec455d90e014c631fb2fbe - - default default] Successfully bumped revision number for resource f49148b3-8330-499e-b2f4-34dec1c3a8ec (type: ports) to 1 [pid: 8|app: 0|req: 574/1134] 10.0.0.72 () {34 vars in 669 bytes} [Wed Jun 3 08:43:57 2026] POST /v2.0/networks => generated 674 bytes in 451 msecs (HTTP/1.1 201) 4 headers in 162 bytes (1 switches on core 0)
2026-06-03 08:43:57.687 7 INFO neutron.db.ovn_revision_numbers_db [None req-8e8d655f-c5b1-4aae-a0f2-892f8282a47d 052615b5e01e43eb870986cc712137cd cbae2db83eda47dd838066f71d767559 - - default default] Successfully bumped revision number for resource 7226e23c-1f7d-4d4b-b41d-20dbabb40a64 (type: networks) to 1 [pid: 8|app: 0|req: 575/1135] 10.0.0.72 () {32 vars in 739 bytes} [Wed Jun 3 08:43:57 2026] DELETE /v2.0/security-groups/f1d77afa-9a3a-48d4-82b4-31e7878e6737 => generated 0 bytes in 127 msecs (HTTP/1.1 204) 2 headers in 112 bytes (1 switches on core 0)
2026-06-03 08:43:57.857 7 WARNING neutron.scheduler.dhcp_agent_scheduler [None req-8e8d655f-c5b1-4aae-a0f2-892f8282a47d 052615b5e01e43eb870986cc712137cd cbae2db83eda47dd838066f71d767559 - - default default] No more DHCP agents
2026-06-03 08:43:57.859 7 WARNING neutron.api.rpc.agentnotifiers.dhcp_rpc_agent_api [None req-8e8d655f-c5b1-4aae-a0f2-892f8282a47d 052615b5e01e43eb870986cc712137cd cbae2db83eda47dd838066f71d767559 - - default default] Unable to schedule network 7226e23c-1f7d-4d4b-b41d-20dbabb40a64: no agents available; will retry on subsequent port and subnet creation events.
2026-06-03 08:43:57.874 8 WARNING neutron.scheduler.dhcp_agent_scheduler [None req-2e70943d-f67d-4ea8-b16b-74c398d50ff2 35e4123095084593b698a38d9925e9af 3651f1a726ec455d90e014c631fb2fbe - - default default] No more DHCP agents
2026-06-03 08:43:57.875 8 WARNING neutron.api.rpc.agentnotifiers.dhcp_rpc_agent_api [None req-2e70943d-f67d-4ea8-b16b-74c398d50ff2 35e4123095084593b698a38d9925e9af 3651f1a726ec455d90e014c631fb2fbe - - default default] Unable to schedule network 54c99415-5a1a-4681-a8aa-8df7ce795dce: no agents available; will retry on subsequent port and subnet creation events.
2026-06-03 08:43:57.914 8 INFO neutron.db.ovn_revision_numbers_db [None req-2e70943d-f67d-4ea8-b16b-74c398d50ff2 35e4123095084593b698a38d9925e9af 3651f1a726ec455d90e014c631fb2fbe - - default default] Successfully bumped revision number for resource d5cc2ca1-24bd-4d66-9dc0-d367afec05f9 (type: subnets) to 0
2026-06-03 08:43:57.924 7 INFO neutron.db.ovn_revision_numbers_db [None req-8e8d655f-c5b1-4aae-a0f2-892f8282a47d 052615b5e01e43eb870986cc712137cd cbae2db83eda47dd838066f71d767559 - - default default] Successfully bumped revision number for resource 24515584-4af5-4ea3-b69f-d7e9fdd10734 (type: ports) to 1 [pid: 8|app: 0|req: 576/1136] 10.0.0.72 () {34 vars in 668 bytes} [Wed Jun 3 08:43:57 2026] POST /v2.0/subnets => generated 646 bytes in 237 msecs (HTTP/1.1 201) 4 headers in 162 bytes (1 switches on core 0)
2026-06-03 08:43:57.939 8 INFO neutron.api.v2.resource [None req-fd3e2e0a-4cad-4d8a-a5b7-8b81db7a4c7b 884bb7c0b6204636879c5c9b98d26dbd daa5ca3704d542d59b669d3fc8934533 - - default default] show failed (client error): The resource could not be found. [pid: 8|app: 0|req: 577/1137] 10.0.0.72 () {32 vars in 736 bytes} [Wed Jun 3 08:43:57 2026] GET /v2.0/security-groups/f1d77afa-9a3a-48d4-82b4-31e7878e6737 => generated 146 bytes in 9 msecs (HTTP/1.1 404) 4 headers in 164 bytes (1 switches on core 0) [pid: 7|app: 0|req: 561/1138] 10.0.0.72 () {34 vars in 669 bytes} [Wed Jun 3 08:43:57 2026] POST /v2.0/networks => generated 671 bytes in 527 msecs (HTTP/1.1 201) 4 headers in 162 bytes (1 switches on core 0)
2026-06-03 08:43:58.069 7 INFO neutron_taas.services.taas.taas_plugin [None req-78e52e38-5732-4ed6-aa43-540247fd9028 884bb7c0b6204636879c5c9b98d26dbd daa5ca3704d542d59b669d3fc8934533 - - default default] TaaS: Handle Delete Port: f50185f8-71c3-4aa9-bc88-8c61e10d8c86
2026-06-03 08:43:58.072 7 INFO neutron_taas.services.taas.tap_mirror_plugin [None req-78e52e38-5732-4ed6-aa43-540247fd9028 884bb7c0b6204636879c5c9b98d26dbd daa5ca3704d542d59b669d3fc8934533 - - default default] Tap Mirror: Handle Delete Port: f50185f8-71c3-4aa9-bc88-8c61e10d8c86
2026-06-03 08:43:58.169 8 WARNING neutron.scheduler.dhcp_agent_scheduler [None req-28be8074-fd28-48b2-ab6c-1a85d6b3d968 35e4123095084593b698a38d9925e9af 3651f1a726ec455d90e014c631fb2fbe - - default default] No more DHCP agents
2026-06-03 08:43:58.170 8 WARNING neutron.api.rpc.agentnotifiers.dhcp_rpc_agent_api [None req-28be8074-fd28-48b2-ab6c-1a85d6b3d968 35e4123095084593b698a38d9925e9af 3651f1a726ec455d90e014c631fb2fbe - - default default] Unable to schedule network 54c99415-5a1a-4681-a8aa-8df7ce795dce: no agents available; will retry on subsequent port and subnet creation events. [pid: 7|app: 0|req: 562/1139] 10.0.0.72 () {32 vars in 731 bytes} [Wed Jun 3 08:43:57 2026] DELETE /v2.0/floatingips/6e26c4e3-4403-4735-8f2c-d2d1e6eb30cf => generated 0 bytes in 271 msecs (HTTP/1.1 204) 2 headers in 112 bytes (1 switches on core 0)
2026-06-03 08:43:58.269 8 INFO neutron.db.ovn_revision_numbers_db [None req-28be8074-fd28-48b2-ab6c-1a85d6b3d968 35e4123095084593b698a38d9925e9af 3651f1a726ec455d90e014c631fb2fbe - - default default] Successfully bumped revision number for resource 1781be50-82d1-4526-b319-3f8ec05aa606 (type: ports) to 1 [pid: 8|app: 0|req: 578/1140] 10.0.0.72 () {34 vars in 664 bytes} [Wed Jun 3 08:43:57 2026] POST /v2.0/ports => generated 928 bytes in 356 msecs (HTTP/1.1 201) 4 headers in 162 bytes (1 switches on core 0)
2026-06-03 08:43:58.404 7 WARNING neutron.scheduler.dhcp_agent_scheduler [None req-7bbc90f1-ced3-4005-bf48-d1d532e29a2d 052615b5e01e43eb870986cc712137cd cbae2db83eda47dd838066f71d767559 - - default default] No more DHCP agents
2026-06-03 08:43:58.406 7 WARNING neutron.api.rpc.agentnotifiers.dhcp_rpc_agent_api [None req-7bbc90f1-ced3-4005-bf48-d1d532e29a2d 052615b5e01e43eb870986cc712137cd cbae2db83eda47dd838066f71d767559 - - default default] Unable to schedule network 7226e23c-1f7d-4d4b-b41d-20dbabb40a64: no agents available; will retry on subsequent port and subnet creation events.
2026-06-03 08:43:58.431 7 INFO neutron.db.ovn_revision_numbers_db [None req-7bbc90f1-ced3-4005-bf48-d1d532e29a2d 052615b5e01e43eb870986cc712137cd cbae2db83eda47dd838066f71d767559 - - default default] Successfully bumped revision number for resource 3153cd19-d069-45c2-a246-c32c2034e166 (type: subnets) to 0 [pid: 7|app: 0|req: 563/1141] 10.0.0.72 () {34 vars in 668 bytes} [Wed Jun 3 08:43:58 2026] POST /v2.0/subnets => generated 646 bytes in 227 msecs (HTTP/1.1 201) 4 headers in 162 bytes (1 switches on core 0)
2026-06-03 08:43:58.558 8 INFO neutron_taas.services.taas.taas_plugin [None req-7adfadc0-f0e0-4375-b5f4-823468480901 fc652f9a4ac34e8caa16a128b574ab44 dc853de8e6b24679a6baec28d07710e3 - - default default] TaaS: Handle Delete Port: f22aa80b-59a2-45a7-bc26-05a7d6d10752
2026-06-03 08:43:58.561 8 INFO neutron_taas.services.taas.tap_mirror_plugin [None req-7adfadc0-f0e0-4375-b5f4-823468480901 fc652f9a4ac34e8caa16a128b574ab44 dc853de8e6b24679a6baec28d07710e3 - - default default] Tap Mirror: Handle Delete Port: f22aa80b-59a2-45a7-bc26-05a7d6d10752
2026-06-03 08:43:58.640 7 INFO neutron_taas.services.taas.taas_plugin [None req-6f4abb30-4848-4c83-9e4f-3fe4cf75da4c 35e4123095084593b698a38d9925e9af 3651f1a726ec455d90e014c631fb2fbe - - default default] TaaS: Handle Delete Port: 1781be50-82d1-4526-b319-3f8ec05aa606
2026-06-03 08:43:58.643 7 INFO neutron_taas.services.taas.tap_mirror_plugin [None req-6f4abb30-4848-4c83-9e4f-3fe4cf75da4c 35e4123095084593b698a38d9925e9af 3651f1a726ec455d90e014c631fb2fbe - - default default] Tap Mirror: Handle Delete Port: 1781be50-82d1-4526-b319-3f8ec05aa606 [pid: 7|app: 0|req: 564/1142] 10.0.0.72 () {32 vars in 719 bytes} [Wed Jun 3 08:43:58 2026] DELETE /v2.0/ports/1781be50-82d1-4526-b319-3f8ec05aa606 => generated 0 bytes in 306 msecs (HTTP/1.1 204) 3 headers in 131 bytes (1 switches on core 0)
2026-06-03 08:43:58.843 7 INFO neutron.db.ovn_revision_numbers_db [None req-25d89561-22dd-45cb-b3ca-4e83361f5630 052615b5e01e43eb870986cc712137cd cbae2db83eda47dd838066f71d767559 - - default default] Successfully bumped revision number for resource 3b0de10b-40dd-418a-ac42-5521701b24d7 (type: routers) to 1 [pid: 7|app: 0|req: 565/1143] 10.0.0.72 () {34 vars in 668 bytes} [Wed Jun 3 08:43:58 2026] POST /v2.0/routers => generated 607 bytes in 104 msecs (HTTP/1.1 201) 4 headers in 162 bytes (1 switches on core 0)
2026-06-03 08:43:58.871 7 INFO neutron.pecan_wsgi.hooks.translation [None req-d9c1295e-7013-42f2-b807-238e6f1cc1f4 35e4123095084593b698a38d9925e9af 3651f1a726ec455d90e014c631fb2fbe - - default default] GET failed (client error): The resource could not be found. [pid: 7|app: 0|req: 566/1144] 10.0.0.72 () {32 vars in 716 bytes} [Wed Jun 3 08:43:58 2026] GET /v2.0/ports/1781be50-82d1-4526-b319-3f8ec05aa606 => generated 132 bytes in 15 msecs (HTTP/1.1 404) 4 headers in 164 bytes (1 switches on core 0) [pid: 8|app: 0|req: 579/1145] 10.0.0.72 () {34 vars in 788 bytes} [Wed Jun 3 08:43:58 2026] PUT /v2.0/routers/6e8f4165-ce4f-46b3-93ec-d4e3b7ad3f2f/remove_router_interface => generated 309 bytes in 807 msecs (HTTP/1.1 200) 4 headers in 157 bytes (1 switches on core 0)
2026-06-03 08:43:59.105 7 INFO neutron.services.segments.plugin [-] Segment ab2f0b83-ae0a-4aa6-b946-674eed939202 resource provider aggregate not found /var/lib/openstack/lib/python3.12/site-packages/pycadf/identifier.py:70: UserWarning: Invalid uuid: neutron. To ensure interoperability, identifiers should be a valid uuid. warnings.warn(('Invalid uuid: %s. To ensure interoperability, '
2026-06-03 08:43:59.109 7 INFO neutron.services.segments.plugin [-] Segment ab2f0b83-ae0a-4aa6-b946-674eed939202 resource provider aggregate not found
2026-06-03 08:43:59.124 7 INFO neutron.services.segments.plugin [-] Segment ab2f0b83-ae0a-4aa6-b946-674eed939202 resource provider not found; error: Placement Client Error (4xx): {"errors": [{"status": 404, "title": "Not Found", "detail": "The resource could not be found.\n\n No resource provider with uuid ab2f0b83-ae0a-4aa6-b946-674eed939202 found for delete ", "request_id": "req-e2cfe845-2557-4667-a4f8-13d5ca1bbcbd"}]}
2026-06-03 08:43:59.133 7 INFO neutron.services.segments.plugin [-] Segment ab2f0b83-ae0a-4aa6-b946-674eed939202 resource provider not found; error: Placement Client Error (4xx): {"errors": [{"status": 404, "title": "Not Found", "detail": "The resource could not be found.\n\n No resource provider with uuid ab2f0b83-ae0a-4aa6-b946-674eed939202 found for delete ", "request_id": "req-82292711-917f-47c5-9fe2-46e382b8a9cc"}]}
2026-06-03 08:43:59.171 7 WARNING neutron.scheduler.dhcp_agent_scheduler [None req-2b853f94-cdc4-47c0-a3d1-ffbc0a34f350 052615b5e01e43eb870986cc712137cd cbae2db83eda47dd838066f71d767559 - - default default] No more DHCP agents
2026-06-03 08:43:59.173 7 WARNING neutron.api.rpc.agentnotifiers.dhcp_rpc_agent_api [None req-2b853f94-cdc4-47c0-a3d1-ffbc0a34f350 052615b5e01e43eb870986cc712137cd cbae2db83eda47dd838066f71d767559 - - default default] Unable to schedule network 7226e23c-1f7d-4d4b-b41d-20dbabb40a64: no agents available; will retry on subsequent port and subnet creation events. [pid: 8|app: 0|req: 580/1146] 10.0.0.72 () {32 vars in 723 bytes} [Wed Jun 3 08:43:59 2026] DELETE /v2.0/subnets/d5cc2ca1-24bd-4d66-9dc0-d367afec05f9 => generated 0 bytes in 172 msecs (HTTP/1.1 204) 3 headers in 131 bytes (1 switches on core 0)
2026-06-03 08:43:59.280 7 INFO neutron.db.ovn_revision_numbers_db [None req-2b853f94-cdc4-47c0-a3d1-ffbc0a34f350 052615b5e01e43eb870986cc712137cd cbae2db83eda47dd838066f71d767559 - - default default] Successfully bumped revision number for resource ff867c24-9629-43a1-9ad4-c47ea95ec3ef (type: ports) to 1 [pid: 7|app: 0|req: 567/1147] 10.0.0.72 () {34 vars in 664 bytes} [Wed Jun 3 08:43:58 2026] POST /v2.0/ports => generated 964 bytes in 430 msecs (HTTP/1.1 201) 4 headers in 162 bytes (1 switches on core 0) /var/lib/openstack/lib/python3.12/site-packages/pycadf/identifier.py:70: UserWarning: Invalid uuid: neutron. To ensure interoperability, identifiers should be a valid uuid. warnings.warn(('Invalid uuid: %s. To ensure interoperability, '
2026-06-03 08:43:59.407 7 INFO neutron_taas.services.taas.taas_plugin [None req-89c907c7-e9f6-46dc-b3a3-0ccf3bf27d10 35e4123095084593b698a38d9925e9af 3651f1a726ec455d90e014c631fb2fbe - - default default] TaaS: Handle Delete Port: f49148b3-8330-499e-b2f4-34dec1c3a8ec
2026-06-03 08:43:59.410 7 INFO neutron_taas.services.taas.tap_mirror_plugin [None req-89c907c7-e9f6-46dc-b3a3-0ccf3bf27d10 35e4123095084593b698a38d9925e9af 3651f1a726ec455d90e014c631fb2fbe - - default default] Tap Mirror: Handle Delete Port: f49148b3-8330-499e-b2f4-34dec1c3a8ec
2026-06-03 08:43:59.539 8 INFO neutron_taas.services.taas.taas_plugin [None req-159670b7-34d4-445e-ade2-7d361a9af3b0 fc652f9a4ac34e8caa16a128b574ab44 dc853de8e6b24679a6baec28d07710e3 - - default default] TaaS: Handle Delete Port: 0525ca67-5847-41bf-be67-6497b0e0c3e4
2026-06-03 08:43:59.542 8 INFO neutron_taas.services.taas.tap_mirror_plugin [None req-159670b7-34d4-445e-ade2-7d361a9af3b0 fc652f9a4ac34e8caa16a128b574ab44 dc853de8e6b24679a6baec28d07710e3 - - default default] Tap Mirror: Handle Delete Port: 0525ca67-5847-41bf-be67-6497b0e0c3e4 [pid: 7|app: 0|req: 568/1148] 10.0.0.72 () {32 vars in 725 bytes} [Wed Jun 3 08:43:59 2026] DELETE /v2.0/networks/54c99415-5a1a-4681-a8aa-8df7ce795dce => generated 0 bytes in 315 msecs (HTTP/1.1 204) 3 headers in 131 bytes (1 switches on core 0)
2026-06-03 08:43:59.622 8 WARNING neutron.plugins.ml2.drivers.ovn.mech_driver.ovsdb.ovn_client [None req-b5932f2f-00a3-4383-a829-99ce109d948e - - - - - -] No port found with ID ae5dff49-17f7-45a4-b196-9ad269118caf: RuntimeError: No port found with ID ae5dff49-17f7-45a4-b196-9ad269118caf
2026-06-03 08:43:59.687 8 INFO neutron.plugins.ml2.drivers.ovn.mech_driver.mech_driver [None req-b5932f2f-00a3-4383-a829-99ce109d948e - - - - - -] OVN reports status down for port: c125db65-74b5-4aa4-8750-b8ee6a7b4760
2026-06-03 08:43:59.782 8 INFO neutron.plugins.ml2.drivers.ovn.mech_driver.mech_driver [None req-b5932f2f-00a3-4383-a829-99ce109d948e - - - - - -] OVN reports status down for port: a7c31863-3ec3-43a5-83ef-4aa9ddcdbe3d
2026-06-03 08:43:59.817 8 INFO neutron.plugins.ml2.drivers.ovn.mech_driver.mech_driver [None req-b5932f2f-00a3-4383-a829-99ce109d948e - - - - - -] OVN reports status down for port: 24515584-4af5-4ea3-b69f-d7e9fdd10734
2026-06-03 08:43:59.943 8 INFO neutron.plugins.ml2.drivers.ovn.mech_driver.mech_driver [None req-b5932f2f-00a3-4383-a829-99ce109d948e - - - - - -] OVN reports status down for port: 1781be50-82d1-4526-b319-3f8ec05aa606
2026-06-03 08:43:59.962 8 INFO neutron.plugins.ml2.drivers.ovn.mech_driver.mech_driver [None req-b5932f2f-00a3-4383-a829-99ce109d948e - - - - - -] OVN reports status down for port: ff867c24-9629-43a1-9ad4-c47ea95ec3ef
2026-06-03 08:44:00.051 7 INFO neutron.db.ovn_revision_numbers_db [None req-39cdc543-89f5-42aa-b3a9-f78b6d8b35c1 052615b5e01e43eb870986cc712137cd cbae2db83eda47dd838066f71d767559 - - default default] Successfully bumped revision number for resource ff867c24-9629-43a1-9ad4-c47ea95ec3ef (type: ports) to 2 [pid: 8|app: 0|req: 581/1149] 10.0.0.72 () {32 vars in 723 bytes} [Wed Jun 3 08:43:59 2026] DELETE /v2.0/routers/6e8f4165-ce4f-46b3-93ec-d4e3b7ad3f2f => generated 0 bytes in 809 msecs (HTTP/1.1 204) 2 headers in 112 bytes (1 switches on core 0)
2026-06-03 08:44:00.087 8 WARNING neutron.plugins.ml2.drivers.ovn.mech_driver.ovsdb.ovn_client [None req-b5932f2f-00a3-4383-a829-99ce109d948e - - - - - -] Logical_Switch_Port ff867c24-9629-43a1-9ad4-c47ea95ec3ef host information not removed, the port state is up
2026-06-03 08:44:00.088 8 INFO neutron.plugins.ml2.drivers.ovn.mech_driver.mech_driver [None req-b5932f2f-00a3-4383-a829-99ce109d948e - - - - - -] OVN reports status up for port: ff867c24-9629-43a1-9ad4-c47ea95ec3ef /var/lib/openstack/lib/python3.12/site-packages/pycadf/identifier.py:70: UserWarning: Invalid uuid: neutron. To ensure interoperability, identifiers should be a valid uuid. warnings.warn(('Invalid uuid: %s. To ensure interoperability, '
2026-06-03 08:44:00.115 8 INFO neutron.plugins.ml2.plugin [None req-b5932f2f-00a3-4383-a829-99ce109d948e - - - - - -] Attempt 1 to provision port ff867c24-9629-43a1-9ad4-c47ea95ec3ef
2026-06-03 08:44:00.432 8 WARNING neutron.scheduler.dhcp_agent_scheduler [None req-a43ec1c8-c092-4041-92f4-2894f7652e4d 35e4123095084593b698a38d9925e9af 3651f1a726ec455d90e014c631fb2fbe - - default default] No more DHCP agents
2026-06-03 08:44:00.436 8 WARNING neutron.api.rpc.agentnotifiers.dhcp_rpc_agent_api [None req-a43ec1c8-c092-4041-92f4-2894f7652e4d 35e4123095084593b698a38d9925e9af 3651f1a726ec455d90e014c631fb2fbe - - default default] Unable to schedule network 78045c03-4886-4187-a546-7c39fd16588d: no agents available; will retry on subsequent port and subnet creation events.
2026-06-03 08:44:00.595 8 INFO neutron.db.ovn_revision_numbers_db [None req-a43ec1c8-c092-4041-92f4-2894f7652e4d 35e4123095084593b698a38d9925e9af 3651f1a726ec455d90e014c631fb2fbe - - default default] Successfully bumped revision number for resource b8b87671-ab57-4db1-b56b-91a49aed93f2 (type: ports) to 1
2026-06-03 08:44:00.657 8 INFO neutron.db.ovn_revision_numbers_db [None req-b5932f2f-00a3-4383-a829-99ce109d948e - - - - - -] Successfully bumped revision number for resource ff867c24-9629-43a1-9ad4-c47ea95ec3ef (type: ports) to 3 [pid: 8|app: 0|req: 582/1150] 10.0.0.72 () {34 vars in 664 bytes} [Wed Jun 3 08:44:00 2026] POST /v2.0/ports => generated 779 bytes in 602 msecs (HTTP/1.1 201) 4 headers in 162 bytes (1 switches on core 0) /var/lib/openstack/lib/python3.12/site-packages/pycadf/identifier.py:70: UserWarning: Invalid uuid: neutron. To ensure interoperability, identifiers should be a valid uuid. warnings.warn(('Invalid uuid: %s. To ensure interoperability, ' [pid: 8|app: 0|req: 583/1151] 10.0.0.24 () {34 vars in 989 bytes} [Wed Jun 3 08:44:00 2026] GET /v2.0/ports?device_id=e9bd6881-498c-406f-b0da-ca28d4dae298 => generated 1209 bytes in 99 msecs (HTTP/1.1 200) 4 headers in 158 bytes (1 switches on core 0) [pid: 8|app: 0|req: 584/1152] 10.0.0.72 () {32 vars in 723 bytes} [Wed Jun 3 08:44:00 2026] DELETE /v2.0/subnets/d916424f-d1dc-47bf-98cc-3f11bfa2e046 => generated 0 bytes in 137 msecs (HTTP/1.1 204) 3 headers in 131 bytes (1 switches on core 0)
2026-06-03 08:44:01.129 8 INFO neutron.db.ovn_revision_numbers_db [None req-d86f9253-24b1-4694-a44c-41cadb5e2834 35e4123095084593b698a38d9925e9af 3651f1a726ec455d90e014c631fb2fbe - - default default] Successfully bumped revision number for resource b8b87671-ab57-4db1-b56b-91a49aed93f2 (type: ports) to 2 [pid: 8|app: 0|req: 585/1153] 10.0.0.72 () {34 vars in 736 bytes} [Wed Jun 3 08:44:00 2026] PUT /v2.0/ports/b8b87671-ab57-4db1-b56b-91a49aed93f2 => generated 752 bytes in 215 msecs (HTTP/1.1 200) 4 headers in 157 bytes (1 switches on core 0) /var/lib/openstack/lib/python3.12/site-packages/pycadf/identifier.py:70: UserWarning: Invalid uuid: neutron. To ensure interoperability, identifiers should be a valid uuid. warnings.warn(('Invalid uuid: %s. To ensure interoperability, '
2026-06-03 08:44:01.150 7 INFO neutron.services.segments.plugin [-] Segment d7ce37e0-c2b3-4e56-a425-14c3547f6389 resource provider aggregate not found
