2026-06-03 08:50:59.291 7 INFO neutron.db.l3_db [None req-58e6382f-73e9-4727-bcf6-26a992e75dc8 05978204201c48a88c6f92dd0f12954a f893f61117f04fbfb6b63fb21544d007 - - default default] Floating IP 288da39e-d5eb-4ba9-95ee-c45d5dfb70f2 disassociated (deleted). External IP: 10.96.250.206, port: d638934c-e7c4-43db-8765-e53bec27174a. [pid: 7|app: 0|req: 1760/3279] 10.0.0.72 () {32 vars in 731 bytes} [Wed Jun 3 08:50:58 2026] DELETE /v2.0/floatingips/288da39e-d5eb-4ba9-95ee-c45d5dfb70f2 => generated 0 bytes in 385 msecs (HTTP/1.1 204) 2 headers in 112 bytes (1 switches on core 0) /var/lib/openstack/lib/python3.12/site-packages/pycadf/identifier.py:70: UserWarning: Invalid uuid: neutron. To ensure interoperability, identifiers should be a valid uuid. warnings.warn(('Invalid uuid: %s. To ensure interoperability, '
2026-06-03 08:50:59.353 8 INFO neutron.api.v2.resource [None req-abb2d76e-9bf5-40d3-87c1-b375cdbd1559 05978204201c48a88c6f92dd0f12954a f893f61117f04fbfb6b63fb21544d007 - - default default] show failed (client error): The resource could not be found. [pid: 8|app: 0|req: 1520/3280] 10.0.0.72 () {32 vars in 728 bytes} [Wed Jun 3 08:50:59 2026] GET /v2.0/floatingips/288da39e-d5eb-4ba9-95ee-c45d5dfb70f2 => generated 144 bytes in 23 msecs (HTTP/1.1 404) 4 headers in 164 bytes (1 switches on core 0)
2026-06-03 08:50:59.362 7 INFO neutron.notifiers.nova [-] Nova event matching ['req-17fa1c10-a845-4bda-8307-0594742cc1da'] response: {'name': 'network-changed', 'server_uuid': 'd8ff1e10-0837-46a8-ab00-6a59ed7af2b2', 'tag': 'd638934c-e7c4-43db-8765-e53bec27174a', 'status': 'completed', 'code': 200}
2026-06-03 08:50:59.397 8 INFO neutron.notifiers.nova [-] Nova event matching ['req-051e277a-10b9-4127-80e0-b308465a842e'] response: {'server_uuid': '69062f77-fa49-4d86-9ddd-0771e3c11ca3', 'name': 'network-vif-unplugged', 'status': 'completed', 'tag': '2d65acee-14d8-4f5b-a2d2-f9bb469a2427', 'code': 200}
2026-06-03 08:50:59.397 8 INFO neutron.notifiers.nova [-] Nova event matching ['req-051e277a-10b9-4127-80e0-b308465a842e'] response: {'server_uuid': '69062f77-fa49-4d86-9ddd-0771e3c11ca3', 'name': 'network-vif-deleted', 'tag': '2d65acee-14d8-4f5b-a2d2-f9bb469a2427', 'status': 'completed', 'code': 200} [pid: 7|app: 0|req: 1761/3281] 10.0.0.170 () {34 vars in 990 bytes} [Wed Jun 3 08:50:59 2026] GET /v2.0/ports?device_id=d8ff1e10-0837-46a8-ab00-6a59ed7af2b2 => generated 1204 bytes in 94 msecs (HTTP/1.1 200) 4 headers in 158 bytes (1 switches on core 0) [pid: 8|app: 0|req: 1521/3282] 10.0.0.170 () {34 vars in 1040 bytes} [Wed Jun 3 08:50:59 2026] GET /v2.0/security-groups?id=1c1cb7d2-45db-46dd-820a-9195274bb36c&fields=id&fields=name => generated 112 bytes in 43 msecs (HTTP/1.1 200) 4 headers in 157 bytes (1 switches on core 0) [pid: 7|app: 0|req: 1762/3283] 199.19.213.207 () {34 vars in 1080 bytes} [Wed Jun 3 08:50:59 2026] GET /v2.0/ports?tenant_id=f893f61117f04fbfb6b63fb21544d007&device_id=d8ff1e10-0837-46a8-ab00-6a59ed7af2b2 => generated 1442 bytes in 49 msecs (HTTP/1.1 200) 4 headers in 158 bytes (1 switches on core 0) [pid: 8|app: 0|req: 1522/3284] 199.19.213.207 () {34 vars in 986 bytes} [Wed Jun 3 08:50:59 2026] GET /v2.0/networks?id=3fe2d519-c4c5-401f-a32c-2cafe2633999 => generated 841 bytes in 57 msecs (HTTP/1.1 200) 4 headers in 157 bytes (1 switches on core 0) [pid: 7|app: 0|req: 1763/3285] 199.19.213.207 () {34 vars in 1058 bytes} [Wed Jun 3 08:50:59 2026] GET /v2.0/floatingips?fixed_ip_address=10.2.2.230&port_id=d638934c-e7c4-43db-8765-e53bec27174a => generated 19 bytes in 19 msecs (HTTP/1.1 200) 4 headers in 156 bytes (1 switches on core 0) [pid: 8|app: 0|req: 1523/3286] 199.19.213.207 () {34 vars in 1106 bytes} [Wed Jun 3 08:51:00 2026] GET /v2.0/floatingips?fixed_ip_address=fd77%3A1457%3A4cf0%3A26a8%3A%3A2a9&port_id=d638934c-e7c4-43db-8765-e53bec27174a => generated 19 bytes in 23 msecs (HTTP/1.1 200) 4 headers in 156 bytes (1 switches on core 0) [pid: 7|app: 0|req: 1764/3287] 199.19.213.207 () {34 vars in 1064 bytes} [Wed Jun 3 08:51:00 2026] GET /v2.0/subnets?id=7722a643-0616-4135-a6ba-8f3666f5806e&id=d9e053a4-b286-4eb4-98a7-d0d797ee7103 => generated 1413 bytes in 34 msecs (HTTP/1.1 200) 4 headers in 158 bytes (1 switches on core 0) [pid: 8|app: 0|req: 1524/3288] 199.19.213.207 () {34 vars in 1052 bytes} [Wed Jun 3 08:51:00 2026] GET /v2.0/ports?network_id=3fe2d519-c4c5-401f-a32c-2cafe2633999&device_owner=network%3Adhcp => generated 12 bytes in 26 msecs (HTTP/1.1 200) 4 headers in 156 bytes (1 switches on core 0) [pid: 7|app: 0|req: 1765/3289] 199.19.213.207 () {34 vars in 1052 bytes} [Wed Jun 3 08:51:00 2026] GET /v2.0/ports?network_id=3fe2d519-c4c5-401f-a32c-2cafe2633999&device_owner=network%3Adhcp => generated 12 bytes in 17 msecs (HTTP/1.1 200) 4 headers in 156 bytes (1 switches on core 0) [pid: 8|app: 0|req: 1525/3290] 199.19.213.207 () {34 vars in 1012 bytes} [Wed Jun 3 08:51:00 2026] GET /v2.0/networks/3fe2d519-c4c5-401f-a32c-2cafe2633999?fields=segments => generated 14 bytes in 45 msecs (HTTP/1.1 200) 4 headers in 156 bytes (1 switches on core 0) [pid: 7|app: 0|req: 1766/3291] 199.19.213.207 () {34 vars in 1112 bytes} [Wed Jun 3 08:51:00 2026] GET /v2.0/networks/3fe2d519-c4c5-401f-a32c-2cafe2633999?fields=provider%3Aphysical_network&fields=provider%3Anetwork_type => generated 79 bytes in 53 msecs (HTTP/1.1 200) 4 headers in 156 bytes (1 switches on core 0)
2026-06-03 08:51:00.572 8 INFO neutron.plugins.ml2.drivers.ovn.mech_driver.mech_driver [None req-5d6c8970-ca8b-4c8f-b560-8b3f6d1b8ba8 - - - - - -] OVN reports status down for port: d638934c-e7c4-43db-8765-e53bec27174a
2026-06-03 08:51:00.877 8 INFO neutron.db.ovn_revision_numbers_db [None req-5d6c8970-ca8b-4c8f-b560-8b3f6d1b8ba8 - - - - - -] Successfully bumped revision number for resource d638934c-e7c4-43db-8765-e53bec27174a (type: ports) to 6
2026-06-03 08:51:01.429 8 INFO neutron.notifiers.nova [-] Nova event matching ['req-2b40552d-cb1c-4598-b367-880bc17d1fcd'] response: {'server_uuid': 'd8ff1e10-0837-46a8-ab00-6a59ed7af2b2', 'name': 'network-vif-unplugged', 'status': 'completed', 'tag': 'd638934c-e7c4-43db-8765-e53bec27174a', 'code': 200}
2026-06-03 08:51:01.429 8 INFO neutron.notifiers.nova [-] Nova event matching ['req-2b40552d-cb1c-4598-b367-880bc17d1fcd'] response: {'server_uuid': 'd8ff1e10-0837-46a8-ab00-6a59ed7af2b2', 'name': 'network-vif-unplugged', 'status': 'completed', 'tag': 'd638934c-e7c4-43db-8765-e53bec27174a', 'code': 200} /var/lib/openstack/lib/python3.12/site-packages/pycadf/identifier.py:70: UserWarning: Invalid uuid: neutron. To ensure interoperability, identifiers should be a valid uuid. warnings.warn(('Invalid uuid: %s. To ensure interoperability, ' [pid: 8|app: 0|req: 1526/3292] 199.19.213.207 () {34 vars in 994 bytes} [Wed Jun 3 08:51:01 2026] GET /v2.0/ports?device_id=d8ff1e10-0837-46a8-ab00-6a59ed7af2b2 => generated 1202 bytes in 94 msecs (HTTP/1.1 200) 4 headers in 158 bytes (1 switches on core 0)
2026-06-03 08:51:01.928 7 INFO neutron_taas.services.taas.taas_plugin [req-d2dc386f-d8f7-467a-a597-288faca8ce8e req-566936c2-5ffd-44eb-a04e-daa934881b4f 05978204201c48a88c6f92dd0f12954a f893f61117f04fbfb6b63fb21544d007 - - default default] TaaS: Handle Delete Port: d638934c-e7c4-43db-8765-e53bec27174a
2026-06-03 08:51:01.931 7 INFO neutron_taas.services.taas.tap_mirror_plugin [req-d2dc386f-d8f7-467a-a597-288faca8ce8e req-566936c2-5ffd-44eb-a04e-daa934881b4f 05978204201c48a88c6f92dd0f12954a f893f61117f04fbfb6b63fb21544d007 - - default default] Tap Mirror: Handle Delete Port: d638934c-e7c4-43db-8765-e53bec27174a [pid: 7|app: 0|req: 1767/3293] 199.19.213.207 () {36 vars in 997 bytes} [Wed Jun 3 08:51:01 2026] DELETE /v2.0/ports/d638934c-e7c4-43db-8765-e53bec27174a => generated 0 bytes in 272 msecs (HTTP/1.1 204) 3 headers in 131 bytes (1 switches on core 0)
2026-06-03 08:51:02.137 7 INFO neutron.notifiers.nova [-] Nova event matching ['req-72f306b9-12dd-491c-913f-3ee9ef9dc508'] response: {'server_uuid': 'd8ff1e10-0837-46a8-ab00-6a59ed7af2b2', 'name': 'network-vif-deleted', 'tag': 'd638934c-e7c4-43db-8765-e53bec27174a', 'status': 'completed', 'code': 200} [pid: 8|app: 0|req: 1527/3294] 10.0.0.170 () {34 vars in 990 bytes} [Wed Jun 3 08:51:04 2026] GET /v2.0/ports?device_id=d8ff1e10-0837-46a8-ab00-6a59ed7af2b2 => generated 12 bytes in 20 msecs (HTTP/1.1 200) 4 headers in 156 bytes (1 switches on core 0)
2026-06-03 08:51:09.928 8 INFO neutron_taas.services.taas.taas_plugin [None req-fbaa3b74-c4e6-4b15-bd70-146020d84cfa 05978204201c48a88c6f92dd0f12954a f893f61117f04fbfb6b63fb21544d007 - - default default] TaaS: Handle Delete Port: 74eb508d-f66e-4228-b668-5e206b87b40f
2026-06-03 08:51:09.931 8 INFO neutron_taas.services.taas.tap_mirror_plugin [None req-fbaa3b74-c4e6-4b15-bd70-146020d84cfa 05978204201c48a88c6f92dd0f12954a f893f61117f04fbfb6b63fb21544d007 - - default default] Tap Mirror: Handle Delete Port: 74eb508d-f66e-4228-b668-5e206b87b40f
2026-06-03 08:51:10.140 8 INFO neutron.db.l3_db [None req-fbaa3b74-c4e6-4b15-bd70-146020d84cfa 05978204201c48a88c6f92dd0f12954a f893f61117f04fbfb6b63fb21544d007 - - default default] Floating IP 31e3b71e-5d97-4331-b5c7-7f8d8e148dfe disassociated (deleted). External IP: 10.96.250.209, port: de431ce7-b037-43ba-9e20-3aaedd2fd0cc. [pid: 8|app: 0|req: 1529/3297] 10.0.0.72 () {32 vars in 731 bytes} [Wed Jun 3 08:51:09 2026] DELETE /v2.0/floatingips/31e3b71e-5d97-4331-b5c7-7f8d8e148dfe => generated 0 bytes in 387 msecs (HTTP/1.1 204) 2 headers in 112 bytes (1 switches on core 0)
2026-06-03 08:51:10.200 7 INFO neutron.api.v2.resource [None req-f08d3c95-0cf5-4ed2-8bf6-633ff17384b8 05978204201c48a88c6f92dd0f12954a f893f61117f04fbfb6b63fb21544d007 - - default default] show failed (client error): The resource could not be found. [pid: 7|app: 0|req: 1769/3298] 10.0.0.72 () {32 vars in 728 bytes} [Wed Jun 3 08:51:10 2026] GET /v2.0/floatingips/31e3b71e-5d97-4331-b5c7-7f8d8e148dfe => generated 144 bytes in 23 msecs (HTTP/1.1 404) 4 headers in 164 bytes (1 switches on core 0)
2026-06-03 08:51:10.212 8 INFO neutron.notifiers.nova [-] Nova event matching ['req-ae676e34-b402-45eb-8912-10045f4a1534'] response: {'name': 'network-changed', 'server_uuid': '26dd4b60-b0a3-4f5e-92a9-2091d5267307', 'tag': 'de431ce7-b037-43ba-9e20-3aaedd2fd0cc', 'status': 'completed', 'code': 200} /var/lib/openstack/lib/python3.12/site-packages/pycadf/identifier.py:70: UserWarning: Invalid uuid: neutron. To ensure interoperability, identifiers should be a valid uuid. warnings.warn(('Invalid uuid: %s. To ensure interoperability, ' [pid: 8|app: 0|req: 1530/3299] 10.0.0.170 () {34 vars in 990 bytes} [Wed Jun 3 08:51:10 2026] GET /v2.0/ports?device_id=26dd4b60-b0a3-4f5e-92a9-2091d5267307 => generated 1196 bytes in 80 msecs (HTTP/1.1 200) 4 headers in 158 bytes (1 switches on core 0) [pid: 7|app: 0|req: 1770/3300] 10.0.0.170 () {34 vars in 1040 bytes} [Wed Jun 3 08:51:10 2026] GET /v2.0/security-groups?id=1c1cb7d2-45db-46dd-820a-9195274bb36c&fields=id&fields=name => generated 112 bytes in 33 msecs (HTTP/1.1 200) 4 headers in 157 bytes (1 switches on core 0) [pid: 8|app: 0|req: 1531/3301] 199.19.213.207 () {34 vars in 1080 bytes} [Wed Jun 3 08:51:10 2026] GET /v2.0/ports?tenant_id=f893f61117f04fbfb6b63fb21544d007&device_id=26dd4b60-b0a3-4f5e-92a9-2091d5267307 => generated 1434 bytes in 51 msecs (HTTP/1.1 200) 4 headers in 158 bytes (1 switches on core 0) [pid: 7|app: 0|req: 1771/3302] 199.19.213.207 () {34 vars in 986 bytes} [Wed Jun 3 08:51:10 2026] GET /v2.0/networks?id=a0c59e2a-e60f-4484-aa5a-7b7d0aef9cb4 => generated 841 bytes in 40 msecs (HTTP/1.1 200) 4 headers in 157 bytes (1 switches on core 0) [pid: 8|app: 0|req: 1532/3303] 199.19.213.207 () {34 vars in 1056 bytes} [Wed Jun 3 08:51:10 2026] GET /v2.0/floatingips?fixed_ip_address=10.2.1.88&port_id=de431ce7-b037-43ba-9e20-3aaedd2fd0cc => generated 19 bytes in 26 msecs (HTTP/1.1 200) 4 headers in 156 bytes (1 switches on core 0) [pid: 7|app: 0|req: 1772/3304] 199.19.213.207 () {34 vars in 1104 bytes} [Wed Jun 3 08:51:10 2026] GET /v2.0/floatingips?fixed_ip_address=fd7b%3Af9f7%3Afff%3A4eca%3A%3A399&port_id=de431ce7-b037-43ba-9e20-3aaedd2fd0cc => generated 19 bytes in 19 msecs (HTTP/1.1 200) 4 headers in 156 bytes (1 switches on core 0) [pid: 8|app: 0|req: 1533/3305] 199.19.213.207 () {34 vars in 1064 bytes} [Wed Jun 3 08:51:10 2026] GET /v2.0/subnets?id=ba3fe962-7b5a-4e55-a534-b5e1ab536177&id=38b5f6f2-eb93-4ee7-9c48-10fe5d823d8f => generated 1409 bytes in 39 msecs (HTTP/1.1 200) 4 headers in 158 bytes (1 switches on core 0) [pid: 7|app: 0|req: 1773/3306] 199.19.213.207 () {34 vars in 1052 bytes} [Wed Jun 3 08:51:10 2026] GET /v2.0/ports?network_id=a0c59e2a-e60f-4484-aa5a-7b7d0aef9cb4&device_owner=network%3Adhcp => generated 12 bytes in 20 msecs (HTTP/1.1 200) 4 headers in 156 bytes (1 switches on core 0) [pid: 8|app: 0|req: 1534/3307] 199.19.213.207 () {34 vars in 1052 bytes} [Wed Jun 3 08:51:10 2026] GET /v2.0/ports?network_id=a0c59e2a-e60f-4484-aa5a-7b7d0aef9cb4&device_owner=network%3Adhcp => generated 12 bytes in 22 msecs (HTTP/1.1 200) 4 headers in 156 bytes (1 switches on core 0) [pid: 7|app: 0|req: 1774/3308] 199.19.213.207 () {34 vars in 1012 bytes} [Wed Jun 3 08:51:11 2026] GET /v2.0/networks/a0c59e2a-e60f-4484-aa5a-7b7d0aef9cb4?fields=segments => generated 14 bytes in 45 msecs (HTTP/1.1 200) 4 headers in 156 bytes (1 switches on core 0) [pid: 8|app: 0|req: 1535/3309] 199.19.213.207 () {34 vars in 1112 bytes} [Wed Jun 3 08:51:11 2026] GET /v2.0/networks/a0c59e2a-e60f-4484-aa5a-7b7d0aef9cb4?fields=provider%3Aphysical_network&fields=provider%3Anetwork_type => generated 79 bytes in 41 msecs (HTTP/1.1 200) 4 headers in 156 bytes (1 switches on core 0)
2026-06-03 08:51:11.406 8 INFO neutron.plugins.ml2.drivers.ovn.mech_driver.mech_driver [None req-d4611c68-d4d2-414f-af5f-371b503088c4 - - - - - -] OVN reports status down for port: de431ce7-b037-43ba-9e20-3aaedd2fd0cc
2026-06-03 08:51:11.674 8 INFO neutron.db.ovn_revision_numbers_db [None req-d4611c68-d4d2-414f-af5f-371b503088c4 - - - - - -] Successfully bumped revision number for resource de431ce7-b037-43ba-9e20-3aaedd2fd0cc (type: ports) to 6
2026-06-03 08:51:12.244 8 INFO neutron.notifiers.nova [-] Nova event matching ['req-15f800d5-f2a2-4690-8e99-4d9b5b020cf4'] response: {'server_uuid': '26dd4b60-b0a3-4f5e-92a9-2091d5267307', 'name': 'network-vif-unplugged', 'status': 'completed', 'tag': 'de431ce7-b037-43ba-9e20-3aaedd2fd0cc', 'code': 200}
2026-06-03 08:51:12.244 8 INFO neutron.notifiers.nova [-] Nova event matching ['req-15f800d5-f2a2-4690-8e99-4d9b5b020cf4'] response: {'server_uuid': '26dd4b60-b0a3-4f5e-92a9-2091d5267307', 'name': 'network-vif-unplugged', 'status': 'completed', 'tag': 'de431ce7-b037-43ba-9e20-3aaedd2fd0cc', 'code': 200} [pid: 7|app: 0|req: 1775/3310] 199.19.213.207 () {34 vars in 994 bytes} [Wed Jun 3 08:51:12 2026] GET /v2.0/ports?device_id=26dd4b60-b0a3-4f5e-92a9-2091d5267307 => generated 1194 bytes in 82 msecs (HTTP/1.1 200) 4 headers in 158 bytes (1 switches on core 0) /var/lib/openstack/lib/python3.12/site-packages/pycadf/identifier.py:70: UserWarning: Invalid uuid: neutron. To ensure interoperability, identifiers should be a valid uuid. warnings.warn(('Invalid uuid: %s. To ensure interoperability, '
2026-06-03 08:51:12.804 8 INFO neutron_taas.services.taas.taas_plugin [req-cc65c6ca-3bc7-4b45-919b-a276bc47a10d req-1c1bdb2b-13ac-4622-9356-7c1c98bfb712 05978204201c48a88c6f92dd0f12954a f893f61117f04fbfb6b63fb21544d007 - - default default] TaaS: Handle Delete Port: de431ce7-b037-43ba-9e20-3aaedd2fd0cc
2026-06-03 08:51:12.807 8 INFO neutron_taas.services.taas.tap_mirror_plugin [req-cc65c6ca-3bc7-4b45-919b-a276bc47a10d req-1c1bdb2b-13ac-4622-9356-7c1c98bfb712 05978204201c48a88c6f92dd0f12954a f893f61117f04fbfb6b63fb21544d007 - - default default] Tap Mirror: Handle Delete Port: de431ce7-b037-43ba-9e20-3aaedd2fd0cc [pid: 8|app: 0|req: 1536/3311] 199.19.213.207 () {36 vars in 997 bytes} [Wed Jun 3 08:51:12 2026] DELETE /v2.0/ports/de431ce7-b037-43ba-9e20-3aaedd2fd0cc => generated 0 bytes in 285 msecs (HTTP/1.1 204) 3 headers in 131 bytes (1 switches on core 0)
2026-06-03 08:51:14.277 8 INFO neutron.notifiers.nova [-] Nova event matching ['req-f082f5e6-613b-4b56-855a-36fbdd4ddc89'] response: {'server_uuid': '26dd4b60-b0a3-4f5e-92a9-2091d5267307', 'name': 'network-vif-deleted', 'tag': 'de431ce7-b037-43ba-9e20-3aaedd2fd0cc', 'status': 'completed', 'code': 200} [pid: 7|app: 0|req: 1776/3312] 10.0.0.170 () {34 vars in 990 bytes} [Wed Jun 3 08:51:15 2026] GET /v2.0/ports?device_id=26dd4b60-b0a3-4f5e-92a9-2091d5267307 => generated 12 bytes in 28 msecs (HTTP/1.1 200) 4 headers in 156 bytes (1 switches on core 0) [pid: 8|app: 0|req: 1537/3313] 10.0.0.72 () {32 vars in 749 bytes} [Wed Jun 3 08:51:20 2026] DELETE /v2.0/security-group-rules/594da3a5-d694-4711-9149-f9dca61ac047 => generated 0 bytes in 189 msecs (HTTP/1.1 204) 2 headers in 112 bytes (1 switches on core 0)
2026-06-03 08:51:20.821 7 INFO neutron.api.v2.resource [None req-838a5f65-bb22-42e8-ba62-52fef7aa4aa6 05978204201c48a88c6f92dd0f12954a f893f61117f04fbfb6b63fb21544d007 - - default default] show failed (client error): The resource could not be found. [pid: 7|app: 0|req: 1777/3314] 10.0.0.72 () {32 vars in 746 bytes} [Wed Jun 3 08:51:20 2026] GET /v2.0/security-group-rules/594da3a5-d694-4711-9149-f9dca61ac047 => generated 155 bytes in 10 msecs (HTTP/1.1 404) 4 headers in 164 bytes (1 switches on core 0) [pid: 8|app: 0|req: 1538/3315] 10.0.0.72 () {32 vars in 749 bytes} [Wed Jun 3 08:51:20 2026] DELETE /v2.0/security-group-rules/fe5d808f-4c87-4495-b056-d40122f29085 => generated 0 bytes in 140 msecs (HTTP/1.1 204) 2 headers in 112 bytes (1 switches on core 0)
2026-06-03 08:51:20.981 7 INFO neutron.api.v2.resource [None req-2f8c60f1-a47f-49fa-bcb6-0147c1758c6f 05978204201c48a88c6f92dd0f12954a f893f61117f04fbfb6b63fb21544d007 - - default default] show failed (client error): The resource could not be found. [pid: 7|app: 0|req: 1778/3316] 10.0.0.72 () {32 vars in 746 bytes} [Wed Jun 3 08:51:20 2026] GET /v2.0/security-group-rules/fe5d808f-4c87-4495-b056-d40122f29085 => generated 155 bytes in 12 msecs (HTTP/1.1 404) 4 headers in 164 bytes (1 switches on core 0) [pid: 8|app: 0|req: 1539/3317] 10.0.0.72 () {32 vars in 749 bytes} [Wed Jun 3 08:51:20 2026] DELETE /v2.0/security-group-rules/828f96d3-c0db-431f-a060-cb756b38deec => generated 0 bytes in 130 msecs (HTTP/1.1 204) 2 headers in 112 bytes (1 switches on core 0)
2026-06-03 08:51:21.137 7 INFO neutron.api.v2.resource [None req-055cd540-b3e3-4377-a160-4ee9a978eb8b 05978204201c48a88c6f92dd0f12954a f893f61117f04fbfb6b63fb21544d007 - - default default] show failed (client error): The resource could not be found. [pid: 7|app: 0|req: 1779/3318] 10.0.0.72 () {32 vars in 746 bytes} [Wed Jun 3 08:51:21 2026] GET /v2.0/security-group-rules/828f96d3-c0db-431f-a060-cb756b38deec => generated 155 bytes in 16 msecs (HTTP/1.1 404) 4 headers in 164 bytes (1 switches on core 0) [pid: 8|app: 0|req: 1540/3321] 10.0.0.72 () {32 vars in 749 bytes} [Wed Jun 3 08:51:21 2026] DELETE /v2.0/security-group-rules/bd01d3e6-40f4-436e-8293-276cf40a63c1 => generated 0 bytes in 121 msecs (HTTP/1.1 204) 2 headers in 112 bytes (1 switches on core 0)
2026-06-03 08:51:21.280 7 INFO neutron.api.v2.resource [None req-428884dc-271b-49dd-8099-5ef4898052c5 05978204201c48a88c6f92dd0f12954a f893f61117f04fbfb6b63fb21544d007 - - default default] show failed (client error): The resource could not be found. [pid: 7|app: 0|req: 1782/3322] 10.0.0.72 () {32 vars in 746 bytes} [Wed Jun 3 08:51:21 2026] GET /v2.0/security-group-rules/bd01d3e6-40f4-436e-8293-276cf40a63c1 => generated 155 bytes in 14 msecs (HTTP/1.1 404) 4 headers in 164 bytes (1 switches on core 0) [pid: 8|app: 0|req: 1541/3323] 10.0.0.72 () {32 vars in 749 bytes} [Wed Jun 3 08:51:21 2026] DELETE /v2.0/security-group-rules/9df6b424-9b7a-4680-9a3e-5fc4c6fabf3c => generated 0 bytes in 122 msecs (HTTP/1.1 204) 2 headers in 112 bytes (1 switches on core 0)
2026-06-03 08:51:21.425 7 INFO neutron.api.v2.resource [None req-b15acc97-7168-4262-bf41-fbd42963b373 05978204201c48a88c6f92dd0f12954a f893f61117f04fbfb6b63fb21544d007 - - default default] show failed (client error): The resource could not be found. [pid: 7|app: 0|req: 1783/3324] 10.0.0.72 () {32 vars in 746 bytes} [Wed Jun 3 08:51:21 2026] GET /v2.0/security-group-rules/9df6b424-9b7a-4680-9a3e-5fc4c6fabf3c => generated 155 bytes in 12 msecs (HTTP/1.1 404) 4 headers in 164 bytes (1 switches on core 0) [pid: 8|app: 0|req: 1542/3325] 10.0.0.72 () {32 vars in 749 bytes} [Wed Jun 3 08:51:21 2026] DELETE /v2.0/security-group-rules/326aa0d2-15e7-434d-987e-a18408d69298 => generated 0 bytes in 150 msecs (HTTP/1.1 204) 2 headers in 112 bytes (1 switches on core 0)
2026-06-03 08:51:21.603 7 INFO neutron.api.v2.resource [None req-9893d3ba-8cac-4e30-af1b-948df67af83e 05978204201c48a88c6f92dd0f12954a f893f61117f04fbfb6b63fb21544d007 - - default default] show failed (client error): The resource could not be found. [pid: 7|app: 0|req: 1784/3326] 10.0.0.72 () {32 vars in 746 bytes} [Wed Jun 3 08:51:21 2026] GET /v2.0/security-group-rules/326aa0d2-15e7-434d-987e-a18408d69298 => generated 155 bytes in 16 msecs (HTTP/1.1 404) 4 headers in 164 bytes (1 switches on core 0) [pid: 8|app: 0|req: 1543/3327] 10.0.0.72 () {32 vars in 749 bytes} [Wed Jun 3 08:51:21 2026] DELETE /v2.0/security-group-rules/e10bd50e-d881-4737-bf4a-d86ce0746632 => generated 0 bytes in 122 msecs (HTTP/1.1 204) 2 headers in 112 bytes (1 switches on core 0)
2026-06-03 08:51:21.751 7 INFO neutron.api.v2.resource [None req-52549258-c1a2-4b08-9bd3-4c1d42813b7a 05978204201c48a88c6f92dd0f12954a f893f61117f04fbfb6b63fb21544d007 - - default default] show failed (client error): The resource could not be found. [pid: 7|app: 0|req: 1785/3328] 10.0.0.72 () {32 vars in 746 bytes} [Wed Jun 3 08:51:21 2026] GET /v2.0/security-group-rules/e10bd50e-d881-4737-bf4a-d86ce0746632 => generated 155 bytes in 17 msecs (HTTP/1.1 404) 4 headers in 164 bytes (1 switches on core 0) [pid: 8|app: 0|req: 1544/3329] 10.0.0.72 () {32 vars in 749 bytes} [Wed Jun 3 08:51:21 2026] DELETE /v2.0/security-group-rules/53283b4f-84ac-4ac2-873f-280f5a266491 => generated 0 bytes in 112 msecs (HTTP/1.1 204) 2 headers in 112 bytes (1 switches on core 0)
2026-06-03 08:51:21.883 7 INFO neutron.api.v2.resource [None req-d56e18b5-1e20-4300-87f4-62285a660b2b 05978204201c48a88c6f92dd0f12954a f893f61117f04fbfb6b63fb21544d007 - - default default] show failed (client error): The resource could not be found. [pid: 7|app: 0|req: 1786/3330] 10.0.0.72 () {32 vars in 746 bytes} [Wed Jun 3 08:51:21 2026] GET /v2.0/security-group-rules/53283b4f-84ac-4ac2-873f-280f5a266491 => generated 155 bytes in 13 msecs (HTTP/1.1 404) 4 headers in 164 bytes (1 switches on core 0) [pid: 8|app: 0|req: 1545/3331] 10.0.0.72 () {32 vars in 749 bytes} [Wed Jun 3 08:51:21 2026] DELETE /v2.0/security-group-rules/2f34ce9a-0b33-4813-b926-0a42b84ecf7b => generated 0 bytes in 113 msecs (HTTP/1.1 204) 2 headers in 112 bytes (1 switches on core 0)
2026-06-03 08:51:22.014 7 INFO neutron.api.v2.resource [None req-24bda77c-9da1-471f-9d86-05f591fda946 05978204201c48a88c6f92dd0f12954a f893f61117f04fbfb6b63fb21544d007 - - default default] show failed (client error): The resource could not be found. [pid: 7|app: 0|req: 1787/3332] 10.0.0.72 () {32 vars in 746 bytes} [Wed Jun 3 08:51:22 2026] GET /v2.0/security-group-rules/2f34ce9a-0b33-4813-b926-0a42b84ecf7b => generated 155 bytes in 12 msecs (HTTP/1.1 404) 4 headers in 164 bytes (1 switches on core 0) [pid: 8|app: 0|req: 1546/3333] 10.0.0.72 () {32 vars in 749 bytes} [Wed Jun 3 08:51:22 2026] DELETE /v2.0/security-group-rules/2930b5fc-7047-4f40-996f-e519327483e8 => generated 0 bytes in 134 msecs (HTTP/1.1 204) 2 headers in 112 bytes (1 switches on core 0)
2026-06-03 08:51:22.169 7 INFO neutron.api.v2.resource [None req-f351665c-cd4f-4b27-8cf7-e72f54b25a6a 05978204201c48a88c6f92dd0f12954a f893f61117f04fbfb6b63fb21544d007 - - default default] show failed (client error): The resource could not be found. [pid: 7|app: 0|req: 1788/3334] 10.0.0.72 () {32 vars in 746 bytes} [Wed Jun 3 08:51:22 2026] GET /v2.0/security-group-rules/2930b5fc-7047-4f40-996f-e519327483e8 => generated 155 bytes in 12 msecs (HTTP/1.1 404) 4 headers in 164 bytes (1 switches on core 0) [pid: 8|app: 0|req: 1547/3335] 10.0.0.72 () {32 vars in 749 bytes} [Wed Jun 3 08:51:22 2026] DELETE /v2.0/security-group-rules/601ad1a3-8e30-432a-a0b1-8b6521fe745c => generated 0 bytes in 111 msecs (HTTP/1.1 204) 2 headers in 112 bytes (1 switches on core 0)
2026-06-03 08:51:22.302 7 INFO neutron.api.v2.resource [None req-c51dadae-b00e-4a3b-ab6a-274f183e00e0 05978204201c48a88c6f92dd0f12954a f893f61117f04fbfb6b63fb21544d007 - - default default] show failed (client error): The resource could not be found. [pid: 7|app: 0|req: 1789/3336] 10.0.0.72 () {32 vars in 746 bytes} [Wed Jun 3 08:51:22 2026] GET /v2.0/security-group-rules/601ad1a3-8e30-432a-a0b1-8b6521fe745c => generated 155 bytes in 11 msecs (HTTP/1.1 404) 4 headers in 164 bytes (1 switches on core 0) [pid: 8|app: 0|req: 1548/3337] 10.0.0.72 () {32 vars in 739 bytes} [Wed Jun 3 08:51:22 2026] DELETE /v2.0/security-groups/1c1cb7d2-45db-46dd-820a-9195274bb36c => generated 0 bytes in 129 msecs (HTTP/1.1 204) 2 headers in 112 bytes (1 switches on core 0)
2026-06-03 08:51:22.449 7 INFO neutron.api.v2.resource [None req-4ee26d0b-6749-4ce9-b80b-cd5fae168b42 05978204201c48a88c6f92dd0f12954a f893f61117f04fbfb6b63fb21544d007 - - default default] show failed (client error): The resource could not be found. [pid: 7|app: 0|req: 1790/3338] 10.0.0.72 () {32 vars in 736 bytes} [Wed Jun 3 08:51:22 2026] GET /v2.0/security-groups/1c1cb7d2-45db-46dd-820a-9195274bb36c => generated 146 bytes in 11 msecs (HTTP/1.1 404) 4 headers in 164 bytes (1 switches on core 0)
2026-06-03 08:51:22.784 8 INFO neutron_taas.services.taas.taas_plugin [None req-8d2a8a9a-d57d-4fd5-a996-39243a6510a2 05978204201c48a88c6f92dd0f12954a f893f61117f04fbfb6b63fb21544d007 - - default default] TaaS: Handle Delete Port: 2cc4f247-b9e5-46ae-9846-7a3600ad4513
2026-06-03 08:51:22.788 8 INFO neutron_taas.services.taas.tap_mirror_plugin [None req-8d2a8a9a-d57d-4fd5-a996-39243a6510a2 05978204201c48a88c6f92dd0f12954a f893f61117f04fbfb6b63fb21544d007 - - default default] Tap Mirror: Handle Delete Port: 2cc4f247-b9e5-46ae-9846-7a3600ad4513 [pid: 8|app: 0|req: 1549/3339] 10.0.0.72 () {34 vars in 788 bytes} [Wed Jun 3 08:51:22 2026] PUT /v2.0/routers/372b1642-0ad8-48ec-a9f8-ac5528a93067/remove_router_interface => generated 309 bytes in 824 msecs (HTTP/1.1 200) 4 headers in 157 bytes (1 switches on core 0)
2026-06-03 08:51:23.421 7 INFO neutron.api.v2.resource [None req-c00df4d3-e150-451f-93a7-0479a9c5d315 05978204201c48a88c6f92dd0f12954a f893f61117f04fbfb6b63fb21544d007 - - default default] remove_router_interface failed (client error): The resource could not be found. [pid: 7|app: 0|req: 1791/3340] 10.0.0.72 () {34 vars in 788 bytes} [Wed Jun 3 08:51:23 2026] PUT /v2.0/routers/372b1642-0ad8-48ec-a9f8-ac5528a93067/remove_router_interface => generated 198 bytes in 99 msecs (HTTP/1.1 404) 4 headers in 164 bytes (1 switches on core 0) /var/lib/openstack/lib/python3.12/site-packages/pycadf/identifier.py:70: UserWarning: Invalid uuid: neutron. To ensure interoperability, identifiers should be a valid uuid. warnings.warn(('Invalid uuid: %s. To ensure interoperability, '
2026-06-03 08:51:23.752 8 INFO neutron_taas.services.taas.taas_plugin [None req-c05ac23f-f750-4f55-a238-52e16db90f6e 05978204201c48a88c6f92dd0f12954a f893f61117f04fbfb6b63fb21544d007 - - default default] TaaS: Handle Delete Port: f789112f-7c93-43d5-8ab6-853a8e141422
2026-06-03 08:51:23.755 8 INFO neutron_taas.services.taas.tap_mirror_plugin [None req-c05ac23f-f750-4f55-a238-52e16db90f6e 05978204201c48a88c6f92dd0f12954a f893f61117f04fbfb6b63fb21544d007 - - default default] Tap Mirror: Handle Delete Port: f789112f-7c93-43d5-8ab6-853a8e141422 [pid: 8|app: 0|req: 1550/3341] 10.0.0.72 () {34 vars in 788 bytes} [Wed Jun 3 08:51:23 2026] PUT /v2.0/routers/372b1642-0ad8-48ec-a9f8-ac5528a93067/remove_router_interface => generated 309 bytes in 843 msecs (HTTP/1.1 200) 4 headers in 157 bytes (1 switches on core 0)
2026-06-03 08:51:24.375 7 INFO neutron.api.v2.resource [None req-72597f32-4764-41c4-bcaa-49f77dbae23c 05978204201c48a88c6f92dd0f12954a f893f61117f04fbfb6b63fb21544d007 - - default default] remove_router_interface failed (client error): The resource could not be found. [pid: 7|app: 0|req: 1792/3342] 10.0.0.72 () {34 vars in 788 bytes} [Wed Jun 3 08:51:24 2026] PUT /v2.0/routers/372b1642-0ad8-48ec-a9f8-ac5528a93067/remove_router_interface => generated 198 bytes in 103 msecs (HTTP/1.1 404) 4 headers in 164 bytes (1 switches on core 0) /var/lib/openstack/lib/python3.12/site-packages/pycadf/identifier.py:70: UserWarning: Invalid uuid: neutron. To ensure interoperability, identifiers should be a valid uuid. warnings.warn(('Invalid uuid: %s. To ensure interoperability, '
2026-06-03 08:51:24.710 8 INFO neutron_taas.services.taas.taas_plugin [None req-8db505fe-7418-4da3-a0a5-11a30a51ad76 05978204201c48a88c6f92dd0f12954a f893f61117f04fbfb6b63fb21544d007 - - default default] TaaS: Handle Delete Port: b4a3f8e7-bf24-4eb4-a4f3-d0eced7a7d21
2026-06-03 08:51:24.714 8 INFO neutron_taas.services.taas.tap_mirror_plugin [None req-8db505fe-7418-4da3-a0a5-11a30a51ad76 05978204201c48a88c6f92dd0f12954a f893f61117f04fbfb6b63fb21544d007 - - default default] Tap Mirror: Handle Delete Port: b4a3f8e7-bf24-4eb4-a4f3-d0eced7a7d21 [pid: 8|app: 0|req: 1551/3343] 10.0.0.72 () {34 vars in 788 bytes} [Wed Jun 3 08:51:24 2026] PUT /v2.0/routers/372b1642-0ad8-48ec-a9f8-ac5528a93067/remove_router_interface => generated 309 bytes in 884 msecs (HTTP/1.1 200) 4 headers in 157 bytes (1 switches on core 0)
2026-06-03 08:51:25.379 7 INFO neutron.api.v2.resource [None req-be9b0c9e-b392-49e6-9c4b-d2f3cd13bc96 05978204201c48a88c6f92dd0f12954a f893f61117f04fbfb6b63fb21544d007 - - default default] remove_router_interface failed (client error): The resource could not be found. [pid: 7|app: 0|req: 1793/3344] 10.0.0.72 () {34 vars in 788 bytes} [Wed Jun 3 08:51:25 2026] PUT /v2.0/routers/372b1642-0ad8-48ec-a9f8-ac5528a93067/remove_router_interface => generated 198 bytes in 110 msecs (HTTP/1.1 404) 4 headers in 164 bytes (1 switches on core 0) /var/lib/openstack/lib/python3.12/site-packages/pycadf/identifier.py:70: UserWarning: Invalid uuid: neutron. To ensure interoperability, identifiers should be a valid uuid. warnings.warn(('Invalid uuid: %s. To ensure interoperability, '
2026-06-03 08:51:25.752 8 INFO neutron_taas.services.taas.taas_plugin [None req-4ebd5817-49bc-4c4d-b10c-58efbdb3ba2c 05978204201c48a88c6f92dd0f12954a f893f61117f04fbfb6b63fb21544d007 - - default default] TaaS: Handle Delete Port: 5b36982b-a481-44e0-a2a3-2acd9970b535
2026-06-03 08:51:25.756 8 INFO neutron_taas.services.taas.tap_mirror_plugin [None req-4ebd5817-49bc-4c4d-b10c-58efbdb3ba2c 05978204201c48a88c6f92dd0f12954a f893f61117f04fbfb6b63fb21544d007 - - default default] Tap Mirror: Handle Delete Port: 5b36982b-a481-44e0-a2a3-2acd9970b535 [pid: 8|app: 0|req: 1552/3345] 10.0.0.72 () {32 vars in 723 bytes} [Wed Jun 3 08:51:25 2026] DELETE /v2.0/routers/372b1642-0ad8-48ec-a9f8-ac5528a93067 => generated 0 bytes in 816 msecs (HTTP/1.1 204) 2 headers in 112 bytes (1 switches on core 0)
2026-06-03 08:51:26.222 7 INFO neutron.api.v2.resource [None req-75d46fa3-093b-4939-8927-87e020ee1e9d 05978204201c48a88c6f92dd0f12954a f893f61117f04fbfb6b63fb21544d007 - - default default] show failed (client error): The resource could not be found. [pid: 7|app: 0|req: 1794/3346] 10.0.0.72 () {32 vars in 720 bytes} [Wed Jun 3 08:51:26 2026] GET /v2.0/routers/372b1642-0ad8-48ec-a9f8-ac5528a93067 => generated 135 bytes in 16 msecs (HTTP/1.1 404) 4 headers in 164 bytes (1 switches on core 0) [pid: 8|app: 0|req: 1553/3347] 10.0.0.72 () {32 vars in 723 bytes} [Wed Jun 3 08:51:26 2026] DELETE /v2.0/subnets/7722a643-0616-4135-a6ba-8f3666f5806e => generated 0 bytes in 148 msecs (HTTP/1.1 204) 3 headers in 131 bytes (1 switches on core 0)
2026-06-03 08:51:26.396 7 INFO neutron.pecan_wsgi.hooks.translation [None req-56443906-c8f3-436a-b5de-39099fb36041 05978204201c48a88c6f92dd0f12954a f893f61117f04fbfb6b63fb21544d007 - - default default] GET failed (client error): The resource could not be found. [pid: 7|app: 0|req: 1795/3348] 10.0.0.72 () {32 vars in 720 bytes} [Wed Jun 3 08:51:26 2026] GET /v2.0/subnets/7722a643-0616-4135-a6ba-8f3666f5806e => generated 136 bytes in 14 msecs (HTTP/1.1 404) 4 headers in 164 bytes (1 switches on core 0) [pid: 8|app: 0|req: 1554/3349] 10.0.0.72 () {32 vars in 723 bytes} [Wed Jun 3 08:51:26 2026] DELETE /v2.0/subnets/d9e053a4-b286-4eb4-98a7-d0d797ee7103 => generated 0 bytes in 182 msecs (HTTP/1.1 204) 3 headers in 131 bytes (1 switches on core 0)
2026-06-03 08:51:26.605 7 INFO neutron.pecan_wsgi.hooks.translation [None req-3123ec20-a9ea-4ab3-8f0b-883429eb6e95 05978204201c48a88c6f92dd0f12954a f893f61117f04fbfb6b63fb21544d007 - - default default] GET failed (client error): The resource could not be found. [pid: 7|app: 0|req: 1796/3350] 10.0.0.72 () {32 vars in 720 bytes} [Wed Jun 3 08:51:26 2026] GET /v2.0/subnets/d9e053a4-b286-4eb4-98a7-d0d797ee7103 => generated 136 bytes in 16 msecs (HTTP/1.1 404) 4 headers in 164 bytes (1 switches on core 0)
2026-06-03 08:51:26.756 8 INFO neutron_taas.services.taas.taas_plugin [None req-bc71fc85-d720-4c53-9ce7-da1ff5e18f29 05978204201c48a88c6f92dd0f12954a f893f61117f04fbfb6b63fb21544d007 - - default default] TaaS: Handle Delete Port: 079e68f4-d8c1-4aac-87c4-48ad8bda7b73
2026-06-03 08:51:26.760 8 INFO neutron_taas.services.taas.tap_mirror_plugin [None req-bc71fc85-d720-4c53-9ce7-da1ff5e18f29 05978204201c48a88c6f92dd0f12954a f893f61117f04fbfb6b63fb21544d007 - - default default] Tap Mirror: Handle Delete Port: 079e68f4-d8c1-4aac-87c4-48ad8bda7b73 [pid: 8|app: 0|req: 1555/3351] 10.0.0.72 () {32 vars in 725 bytes} [Wed Jun 3 08:51:26 2026] DELETE /v2.0/networks/3fe2d519-c4c5-401f-a32c-2cafe2633999 => generated 0 bytes in 354 msecs (HTTP/1.1 204) 3 headers in 131 bytes (1 switches on core 0)
2026-06-03 08:51:26.979 8 INFO neutron.services.segments.plugin [-] Segment 8a6794ba-eab7-428b-94fb-e2a70e32b089 resource provider aggregate not found
2026-06-03 08:51:26.982 8 INFO neutron.services.segments.plugin [-] Segment 8a6794ba-eab7-428b-94fb-e2a70e32b089 resource provider aggregate not found
2026-06-03 08:51:26.994 7 INFO neutron.pecan_wsgi.hooks.translation [None req-0bb5df61-27fd-4821-a9ab-9e5b10565aa0 05978204201c48a88c6f92dd0f12954a f893f61117f04fbfb6b63fb21544d007 - - default default] GET failed (client error): The resource could not be found.
2026-06-03 08:51:26.995 8 INFO neutron.services.segments.plugin [-] Segment 8a6794ba-eab7-428b-94fb-e2a70e32b089 resource provider not found; error: Placement Client Error (4xx): {"errors": [{"status": 404, "title": "Not Found", "detail": "The resource could not be found.\n\n No resource provider with uuid 8a6794ba-eab7-428b-94fb-e2a70e32b089 found for delete ", "request_id": "req-6b19aa5f-ed15-476c-9b53-66c18386c950"}]} [pid: 7|app: 0|req: 1797/3352] 10.0.0.72 () {32 vars in 722 bytes} [Wed Jun 3 08:51:26 2026] GET /v2.0/networks/3fe2d519-c4c5-401f-a32c-2cafe2633999 => generated 138 bytes in 13 msecs (HTTP/1.1 404) 4 headers in 164 bytes (1 switches on core 0)
2026-06-03 08:51:26.996 8 INFO neutron.services.segments.plugin [-] Segment 8a6794ba-eab7-428b-94fb-e2a70e32b089 resource provider not found; error: Placement Client Error (4xx): {"errors": [{"status": 404, "title": "Not Found", "detail": "The resource could not be found.\n\n No resource provider with uuid 8a6794ba-eab7-428b-94fb-e2a70e32b089 found for delete ", "request_id": "req-ea4b43ae-6c24-4050-818c-cc04c843a0ea"}]} [pid: 8|app: 0|req: 1556/3353] 10.0.0.72 () {32 vars in 723 bytes} [Wed Jun 3 08:51:27 2026] DELETE /v2.0/subnets/ba3fe962-7b5a-4e55-a534-b5e1ab536177 => generated 0 bytes in 136 msecs (HTTP/1.1 204) 3 headers in 131 bytes (1 switches on core 0)
2026-06-03 08:51:27.156 7 INFO neutron.pecan_wsgi.hooks.translation [None req-9885de00-3634-4846-aee3-b80c18d766bc 05978204201c48a88c6f92dd0f12954a f893f61117f04fbfb6b63fb21544d007 - - default default] GET failed (client error): The resource could not be found. [pid: 7|app: 0|req: 1798/3354] 10.0.0.72 () {32 vars in 720 bytes} [Wed Jun 3 08:51:27 2026] GET /v2.0/subnets/ba3fe962-7b5a-4e55-a534-b5e1ab536177 => generated 136 bytes in 16 msecs (HTTP/1.1 404) 4 headers in 164 bytes (1 switches on core 0) [pid: 8|app: 0|req: 1557/3355] 10.0.0.72 () {32 vars in 723 bytes} [Wed Jun 3 08:51:27 2026] DELETE /v2.0/subnets/38b5f6f2-eb93-4ee7-9c48-10fe5d823d8f => generated 0 bytes in 156 msecs (HTTP/1.1 204) 3 headers in 131 bytes (1 switches on core 0)
2026-06-03 08:51:27.336 7 INFO neutron.pecan_wsgi.hooks.translation [None req-896b2978-8132-4d45-a6bb-d01ad59a9bf1 05978204201c48a88c6f92dd0f12954a f893f61117f04fbfb6b63fb21544d007 - - default default] GET failed (client error): The resource could not be found. [pid: 7|app: 0|req: 1799/3356] 10.0.0.72 () {32 vars in 720 bytes} [Wed Jun 3 08:51:27 2026] GET /v2.0/subnets/38b5f6f2-eb93-4ee7-9c48-10fe5d823d8f => generated 136 bytes in 15 msecs (HTTP/1.1 404) 4 headers in 164 bytes (1 switches on core 0)
2026-06-03 08:51:27.448 8 INFO neutron_taas.services.taas.taas_plugin [None req-f97227d6-7c67-4cca-bb35-54de24b4d605 05978204201c48a88c6f92dd0f12954a f893f61117f04fbfb6b63fb21544d007 - - default default] TaaS: Handle Delete Port: 67b59ed6-80a4-457c-8aad-7230e8923ef2
2026-06-03 08:51:27.451 8 INFO neutron_taas.services.taas.tap_mirror_plugin [None req-f97227d6-7c67-4cca-bb35-54de24b4d605 05978204201c48a88c6f92dd0f12954a f893f61117f04fbfb6b63fb21544d007 - - default default] Tap Mirror: Handle Delete Port: 67b59ed6-80a4-457c-8aad-7230e8923ef2 [pid: 8|app: 0|req: 1558/3357] 10.0.0.72 () {32 vars in 725 bytes} [Wed Jun 3 08:51:27 2026] DELETE /v2.0/networks/a0c59e2a-e60f-4484-aa5a-7b7d0aef9cb4 => generated 0 bytes in 348 msecs (HTTP/1.1 204) 3 headers in 131 bytes (1 switches on core 0)
2026-06-03 08:51:27.706 7 INFO neutron.pecan_wsgi.hooks.translation [None req-dd6b8309-f5de-444c-b82e-3b77e1aa2e37 05978204201c48a88c6f92dd0f12954a f893f61117f04fbfb6b63fb21544d007 - - default default] GET failed (client error): The resource could not be found. [pid: 7|app: 0|req: 1800/3358] 10.0.0.72 () {32 vars in 722 bytes} [Wed Jun 3 08:51:27 2026] GET /v2.0/networks/a0c59e2a-e60f-4484-aa5a-7b7d0aef9cb4 => generated 138 bytes in 13 msecs (HTTP/1.1 404) 4 headers in 164 bytes (1 switches on core 0) [pid: 8|app: 0|req: 1559/3359] 10.0.0.72 () {32 vars in 723 bytes} [Wed Jun 3 08:51:27 2026] DELETE /v2.0/subnets/fae47b15-c15b-468a-b885-deed4fea8df5 => generated 0 bytes in 163 msecs (HTTP/1.1 204) 3 headers in 131 bytes (1 switches on core 0)
2026-06-03 08:51:27.891 7 INFO neutron.pecan_wsgi.hooks.translation [None req-b8caf562-7b94-4cf4-9b23-25fff6677c88 05978204201c48a88c6f92dd0f12954a f893f61117f04fbfb6b63fb21544d007 - - default default] GET failed (client error): The resource could not be found. [pid: 7|app: 0|req: 1801/3360] 10.0.0.72 () {32 vars in 720 bytes} [Wed Jun 3 08:51:27 2026] GET /v2.0/subnets/fae47b15-c15b-468a-b885-deed4fea8df5 => generated 136 bytes in 12 msecs (HTTP/1.1 404) 4 headers in 164 bytes (1 switches on core 0) [pid: 8|app: 0|req: 1560/3361] 10.0.0.72 () {32 vars in 723 bytes} [Wed Jun 3 08:51:27 2026] DELETE /v2.0/subnets/4fc6c7f9-7622-4f1e-a5f3-64932e5d2848 => generated 0 bytes in 176 msecs (HTTP/1.1 204) 3 headers in 131 bytes (1 switches on core 0)
2026-06-03 08:51:28.095 7 INFO neutron.pecan_wsgi.hooks.translation [None req-6d788753-acb7-46df-8ba8-6f65d9b27272 05978204201c48a88c6f92dd0f12954a f893f61117f04fbfb6b63fb21544d007 - - default default] GET failed (client error): The resource could not be found. [pid: 7|app: 0|req: 1802/3362] 10.0.0.72 () {32 vars in 720 bytes} [Wed Jun 3 08:51:28 2026] GET /v2.0/subnets/4fc6c7f9-7622-4f1e-a5f3-64932e5d2848 => generated 136 bytes in 15 msecs (HTTP/1.1 404) 4 headers in 164 bytes (1 switches on core 0)
2026-06-03 08:51:28.203 8 INFO neutron_taas.services.taas.taas_plugin [None req-aae5ae60-391c-4c8b-bb2c-0ee18fe739e6 05978204201c48a88c6f92dd0f12954a f893f61117f04fbfb6b63fb21544d007 - - default default] TaaS: Handle Delete Port: c17072d6-189b-4b9c-872c-651487e762c5
2026-06-03 08:51:28.206 8 INFO neutron_taas.services.taas.tap_mirror_plugin [None req-aae5ae60-391c-4c8b-bb2c-0ee18fe739e6 05978204201c48a88c6f92dd0f12954a f893f61117f04fbfb6b63fb21544d007 - - default default] Tap Mirror: Handle Delete Port: c17072d6-189b-4b9c-872c-651487e762c5 [pid: 8|app: 0|req: 1561/3363] 10.0.0.72 () {32 vars in 725 bytes} [Wed Jun 3 08:51:28 2026] DELETE /v2.0/networks/b6e4297d-0fb8-4b22-a36e-80a033e0ff88 => generated 0 bytes in 328 msecs (HTTP/1.1 204) 3 headers in 131 bytes (1 switches on core 0)
2026-06-03 08:51:28.447 7 INFO neutron.pecan_wsgi.hooks.translation [None req-c2f7a96a-67ab-4bcf-af92-cf18cfec465c 05978204201c48a88c6f92dd0f12954a f893f61117f04fbfb6b63fb21544d007 - - default default] GET failed (client error): The resource could not be found. [pid: 7|app: 0|req: 1803/3364] 10.0.0.72 () {32 vars in 722 bytes} [Wed Jun 3 08:51:28 2026] GET /v2.0/networks/b6e4297d-0fb8-4b22-a36e-80a033e0ff88 => generated 138 bytes in 15 msecs (HTTP/1.1 404) 4 headers in 164 bytes (1 switches on core 0)
2026-06-03 08:51:29.017 8 INFO neutron.services.segments.plugin [-] Segment f8b45b7b-e030-4fba-9aaf-d8949b492c46 resource provider aggregate not found
2026-06-03 08:51:29.019 8 INFO neutron.services.segments.plugin [-] Segment f8b45b7b-e030-4fba-9aaf-d8949b492c46 resource provider aggregate not found
2026-06-03 08:51:29.034 8 INFO neutron.services.segments.plugin [-] Segment f8b45b7b-e030-4fba-9aaf-d8949b492c46 resource provider not found; error: Placement Client Error (4xx): {"errors": [{"status": 404, "title": "Not Found", "detail": "The resource could not be found.\n\n No resource provider with uuid f8b45b7b-e030-4fba-9aaf-d8949b492c46 found for delete ", "request_id": "req-7db7d680-ee00-4336-9e5d-550eea29ea3e"}]}
2026-06-03 08:51:29.038 8 INFO neutron.services.segments.plugin [-] Segment f8b45b7b-e030-4fba-9aaf-d8949b492c46 resource provider not found; error: Placement Client Error (4xx): {"errors": [{"status": 404, "title": "Not Found", "detail": "The resource could not be found.\n\n No resource provider with uuid f8b45b7b-e030-4fba-9aaf-d8949b492c46 found for delete ", "request_id": "req-48322d8e-8786-400d-b48b-174a949b4e5c"}]}
2026-06-03 08:51:29.049 8 INFO neutron.services.segments.plugin [-] Segment ce3e4b41-a955-4a55-8a37-0e92c519d89c resource provider aggregate not found
2026-06-03 08:51:29.058 8 INFO neutron.services.segments.plugin [-] Segment ce3e4b41-a955-4a55-8a37-0e92c519d89c resource provider aggregate not found
2026-06-03 08:51:29.060 8 INFO neutron.services.segments.plugin [-] Segment ce3e4b41-a955-4a55-8a37-0e92c519d89c resource provider not found; error: Placement Client Error (4xx): {"errors": [{"status": 404, "title": "Not Found", "detail": "The resource could not be found.\n\n No resource provider with uuid ce3e4b41-a955-4a55-8a37-0e92c519d89c found for delete ", "request_id": "req-ad98369c-c878-42b1-be35-cebe8651bb23"}]}
2026-06-03 08:51:29.073 8 INFO neutron.services.segments.plugin [-] Segment ce3e4b41-a955-4a55-8a37-0e92c519d89c resource provider not found; error: Placement Client Error (4xx): {"errors": [{"status": 404, "title": "Not Found", "detail": "The resource could not be found.\n\n No resource provider with uuid ce3e4b41-a955-4a55-8a37-0e92c519d89c found for delete ", "request_id": "req-c32c6030-c9ca-4994-bcdf-a0df8ac23a74"}]}
2026-06-03 08:51:30.468 8 INFO neutron.db.ovn_revision_numbers_db [None req-d91af285-ec17-4ee8-958a-d53c1db9548e fc652f9a4ac34e8caa16a128b574ab44 dc853de8e6b24679a6baec28d07710e3 - - default default] Successfully bumped revision number for resource 3fa5bc4c-0a2f-438f-9197-1fd007baddad (type: security_groups) to 1
2026-06-03 08:51:30.482 8 INFO neutron.db.ovn_revision_numbers_db [None req-d91af285-ec17-4ee8-958a-d53c1db9548e fc652f9a4ac34e8caa16a128b574ab44 dc853de8e6b24679a6baec28d07710e3 - - default default] Successfully bumped revision number for resource 04cc4aba-9a36-480d-ab1e-c51753942a99 (type: security_group_rules) to 0
2026-06-03 08:51:30.493 8 INFO neutron.db.ovn_revision_numbers_db [None req-d91af285-ec17-4ee8-958a-d53c1db9548e fc652f9a4ac34e8caa16a128b574ab44 dc853de8e6b24679a6baec28d07710e3 - - default default] Successfully bumped revision number for resource 9cc776ce-5422-4889-8d71-c9f38bd42824 (type: security_group_rules) to 0
2026-06-03 08:51:30.511 8 INFO neutron.db.ovn_revision_numbers_db [None req-d91af285-ec17-4ee8-958a-d53c1db9548e fc652f9a4ac34e8caa16a128b574ab44 dc853de8e6b24679a6baec28d07710e3 - - default default] Successfully bumped revision number for resource a2b73521-d2ed-4657-886f-8b5b6fd82bfd (type: security_group_rules) to 0
2026-06-03 08:51:30.526 8 INFO neutron.db.ovn_revision_numbers_db [None req-d91af285-ec17-4ee8-958a-d53c1db9548e fc652f9a4ac34e8caa16a128b574ab44 dc853de8e6b24679a6baec28d07710e3 - - default default] Successfully bumped revision number for resource f4c890c1-cbff-4c54-b04a-caed43070f69 (type: security_group_rules) to 0 [pid: 8|app: 0|req: 1562/3365] 10.0.0.72 () {32 vars in 773 bytes} [Wed Jun 3 08:51:30 2026] GET /v2.0/security-groups?tenant_id=e7f1e7925d7846ac829fea2b46ba2e9a&name=default => generated 2929 bytes in 378 msecs (HTTP/1.1 200) 4 headers in 158 bytes (1 switches on core 0) [pid: 7|app: 0|req: 1804/3366] 10.0.0.72 () {32 vars in 739 bytes} [Wed Jun 3 08:51:30 2026] DELETE /v2.0/security-groups/3fa5bc4c-0a2f-438f-9197-1fd007baddad => generated 0 bytes in 235 msecs (HTTP/1.1 204) 2 headers in 112 bytes (1 switches on core 0) [pid: 8|app: 0|req: 1563/3367] 10.0.0.72 () {32 vars in 773 bytes} [Wed Jun 3 08:51:30 2026] GET /v2.0/security-groups?tenant_id=f893f61117f04fbfb6b63fb21544d007&name=default => generated 2929 bytes in 32 msecs (HTTP/1.1 200) 4 headers in 158 bytes (1 switches on core 0) [pid: 7|app: 0|req: 1805/3368] 10.0.0.72 () {32 vars in 739 bytes} [Wed Jun 3 08:51:30 2026] DELETE /v2.0/security-groups/e3d3bca1-75a4-447c-a394-dec42a6f947b => generated 0 bytes in 227 msecs (HTTP/1.1 204) 2 headers in 112 bytes (1 switches on core 0)
2026-06-03 08:51:31.416 8 INFO neutron.db.ovn_revision_numbers_db [None req-6cc44958-ced3-40fa-ade9-11752a0b1746 fc652f9a4ac34e8caa16a128b574ab44 dc853de8e6b24679a6baec28d07710e3 - - default default] Successfully bumped revision number for resource c4267e57-6e6d-4883-9b25-fd3fa078ca58 (type: security_groups) to 1
2026-06-03 08:51:31.427 8 INFO neutron.db.ovn_revision_numbers_db [None req-6cc44958-ced3-40fa-ade9-11752a0b1746 fc652f9a4ac34e8caa16a128b574ab44 dc853de8e6b24679a6baec28d07710e3 - - default default] Successfully bumped revision number for resource 2322c1e7-e3f9-4b3c-85ac-078f895d43d4 (type: security_group_rules) to 0
2026-06-03 08:51:31.438 8 INFO neutron.db.ovn_revision_numbers_db [None req-6cc44958-ced3-40fa-ade9-11752a0b1746 fc652f9a4ac34e8caa16a128b574ab44 dc853de8e6b24679a6baec28d07710e3 - - default default] Successfully bumped revision number for resource 294a1606-c253-450d-8518-af100ba071a7 (type: security_group_rules) to 0
2026-06-03 08:51:31.451 8 INFO neutron.db.ovn_revision_numbers_db [None req-6cc44958-ced3-40fa-ade9-11752a0b1746 fc652f9a4ac34e8caa16a128b574ab44 dc853de8e6b24679a6baec28d07710e3 - - default default] Successfully bumped revision number for resource 4eb2c1ad-558c-47fd-9af3-d2e2722e0ea2 (type: security_group_rules) to 0
2026-06-03 08:51:31.462 8 INFO neutron.db.ovn_revision_numbers_db [None req-6cc44958-ced3-40fa-ade9-11752a0b1746 fc652f9a4ac34e8caa16a128b574ab44 dc853de8e6b24679a6baec28d07710e3 - - default default] Successfully bumped revision number for resource 7d5c712c-d63e-482e-8042-392c5c70cf72 (type: security_group_rules) to 0 [pid: 8|app: 0|req: 1564/3369] 10.0.0.72 () {32 vars in 773 bytes} [Wed Jun 3 08:51:31 2026] GET /v2.0/security-groups?tenant_id=e6cb6e4b41dc492c9ee43dd1ff822d73&name=default => generated 2929 bytes in 218 msecs (HTTP/1.1 200) 4 headers in 158 bytes (1 switches on core 0) [pid: 7|app: 0|req: 1806/3370] 10.0.0.72 () {32 vars in 739 bytes} [Wed Jun 3 08:51:31 2026] DELETE /v2.0/security-groups/c4267e57-6e6d-4883-9b25-fd3fa078ca58 => generated 0 bytes in 239 msecs (HTTP/1.1 204) 2 headers in 112 bytes (1 switches on core 0)
2026-06-03 08:51:32.013 8 INFO neutron.db.ovn_revision_numbers_db [None req-7f225c6d-006d-40fd-8ccf-baf029ca5f66 fc652f9a4ac34e8caa16a128b574ab44 dc853de8e6b24679a6baec28d07710e3 - - default default] Successfully bumped revision number for resource 7e525645-b538-43df-b73c-c32ac4bd237f (type: security_groups) to 1
2026-06-03 08:51:32.025 8 INFO neutron.db.ovn_revision_numbers_db [None req-7f225c6d-006d-40fd-8ccf-baf029ca5f66 fc652f9a4ac34e8caa16a128b574ab44 dc853de8e6b24679a6baec28d07710e3 - - default default] Successfully bumped revision number for resource 44d88a2b-f43e-4d53-a5ba-250477e5ccee (type: security_group_rules) to 0
2026-06-03 08:51:32.040 8 INFO neutron.db.ovn_revision_numbers_db [None req-7f225c6d-006d-40fd-8ccf-baf029ca5f66 fc652f9a4ac34e8caa16a128b574ab44 dc853de8e6b24679a6baec28d07710e3 - - default default] Successfully bumped revision number for resource afcaea76-6202-4750-bc2a-fb94831c0eb1 (type: security_group_rules) to 0
2026-06-03 08:51:32.055 8 INFO neutron.db.ovn_revision_numbers_db [None req-7f225c6d-006d-40fd-8ccf-baf029ca5f66 fc652f9a4ac34e8caa16a128b574ab44 dc853de8e6b24679a6baec28d07710e3 - - default default] Successfully bumped revision number for resource b61015b3-9857-49a8-ac40-e5d6a1c7f1ff (type: security_group_rules) to 0
