May 21 15:39:39.352154 np0000175936 systemd[1]: Starting devstack@n-api-meta.service - Devstack devstack@n-api-meta.service...
May 21 15:39:39.357887 np0000175936 devstack@n-api-meta.service[108864]: [uWSGI] getting INI configuration from /etc/nova/nova-metadata-uwsgi.ini
May 21 15:39:39.360416 np0000175936 devstack@n-api-meta.service[108864]: *** Starting uWSGI 2.0.24-debian (64bit) on [Thu May 21 15:39:39 2026] ***
May 21 15:39:39.360416 np0000175936 devstack@n-api-meta.service[108864]: compiled with version: 13.2.0 on 17 April 2024 16:23:48
May 21 15:39:39.360416 np0000175936 devstack@n-api-meta.service[108864]: os: Linux-6.8.0-117-generic #117-Ubuntu SMP PREEMPT_DYNAMIC Tue May 5 19:26:24 UTC 2026
May 21 15:39:39.360416 np0000175936 devstack@n-api-meta.service[108864]: nodename: np0000175936
May 21 15:39:39.360416 np0000175936 devstack@n-api-meta.service[108864]: machine: x86_64
May 21 15:39:39.360416 np0000175936 devstack@n-api-meta.service[108864]: clock source: unix
May 21 15:39:39.360416 np0000175936 devstack@n-api-meta.service[108864]: pcre jit disabled
May 21 15:39:39.360416 np0000175936 devstack@n-api-meta.service[108864]: detected number of CPU cores: 16
May 21 15:39:39.360416 np0000175936 devstack@n-api-meta.service[108864]: current working directory: /
May 21 15:39:39.360416 np0000175936 devstack@n-api-meta.service[108864]: detected binary path: /usr/bin/uwsgi-core
May 21 15:39:39.360416 np0000175936 devstack@n-api-meta.service[108864]: your processes number limit is 256917
May 21 15:39:39.360416 np0000175936 devstack@n-api-meta.service[108864]: your memory page size is 4096 bytes
May 21 15:39:39.360416 np0000175936 devstack@n-api-meta.service[108864]: detected max file descriptor number: 2048
May 21 15:39:39.360416 np0000175936 devstack@n-api-meta.service[108864]: lock engine: pthread robust mutexes
May 21 15:39:39.361162 np0000175936 devstack@n-api-meta.service[108864]: thunder lock: enabled
May 21 15:39:39.361162 np0000175936 devstack@n-api-meta.service[108864]: uWSGI http bound on 0.0.0.0:8775 fd 5
May 21 15:39:39.361162 np0000175936 devstack@n-api-meta.service[108864]: uwsgi socket 0 bound to TCP address 127.0.0.1:37047 (port auto-assigned) fd 4
May 21 15:39:39.361162 np0000175936 devstack@n-api-meta.service[108864]: Python version: 3.12.3 (main, Mar 23 2026, 19:04:32) [GCC 13.3.0]
May 21 15:39:39.361162 np0000175936 devstack@n-api-meta.service[108864]: PEP 405 virtualenv detected: /opt/stack/data/venv
May 21 15:39:39.361162 np0000175936 devstack@n-api-meta.service[108864]: Set PythonHome to /opt/stack/data/venv
May 21 15:39:39.395242 np0000175936 devstack@n-api-meta.service[108864]: Python main interpreter initialized at 0x7c7e368a3668
May 21 15:39:39.395242 np0000175936 devstack@n-api-meta.service[108864]: python threads support enabled
May 21 15:39:39.395242 np0000175936 devstack@n-api-meta.service[108864]: your server socket listen backlog is limited to 100 connections
May 21 15:39:39.395242 np0000175936 devstack@n-api-meta.service[108864]: your mercy for graceful operations on workers is 80 seconds
May 21 15:39:39.395786 np0000175936 devstack@n-api-meta.service[108864]: mapped 671795 bytes (656 KB) for 4 cores
May 21 15:39:39.395925 np0000175936 devstack@n-api-meta.service[108864]: *** Operational MODE: preforking ***
May 21 15:39:39.396070 np0000175936 devstack@n-api-meta.service[108864]: *** uWSGI is running in multiple interpreter mode ***
May 21 15:39:39.396070 np0000175936 devstack@n-api-meta.service[108864]: spawned uWSGI master process (pid: 108864)
May 21 15:39:39.396248 np0000175936 systemd[1]: Started devstack@n-api-meta.service - Devstack devstack@n-api-meta.service.
May 21 15:39:39.397155 np0000175936 devstack@n-api-meta.service[108864]: spawned uWSGI worker 1 (pid: 108865, cores: 1)
May 21 15:39:39.397744 np0000175936 devstack@n-api-meta.service[108864]: spawned uWSGI worker 2 (pid: 108866, cores: 1)
May 21 15:39:39.398319 np0000175936 devstack@n-api-meta.service[108864]: spawned uWSGI worker 3 (pid: 108867, cores: 1)
May 21 15:39:39.398775 np0000175936 devstack@n-api-meta.service[108864]: spawned uWSGI worker 4 (pid: 108868, cores: 1)
May 21 15:39:39.399303 np0000175936 devstack@n-api-meta.service[108864]: spawned uWSGI http 1 (pid: 108869)
May 21 15:39:39.399303 np0000175936 devstack@n-api-meta.service[108864]: running "unix_signal:15 gracefully_kill_them_all" (master-start)...
May 21 15:39:41.128646 np0000175936 devstack@n-api-meta.service[108865]: INFO dbcounter [None req-8d27a0bf-151f-434d-9e5a-564845ea9a97 None None] Registered counter for database nova_api
May 21 15:39:41.145795 np0000175936 devstack@n-api-meta.service[108865]: DEBUG oslo_db.sqlalchemy.engines [None req-8d27a0bf-151f-434d-9e5a-564845ea9a97 None None] MySQL server mode set to STRICT_TRANS_TABLES,STRICT_ALL_TABLES,NO_ZERO_IN_DATE,NO_ZERO_DATE,ERROR_FOR_DIVISION_BY_ZERO,TRADITIONAL,NO_ENGINE_SUBSTITUTION {{(pid=108865) _check_effective_sql_mode /opt/stack/data/venv/lib/python3.12/site-packages/oslo_db/sqlalchemy/engines.py:325}}
May 21 15:39:41.167126 np0000175936 devstack@n-api-meta.service[108866]: INFO dbcounter [None req-e96988d2-d4c8-413e-a029-e844a42b2dab None None] Registered counter for database nova_api
May 21 15:39:41.177526 np0000175936 devstack@n-api-meta.service[108865]: DEBUG dbcounter [-] [108865] Writer thread running {{(pid=108865) stat_writer /opt/stack/data/venv/lib/python3.12/site-packages/dbcounter.py:102}}
May 21 15:39:41.179700 np0000175936 devstack@n-api-meta.service[108865]: DEBUG nova.context [None req-8d27a0bf-151f-434d-9e5a-564845ea9a97 None None] Found 2 cells: 00000000-0000-0000-0000-000000000000(cell0),3abeb96b-44ff-4945-86df-6a81668299d2(cell1) {{(pid=108865) load_cells /opt/stack/nova/nova/context.py:509}}
May 21 15:39:41.179919 np0000175936 devstack@n-api-meta.service[108865]: INFO nova.utils [None req-8d27a0bf-151f-434d-9e5a-564845ea9a97 None None] The cell worker thread pool MainProcess.cell_worker is initialized
May 21 15:39:41.181664 np0000175936 devstack@n-api-meta.service[108865]: DEBUG oslo_concurrency.lockutils [None req-8d27a0bf-151f-434d-9e5a-564845ea9a97 None None] Acquiring lock "00000000-0000-0000-0000-000000000000" by "nova.context.set_target_cell..get_or_set_cached_cell_and_set_connections" {{(pid=108865) inner /opt/stack/data/venv/lib/python3.12/site-packages/oslo_concurrency/lockutils.py:511}}
May 21 15:39:41.181830 np0000175936 devstack@n-api-meta.service[108865]: DEBUG oslo_concurrency.lockutils [None req-8d27a0bf-151f-434d-9e5a-564845ea9a97 None None] Lock "00000000-0000-0000-0000-000000000000" acquired by "nova.context.set_target_cell..get_or_set_cached_cell_and_set_connections" :: waited 0.000s {{(pid=108865) inner /opt/stack/data/venv/lib/python3.12/site-packages/oslo_concurrency/lockutils.py:524}}
May 21 15:39:41.182170 np0000175936 devstack@n-api-meta.service[108865]: DEBUG oslo_concurrency.lockutils [None req-8d27a0bf-151f-434d-9e5a-564845ea9a97 None None] Lock "00000000-0000-0000-0000-000000000000" "released" by "nova.context.set_target_cell..get_or_set_cached_cell_and_set_connections" :: held 0.000s {{(pid=108865) inner /opt/stack/data/venv/lib/python3.12/site-packages/oslo_concurrency/lockutils.py:543}}
May 21 15:39:41.182970 np0000175936 devstack@n-api-meta.service[108865]: DEBUG oslo_concurrency.lockutils [None req-8d27a0bf-151f-434d-9e5a-564845ea9a97 None None] Acquiring lock "3abeb96b-44ff-4945-86df-6a81668299d2" by "nova.context.set_target_cell..get_or_set_cached_cell_and_set_connections" {{(pid=108865) inner /opt/stack/data/venv/lib/python3.12/site-packages/oslo_concurrency/lockutils.py:511}}
May 21 15:39:41.183110 np0000175936 devstack@n-api-meta.service[108865]: DEBUG oslo_concurrency.lockutils [None req-8d27a0bf-151f-434d-9e5a-564845ea9a97 None None] Lock "3abeb96b-44ff-4945-86df-6a81668299d2" acquired by "nova.context.set_target_cell..get_or_set_cached_cell_and_set_connections" :: waited 0.000s {{(pid=108865) inner /opt/stack/data/venv/lib/python3.12/site-packages/oslo_concurrency/lockutils.py:524}}
May 21 15:39:41.183330 np0000175936 devstack@n-api-meta.service[108868]: INFO dbcounter [None req-d26810f9-7b2a-4051-82a3-e1b5bf9b729c None None] Registered counter for database nova_api
May 21 15:39:41.183944 np0000175936 devstack@n-api-meta.service[108865]: DEBUG oslo_concurrency.lockutils [None req-8d27a0bf-151f-434d-9e5a-564845ea9a97 None None] Lock "3abeb96b-44ff-4945-86df-6a81668299d2" "released" by "nova.context.set_target_cell..get_or_set_cached_cell_and_set_connections" :: held 0.001s {{(pid=108865) inner /opt/stack/data/venv/lib/python3.12/site-packages/oslo_concurrency/lockutils.py:543}}
May 21 15:39:41.184243 np0000175936 devstack@n-api-meta.service[108866]: DEBUG oslo_db.sqlalchemy.engines [None req-e96988d2-d4c8-413e-a029-e844a42b2dab None None] MySQL server mode set to STRICT_TRANS_TABLES,STRICT_ALL_TABLES,NO_ZERO_IN_DATE,NO_ZERO_DATE,ERROR_FOR_DIVISION_BY_ZERO,TRADITIONAL,NO_ENGINE_SUBSTITUTION {{(pid=108866) _check_effective_sql_mode /opt/stack/data/venv/lib/python3.12/site-packages/oslo_db/sqlalchemy/engines.py:325}}
May 21 15:39:41.187510 np0000175936 devstack@n-api-meta.service[108865]: INFO dbcounter [None req-8d27a0bf-151f-434d-9e5a-564845ea9a97 None None] Registered counter for database nova_cell0
May 21 15:39:41.193085 np0000175936 devstack@n-api-meta.service[108865]: INFO dbcounter [None req-8d27a0bf-151f-434d-9e5a-564845ea9a97 None None] Registered counter for database nova_cell1
May 21 15:39:41.199426 np0000175936 devstack@n-api-meta.service[108867]: INFO dbcounter [None req-05ac6e0e-7a29-4280-a102-4340122b4b0c None None] Registered counter for database nova_api
May 21 15:39:41.202677 np0000175936 devstack@n-api-meta.service[108868]: DEBUG oslo_db.sqlalchemy.engines [None req-d26810f9-7b2a-4051-82a3-e1b5bf9b729c None None] MySQL server mode set to STRICT_TRANS_TABLES,STRICT_ALL_TABLES,NO_ZERO_IN_DATE,NO_ZERO_DATE,ERROR_FOR_DIVISION_BY_ZERO,TRADITIONAL,NO_ENGINE_SUBSTITUTION {{(pid=108868) _check_effective_sql_mode /opt/stack/data/venv/lib/python3.12/site-packages/oslo_db/sqlalchemy/engines.py:325}}
May 21 15:39:41.207393 np0000175936 devstack@n-api-meta.service[108865]: DEBUG oslo_db.sqlalchemy.engines [None req-8d27a0bf-151f-434d-9e5a-564845ea9a97 None None] MySQL server mode set to STRICT_TRANS_TABLES,STRICT_ALL_TABLES,NO_ZERO_IN_DATE,NO_ZERO_DATE,ERROR_FOR_DIVISION_BY_ZERO,TRADITIONAL,NO_ENGINE_SUBSTITUTION {{(pid=108865) _check_effective_sql_mode /opt/stack/data/venv/lib/python3.12/site-packages/oslo_db/sqlalchemy/engines.py:325}}
May 21 15:39:41.213359 np0000175936 devstack@n-api-meta.service[108865]: DEBUG oslo_db.sqlalchemy.engines [None req-8d27a0bf-151f-434d-9e5a-564845ea9a97 None None] MySQL server mode set to STRICT_TRANS_TABLES,STRICT_ALL_TABLES,NO_ZERO_IN_DATE,NO_ZERO_DATE,ERROR_FOR_DIVISION_BY_ZERO,TRADITIONAL,NO_ENGINE_SUBSTITUTION {{(pid=108865) _check_effective_sql_mode /opt/stack/data/venv/lib/python3.12/site-packages/oslo_db/sqlalchemy/engines.py:325}}
May 21 15:39:41.215987 np0000175936 devstack@n-api-meta.service[108867]: DEBUG oslo_db.sqlalchemy.engines [None req-05ac6e0e-7a29-4280-a102-4340122b4b0c None None] MySQL server mode set to STRICT_TRANS_TABLES,STRICT_ALL_TABLES,NO_ZERO_IN_DATE,NO_ZERO_DATE,ERROR_FOR_DIVISION_BY_ZERO,TRADITIONAL,NO_ENGINE_SUBSTITUTION {{(pid=108867) _check_effective_sql_mode /opt/stack/data/venv/lib/python3.12/site-packages/oslo_db/sqlalchemy/engines.py:325}}
May 21 15:39:41.218158 np0000175936 devstack@n-api-meta.service[108866]: DEBUG dbcounter [-] [108866] Writer thread running {{(pid=108866) stat_writer /opt/stack/data/venv/lib/python3.12/site-packages/dbcounter.py:102}}
May 21 15:39:41.220381 np0000175936 devstack@n-api-meta.service[108866]: DEBUG nova.context [None req-e96988d2-d4c8-413e-a029-e844a42b2dab None None] Found 2 cells: 00000000-0000-0000-0000-000000000000(cell0),3abeb96b-44ff-4945-86df-6a81668299d2(cell1) {{(pid=108866) load_cells /opt/stack/nova/nova/context.py:509}}
May 21 15:39:41.220613 np0000175936 devstack@n-api-meta.service[108866]: INFO nova.utils [None req-e96988d2-d4c8-413e-a029-e844a42b2dab None None] The cell worker thread pool MainProcess.cell_worker is initialized
May 21 15:39:41.222310 np0000175936 devstack@n-api-meta.service[108866]: DEBUG oslo_concurrency.lockutils [None req-e96988d2-d4c8-413e-a029-e844a42b2dab None None] Acquiring lock "00000000-0000-0000-0000-000000000000" by "nova.context.set_target_cell..get_or_set_cached_cell_and_set_connections" {{(pid=108866) inner /opt/stack/data/venv/lib/python3.12/site-packages/oslo_concurrency/lockutils.py:511}}
May 21 15:39:41.222506 np0000175936 devstack@n-api-meta.service[108866]: DEBUG oslo_concurrency.lockutils [None req-e96988d2-d4c8-413e-a029-e844a42b2dab None None] Lock "00000000-0000-0000-0000-000000000000" acquired by "nova.context.set_target_cell..get_or_set_cached_cell_and_set_connections" :: waited 0.000s {{(pid=108866) inner /opt/stack/data/venv/lib/python3.12/site-packages/oslo_concurrency/lockutils.py:524}}
May 21 15:39:41.222868 np0000175936 devstack@n-api-meta.service[108866]: DEBUG oslo_concurrency.lockutils [None req-e96988d2-d4c8-413e-a029-e844a42b2dab None None] Lock "00000000-0000-0000-0000-000000000000" "released" by "nova.context.set_target_cell..get_or_set_cached_cell_and_set_connections" :: held 0.000s {{(pid=108866) inner /opt/stack/data/venv/lib/python3.12/site-packages/oslo_concurrency/lockutils.py:543}}
May 21 15:39:41.223773 np0000175936 devstack@n-api-meta.service[108866]: DEBUG oslo_concurrency.lockutils [None req-e96988d2-d4c8-413e-a029-e844a42b2dab None None] Acquiring lock "3abeb96b-44ff-4945-86df-6a81668299d2" by "nova.context.set_target_cell..get_or_set_cached_cell_and_set_connections" {{(pid=108866) inner /opt/stack/data/venv/lib/python3.12/site-packages/oslo_concurrency/lockutils.py:511}}
May 21 15:39:41.223913 np0000175936 devstack@n-api-meta.service[108866]: DEBUG oslo_concurrency.lockutils [None req-e96988d2-d4c8-413e-a029-e844a42b2dab None None] Lock "3abeb96b-44ff-4945-86df-6a81668299d2" acquired by "nova.context.set_target_cell..get_or_set_cached_cell_and_set_connections" :: waited 0.000s {{(pid=108866) inner /opt/stack/data/venv/lib/python3.12/site-packages/oslo_concurrency/lockutils.py:524}}
May 21 15:39:41.224748 np0000175936 devstack@n-api-meta.service[108866]: DEBUG oslo_concurrency.lockutils [None req-e96988d2-d4c8-413e-a029-e844a42b2dab None None] Lock "3abeb96b-44ff-4945-86df-6a81668299d2" "released" by "nova.context.set_target_cell..get_or_set_cached_cell_and_set_connections" :: held 0.001s {{(pid=108866) inner /opt/stack/data/venv/lib/python3.12/site-packages/oslo_concurrency/lockutils.py:543}}
May 21 15:39:41.228061 np0000175936 devstack@n-api-meta.service[108866]: INFO dbcounter [None req-e96988d2-d4c8-413e-a029-e844a42b2dab None None] Registered counter for database nova_cell0
May 21 15:39:41.231935 np0000175936 devstack@n-api-meta.service[108868]: DEBUG dbcounter [-] [108868] Writer thread running {{(pid=108868) stat_writer /opt/stack/data/venv/lib/python3.12/site-packages/dbcounter.py:102}}
May 21 15:39:41.233097 np0000175936 devstack@n-api-meta.service[108866]: INFO dbcounter [None req-e96988d2-d4c8-413e-a029-e844a42b2dab None None] Registered counter for database nova_cell1
May 21 15:39:41.235245 np0000175936 devstack@n-api-meta.service[108868]: DEBUG nova.context [None req-d26810f9-7b2a-4051-82a3-e1b5bf9b729c None None] Found 2 cells: 00000000-0000-0000-0000-000000000000(cell0),3abeb96b-44ff-4945-86df-6a81668299d2(cell1) {{(pid=108868) load_cells /opt/stack/nova/nova/context.py:509}}
May 21 15:39:41.235360 np0000175936 devstack@n-api-meta.service[108868]: INFO nova.utils [None req-d26810f9-7b2a-4051-82a3-e1b5bf9b729c None None] The cell worker thread pool MainProcess.cell_worker is initialized
May 21 15:39:41.237084 np0000175936 devstack@n-api-meta.service[108868]: DEBUG oslo_concurrency.lockutils [None req-d26810f9-7b2a-4051-82a3-e1b5bf9b729c None None] Acquiring lock "00000000-0000-0000-0000-000000000000" by "nova.context.set_target_cell..get_or_set_cached_cell_and_set_connections" {{(pid=108868) inner /opt/stack/data/venv/lib/python3.12/site-packages/oslo_concurrency/lockutils.py:511}}
May 21 15:39:41.237251 np0000175936 devstack@n-api-meta.service[108868]: DEBUG oslo_concurrency.lockutils [None req-d26810f9-7b2a-4051-82a3-e1b5bf9b729c None None] Lock "00000000-0000-0000-0000-000000000000" acquired by "nova.context.set_target_cell..get_or_set_cached_cell_and_set_connections" :: waited 0.000s {{(pid=108868) inner /opt/stack/data/venv/lib/python3.12/site-packages/oslo_concurrency/lockutils.py:524}}
May 21 15:39:41.237621 np0000175936 devstack@n-api-meta.service[108868]: DEBUG oslo_concurrency.lockutils [None req-d26810f9-7b2a-4051-82a3-e1b5bf9b729c None None] Lock "00000000-0000-0000-0000-000000000000" "released" by "nova.context.set_target_cell..get_or_set_cached_cell_and_set_connections" :: held 0.000s {{(pid=108868) inner /opt/stack/data/venv/lib/python3.12/site-packages/oslo_concurrency/lockutils.py:543}}
May 21 15:39:41.238309 np0000175936 devstack@n-api-meta.service[108868]: DEBUG oslo_concurrency.lockutils [None req-d26810f9-7b2a-4051-82a3-e1b5bf9b729c None None] Acquiring lock "3abeb96b-44ff-4945-86df-6a81668299d2" by "nova.context.set_target_cell..get_or_set_cached_cell_and_set_connections" {{(pid=108868) inner /opt/stack/data/venv/lib/python3.12/site-packages/oslo_concurrency/lockutils.py:511}}
May 21 15:39:41.238477 np0000175936 devstack@n-api-meta.service[108868]: DEBUG oslo_concurrency.lockutils [None req-d26810f9-7b2a-4051-82a3-e1b5bf9b729c None None] Lock "3abeb96b-44ff-4945-86df-6a81668299d2" acquired by "nova.context.set_target_cell..get_or_set_cached_cell_and_set_connections" :: waited 0.000s {{(pid=108868) inner /opt/stack/data/venv/lib/python3.12/site-packages/oslo_concurrency/lockutils.py:524}}
May 21 15:39:41.239337 np0000175936 devstack@n-api-meta.service[108868]: DEBUG oslo_concurrency.lockutils [None req-d26810f9-7b2a-4051-82a3-e1b5bf9b729c None None] Lock "3abeb96b-44ff-4945-86df-6a81668299d2" "released" by "nova.context.set_target_cell..get_or_set_cached_cell_and_set_connections" :: held 0.001s {{(pid=108868) inner /opt/stack/data/venv/lib/python3.12/site-packages/oslo_concurrency/lockutils.py:543}}
May 21 15:39:41.241698 np0000175936 devstack@n-api-meta.service[108866]: DEBUG oslo_db.sqlalchemy.engines [None req-e96988d2-d4c8-413e-a029-e844a42b2dab None None] MySQL server mode set to STRICT_TRANS_TABLES,STRICT_ALL_TABLES,NO_ZERO_IN_DATE,NO_ZERO_DATE,ERROR_FOR_DIVISION_BY_ZERO,TRADITIONAL,NO_ENGINE_SUBSTITUTION {{(pid=108866) _check_effective_sql_mode /opt/stack/data/venv/lib/python3.12/site-packages/oslo_db/sqlalchemy/engines.py:325}}
May 21 15:39:41.241795 np0000175936 devstack@n-api-meta.service[108868]: INFO dbcounter [None req-d26810f9-7b2a-4051-82a3-e1b5bf9b729c None None] Registered counter for database nova_cell0
May 21 15:39:41.245919 np0000175936 devstack@n-api-meta.service[108868]: INFO dbcounter [None req-d26810f9-7b2a-4051-82a3-e1b5bf9b729c None None] Registered counter for database nova_cell1
May 21 15:39:41.249155 np0000175936 devstack@n-api-meta.service[108867]: DEBUG dbcounter [-] [108867] Writer thread running {{(pid=108867) stat_writer /opt/stack/data/venv/lib/python3.12/site-packages/dbcounter.py:102}}
May 21 15:39:41.253255 np0000175936 devstack@n-api-meta.service[108867]: DEBUG nova.context [None req-05ac6e0e-7a29-4280-a102-4340122b4b0c None None] Found 2 cells: 00000000-0000-0000-0000-000000000000(cell0),3abeb96b-44ff-4945-86df-6a81668299d2(cell1) {{(pid=108867) load_cells /opt/stack/nova/nova/context.py:509}}
May 21 15:39:41.253255 np0000175936 devstack@n-api-meta.service[108867]: INFO nova.utils [None req-05ac6e0e-7a29-4280-a102-4340122b4b0c None None] The cell worker thread pool MainProcess.cell_worker is initialized
May 21 15:39:41.254282 np0000175936 devstack@n-api-meta.service[108867]: DEBUG oslo_concurrency.lockutils [None req-05ac6e0e-7a29-4280-a102-4340122b4b0c None None] Acquiring lock "00000000-0000-0000-0000-000000000000" by "nova.context.set_target_cell..get_or_set_cached_cell_and_set_connections" {{(pid=108867) inner /opt/stack/data/venv/lib/python3.12/site-packages/oslo_concurrency/lockutils.py:511}}
May 21 15:39:41.254466 np0000175936 devstack@n-api-meta.service[108867]: DEBUG oslo_concurrency.lockutils [None req-05ac6e0e-7a29-4280-a102-4340122b4b0c None None] Lock "00000000-0000-0000-0000-000000000000" acquired by "nova.context.set_target_cell..get_or_set_cached_cell_and_set_connections" :: waited 0.000s {{(pid=108867) inner /opt/stack/data/venv/lib/python3.12/site-packages/oslo_concurrency/lockutils.py:524}}
May 21 15:39:41.254831 np0000175936 devstack@n-api-meta.service[108867]: DEBUG oslo_concurrency.lockutils [None req-05ac6e0e-7a29-4280-a102-4340122b4b0c None None] Lock "00000000-0000-0000-0000-000000000000" "released" by "nova.context.set_target_cell..get_or_set_cached_cell_and_set_connections" :: held 0.000s {{(pid=108867) inner /opt/stack/data/venv/lib/python3.12/site-packages/oslo_concurrency/lockutils.py:543}}
May 21 15:39:41.255629 np0000175936 devstack@n-api-meta.service[108867]: DEBUG oslo_concurrency.lockutils [None req-05ac6e0e-7a29-4280-a102-4340122b4b0c None None] Acquiring lock "3abeb96b-44ff-4945-86df-6a81668299d2" by "nova.context.set_target_cell..get_or_set_cached_cell_and_set_connections" {{(pid=108867) inner /opt/stack/data/venv/lib/python3.12/site-packages/oslo_concurrency/lockutils.py:511}}
May 21 15:39:41.255876 np0000175936 devstack@n-api-meta.service[108867]: DEBUG oslo_concurrency.lockutils [None req-05ac6e0e-7a29-4280-a102-4340122b4b0c None None] Lock "3abeb96b-44ff-4945-86df-6a81668299d2" acquired by "nova.context.set_target_cell..get_or_set_cached_cell_and_set_connections" :: waited 0.000s {{(pid=108867) inner /opt/stack/data/venv/lib/python3.12/site-packages/oslo_concurrency/lockutils.py:524}}
May 21 15:39:41.256711 np0000175936 devstack@n-api-meta.service[108867]: DEBUG oslo_concurrency.lockutils [None req-05ac6e0e-7a29-4280-a102-4340122b4b0c None None] Lock "3abeb96b-44ff-4945-86df-6a81668299d2" "released" by "nova.context.set_target_cell..get_or_set_cached_cell_and_set_connections" :: held 0.001s {{(pid=108867) inner /opt/stack/data/venv/lib/python3.12/site-packages/oslo_concurrency/lockutils.py:543}}
May 21 15:39:41.257770 np0000175936 devstack@n-api-meta.service[108868]: DEBUG oslo_db.sqlalchemy.engines [None req-d26810f9-7b2a-4051-82a3-e1b5bf9b729c None None] MySQL server mode set to STRICT_TRANS_TABLES,STRICT_ALL_TABLES,NO_ZERO_IN_DATE,NO_ZERO_DATE,ERROR_FOR_DIVISION_BY_ZERO,TRADITIONAL,NO_ENGINE_SUBSTITUTION {{(pid=108868) _check_effective_sql_mode /opt/stack/data/venv/lib/python3.12/site-packages/oslo_db/sqlalchemy/engines.py:325}}
May 21 15:39:41.258345 np0000175936 devstack@n-api-meta.service[108866]: DEBUG oslo_db.sqlalchemy.engines [None req-e96988d2-d4c8-413e-a029-e844a42b2dab None None] MySQL server mode set to STRICT_TRANS_TABLES,STRICT_ALL_TABLES,NO_ZERO_IN_DATE,NO_ZERO_DATE,ERROR_FOR_DIVISION_BY_ZERO,TRADITIONAL,NO_ENGINE_SUBSTITUTION {{(pid=108866) _check_effective_sql_mode /opt/stack/data/venv/lib/python3.12/site-packages/oslo_db/sqlalchemy/engines.py:325}}
May 21 15:39:41.258981 np0000175936 devstack@n-api-meta.service[108867]: INFO dbcounter [None req-05ac6e0e-7a29-4280-a102-4340122b4b0c None None] Registered counter for database nova_cell0
May 21 15:39:41.264059 np0000175936 devstack@n-api-meta.service[108868]: DEBUG oslo_db.sqlalchemy.engines [None req-d26810f9-7b2a-4051-82a3-e1b5bf9b729c None None] MySQL server mode set to STRICT_TRANS_TABLES,STRICT_ALL_TABLES,NO_ZERO_IN_DATE,NO_ZERO_DATE,ERROR_FOR_DIVISION_BY_ZERO,TRADITIONAL,NO_ENGINE_SUBSTITUTION {{(pid=108868) _check_effective_sql_mode /opt/stack/data/venv/lib/python3.12/site-packages/oslo_db/sqlalchemy/engines.py:325}}
May 21 15:39:41.264145 np0000175936 devstack@n-api-meta.service[108867]: INFO dbcounter [None req-05ac6e0e-7a29-4280-a102-4340122b4b0c None None] Registered counter for database nova_cell1
May 21 15:39:41.275725 np0000175936 devstack@n-api-meta.service[108867]: DEBUG oslo_db.sqlalchemy.engines [None req-05ac6e0e-7a29-4280-a102-4340122b4b0c None None] MySQL server mode set to STRICT_TRANS_TABLES,STRICT_ALL_TABLES,NO_ZERO_IN_DATE,NO_ZERO_DATE,ERROR_FOR_DIVISION_BY_ZERO,TRADITIONAL,NO_ENGINE_SUBSTITUTION {{(pid=108867) _check_effective_sql_mode /opt/stack/data/venv/lib/python3.12/site-packages/oslo_db/sqlalchemy/engines.py:325}}
May 21 15:39:41.283891 np0000175936 devstack@n-api-meta.service[108867]: DEBUG oslo_db.sqlalchemy.engines [None req-05ac6e0e-7a29-4280-a102-4340122b4b0c None None] MySQL server mode set to STRICT_TRANS_TABLES,STRICT_ALL_TABLES,NO_ZERO_IN_DATE,NO_ZERO_DATE,ERROR_FOR_DIVISION_BY_ZERO,TRADITIONAL,NO_ENGINE_SUBSTITUTION {{(pid=108867) _check_effective_sql_mode /opt/stack/data/venv/lib/python3.12/site-packages/oslo_db/sqlalchemy/engines.py:325}}
May 21 15:39:41.313688 np0000175936 devstack@n-api-meta.service[108865]: DEBUG dbcounter [-] [108865] Writer thread running {{(pid=108865) stat_writer /opt/stack/data/venv/lib/python3.12/site-packages/dbcounter.py:102}}
May 21 15:39:41.314638 np0000175936 devstack@n-api-meta.service[108865]: DEBUG dbcounter [-] [108865] Writer thread running {{(pid=108865) stat_writer /opt/stack/data/venv/lib/python3.12/site-packages/dbcounter.py:102}}
May 21 15:39:41.322035 np0000175936 devstack@n-api-meta.service[108865]: INFO dbcounter [None req-8d27a0bf-151f-434d-9e5a-564845ea9a97 None None] Registered counter for database nova_cell0
May 21 15:39:41.331242 np0000175936 devstack@n-api-meta.service[108865]: DEBUG oslo_db.sqlalchemy.engines [None req-8d27a0bf-151f-434d-9e5a-564845ea9a97 None None] MySQL server mode set to STRICT_TRANS_TABLES,STRICT_ALL_TABLES,NO_ZERO_IN_DATE,NO_ZERO_DATE,ERROR_FOR_DIVISION_BY_ZERO,TRADITIONAL,NO_ENGINE_SUBSTITUTION {{(pid=108865) _check_effective_sql_mode /opt/stack/data/venv/lib/python3.12/site-packages/oslo_db/sqlalchemy/engines.py:325}}
May 21 15:39:41.338279 np0000175936 devstack@n-api-meta.service[108866]: DEBUG dbcounter [-] [108866] Writer thread running {{(pid=108866) stat_writer /opt/stack/data/venv/lib/python3.12/site-packages/dbcounter.py:102}}
May 21 15:39:41.338591 np0000175936 devstack@n-api-meta.service[108865]: DEBUG dbcounter [-] [108865] Writer thread running {{(pid=108865) stat_writer /opt/stack/data/venv/lib/python3.12/site-packages/dbcounter.py:102}}
May 21 15:39:41.344378 np0000175936 devstack@n-api-meta.service[108866]: DEBUG dbcounter [-] [108866] Writer thread running {{(pid=108866) stat_writer /opt/stack/data/venv/lib/python3.12/site-packages/dbcounter.py:102}}
May 21 15:39:41.347697 np0000175936 devstack@n-api-meta.service[108866]: INFO dbcounter [None req-e96988d2-d4c8-413e-a029-e844a42b2dab None None] Registered counter for database nova_cell0
May 21 15:39:41.358343 np0000175936 devstack@n-api-meta.service[108866]: DEBUG oslo_db.sqlalchemy.engines [None req-e96988d2-d4c8-413e-a029-e844a42b2dab None None] MySQL server mode set to STRICT_TRANS_TABLES,STRICT_ALL_TABLES,NO_ZERO_IN_DATE,NO_ZERO_DATE,ERROR_FOR_DIVISION_BY_ZERO,TRADITIONAL,NO_ENGINE_SUBSTITUTION {{(pid=108866) _check_effective_sql_mode /opt/stack/data/venv/lib/python3.12/site-packages/oslo_db/sqlalchemy/engines.py:325}}
May 21 15:39:41.358754 np0000175936 devstack@n-api-meta.service[108868]: DEBUG dbcounter [-] [108868] Writer thread running {{(pid=108868) stat_writer /opt/stack/data/venv/lib/python3.12/site-packages/dbcounter.py:102}}
May 21 15:39:41.359316 np0000175936 devstack@n-api-meta.service[108868]: DEBUG dbcounter [-] [108868] Writer thread running {{(pid=108868) stat_writer /opt/stack/data/venv/lib/python3.12/site-packages/dbcounter.py:102}}
May 21 15:39:41.365164 np0000175936 devstack@n-api-meta.service[108868]: INFO dbcounter [None req-d26810f9-7b2a-4051-82a3-e1b5bf9b729c None None] Registered counter for database nova_cell0
May 21 15:39:41.365571 np0000175936 devstack@n-api-meta.service[108866]: DEBUG dbcounter [-] [108866] Writer thread running {{(pid=108866) stat_writer /opt/stack/data/venv/lib/python3.12/site-packages/dbcounter.py:102}}
May 21 15:39:41.377025 np0000175936 devstack@n-api-meta.service[108868]: DEBUG oslo_db.sqlalchemy.engines [None req-d26810f9-7b2a-4051-82a3-e1b5bf9b729c None None] MySQL server mode set to STRICT_TRANS_TABLES,STRICT_ALL_TABLES,NO_ZERO_IN_DATE,NO_ZERO_DATE,ERROR_FOR_DIVISION_BY_ZERO,TRADITIONAL,NO_ENGINE_SUBSTITUTION {{(pid=108868) _check_effective_sql_mode /opt/stack/data/venv/lib/python3.12/site-packages/oslo_db/sqlalchemy/engines.py:325}}
May 21 15:39:41.378661 np0000175936 devstack@n-api-meta.service[108867]: DEBUG dbcounter [-] [108867] Writer thread running {{(pid=108867) stat_writer /opt/stack/data/venv/lib/python3.12/site-packages/dbcounter.py:102}}
May 21 15:39:41.379219 np0000175936 devstack@n-api-meta.service[108867]: DEBUG dbcounter [-] [108867] Writer thread running {{(pid=108867) stat_writer /opt/stack/data/venv/lib/python3.12/site-packages/dbcounter.py:102}}
May 21 15:39:41.383798 np0000175936 devstack@n-api-meta.service[108865]: WARNING nova.api.metadata.handler [None req-8d27a0bf-151f-434d-9e5a-564845ea9a97 None None] metadata_proxy_shared_secret is not configured, the metadata information returned by the proxy cannot be trusted
May 21 15:39:41.384685 np0000175936 devstack@n-api-meta.service[108867]: INFO dbcounter [None req-05ac6e0e-7a29-4280-a102-4340122b4b0c None None] Registered counter for database nova_cell0
May 21 15:39:41.386105 np0000175936 devstack@n-api-meta.service[108865]: DEBUG nova.api.openstack.wsgi_app [None req-8d27a0bf-151f-434d-9e5a-564845ea9a97 None None] ******************************************************************************** {{(pid=108865) log_opt_values /opt/stack/data/venv/lib/python3.12/site-packages/oslo_config/cfg.py:3229}}
May 21 15:39:41.386221 np0000175936 devstack@n-api-meta.service[108865]: DEBUG nova.api.openstack.wsgi_app [None req-8d27a0bf-151f-434d-9e5a-564845ea9a97 None None] Configuration options gathered from: {{(pid=108865) log_opt_values /opt/stack/data/venv/lib/python3.12/site-packages/oslo_config/cfg.py:3230}}
May 21 15:39:41.386322 np0000175936 devstack@n-api-meta.service[108865]: DEBUG nova.api.openstack.wsgi_app [None req-8d27a0bf-151f-434d-9e5a-564845ea9a97 None None] command line args: [] {{(pid=108865) log_opt_values /opt/stack/data/venv/lib/python3.12/site-packages/oslo_config/cfg.py:3231}}
May 21 15:39:41.386488 np0000175936 devstack@n-api-meta.service[108865]: DEBUG nova.api.openstack.wsgi_app [None req-8d27a0bf-151f-434d-9e5a-564845ea9a97 None None] config files: ['/etc/nova/api-paste.ini', '/etc/nova/nova.conf'] {{(pid=108865) log_opt_values /opt/stack/data/venv/lib/python3.12/site-packages/oslo_config/cfg.py:3232}}
May 21 15:39:41.386647 np0000175936 devstack@n-api-meta.service[108865]: DEBUG nova.api.openstack.wsgi_app [None req-8d27a0bf-151f-434d-9e5a-564845ea9a97 None None] ================================================================================ {{(pid=108865) log_opt_values /opt/stack/data/venv/lib/python3.12/site-packages/oslo_config/cfg.py:3237}}
May 21 15:39:41.386800 np0000175936 devstack@n-api-meta.service[108865]: DEBUG nova.api.openstack.wsgi_app [None req-8d27a0bf-151f-434d-9e5a-564845ea9a97 None None] allow_resize_to_same_host = True {{(pid=108865) log_opt_values /opt/stack/data/venv/lib/python3.12/site-packages/oslo_config/cfg.py:3245}}
May 21 15:39:41.386936 np0000175936 devstack@n-api-meta.service[108865]: DEBUG nova.api.openstack.wsgi_app [None req-8d27a0bf-151f-434d-9e5a-564845ea9a97 None None] arq_binding_timeout = 300 {{(pid=108865) log_opt_values /opt/stack/data/venv/lib/python3.12/site-packages/oslo_config/cfg.py:3245}}
May 21 15:39:41.387082 np0000175936 devstack@n-api-meta.service[108865]: DEBUG nova.api.openstack.wsgi_app [None req-8d27a0bf-151f-434d-9e5a-564845ea9a97 None None] block_device_allocate_retries = 60 {{(pid=108865) log_opt_values /opt/stack/data/venv/lib/python3.12/site-packages/oslo_config/cfg.py:3245}}
May 21 15:39:41.387206 np0000175936 devstack@n-api-meta.service[108865]: DEBUG nova.api.openstack.wsgi_app [None req-8d27a0bf-151f-434d-9e5a-564845ea9a97 None None] block_device_allocate_retries_interval = 3 {{(pid=108865) log_opt_values /opt/stack/data/venv/lib/python3.12/site-packages/oslo_config/cfg.py:3245}}
May 21 15:39:41.387313 np0000175936 devstack@n-api-meta.service[108868]: DEBUG dbcounter [-] [108868] Writer thread running {{(pid=108868) stat_writer /opt/stack/data/venv/lib/python3.12/site-packages/dbcounter.py:102}}
May 21 15:39:41.387376 np0000175936 devstack@n-api-meta.service[108865]: DEBUG nova.api.openstack.wsgi_app [None req-8d27a0bf-151f-434d-9e5a-564845ea9a97 None None] cell_worker_thread_pool_size = 5 {{(pid=108865) log_opt_values /opt/stack/data/venv/lib/python3.12/site-packages/oslo_config/cfg.py:3245}}
May 21 15:39:41.387485 np0000175936 devstack@n-api-meta.service[108865]: DEBUG nova.api.openstack.wsgi_app [None req-8d27a0bf-151f-434d-9e5a-564845ea9a97 None None] cert = self.pem {{(pid=108865) log_opt_values /opt/stack/data/venv/lib/python3.12/site-packages/oslo_config/cfg.py:3245}}
May 21 15:39:41.387624 np0000175936 devstack@n-api-meta.service[108865]: DEBUG nova.api.openstack.wsgi_app [None req-8d27a0bf-151f-434d-9e5a-564845ea9a97 None None] compute_driver = libvirt.LibvirtDriver {{(pid=108865) log_opt_values /opt/stack/data/venv/lib/python3.12/site-packages/oslo_config/cfg.py:3245}}
May 21 15:39:41.387766 np0000175936 devstack@n-api-meta.service[108865]: DEBUG nova.api.openstack.wsgi_app [None req-8d27a0bf-151f-434d-9e5a-564845ea9a97 None None] compute_monitors = [] {{(pid=108865) log_opt_values /opt/stack/data/venv/lib/python3.12/site-packages/oslo_config/cfg.py:3245}}
May 21 15:39:41.387902 np0000175936 devstack@n-api-meta.service[108865]: DEBUG nova.api.openstack.wsgi_app [None req-8d27a0bf-151f-434d-9e5a-564845ea9a97 None None] config_dir = [] {{(pid=108865) log_opt_values /opt/stack/data/venv/lib/python3.12/site-packages/oslo_config/cfg.py:3245}}
May 21 15:39:41.388039 np0000175936 devstack@n-api-meta.service[108865]: DEBUG nova.api.openstack.wsgi_app [None req-8d27a0bf-151f-434d-9e5a-564845ea9a97 None None] config_drive_format = iso9660 {{(pid=108865) log_opt_values /opt/stack/data/venv/lib/python3.12/site-packages/oslo_config/cfg.py:3245}}
May 21 15:39:41.388146 np0000175936 devstack@n-api-meta.service[108865]: DEBUG nova.api.openstack.wsgi_app [None req-8d27a0bf-151f-434d-9e5a-564845ea9a97 None None] config_file = ['/etc/nova/api-paste.ini', '/etc/nova/nova.conf'] {{(pid=108865) log_opt_values /opt/stack/data/venv/lib/python3.12/site-packages/oslo_config/cfg.py:3245}}
May 21 15:39:41.388276 np0000175936 devstack@n-api-meta.service[108865]: DEBUG nova.api.openstack.wsgi_app [None req-8d27a0bf-151f-434d-9e5a-564845ea9a97 None None] config_source = [] {{(pid=108865) log_opt_values /opt/stack/data/venv/lib/python3.12/site-packages/oslo_config/cfg.py:3245}}
May 21 15:39:41.388411 np0000175936 devstack@n-api-meta.service[108865]: DEBUG nova.api.openstack.wsgi_app [None req-8d27a0bf-151f-434d-9e5a-564845ea9a97 None None] console_host = np0000175936 {{(pid=108865) log_opt_values /opt/stack/data/venv/lib/python3.12/site-packages/oslo_config/cfg.py:3245}}
May 21 15:39:41.388554 np0000175936 devstack@n-api-meta.service[108865]: DEBUG nova.api.openstack.wsgi_app [None req-8d27a0bf-151f-434d-9e5a-564845ea9a97 None None] control_exchange = nova {{(pid=108865) log_opt_values /opt/stack/data/venv/lib/python3.12/site-packages/oslo_config/cfg.py:3245}}
May 21 15:39:41.388709 np0000175936 devstack@n-api-meta.service[108865]: DEBUG nova.api.openstack.wsgi_app [None req-8d27a0bf-151f-434d-9e5a-564845ea9a97 None None] cpu_allocation_ratio = None {{(pid=108865) log_opt_values /opt/stack/data/venv/lib/python3.12/site-packages/oslo_config/cfg.py:3245}}
May 21 15:39:41.388838 np0000175936 devstack@n-api-meta.service[108865]: DEBUG nova.api.openstack.wsgi_app [None req-8d27a0bf-151f-434d-9e5a-564845ea9a97 None None] daemon = False {{(pid=108865) log_opt_values /opt/stack/data/venv/lib/python3.12/site-packages/oslo_config/cfg.py:3245}}
May 21 15:39:41.388971 np0000175936 devstack@n-api-meta.service[108865]: DEBUG nova.api.openstack.wsgi_app [None req-8d27a0bf-151f-434d-9e5a-564845ea9a97 None None] debug = True {{(pid=108865) log_opt_values /opt/stack/data/venv/lib/python3.12/site-packages/oslo_config/cfg.py:3245}}
May 21 15:39:41.389097 np0000175936 devstack@n-api-meta.service[108865]: DEBUG nova.api.openstack.wsgi_app [None req-8d27a0bf-151f-434d-9e5a-564845ea9a97 None None] default_access_ip_network_name = None {{(pid=108865) log_opt_values /opt/stack/data/venv/lib/python3.12/site-packages/oslo_config/cfg.py:3245}}
May 21 15:39:41.389231 np0000175936 devstack@n-api-meta.service[108865]: DEBUG nova.api.openstack.wsgi_app [None req-8d27a0bf-151f-434d-9e5a-564845ea9a97 None None] default_availability_zone = nova {{(pid=108865) log_opt_values /opt/stack/data/venv/lib/python3.12/site-packages/oslo_config/cfg.py:3245}}
May 21 15:39:41.389363 np0000175936 devstack@n-api-meta.service[108865]: DEBUG nova.api.openstack.wsgi_app [None req-8d27a0bf-151f-434d-9e5a-564845ea9a97 None None] default_ephemeral_format = ext4 {{(pid=108865) log_opt_values /opt/stack/data/venv/lib/python3.12/site-packages/oslo_config/cfg.py:3245}}
May 21 15:39:41.389492 np0000175936 devstack@n-api-meta.service[108865]: DEBUG nova.api.openstack.wsgi_app [None req-8d27a0bf-151f-434d-9e5a-564845ea9a97 None None] default_green_pool_size = 1000 {{(pid=108865) log_opt_values /opt/stack/data/venv/lib/python3.12/site-packages/oslo_config/cfg.py:3245}}
May 21 15:39:41.389746 np0000175936 devstack@n-api-meta.service[108865]: DEBUG nova.api.openstack.wsgi_app [None req-8d27a0bf-151f-434d-9e5a-564845ea9a97 None None] default_log_levels = ['amqp=WARN', 'boto=WARN', 'sqlalchemy=WARN', 'suds=INFO', 'oslo.messaging=INFO', 'oslo_messaging=INFO', 'iso8601=WARN', 'requests.packages.urllib3.connectionpool=WARN', 'urllib3.connectionpool=WARN', 'websocket=WARN', 'requests.packages.urllib3.util.retry=WARN', 'urllib3.util.retry=WARN', 'keystonemiddleware=WARN', 'routes.middleware=WARN', 'stevedore=WARN', 'taskflow=WARN', 'keystoneauth=WARN', 'oslo.cache=INFO', 'oslo_policy=INFO', 'dogpile.core.dogpile=INFO', 'glanceclient=WARN', 'oslo.privsep.daemon=INFO'] {{(pid=108865) log_opt_values /opt/stack/data/venv/lib/python3.12/site-packages/oslo_config/cfg.py:3245}}
May 21 15:39:41.389922 np0000175936 devstack@n-api-meta.service[108865]: DEBUG nova.api.openstack.wsgi_app [None req-8d27a0bf-151f-434d-9e5a-564845ea9a97 None None] default_schedule_zone = None {{(pid=108865) log_opt_values /opt/stack/data/venv/lib/python3.12/site-packages/oslo_config/cfg.py:3245}}
May 21 15:39:41.389991 np0000175936 devstack@n-api-meta.service[108865]: DEBUG nova.api.openstack.wsgi_app [None req-8d27a0bf-151f-434d-9e5a-564845ea9a97 None None] default_thread_pool_size = 10 {{(pid=108865) log_opt_values /opt/stack/data/venv/lib/python3.12/site-packages/oslo_config/cfg.py:3245}}
May 21 15:39:41.390114 np0000175936 devstack@n-api-meta.service[108865]: DEBUG nova.api.openstack.wsgi_app [None req-8d27a0bf-151f-434d-9e5a-564845ea9a97 None None] disk_allocation_ratio = None {{(pid=108865) log_opt_values /opt/stack/data/venv/lib/python3.12/site-packages/oslo_config/cfg.py:3245}}
May 21 15:39:41.390239 np0000175936 devstack@n-api-meta.service[108865]: DEBUG nova.api.openstack.wsgi_app [None req-8d27a0bf-151f-434d-9e5a-564845ea9a97 None None] enable_new_services = True {{(pid=108865) log_opt_values /opt/stack/data/venv/lib/python3.12/site-packages/oslo_config/cfg.py:3245}}
May 21 15:39:41.390367 np0000175936 devstack@n-api-meta.service[108865]: DEBUG nova.api.openstack.wsgi_app [None req-8d27a0bf-151f-434d-9e5a-564845ea9a97 None None] flat_injected = False {{(pid=108865) log_opt_values /opt/stack/data/venv/lib/python3.12/site-packages/oslo_config/cfg.py:3245}}
May 21 15:39:41.390495 np0000175936 devstack@n-api-meta.service[108865]: DEBUG nova.api.openstack.wsgi_app [None req-8d27a0bf-151f-434d-9e5a-564845ea9a97 None None] force_config_drive = False {{(pid=108865) log_opt_values /opt/stack/data/venv/lib/python3.12/site-packages/oslo_config/cfg.py:3245}}
May 21 15:39:41.390669 np0000175936 devstack@n-api-meta.service[108865]: DEBUG nova.api.openstack.wsgi_app [None req-8d27a0bf-151f-434d-9e5a-564845ea9a97 None None] force_raw_images = True {{(pid=108865) log_opt_values /opt/stack/data/venv/lib/python3.12/site-packages/oslo_config/cfg.py:3245}}
May 21 15:39:41.390813 np0000175936 devstack@n-api-meta.service[108865]: DEBUG nova.api.openstack.wsgi_app [None req-8d27a0bf-151f-434d-9e5a-564845ea9a97 None None] graceful_shutdown_timeout = 5 {{(pid=108865) log_opt_values /opt/stack/data/venv/lib/python3.12/site-packages/oslo_config/cfg.py:3245}}
May 21 15:39:41.390942 np0000175936 devstack@n-api-meta.service[108865]: DEBUG nova.api.openstack.wsgi_app [None req-8d27a0bf-151f-434d-9e5a-564845ea9a97 None None] heal_instance_info_cache_interval = -1 {{(pid=108865) log_opt_values /opt/stack/data/venv/lib/python3.12/site-packages/oslo_config/cfg.py:3245}}
May 21 15:39:41.391132 np0000175936 devstack@n-api-meta.service[108865]: DEBUG nova.api.openstack.wsgi_app [None req-8d27a0bf-151f-434d-9e5a-564845ea9a97 None None] host = np0000175936 {{(pid=108865) log_opt_values /opt/stack/data/venv/lib/python3.12/site-packages/oslo_config/cfg.py:3245}}
May 21 15:39:41.391256 np0000175936 devstack@n-api-meta.service[108865]: DEBUG nova.api.openstack.wsgi_app [None req-8d27a0bf-151f-434d-9e5a-564845ea9a97 None None] initial_cpu_allocation_ratio = 4.0 {{(pid=108865) log_opt_values /opt/stack/data/venv/lib/python3.12/site-packages/oslo_config/cfg.py:3245}}
May 21 15:39:41.391385 np0000175936 devstack@n-api-meta.service[108865]: DEBUG nova.api.openstack.wsgi_app [None req-8d27a0bf-151f-434d-9e5a-564845ea9a97 None None] initial_disk_allocation_ratio = 1.0 {{(pid=108865) log_opt_values /opt/stack/data/venv/lib/python3.12/site-packages/oslo_config/cfg.py:3245}}
May 21 15:39:41.391512 np0000175936 devstack@n-api-meta.service[108865]: DEBUG nova.api.openstack.wsgi_app [None req-8d27a0bf-151f-434d-9e5a-564845ea9a97 None None] initial_ram_allocation_ratio = 1.0 {{(pid=108865) log_opt_values /opt/stack/data/venv/lib/python3.12/site-packages/oslo_config/cfg.py:3245}}
May 21 15:39:41.391698 np0000175936 devstack@n-api-meta.service[108865]: DEBUG nova.api.openstack.wsgi_app [None req-8d27a0bf-151f-434d-9e5a-564845ea9a97 None None] injected_network_template = /opt/stack/nova/nova/virt/interfaces.template {{(pid=108865) log_opt_values /opt/stack/data/venv/lib/python3.12/site-packages/oslo_config/cfg.py:3245}}
May 21 15:39:41.391835 np0000175936 devstack@n-api-meta.service[108865]: DEBUG nova.api.openstack.wsgi_app [None req-8d27a0bf-151f-434d-9e5a-564845ea9a97 None None] instance_build_timeout = 0 {{(pid=108865) log_opt_values /opt/stack/data/venv/lib/python3.12/site-packages/oslo_config/cfg.py:3245}}
May 21 15:39:41.391965 np0000175936 devstack@n-api-meta.service[108865]: DEBUG nova.api.openstack.wsgi_app [None req-8d27a0bf-151f-434d-9e5a-564845ea9a97 None None] instance_delete_interval = 300 {{(pid=108865) log_opt_values /opt/stack/data/venv/lib/python3.12/site-packages/oslo_config/cfg.py:3245}}
May 21 15:39:41.392100 np0000175936 devstack@n-api-meta.service[108865]: DEBUG nova.api.openstack.wsgi_app [None req-8d27a0bf-151f-434d-9e5a-564845ea9a97 None None] instance_format = [instance: %(uuid)s] {{(pid=108865) log_opt_values /opt/stack/data/venv/lib/python3.12/site-packages/oslo_config/cfg.py:3245}}
May 21 15:39:41.392234 np0000175936 devstack@n-api-meta.service[108865]: DEBUG nova.api.openstack.wsgi_app [None req-8d27a0bf-151f-434d-9e5a-564845ea9a97 None None] instance_name_template = instance-%08x {{(pid=108865) log_opt_values /opt/stack/data/venv/lib/python3.12/site-packages/oslo_config/cfg.py:3245}}
May 21 15:39:41.392269 np0000175936 devstack@n-api-meta.service[108866]: WARNING nova.api.metadata.handler [None req-e96988d2-d4c8-413e-a029-e844a42b2dab None None] metadata_proxy_shared_secret is not configured, the metadata information returned by the proxy cannot be trusted
May 21 15:39:41.392364 np0000175936 devstack@n-api-meta.service[108865]: DEBUG nova.api.openstack.wsgi_app [None req-8d27a0bf-151f-434d-9e5a-564845ea9a97 None None] instance_usage_audit = False {{(pid=108865) log_opt_values /opt/stack/data/venv/lib/python3.12/site-packages/oslo_config/cfg.py:3245}}
May 21 15:39:41.392510 np0000175936 devstack@n-api-meta.service[108865]: DEBUG nova.api.openstack.wsgi_app [None req-8d27a0bf-151f-434d-9e5a-564845ea9a97 None None] instance_usage_audit_period = month {{(pid=108865) log_opt_values /opt/stack/data/venv/lib/python3.12/site-packages/oslo_config/cfg.py:3245}}
May 21 15:39:41.392650 np0000175936 devstack@n-api-meta.service[108865]: DEBUG nova.api.openstack.wsgi_app [None req-8d27a0bf-151f-434d-9e5a-564845ea9a97 None None] instance_uuid_format = [instance: %(uuid)s] {{(pid=108865) log_opt_values /opt/stack/data/venv/lib/python3.12/site-packages/oslo_config/cfg.py:3245}}
May 21 15:39:41.392781 np0000175936 devstack@n-api-meta.service[108865]: DEBUG nova.api.openstack.wsgi_app [None req-8d27a0bf-151f-434d-9e5a-564845ea9a97 None None] instances_path = /opt/stack/data/nova/instances {{(pid=108865) log_opt_values /opt/stack/data/venv/lib/python3.12/site-packages/oslo_config/cfg.py:3245}}
May 21 15:39:41.392913 np0000175936 devstack@n-api-meta.service[108865]: DEBUG nova.api.openstack.wsgi_app [None req-8d27a0bf-151f-434d-9e5a-564845ea9a97 None None] internal_service_availability_zone = internal {{(pid=108865) log_opt_values /opt/stack/data/venv/lib/python3.12/site-packages/oslo_config/cfg.py:3245}}
May 21 15:39:41.393038 np0000175936 devstack@n-api-meta.service[108865]: DEBUG nova.api.openstack.wsgi_app [None req-8d27a0bf-151f-434d-9e5a-564845ea9a97 None None] key = None {{(pid=108865) log_opt_values /opt/stack/data/venv/lib/python3.12/site-packages/oslo_config/cfg.py:3245}}
May 21 15:39:41.393165 np0000175936 devstack@n-api-meta.service[108865]: DEBUG nova.api.openstack.wsgi_app [None req-8d27a0bf-151f-434d-9e5a-564845ea9a97 None None] live_migration_retry_count = 30 {{(pid=108865) log_opt_values /opt/stack/data/venv/lib/python3.12/site-packages/oslo_config/cfg.py:3245}}
May 21 15:39:41.393299 np0000175936 devstack@n-api-meta.service[108865]: DEBUG nova.api.openstack.wsgi_app [None req-8d27a0bf-151f-434d-9e5a-564845ea9a97 None None] log_color = False {{(pid=108865) log_opt_values /opt/stack/data/venv/lib/python3.12/site-packages/oslo_config/cfg.py:3245}}
May 21 15:39:41.393431 np0000175936 devstack@n-api-meta.service[108865]: DEBUG nova.api.openstack.wsgi_app [None req-8d27a0bf-151f-434d-9e5a-564845ea9a97 None None] log_config_append = None {{(pid=108865) log_opt_values /opt/stack/data/venv/lib/python3.12/site-packages/oslo_config/cfg.py:3245}}
May 21 15:39:41.393566 np0000175936 devstack@n-api-meta.service[108865]: DEBUG nova.api.openstack.wsgi_app [None req-8d27a0bf-151f-434d-9e5a-564845ea9a97 None None] log_date_format = %Y-%m-%d %H:%M:%S {{(pid=108865) log_opt_values /opt/stack/data/venv/lib/python3.12/site-packages/oslo_config/cfg.py:3245}}
May 21 15:39:41.393723 np0000175936 devstack@n-api-meta.service[108865]: DEBUG nova.api.openstack.wsgi_app [None req-8d27a0bf-151f-434d-9e5a-564845ea9a97 None None] log_dir = None {{(pid=108865) log_opt_values /opt/stack/data/venv/lib/python3.12/site-packages/oslo_config/cfg.py:3245}}
May 21 15:39:41.393850 np0000175936 devstack@n-api-meta.service[108865]: DEBUG nova.api.openstack.wsgi_app [None req-8d27a0bf-151f-434d-9e5a-564845ea9a97 None None] log_file = None {{(pid=108865) log_opt_values /opt/stack/data/venv/lib/python3.12/site-packages/oslo_config/cfg.py:3245}}
May 21 15:39:41.393954 np0000175936 devstack@n-api-meta.service[108865]: DEBUG nova.api.openstack.wsgi_app [None req-8d27a0bf-151f-434d-9e5a-564845ea9a97 None None] log_options = True {{(pid=108865) log_opt_values /opt/stack/data/venv/lib/python3.12/site-packages/oslo_config/cfg.py:3245}}
May 21 15:39:41.394082 np0000175936 devstack@n-api-meta.service[108865]: DEBUG nova.api.openstack.wsgi_app [None req-8d27a0bf-151f-434d-9e5a-564845ea9a97 None None] log_rotate_interval = 1 {{(pid=108865) log_opt_values /opt/stack/data/venv/lib/python3.12/site-packages/oslo_config/cfg.py:3245}}
May 21 15:39:41.394216 np0000175936 devstack@n-api-meta.service[108865]: DEBUG nova.api.openstack.wsgi_app [None req-8d27a0bf-151f-434d-9e5a-564845ea9a97 None None] log_rotate_interval_type = days {{(pid=108865) log_opt_values /opt/stack/data/venv/lib/python3.12/site-packages/oslo_config/cfg.py:3245}}
May 21 15:39:41.394350 np0000175936 devstack@n-api-meta.service[108865]: DEBUG nova.api.openstack.wsgi_app [None req-8d27a0bf-151f-434d-9e5a-564845ea9a97 None None] log_rotation_type = none {{(pid=108865) log_opt_values /opt/stack/data/venv/lib/python3.12/site-packages/oslo_config/cfg.py:3245}}
May 21 15:39:41.394454 np0000175936 devstack@n-api-meta.service[108865]: DEBUG nova.api.openstack.wsgi_app [None req-8d27a0bf-151f-434d-9e5a-564845ea9a97 None None] logging_context_format_string = %(color)s%(levelname)s %(name)s [%(global_request_id)s %(request_id)s %(project_name)s %(user_name)s%(color)s] %(instance)s%(color)s%(message)s {{(pid=108865) log_opt_values /opt/stack/data/venv/lib/python3.12/site-packages/oslo_config/cfg.py:3245}}
May 21 15:39:41.394569 np0000175936 devstack@n-api-meta.service[108865]: DEBUG nova.api.openstack.wsgi_app [None req-8d27a0bf-151f-434d-9e5a-564845ea9a97 None None] logging_debug_format_suffix = {{(pid=%(process)d) %(funcName)s %(pathname)s:%(lineno)d}} {{(pid=108865) log_opt_values /opt/stack/data/venv/lib/python3.12/site-packages/oslo_config/cfg.py:3245}}
