Aug 31 07:34:09.703551 np0000191541 devstack@o-api.service[122681]: [pid: 122681|app: 0|req: 2/8] 172.18.0.2 () {54 vars in 1278 bytes} [Mon Aug 31 07:34:09 2026] GET /load-balancer/v2.0/lbaas/listeners?name=k8s-clusterapi-cluster-magnum-system-kube-7wfcb-kubeapi-6443 => generated 40 bytes in 28 msecs (HTTP/1.1 200) 4 headers in 156 bytes (1 switches on core 0)
Aug 31 07:34:09.778025 np0000191541 devstack@o-api.service[122680]: DEBUG ovsdbapp.backend.ovs_idl [None req-343157a2-ebb2-4c43-8810-e58c07ce6cc8 demo demo] Connection already started, not creating indices {{(pid=122680) __init__ /opt/stack/data/venv/lib/python3.12/site-packages/ovsdbapp/backend/ovs_idl/__init__.py:36}}
Aug 31 07:34:09.778682 np0000191541 devstack@o-api.service[122680]: DEBUG octavia.db.repositories [None req-343157a2-ebb2-4c43-8810-e58c07ce6cc8 demo demo] Checking quota for project: 1ae4d4e35a944d68bd398bcbd5e77518 object: {{(pid=122680) check_quota_met /opt/stack/octavia/octavia/db/repositories.py:451}}
Aug 31 07:34:09.853998 np0000191541 devstack@o-api.service[122680]: INFO octavia.api.v2.controllers.listener [None req-343157a2-ebb2-4c43-8810-e58c07ce6cc8 demo demo] Sending create Listener 28136942-79f1-460f-a46c-0e82bcda2fc3 to provider ovn
Aug 31 07:34:09.854539 np0000191541 devstack@o-api.service[122680]: DEBUG ovn_octavia_provider.helper [-] Handling request listener_create with info {'id': '28136942-79f1-460f-a46c-0e82bcda2fc3', 'protocol': 'TCP', 'loadbalancer_id': '5d62a2fb-0386-42e5-ab99-a97986d09db9', 'protocol_port': 6443, 'default_pool_id': None, 'admin_state_up': True} {{(pid=122680) request_handler /opt/stack/ovn-octavia-provider/ovn_octavia_provider/helper.py:423}}
Aug 31 07:34:09.856365 np0000191541 devstack@o-api.service[122680]: DEBUG ovsdbapp.backend.ovs_idl.transaction [-] Running txn fe5ef01b n=1 command(idx=0): DbSetCommand(_result=None, table=Load_Balancer, record=2e788f92-59bc-4076-aeac-85436764ebaa, col_values=(('protocol', 'tcp'),), if_exists=True) {{(pid=122680) do_commit /opt/stack/data/venv/lib/python3.12/site-packages/ovsdbapp/backend/ovs_idl/transaction.py:91}}
Aug 31 07:34:09.866496 np0000191541 devstack@o-api.service[122680]: DEBUG ovsdbapp.backend.ovs_idl.transaction [-] txn fe5ef01b succeeded {{(pid=122680) do_commit /opt/stack/data/venv/lib/python3.12/site-packages/ovsdbapp/backend/ovs_idl/transaction.py:137}}
Aug 31 07:34:09.869737 np0000191541 devstack@o-api.service[122680]: DEBUG ovsdbapp.backend.ovs_idl.transaction [-] Running txn 5ea90f6d n=1 command(idx=0): DbSetCommand(_result=None, table=Load_Balancer, record=2e788f92-59bc-4076-aeac-85436764ebaa, col_values=(('external_ids', {'listener_28136942-79f1-460f-a46c-0e82bcda2fc3': '6443:'}),), if_exists=True) {{(pid=122680) do_commit /opt/stack/data/venv/lib/python3.12/site-packages/ovsdbapp/backend/ovs_idl/transaction.py:91}}
Aug 31 07:34:09.870330 np0000191541 devstack@o-api.service[122680]: DEBUG ovsdbapp.backend.ovs_idl.transaction [-] Running txn 5ea90f6d n=1 command(idx=1): DbSetCommand(_result=None, table=Load_Balancer, record=2e788f92-59bc-4076-aeac-85436764ebaa, col_values=(('protocol', 'tcp'),), if_exists=True) {{(pid=122680) do_commit /opt/stack/data/venv/lib/python3.12/site-packages/ovsdbapp/backend/ovs_idl/transaction.py:91}}
Aug 31 07:34:09.870735 np0000191541 devstack@o-api.service[122680]: DEBUG ovsdbapp.backend.ovs_idl.transaction [-] Running txn 5ea90f6d n=1 command(idx=2): DbClearCommand(_result=None, table=Load_Balancer, record=2e788f92-59bc-4076-aeac-85436764ebaa, column=vips) {{(pid=122680) do_commit /opt/stack/data/venv/lib/python3.12/site-packages/ovsdbapp/backend/ovs_idl/transaction.py:91}}
Aug 31 07:34:09.870964 np0000191541 devstack@o-api.service[122680]: DEBUG ovsdbapp.backend.ovs_idl.transaction [-] Running txn 5ea90f6d n=1 command(idx=3): DbSetCommand(_result=None, table=Load_Balancer, record=2e788f92-59bc-4076-aeac-85436764ebaa, col_values=(('vips', {}),), if_exists=True) {{(pid=122680) do_commit /opt/stack/data/venv/lib/python3.12/site-packages/ovsdbapp/backend/ovs_idl/transaction.py:91}}
Aug 31 07:34:09.877460 np0000191541 devstack@o-api.service[122680]: DEBUG ovsdbapp.backend.ovs_idl.transaction [-] txn 5ea90f6d succeeded {{(pid=122680) do_commit /opt/stack/data/venv/lib/python3.12/site-packages/ovsdbapp/backend/ovs_idl/transaction.py:137}}
Aug 31 07:34:09.878330 np0000191541 devstack@o-api.service[122680]: DEBUG ovn_octavia_provider.helper [-] Updating status to octavia: {'listeners': [{'id': '28136942-79f1-460f-a46c-0e82bcda2fc3', 'provisioning_status': 'ACTIVE', 'operating_status': 'ONLINE'}], 'loadbalancers': [{'id': '5d62a2fb-0386-42e5-ab99-a97986d09db9', 'provisioning_status': 'ACTIVE'}]} {{(pid=122680) _update_status_to_octavia /opt/stack/ovn-octavia-provider/ovn_octavia_provider/helper.py:450}}
Aug 31 07:34:09.888455 np0000191541 devstack@o-api.service[122680]: [pid: 122680|app: 0|req: 3/9] 172.18.0.2 () {58 vars in 1201 bytes} [Mon Aug 31 07:34:09 2026] POST /load-balancer/v2.0/lbaas/listeners => generated 1065 bytes in 182 msecs (HTTP/1.1 201) 4 headers in 163 bytes (1 switches on core 0)
Aug 31 07:34:09.926879 np0000191541 devstack@o-api.service[122683]: [pid: 122683|app: 0|req: 3/10] 172.18.0.2 () {54 vars in 1270 bytes} [Mon Aug 31 07:34:09 2026] GET /load-balancer/v2.0/lbaas/loadbalancers/5d62a2fb-0386-42e5-ab99-a97986d09db9 => generated 942 bytes in 36 msecs (HTTP/1.1 200) 4 headers in 157 bytes (1 switches on core 0)
Aug 31 07:34:11.075136 np0000191541 devstack@o-api.service[122682]: DEBUG oslo_db.sqlalchemy.engines [None req-6a85aa4f-c73c-4171-b9e4-59ea1e17be1b demo demo] MySQL server mode set to STRICT_TRANS_TABLES,STRICT_ALL_TABLES,NO_ZERO_IN_DATE,NO_ZERO_DATE,ERROR_FOR_DIVISION_BY_ZERO,TRADITIONAL,NO_ENGINE_SUBSTITUTION {{(pid=122682) _check_effective_sql_mode /opt/stack/data/venv/lib/python3.12/site-packages/oslo_db/sqlalchemy/engines.py:325}}
Aug 31 07:34:11.189147 np0000191541 devstack@o-api.service[122682]: [pid: 122682|app: 0|req: 3/11] 172.18.0.2 () {54 vars in 1270 bytes} [Mon Aug 31 07:34:10 2026] GET /load-balancer/v2.0/lbaas/loadbalancers/5d62a2fb-0386-42e5-ab99-a97986d09db9 => generated 934 bytes in 203 msecs (HTTP/1.1 200) 4 headers in 157 bytes (1 switches on core 0)
Aug 31 07:34:11.238784 np0000191541 devstack@o-api.service[122681]: [pid: 122681|app: 0|req: 3/12] 172.18.0.2 () {54 vars in 1258 bytes} [Mon Aug 31 07:34:11 2026] GET /load-balancer/v2.0/lbaas/listeners/28136942-79f1-460f-a46c-0e82bcda2fc3 => generated 1073 bytes in 47 msecs (HTTP/1.1 200) 4 headers in 158 bytes (1 switches on core 0)
Aug 31 07:34:11.278907 np0000191541 devstack@o-api.service[122680]: [pid: 122680|app: 0|req: 4/13] 172.18.0.2 () {54 vars in 1266 bytes} [Mon Aug 31 07:34:11 2026] GET /load-balancer/v2.0/lbaas/pools?name=k8s-clusterapi-cluster-magnum-system-kube-7wfcb-kubeapi-6443 => generated 32 bytes in 38 msecs (HTTP/1.1 200) 4 headers in 156 bytes (1 switches on core 0)
Aug 31 07:34:11.368934 np0000191541 devstack@o-api.service[122683]: DEBUG ovsdbapp.backend.ovs_idl [None req-04310126-b785-4269-a887-dd0ed70ed08d demo demo] Connection already started, not creating indices {{(pid=122683) __init__ /opt/stack/data/venv/lib/python3.12/site-packages/ovsdbapp/backend/ovs_idl/__init__.py:36}}
Aug 31 07:34:11.369636 np0000191541 devstack@o-api.service[122683]: DEBUG octavia.db.repositories [None req-04310126-b785-4269-a887-dd0ed70ed08d demo demo] Checking quota for project: 1ae4d4e35a944d68bd398bcbd5e77518 object: {{(pid=122683) check_quota_met /opt/stack/octavia/octavia/db/repositories.py:451}}
Aug 31 07:34:11.472773 np0000191541 devstack@o-api.service[122683]: /opt/stack/octavia/octavia/db/repositories.py:1089: SAWarning: Coercing Subquery object into a select() for use in IN(); please pass a select() construct explicitly
Aug 31 07:34:11.472773 np0000191541 devstack@o-api.service[122683]: filter(models.LoadBalancer.id.in_(lb_subquery)).first())
Aug 31 07:34:11.475487 np0000191541 devstack@o-api.service[122683]: /opt/stack/octavia/octavia/db/repositories.py:1089: SAWarning: SELECT statement has a cartesian product between FROM element(s) "pool" and FROM element "load_balancer". Apply join condition(s) between each element to resolve.
Aug 31 07:34:11.475487 np0000191541 devstack@o-api.service[122683]: filter(models.LoadBalancer.id.in_(lb_subquery)).first())
Aug 31 07:34:11.515407 np0000191541 devstack@o-api.service[122683]: INFO octavia.api.v2.controllers.pool [None req-04310126-b785-4269-a887-dd0ed70ed08d demo demo] Sending create Pool 34a7002c-c50d-4429-a864-a7d9f1d9f27e to provider ovn
Aug 31 07:34:11.516477 np0000191541 devstack@o-api.service[122683]: DEBUG ovn_octavia_provider.helper [-] Handling request pool_create with info {'id': '34a7002c-c50d-4429-a864-a7d9f1d9f27e', 'loadbalancer_id': '5d62a2fb-0386-42e5-ab99-a97986d09db9', 'protocol': 'TCP', 'lb_algorithm': 'SOURCE_IP_PORT', 'listener_id': '28136942-79f1-460f-a46c-0e82bcda2fc3', 'admin_state_up': True, 'session_persistence': None} {{(pid=122683) request_handler /opt/stack/ovn-octavia-provider/ovn_octavia_provider/helper.py:423}}
Aug 31 07:34:11.518613 np0000191541 devstack@o-api.service[122683]: DEBUG ovsdbapp.backend.ovs_idl.transaction [-] Running txn 335e390f n=1 command(idx=0): DbSetCommand(_result=None, table=Load_Balancer, record=2e788f92-59bc-4076-aeac-85436764ebaa, col_values=(('external_ids', {'enabled': 'True', 'neutron:vip': '192.168.24.21', 'neutron:vip_port_id': '1be5100e-7134-4c0d-924d-20ebe36cd9f6', 'lr_ref': 'neutron-44178621-7f5f-4b87-b97e-f83063729c8e', 'ls_refs': '{"neutron-30b32aa8-6a6f-40c1-bb29-7d041ebe8622": 1}', 'neutron:vip_fip': '172.24.5.111', 'listener_28136942-79f1-460f-a46c-0e82bcda2fc3': '6443:pool_34a7002c-c50d-4429-a864-a7d9f1d9f27e', 'pool_34a7002c-c50d-4429-a864-a7d9f1d9f27e': ''}),), if_exists=True) {{(pid=122683) do_commit /opt/stack/data/venv/lib/python3.12/site-packages/ovsdbapp/backend/ovs_idl/transaction.py:91}}
Aug 31 07:34:11.520905 np0000191541 devstack@o-api.service[122683]: DEBUG ovsdbapp.backend.ovs_idl.transaction [-] Running txn 335e390f n=1 command(idx=1): DbSetCommand(_result=None, table=Load_Balancer, record=2e788f92-59bc-4076-aeac-85436764ebaa, col_values=(('selection_fields', ['ip_dst', 'ip_src', 'tp_dst', 'tp_src']),), if_exists=True) {{(pid=122683) do_commit /opt/stack/data/venv/lib/python3.12/site-packages/ovsdbapp/backend/ovs_idl/transaction.py:91}}
Aug 31 07:34:11.526704 np0000191541 devstack@o-api.service[122683]: DEBUG ovsdbapp.backend.ovs_idl.transaction [-] txn 335e390f succeeded {{(pid=122683) do_commit /opt/stack/data/venv/lib/python3.12/site-packages/ovsdbapp/backend/ovs_idl/transaction.py:137}}
Aug 31 07:34:11.529073 np0000191541 devstack@o-api.service[122683]: DEBUG ovn_octavia_provider.helper [-] Updating status to octavia: {'pools': [{'id': '34a7002c-c50d-4429-a864-a7d9f1d9f27e', 'provisioning_status': 'ACTIVE', 'operating_status': 'ONLINE'}], 'loadbalancers': [{'id': '5d62a2fb-0386-42e5-ab99-a97986d09db9', 'provisioning_status': 'ACTIVE'}], 'listeners': [{'id': '28136942-79f1-460f-a46c-0e82bcda2fc3', 'provisioning_status': 'ACTIVE'}]} {{(pid=122683) _update_status_to_octavia /opt/stack/ovn-octavia-provider/ovn_octavia_provider/helper.py:450}}
Aug 31 07:34:11.561180 np0000191541 devstack@o-api.service[122683]: [pid: 122683|app: 0|req: 4/14] 172.18.0.2 () {58 vars in 1189 bytes} [Mon Aug 31 07:34:11 2026] POST /load-balancer/v2.0/lbaas/pools => generated 811 bytes in 280 msecs (HTTP/1.1 201) 4 headers in 162 bytes (1 switches on core 0)
Aug 31 07:34:11.601188 np0000191541 devstack@o-api.service[122682]: [pid: 122682|app: 0|req: 4/15] 172.18.0.2 () {54 vars in 1270 bytes} [Mon Aug 31 07:34:11 2026] GET /load-balancer/v2.0/lbaas/loadbalancers/5d62a2fb-0386-42e5-ab99-a97986d09db9 => generated 988 bytes in 37 msecs (HTTP/1.1 200) 4 headers in 157 bytes (1 switches on core 0)
Aug 31 07:34:12.721437 np0000191541 devstack@o-api.service[122681]: [pid: 122681|app: 0|req: 4/16] 172.18.0.2 () {54 vars in 1270 bytes} [Mon Aug 31 07:34:12 2026] GET /load-balancer/v2.0/lbaas/loadbalancers/5d62a2fb-0386-42e5-ab99-a97986d09db9 => generated 980 bytes in 41 msecs (HTTP/1.1 200) 4 headers in 157 bytes (1 switches on core 0)
Aug 31 07:34:12.751522 np0000191541 devstack@o-api.service[122680]: [pid: 122680|app: 0|req: 5/17] 172.18.0.2 () {54 vars in 1293 bytes} [Mon Aug 31 07:34:12 2026] GET /load-balancer/v2.0/lbaas/healthmonitors?name=k8s-clusterapi-cluster-magnum-system-kube-7wfcb-kubeapi-6443 => generated 50 bytes in 27 msecs (HTTP/1.1 200) 4 headers in 156 bytes (1 switches on core 0)
Aug 31 07:34:12.828193 np0000191541 devstack@o-api.service[122683]: DEBUG ovsdbapp.backend.ovs_idl [None req-0312d32e-cef8-49da-8add-b13268eef91e demo demo] Connection already started, not creating indices {{(pid=122683) __init__ /opt/stack/data/venv/lib/python3.12/site-packages/ovsdbapp/backend/ovs_idl/__init__.py:36}}
Aug 31 07:34:12.828903 np0000191541 devstack@o-api.service[122683]: DEBUG octavia.db.repositories [None req-0312d32e-cef8-49da-8add-b13268eef91e demo demo] Checking quota for project: 1ae4d4e35a944d68bd398bcbd5e77518 object: {{(pid=122683) check_quota_met /opt/stack/octavia/octavia/db/repositories.py:451}}
Aug 31 07:34:12.867039 np0000191541 devstack@o-api.service[122683]: INFO octavia.api.v2.controllers.health_monitor [None req-0312d32e-cef8-49da-8add-b13268eef91e demo demo] Sending create Health Monitor 82331d2e-5eef-4566-8f6c-0b3867cd0822 to provider ovn
Aug 31 07:34:12.867833 np0000191541 devstack@o-api.service[122683]: DEBUG ovn_octavia_provider.helper [-] Handling request hm_create with info {'id': '82331d2e-5eef-4566-8f6c-0b3867cd0822', 'pool_id': '34a7002c-c50d-4429-a864-a7d9f1d9f27e', 'type': 'TCP', 'interval': 10, 'timeout': 5, 'failure_count': 3, 'success_count': 5, 'admin_state_up': True} {{(pid=122683) request_handler /opt/stack/ovn-octavia-provider/ovn_octavia_provider/helper.py:423}}
Aug 31 07:34:12.870734 np0000191541 devstack@o-api.service[122683]: DEBUG ovsdbapp.backend.ovs_idl.transaction [-] Running txn b91739c4 n=1 command(idx=0): DbCreateCommand(_result=None, table=Load_Balancer_Health_Check, columns={'vip': '192.168.24.21:6443', 'options': {'interval': '10', 'timeout': '5', 'success_count': '5', 'failure_count': '3'}, 'external_ids': {'octavia:healthmonitor': '82331d2e-5eef-4566-8f6c-0b3867cd0822', 'octavia:pool_id': '34a7002c-c50d-4429-a864-a7d9f1d9f27e', 'octavia:vip': '192.168.24.21'}}, row=False) {{(pid=122683) do_commit /opt/stack/data/venv/lib/python3.12/site-packages/ovsdbapp/backend/ovs_idl/transaction.py:91}}
Aug 31 07:34:12.871463 np0000191541 devstack@o-api.service[122683]: DEBUG ovsdbapp.backend.ovs_idl.transaction [-] Running txn b91739c4 n=1 command(idx=1): DbAddCommand(_result=None, table=Load_Balancer, record=2e788f92-59bc-4076-aeac-85436764ebaa, column=health_check, values=(DbCreateCommand(_result=Load_Balancer_Health_Check(uuid=49be5c11-b904-4aa7-b309-223bce6b7544, external_ids={'octavia:healthmonitor': '82331d2e-5eef-4566-8f6c-0b3867cd0822', 'octavia:pool_id': '34a7002c-c50d-4429-a864-a7d9f1d9f27e', 'octavia:vip': '192.168.24.21'}, options={'interval': '10', 'timeout': '5', 'success_count': '5', 'failure_count': '3'}, vip=192.168.24.21:6443), table=Load_Balancer_Health_Check, columns={'vip': '192.168.24.21:6443', 'options': {'interval': '10', 'timeout': '5', 'success_count': '5', 'failure_count': '3'}, 'external_ids': {'octavia:healthmonitor': '82331d2e-5eef-4566-8f6c-0b3867cd0822', 'octavia:pool_id': '34a7002c-c50d-4429-a864-a7d9f1d9f27e', 'octavia:vip': '192.168.24.21'}}, row=False),)) {{(pid=122683) do_commit /opt/stack/data/venv/lib/python3.12/site-packages/ovsdbapp/backend/ovs_idl/transaction.py:91}}
Aug 31 07:34:12.872363 np0000191541 devstack@o-api.service[122683]: DEBUG ovsdbapp.backend.ovs_idl.transaction [-] Running txn b91739c4 n=1 command(idx=2): DbSetCommand(_result=None, table=Load_Balancer, record=2e788f92-59bc-4076-aeac-85436764ebaa, col_values=(('external_ids', {'octavia:healthmonitors': '["82331d2e-5eef-4566-8f6c-0b3867cd0822"]'}),), if_exists=True) {{(pid=122683) do_commit /opt/stack/data/venv/lib/python3.12/site-packages/ovsdbapp/backend/ovs_idl/transaction.py:91}}
Aug 31 07:34:12.873029 np0000191541 devstack@o-api.service[122683]: DEBUG ovsdbapp.backend.ovs_idl.transaction [-] Running txn b91739c4 n=1 command(idx=3): DbCreateCommand(_result=None, table=Load_Balancer_Health_Check, columns={'vip': '172.24.5.111:6443', 'options': {'interval': '10', 'timeout': '5', 'success_count': '5', 'failure_count': '3'}, 'external_ids': {'octavia:healthmonitor': '82331d2e-5eef-4566-8f6c-0b3867cd0822', 'octavia:pool_id': '34a7002c-c50d-4429-a864-a7d9f1d9f27e', 'octavia:vip': '172.24.5.111'}}, row=False) {{(pid=122683) do_commit /opt/stack/data/venv/lib/python3.12/site-packages/ovsdbapp/backend/ovs_idl/transaction.py:91}}
Aug 31 07:34:12.873749 np0000191541 devstack@o-api.service[122683]: DEBUG ovsdbapp.backend.ovs_idl.transaction [-] Running txn b91739c4 n=1 command(idx=4): DbAddCommand(_result=None, table=Load_Balancer, record=2e788f92-59bc-4076-aeac-85436764ebaa, column=health_check, values=(DbCreateCommand(_result=Load_Balancer_Health_Check(uuid=926c5f80-3b0f-48af-aac7-620adac6133a, external_ids={'octavia:healthmonitor': '82331d2e-5eef-4566-8f6c-0b3867cd0822', 'octavia:pool_id': '34a7002c-c50d-4429-a864-a7d9f1d9f27e', 'octavia:vip': '172.24.5.111'}, options={'interval': '10', 'timeout': '5', 'success_count': '5', 'failure_count': '3'}, vip=172.24.5.111:6443), table=Load_Balancer_Health_Check, columns={'vip': '172.24.5.111:6443', 'options': {'interval': '10', 'timeout': '5', 'success_count': '5', 'failure_count': '3'}, 'external_ids': {'octavia:healthmonitor': '82331d2e-5eef-4566-8f6c-0b3867cd0822', 'octavia:pool_id': '34a7002c-c50d-4429-a864-a7d9f1d9f27e', 'octavia:vip': '172.24.5.111'}}, row=False),)) {{(pid=122683) do_commit /opt/stack/data/venv/lib/python3.12/site-packages/ovsdbapp/backend/ovs_idl/transaction.py:91}}
Aug 31 07:34:12.892396 np0000191541 devstack@o-api.service[122683]: DEBUG ovsdbapp.backend.ovs_idl.transaction [-] txn b91739c4 succeeded {{(pid=122683) do_commit /opt/stack/data/venv/lib/python3.12/site-packages/ovsdbapp/backend/ovs_idl/transaction.py:137}}
Aug 31 07:34:12.894256 np0000191541 devstack@o-api.service[122683]: DEBUG ovn_octavia_provider.helper [-] no member status on external_ids: None {{(pid=122683) _get_current_operating_statuses /opt/stack/ovn-octavia-provider/ovn_octavia_provider/helper.py:4284}}
Aug 31 07:34:12.896569 np0000191541 devstack@o-api.service[122683]: [pid: 122683|app: 0|req: 5/18] 172.18.0.2 () {58 vars in 1216 bytes} [Mon Aug 31 07:34:12 2026] POST /load-balancer/v2.0/lbaas/healthmonitors => generated 649 bytes in 143 msecs (HTTP/1.1 201) 4 headers in 162 bytes (1 switches on core 0)
Aug 31 07:34:12.937694 np0000191541 devstack@o-api.service[122682]: [pid: 122682|app: 0|req: 5/19] 172.18.0.2 () {54 vars in 1270 bytes} [Mon Aug 31 07:34:12 2026] GET /load-balancer/v2.0/lbaas/loadbalancers/5d62a2fb-0386-42e5-ab99-a97986d09db9 => generated 988 bytes in 36 msecs (HTTP/1.1 200) 4 headers in 157 bytes (1 switches on core 0)
Aug 31 07:34:13.152731 np0000191541 devstack@o-api.service[122683]: DEBUG ovn_octavia_provider.helper [-] Updating status to octavia: {'loadbalancers': [{'id': '5d62a2fb-0386-42e5-ab99-a97986d09db9', 'provisioning_status': 'ACTIVE', 'operating_status': 'ONLINE'}], 'listeners': [{'id': '28136942-79f1-460f-a46c-0e82bcda2fc3', 'provisioning_status': 'ACTIVE', 'operating_status': 'ONLINE'}], 'pools': [{'id': '34a7002c-c50d-4429-a864-a7d9f1d9f27e', 'provisioning_status': 'ACTIVE', 'operating_status': 'OFFLINE'}], 'members': [], 'healthmonitors': [{'id': '82331d2e-5eef-4566-8f6c-0b3867cd0822', 'provisioning_status': 'ACTIVE', 'operating_status': 'ONLINE'}]} {{(pid=122683) _update_status_to_octavia /opt/stack/ovn-octavia-provider/ovn_octavia_provider/helper.py:450}}
Aug 31 07:34:14.028099 np0000191541 devstack@o-api.service[122681]: [pid: 122681|app: 0|req: 5/20] 172.18.0.2 () {54 vars in 1270 bytes} [Mon Aug 31 07:34:13 2026] GET /load-balancer/v2.0/lbaas/loadbalancers/5d62a2fb-0386-42e5-ab99-a97986d09db9 => generated 980 bytes in 33 msecs (HTTP/1.1 200) 4 headers in 157 bytes (1 switches on core 0)
Aug 31 07:34:14.810653 np0000191541 devstack@o-api.service[122680]: [pid: 122680|app: 0|req: 6/21] 172.18.0.2 () {54 vars in 1088 bytes} [Mon Aug 31 07:34:14 2026] GET /load-balancer/ => generated 4776 bytes in 5 msecs (HTTP/1.1 200) 4 headers in 158 bytes (1 switches on core 0)
Aug 31 07:34:15.099260 np0000191541 devstack@o-api.service[122683]: [pid: 122683|app: 0|req: 6/22] 172.18.0.2 () {54 vars in 1280 bytes} [Mon Aug 31 07:34:14 2026] GET /load-balancer/v2.0/lbaas/loadbalancers?name=k8s-clusterapi-cluster-magnum-system-kube-7wfcb-kubeapi => generated 1010 bytes in 279 msecs (HTTP/1.1 200) 4 headers in 158 bytes (1 switches on core 0)
Aug 31 07:34:15.203465 np0000191541 devstack@o-api.service[122682]: [pid: 122682|app: 0|req: 6/23] 172.18.0.2 () {54 vars in 1088 bytes} [Mon Aug 31 07:34:15 2026] GET /load-balancer/ => generated 4776 bytes in 6 msecs (HTTP/1.1 200) 4 headers in 158 bytes (1 switches on core 0)
Aug 31 07:34:15.244381 np0000191541 devstack@o-api.service[122681]: [pid: 122681|app: 0|req: 6/24] 172.18.0.2 () {54 vars in 1278 bytes} [Mon Aug 31 07:34:15 2026] GET /load-balancer/v2.0/lbaas/listeners?name=k8s-clusterapi-cluster-magnum-system-kube-7wfcb-kubeapi-6443 => generated 1133 bytes in 39 msecs (HTTP/1.1 200) 4 headers in 158 bytes (2 switches on core 0)
Aug 31 07:34:15.337164 np0000191541 devstack@o-api.service[122680]: [pid: 122680|app: 0|req: 7/25] 172.18.0.2 () {54 vars in 1266 bytes} [Mon Aug 31 07:34:15 2026] GET /load-balancer/v2.0/lbaas/pools?name=k8s-clusterapi-cluster-magnum-system-kube-7wfcb-kubeapi-6443 => generated 902 bytes in 90 msecs (HTTP/1.1 200) 4 headers in 157 bytes (1 switches on core 0)
Aug 31 07:34:15.379620 np0000191541 devstack@o-api.service[122683]: [pid: 122683|app: 0|req: 7/26] 172.18.0.2 () {54 vars in 1293 bytes} [Mon Aug 31 07:34:15 2026] GET /load-balancer/v2.0/lbaas/healthmonitors?name=k8s-clusterapi-cluster-magnum-system-kube-7wfcb-kubeapi-6443 => generated 688 bytes in 39 msecs (HTTP/1.1 200) 4 headers in 157 bytes (1 switches on core 0)
Aug 31 07:34:16.052343 np0000191541 devstack@o-api.service[122682]: [pid: 122682|app: 0|req: 7/27] 172.18.0.2 () {54 vars in 1088 bytes} [Mon Aug 31 07:34:16 2026] GET /load-balancer/ => generated 4776 bytes in 4 msecs (HTTP/1.1 200) 4 headers in 158 bytes (1 switches on core 0)
Aug 31 07:34:16.228962 np0000191541 devstack@o-api.service[122681]: [pid: 122681|app: 0|req: 7/28] 172.18.0.2 () {54 vars in 1280 bytes} [Mon Aug 31 07:34:16 2026] GET /load-balancer/v2.0/lbaas/loadbalancers?name=k8s-clusterapi-cluster-magnum-system-kube-7wfcb-kubeapi => generated 1010 bytes in 165 msecs (HTTP/1.1 200) 4 headers in 158 bytes (1 switches on core 0)
Aug 31 07:34:16.309521 np0000191541 devstack@o-api.service[122680]: [pid: 122680|app: 0|req: 8/29] 172.18.0.2 () {54 vars in 1088 bytes} [Mon Aug 31 07:34:16 2026] GET /load-balancer/ => generated 4776 bytes in 5 msecs (HTTP/1.1 200) 4 headers in 158 bytes (1 switches on core 0)
Aug 31 07:34:16.354016 np0000191541 devstack@o-api.service[122683]: [pid: 122683|app: 0|req: 8/30] 172.18.0.2 () {54 vars in 1278 bytes} [Mon Aug 31 07:34:16 2026] GET /load-balancer/v2.0/lbaas/listeners?name=k8s-clusterapi-cluster-magnum-system-kube-7wfcb-kubeapi-6443 => generated 1133 bytes in 42 msecs (HTTP/1.1 200) 4 headers in 158 bytes (1 switches on core 0)
Aug 31 07:34:16.512938 np0000191541 devstack@o-api.service[122682]: [pid: 122682|app: 0|req: 8/31] 172.18.0.2 () {54 vars in 1266 bytes} [Mon Aug 31 07:34:16 2026] GET /load-balancer/v2.0/lbaas/pools?name=k8s-clusterapi-cluster-magnum-system-kube-7wfcb-kubeapi-6443 => generated 902 bytes in 153 msecs (HTTP/1.1 200) 4 headers in 157 bytes (1 switches on core 0)
Aug 31 07:34:16.558250 np0000191541 devstack@o-api.service[122681]: [pid: 122681|app: 0|req: 8/32] 172.18.0.2 () {54 vars in 1293 bytes} [Mon Aug 31 07:34:16 2026] GET /load-balancer/v2.0/lbaas/healthmonitors?name=k8s-clusterapi-cluster-magnum-system-kube-7wfcb-kubeapi-6443 => generated 688 bytes in 40 msecs (HTTP/1.1 200) 4 headers in 157 bytes (1 switches on core 0)
Aug 31 07:35:06.872778 np0000191541 devstack@o-api.service[122680]: [pid: 122680|app: 0|req: 9/33] 172.18.0.2 () {54 vars in 1088 bytes} [Mon Aug 31 07:35:06 2026] GET /load-balancer/ => generated 4776 bytes in 5 msecs (HTTP/1.1 200) 4 headers in 158 bytes (1 switches on core 0)
Aug 31 07:35:06.955176 np0000191541 devstack@o-api.service[122683]: [pid: 122683|app: 0|req: 9/34] 172.18.0.2 () {54 vars in 1266 bytes} [Mon Aug 31 07:35:06 2026] GET /load-balancer/v2.0/lbaas/pools?name=k8s-clusterapi-cluster-magnum-system-kube-7wfcb-kubeapi-6443 => generated 902 bytes in 68 msecs (HTTP/1.1 200) 4 headers in 157 bytes (1 switches on core 0)
Aug 31 07:35:07.013164 np0000191541 devstack@o-api.service[122682]: [pid: 122682|app: 0|req: 9/35] 172.18.0.2 () {54 vars in 1447 bytes} [Mon Aug 31 07:35:06 2026] GET /load-balancer/v2.0/lbaas/pools/34a7002c-c50d-4429-a864-a7d9f1d9f27e/members?name=k8s-clusterapi-cluster-magnum-system-kube-7wfcb-kubeapi-6443-kube-7wfcb-kkdb9-cs4rx => generated 36 bytes in 55 msecs (HTTP/1.1 200) 4 headers in 156 bytes (1 switches on core 0)
Aug 31 07:35:07.041562 np0000191541 devstack@o-api.service[122681]: [pid: 122681|app: 0|req: 9/36] 172.18.0.2 () {54 vars in 1270 bytes} [Mon Aug 31 07:35:07 2026] GET /load-balancer/v2.0/lbaas/loadbalancers/5d62a2fb-0386-42e5-ab99-a97986d09db9 => generated 980 bytes in 26 msecs (HTTP/1.1 200) 4 headers in 157 bytes (1 switches on core 0)
Aug 31 07:35:07.130558 np0000191541 devstack@o-api.service[122680]: DEBUG ovsdbapp.backend.ovs_idl [None req-6cc2deec-f39e-4a0f-b9dc-17ae7e6134db demo demo] Connection already started, not creating indices {{(pid=122680) __init__ /opt/stack/data/venv/lib/python3.12/site-packages/ovsdbapp/backend/ovs_idl/__init__.py:36}}
Aug 31 07:35:07.131286 np0000191541 devstack@o-api.service[122680]: DEBUG octavia.db.repositories [None req-6cc2deec-f39e-4a0f-b9dc-17ae7e6134db demo demo] Checking quota for project: 1ae4d4e35a944d68bd398bcbd5e77518 object: {{(pid=122680) check_quota_met /opt/stack/octavia/octavia/db/repositories.py:451}}
Aug 31 07:35:07.174755 np0000191541 devstack@o-api.service[122680]: INFO octavia.api.v2.controllers.member [None req-6cc2deec-f39e-4a0f-b9dc-17ae7e6134db demo demo] Sending create Member 669894ec-319d-4191-907f-d154f96e2197 to provider ovn
Aug 31 07:35:08.090632 np0000191541 devstack@o-api.service[122680]: DEBUG ovn_octavia_provider.helper [-] Handling request member_create with info [{'id': '669894ec-319d-4191-907f-d154f96e2197', 'address': '192.168.24.181', 'protocol_port': 6443, 'pool_id': '34a7002c-c50d-4429-a864-a7d9f1d9f27e', 'subnet_id': '253b4389-a19d-477e-89dd-1c16f785b5d3', 'admin_state_up': True}] {{(pid=122680) request_handler /opt/stack/ovn-octavia-provider/ovn_octavia_provider/helper.py:423}}
Aug 31 07:35:08.091643 np0000191541 devstack@o-api.service[122680]: DEBUG ovn_octavia_provider.helper [-] no member status on external_ids: None {{(pid=122680) _find_member_status /opt/stack/ovn-octavia-provider/ovn_octavia_provider/helper.py:2598}}
Aug 31 07:35:08.094762 np0000191541 devstack@o-api.service[122680]: DEBUG ovsdbapp.backend.ovs_idl.transaction [-] Running txn ecbf9c5f n=1 command(idx=0): DbSetCommand(_result=None, table=Load_Balancer, record=2e788f92-59bc-4076-aeac-85436764ebaa, col_values=(('external_ids', {'pool_34a7002c-c50d-4429-a864-a7d9f1d9f27e': 'member_669894ec-319d-4191-907f-d154f96e2197_192.168.24.181:6443_253b4389-a19d-477e-89dd-1c16f785b5d3'}),), if_exists=True) {{(pid=122680) do_commit /opt/stack/data/venv/lib/python3.12/site-packages/ovsdbapp/backend/ovs_idl/transaction.py:91}}
Aug 31 07:35:08.094762 np0000191541 devstack@o-api.service[122680]: DEBUG ovsdbapp.backend.ovs_idl.transaction [-] Running txn ecbf9c5f n=1 command(idx=1): DbClearCommand(_result=None, table=Load_Balancer, record=2e788f92-59bc-4076-aeac-85436764ebaa, column=vips) {{(pid=122680) do_commit /opt/stack/data/venv/lib/python3.12/site-packages/ovsdbapp/backend/ovs_idl/transaction.py:91}}
Aug 31 07:35:08.094762 np0000191541 devstack@o-api.service[122680]: DEBUG ovsdbapp.backend.ovs_idl.transaction [-] Running txn ecbf9c5f n=1 command(idx=2): DbSetCommand(_result=None, table=Load_Balancer, record=2e788f92-59bc-4076-aeac-85436764ebaa, col_values=(('vips', {'192.168.24.21:6443': '192.168.24.181:6443', '172.24.5.111:6443': '192.168.24.181:6443'}),), if_exists=True) {{(pid=122680) do_commit /opt/stack/data/venv/lib/python3.12/site-packages/ovsdbapp/backend/ovs_idl/transaction.py:91}}
Aug 31 07:35:08.117789 np0000191541 devstack@o-api.service[122680]: DEBUG ovsdbapp.backend.ovs_idl.transaction [-] txn ecbf9c5f succeeded {{(pid=122680) do_commit /opt/stack/data/venv/lib/python3.12/site-packages/ovsdbapp/backend/ovs_idl/transaction.py:137}}
Aug 31 07:35:08.129817 np0000191541 devstack@o-api.service[122680]: [pid: 122680|app: 0|req: 10/37] 172.18.0.2 () {58 vars in 1324 bytes} [Mon Aug 31 07:35:07 2026] POST /load-balancer/v2.0/lbaas/pools/34a7002c-c50d-4429-a864-a7d9f1d9f27e/members => generated 588 bytes in 1085 msecs (HTTP/1.1 201) 4 headers in 162 bytes (1 switches on core 0)
Aug 31 07:35:08.173444 np0000191541 devstack@o-api.service[122680]: DEBUG ovsdbapp.backend.ovs_idl.transaction [-] Running txn fe82c078 n=1 command(idx=0): DbSetCommand(_result=None, table=Load_Balancer, record=2e788f92-59bc-4076-aeac-85436764ebaa, col_values=(('external_ids', {'ls_refs': '{"neutron-30b32aa8-6a6f-40c1-bb29-7d041ebe8622": 2}'}),), if_exists=True) {{(pid=122680) do_commit /opt/stack/data/venv/lib/python3.12/site-packages/ovsdbapp/backend/ovs_idl/transaction.py:91}}
Aug 31 07:35:08.174004 np0000191541 devstack@o-api.service[122683]: [pid: 122683|app: 0|req: 10/38] 172.18.0.2 () {54 vars in 1381 bytes} [Mon Aug 31 07:35:08 2026] GET /load-balancer/v2.0/lbaas/pools/34a7002c-c50d-4429-a864-a7d9f1d9f27e/members/669894ec-319d-4191-907f-d154f96e2197 => generated 588 bytes in 41 msecs (HTTP/1.1 200) 4 headers in 157 bytes (1 switches on core 0)
Aug 31 07:35:08.178502 np0000191541 devstack@o-api.service[122680]: DEBUG ovsdbapp.backend.ovs_idl.transaction [-] txn fe82c078 succeeded {{(pid=122680) do_commit /opt/stack/data/venv/lib/python3.12/site-packages/ovsdbapp/backend/ovs_idl/transaction.py:137}}
Aug 31 07:35:08.234800 np0000191541 devstack@o-api.service[122680]: DEBUG ovsdbapp.backend.ovs_idl.transaction [-] Running txn 3692e08c n=1 command(idx=0): LrLbAddCommand(_result=None, router=ebce1ff3-8960-41e1-9ea1-5b312a1557da, lb=2e788f92-59bc-4076-aeac-85436764ebaa, may_exist=True) {{(pid=122680) do_commit /opt/stack/data/venv/lib/python3.12/site-packages/ovsdbapp/backend/ovs_idl/transaction.py:91}}
Aug 31 07:35:08.235015 np0000191541 devstack@o-api.service[122680]: DEBUG ovsdbapp.backend.ovs_idl.transaction [-] Running txn 3692e08c n=1 command(idx=1): LsLbAddCommand(_result=None, switch=neutron-30b32aa8-6a6f-40c1-bb29-7d041ebe8622, lb=2e788f92-59bc-4076-aeac-85436764ebaa, may_exist=True) {{(pid=122680) do_commit /opt/stack/data/venv/lib/python3.12/site-packages/ovsdbapp/backend/ovs_idl/transaction.py:91}}
Aug 31 07:35:08.235223 np0000191541 devstack@o-api.service[122680]: DEBUG ovsdbapp.backend.ovs_idl.transaction [-] txn 3692e08c caused no change {{(pid=122680) do_commit /opt/stack/data/venv/lib/python3.12/site-packages/ovsdbapp/backend/ovs_idl/transaction.py:135}}
Aug 31 07:35:08.830625 np0000191541 devstack@o-api.service[122680]: DEBUG ovsdbapp.backend.ovs_idl.transaction [-] Running txn f13bb4e9 n=1 command(idx=0): AddBackendToIPPortMapping(_result=None, lb=2e788f92-59bc-4076-aeac-85436764ebaa, backend_ip=192.168.24.181, port_name=4fded1f6-30ba-45e5-9994-0605a5f00efe, src_ip=192.168.24.87) {{(pid=122680) do_commit /opt/stack/data/venv/lib/python3.12/site-packages/ovsdbapp/backend/ovs_idl/transaction.py:91}}
Aug 31 07:35:08.837740 np0000191541 devstack@o-api.service[122680]: DEBUG ovsdbapp.backend.ovs_idl.transaction [-] txn f13bb4e9 succeeded {{(pid=122680) do_commit /opt/stack/data/venv/lib/python3.12/site-packages/ovsdbapp/backend/ovs_idl/transaction.py:137}}
Aug 31 07:35:08.838315 np0000191541 devstack@o-api.service[122680]: DEBUG ovn_octavia_provider.helper [-] no member status on external_ids: None {{(pid=122680) _update_external_ids_member_status /opt/stack/ovn-octavia-provider/ovn_octavia_provider/helper.py:2630}}
Aug 31 07:35:08.840098 np0000191541 devstack@o-api.service[122680]: DEBUG ovsdbapp.backend.ovs_idl.transaction [-] Running txn 5e768ce0 n=1 command(idx=0): DbSetCommand(_result=None, table=Load_Balancer, record=2e788f92-59bc-4076-aeac-85436764ebaa, col_values=(('external_ids', {'neutron:member_status': '{"669894ec-319d-4191-907f-d154f96e2197": "ONLINE"}'}),), if_exists=True) {{(pid=122680) do_commit /opt/stack/data/venv/lib/python3.12/site-packages/ovsdbapp/backend/ovs_idl/transaction.py:91}}
Aug 31 07:35:08.846892 np0000191541 devstack@o-api.service[122680]: DEBUG ovsdbapp.backend.ovs_idl.transaction [-] txn 5e768ce0 succeeded {{(pid=122680) do_commit /opt/stack/data/venv/lib/python3.12/site-packages/ovsdbapp/backend/ovs_idl/transaction.py:137}}
Aug 31 07:35:09.154938 np0000191541 devstack@o-api.service[122680]: DEBUG ovn_octavia_provider.helper [-] Updating status to octavia: {'loadbalancers': [{'id': '5d62a2fb-0386-42e5-ab99-a97986d09db9', 'provisioning_status': 'ACTIVE', 'operating_status': 'ONLINE'}], 'listeners': [{'id': '28136942-79f1-460f-a46c-0e82bcda2fc3', 'provisioning_status': 'ACTIVE', 'operating_status': 'ONLINE'}], 'pools': [{'id': '34a7002c-c50d-4429-a864-a7d9f1d9f27e', 'provisioning_status': 'ACTIVE', 'operating_status': 'ONLINE'}], 'members': [{'id': '669894ec-319d-4191-907f-d154f96e2197', 'provisioning_status': 'ACTIVE', 'operating_status': 'ONLINE'}]} {{(pid=122680) _update_status_to_octavia /opt/stack/ovn-octavia-provider/ovn_octavia_provider/helper.py:450}}
Aug 31 07:35:09.266603 np0000191541 devstack@o-api.service[122682]: [pid: 122682|app: 0|req: 10/39] 172.18.0.2 () {54 vars in 1381 bytes} [Mon Aug 31 07:35:09 2026] GET /load-balancer/v2.0/lbaas/pools/34a7002c-c50d-4429-a864-a7d9f1d9f27e/members/669894ec-319d-4191-907f-d154f96e2197 => generated 588 bytes in 37 msecs (HTTP/1.1 200) 4 headers in 157 bytes (1 switches on core 0)
Aug 31 07:35:09.371260 np0000191541 devstack@o-api.service[122680]: DEBUG ovn_octavia_provider.helper [-] Handling request handle_member_dvr with info [{'id': '669894ec-319d-4191-907f-d154f96e2197', 'address': '192.168.24.181', 'pool_id': '34a7002c-c50d-4429-a864-a7d9f1d9f27e', 'subnet_id': '253b4389-a19d-477e-89dd-1c16f785b5d3', 'action': 'member_added'}] {{(pid=122680) request_handler /opt/stack/ovn-octavia-provider/ovn_octavia_provider/helper.py:423}}
Aug 31 07:35:09.423770 np0000191541 devstack@o-api.service[122680]: DEBUG ovn_octavia_provider.helper [-] Member 669894ec-319d-4191-907f-d154f96e2197 has no FIP assigned. There is no need to modify its NAT. {{(pid=122680) handle_member_dvr /opt/stack/ovn-octavia-provider/ovn_octavia_provider/helper.py:3349}}
Aug 31 07:35:10.569513 np0000191541 devstack@o-api.service[122681]: [pid: 122681|app: 0|req: 10/40] 172.18.0.2 () {54 vars in 1381 bytes} [Mon Aug 31 07:35:10 2026] GET /load-balancer/v2.0/lbaas/pools/34a7002c-c50d-4429-a864-a7d9f1d9f27e/members/669894ec-319d-4191-907f-d154f96e2197 => generated 596 bytes in 44 msecs (HTTP/1.1 200) 4 headers in 157 bytes (1 switches on core 0)
Aug 31 07:35:10.613023 np0000191541 devstack@o-api.service[122680]: [pid: 122680|app: 0|req: 11/41] 172.18.0.2 () {54 vars in 1270 bytes} [Mon Aug 31 07:35:10 2026] GET /load-balancer/v2.0/lbaas/loadbalancers/5d62a2fb-0386-42e5-ab99-a97986d09db9 => generated 980 bytes in 40 msecs (HTTP/1.1 200) 4 headers in 157 bytes (1 switches on core 0)
Aug 31 07:35:11.066290 np0000191541 devstack@o-api.service[122683]: [pid: 122683|app: 0|req: 11/42] 172.18.0.2 () {54 vars in 1088 bytes} [Mon Aug 31 07:35:11 2026] GET /load-balancer/ => generated 4776 bytes in 6 msecs (HTTP/1.1 200) 4 headers in 158 bytes (1 switches on core 0)
Aug 31 07:35:11.153881 np0000191541 devstack@o-api.service[122682]: [pid: 122682|app: 0|req: 11/43] 172.18.0.2 () {54 vars in 1266 bytes} [Mon Aug 31 07:35:11 2026] GET /load-balancer/v2.0/lbaas/pools?name=k8s-clusterapi-cluster-magnum-system-kube-7wfcb-kubeapi-6443 => generated 947 bytes in 70 msecs (HTTP/1.1 200) 4 headers in 157 bytes (1 switches on core 0)
Aug 31 07:35:11.238031 np0000191541 devstack@o-api.service[122681]: [pid: 122681|app: 0|req: 11/44] 172.18.0.2 () {54 vars in 1447 bytes} [Mon Aug 31 07:35:11 2026] GET /load-balancer/v2.0/lbaas/pools/34a7002c-c50d-4429-a864-a7d9f1d9f27e/members?name=k8s-clusterapi-cluster-magnum-system-kube-7wfcb-kubeapi-6443-kube-7wfcb-kkdb9-cs4rx => generated 620 bytes in 80 msecs (HTTP/1.1 200) 4 headers in 157 bytes (1 switches on core 0)
Aug 31 07:35:11.646480 np0000191541 devstack@o-api.service[122680]: [pid: 122680|app: 0|req: 12/45] 172.18.0.2 () {54 vars in 1088 bytes} [Mon Aug 31 07:35:11 2026] GET /load-balancer/ => generated 4776 bytes in 5 msecs (HTTP/1.1 200) 4 headers in 158 bytes (1 switches on core 0)
Aug 31 07:35:11.748632 np0000191541 devstack@o-api.service[122683]: [pid: 122683|app: 0|req: 12/46] 172.18.0.2 () {54 vars in 1266 bytes} [Mon Aug 31 07:35:11 2026] GET /load-balancer/v2.0/lbaas/pools?name=k8s-clusterapi-cluster-magnum-system-kube-7wfcb-kubeapi-6443 => generated 947 bytes in 76 msecs (HTTP/1.1 200) 4 headers in 157 bytes (1 switches on core 0)
Aug 31 07:35:11.809558 np0000191541 devstack@o-api.service[122682]: [pid: 122682|app: 0|req: 12/47] 172.18.0.2 () {54 vars in 1447 bytes} [Mon Aug 31 07:35:11 2026] GET /load-balancer/v2.0/lbaas/pools/34a7002c-c50d-4429-a864-a7d9f1d9f27e/members?name=k8s-clusterapi-cluster-magnum-system-kube-7wfcb-kubeapi-6443-kube-7wfcb-kkdb9-cs4rx => generated 620 bytes in 60 msecs (HTTP/1.1 200) 4 headers in 157 bytes (1 switches on core 0)
Aug 31 07:35:12.173628 np0000191541 devstack@o-api.service[122681]: [pid: 122681|app: 0|req: 12/48] 172.18.0.2 () {54 vars in 1088 bytes} [Mon Aug 31 07:35:12 2026] GET /load-balancer/ => generated 4776 bytes in 5 msecs (HTTP/1.1 200) 4 headers in 158 bytes (1 switches on core 0)
Aug 31 07:35:12.259364 np0000191541 devstack@o-api.service[122680]: [pid: 122680|app: 0|req: 13/49] 172.18.0.2 () {54 vars in 1266 bytes} [Mon Aug 31 07:35:12 2026] GET /load-balancer/v2.0/lbaas/pools?name=k8s-clusterapi-cluster-magnum-system-kube-7wfcb-kubeapi-6443 => generated 947 bytes in 61 msecs (HTTP/1.1 200) 4 headers in 157 bytes (1 switches on core 0)
Aug 31 07:35:12.308836 np0000191541 devstack@o-api.service[122683]: [pid: 122683|app: 0|req: 13/50] 172.18.0.2 () {54 vars in 1447 bytes} [Mon Aug 31 07:35:12 2026] GET /load-balancer/v2.0/lbaas/pools/34a7002c-c50d-4429-a864-a7d9f1d9f27e/members?name=k8s-clusterapi-cluster-magnum-system-kube-7wfcb-kubeapi-6443-kube-7wfcb-kkdb9-cs4rx => generated 620 bytes in 45 msecs (HTTP/1.1 200) 4 headers in 157 bytes (1 switches on core 0)
Aug 31 07:35:13.010420 np0000191541 devstack@o-api.service[122682]: [pid: 122682|app: 0|req: 13/51] 172.18.0.2 () {54 vars in 1088 bytes} [Mon Aug 31 07:35:13 2026] GET /load-balancer/ => generated 4776 bytes in 3 msecs (HTTP/1.1 200) 4 headers in 158 bytes (1 switches on core 0)
Aug 31 07:35:13.072944 np0000191541 devstack@o-api.service[122681]: [pid: 122681|app: 0|req: 13/52] 172.18.0.2 () {54 vars in 1266 bytes} [Mon Aug 31 07:35:13 2026] GET /load-balancer/v2.0/lbaas/pools?name=k8s-clusterapi-cluster-magnum-system-kube-7wfcb-kubeapi-6443 => generated 947 bytes in 53 msecs (HTTP/1.1 200) 4 headers in 157 bytes (1 switches on core 0)
Aug 31 07:35:13.105365 np0000191541 devstack@o-api.service[122680]: [pid: 122680|app: 0|req: 14/53] 172.18.0.2 () {54 vars in 1447 bytes} [Mon Aug 31 07:35:13 2026] GET /load-balancer/v2.0/lbaas/pools/34a7002c-c50d-4429-a864-a7d9f1d9f27e/members?name=k8s-clusterapi-cluster-magnum-system-kube-7wfcb-kubeapi-6443-kube-7wfcb-kkdb9-cs4rx => generated 620 bytes in 30 msecs (HTTP/1.1 200) 4 headers in 157 bytes (1 switches on core 0)
Aug 31 07:35:13.441395 np0000191541 devstack@o-api.service[122683]: [pid: 122683|app: 0|req: 14/54] 172.18.0.2 () {54 vars in 1088 bytes} [Mon Aug 31 07:35:13 2026] GET /load-balancer/ => generated 4776 bytes in 7 msecs (HTTP/1.1 200) 4 headers in 158 bytes (1 switches on core 0)
Aug 31 07:35:13.516522 np0000191541 devstack@o-api.service[122682]: [pid: 122682|app: 0|req: 14/55] 172.18.0.2 () {54 vars in 1266 bytes} [Mon Aug 31 07:35:13 2026] GET /load-balancer/v2.0/lbaas/pools?name=k8s-clusterapi-cluster-magnum-system-kube-7wfcb-kubeapi-6443 => generated 947 bytes in 60 msecs (HTTP/1.1 200) 4 headers in 157 bytes (1 switches on core 0)
Aug 31 07:35:13.557296 np0000191541 devstack@o-api.service[122681]: [pid: 122681|app: 0|req: 14/56] 172.18.0.2 () {54 vars in 1447 bytes} [Mon Aug 31 07:35:13 2026] GET /load-balancer/v2.0/lbaas/pools/34a7002c-c50d-4429-a864-a7d9f1d9f27e/members?name=k8s-clusterapi-cluster-magnum-system-kube-7wfcb-kubeapi-6443-kube-7wfcb-kkdb9-cs4rx => generated 620 bytes in 38 msecs (HTTP/1.1 200) 4 headers in 157 bytes (1 switches on core 0)
Aug 31 07:37:41.860746 np0000191541 devstack@o-api.service[122680]: [pid: 122680|app: 0|req: 15/57] 172.18.0.2 () {54 vars in 1088 bytes} [Mon Aug 31 07:37:41 2026] GET /load-balancer/ => generated 4776 bytes in 5 msecs (HTTP/1.1 200) 4 headers in 158 bytes (1 switches on core 0)
Aug 31 07:37:41.904159 np0000191541 devstack@o-api.service[122683]: [pid: 122683|app: 0|req: 15/58] 172.18.0.2 () {54 vars in 1266 bytes} [Mon Aug 31 07:37:41 2026] GET /load-balancer/v2.0/lbaas/pools?name=k8s-clusterapi-cluster-magnum-system-kube-7wfcb-kubeapi-6443 => generated 947 bytes in 33 msecs (HTTP/1.1 200) 4 headers in 157 bytes (1 switches on core 0)
Aug 31 07:37:41.930359 np0000191541 devstack@o-api.service[122682]: [pid: 122682|app: 0|req: 15/59] 172.18.0.2 () {54 vars in 1447 bytes} [Mon Aug 31 07:37:41 2026] GET /load-balancer/v2.0/lbaas/pools/34a7002c-c50d-4429-a864-a7d9f1d9f27e/members?name=k8s-clusterapi-cluster-magnum-system-kube-7wfcb-kubeapi-6443-kube-7wfcb-kkdb9-cs4rx => generated 620 bytes in 24 msecs (HTTP/1.1 200) 4 headers in 157 bytes (1 switches on core 0)
Aug 31 07:37:42.223226 np0000191541 devstack@o-api.service[122681]: [pid: 122681|app: 0|req: 15/60] 172.18.0.2 () {54 vars in 1088 bytes} [Mon Aug 31 07:37:42 2026] GET /load-balancer/ => generated 4776 bytes in 5 msecs (HTTP/1.1 200) 4 headers in 158 bytes (1 switches on core 0)
Aug 31 07:37:42.270195 np0000191541 devstack@o-api.service[122680]: [pid: 122680|app: 0|req: 16/61] 172.18.0.2 () {54 vars in 1266 bytes} [Mon Aug 31 07:37:42 2026] GET /load-balancer/v2.0/lbaas/pools?name=k8s-clusterapi-cluster-magnum-system-kube-7wfcb-kubeapi-6443 => generated 947 bytes in 32 msecs (HTTP/1.1 200) 4 headers in 157 bytes (1 switches on core 0)
Aug 31 07:37:42.305802 np0000191541 devstack@o-api.service[122683]: [pid: 122683|app: 0|req: 16/62] 172.18.0.2 () {54 vars in 1447 bytes} [Mon Aug 31 07:37:42 2026] GET /load-balancer/v2.0/lbaas/pools/34a7002c-c50d-4429-a864-a7d9f1d9f27e/members?name=k8s-clusterapi-cluster-magnum-system-kube-7wfcb-kubeapi-6443-kube-7wfcb-kkdb9-cs4rx => generated 620 bytes in 33 msecs (HTTP/1.1 200) 4 headers in 157 bytes (1 switches on core 0)
Aug 31 07:37:42.792825 np0000191541 devstack@o-api.service[122682]: [pid: 122682|app: 0|req: 16/63] 172.18.0.2 () {54 vars in 1088 bytes} [Mon Aug 31 07:37:42 2026] GET /load-balancer/ => generated 4776 bytes in 2 msecs (HTTP/1.1 200) 4 headers in 158 bytes (1 switches on core 0)
Aug 31 07:37:42.830093 np0000191541 devstack@o-api.service[122681]: [pid: 122681|app: 0|req: 16/64] 172.18.0.2 () {54 vars in 1266 bytes} [Mon Aug 31 07:37:42 2026] GET /load-balancer/v2.0/lbaas/pools?name=k8s-clusterapi-cluster-magnum-system-kube-7wfcb-kubeapi-6443 => generated 947 bytes in 27 msecs (HTTP/1.1 200) 4 headers in 157 bytes (1 switches on core 0)
Aug 31 07:37:42.865074 np0000191541 devstack@o-api.service[122680]: [pid: 122680|app: 0|req: 17/65] 172.18.0.2 () {54 vars in 1447 bytes} [Mon Aug 31 07:37:42 2026] GET /load-balancer/v2.0/lbaas/pools/34a7002c-c50d-4429-a864-a7d9f1d9f27e/members?name=k8s-clusterapi-cluster-magnum-system-kube-7wfcb-kubeapi-6443-kube-7wfcb-kkdb9-cs4rx => generated 620 bytes in 33 msecs (HTTP/1.1 200) 4 headers in 157 bytes (1 switches on core 0)
Aug 31 07:37:43.791209 np0000191541 devstack@o-api.service[122683]: [pid: 122683|app: 0|req: 17/66] 172.18.0.2 () {54 vars in 1088 bytes} [Mon Aug 31 07:37:43 2026] GET /load-balancer/ => generated 4776 bytes in 2 msecs (HTTP/1.1 200) 4 headers in 158 bytes (1 switches on core 0)
Aug 31 07:37:43.832541 np0000191541 devstack@o-api.service[122682]: [pid: 122682|app: 0|req: 17/67] 172.18.0.2 () {54 vars in 1266 bytes} [Mon Aug 31 07:37:43 2026] GET /load-balancer/v2.0/lbaas/pools?name=k8s-clusterapi-cluster-magnum-system-kube-7wfcb-kubeapi-6443 => generated 947 bytes in 31 msecs (HTTP/1.1 200) 4 headers in 157 bytes (1 switches on core 0)
Aug 31 07:37:43.876493 np0000191541 devstack@o-api.service[122681]: [pid: 122681|app: 0|req: 17/68] 172.18.0.2 () {54 vars in 1447 bytes} [Mon Aug 31 07:37:43 2026] GET /load-balancer/v2.0/lbaas/pools/34a7002c-c50d-4429-a864-a7d9f1d9f27e/members?name=k8s-clusterapi-cluster-magnum-system-kube-7wfcb-kubeapi-6443-kube-7wfcb-kkdb9-cs4rx => generated 620 bytes in 41 msecs (HTTP/1.1 200) 4 headers in 157 bytes (1 switches on core 0)
Aug 31 07:38:23.646861 np0000191541 devstack@o-api.service[122680]: [pid: 122680|app: 0|req: 18/69] 172.24.5.97 () {54 vars in 1092 bytes} [Mon Aug 31 07:38:23 2026] GET /load-balancer/ => generated 4776 bytes in 8 msecs (HTTP/1.1 200) 4 headers in 158 bytes (1 switches on core 0)
Aug 31 07:38:24.709697 np0000191541 devstack@o-api.service[122683]: [pid: 122683|app: 0|req: 18/70] 172.18.0.2 () {54 vars in 1088 bytes} [Mon Aug 31 07:38:24 2026] GET /load-balancer/ => generated 4776 bytes in 4 msecs (HTTP/1.1 200) 4 headers in 158 bytes (1 switches on core 0)
Aug 31 07:38:24.763829 np0000191541 devstack@o-api.service[122682]: [pid: 122682|app: 0|req: 18/71] 172.18.0.2 () {54 vars in 1266 bytes} [Mon Aug 31 07:38:24 2026] GET /load-balancer/v2.0/lbaas/pools?name=k8s-clusterapi-cluster-magnum-system-kube-7wfcb-kubeapi-6443 => generated 947 bytes in 43 msecs (HTTP/1.1 200) 4 headers in 157 bytes (1 switches on core 0)
Aug 31 07:38:24.800407 np0000191541 devstack@o-api.service[122681]: [pid: 122681|app: 0|req: 18/72] 172.18.0.2 () {54 vars in 1447 bytes} [Mon Aug 31 07:38:24 2026] GET /load-balancer/v2.0/lbaas/pools/34a7002c-c50d-4429-a864-a7d9f1d9f27e/members?name=k8s-clusterapi-cluster-magnum-system-kube-7wfcb-kubeapi-6443-kube-7wfcb-kkdb9-cs4rx => generated 620 bytes in 34 msecs (HTTP/1.1 200) 4 headers in 157 bytes (1 switches on core 0)
Aug 31 07:38:25.053291 np0000191541 devstack@o-api.service[122680]: [pid: 122680|app: 0|req: 19/73] 172.18.0.2 () {54 vars in 1088 bytes} [Mon Aug 31 07:38:25 2026] GET /load-balancer/ => generated 4776 bytes in 3 msecs (HTTP/1.1 200) 4 headers in 158 bytes (1 switches on core 0)
Aug 31 07:38:25.103210 np0000191541 devstack@o-api.service[122683]: [pid: 122683|app: 0|req: 19/74] 172.18.0.2 () {54 vars in 1266 bytes} [Mon Aug 31 07:38:25 2026] GET /load-balancer/v2.0/lbaas/pools?name=k8s-clusterapi-cluster-magnum-system-kube-7wfcb-kubeapi-6443 => generated 947 bytes in 37 msecs (HTTP/1.1 200) 4 headers in 157 bytes (1 switches on core 0)
Aug 31 07:38:25.139394 np0000191541 devstack@o-api.service[122682]: [pid: 122682|app: 0|req: 19/75] 172.18.0.2 () {54 vars in 1447 bytes} [Mon Aug 31 07:38:25 2026] GET /load-balancer/v2.0/lbaas/pools/34a7002c-c50d-4429-a864-a7d9f1d9f27e/members?name=k8s-clusterapi-cluster-magnum-system-kube-7wfcb-kubeapi-6443-kube-7wfcb-kkdb9-cs4rx => generated 620 bytes in 31 msecs (HTTP/1.1 200) 4 headers in 157 bytes (1 switches on core 0)
Aug 31 07:38:25.541615 np0000191541 devstack@o-api.service[122681]: [pid: 122681|app: 0|req: 19/76] 172.18.0.2 () {54 vars in 1088 bytes} [Mon Aug 31 07:38:25 2026] GET /load-balancer/ => generated 4776 bytes in 4 msecs (HTTP/1.1 200) 4 headers in 158 bytes (1 switches on core 0)
Aug 31 07:38:25.593139 np0000191541 devstack@o-api.service[122680]: [pid: 122680|app: 0|req: 20/77] 172.18.0.2 () {54 vars in 1266 bytes} [Mon Aug 31 07:38:25 2026] GET /load-balancer/v2.0/lbaas/pools?name=k8s-clusterapi-cluster-magnum-system-kube-7wfcb-kubeapi-6443 => generated 947 bytes in 43 msecs (HTTP/1.1 200) 4 headers in 157 bytes (1 switches on core 0)
Aug 31 07:38:25.620450 np0000191541 devstack@o-api.service[122683]: [pid: 122683|app: 0|req: 20/78] 172.18.0.2 () {54 vars in 1447 bytes} [Mon Aug 31 07:38:25 2026] GET /load-balancer/v2.0/lbaas/pools/34a7002c-c50d-4429-a864-a7d9f1d9f27e/members?name=k8s-clusterapi-cluster-magnum-system-kube-7wfcb-kubeapi-6443-kube-7wfcb-kkdb9-cs4rx => generated 620 bytes in 25 msecs (HTTP/1.1 200) 4 headers in 157 bytes (1 switches on core 0)
Aug 31 07:38:25.902666 np0000191541 devstack@o-api.service[122682]: [pid: 122682|app: 0|req: 20/79] 172.18.0.2 () {54 vars in 1088 bytes} [Mon Aug 31 07:38:25 2026] GET /load-balancer/ => generated 4776 bytes in 6 msecs (HTTP/1.1 200) 4 headers in 158 bytes (1 switches on core 0)
Aug 31 07:38:25.958145 np0000191541 devstack@o-api.service[122681]: [pid: 122681|app: 0|req: 20/80] 172.18.0.2 () {54 vars in 1266 bytes} [Mon Aug 31 07:38:25 2026] GET /load-balancer/v2.0/lbaas/pools?name=k8s-clusterapi-cluster-magnum-system-kube-7wfcb-kubeapi-6443 => generated 947 bytes in 45 msecs (HTTP/1.1 200) 4 headers in 157 bytes (1 switches on core 0)
